02-07 23:12:45.610 D/PowerManagerService(30833): UnPartial  wakeLock  reactivate ,flags=0x6 tag=StayOnWhilePluggedIn Screen Dim
02-07 23:12:45.750 D/PowerManagerService(30833): UnPartial  wakeLock  reactivate ,flags=0x6 tag=StayOnWhilePluggedIn Screen Dim
02-07 23:12:46.201 D/PowerManagerService(30833): UnPartial  wakeLock  reactivate ,flags=0x6 tag=StayOnWhilePluggedIn Screen Dim
02-07 23:12:46.511 D/PowerManagerService(30833): UnPartial  wakeLock  reactivate ,flags=0x6 tag=StayOnWhilePluggedIn Screen Dim
02-07 23:12:46.561 D/PowerManagerService(30833): UnPartial  wakeLock  reactivate ,flags=0x6 tag=StayOnWhilePluggedIn Screen Dim
02-07 23:12:47.021 D/PowerManagerService(30833): UnPartial  wakeLock  reactivate ,flags=0x6 tag=StayOnWhilePluggedIn Screen Dim
02-07 23:12:47.322 D/PowerManagerService(30833): UnPartial  wakeLock  reactivate ,flags=0x6 tag=StayOnWhilePluggedIn Screen Dim
02-07 23:12:47.372 D/PowerManagerService(30833): UnPartial  wakeLock  reactivate ,flags=0x6 tag=StayOnWhilePluggedIn Screen Dim
02-07 23:12:49.744 D/PowerManagerService(30833): UnPartial  wakeLock  reactivate ,flags=0x6 tag=StayOnWhilePluggedIn Screen Dim
02-07 23:12:49.834 D/Bitmap  ( 2887): Detect unrecycled bitmap.
02-07 23:12:49.834 D/Bitmap  ( 2887):       Size: 40960 Bytes, Width: 320 , Height: 64 , Hash code: 1080266368
02-07 23:12:49.834 D/Bitmap  ( 2887):  This bimap was created in:
02-07 23:12:49.834 D/Bitmap  ( 2887):       android.graphics.Bitmap.<init>(Bitmap.java:136)
02-07 23:12:49.834 D/Bitmap  ( 2887):       android.graphics.Bitmap.nativeCreate(Native Method)
02-07 23:12:49.834 D/Bitmap  ( 2887):       android.graphics.Bitmap.createBitmap(Bitmap.java:547)
02-07 23:12:49.834 D/Bitmap  ( 2887):       android.view.View.buildDrawingCache(View.java:6577)
02-07 23:12:49.834 D/Bitmap  ( 2887):       android.view.View.getDrawingCache(View.java:6428)
02-07 23:12:49.834 D/Bitmap  ( 2887):       android.view.ViewGroup.drawChild(ViewGroup.java:1574)
02-07 23:12:49.834 D/Bitmap  ( 2887):       android.view.ViewGroup.dispatchDraw(ViewGroup.java:1376)
02-07 23:12:49.834 D/Bitmap  ( 2887):       android.widget.AbsListView.dispatchDraw(AbsListView.java:1480)
02-07 23:12:49.834 D/Bitmap  ( 2887):       android.widget.ListView.dispatchDraw(ListView.java:3138)
02-07 23:12:49.834 D/Bitmap  ( 2887):       android.view.View.draw(View.java:6986)
02-07 23:12:49.834 D/Bitmap  ( 2887):       android.widget.AbsListView.draw(AbsListView.java:2588)
02-07 23:12:49.834 D/Bitmap  ( 2887):       android.view.ViewGroup.drawChild(ViewGroup.java:1649)
02-07 23:12:49.834 D/Bitmap  ( 2887):       android.view.ViewGroup.dispatchDraw(ViewGroup.java:1376)
02-07 23:12:49.834 D/Bitmap  ( 2887):       android.view.ViewGroup.drawChild(ViewGroup.java:1647)
02-07 23:12:49.834 D/Bitmap  ( 2887):       android.view.ViewGroup.dispatchDraw(ViewGroup.java:1376)
02-07 23:12:49.834 D/Bitmap  ( 2887):       android.view.ViewGroup.drawChild(ViewGroup.java:1647)
02-07 23:12:49.834 D/Bitmap  ( 2887):       android.view.ViewGroup.dispatchDraw(ViewGroup.java:1376)
02-07 23:12:49.834 D/Bitmap  ( 2887):       android.view.ViewGroup.drawChild(ViewGroup.java:1647)
02-07 23:12:49.834 D/Bitmap  ( 2887):       android.view.ViewGroup.dispatchDraw(ViewGroup.java:1376)
02-07 23:12:49.834 D/Bitmap  ( 2887):       android.view.ViewGroup.drawChild(ViewGroup.java:1647)
02-07 23:12:49.834 D/Bitmap  ( 2887):       android.view.ViewGroup.dispatchDraw(ViewGroup.java:1376)
02-07 23:12:49.834 D/Bitmap  ( 2887):       android.view.ViewGroup.drawChild(ViewGroup.java:1647)
02-07 23:12:49.834 D/Bitmap  ( 2887):       android.view.ViewGroup.dispatchDraw(ViewGroup.java:1376)
02-07 23:12:49.834 D/Bitmap  ( 2887):       android.view.ViewGroup.drawChild(ViewGroup.java:1647)
02-07 23:12:49.834 D/Bitmap  ( 2887):       android.view.ViewGroup.dispatchDraw(ViewGroup.java:1376)
02-07 23:12:49.834 D/Bitmap  ( 2887):       android.view.ViewGroup.drawChild(ViewGroup.java:1647)
02-07 23:12:49.834 D/Bitmap  ( 2887):       android.view.ViewGroup.dispatchDraw(ViewGroup.java:1376)
02-07 23:12:49.834 D/Bitmap  ( 2887):       android.view.ViewGroup.drawChild(ViewGroup.java:1647)
02-07 23:12:49.834 D/Bitmap  ( 2887):       android.view.ViewGroup.dispatchDraw(ViewGroup.java:1376)
02-07 23:12:49.834 D/Bitmap  ( 2887):       android.view.ViewGroup.drawChild(ViewGroup.java:1647)
02-07 23:12:49.834 D/Bitmap  ( 2887):       android.view.ViewGroup.dispatchDraw(ViewGroup.java:1376)
02-07 23:12:49.834 D/Bitmap  ( 2887):       android.view.View.draw(View.java:6883)
02-07 23:12:49.834 D/Bitmap  ( 2887):       android.widget.FrameLayout.draw(FrameLayout.java:357)
02-07 23:12:49.834 D/Bitmap  ( 2887):       com.android.internal.policy.impl.PhoneWindow$DecorView.draw(PhoneWindow.java:1866)
02-07 23:12:49.834 D/Bitmap  ( 2887):       android.view.ViewRoot.draw(ViewRoot.java:1526)
02-07 23:12:49.834 D/Bitmap  ( 2887):       android.view.ViewRoot.performTraversals(ViewRoot.java:1262)
02-07 23:12:49.834 D/Bitmap  ( 2887):       android.view.ViewRoot.handleMessage(ViewRoot.java:1864)
02-07 23:12:49.834 D/Bitmap  ( 2887):       android.os.Handler.dispatchMessage(Handler.java:99)
02-07 23:12:49.834 D/Bitmap  ( 2887):       android.os.Looper.loop(Looper.java:130)
02-07 23:12:49.834 D/Bitmap  ( 2887):       android.app.ActivityThread.main(ActivityThread.java:3704)
02-07 23:12:49.834 D/Bitmap  ( 2887):       java.lang.reflect.Method.invokeNative(Native Method)
02-07 23:12:49.834 D/Bitmap  ( 2887):       java.lang.reflect.Method.invoke(Method.java:507)
02-07 23:12:49.834 D/Bitmap  ( 2887):       com.android.internal.os.ZygoteInit$MethodAndArgsCaller.run(ZygoteInit.java:875)
02-07 23:12:49.834 D/Bitmap  ( 2887):       com.android.internal.os.ZygoteInit.main(ZygoteInit.java:633)
02-07 23:12:49.834 D/Bitmap  ( 2887):       dalvik.system.NativeStart.main(Native Method)
02-07 23:12:49.834 D/Bitmap  ( 2887): _
02-07 23:12:49.834 D/Bitmap  ( 2887): Detect unrecycled bitmap.
02-07 23:12:49.834 D/Bitmap  ( 2887):       Size: 40960 Bytes, Width: 320 , Height: 64 , Hash code: 1080610416
02-07 23:12:49.834 D/Bitmap  ( 2887):  This bimap was created in:
02-07 23:12:49.834 D/Bitmap  ( 2887):       android.graphics.Bitmap.<init>(Bitmap.java:136)
02-07 23:12:49.834 D/Bitmap  ( 2887):       android.graphics.Bitmap.nativeCreate(Native Method)
02-07 23:12:49.834 D/Bitmap  ( 2887):       android.graphics.Bitmap.createBitmap(Bitmap.java:547)
02-07 23:12:49.834 D/Bitmap  ( 2887):       android.view.View.buildDrawingCache(View.java:6577)
02-07 23:12:49.834 D/Bitmap  ( 2887):       android.view.View.getDrawingCache(View.java:6428)
02-07 23:12:49.834 D/Bitmap  ( 2887):       android.view.ViewGroup.drawChild(ViewGroup.java:1574)
02-07 23:12:49.834 D/Bitmap  ( 2887):       android.view.ViewGroup.dispatchDraw(ViewGroup.java:1376)
02-07 23:12:49.834 D/Bitmap  ( 2887):       android.widget.AbsListView.dispatchDraw(AbsListView.java:1480)
02-07 23:12:49.834 D/Bitmap  ( 2887):       android.widget.ListView.dispatchDraw(ListView.java:3138)
02-07 23:12:49.834 D/Bitmap  ( 2887):       android.view.View.draw(View.java:6986)
02-07 23:12:49.834 D/Bitmap  ( 2887):       android.widget.AbsListView.draw(AbsListView.java:2588)
02-07 23:12:49.834 D/Bitmap  ( 2887):       android.view.ViewGroup.drawChild(ViewGroup.java:1649)
02-07 23:12:49.834 D/Bitmap  ( 2887):       android.view.ViewGroup.dispatchDraw(ViewGroup.java:1376)
02-07 23:12:49.834 D/Bitmap  ( 2887):       android.view.ViewGroup.drawChild(ViewGroup.java:1647)
02-07 23:12:49.834 D/Bitmap  ( 2887):       android.view.ViewGroup.dispatchDraw(ViewGroup.java:1376)
02-07 23:12:49.834 D/Bitmap  ( 2887):       android.view.ViewGroup.drawChild(ViewGroup.java:1647)
02-07 23:12:49.834 D/Bitmap  ( 2887):       android.view.ViewGroup.dispatchDraw(ViewGroup.java:1376)
02-07 23:12:49.834 D/Bitmap  ( 2887):       android.view.ViewGroup.drawChild(ViewGroup.java:1647)
02-07 23:12:49.834 D/Bitmap  ( 2887):       android.view.ViewGroup.dispatchDraw(ViewGroup.java:1376)
02-07 23:12:49.834 D/Bitmap  ( 2887):       android.view.ViewGroup.drawChild(ViewGroup.java:1647)
02-07 23:12:49.834 D/Bitmap  ( 2887):       android.view.ViewGroup.dispatchDraw(ViewGroup.java:1376)
02-07 23:12:49.834 D/Bitmap  ( 2887):       android.view.ViewGroup.drawChild(ViewGroup.java:1647)
02-07 23:12:49.834 D/Bitmap  ( 2887):       android.view.ViewGroup.dispatchDraw(ViewGroup.java:1376)
02-07 23:12:49.834 D/Bitmap  ( 2887):       android.view.ViewGroup.drawChild(ViewGroup.java:1647)
02-07 23:12:49.834 D/Bitmap  ( 2887):       android.view.ViewGroup.dispatchDraw(ViewGroup.java:1376)
02-07 23:12:49.834 D/Bitmap  ( 2887):       android.view.ViewGroup.drawChild(ViewGroup.java:1647)
02-07 23:12:49.834 D/Bitmap  ( 2887):       android.view.ViewGroup.dispatchDraw(ViewGroup.java:1376)
02-07 23:12:49.834 D/Bitmap  ( 2887):       android.view.ViewGroup.drawChild(ViewGroup.java:1647)
02-07 23:12:49.834 D/Bitmap  ( 2887):       android.view.ViewGroup.dispatchDraw(ViewGroup.java:1376)
02-07 23:12:49.834 D/Bitmap  ( 2887):       android.view.ViewGroup.drawChild(ViewGroup.java:1647)
02-07 23:12:49.834 D/Bitmap  ( 2887):       android.view.ViewGroup.dispatchDraw(ViewGroup.java:1376)
02-07 23:12:49.834 D/Bitmap  ( 2887):       android.view.View.draw(View.java:6883)
02-07 23:12:49.834 D/Bitmap  ( 2887):       android.widget.FrameLayout.draw(FrameLayout.java:357)
02-07 23:12:49.834 D/Bitmap  ( 2887):       com.android.internal.policy.impl.PhoneWindow$DecorView.draw(PhoneWindow.java:1866)
02-07 23:12:49.834 D/Bitmap  ( 2887):       android.view.ViewRoot.draw(ViewRoot.java:1526)
02-07 23:12:49.834 D/Bitmap  ( 2887):       android.view.ViewRoot.performTraversals(ViewRoot.java:1262)
02-07 23:12:49.834 D/Bitmap  ( 2887):       android.view.ViewRoot.handleMessage(ViewRoot.java:1864)
02-07 23:12:49.834 D/Bitmap  ( 2887):       android.os.Handler.dispatchMessage(Handler.java:99)
02-07 23:12:49.834 D/Bitmap  ( 2887):       android.os.Looper.loop(Looper.java:130)
02-07 23:12:49.834 D/Bitmap  ( 2887):       android.app.ActivityThread.main(ActivityThread.java:3704)
02-07 23:12:49.834 D/Bitmap  ( 2887):       java.lang.reflect.Method.invokeNative(Native Method)
02-07 23:12:49.844 D/Bitmap  ( 2887):       java.lang.reflect.Method.invoke(Method.java:507)
02-07 23:12:49.844 D/Bitmap  ( 2887):       com.android.internal.os.ZygoteInit$MethodAndArgsCaller.run(ZygoteInit.java:875)
02-07 23:12:49.844 D/Bitmap  ( 2887):       com.android.internal.os.ZygoteInit.main(ZygoteInit.java:633)
02-07 23:12:49.844 D/Bitmap  ( 2887):       dalvik.system.NativeStart.main(Native Method)
02-07 23:12:49.844 D/Bitmap  ( 2887): _
02-07 23:12:50.054 D/PowerManagerService(30833): UnPartial  wakeLock  reactivate ,flags=0x6 tag=StayOnWhilePluggedIn Screen Dim
02-07 23:12:50.555 D/PowerManagerService(30833): UnPartial  wakeLock  reactivate ,flags=0x6 tag=StayOnWhilePluggedIn Screen Dim
02-07 23:12:50.955 D/PowerManagerService(30833): UnPartial  wakeLock  reactivate ,flags=0x6 tag=StayOnWhilePluggedIn Screen Dim
02-07 23:12:53.217 D/PowerManagerService(30833): UnPartial  wakeLock  reactivate ,flags=0x6 tag=StayOnWhilePluggedIn Screen Dim
02-07 23:12:53.338 D/Launcher(30911): Closing system Dialogs 
02-07 23:12:53.348 D/KeyguardViewMediator(30833): setHidden false
02-07 23:12:53.358 D/KeyguardViewMediator(30833): setHidden false
02-07 23:12:53.358 I/hubo    (30833): Activity {com.android.launcher/com.android.launcher2.Launcher}
02-07 23:12:53.368 D/Launcher(30911): onNewIntent()android.intent.action.MAIN
02-07 23:12:53.368 D/Launcher(30911): Closing system Dialogs 
02-07 23:12:53.388 D/Warhol  (30911): A pack appears to be installed -- skipping Installer
02-07 23:12:53.388 D/KeyguardViewMediator(30833): setHidden false
02-07 23:12:53.428 D/KeyguardViewMediator(30833): setHidden false
02-07 23:12:53.438 D/KeyguardViewMediator(30833): setHidden false
02-07 23:12:53.448 D/KeyguardViewMediator(30833): setHidden false
02-07 23:12:53.468 D/KeyguardViewMediator(30833): setHidden false
02-07 23:12:53.488 D/KeyguardViewMediator(30833): setHidden false
02-07 23:12:53.508 D/KeyguardViewMediator(30833): setHidden false
02-07 23:12:53.528 D/KeyguardViewMediator(30833): setHidden false
02-07 23:12:53.538 D/KeyguardViewMediator(30833): setHidden false
02-07 23:12:53.558 D/KeyguardViewMediator(30833): setHidden false
02-07 23:12:53.568 D/KeyguardViewMediator(30833): setHidden false
02-07 23:12:53.598 D/KeyguardViewMediator(30833): setHidden false
02-07 23:12:53.608 D/KeyguardViewMediator(30833): setHidden false
02-07 23:12:53.638 D/KeyguardViewMediator(30833): setHidden false
02-07 23:12:53.638 D/KeyguardViewMediator(30833): setHidden false
02-07 23:12:53.668 D/KeyguardViewMediator(30833): setHidden false
02-07 23:12:53.678 D/KeyguardViewMediator(30833): setHidden false
02-07 23:12:53.688 D/KeyguardViewMediator(30833): setHidden false
02-07 23:12:53.708 D/KeyguardViewMediator(30833): setHidden false
02-07 23:12:53.738 D/KeyguardViewMediator(30833): setHidden false
02-07 23:12:53.738 D/KeyguardViewMediator(30833): setHidden false
02-07 23:12:53.768 D/KeyguardViewMediator(30833): setHidden false
02-07 23:12:54.138 D/PowerManagerService(30833): UnPartial  wakeLock  reactivate ,flags=0x6 tag=StayOnWhilePluggedIn Screen Dim
02-07 23:12:54.178 D/KeyguardViewMediator(30833): setHidden false
02-07 23:12:54.188 D/KeyguardViewMediator(30833): setHidden false
02-07 23:12:54.629 D/PowerManagerService(30833): UnPartial  wakeLock  reactivate ,flags=0x6 tag=StayOnWhilePluggedIn Screen Dim
02-07 23:12:55.139 D/PowerManagerService(30833): UnPartial  wakeLock  reactivate ,flags=0x6 tag=StayOnWhilePluggedIn Screen Dim
02-07 23:12:55.650 D/PowerManagerService(30833): UnPartial  wakeLock  reactivate ,flags=0x6 tag=StayOnWhilePluggedIn Screen Dim
02-07 23:12:56.150 D/PowerManagerService(30833): UnPartial  wakeLock  reactivate ,flags=0x6 tag=StayOnWhilePluggedIn Screen Dim
02-07 23:12:56.661 D/PowerManagerService(30833): UnPartial  wakeLock  reactivate ,flags=0x6 tag=StayOnWhilePluggedIn Screen Dim
02-07 23:12:57.141 D/KeyguardViewMediator(30833): setHidden false
02-07 23:12:57.181 D/KeyguardViewMediator(30833): setHidden false
02-07 23:12:57.181 D/KeyguardViewMediator(30833): setHidden false
02-07 23:12:57.191 D/KeyguardViewMediator(30833): setHidden false
02-07 23:12:57.211 D/KeyguardViewMediator(30833): setHidden false
02-07 23:12:57.231 D/KeyguardViewMediator(30833): setHidden false
02-07 23:12:57.241 D/KeyguardViewMediator(30833): setHidden false
02-07 23:12:57.261 D/KeyguardViewMediator(30833): setHidden false
02-07 23:12:57.271 D/KeyguardViewMediator(30833): setHidden false
02-07 23:12:57.301 D/KeyguardViewMediator(30833): setHidden false
02-07 23:12:57.311 D/KeyguardViewMediator(30833): setHidden false
02-07 23:12:57.331 D/KeyguardViewMediator(30833): setHidden false
02-07 23:12:57.351 D/KeyguardViewMediator(30833): setHidden false
02-07 23:12:57.632 D/PowerManagerService(30833): UnPartial  wakeLock  reactivate ,flags=0x6 tag=StayOnWhilePluggedIn Screen Dim
02-07 23:12:58.132 D/PowerManagerService(30833): UnPartial  wakeLock  reactivate ,flags=0x6 tag=StayOnWhilePluggedIn Screen Dim
02-07 23:12:58.643 D/PowerManagerService(30833): UnPartial  wakeLock  reactivate ,flags=0x6 tag=StayOnWhilePluggedIn Screen Dim
02-07 23:12:59.153 D/PowerManagerService(30833): UnPartial  wakeLock  reactivate ,flags=0x6 tag=StayOnWhilePluggedIn Screen Dim
02-07 23:12:59.664 D/PowerManagerService(30833): UnPartial  wakeLock  reactivate ,flags=0x6 tag=StayOnWhilePluggedIn Screen Dim
02-07 23:12:59.994 D/KeyguardUpdateMonitor(30833): received broadcast android.intent.action.TIME_TICK
02-07 23:12:59.994 D/KeyguardUpdateMonitor(30833): handleTimeUpdate
02-07 23:13:01.375 D/PowerManagerService(30833): UnPartial  wakeLock  reactivate ,flags=0x6 tag=StayOnWhilePluggedIn Screen Dim
02-07 23:13:01.535 D/KeyguardViewMediator(30833): setHidden false
02-07 23:13:01.546 D/KeyguardViewMediator(30833): setHidden false
02-07 23:13:01.566 D/KeyguardViewMediator(30833): setHidden false
02-07 23:13:01.576 D/KeyguardViewMediator(30833): setHidden false
02-07 23:13:01.596 D/KeyguardViewMediator(30833): setHidden false
02-07 23:13:01.606 D/KeyguardViewMediator(30833): setHidden false
02-07 23:13:01.626 D/KeyguardViewMediator(30833): setHidden false
02-07 23:13:01.646 D/KeyguardViewMediator(30833): setHidden false
02-07 23:13:01.656 D/KeyguardViewMediator(30833): setHidden false
02-07 23:13:01.676 D/KeyguardViewMediator(30833): setHidden false
02-07 23:13:01.696 D/KeyguardViewMediator(30833): setHidden false
02-07 23:13:01.706 D/KeyguardViewMediator(30833): setHidden false
02-07 23:13:01.726 D/KeyguardViewMediator(30833): setHidden false
02-07 23:13:10.384 I/DATA    (30905): [DCT(0) ] onDataCallListChanged:
02-07 23:13:10.384 I/DATA    (30905): [DCT(0) ] ---dc state list---
02-07 23:13:10.384 I/DATA    (30905): [DCT(0) ] DataCallState: { cid: 0, active: 2, type: , apn: , address: 174.155.238.172 }
02-07 23:13:10.384 I/DATA    (30905): [DCT(0) ] ---dc list---
02-07 23:13:10.384 I/DATA    (30905): [DCT(0) ] cid = 0, state = DcActiveState, bearerType = IP, ipaddress = 174.155.238.172, gw=174.155.238.173, dns=[68.28.67.132, 68.28.68.132]
02-07 23:13:10.404 D/AlarmManager(30833): +++Alarm set:type=2 com.google.android.gsf  Trigger after:1679999ms
02-07 23:13:10.454 I/ContactsProvider(30972): insertInTransaction: content://com.android.contacts/status_updates protocol=5 im_handle=jeremy.meiss@gmail.com im_account=1 status=http://LandofDroid.com mode=3
02-07 23:13:21.285 I/DATA    (30905): [DCT(0) ] onDataCallListChanged:
02-07 23:13:21.285 I/DATA    (30905): [DCT(0) ] ---dc state list---
02-07 23:13:21.295 I/DATA    (30905): [DCT(0) ] DataCallState: { cid: 0, active: 1, type: , apn: , address: 174.155.238.172 }
02-07 23:13:21.295 I/DATA    (30905): [DCT(0) ] ---dc list---
02-07 23:13:21.295 I/DATA    (30905): [DCT(0) ] cid = 0, state = DcActiveState, bearerType = IP, ipaddress = 174.155.238.172, gw=174.155.238.173, dns=[68.28.67.132, 68.28.68.132]
02-07 23:13:26.109 I/dun_service(  123): The value returned from dun_getusbmodemstate_fromsys is 2 
02-07 23:13:26.140 D/KeyguardUpdateMonitor(30833): received broadcast android.intent.action.BATTERY_CHANGED
02-07 23:13:26.140 D/KeyguardUpdateMonitor(30833): handleBatteryUpdate
02-07 23:13:40.894 E/rmt_storage(  159): [MyTag]open: fd=-1
02-07 23:13:40.894 E/rmt_storage(  159): block rmt_storage client thread
02-07 23:14:00.023 D/KeyguardUpdateMonitor(30833): received broadcast android.intent.action.TIME_TICK
02-07 23:14:00.023 D/KeyguardUpdateMonitor(30833): handleTimeUpdate
02-07 23:14:54.486 D/PowerManagerService(30833): setPowerState: mPowerState=0x3 newState=0x1 noChangeLights=false reason=3
02-07 23:15:00.031 D/KeyguardUpdateMonitor(30833): received broadcast android.intent.action.TIME_TICK
02-07 23:15:00.031 D/KeyguardUpdateMonitor(30833): handleTimeUpdate
02-07 23:15:13.164 E/rmt_storage(  159): [MyTag]open: fd=-1
02-07 23:15:13.164 E/rmt_storage(  159): block rmt_storage client thread
02-07 23:15:28.609 I/DATA    (30905): [DCT(0) ] onDataCallListChanged:
02-07 23:15:28.609 I/DATA    (30905): [DCT(0) ] ---dc state list---
02-07 23:15:28.609 I/DATA    (30905): [DCT(0) ] DataCallState: { cid: 0, active: 2, type: , apn: , address: 174.155.238.172 }
02-07 23:15:28.609 I/DATA    (30905): [DCT(0) ] ---dc list---
02-07 23:15:28.609 I/DATA    (30905): [DCT(0) ] cid = 0, state = DcActiveState, bearerType = IP, ipaddress = 174.155.238.172, gw=174.155.238.173, dns=[68.28.67.132, 68.28.68.132]
02-07 23:15:28.889 D/AlarmManager(30833): +++Alarm set:type=2 com.google.android.gsf  Trigger after:1680000ms
02-07 23:15:29.009 I/ContactsProvider(30972): insertInTransaction: content://com.android.contacts/status_updates protocol=5 im_handle=jkbgames@gmail.com im_account=1 status=null mode=3
02-07 23:15:40.280 I/DATA    (30905): [DCT(0) ] onDataCallListChanged:
02-07 23:15:40.290 I/DATA    (30905): [DCT(0) ] ---dc state list---
02-07 23:15:40.290 I/DATA    (30905): [DCT(0) ] DataCallState: { cid: 0, active: 1, type: , apn: , address: 174.155.238.172 }
02-07 23:15:40.290 I/DATA    (30905): [DCT(0) ] ---dc list---
02-07 23:15:40.290 I/DATA    (30905): [DCT(0) ] cid = 0, state = DcActiveState, bearerType = IP, ipaddress = 174.155.238.172, gw=174.155.238.173, dns=[68.28.67.132, 68.28.68.132]
02-07 23:15:59.319 I/DATA    (30905): [DCT(0) ] onDataCallListChanged:
02-07 23:15:59.319 I/DATA    (30905): [DCT(0) ] ---dc state list---
02-07 23:15:59.319 I/DATA    (30905): [DCT(0) ] DataCallState: { cid: 0, active: 2, type: , apn: , address: 174.155.238.172 }
02-07 23:15:59.319 I/DATA    (30905): [DCT(0) ] ---dc list---
02-07 23:15:59.319 I/DATA    (30905): [DCT(0) ] cid = 0, state = DcActiveState, bearerType = IP, ipaddress = 174.155.238.172, gw=174.155.238.173, dns=[68.28.67.132, 68.28.68.132]
02-07 23:16:00.020 D/KeyguardUpdateMonitor(30833): received broadcast android.intent.action.TIME_TICK
02-07 23:16:00.020 D/KeyguardUpdateMonitor(30833): handleTimeUpdate
02-07 23:16:05.425 D/PowerManagerService(30833): UnPartial  wakeLock  reactivate ,flags=0x6 tag=StayOnWhilePluggedIn Screen Dim
02-07 23:16:05.425 D/PowerManagerService(30833): setPowerState: mPowerState=0x1 newState=0x3 noChangeLights=false reason=2
02-07 23:16:05.425 W/KeyCharacterMap(30911): Can't open keycharmap file
02-07 23:16:05.425 W/KeyCharacterMap(30911): Error loading keycharmap file '/system/usr/keychars/7k_handset.kcm.bin'. hw.keyboards.65537.devname='7k_handset'
02-07 23:16:05.425 W/KeyCharacterMap(30911): Using default keymap: /system/usr/keychars/qwerty.kcm.bin
02-07 23:16:05.445 D/Launcher(30911): Closing system Dialogs 
02-07 23:16:05.505 D/KeyguardViewMediator(30833): setHidden false
02-07 23:16:05.535 W/KeyCharacterMap(30833): Can't open keycharmap file
02-07 23:16:05.535 W/KeyCharacterMap(30833): Error loading keycharmap file '/system/usr/keychars/7k_handset.kcm.bin'. hw.keyboards.65537.devname='7k_handset'
02-07 23:16:05.535 W/KeyCharacterMap(30833): Using default keymap: /system/usr/keychars/qwerty.kcm.bin
02-07 23:16:05.565 D/KeyguardViewMediator(30833): setHidden false
02-07 23:16:05.575 D/KeyguardViewMediator(30833): setHidden false
02-07 23:16:05.605 D/KeyguardViewMediator(30833): setHidden false
02-07 23:16:05.615 D/KeyguardViewMediator(30833): setHidden false
02-07 23:16:05.635 D/KeyguardViewMediator(30833): setHidden false
02-07 23:16:05.655 D/KeyguardViewMediator(30833): setHidden false
02-07 23:16:05.665 D/KeyguardViewMediator(30833): setHidden false
02-07 23:16:05.685 D/KeyguardViewMediator(30833): setHidden false
02-07 23:16:05.705 D/KeyguardViewMediator(30833): setHidden false
02-07 23:16:05.715 D/KeyguardViewMediator(30833): setHidden false
02-07 23:16:05.735 D/KeyguardViewMediator(30833): setHidden false
02-07 23:16:05.745 D/KeyguardViewMediator(30833): setHidden false
02-07 23:16:05.765 D/KeyguardViewMediator(30833): setHidden false
02-07 23:16:05.785 D/KeyguardViewMediator(30833): setHidden false
02-07 23:16:05.795 D/KeyguardViewMediator(30833): setHidden false
02-07 23:16:05.815 D/KeyguardViewMediator(30833): setHidden false
02-07 23:16:05.825 D/KeyguardViewMediator(30833): setHidden false
02-07 23:16:05.845 D/KeyguardViewMediator(30833): setHidden false
02-07 23:16:05.865 D/KeyguardViewMediator(30833): setHidden false
02-07 23:16:05.875 D/KeyguardViewMediator(30833): setHidden false
02-07 23:16:05.895 D/KeyguardViewMediator(30833): setHidden false
02-07 23:16:05.915 D/KeyguardViewMediator(30833): setHidden false
02-07 23:16:05.925 D/KeyguardViewMediator(30833): setHidden false
02-07 23:16:05.925 D/PowerManagerService(30833): UnPartial  wakeLock  reactivate ,flags=0x6 tag=StayOnWhilePluggedIn Screen Dim
02-07 23:16:05.945 D/KeyguardViewMediator(30833): setHidden false
02-07 23:16:05.955 D/KeyguardViewMediator(30833): setHidden false
02-07 23:16:05.975 D/KeyguardViewMediator(30833): setHidden false
02-07 23:16:05.995 D/KeyguardViewMediator(30833): setHidden false
02-07 23:16:06.005 D/KeyguardViewMediator(30833): setHidden false
02-07 23:16:06.025 D/KeyguardViewMediator(30833): setHidden false
02-07 23:16:06.046 D/KeyguardViewMediator(30833): setHidden false
02-07 23:16:06.056 D/KeyguardViewMediator(30833): setHidden false
02-07 23:16:06.076 D/KeyguardViewMediator(30833): setHidden false
02-07 23:16:06.116 D/KeyguardViewMediator(30833): setHidden false
02-07 23:16:06.136 D/KeyguardViewMediator(30833): setHidden false
02-07 23:16:06.156 D/KeyguardViewMediator(30833): setHidden false
02-07 23:16:06.176 D/KeyguardViewMediator(30833): setHidden false
02-07 23:16:06.206 D/KeyguardViewMediator(30833): setHidden false
02-07 23:16:06.216 D/KeyguardViewMediator(30833): setHidden false
02-07 23:16:06.236 D/KeyguardViewMediator(30833): setHidden false
02-07 23:16:06.246 D/KeyguardViewMediator(30833): setHidden false
02-07 23:16:06.266 D/KeyguardViewMediator(30833): setHidden false
02-07 23:16:06.286 D/KeyguardViewMediator(30833): setHidden false
02-07 23:16:06.296 D/KeyguardViewMediator(30833): setHidden false
02-07 23:16:06.316 D/KeyguardViewMediator(30833): setHidden false
02-07 23:16:06.336 D/KeyguardViewMediator(30833): setHidden false
02-07 23:16:06.346 D/KeyguardViewMediator(30833): setHidden false
02-07 23:16:06.366 D/KeyguardViewMediator(30833): setHidden false
02-07 23:16:06.386 D/KeyguardViewMediator(30833): setHidden false
02-07 23:16:06.396 D/KeyguardViewMediator(30833): setHidden false
02-07 23:16:06.416 D/KeyguardViewMediator(30833): setHidden false
02-07 23:16:06.426 D/KeyguardViewMediator(30833): setHidden false
02-07 23:16:06.436 D/PowerManagerService(30833): UnPartial  wakeLock  reactivate ,flags=0x6 tag=StayOnWhilePluggedIn Screen Dim
02-07 23:16:06.446 D/KeyguardViewMediator(30833): setHidden false
02-07 23:16:06.466 D/KeyguardViewMediator(30833): setHidden false
02-07 23:16:07.907 D/PowerManagerService(30833): UnPartial  wakeLock  reactivate ,flags=0x6 tag=StayOnWhilePluggedIn Screen Dim
02-07 23:16:07.957 D/PowerManagerService(30833): UnPartial  wakeLock  reactivate ,flags=0x6 tag=StayOnWhilePluggedIn Screen Dim
02-07 23:16:08.148 D/ShutdownThread(30833): Notifying thread to start radio shutdown
02-07 23:16:08.178 D/KeyguardViewMediator(30833): setHidden false
02-07 23:16:08.188 D/KeyguardViewMediator(30833): setHidden false
02-07 23:16:08.218 D/KeyguardViewMediator(30833): setHidden false
02-07 23:16:08.238 D/KeyguardViewMediator(30833): setHidden false
02-07 23:16:08.248 D/KeyguardViewMediator(30833): setHidden false
02-07 23:16:08.248 D/KeyguardViewMediator(30833): setHidden false
02-07 23:16:08.268 D/KeyguardViewMediator(30833): setHidden false
02-07 23:16:08.298 D/KeyguardViewMediator(30833): setHidden false
02-07 23:16:08.308 D/KeyguardViewMediator(30833): setHidden false
02-07 23:16:08.338 D/KeyguardViewMediator(30833): setHidden false
02-07 23:16:08.338 D/KeyguardViewMediator(30833): setHidden false
02-07 23:16:08.348 D/KeyguardViewMediator(30833): setHidden false
02-07 23:16:08.358 D/KeyguardViewMediator(30833): setHidden false
02-07 23:16:08.378 D/KeyguardViewMediator(30833): setHidden false
02-07 23:16:08.388 D/KeyguardViewMediator(30833): setHidden false
02-07 23:16:08.408 D/KeyguardViewMediator(30833): setHidden false
02-07 23:16:08.428 D/KeyguardViewMediator(30833): setHidden false
02-07 23:16:08.438 D/KeyguardViewMediator(30833): setHidden false
02-07 23:16:08.458 D/KeyguardViewMediator(30833): setHidden false
02-07 23:16:08.468 D/KeyguardViewMediator(30833): setHidden false
02-07 23:16:08.498 D/KeyguardViewMediator(30833): setHidden false
02-07 23:16:08.508 D/KeyguardViewMediator(30833): setHidden false
02-07 23:16:08.518 D/KeyguardViewMediator(30833): setHidden false
02-07 23:16:08.548 D/KeyguardViewMediator(30833): setHidden false
02-07 23:16:08.548 D/KeyguardViewMediator(30833): setHidden false
02-07 23:16:08.578 D/KeyguardViewMediator(30833): setHidden false
02-07 23:16:08.588 D/KeyguardViewMediator(30833): setHidden false
02-07 23:16:08.598 D/KeyguardViewMediator(30833): setHidden false
02-07 23:16:08.628 D/KeyguardViewMediator(30833): setHidden false
02-07 23:16:08.628 D/KeyguardViewMediator(30833): setHidden false
02-07 23:16:08.658 D/KeyguardViewMediator(30833): setHidden false
02-07 23:16:08.668 D/KeyguardViewMediator(30833): setHidden false
02-07 23:16:08.688 D/KeyguardViewMediator(30833): setHidden false
02-07 23:16:08.708 D/KeyguardViewMediator(30833): setHidden false
02-07 23:16:08.708 D/KeyguardViewMediator(30833): setHidden false
02-07 23:16:08.748 D/KeyguardViewMediator(30833): setHidden false
02-07 23:16:08.758 D/KeyguardViewMediator(30833): setHidden false
02-07 23:16:08.788 D/KeyguardViewMediator(30833): setHidden false
02-07 23:16:08.798 D/KeyguardViewMediator(30833): setHidden false
02-07 23:16:08.818 D/KeyguardViewMediator(30833): setHidden false
02-07 23:16:08.838 D/KeyguardViewMediator(30833): setHidden false
02-07 23:16:08.838 D/KeyguardViewMediator(30833): setHidden false
02-07 23:16:08.868 D/KeyguardViewMediator(30833): setHidden false
02-07 23:16:08.878 D/KeyguardViewMediator(30833): setHidden false
02-07 23:16:08.898 D/KeyguardViewMediator(30833): setHidden false
02-07 23:16:08.908 D/KeyguardViewMediator(30833): setHidden false
02-07 23:16:08.928 D/KeyguardViewMediator(30833): setHidden false
02-07 23:16:08.948 D/KeyguardViewMediator(30833): setHidden false
02-07 23:16:08.958 D/KeyguardViewMediator(30833): setHidden false
02-07 23:16:08.968 D/KeyguardViewMediator(30833): setHidden false
02-07 23:16:08.998 D/KeyguardViewMediator(30833): setHidden false
02-07 23:16:09.008 D/KeyguardViewMediator(30833): setHidden false
02-07 23:16:09.018 D/KeyguardViewMediator(30833): setHidden false
02-07 23:16:09.048 D/KeyguardViewMediator(30833): setHidden false
02-07 23:16:09.048 D/KeyguardViewMediator(30833): setHidden false
02-07 23:16:09.078 D/KeyguardViewMediator(30833): setHidden false
02-07 23:16:09.088 D/KeyguardViewMediator(30833): setHidden false
02-07 23:16:09.098 D/KeyguardViewMediator(30833): setHidden false
02-07 23:16:09.119 D/KeyguardViewMediator(30833): setHidden false
02-07 23:16:09.149 D/KeyguardViewMediator(30833): setHidden false
02-07 23:16:09.159 D/KeyguardViewMediator(30833): setHidden false
02-07 23:16:09.279 D/PowerManagerService(30833): UnPartial  wakeLock  reactivate ,flags=0x6 tag=StayOnWhilePluggedIn Screen Dim
02-07 23:16:09.339 D/PowerManagerService(30833): UnPartial  wakeLock  reactivate ,flags=0x6 tag=StayOnWhilePluggedIn Screen Dim
02-07 23:16:09.369 D/PowerManagerService(30833): acquireWakeLock flags=0x1a tag=Shutdown
02-07 23:16:09.379 I/ShutdownThread(30833): Sending shutdown broadcast...
02-07 23:16:09.379 W/SyncManager(30833): Writing sync state before shutdown...
02-07 23:16:09.389 D/KeyguardViewMediator(30833): setHidden false
02-07 23:16:09.419 D/KeyguardViewMediator(30833): setHidden false
02-07 23:16:09.439 D/KeyguardViewMediator(30833): setHidden false
02-07 23:16:09.449 D/KeyguardViewMediator(30833): setHidden false
02-07 23:16:09.469 D/KeyguardViewMediator(30833): setHidden false
02-07 23:16:09.469 D/KeyguardViewMediator(30833): setHidden false
02-07 23:16:09.489 I/ShutdownThread(30833): Shutting down activity manager...
02-07 23:16:09.489 D/KeyguardViewMediator(30833): setHidden false
02-07 23:16:09.509 D/Launcher(30911): onSaveInstanceState
02-07 23:16:09.509 D/Launcher(30911): Dissmis Preview for view :null ID:2131230735
02-07 23:16:09.509 D/Launcher(30911): Dissmis Preview for view :null ID:2131230736
02-07 23:16:09.509 D/Launcher(30911): Dissmis Preview for view :null ID:2131230739
02-07 23:16:09.509 D/Launcher(30911): Dissmis Preview for view :null ID:2131230741
02-07 23:16:09.519 D/KeyguardViewMediator(30833): setHidden false
02-07 23:16:09.529 D/KeyguardViewMediator(30833): setHidden false
02-07 23:16:09.549 D/KeyguardViewMediator(30833): setHidden false
02-07 23:16:09.569 D/KeyguardViewMediator(30833): setHidden false
02-07 23:16:09.579 D/KeyguardViewMediator(30833): setHidden false
02-07 23:16:09.599 D/KeyguardViewMediator(30833): setHidden false
02-07 23:16:09.619 W/ShutdownThread(30833): Turning off radio on Subscription :0
02-07 23:16:09.649 D/KeyguardViewMediator(30833): setHidden false
02-07 23:16:09.649 I/DATA    (30905): [DCT(0) ] tryDisconnectDataCall : dc=Cid=0, State=DcActiveState, bearerType=IP, create=1328640526405, lastFail=-1, lastFailCause=NONE, dp=[dpt=PROFILE_TYPE_3GPP2_NAI, active=false, , reason=radioTurnedOff
02-07 23:16:09.649 D/DATA    (30905): [DC cid = 0]DcActiveState msg.what=EVENT_DISCONNECT
02-07 23:16:09.649 D/DATA    (30905): [DC cid = 0]tearDownData radio is on, call deactivateDataCall
02-07 23:16:09.649 I/ShutdownThread(30833): Waiting for Bluetooth and Radio...
02-07 23:16:09.699 D/KeyguardViewMediator(30833): setHidden false
02-07 23:16:09.719 D/KeyguardViewMediator(30833): setHidden false
02-07 23:16:09.729 D/KeyguardViewMediator(30833): setHidden false
02-07 23:16:09.759 D/KeyguardViewMediator(30833): setHidden false
02-07 23:16:09.769 D/KeyguardViewMediator(30833): setHidden false
02-07 23:16:09.809 D/KeyguardViewMediator(30833): setHidden false
02-07 23:16:09.839 D/KeyguardViewMediator(30833): setHidden false
02-07 23:16:09.849 D/KeyguardViewMediator(30833): setHidden false
02-07 23:16:09.869 D/KeyguardViewMediator(30833): setHidden false
02-07 23:16:09.889 D/KeyguardViewMediator(30833): setHidden false
02-07 23:16:09.899 D/KeyguardViewMediator(30833): setHidden false
02-07 23:16:09.919 D/KeyguardViewMediator(30833): setHidden false
02-07 23:16:09.939 D/KeyguardViewMediator(30833): setHidden false
02-07 23:16:09.949 D/KeyguardViewMediator(30833): setHidden false
02-07 23:16:09.969 D/KeyguardViewMediator(30833): setHidden false
02-07 23:16:09.989 D/KeyguardViewMediator(30833): setHidden false
02-07 23:16:09.999 D/KeyguardViewMediator(30833): setHidden false
02-07 23:16:10.019 D/KeyguardViewMediator(30833): setHidden false
02-07 23:16:10.029 D/KeyguardViewMediator(30833): setHidden false
02-07 23:16:10.059 D/KeyguardViewMediator(30833): setHidden false
02-07 23:16:10.069 D/KeyguardViewMediator(30833): setHidden false
02-07 23:16:10.079 D/KeyguardViewMediator(30833): setHidden false
02-07 23:16:10.099 D/KeyguardViewMediator(30833): setHidden false
02-07 23:16:10.119 D/KeyguardViewMediator(30833): setHidden false
02-07 23:16:10.140 D/KeyguardViewMediator(30833): setHidden false
02-07 23:16:10.150 D/KeyguardViewMediator(30833): setHidden false
02-07 23:16:10.160 D/KeyguardViewMediator(30833): setHidden false
02-07 23:16:10.190 D/KeyguardViewMediator(30833): setHidden false
02-07 23:16:10.200 D/KeyguardViewMediator(30833): setHidden false
02-07 23:16:10.210 D/KeyguardViewMediator(30833): setHidden false
02-07 23:16:10.240 D/KeyguardViewMediator(30833): setHidden false
02-07 23:16:10.250 D/KeyguardViewMediator(30833): setHidden false
02-07 23:16:10.260 D/KeyguardViewMediator(30833): setHidden false
02-07 23:16:10.280 D/KeyguardViewMediator(30833): setHidden false
02-07 23:16:10.310 D/KeyguardViewMediator(30833): setHidden false
02-07 23:16:10.340 D/KeyguardViewMediator(30833): setHidden false
02-07 23:16:10.350 D/KeyguardViewMediator(30833): setHidden false
02-07 23:16:10.370 D/KeyguardViewMediator(30833): setHidden false
02-07 23:16:10.400 I/DATA    (30905): [DCT(0) ] onDataCallListChanged:
02-07 23:16:10.400 I/DATA    (30905): [DCT(0) ] ---dc state list---
02-07 23:16:10.400 I/DATA    (30905): [DCT(0) ] DataCallState: { cid: 0, active: 1, type: , apn: , address: 174.155.238.172 }
02-07 23:16:10.400 I/DATA    (30905): [DCT(0) ] ---dc list---
02-07 23:16:10.400 I/DATA    (30905): [DCT(0) ] cid = 0, state = DcDisconnectingState, bearerType = IP, ipaddress = 174.155.238.172, gw=174.155.238.173, dns=[68.28.67.132, 68.28.68.132]
02-07 23:16:11.241 I/dun_service(  123): process rmnet event
02-07 23:16:11.291 I/dun_service(  123): Post event 3
02-07 23:16:11.291 I/dun_service(  123): received event: DUN_EVENT_RMNET_DOWN 
02-07 23:16:11.291 I/dun_service(  123): received event(DUN_EVENT_RMNET_DOWN) in state(DUN_STATE_USB_UNPLUG)
02-07 23:16:11.291 I/dun_service(  123): Ignoring the event DUN_EVENT_RMNET_DOWN in USB_UNPLUG_STATE
02-07 23:16:11.291 I/dun_service(  123): Moved to state(DUN_STATE_USB_UNPLUG)
02-07 23:16:11.311 W/Smack/Packet(30936): notify conn break (IOEx), close connection
02-07 23:16:11.311 D/Smack   (30936): [XMPPConn] close connection, notifyClosed=false
02-07 23:16:11.331 I/dun_service(  123): process rmnet event
02-07 23:16:11.331 I/dun_service(  123): Post event 3
02-07 23:16:11.331 I/dun_service(  123): received event: DUN_EVENT_RMNET_DOWN 
02-07 23:16:11.331 I/dun_service(  123): received event(DUN_EVENT_RMNET_DOWN) in state(DUN_STATE_USB_UNPLUG)
02-07 23:16:11.331 I/dun_service(  123): Ignoring the event DUN_EVENT_RMNET_DOWN in USB_UNPLUG_STATE
02-07 23:16:11.331 I/dun_service(  123): Moved to state(DUN_STATE_USB_UNPLUG)
02-07 23:16:11.331 D/DATA    (30905): [DC cid = 0]DcDisconnectingState msg.what=EVENT_DEACTIVATE_DONE
02-07 23:16:11.331 D/DATA    (30905): [DC cid = 0]DcInactiveState: setEnterNoticationParams dp
02-07 23:16:11.331 D/DATA    (30905): [DC cid = 0]DcInactiveState: enter notifyDisconnectCompleted
02-07 23:16:11.331 D/DATA    (30905): [DC cid = 0]NotifyDisconnectCompleted
02-07 23:16:11.331 D/DATA    (30905): [DC cid = 0]msg.what=4 msg.obj=<no-reason>
02-07 23:16:11.331 D/DATA    (30905): [DC cid = 0]clearSettings
02-07 23:16:11.331 I/DATA    (30905): [DCT(0) ] onDisconnectDone: reason=radioTurnedOff
02-07 23:16:11.331 I/DATA    (30905): [DCT(0) ] handleDisconnectedDc() : Cid=0, State=DcInactiveState, bearerType=null, create=-1, lastFail=-1, lastFailCause=NONE, dp=null
02-07 23:16:11.331 I/DATA    (30905): [SERVICE_TYPE_DEFAULT] Service is inactive on INET
02-07 23:16:11.331 I/DATA    (30905): [SERVICE_TYPE_DEFAULT] set newState =  IDLEoldState =  CONNECTED
02-07 23:16:11.341 D/Phone   (30905): [PhoneNotifier] [DefaultPhoneNotifier] : default, INET, DISCONNECTED
02-07 23:16:11.341 I/TelephonyRegistry(30833): notifyDataConnection: state=0 isDataConnectivityPossible=true reason=radioTurnedOff interfaceName=null networkType=6 apnType=default apn=null
02-07 23:16:11.341 I/TelephonyRegistry(30833): +++broadcastDataConnectionStateChanged
02-07 23:16:11.341 I/TelephonyRegistry(30833): +++sendStickyBroadcast
02-07 23:16:11.351 D/MobileDataStateTracker(30833): [hipri]  MobileDataStateReceiver onReceive(): Entry.
02-07 23:16:11.351 D/MobileDataStateTracker(30833): [hipri]  intent.getAction()= android.intent.action.ANY_DATA_STATE
02-07 23:16:11.351 D/MobileDataStateTracker(30833): [hipri]  mEnabled = false
02-07 23:16:11.351 D/MobileDataStateTracker(30833): [hipri]  apnTypeList = default
02-07 23:16:11.351 D/MobileDataStateTracker(30833): [hipri]  unavailable = false
02-07 23:16:11.351 D/MobileDataStateTracker(30833): [hipri] Do not process intents if disabled.
02-07 23:16:11.351 D/MobileDataStateTracker(30833): [dun]  MobileDataStateReceiver onReceive(): Entry.
02-07 23:16:11.351 D/MobileDataStateTracker(30833): [dun]  intent.getAction()= android.intent.action.ANY_DATA_STATE
02-07 23:16:11.351 D/MobileDataStateTracker(30833): [dun]  mEnabled = false
02-07 23:16:11.351 D/MobileDataStateTracker(30833): [dun]  apnTypeList = default
02-07 23:16:11.351 D/MobileDataStateTracker(30833): [dun]  unavailable = false
02-07 23:16:11.351 D/MobileDataStateTracker(30833): [dun] Do not process intents if disabled.
02-07 23:16:11.351 D/MobileDataStateTracker(30833): [supl]  MobileDataStateReceiver onReceive(): Entry.
02-07 23:16:11.351 D/MobileDataStateTracker(30833): [supl]  intent.getAction()= android.intent.action.ANY_DATA_STATE
02-07 23:16:11.351 D/MobileDataStateTracker(30833): [supl]  mEnabled = false
02-07 23:16:11.351 D/MobileDataStateTracker(30833): [supl]  apnTypeList = default
02-07 23:16:11.351 D/MobileDataStateTracker(30833): [supl]  unavailable = false
02-07 23:16:11.351 D/MobileDataStateTracker(30833): [supl] Do not process intents if disabled.
02-07 23:16:11.351 D/MobileDataStateTracker(30833): [mms]  MobileDataStateReceiver onReceive(): Entry.
02-07 23:16:11.351 D/MobileDataStateTracker(30833): [mms]  intent.getAction()= android.intent.action.ANY_DATA_STATE
02-07 23:16:11.351 D/MobileDataStateTracker(30833): [mms]  mEnabled = false
02-07 23:16:11.401 D/Phone   (30905): [PhoneNotifier] [DefaultPhoneNotifier] : default, INET6, DISCONNECTED
02-07 23:16:11.401 I/TelephonyRegistry(30833): notifyDataConnection: state=0 isDataConnectivityPossible=true reason=radioTurnedOff interfaceName=null networkType=6 apnType=default apn=null
02-07 23:16:11.401 I/TelephonyRegistry(30833): +++broadcastDataConnectionStateChanged
02-07 23:16:11.411 I/TelephonyRegistry(30833): +++sendStickyBroadcast
02-07 23:16:11.411 D/MobileDataStateTracker(30833): [mms]  apnTypeList = default
02-07 23:16:11.411 D/MobileDataStateTracker(30833): [mms]  unavailable = false
02-07 23:16:11.411 D/MobileDataStateTracker(30833): [mms] Do not process intents if disabled.
02-07 23:16:11.411 D/MobileDataStateTracker(30833): [default]  MobileDataStateReceiver onReceive(): Entry.
02-07 23:16:11.411 D/MobileDataStateTracker(30833): [default]  intent.getAction()= android.intent.action.ANY_DATA_STATE
02-07 23:16:11.411 D/MobileDataStateTracker(30833): [default]  mEnabled = true
02-07 23:16:11.411 D/MobileDataStateTracker(30833): [default]  apnTypeList = default
02-07 23:16:11.411 D/MobileDataStateTracker(30833): [default]  unavailable = false
02-07 23:16:11.411 D/MobileDataStateTracker(30833): [default] CALL updateMobileInfoFromIntent
02-07 23:16:11.431 I/DATA    (30905): [SERVICE_TYPE_MMS] Service is inactive on INET
02-07 23:16:11.431 I/DATA    (30905): [SERVICE_TYPE_MMS] set newState =  IDLEoldState =  CONNECTED
02-07 23:16:11.431 D/Phone   (30905): [PhoneNotifier] [DefaultPhoneNotifier] : mms, INET, DISCONNECTED
02-07 23:16:11.431 I/TelephonyRegistry(30833): notifyDataConnection: state=0 isDataConnectivityPossible=true reason=radioTurnedOff interfaceName=null networkType=6 apnType=mms apn=null
02-07 23:16:11.431 I/TelephonyRegistry(30833): +++broadcastDataConnectionStateChanged
02-07 23:16:11.431 I/MobileDataStateTracker(30833): [default] dc state change intent received for default/INET with state  DISCONNECTED. enabled=true state change reason = radioTurnedOff
02-07 23:16:11.431 I/MobileDataStateTracker(30833): [default] old state = CONNECTED
02-07 23:16:11.441 I/MobileDataStateTracker(30833): [default] updated mobile state info for INET : [state=DISCONNECTED, iface=rmnet0, mApnName=null, mIpAddress=/174.155.238.172, mGateway=/174.155.238.173]
02-07 23:16:11.441 D/NetworkStateTracker(30833): setDetailed state, old =CONNECTED and new state=DISCONNECTED
02-07 23:16:11.441 D/MobileDataStateTracker(30833): [hipri]  MobileDataStateReceiver onReceive(): Entry.
02-07 23:16:11.441 D/MobileDataStateTracker(30833): [hipri]  intent.getAction()= android.intent.action.ANY_DATA_STATE
02-07 23:16:11.441 I/TelephonyRegistry(30833): +++sendStickyBroadcast
02-07 23:16:11.441 D/MobileDataStateTracker(30833): [hipri]  mEnabled = false
02-07 23:16:11.451 D/MobileDataStateTracker(30833): [hipri]  apnTypeList = default
02-07 23:16:11.451 D/MobileDataStateTracker(30833): [hipri]  unavailable = false
02-07 23:16:11.451 D/MobileDataStateTracker(30833): [hipri] Do not process intents if disabled.
02-07 23:16:11.451 D/MobileDataStateTracker(30833): [dun]  MobileDataStateReceiver onReceive(): Entry.
02-07 23:16:11.451 D/MobileDataStateTracker(30833): [dun]  intent.getAction()= android.intent.action.ANY_DATA_STATE
02-07 23:16:11.451 D/MobileDataStateTracker(30833): [dun]  mEnabled = false
02-07 23:16:11.471 D/Phone   (30905): [PhoneNotifier] [DefaultPhoneNotifier] : mms, INET6, DISCONNECTED
02-07 23:16:11.471 I/TelephonyRegistry(30833): notifyDataConnection: state=0 isDataConnectivityPossible=true reason=radioTurnedOff interfaceName=null networkType=6 apnType=mms apn=null
02-07 23:16:11.471 I/TelephonyRegistry(30833): +++broadcastDataConnectionStateChanged
02-07 23:16:11.471 I/TelephonyRegistry(30833): +++sendStickyBroadcast
02-07 23:16:11.481 W/NetworkStateTracker(30833): ### removeDefaultRoute. do nothing 
02-07 23:16:11.481 I/DATA    (30905): [SERVICE_TYPE_SUPL] Service is inactive on INET
02-07 23:16:11.481 I/DATA    (30905): [SERVICE_TYPE_SUPL] set newState =  IDLEoldState =  CONNECTED
02-07 23:16:11.481 D/Phone   (30905): [PhoneNotifier] [DefaultPhoneNotifier] : supl, INET, DISCONNECTED
02-07 23:16:11.491 D/MobileDataStateTracker(30833): [dun]  apnTypeList = default
02-07 23:16:11.491 D/MobileDataStateTracker(30833): [dun]  unavailable = false
02-07 23:16:11.491 D/MobileDataStateTracker(30833): [dun] Do not process intents if disabled.
02-07 23:16:11.491 D/MobileDataStateTracker(30833): [supl]  MobileDataStateReceiver onReceive(): Entry.
02-07 23:16:11.491 D/MobileDataStateTracker(30833): [supl]  intent.getAction()= android.intent.action.ANY_DATA_STATE
02-07 23:16:11.491 D/MobileDataStateTracker(30833): [supl]  mEnabled = false
02-07 23:16:11.491 D/GTalkService(30936): ##### Network broadcast (connected=false) type=mobile, state=DISCONNECTED
02-07 23:16:11.501 D/MobileDataStateTracker(30833): [supl]  apnTypeList = default
02-07 23:16:11.501 D/MobileDataStateTracker(30833): [supl]  unavailable = false
02-07 23:16:11.501 D/MobileDataStateTracker(30833): [supl] Do not process intents if disabled.
02-07 23:16:11.501 D/MobileDataStateTracker(30833): [mms]  MobileDataStateReceiver onReceive(): Entry.
02-07 23:16:11.501 D/MobileDataStateTracker(30833): [mms]  intent.getAction()= android.intent.action.ANY_DATA_STATE
02-07 23:16:11.501 D/MobileDataStateTracker(30833): [mms]  mEnabled = false
02-07 23:16:11.501 D/MobileDataStateTracker(30833): [mms]  apnTypeList = default
02-07 23:16:11.501 D/MobileDataStateTracker(30833): [mms]  unavailable = false
02-07 23:16:11.501 D/MobileDataStateTracker(30833): [mms] Do not process intents if disabled.
02-07 23:16:11.501 D/MobileDataStateTracker(30833): [default]  MobileDataStateReceiver onReceive(): Entry.
02-07 23:16:11.501 D/MobileDataStateTracker(30833): [default]  intent.getAction()= android.intent.action.ANY_DATA_STATE
02-07 23:16:11.501 D/MobileDataStateTracker(30833): [default]  mEnabled = true
02-07 23:16:11.501 I/TelephonyRegistry(30833): notifyDataConnection: state=0 isDataConnectivityPossible=true reason=radioTurnedOff interfaceName=null networkType=6 apnType=supl apn=null
02-07 23:16:11.501 I/TelephonyRegistry(30833): +++broadcastDataConnectionStateChanged
02-07 23:16:11.501 I/GTalkService(30936): [GTalkConnection.1] setInternalNetworkState: type=0, state=DISCONNECTED
02-07 23:16:11.511 I/TelephonyRegistry(30833): +++sendStickyBroadcast
02-07 23:16:11.521 D/MobileDataStateTracker(30833): [default]  apnTypeList = default
02-07 23:16:11.521 D/MobileDataStateTracker(30833): [default]  unavailable = false
02-07 23:16:11.521 D/MobileDataStateTracker(30833): [default] CALL updateMobileInfoFromIntent
02-07 23:16:11.521 I/MobileDataStateTracker(30833): [default] dc state change intent received for default/INET6 with state  DISCONNECTED. enabled=true state change reason = radioTurnedOff
02-07 23:16:11.521 I/MobileDataStateTracker(30833): [default] old state = DISCONNECTED
02-07 23:16:11.521 I/MobileDataStateTracker(30833): [default] no change,  just return
02-07 23:16:11.521 D/MobileDataStateTracker(30833): [default] No need to update detailed state
02-07 23:16:11.521 D/MobileDataStateTracker(30833): [hipri]  MobileDataStateReceiver onReceive(): Entry.
02-07 23:16:11.521 D/MobileDataStateTracker(30833): [hipri]  intent.getAction()= android.intent.action.ANY_DATA_STATE
02-07 23:16:11.521 D/MobileDataStateTracker(30833): [hipri]  mEnabled = false
02-07 23:16:11.521 D/MobileDataStateTracker(30833): [hipri]  apnTypeList = mms
02-07 23:16:11.521 D/MobileDataStateTracker(30833): [hipri]  unavailable = false
02-07 23:16:11.521 D/MobileDataStateTracker(30833): [hipri] Do not process intents if disabled.
02-07 23:16:11.521 D/MobileDataStateTracker(30833): [dun]  MobileDataStateReceiver onReceive(): Entry.
02-07 23:16:11.521 D/MobileDataStateTracker(30833): [dun]  intent.getAction()= android.intent.action.ANY_DATA_STATE
02-07 23:16:11.521 D/MobileDataStateTracker(30833): [dun]  mEnabled = false
02-07 23:16:11.531 D/Phone   (30905): [PhoneNotifier] [DefaultPhoneNotifier] : supl, INET6, DISCONNECTED
02-07 23:16:11.531 I/TelephonyRegistry(30833): notifyDataConnection: state=0 isDataConnectivityPossible=true reason=radioTurnedOff interfaceName=null networkType=6 apnType=supl apn=null
02-07 23:16:11.531 I/TelephonyRegistry(30833): +++broadcastDataConnectionStateChanged
02-07 23:16:11.531 I/TelephonyRegistry(30833): +++sendStickyBroadcast
02-07 23:16:11.531 I/DATA    (30905): [SERVICE_TYPE_HIPRI] Service is inactive on INET
02-07 23:16:11.531 I/DATA    (30905): [SERVICE_TYPE_HIPRI] set newState =  IDLEoldState =  CONNECTED
02-07 23:16:11.531 D/Phone   (30905): [PhoneNotifier] [DefaultPhoneNotifier] : hipri, INET, DISCONNECTED
02-07 23:16:11.541 I/TelephonyRegistry(30833): notifyDataConnection: state=0 isDataConnectivityPossible=true reason=radioTurnedOff interfaceName=null networkType=6 apnType=hipri apn=null
02-07 23:16:11.541 I/TelephonyRegistry(30833): +++broadcastDataConnectionStateChanged
02-07 23:16:11.541 I/TelephonyRegistry(30833): +++sendStickyBroadcast
02-07 23:16:11.551 D/MobileDataStateTracker(30833): [dun]  apnTypeList = mms
02-07 23:16:11.551 D/MobileDataStateTracker(30833): [dun]  unavailable = false
02-07 23:16:11.551 D/MobileDataStateTracker(30833): [dun] Do not process intents if disabled.
02-07 23:16:11.551 D/MobileDataStateTracker(30833): [supl]  MobileDataStateReceiver onReceive(): Entry.
02-07 23:16:11.551 D/MobileDataStateTracker(30833): [supl]  intent.getAction()= android.intent.action.ANY_DATA_STATE
02-07 23:16:11.551 D/MobileDataStateTracker(30833): [supl]  mEnabled = false
02-07 23:16:11.551 D/MobileDataStateTracker(30833): [supl]  apnTypeList = mms
02-07 23:16:11.551 D/Phone   (30905): [PhoneNotifier] [DefaultPhoneNotifier] : hipri, INET6, DISCONNECTED
