02-07 23:11:18.455 D/KeyguardViewMediator(30833): setHidden false
02-07 23:11:18.475 D/KeyguardViewMediator(30833): setHidden false
02-07 23:11:18.485 D/KeyguardViewMediator(30833): setHidden false
02-07 23:11:18.495 D/KeyguardViewMediator(30833): setHidden false
02-07 23:11:18.515 D/KeyguardViewMediator(30833): setHidden false
02-07 23:11:18.535 D/KeyguardViewMediator(30833): setHidden false
02-07 23:11:18.535 D/KeyguardViewMediator(30833): setHidden false
02-07 23:11:18.545 D/KeyguardViewMediator(30833): setHidden false
02-07 23:11:18.555 D/KeyguardViewMediator(30833): setHidden false
02-07 23:11:18.565 W/IInputConnectionWrapper(31602): showStatusIcon on inactive InputConnection
02-07 23:11:18.575 D/KeyguardViewMediator(30833): setHidden false
02-07 23:11:18.585 D/KeyguardViewMediator(30833): setHidden false
02-07 23:11:18.605 D/KeyguardViewMediator(30833): setHidden false
02-07 23:11:18.615 D/KeyguardViewMediator(30833): setHidden false
02-07 23:11:18.635 D/KeyguardViewMediator(30833): setHidden false
02-07 23:11:18.655 D/KeyguardViewMediator(30833): setHidden false
02-07 23:11:18.665 D/KeyguardViewMediator(30833): setHidden false
02-07 23:11:18.685 D/KeyguardViewMediator(30833): setHidden false
02-07 23:11:18.695 D/KeyguardViewMediator(30833): setHidden false
02-07 23:11:18.715 D/KeyguardViewMediator(30833): setHidden false
02-07 23:11:18.735 D/KeyguardViewMediator(30833): setHidden false
02-07 23:11:18.745 D/KeyguardViewMediator(30833): setHidden false
02-07 23:11:18.765 D/KeyguardViewMediator(30833): setHidden false
02-07 23:11:18.785 D/KeyguardViewMediator(30833): setHidden false
02-07 23:11:18.795 D/KeyguardViewMediator(30833): setHidden false
02-07 23:11:21.198 D/PowerManagerService(30833): UnPartial  wakeLock  reactivate ,flags=0x6 tag=StayOnWhilePluggedIn Screen Dim
02-07 23:11:21.258 D/PowerManagerService(30833): UnPartial  wakeLock  reactivate ,flags=0x6 tag=StayOnWhilePluggedIn Screen Dim
02-07 23:11:22.299 D/PowerManagerService(30833): UnPartial  wakeLock  reactivate ,flags=0x6 tag=StayOnWhilePluggedIn Screen Dim
02-07 23:11:22.299 W/KeyCharacterMap(30911): Can't open keycharmap file
02-07 23:11:22.299 W/KeyCharacterMap(30911): Error loading keycharmap file '/system/usr/keychars/synaptics-rmi4-ts.kcm.bin'. hw.keyboards.262146.devname='synaptics-rmi4-ts'
02-07 23:11:22.299 W/KeyCharacterMap(30911): Using default keymap: /system/usr/keychars/qwerty.kcm.bin
02-07 23:11:22.439 D/KeyguardViewMediator(30833): setHidden false
02-07 23:11:22.459 D/KeyguardViewMediator(30833): setHidden false
02-07 23:11:22.469 D/KeyguardViewMediator(30833): setHidden false
02-07 23:11:22.479 D/KeyguardViewMediator(30833): setHidden false
02-07 23:11:22.499 D/KeyguardViewMediator(30833): setHidden false
02-07 23:11:22.509 D/KeyguardViewMediator(30833): setHidden false
02-07 23:11:22.529 D/KeyguardViewMediator(30833): setHidden false
02-07 23:11:22.539 D/KeyguardViewMediator(30833): setHidden false
02-07 23:11:22.559 D/KeyguardViewMediator(30833): setHidden false
02-07 23:11:22.579 D/KeyguardViewMediator(30833): setHidden false
02-07 23:11:22.589 D/KeyguardViewMediator(30833): setHidden false
02-07 23:11:22.609 D/KeyguardViewMediator(30833): setHidden false
02-07 23:11:22.639 D/KeyguardViewMediator(30833): setHidden false
02-07 23:11:23.700 D/PowerManagerService(30833): UnPartial  wakeLock  reactivate ,flags=0x6 tag=StayOnWhilePluggedIn Screen Dim
02-07 23:11:23.780 D/PowerManagerService(30833): UnPartial  wakeLock  reactivate ,flags=0x6 tag=StayOnWhilePluggedIn Screen Dim
02-07 23:11:23.800 D/Launcher(30911): onSaveInstanceState
02-07 23:11:23.800 D/Launcher(30911): Dissmis Preview for view :null ID:2131230735
02-07 23:11:23.800 D/Launcher(30911): Dissmis Preview for view :null ID:2131230736
02-07 23:11:23.800 D/Launcher(30911): Dissmis Preview for view :null ID:2131230739
02-07 23:11:23.800 D/Launcher(30911): Dissmis Preview for view :null ID:2131230741
02-07 23:11:23.830 D/KeyguardViewMediator(30833): setHidden false
02-07 23:11:23.830 I/hubo    (30833): Activity {com.android.settings/com.android.settings.applications.ManageApplications}
02-07 23:11:23.850 D/KeyguardViewMediator(30833): setHidden false
02-07 23:11:23.890 W/dalvikvm( 2887): Refusing to reopen boot DEX '/system/framework/qcnvitems.jar'
02-07 23:11:23.910 W/dalvikvm( 2887): Refusing to reopen boot DEX '/system/framework/qcrilhook.jar'
02-07 23:11:25.081 D/KeyguardViewMediator(30833): setHidden false
02-07 23:11:25.222 D/KeyguardViewMediator(30833): setHidden false
02-07 23:11:25.232 D/KeyguardViewMediator(30833): setHidden false
02-07 23:11:25.232 D/KeyguardViewMediator(30833): setHidden false
02-07 23:11:25.252 D/KeyguardViewMediator(30833): setHidden false
02-07 23:11:25.272 D/KeyguardViewMediator(30833): setHidden false
02-07 23:11:25.292 D/KeyguardViewMediator(30833): setHidden false
02-07 23:11:25.322 D/KeyguardViewMediator(30833): setHidden false
02-07 23:11:25.412 D/KeyguardViewMediator(30833): setHidden false
02-07 23:11:25.442 D/KeyguardViewMediator(30833): setHidden false
02-07 23:11:25.512 D/KeyguardViewMediator(30833): setHidden false
02-07 23:11:25.602 D/KeyguardViewMediator(30833): setHidden false
02-07 23:11:25.622 D/KeyguardViewMediator(30833): setHidden false
02-07 23:11:25.642 D/KeyguardViewMediator(30833): setHidden false
02-07 23:11:25.672 D/KeyguardViewMediator(30833): setHidden false
02-07 23:11:25.712 I/ActivityManager(30833): Displayed com.android.settings/.applications.ManageApplications: +1s905ms
02-07 23:11:26.383 D/PowerManagerService(30833): UnPartial  wakeLock  reactivate ,flags=0x6 tag=StayOnWhilePluggedIn Screen Dim
02-07 23:11:26.463 D/PowerManagerService(30833): UnPartial  wakeLock  reactivate ,flags=0x6 tag=StayOnWhilePluggedIn Screen Dim
02-07 23:11:27.684 D/KeyguardViewMediator(30833): setHidden false
02-07 23:11:29.736 D/PowerManagerService(30833): UnPartial  wakeLock  reactivate ,flags=0x6 tag=StayOnWhilePluggedIn Screen Dim
02-07 23:11:29.756 D/PowerManagerService(30833): UnPartial  wakeLock  reactivate ,flags=0x6 tag=StayOnWhilePluggedIn Screen Dim
02-07 23:11:29.916 D/KeyguardViewMediator(30833): setHidden false
02-07 23:11:29.916 I/hubo    (30833): Activity {com.android.settings/com.android.settings.applications.RunningServiceDetails}
02-07 23:11:30.126 D/KeyguardViewMediator(30833): setHidden false
02-07 23:11:30.226 D/KeyguardViewMediator(30833): setHidden false
02-07 23:11:30.246 D/KeyguardViewMediator(30833): setHidden false
02-07 23:11:30.256 D/KeyguardViewMediator(30833): setHidden false
02-07 23:11:30.266 D/KeyguardViewMediator(30833): setHidden false
02-07 23:11:30.276 D/KeyguardViewMediator(30833): setHidden false
02-07 23:11:30.286 D/KeyguardViewMediator(30833): setHidden false
02-07 23:11:30.306 D/KeyguardViewMediator(30833): setHidden false
02-07 23:11:30.327 D/KeyguardViewMediator(30833): setHidden false
02-07 23:11:30.337 D/KeyguardViewMediator(30833): setHidden false
02-07 23:11:30.357 D/KeyguardViewMediator(30833): setHidden false
02-07 23:11:30.377 D/KeyguardViewMediator(30833): setHidden false
02-07 23:11:30.387 D/KeyguardViewMediator(30833): setHidden false
02-07 23:11:30.407 D/KeyguardViewMediator(30833): setHidden false
02-07 23:11:30.417 I/ActivityManager(30833): Displayed com.android.settings/.applications.RunningServiceDetails: +507ms
02-07 23:11:30.417 D/KeyguardViewMediator(30833): setHidden false
02-07 23:11:31.177 D/PowerManagerService(30833): UnPartial  wakeLock  reactivate ,flags=0x6 tag=StayOnWhilePluggedIn Screen Dim
02-07 23:11:31.287 D/PowerManagerService(30833): UnPartial  wakeLock  reactivate ,flags=0x6 tag=StayOnWhilePluggedIn Screen Dim
02-07 23:11:34.360 D/PowerManagerService(30833): UnPartial  wakeLock  reactivate ,flags=0x6 tag=StayOnWhilePluggedIn Screen Dim
02-07 23:11:34.661 D/PowerManagerService(30833): UnPartial  wakeLock  reactivate ,flags=0x6 tag=StayOnWhilePluggedIn Screen Dim
02-07 23:11:35.161 D/PowerManagerService(30833): UnPartial  wakeLock  reactivate ,flags=0x6 tag=StayOnWhilePluggedIn Screen Dim
02-07 23:11:35.522 D/PowerManagerService(30833): UnPartial  wakeLock  reactivate ,flags=0x6 tag=StayOnWhilePluggedIn Screen Dim
02-07 23:11:36.523 D/PowerManagerService(30833): UnPartial  wakeLock  reactivate ,flags=0x6 tag=StayOnWhilePluggedIn Screen Dim
02-07 23:11:36.843 D/PowerManagerService(30833): UnPartial  wakeLock  reactivate ,flags=0x6 tag=StayOnWhilePluggedIn Screen Dim
02-07 23:11:37.123 D/PowerManagerService(30833): UnPartial  wakeLock  reactivate ,flags=0x6 tag=StayOnWhilePluggedIn Screen Dim
02-07 23:11:38.254 D/PowerManagerService(30833): UnPartial  wakeLock  reactivate ,flags=0x6 tag=StayOnWhilePluggedIn Screen Dim
02-07 23:11:38.344 D/PowerManagerService(30833): UnPartial  wakeLock  reactivate ,flags=0x6 tag=StayOnWhilePluggedIn Screen Dim
02-07 23:11:40.597 D/PowerManagerService(30833): UnPartial  wakeLock  reactivate ,flags=0x6 tag=StayOnWhilePluggedIn Screen Dim
02-07 23:11:40.667 D/PowerManagerService(30833): UnPartial  wakeLock  reactivate ,flags=0x6 tag=StayOnWhilePluggedIn Screen Dim
02-07 23:11:40.717 D/KeyguardViewMediator(30833): setHidden false
02-07 23:11:40.727 I/hubo    (30833): Activity {com.android.settings/com.android.settings.applications.ManageApplications}
02-07 23:11:40.777 D/KeyguardViewMediator(30833): setHidden false
02-07 23:11:41.037 D/KeyguardViewMediator(30833): setHidden false
02-07 23:11:41.077 D/KeyguardViewMediator(30833): setHidden false
02-07 23:11:41.097 D/KeyguardViewMediator(30833): setHidden false
02-07 23:11:41.107 D/KeyguardViewMediator(30833): setHidden false
02-07 23:11:41.117 D/KeyguardViewMediator(30833): setHidden false
02-07 23:11:41.127 D/KeyguardViewMediator(30833): setHidden false
02-07 23:11:41.147 D/KeyguardViewMediator(30833): setHidden false
02-07 23:11:41.167 D/KeyguardViewMediator(30833): setHidden false
02-07 23:11:41.177 D/KeyguardViewMediator(30833): setHidden false
02-07 23:11:41.197 D/KeyguardViewMediator(30833): setHidden false
02-07 23:11:41.207 D/KeyguardViewMediator(30833): setHidden false
02-07 23:11:41.227 D/KeyguardViewMediator(30833): setHidden false
02-07 23:11:41.247 D/KeyguardViewMediator(30833): setHidden false
02-07 23:11:41.257 D/KeyguardViewMediator(30833): setHidden false
02-07 23:11:41.267 D/KeyguardViewMediator(30833): setHidden false
02-07 23:11:41.287 D/KeyguardViewMediator(30833): setHidden false
02-07 23:11:41.988 I/DATA    (30905): [DCT(0) ] onDataCallListChanged:
02-07 23:11:41.988 I/DATA    (30905): [DCT(0) ] ---dc state list---
02-07 23:11:41.988 I/DATA    (30905): [DCT(0) ] DataCallState: { cid: 0, active: 2, type: , apn: , address: 174.155.238.172 }
02-07 23:11:41.988 I/DATA    (30905): [DCT(0) ] ---dc list---
02-07 23:11:41.988 I/DATA    (30905): [DCT(0) ] cid = 0, state = DcActiveState, bearerType = IP, ipaddress = 174.155.238.172, gw=174.155.238.173, dns=[68.28.67.132, 68.28.68.132]
02-07 23:11:46.152 W/dalvikvm( 3102): Refusing to reopen boot DEX '/system/framework/qcrilhook.jar'
02-07 23:11:46.162 W/dalvikvm( 3102): Refusing to reopen boot DEX '/system/framework/qcnvitems.jar'
02-07 23:11:46.202 I/vDM     ( 3102): onCreate
02-07 23:11:46.362 D/PowerManagerService(30833): UnPartial  wakeLock  reactivate ,flags=0x6 tag=StayOnWhilePluggedIn Screen Dim
02-07 23:11:46.562 D/Bitmap  ( 2887): Detect unrecycled bitmap.
02-07 23:11:46.562 D/Bitmap  ( 2887):       Size: 40960 Bytes, Width: 320 , Height: 64 , Hash code: 1080567464
02-07 23:11:46.562 D/Bitmap  ( 2887):  This bimap was created in:
02-07 23:11:46.562 D/Bitmap  ( 2887):       android.graphics.Bitmap.<init>(Bitmap.java:136)
02-07 23:11:46.562 D/Bitmap  ( 2887):       android.graphics.Bitmap.nativeCreate(Native Method)
02-07 23:11:46.562 D/Bitmap  ( 2887):       android.graphics.Bitmap.createBitmap(Bitmap.java:547)
02-07 23:11:46.562 D/Bitmap  ( 2887):       android.view.View.buildDrawingCache(View.java:6577)
02-07 23:11:46.562 D/Bitmap  ( 2887):       android.view.View.getDrawingCache(View.java:6428)
02-07 23:11:46.562 D/Bitmap  ( 2887):       android.view.ViewGroup.drawChild(ViewGroup.java:1574)
02-07 23:11:46.562 D/Bitmap  ( 2887):       android.view.ViewGroup.dispatchDraw(ViewGroup.java:1376)
02-07 23:11:46.562 D/Bitmap  ( 2887):       android.widget.AbsListView.dispatchDraw(AbsListView.java:1480)
02-07 23:11:46.562 D/Bitmap  ( 2887):       android.widget.ListView.dispatchDraw(ListView.java:3138)
02-07 23:11:46.562 D/Bitmap  ( 2887):       android.view.View.draw(View.java:6986)
02-07 23:11:46.562 D/Bitmap  ( 2887):       android.widget.AbsListView.draw(AbsListView.java:2588)
02-07 23:11:46.562 D/Bitmap  ( 2887):       android.view.ViewGroup.drawChild(ViewGroup.java:1649)
02-07 23:11:46.562 D/Bitmap  ( 2887):       android.view.ViewGroup.dispatchDraw(ViewGroup.java:1376)
02-07 23:11:46.562 D/Bitmap  ( 2887):       android.view.ViewGroup.drawChild(ViewGroup.java:1647)
02-07 23:11:46.562 D/Bitmap  ( 2887):       android.view.ViewGroup.dispatchDraw(ViewGroup.java:1376)
02-07 23:11:46.562 D/Bitmap  ( 2887):       android.view.ViewGroup.drawChild(ViewGroup.java:1647)
02-07 23:11:46.562 D/Bitmap  ( 2887):       android.view.ViewGroup.dispatchDraw(ViewGroup.java:1376)
02-07 23:11:46.562 D/Bitmap  ( 2887):       android.view.ViewGroup.drawChild(ViewGroup.java:1647)
02-07 23:11:46.562 D/Bitmap  ( 2887):       android.view.ViewGroup.dispatchDraw(ViewGroup.java:1376)
02-07 23:11:46.562 D/Bitmap  ( 2887):       android.view.ViewGroup.drawChild(ViewGroup.java:1647)
02-07 23:11:46.562 D/Bitmap  ( 2887):       android.view.ViewGroup.dispatchDraw(ViewGroup.java:1376)
02-07 23:11:46.562 D/Bitmap  ( 2887):       android.view.ViewGroup.drawChild(ViewGroup.java:1647)
02-07 23:11:46.562 D/Bitmap  ( 2887):       android.view.ViewGroup.dispatchDraw(ViewGroup.java:1376)
02-07 23:11:46.562 D/Bitmap  ( 2887):       android.view.ViewGroup.drawChild(ViewGroup.java:1647)
02-07 23:11:46.562 D/Bitmap  ( 2887):       android.view.ViewGroup.dispatchDraw(ViewGroup.java:1376)
02-07 23:11:46.562 D/Bitmap  ( 2887):       android.view.ViewGroup.drawChild(ViewGroup.java:1647)
02-07 23:11:46.562 D/Bitmap  ( 2887):       android.view.ViewGroup.dispatchDraw(ViewGroup.java:1376)
02-07 23:11:46.562 D/Bitmap  ( 2887):       android.view.ViewGroup.drawChild(ViewGroup.java:1647)
02-07 23:11:46.562 D/Bitmap  ( 2887):       android.view.ViewGroup.dispatchDraw(ViewGroup.java:1376)
02-07 23:11:46.562 D/Bitmap  ( 2887):       android.view.ViewGroup.drawChild(ViewGroup.java:1647)
02-07 23:11:46.562 D/Bitmap  ( 2887):       android.view.ViewGroup.dispatchDraw(ViewGroup.java:1376)
02-07 23:11:46.562 D/Bitmap  ( 2887):       android.view.View.draw(View.java:6883)
02-07 23:11:46.562 D/Bitmap  ( 2887):       android.widget.FrameLayout.draw(FrameLayout.java:357)
02-07 23:11:46.562 D/Bitmap  ( 2887):       com.android.internal.policy.impl.PhoneWindow$DecorView.draw(PhoneWindow.java:1866)
02-07 23:11:46.562 D/Bitmap  ( 2887):       android.view.ViewRoot.draw(ViewRoot.java:1526)
02-07 23:11:46.562 D/Bitmap  ( 2887):       android.view.ViewRoot.performTraversals(ViewRoot.java:1262)
02-07 23:11:46.562 D/Bitmap  ( 2887):       android.view.ViewRoot.handleMessage(ViewRoot.java:1864)
02-07 23:11:46.562 D/Bitmap  ( 2887):       android.os.Handler.dispatchMessage(Handler.java:99)
02-07 23:11:46.562 D/Bitmap  ( 2887):       android.os.Looper.loop(Looper.java:130)
02-07 23:11:46.562 D/Bitmap  ( 2887):       android.app.ActivityThread.main(ActivityThread.java:3704)
02-07 23:11:46.572 D/Bitmap  ( 2887):       java.lang.reflect.Method.invokeNative(Native Method)
02-07 23:11:46.572 D/Bitmap  ( 2887):       java.lang.reflect.Method.invoke(Method.java:507)
02-07 23:11:46.572 D/Bitmap  ( 2887):       com.android.internal.os.ZygoteInit$MethodAndArgsCaller.run(ZygoteInit.java:875)
02-07 23:11:46.572 D/Bitmap  ( 2887):       com.android.internal.os.ZygoteInit.main(ZygoteInit.java:633)
02-07 23:11:46.572 D/Bitmap  ( 2887):       dalvik.system.NativeStart.main(Native Method)
02-07 23:11:46.572 D/Bitmap  ( 2887): _
02-07 23:11:46.733 D/PowerManagerService(30833): UnPartial  wakeLock  reactivate ,flags=0x6 tag=StayOnWhilePluggedIn Screen Dim
02-07 23:11:46.983 D/PowerManagerService(30833): UnPartial  wakeLock  reactivate ,flags=0x6 tag=StayOnWhilePluggedIn Screen Dim
02-07 23:11:47.403 D/PowerManagerService(30833): UnPartial  wakeLock  reactivate ,flags=0x6 tag=StayOnWhilePluggedIn Screen Dim
02-07 23:11:47.713 D/PowerManagerService(30833): UnPartial  wakeLock  reactivate ,flags=0x6 tag=StayOnWhilePluggedIn Screen Dim
02-07 23:11:47.814 D/PowerManagerService(30833): UnPartial  wakeLock  reactivate ,flags=0x6 tag=StayOnWhilePluggedIn Screen Dim
02-07 23:11:48.184 D/PowerManagerService(30833): UnPartial  wakeLock  reactivate ,flags=0x6 tag=StayOnWhilePluggedIn Screen Dim
02-07 23:11:48.494 D/PowerManagerService(30833): UnPartial  wakeLock  reactivate ,flags=0x6 tag=StayOnWhilePluggedIn Screen Dim
02-07 23:11:48.564 D/PowerManagerService(30833): UnPartial  wakeLock  reactivate ,flags=0x6 tag=StayOnWhilePluggedIn Screen Dim
02-07 23:11:48.935 D/PowerManagerService(30833): UnPartial  wakeLock  reactivate ,flags=0x6 tag=StayOnWhilePluggedIn Screen Dim
02-07 23:11:49.105 D/PowerManagerService(30833): UnPartial  wakeLock  reactivate ,flags=0x6 tag=StayOnWhilePluggedIn Screen Dim
02-07 23:11:53.279 I/DATA    (30905): [DCT(0) ] onDataCallListChanged:
02-07 23:11:53.279 I/DATA    (30905): [DCT(0) ] ---dc state list---
02-07 23:11:53.279 I/DATA    (30905): [DCT(0) ] DataCallState: { cid: 0, active: 1, type: , apn: , address: 174.155.238.172 }
02-07 23:11:53.279 I/DATA    (30905): [DCT(0) ] ---dc list---
02-07 23:11:53.279 I/DATA    (30905): [DCT(0) ] cid = 0, state = DcActiveState, bearerType = IP, ipaddress = 174.155.238.172, gw=174.155.238.173, dns=[68.28.67.132, 68.28.68.132]
02-07 23:11:55.431 D/PowerManagerService(30833): UnPartial  wakeLock  reactivate ,flags=0x6 tag=StayOnWhilePluggedIn Screen Dim
02-07 23:11:55.631 D/Launcher(30911): Closing system Dialogs 
02-07 23:11:55.631 D/Launcher(30911): onNewIntent()android.intent.action.MAIN
02-07 23:11:55.631 D/Launcher(30911): Closing system Dialogs 
02-07 23:11:55.641 D/KeyguardViewMediator(30833): setHidden false
02-07 23:11:55.651 D/KeyguardViewMediator(30833): setHidden false
02-07 23:11:55.651 I/hubo    (30833): Activity {com.android.launcher/com.android.launcher2.Launcher}
02-07 23:11:55.671 D/Warhol  (30911): A pack appears to be installed -- skipping Installer
02-07 23:11:55.681 D/KeyguardViewMediator(30833): setHidden false
02-07 23:11:55.721 D/KeyguardViewMediator(30833): setHidden false
02-07 23:11:55.731 D/KeyguardViewMediator(30833): setHidden false
02-07 23:11:55.741 D/KeyguardViewMediator(30833): setHidden false
02-07 23:11:55.761 D/KeyguardViewMediator(30833): setHidden false
02-07 23:11:55.781 D/KeyguardViewMediator(30833): setHidden false
02-07 23:11:55.791 D/KeyguardViewMediator(30833): setHidden false
02-07 23:11:55.811 D/KeyguardViewMediator(30833): setHidden false
02-07 23:11:55.831 D/KeyguardViewMediator(30833): setHidden false
02-07 23:11:55.841 D/KeyguardViewMediator(30833): setHidden false
02-07 23:11:55.861 D/KeyguardViewMediator(30833): setHidden false
02-07 23:11:55.871 D/KeyguardViewMediator(30833): setHidden false
02-07 23:11:55.891 D/KeyguardViewMediator(30833): setHidden false
02-07 23:11:55.911 D/KeyguardViewMediator(30833): setHidden false
02-07 23:11:55.921 D/KeyguardViewMediator(30833): setHidden false
02-07 23:11:55.942 D/KeyguardViewMediator(30833): setHidden false
02-07 23:11:55.962 D/KeyguardViewMediator(30833): setHidden false
02-07 23:11:55.972 D/KeyguardViewMediator(30833): setHidden false
02-07 23:11:55.992 D/KeyguardViewMediator(30833): setHidden false
02-07 23:11:56.012 D/KeyguardViewMediator(30833): setHidden false
02-07 23:11:56.022 D/KeyguardViewMediator(30833): setHidden false
02-07 23:11:56.042 D/KeyguardViewMediator(30833): setHidden false
02-07 23:11:56.442 D/KeyguardViewMediator(30833): setHidden false
02-07 23:11:56.462 D/KeyguardViewMediator(30833): setHidden false
02-07 23:11:57.943 D/PowerManagerService(30833): UnPartial  wakeLock  reactivate ,flags=0x6 tag=StayOnWhilePluggedIn Screen Dim
02-07 23:11:58.084 D/PowerManagerService(30833): UnPartial  wakeLock  reactivate ,flags=0x6 tag=StayOnWhilePluggedIn Screen Dim
02-07 23:11:59.835 D/PowerManagerService(30833): UnPartial  wakeLock  reactivate ,flags=0x6 tag=StayOnWhilePluggedIn Screen Dim
02-07 23:11:59.965 D/PowerManagerService(30833): UnPartial  wakeLock  reactivate ,flags=0x6 tag=StayOnWhilePluggedIn Screen Dim
02-07 23:11:59.995 D/KeyguardUpdateMonitor(30833): received broadcast android.intent.action.TIME_TICK
02-07 23:11:59.995 D/KeyguardUpdateMonitor(30833): handleTimeUpdate
02-07 23:12:03.809 D/PowerManagerService(30833): UnPartial  wakeLock  reactivate ,flags=0x6 tag=StayOnWhilePluggedIn Screen Dim
02-07 23:12:03.879 D/PowerManagerService(30833): UnPartial  wakeLock  reactivate ,flags=0x6 tag=StayOnWhilePluggedIn Screen Dim
02-07 23:12:04.079 D/Launcher(30911): onSaveInstanceState
02-07 23:12:04.079 D/Launcher(30911): Dissmis Preview for view :null ID:2131230735
02-07 23:12:04.079 D/Launcher(30911): Dissmis Preview for view :null ID:2131230736
02-07 23:12:04.079 D/Launcher(30911): Dissmis Preview for view :null ID:2131230739
02-07 23:12:04.079 D/Launcher(30911): Dissmis Preview for view :null ID:2131230741
02-07 23:12:04.089 D/KeyguardViewMediator(30833): setHidden false
02-07 23:12:04.089 I/hubo    (30833): Activity com.google.android.apps.googlevoice.PhoneCallListActivity
02-07 23:12:04.099 D/KeyguardViewMediator(30833): setHidden false
02-07 23:12:04.099 W/GoogleVoice(31602): PhoneCallListActivity: unknown action, threading as Intent.ACTION_MAIN: null
02-07 23:12:04.109 I/ContactsProvider(30972): query: content://com.android.contacts/phone_lookup/+19137446943
02-07 23:12:04.109 E/ContactsProvider(30972): 101123 isCallerRegisterNeedSIMProc callerPid:31602, acorePid:30972
02-07 23:12:04.109 I/ContactsProvider(30972): query isCallerRegistered= false
02-07 23:12:04.109 I/ContactsProvider(30972): query forOnlyOneContactString= 0
02-07 23:12:04.129 D/KeyguardViewMediator(30833): setHidden false
02-07 23:12:04.170 D/KeyguardViewMediator(30833): setHidden false
02-07 23:12:04.180 D/KeyguardViewMediator(30833): setHidden false
02-07 23:12:04.190 D/KeyguardViewMediator(30833): setHidden false
02-07 23:12:04.200 D/KeyguardViewMediator(30833): setHidden false
02-07 23:12:04.220 D/KeyguardViewMediator(30833): setHidden false
02-07 23:12:04.230 D/KeyguardViewMediator(30833): setHidden false
02-07 23:12:04.250 D/KeyguardViewMediator(30833): setHidden false
02-07 23:12:04.250 D/KeyguardViewMediator(30833): setHidden false
02-07 23:12:04.270 D/KeyguardViewMediator(30833): setHidden false
02-07 23:12:04.290 D/KeyguardViewMediator(30833): setHidden false
02-07 23:12:04.310 D/KeyguardViewMediator(30833): setHidden false
02-07 23:12:04.320 D/KeyguardViewMediator(30833): setHidden false
02-07 23:12:04.350 D/KeyguardViewMediator(30833): setHidden false
02-07 23:12:04.350 D/KeyguardViewMediator(30833): setHidden false
02-07 23:12:04.380 D/KeyguardViewMediator(30833): setHidden false
02-07 23:12:04.390 D/KeyguardViewMediator(30833): setHidden false
02-07 23:12:04.400 D/KeyguardViewMediator(30833): setHidden false
02-07 23:12:04.430 D/KeyguardViewMediator(30833): setHidden false
02-07 23:12:04.430 D/KeyguardViewMediator(30833): setHidden false
02-07 23:12:04.450 D/KeyguardViewMediator(30833): setHidden false
02-07 23:12:04.470 D/KeyguardViewMediator(30833): setHidden false
02-07 23:12:04.490 D/KeyguardViewMediator(30833): setHidden false
02-07 23:12:04.490 D/KeyguardViewMediator(30833): setHidden false
02-07 23:12:06.352 D/PowerManagerService(30833): UnPartial  wakeLock  reactivate ,flags=0x6 tag=StayOnWhilePluggedIn Screen Dim
02-07 23:12:06.602 D/PowerManagerService(30833): UnPartial  wakeLock  reactivate ,flags=0x6 tag=StayOnWhilePluggedIn Screen Dim
02-07 23:12:07.293 D/PowerManagerService(30833): UnPartial  wakeLock  reactivate ,flags=0x6 tag=StayOnWhilePluggedIn Screen Dim
02-07 23:12:07.313 W/KeyCharacterMap(31602): Can't open keycharmap file
02-07 23:12:07.313 W/KeyCharacterMap(31602): Error loading keycharmap file '/system/usr/keychars/synaptics-rmi4-ts.kcm.bin'. hw.keyboards.262146.devname='synaptics-rmi4-ts'
02-07 23:12:07.313 W/KeyCharacterMap(31602): Using default keymap: /system/usr/keychars/qwerty.kcm.bin
02-07 23:12:07.453 D/KeyguardViewMediator(30833): setHidden false
02-07 23:12:07.493 D/KeyguardViewMediator(30833): setHidden false
02-07 23:12:07.493 D/KeyguardViewMediator(30833): setHidden false
02-07 23:12:07.513 D/KeyguardViewMediator(30833): setHidden false
02-07 23:12:07.523 D/KeyguardViewMediator(30833): setHidden false
02-07 23:12:07.543 D/KeyguardViewMediator(30833): setHidden false
02-07 23:12:07.563 D/KeyguardViewMediator(30833): setHidden false
02-07 23:12:07.583 D/KeyguardViewMediator(30833): setHidden false
02-07 23:12:07.593 D/KeyguardViewMediator(30833): setHidden false
02-07 23:12:07.613 D/KeyguardViewMediator(30833): setHidden false
02-07 23:12:07.633 D/KeyguardViewMediator(30833): setHidden false
02-07 23:12:07.643 D/KeyguardViewMediator(30833): setHidden false
02-07 23:12:07.663 D/KeyguardViewMediator(30833): setHidden false
02-07 23:12:08.834 E/rmt_storage(  159): [MyTag]open: fd=-1
02-07 23:12:08.834 E/rmt_storage(  159): block rmt_storage client thread
02-07 23:12:09.064 D/PowerManagerService(30833): UnPartial  wakeLock  reactivate ,flags=0x6 tag=StayOnWhilePluggedIn Screen Dim
02-07 23:12:09.164 D/PowerManagerService(30833): UnPartial  wakeLock  reactivate ,flags=0x6 tag=StayOnWhilePluggedIn Screen Dim
02-07 23:12:09.164 W/KeyCharacterMap(31602): No keyboard for id 0
02-07 23:12:09.164 W/KeyCharacterMap(31602): Using default keymap: /system/usr/keychars/qwerty.kcm.bin
02-07 23:12:09.204 D/KeyguardViewMediator(30833): setHidden false
02-07 23:12:09.214 D/KeyguardViewMediator(30833): setHidden false
02-07 23:12:09.234 D/KeyguardViewMediator(30833): setHidden false
02-07 23:12:09.254 D/KeyguardViewMediator(30833): setHidden false
02-07 23:12:09.265 D/KeyguardViewMediator(30833): setHidden false
02-07 23:12:09.275 D/KeyguardViewMediator(30833): setHidden false
02-07 23:12:09.295 D/KeyguardViewMediator(30833): setHidden false
02-07 23:12:09.305 D/KeyguardViewMediator(30833): setHidden false
02-07 23:12:09.315 D/KeyguardViewMediator(30833): setHidden false
02-07 23:12:09.315 D/KeyguardViewMediator(30833): setHidden false
02-07 23:12:09.335 D/KeyguardViewMediator(30833): setHidden false
02-07 23:12:09.355 D/KeyguardViewMediator(30833): setHidden false
02-07 23:12:09.365 D/KeyguardViewMediator(30833): setHidden false
02-07 23:12:09.385 D/KeyguardViewMediator(30833): setHidden false
02-07 23:12:09.395 D/KeyguardViewMediator(30833): setHidden false
02-07 23:12:09.405 D/KeyguardViewMediator(30833): setHidden false
02-07 23:12:09.425 D/KeyguardViewMediator(30833): setHidden false
02-07 23:12:09.435 D/KeyguardViewMediator(30833): setHidden false
02-07 23:12:09.455 D/KeyguardViewMediator(30833): setHidden false
02-07 23:12:09.475 D/KeyguardViewMediator(30833): setHidden false
02-07 23:12:09.485 D/KeyguardViewMediator(30833): setHidden false
02-07 23:12:10.015 D/PowerManagerService(30833): UnPartial  wakeLock  reactivate ,flags=0x6 tag=StayOnWhilePluggedIn Screen Dim
02-07 23:12:10.095 D/PowerManagerService(30833): UnPartial  wakeLock  reactivate ,flags=0x6 tag=StayOnWhilePluggedIn Screen Dim
02-07 23:12:10.916 I/ContactsProvider(30972): query: content://com.android.contacts/phone_lookup/+19137446943
02-07 23:12:10.916 E/ContactsProvider(30972): 101123 isCallerRegisterNeedSIMProc callerPid:31602, acorePid:30972
02-07 23:12:10.926 I/ContactsProvider(30972): query isCallerRegistered= false
02-07 23:12:10.926 I/ContactsProvider(30972): query forOnlyOneContactString= 0
02-07 23:12:10.936 D/KeyguardViewMediator(30833): setHidden false
02-07 23:12:10.946 D/KeyguardViewMediator(30833): setHidden false
02-07 23:12:10.966 D/KeyguardViewMediator(30833): setHidden false
02-07 23:12:10.976 D/KeyguardViewMediator(30833): setHidden false
02-07 23:12:11.006 D/KeyguardViewMediator(30833): setHidden false
02-07 23:12:11.016 D/KeyguardViewMediator(30833): setHidden false
02-07 23:12:11.036 D/KeyguardViewMediator(30833): setHidden false
02-07 23:12:11.046 D/KeyguardViewMediator(30833): setHidden false
02-07 23:12:11.066 D/KeyguardViewMediator(30833): setHidden false
02-07 23:12:11.086 D/KeyguardViewMediator(30833): setHidden false
02-07 23:12:11.106 D/KeyguardViewMediator(30833): setHidden false
02-07 23:12:11.116 D/KeyguardViewMediator(30833): setHidden false
02-07 23:12:17.222 D/PowerManagerService(30833): UnPartial  wakeLock  reactivate ,flags=0x6 tag=StayOnWhilePluggedIn Screen Dim
02-07 23:12:17.222 W/KeyCharacterMap(31602): Can't open keycharmap file
02-07 23:12:17.222 W/KeyCharacterMap(31602): Error loading keycharmap file '/system/usr/keychars/synaptics-rmi4-ts.kcm.bin'. hw.keyboards.262146.devname='synaptics-rmi4-ts'
02-07 23:12:17.222 W/KeyCharacterMap(31602): Using default keymap: /system/usr/keychars/qwerty.kcm.bin
02-07 23:12:17.322 D/KeyguardViewMediator(30833): setHidden false
02-07 23:12:17.322 I/hubo    (30833): Activity com.google.android.apps.googlevoice.activity.conversationlist.ConversationListActivity
02-07 23:12:18.033 D/KeyguardViewMediator(30833): setHidden false
02-07 23:12:18.043 I/ContactsProvider(30972): query: content://com.android.contacts/phone_lookup/+19137446943
02-07 23:12:18.043 E/ContactsProvider(30972): 101123 isCallerRegisterNeedSIMProc callerPid:31602, acorePid:30972
02-07 23:12:18.053 I/ContactsProvider(30972): query isCallerRegistered= false
02-07 23:12:18.053 I/ContactsProvider(30972): query forOnlyOneContactString= 0
02-07 23:12:18.053 I/ContactsProvider(30972): query: content://com.android.contacts/phone_lookup/+19137446943
02-07 23:12:18.053 E/ContactsProvider(30972): 101123 isCallerRegisterNeedSIMProc callerPid:31602, acorePid:30972
02-07 23:12:18.063 I/ContactsProvider(30972): query isCallerRegistered= false
02-07 23:12:18.063 I/ContactsProvider(30972): query forOnlyOneContactString= 0
02-07 23:12:18.073 I/ContactsProvider(30972): query: content://com.android.contacts/phone_lookup/+19137446943
02-07 23:12:18.073 E/ContactsProvider(30972): 101123 isCallerRegisterNeedSIMProc callerPid:31602, acorePid:30972
02-07 23:12:18.073 I/ContactsProvider(30972): query isCallerRegistered= false
02-07 23:12:18.073 I/ContactsProvider(30972): query forOnlyOneContactString= 0
02-07 23:12:18.093 I/ContactsProvider(30972): query: content://com.android.contacts/phone_lookup/+19137446943
02-07 23:12:18.093 E/ContactsProvider(30972): 101123 isCallerRegisterNeedSIMProc callerPid:31602, acorePid:30972
02-07 23:12:18.093 I/ContactsProvider(30972): query isCallerRegistered= false
02-07 23:12:18.093 I/ContactsProvider(30972): query forOnlyOneContactString= 0
02-07 23:12:18.103 I/ContactsProvider(30972): query: content://com.android.contacts/phone_lookup/+19137446943
02-07 23:12:18.103 E/ContactsProvider(30972): 101123 isCallerRegisterNeedSIMProc callerPid:31602, acorePid:30972
02-07 23:12:18.103 I/ContactsProvider(30972): query isCallerRegistered= false
02-07 23:12:18.103 I/ContactsProvider(30972): query forOnlyOneContactString= 0
02-07 23:12:18.123 I/ContactsProvider(30972): query: content://com.android.contacts/phone_lookup/+19137446943
02-07 23:12:18.123 E/ContactsProvider(30972): 101123 isCallerRegisterNeedSIMProc callerPid:31602, acorePid:30972
02-07 23:12:18.123 I/ContactsProvider(30972): query isCallerRegistered= false
02-07 23:12:18.123 I/ContactsProvider(30972): query forOnlyOneContactString= 0
02-07 23:12:18.163 D/KeyguardViewMediator(30833): setHidden false
02-07 23:12:18.173 D/KeyguardViewMediator(30833): setHidden false
02-07 23:12:18.183 D/KeyguardViewMediator(30833): setHidden false
02-07 23:12:18.193 D/KeyguardViewMediator(30833): setHidden false
02-07 23:12:18.203 D/KeyguardViewMediator(30833): setHidden false
02-07 23:12:18.213 D/KeyguardViewMediator(30833): setHidden false
02-07 23:12:18.223 D/KeyguardViewMediator(30833): setHidden false
02-07 23:12:18.233 D/KeyguardViewMediator(30833): setHidden false
02-07 23:12:18.243 D/KeyguardViewMediator(30833): setHidden false
02-07 23:12:18.253 D/KeyguardViewMediator(30833): setHidden false
02-07 23:12:18.273 D/KeyguardViewMediator(30833): setHidden false
02-07 23:12:18.293 D/KeyguardViewMediator(30833): setHidden false
02-07 23:12:18.303 D/KeyguardViewMediator(30833): setHidden false
02-07 23:12:18.323 D/KeyguardViewMediator(30833): setHidden false
02-07 23:12:18.333 D/KeyguardViewMediator(30833): setHidden false
02-07 23:12:18.353 D/KeyguardViewMediator(30833): setHidden false
02-07 23:12:21.386 D/PowerManagerService(30833): UnPartial  wakeLock  reactivate ,flags=0x6 tag=StayOnWhilePluggedIn Screen Dim
02-07 23:12:21.436 D/PowerManagerService(30833): UnPartial  wakeLock  reactivate ,flags=0x6 tag=StayOnWhilePluggedIn Screen Dim
02-07 23:12:21.637 D/KeyguardViewMediator(30833): setHidden false
02-07 23:12:21.637 I/hubo    (30833): Activity com.google.android.apps.googlevoice.PhoneCallListActivity
02-07 23:12:21.677 W/GoogleVoice(31602): PhoneCallListActivity: unknown action, threading as Intent.ACTION_MAIN: null
02-07 23:12:21.687 I/ContactsProvider(30972): query: content://com.android.contacts/phone_lookup/+19137446943
02-07 23:12:21.687 E/ContactsProvider(30972): 101123 isCallerRegisterNeedSIMProc callerPid:31602, acorePid:30972
02-07 23:12:21.697 I/ContactsProvider(30972): query isCallerRegistered= false
02-07 23:12:21.697 I/ContactsProvider(30972): query forOnlyOneContactString= 0
02-07 23:12:21.737 D/KeyguardViewMediator(30833): setHidden false
02-07 23:12:21.817 D/KeyguardViewMediator(30833): setHidden false
02-07 23:12:21.827 D/KeyguardViewMediator(30833): setHidden false
02-07 23:12:21.827 D/KeyguardViewMediator(30833): setHidden false
02-07 23:12:21.837 D/KeyguardViewMediator(30833): setHidden false
02-07 23:12:21.847 D/KeyguardViewMediator(30833): setHidden false
02-07 23:12:21.877 D/KeyguardViewMediator(30833): setHidden false
02-07 23:12:21.877 D/KeyguardViewMediator(30833): setHidden false
02-07 23:12:21.907 D/KeyguardViewMediator(30833): setHidden false
02-07 23:12:21.927 D/KeyguardViewMediator(30833): setHidden false
02-07 23:12:21.927 D/KeyguardViewMediator(30833): setHidden false
02-07 23:12:21.957 D/KeyguardViewMediator(30833): setHidden false
02-07 23:12:21.957 D/KeyguardViewMediator(30833): setHidden false
02-07 23:12:21.987 D/KeyguardViewMediator(30833): setHidden false
02-07 23:12:21.997 D/KeyguardViewMediator(30833): setHidden false
02-07 23:12:21.997 I/ActivityManager(30833): Displayed com.google.android.apps.googlevoice/.PhoneCallListActivity: +380ms
02-07 23:12:22.007 D/KeyguardViewMediator(30833): setHidden false
02-07 23:12:25.440 D/PowerManagerService(30833): UnPartial  wakeLock  reactivate ,flags=0x6 tag=StayOnWhilePluggedIn Screen Dim
02-07 23:12:25.701 D/Launcher(30911): Closing system Dialogs 
02-07 23:12:25.701 D/Launcher(30911): onNewIntent()android.intent.action.MAIN
02-07 23:12:25.701 D/Launcher(30911): Closing system Dialogs 
02-07 23:12:25.711 D/KeyguardViewMediator(30833): setHidden false
02-07 23:12:25.721 D/KeyguardViewMediator(30833): setHidden false
02-07 23:12:25.731 D/Warhol  (30911): A pack appears to be installed -- skipping Installer
02-07 23:12:25.731 D/KeyguardViewMediator(30833): setHidden false
02-07 23:12:25.731 I/hubo    (30833): Activity {com.android.launcher/com.android.launcher2.Launcher}
02-07 23:12:25.771 D/KeyguardViewMediator(30833): setHidden false
02-07 23:12:25.791 D/KeyguardViewMediator(30833): setHidden false
02-07 23:12:25.801 D/KeyguardViewMediator(30833): setHidden false
02-07 23:12:25.811 D/KeyguardViewMediator(30833): setHidden false
02-07 23:12:25.821 D/KeyguardViewMediator(30833): setHidden false
02-07 23:12:25.841 D/KeyguardViewMediator(30833): setHidden false
02-07 23:12:25.861 D/KeyguardViewMediator(30833): setHidden false
02-07 23:12:25.871 D/KeyguardViewMediator(30833): setHidden false
02-07 23:12:25.891 D/KeyguardViewMediator(30833): setHidden false
02-07 23:12:25.911 D/KeyguardViewMediator(30833): setHidden false
02-07 23:12:25.931 D/KeyguardViewMediator(30833): setHidden false
02-07 23:12:25.941 D/KeyguardViewMediator(30833): setHidden false
02-07 23:12:25.951 D/KeyguardViewMediator(30833): setHidden false
02-07 23:12:25.971 D/KeyguardViewMediator(30833): setHidden false
02-07 23:12:25.981 D/KeyguardViewMediator(30833): setHidden false
02-07 23:12:26.001 D/KeyguardViewMediator(30833): setHidden false
02-07 23:12:26.021 D/KeyguardViewMediator(30833): setHidden false
02-07 23:12:26.031 D/KeyguardViewMediator(30833): setHidden false
02-07 23:12:26.051 D/KeyguardViewMediator(30833): setHidden false
02-07 23:12:26.061 D/KeyguardViewMediator(30833): setHidden false
02-07 23:12:26.081 D/KeyguardViewMediator(30833): setHidden false
02-07 23:12:26.101 D/KeyguardViewMediator(30833): setHidden false
02-07 23:12:26.111 D/KeyguardViewMediator(30833): setHidden false
02-07 23:12:27.042 D/PowerManagerService(30833): UnPartial  wakeLock  reactivate ,flags=0x6 tag=StayOnWhilePluggedIn Screen Dim
02-07 23:12:27.122 D/PowerManagerService(30833): UnPartial  wakeLock  reactivate ,flags=0x6 tag=StayOnWhilePluggedIn Screen Dim
02-07 23:12:28.603 D/PowerManagerService(30833): UnPartial  wakeLock  reactivate ,flags=0x6 tag=StayOnWhilePluggedIn Screen Dim
02-07 23:12:28.764 D/PowerManagerService(30833): UnPartial  wakeLock  reactivate ,flags=0x6 tag=StayOnWhilePluggedIn Screen Dim
02-07 23:12:31.416 D/PowerManagerService(30833): UnPartial  wakeLock  reactivate ,flags=0x6 tag=StayOnWhilePluggedIn Screen Dim
02-07 23:12:31.416 W/KeyCharacterMap(30911): Can't open keycharmap file
02-07 23:12:31.416 W/KeyCharacterMap(30911): Error loading keycharmap file '/system/usr/keychars/synaptics-rmi4-ts.kcm.bin'. hw.keyboards.262146.devname='synaptics-rmi4-ts'
02-07 23:12:31.416 W/KeyCharacterMap(30911): Using default keymap: /system/usr/keychars/qwerty.kcm.bin
02-07 23:12:31.546 D/KeyguardViewMediator(30833): setHidden false
02-07 23:12:31.576 D/KeyguardViewMediator(30833): setHidden false
02-07 23:12:31.576 D/KeyguardViewMediator(30833): setHidden false
02-07 23:12:31.586 D/KeyguardViewMediator(30833): setHidden false
02-07 23:12:31.606 D/KeyguardViewMediator(30833): setHidden false
02-07 23:12:31.616 D/KeyguardViewMediator(30833): setHidden false
02-07 23:12:31.636 D/KeyguardViewMediator(30833): setHidden false
02-07 23:12:31.656 D/KeyguardViewMediator(30833): setHidden false
02-07 23:12:31.666 D/KeyguardViewMediator(30833): setHidden false
02-07 23:12:31.686 D/KeyguardViewMediator(30833): setHidden false
02-07 23:12:31.706 D/KeyguardViewMediator(30833): setHidden false
02-07 23:12:31.716 D/KeyguardViewMediator(30833): setHidden false
02-07 23:12:31.736 D/KeyguardViewMediator(30833): setHidden false
02-07 23:12:31.756 D/KeyguardViewMediator(30833): setHidden false
02-07 23:12:32.607 D/PowerManagerService(30833): UnPartial  wakeLock  reactivate ,flags=0x6 tag=StayOnWhilePluggedIn Screen Dim
02-07 23:12:32.637 D/PowerManagerService(30833): UnPartial  wakeLock  reactivate ,flags=0x6 tag=StayOnWhilePluggedIn Screen Dim
02-07 23:12:32.657 D/Launcher(30911): onSaveInstanceState
02-07 23:12:32.657 D/Launcher(30911): Dissmis Preview for view :null ID:2131230735
02-07 23:12:32.657 D/Launcher(30911): Dissmis Preview for view :null ID:2131230736
02-07 23:12:32.657 D/Launcher(30911): Dissmis Preview for view :null ID:2131230739
02-07 23:12:32.657 D/Launcher(30911): Dissmis Preview for view :null ID:2131230741
02-07 23:12:32.677 D/KeyguardViewMediator(30833): setHidden false
02-07 23:12:32.677 I/hubo    (30833): Activity {com.android.settings/com.android.settings.applications.ManageApplications}
02-07 23:12:32.757 D/KeyguardViewMediator(30833): setHidden false
02-07 23:12:32.978 D/KeyguardViewMediator(30833): setHidden false
02-07 23:12:33.128 D/KeyguardViewMediator(30833): setHidden false
02-07 23:12:33.138 D/KeyguardViewMediator(30833): setHidden false
02-07 23:12:33.148 D/KeyguardViewMediator(30833): setHidden false
02-07 23:12:33.158 D/KeyguardViewMediator(30833): setHidden false
02-07 23:12:33.168 D/KeyguardViewMediator(30833): setHidden false
02-07 23:12:33.178 D/KeyguardViewMediator(30833): setHidden false
02-07 23:12:33.198 D/KeyguardViewMediator(30833): setHidden false
02-07 23:12:33.218 D/KeyguardViewMediator(30833): setHidden false
02-07 23:12:33.228 D/KeyguardViewMediator(30833): setHidden false
02-07 23:12:33.248 D/KeyguardViewMediator(30833): setHidden false
02-07 23:12:33.258 D/KeyguardViewMediator(30833): setHidden false
02-07 23:12:33.278 D/KeyguardViewMediator(30833): setHidden false
02-07 23:12:33.298 D/KeyguardViewMediator(30833): setHidden false
02-07 23:12:33.308 D/KeyguardViewMediator(30833): setHidden false
02-07 23:12:33.328 D/KeyguardViewMediator(30833): setHidden false
02-07 23:12:33.348 D/KeyguardViewMediator(30833): setHidden false
02-07 23:12:33.358 D/KeyguardViewMediator(30833): setHidden false
02-07 23:12:33.378 D/KeyguardViewMediator(30833): setHidden false
02-07 23:12:33.398 D/KeyguardViewMediator(30833): setHidden false
02-07 23:12:33.408 D/KeyguardViewMediator(30833): setHidden false
02-07 23:12:33.428 D/KeyguardViewMediator(30833): setHidden false
02-07 23:12:33.438 D/KeyguardViewMediator(30833): setHidden false
02-07 23:12:33.448 D/KeyguardViewMediator(30833): setHidden false
02-07 23:12:33.458 D/KeyguardViewMediator(30833): setHidden false
02-07 23:12:33.458 I/ActivityManager(30833): Displayed com.android.settings/.applications.ManageApplications: +803ms
02-07 23:12:36.301 D/PowerManagerService(30833): UnPartial  wakeLock  reactivate ,flags=0x6 tag=StayOnWhilePluggedIn Screen Dim
02-07 23:12:36.351 D/PowerManagerService(30833): UnPartial  wakeLock  reactivate ,flags=0x6 tag=StayOnWhilePluggedIn Screen Dim
02-07 23:12:39.384 D/PowerManagerService(30833): UnPartial  wakeLock  reactivate ,flags=0x6 tag=StayOnWhilePluggedIn Screen Dim
02-07 23:12:39.514 D/PowerManagerService(30833): UnPartial  wakeLock  reactivate ,flags=0x6 tag=StayOnWhilePluggedIn Screen Dim
02-07 23:12:39.594 D/KeyguardViewMediator(30833): setHidden false
02-07 23:12:39.594 I/hubo    (30833): Activity {com.android.settings/com.android.settings.applications.RunningServiceDetails}
02-07 23:12:39.734 D/KeyguardViewMediator(30833): setHidden false
02-07 23:12:39.804 D/Bitmap  ( 2887): Detect unrecycled bitmap.
02-07 23:12:39.804 D/Bitmap  ( 2887):       Size: 157440 Bytes, Width: 320 , Height: 123 , Hash code: 1079430648
02-07 23:12:39.804 D/Bitmap  ( 2887):  This bimap was created in:
02-07 23:12:39.804 D/Bitmap  ( 2887):       android.graphics.Bitmap.<init>(Bitmap.java:136)
02-07 23:12:39.804 D/Bitmap  ( 2887):       android.graphics.BitmapFactory.nativeDecodeAsset(Native Method)
02-07 23:12:39.804 D/Bitmap  ( 2887):       android.graphics.BitmapFactory.decodeStream(BitmapFactory.java:460)
02-07 23:12:39.804 D/Bitmap  ( 2887):       android.graphics.BitmapFactory.decodeResourceStream(BitmapFactory.java:336)
02-07 23:12:39.804 D/Bitmap  ( 2887):       android.graphics.drawable.Drawable.createFromResourceStream(Drawable.java:697)
02-07 23:12:39.804 D/Bitmap  ( 2887):       android.content.res.Resources.loadDrawable(Resources.java:1709)
02-07 23:12:39.804 D/Bitmap  ( 2887):       android.content.res.Resources.getDrawable(Resources.java:581)
02-07 23:12:39.804 D/Bitmap  ( 2887):       android.widget.AbsListView.setOverScrollMode(AbsListView.java:655)
02-07 23:12:39.804 D/Bitmap  ( 2887):       android.view.View.<init>(View.java:1879)
02-07 23:12:39.804 D/Bitmap  ( 2887):       android.view.View.<init>(View.java:1921)
02-07 23:12:39.804 D/Bitmap  ( 2887):       android.view.ViewGroup.<init>(ViewGroup.java:292)
02-07 23:12:39.804 D/Bitmap  ( 2887):       android.widget.AdapterView.<init>(AdapterView.java:228)
02-07 23:12:39.804 D/Bitmap  ( 2887):       android.widget.AbsListView.<init>(AbsListView.java:592)
02-07 23:12:39.804 D/Bitmap  ( 2887):       android.widget.ListView.<init>(ListView.java:163)
02-07 23:12:39.804 D/Bitmap  ( 2887):       android.widget.ListView.<init>(ListView.java:159)
02-07 23:12:39.804 D/Bitmap  ( 2887):       java.lang.reflect.Constructor.constructNative(Native Method)
02-07 23:12:39.804 D/Bitmap  ( 2887):       java.lang.reflect.Constructor.newInstance(Constructor.java:415)
02-07 23:12:39.804 D/Bitmap  ( 2887):       android.view.LayoutInflater.createView(LayoutInflater.java:505)
02-07 23:12:39.804 D/Bitmap  ( 2887):       com.android.internal.policy.impl.PhoneLayoutInflater.onCreateView(PhoneLayoutInflater.java:56)
02-07 23:12:39.804 D/Bitmap  ( 2887):       android.view.LayoutInflater.createViewFromTag(LayoutInflater.java:568)
02-07 23:12:39.804 D/Bitmap  ( 2887):       android.view.LayoutInflater.rInflate(LayoutInflater.java:623)
02-07 23:12:39.804 D/Bitmap  ( 2887):       android.view.LayoutInflater.rInflate(LayoutInflater.java:626)
02-07 23:12:39.804 D/Bitmap  ( 2887):       android.view.LayoutInflater.rInflate(LayoutInflater.java:626)
02-07 23:12:39.804 D/Bitmap  ( 2887):       android.view.LayoutInflater.inflate(LayoutInflater.java:408)
02-07 23:12:39.804 D/Bitmap  ( 2887):       android.view.LayoutInflater.inflate(LayoutInflater.java:320)
02-07 23:12:39.804 D/Bitmap  ( 2887):       android.view.LayoutInflater.inflate(LayoutInflater.java:276)
02-07 23:12:39.804 D/Bitmap  ( 2887):       com.android.settings.applications.ManageApplications.onCreate(ManageApplications.java:541)
02-07 23:12:39.804 D/Bitmap  ( 2887):       android.app.Instrumentation.callActivityOnCreate(Instrumentation.java:1047)
02-07 23:12:39.804 D/Bitmap  ( 2887):       android.app.ActivityThread.performLaunchActivity(ActivityThread.java:1632)
02-07 23:12:39.804 D/Bitmap  ( 2887):       android.app.ActivityThread.handleLaunchActivity(ActivityThread.java:1684)
02-07 23:12:39.804 D/Bitmap  ( 2887):       android.app.ActivityThread.access$1500(ActivityThread.java:123)
02-07 23:12:39.804 D/Bitmap  ( 2887):       android.app.ActivityThread$H.handleMessage(ActivityThread.java:948)
02-07 23:12:39.804 D/Bitmap  ( 2887):       android.os.Handler.dispatchMessage(Handler.java:99)
02-07 23:12:39.804 D/Bitmap  ( 2887):       android.os.Looper.loop(Looper.java:130)
02-07 23:12:39.804 D/Bitmap  ( 2887):       android.app.ActivityThread.main(ActivityThread.java:3704)
02-07 23:12:39.804 D/Bitmap  ( 2887):       java.lang.reflect.Method.invokeNative(Native Method)
02-07 23:12:39.804 D/Bitmap  ( 2887):       java.lang.reflect.Method.invoke(Method.java:507)
02-07 23:12:39.804 D/Bitmap  ( 2887):       com.android.internal.os.ZygoteInit$MethodAndArgsCaller.run(ZygoteInit.java:875)
02-07 23:12:39.804 D/Bitmap  ( 2887):       com.android.internal.os.ZygoteInit.main(ZygoteInit.java:633)
02-07 23:12:39.804 D/Bitmap  ( 2887):       dalvik.system.NativeStart.main(Native Method)
02-07 23:12:39.804 D/Bitmap  ( 2887): _
02-07 23:12:39.824 D/KeyguardViewMediator(30833): setHidden false
02-07 23:12:39.824 D/KeyguardViewMediator(30833): setHidden false
02-07 23:12:39.854 D/KeyguardViewMediator(30833): setHidden false
02-07 23:12:39.864 D/KeyguardViewMediator(30833): setHidden false
02-07 23:12:39.874 D/KeyguardViewMediator(30833): setHidden false
02-07 23:12:39.884 D/KeyguardViewMediator(30833): setHidden false
02-07 23:12:39.904 D/KeyguardViewMediator(30833): setHidden false
02-07 23:12:39.924 D/KeyguardViewMediator(30833): setHidden false
02-07 23:12:39.934 D/KeyguardViewMediator(30833): setHidden false
02-07 23:12:39.954 D/KeyguardViewMediator(30833): setHidden false
02-07 23:12:39.964 D/KeyguardViewMediator(30833): setHidden false
02-07 23:12:39.984 D/KeyguardViewMediator(30833): setHidden false
02-07 23:12:39.994 I/ActivityManager(30833): Displayed com.android.settings/.applications.RunningServiceDetails: +412ms
02-07 23:12:40.004 D/KeyguardViewMediator(30833): setHidden false
02-07 23:12:40.945 D/PowerManagerService(30833): UnPartial  wakeLock  reactivate ,flags=0x6 tag=StayOnWhilePluggedIn Screen Dim
02-07 23:12:41.256 D/PowerManagerService(30833): UnPartial  wakeLock  reactivate ,flags=0x6 tag=StayOnWhilePluggedIn Screen Dim
02-07 23:12:41.476 D/PowerManagerService(30833): UnPartial  wakeLock  reactivate ,flags=0x6 tag=StayOnWhilePluggedIn Screen Dim
02-07 23:12:42.507 D/PowerManagerService(30833): UnPartial  wakeLock  reactivate ,flags=0x6 tag=StayOnWhilePluggedIn Screen Dim
02-07 23:12:42.587 D/PowerManagerService(30833): UnPartial  wakeLock  reactivate ,flags=0x6 tag=StayOnWhilePluggedIn Screen Dim
02-07 23:12:42.607 D/KeyguardViewMediator(30833): setHidden false
02-07 23:12:42.617 I/hubo    (30833): Activity {com.android.settings/com.android.settings.applications.ManageApplications}
02-07 23:12:42.647 D/KeyguardViewMediator(30833): setHidden false
02-07 23:12:42.777 D/KeyguardViewMediator(30833): setHidden false
02-07 23:12:42.787 D/KeyguardViewMediator(30833): setHidden false
02-07 23:12:42.787 D/KeyguardViewMediator(30833): setHidden false
02-07 23:12:42.797 D/KeyguardViewMediator(30833): setHidden false
02-07 23:12:42.807 D/KeyguardViewMediator(30833): setHidden false
02-07 23:12:42.827 D/KeyguardViewMediator(30833): setHidden false
02-07 23:12:42.837 D/KeyguardViewMediator(30833): setHidden false
02-07 23:12:42.857 D/KeyguardViewMediator(30833): setHidden false
02-07 23:12:42.877 D/KeyguardViewMediator(30833): setHidden false
02-07 23:12:42.887 D/KeyguardViewMediator(30833): setHidden false
02-07 23:12:42.907 D/KeyguardViewMediator(30833): setHidden false
02-07 23:12:42.917 D/KeyguardViewMediator(30833): setHidden false
02-07 23:12:42.937 D/KeyguardViewMediator(30833): setHidden false
02-07 23:12:42.957 D/KeyguardViewMediator(30833): setHidden false
02-07 23:12:42.967 D/KeyguardViewMediator(30833): setHidden false
02-07 23:12:42.977 D/KeyguardViewMediator(30833): setHidden false
02-07 23:12:45.300 D/PowerManagerService(30833): UnPartial  wakeLock  reactivate ,flags=0x6 tag=StayOnWhilePluggedIn Screen Dim
