02-07 22:59:40.930 E/ContactsProvider(30972): 101123 isCallerRegisterNeedSIMProc callerPid:30936, acorePid:30972
02-07 22:59:40.940 I/ContactsProvider(30972): query isCallerRegistered= false
02-07 22:59:40.940 I/ContactsProvider(30972): query forOnlyOneContactString= 0
02-07 22:59:40.960 I/ContactsProvider(30972): query: content://com.android.contacts/data?account_name=decidel%40gmail.com&account_type=com.google&caller_is_syncadapter=true
02-07 22:59:40.960 E/ContactsProvider(30972): 101123 isCallerRegisterNeedSIMProc callerPid:30936, acorePid:30972
02-07 22:59:40.960 I/ContactsProvider(30972): query isCallerRegistered= false
02-07 22:59:40.970 I/ContactsProvider(30972): query forOnlyOneContactString= 0
02-07 22:59:40.970 D/ContactsProvider(30972):  query CONTACTS MODE_ID=PHONE_UNLOCK
02-07 22:59:40.990 D/PowerManagerService(30833): releaseWakeLock flags=0x1 tag=*sync*
02-07 22:59:40.990 D/PowerManagerService(30833):  ALL PARTIAL wakeLock Released ! 
02-07 23:00:09.500 D/PowerManagerService(30833): acquireWakeLock flags=0x1 tag=AlarmManager
02-07 23:00:09.500 D/KeyguardUpdateMonitor(30833): received broadcast android.intent.action.TIME_TICK
02-07 23:00:09.500 D/KeyguardUpdateMonitor(30833): handleTimeUpdate
02-07 23:00:09.520 D/PowerManagerService(30833): releaseWakeLock flags=0x1 tag=AlarmManager
02-07 23:00:09.530 D/PowerManagerService(30833):  ALL PARTIAL wakeLock Released ! 
02-07 23:00:09.660 W/AlarmManager(30833): +++Alarm  wakeup phone ,pkg=android
02-07 23:00:09.660 D/PowerManagerService(30833): acquireWakeLock flags=0x1 tag=AlarmManager
02-07 23:00:09.670 D/PowerManagerService(30833): acquireWakeLock flags=0x1 tag=SyncManagerHandleSyncAlarm
02-07 23:00:09.670 W/AlarmManager(30833): +++alarm onSendFinished ,action=android.content.syncmanager.SYNC_ALARM
02-07 23:00:09.670 D/PowerManagerService(30833): releaseWakeLock flags=0x1 tag=AlarmManager
02-07 23:00:09.670 D/PowerManagerService(30833): releaseWakeLock flags=0x1 tag=SyncManagerHandleSyncAlarm
02-07 23:00:09.670 D/PowerManagerService(30833):  ALL PARTIAL wakeLock Released ! 
02-07 23:00:09.670 D/AlarmManager(30833): +++Alarm set:type=2 android  Trigger after:29018984ms
02-07 23:00:26.570 I/dun_service(  123): The value returned from dun_getusbmodemstate_fromsys is 2 
02-07 23:00:26.570 I/dun_service(  123): The value returned from dun_getusbmodemstate_fromsys is 2 
02-07 23:00:26.610 D/PowerManagerService(30833): acquireWakeLock flags=0x6 tag=StayOnWhilePluggedIn Screen Dim
02-07 23:00:26.610 D/PowerManagerService(30833): acquireWakeLock flags=0x1 tag=StayOnWhilePluggedIn Partial
02-07 23:00:26.610 D/PowerManagerService(30833): UnPartial  wakeLock  reactivate ,flags=0x6 tag=StayOnWhilePluggedIn Screen Dim
02-07 23:00:26.610 D/PowerManagerService(30833): setPowerState: mPowerState=0x0 newState=0x3 noChangeLights=false reason=2
02-07 23:00:26.620 D/KeyguardViewMediator(30833): onScreenTurnedOn, seq = 17
02-07 23:00:26.620 D/KeyguardViewMediator(30833): notifyScreenOnLocked
02-07 23:00:26.620 E/Sensors (30833): [HAL]ready to call enable(Accelerometer,1),AAAAAAAA
02-07 23:00:26.620 E/Sensors (30833): [HAL]mEnabled = 0;ready to open /dev/akm8962_aot
02-07 23:00:26.620 E/Sensors (30833): [HAL]ECS_IOCTL_APP_SET_AFLAG 	success,flags = 1
02-07 23:00:26.620 E/Sensors (30833): [HAL]After {mEnabled &= ~(1<<what)},mEnabled = 0
02-07 23:00:26.620 E/Sensors (30833): [HAL]After {(newState)<<what)},mEnabled = 1
02-07 23:00:26.620 D/KeyguardViewMediator(30833): handleNotifyScreenOn
02-07 23:00:26.620 I/LockPatternKeyguardView(30833): updateLockscreenBackground
02-07 23:00:26.620 I/LockPatternKeyguardView(30833): setBackgroundDrawable
02-07 23:00:26.620 I/LockPatternKeyguardView(30833): file not found: etc/customize/default_lockscreen
02-07 23:00:26.620 D/LockScreen(30833): updateLayout: status=Normalsubscription=0
02-07 23:00:26.620 D/LockScreen(30833): Updating Lock Screen text to Ruim
02-07 23:00:26.630 D/KeyguardUpdateMonitor(30833): received broadcast android.intent.action.BATTERY_CHANGED
02-07 23:00:26.630 E/lights  (30833):   g_haveAmberLed=0
02-07 23:00:26.630 E/lights  (30833):   red=255
02-07 23:00:26.630 E/lights  (30833):   green=255
02-07 23:00:26.630 E/lights  (30833):   blink=0
02-07 23:00:26.650 D/KeyguardUpdateMonitor(30833): handleBatteryUpdate
02-07 23:00:26.650 D/LockScreen(30833): onRefreshBatteryInfo(true, true)
02-07 23:00:26.680 D/Warhol  (30911): A pack appears to be installed -- skipping Installer
02-07 23:00:26.680 D/KeyguardViewMediator(30833): setHidden false
02-07 23:00:26.690 D/KeyguardViewMediator(30833): setHidden false
02-07 23:00:26.700 D/KeyguardViewMediator(30833): setHidden false
02-07 23:00:26.710 I/hubo    (30833): Activity {com.android.launcher/com.android.launcher2.Launcher}
02-07 23:00:26.750 I/DATA    (30905): [DCT(0) ] intent received :android.intent.action.SCREEN_ON
02-07 23:00:26.760 D/DATA    (30905): [DSST(0)] pollstate() : reason = data network state changed
02-07 23:00:26.780 D/PicasaSyncManager(31437): battery info: true
02-07 23:00:26.810 E/JavaBinder(30833): Transact on 0x518230 in Java object 0x40698ba8 with code 1 failed
02-07 23:00:26.830 D/MobileDataStateTracker(30833): [hipri]  MobileDataStateReceiver onReceive(): Entry.
02-07 23:00:26.830 D/MobileDataStateTracker(30833): [hipri]  intent.getAction()= android.intent.action.SERVICE_STATE
02-07 23:00:26.830 D/MobileDataStateTracker(30833): [hipri]  mEnabled = false
02-07 23:00:26.830 D/MobileDataStateTracker(30833): [dun]  MobileDataStateReceiver onReceive(): Entry.
02-07 23:00:26.830 D/MobileDataStateTracker(30833): [dun]  intent.getAction()= android.intent.action.SERVICE_STATE
02-07 23:00:26.830 D/MobileDataStateTracker(30833): [dun]  mEnabled = false
02-07 23:00:26.830 D/MobileDataStateTracker(30833): [supl]  MobileDataStateReceiver onReceive(): Entry.
02-07 23:00:26.830 D/MobileDataStateTracker(30833): [supl]  intent.getAction()= android.intent.action.SERVICE_STATE
02-07 23:00:26.830 D/MobileDataStateTracker(30833): [supl]  mEnabled = false
02-07 23:00:26.840 D/MobileDataStateTracker(30833): [mms]  MobileDataStateReceiver onReceive(): Entry.
02-07 23:00:26.840 D/MobileDataStateTracker(30833): [mms]  intent.getAction()= android.intent.action.SERVICE_STATE
02-07 23:00:26.840 D/MobileDataStateTracker(30833): [mms]  mEnabled = false
02-07 23:00:26.840 D/MobileDataStateTracker(30833): [default]  MobileDataStateReceiver onReceive(): Entry.
02-07 23:00:26.840 D/MobileDataStateTracker(30833): [default]  intent.getAction()= android.intent.action.SERVICE_STATE
02-07 23:00:26.840 D/MobileDataStateTracker(30833): [default]  mEnabled = true
02-07 23:00:26.840 D/CallManager(30905):  handleMessage (EVENT_SERVICE_STATE_CHANGED)
02-07 23:00:26.840 E/BT HS/HF(30905): SERVICE_STATE_CHANGED called
02-07 23:00:26.840 E/BT HS/HF(30905): updateServiceState called, sendUpdate:false  ServiceState:0 home Sprint  310099  EvDo rev. A CSS not supported 41 4139RoamInd: 1RoamStatus(sprint): 1DefRoamInd: 160EmergOnly: false
02-07 23:00:26.840 E/BT HS/HF(30905): service:1 mService:1
02-07 23:00:26.840 D/DATA    (30905): [DSST(0)]  registrationState = 1  radioTechnology = 8 reasonForDenial = 0
02-07 23:00:26.840 D/DATA    (30905): [DSST(0)]  set mNewDataConnectionState = 0
02-07 23:00:26.840 D/DATA    (30905): [DSST(0)]  mNewDataConnectionState : 0  mDataConnectionState : 0
02-07 23:00:26.840 D/DATA    (30905): [DSST(0)] Poll ServiceState done: oldSS=[0 home null null null  EvDo rev. A CSS not supported -1 -1RoamInd: -1RoamStatus(sprint): -1DefRoamInd: -1EmergOnly: false] newSS=[0 home null null null  EvDo rev. A CSS not supported -1 -1RoamInd: -1RoamStatus(sprint): -1DefRoamInd: -1EmergOnly: false]
02-07 23:00:26.840 D/DATA    (30905): [DSST(0)]  mDataConnectionState = 0
02-07 23:00:27.130 D/PicasaSyncManager(31437): reject MetadataSyncTask (decidel@gmail.com) for wifi connection
02-07 23:00:27.140 D/PicasaSyncManager(31437): reject MetadataSyncTask (decidel@gmail.com) for wifi connection
02-07 23:00:29.332 D/PowerManagerService(30833): Go to sleep-->
02-07 23:00:29.332 D/PowerManagerService(30833): setPowerState: mPowerState=0x3 newState=0x0 noChangeLights=false reason=2
02-07 23:00:29.572 D/PowerManagerService(30833): acquireWakeLock flags=0x1 tag=sleep_broadcast
02-07 23:00:29.572 D/PowerManagerService(30833): Go to standby ,PARTIAL_WAKE_LOCK tag = StayOnWhilePluggedIn Partial
02-07 23:00:29.582 D/PowerManagerService(30833): Go to standby ,PARTIAL_WAKE_LOCK tag = sleep_broadcast
02-07 23:00:29.582 D/KeyguardViewMediator(30833): onScreenTurnedOff(2)
02-07 23:00:29.582 D/KeyguardViewMediator(30833): notifyScreenOffLocked
02-07 23:00:29.582 D/KeyguardViewMediator(30833): resetStateLocked
02-07 23:00:29.582 E/Sensors (30833): [HAL]ready to call enable(Accelerometer,0),AAAAAAAA
02-07 23:00:29.582 E/Sensors (30833): [HAL]ECS_IOCTL_APP_SET_AFLAG 	success,flags = 0
02-07 23:00:29.582 E/Sensors (30833): [HAL]After {mEnabled &= ~(1<<what)},mEnabled = 0
02-07 23:00:29.582 E/Sensors (30833): [HAL]After {(newState)<<what)},mEnabled = 0
02-07 23:00:29.582 E/Sensors (30833): [HAL]Closed /dev/akm8962_aot in enable(Accelerometer,0),mEnable = 0
02-07 23:00:29.582 D/KeyguardViewMediator(30833): handleNotifyScreenOff
02-07 23:00:29.582 D/KeyguardViewMediator(30833): handleReset
02-07 23:00:29.602 D/PowerManagerService(30833): acquireWakeLock flags=0x1 tag=ActivityManager-Sleep
02-07 23:00:29.622 D/Launcher(30911): onSaveInstanceState
02-07 23:00:29.622 D/Launcher(30911): Dissmis Preview for view :null ID:2131230735
02-07 23:00:29.622 D/Launcher(30911): Dissmis Preview for view :null ID:2131230736
02-07 23:00:29.622 D/Launcher(30911): Dissmis Preview for view :null ID:2131230739
02-07 23:00:29.622 D/Launcher(30911): Dissmis Preview for view :null ID:2131230741
02-07 23:00:29.632 D/KeyguardViewMediator(30833): setHidden false
02-07 23:00:29.662 D/PowerManagerService(30833): releaseWakeLock flags=0x1 tag=ActivityManager-Sleep
02-07 23:00:29.662 D/PowerManagerService(30833): acquireWakeLock flags=0x1 tag=RILJ
02-07 23:00:29.672 I/DATA    (30905): [DCT(0) ] intent received :android.intent.action.SCREEN_OFF
02-07 23:00:29.672 D/PowerManagerService(30833): releaseWakeLock flags=0x1 tag=RILJ
02-07 23:00:29.682 D/PowerManagerService(30833): releaseWakeLock flags=0x1 tag=sleep_broadcast
02-07 23:00:42.104 I/dun_service(  123): The value returned from dun_getusbmodemstate_fromsys is 2 
02-07 23:00:42.114 D/KeyguardUpdateMonitor(30833): received broadcast android.intent.action.BATTERY_CHANGED
02-07 23:00:42.114 D/KeyguardUpdateMonitor(30833): handleBatteryUpdate
02-07 23:00:59.611 D/PowerManagerService(30833): acquireWakeLock flags=0x1 tag=GTALK_CONN
02-07 23:00:59.621 D/AlarmManager(30833): +++Alarm set:type=2 com.google.android.gsf  Trigger after:1679996ms
02-07 23:00:59.711 D/PowerManagerService(30833): releaseWakeLock flags=0x1 tag=GTALK_CONN
02-07 23:00:59.721 D/PowerManagerService(30833): acquireWakeLock flags=0x1 tag=GTALK_CONN
02-07 23:00:59.731 D/PowerManagerService(30833): acquireWakeLock flags=0x1 tag=GOOGLE_C2DM
02-07 23:00:59.761 D/PowerManagerService(30833): releaseWakeLock flags=0x1 tag=GTALK_CONN
02-07 23:01:00.002 D/PowerManagerService(30833): acquireWakeLock flags=0x1 tag=AlarmManager
02-07 23:01:00.542 D/GoogleVoice(31602): A notification tickle arrived.
02-07 23:01:00.542 D/PowerManagerService(30833): acquireWakeLock flags=0x1 tag=com.google.android.apps.googlevoice.UpdateService
02-07 23:01:00.552 D/PowerManagerService(30833): releaseWakeLock flags=0x1 tag=GOOGLE_C2DM
02-07 23:01:00.552 D/KeyguardUpdateMonitor(30833): received broadcast android.intent.action.TIME_TICK
02-07 23:01:00.552 D/KeyguardUpdateMonitor(30833): handleTimeUpdate
02-07 23:01:00.582 D/PowerManagerService(30833): releaseWakeLock flags=0x1 tag=AlarmManager
02-07 23:01:00.592 D/PowerManagerService(30833): releaseWakeLock flags=0x1 tag=com.google.android.apps.googlevoice.UpdateService
02-07 23:01:04.566 D/PowerManagerService(30833): acquireWakeLock flags=0x1 tag=AlarmManager
02-07 23:01:04.596 D/PowerManagerService(30833): releaseWakeLock flags=0x1 tag=AlarmManager
02-07 23:01:17.699 E/rmt_storage(  159): [MyTag]open: fd=-1
02-07 23:01:17.699 E/rmt_storage(  159): block rmt_storage client thread
02-07 23:01:34.065 D/PowerManagerService(30833): acquireWakeLock flags=0x1 tag=GTALK_CONN
02-07 23:01:34.075 D/AlarmManager(30833): +++Alarm set:type=2 com.google.android.gsf  Trigger after:1679998ms
02-07 23:01:34.085 D/PowerManagerService(30833): releaseWakeLock flags=0x1 tag=GTALK_CONN
02-07 23:01:34.105 D/PowerManagerService(30833): acquireWakeLock flags=0x1 tag=GTALK_CONN
02-07 23:01:34.115 E/TalkProvider(30936): replaceContactWithContactId: contactId==0!!! decidel@gmail.com, acct=1
02-07 23:01:34.115 E/TalkProvider(30936): insert presence failed for account=1 username=decidel@gmail.com client_type=0 status= cap=0 priority=0 mode=5
02-07 23:01:34.145 D/PowerManagerService(30833): releaseWakeLock flags=0x1 tag=GTALK_CONN
02-07 23:01:34.315 D/PowerManagerService(30833): acquireWakeLock flags=0x1 tag=GTALK_CONN
02-07 23:01:34.315 D/AlarmManager(30833): +++Alarm set:type=2 com.google.android.gsf  Trigger after:1680000ms
02-07 23:01:34.445 D/PowerManagerService(30833): releaseWakeLock flags=0x1 tag=GTALK_CONN
02-07 23:01:34.455 D/PowerManagerService(30833): acquireWakeLock flags=0x1 tag=GTALK_CONN
02-07 23:01:34.465 D/PowerManagerService(30833): releaseWakeLock flags=0x1 tag=GTALK_CONN
02-07 23:01:34.465 D/PowerManagerService(30833): acquireWakeLock flags=0x1 tag=GTALK_CONN
02-07 23:01:34.475 D/AlarmManager(30833): +++Alarm set:type=2 com.google.android.gsf  Trigger after:1679997ms
02-07 23:01:34.485 D/PowerManagerService(30833): releaseWakeLock flags=0x1 tag=GTALK_CONN
02-07 23:01:34.495 D/PowerManagerService(30833): acquireWakeLock flags=0x1 tag=GTALK_CONN
02-07 23:01:34.515 E/TalkProvider(30936): replaceContactWithContactId: contactId==0!!! decidel@gmail.com, acct=1
02-07 23:01:34.515 E/TalkProvider(30936): insert presence failed for account=1 username=decidel@gmail.com client_type=0 status= cap=0 priority=0 mode=5
02-07 23:01:34.565 D/PowerManagerService(30833): releaseWakeLock flags=0x1 tag=GTALK_CONN
02-07 23:01:54.505 D/PowerManagerService(30833): acquireWakeLock flags=0x1 tag=GTALK_CONN
02-07 23:01:54.515 D/AlarmManager(30833): +++Alarm set:type=2 com.google.android.gsf  Trigger after:1679998ms
02-07 23:01:54.535 D/PowerManagerService(30833): releaseWakeLock flags=0x1 tag=GTALK_CONN
02-07 23:01:54.535 D/PowerManagerService(30833): acquireWakeLock flags=0x1 tag=GTALK_CONN
02-07 23:01:54.545 D/PowerManagerService(30833): releaseWakeLock flags=0x1 tag=GTALK_CONN
02-07 23:02:00.010 D/PowerManagerService(30833): acquireWakeLock flags=0x1 tag=AlarmManager
02-07 23:02:00.020 D/KeyguardUpdateMonitor(30833): received broadcast android.intent.action.TIME_TICK
02-07 23:02:00.020 D/KeyguardUpdateMonitor(30833): handleTimeUpdate
02-07 23:02:00.070 D/PowerManagerService(30833): releaseWakeLock flags=0x1 tag=AlarmManager
02-07 23:02:26.106 I/dun_service(  123): The value returned from dun_getusbmodemstate_fromsys is 2 
02-07 23:02:26.136 D/KeyguardUpdateMonitor(30833): received broadcast android.intent.action.BATTERY_CHANGED
02-07 23:02:26.136 D/KeyguardUpdateMonitor(30833): handleBatteryUpdate
02-07 23:02:51.050 E/rmt_storage(  159): [MyTag]open: fd=-1
02-07 23:02:51.050 E/rmt_storage(  159): block rmt_storage client thread
02-07 23:03:00.009 D/PowerManagerService(30833): acquireWakeLock flags=0x1 tag=AlarmManager
02-07 23:03:00.029 D/KeyguardUpdateMonitor(30833): received broadcast android.intent.action.TIME_TICK
02-07 23:03:00.029 D/KeyguardUpdateMonitor(30833): handleTimeUpdate
02-07 23:03:00.069 D/PowerManagerService(30833): releaseWakeLock flags=0x1 tag=AlarmManager
02-07 23:04:00.007 D/PowerManagerService(30833): acquireWakeLock flags=0x1 tag=AlarmManager
02-07 23:04:00.017 D/KeyguardUpdateMonitor(30833): received broadcast android.intent.action.TIME_TICK
02-07 23:04:00.017 D/KeyguardUpdateMonitor(30833): handleTimeUpdate
02-07 23:04:00.077 D/PowerManagerService(30833): releaseWakeLock flags=0x1 tag=AlarmManager
02-07 23:04:22.689 E/rmt_storage(  159): [MyTag]open: fd=-1
02-07 23:04:22.689 E/rmt_storage(  159): block rmt_storage client thread
02-07 23:05:00.016 D/PowerManagerService(30833): acquireWakeLock flags=0x1 tag=AlarmManager
02-07 23:05:00.026 D/KeyguardUpdateMonitor(30833): received broadcast android.intent.action.TIME_TICK
02-07 23:05:00.026 D/KeyguardUpdateMonitor(30833): handleTimeUpdate
02-07 23:05:00.086 D/PowerManagerService(30833): releaseWakeLock flags=0x1 tag=AlarmManager
02-07 23:05:00.176 D/Bitmap  (30833): Detect unrecycled bitmap.
02-07 23:05:00.176 D/Bitmap  (30833):       Size: 39744 Bytes, Width: 108 , Height: 92 , Hash code: 1082894504
02-07 23:05:00.176 D/Bitmap  (30833):  This bimap was created in:
02-07 23:05:00.176 D/Bitmap  (30833):       android.graphics.Bitmap.<init>(Bitmap.java:136)
02-07 23:05:00.176 D/Bitmap  (30833):       android.graphics.BitmapFactory.nativeDecodeAsset(Native Method)
02-07 23:05:00.176 D/Bitmap  (30833):       android.graphics.BitmapFactory.decodeStream(BitmapFactory.java:460)
02-07 23:05:00.176 D/Bitmap  (30833):       android.graphics.BitmapFactory.decodeResourceStream(BitmapFactory.java:336)
02-07 23:05:00.176 D/Bitmap  (30833):       android.graphics.drawable.Drawable.createFromResourceStream(Drawable.java:697)
02-07 23:05:00.176 D/Bitmap  (30833):       android.content.res.Resources.loadDrawable(Resources.java:1709)
02-07 23:05:00.176 D/Bitmap  (30833):       android.content.res.Resources.getDrawable(Resources.java:581)
02-07 23:05:00.176 D/Bitmap  (30833):       android.graphics.drawable.StateListDrawable.inflate(StateListDrawable.java:162)
02-07 23:05:00.176 D/Bitmap  (30833):       android.graphics.drawable.Drawable.createFromXmlInner(Drawable.java:787)
02-07 23:05:00.176 D/Bitmap  (30833):       android.graphics.drawable.Drawable.createFromXml(Drawable.java:728)
02-07 23:05:00.176 D/Bitmap  (30833):       android.content.res.Resources.loadDrawable(Resources.java:1694)
02-07 23:05:00.176 D/Bitmap  (30833):       android.content.res.Resources.getDrawable(Resources.java:581)
02-07 23:05:00.176 D/Bitmap  (30833):       android.view.View.setBackgroundResource(View.java:7533)
02-07 23:05:00.176 D/Bitmap  (30833):       com.android.internal.widget.SlidingTab$Slider.<init>(SlidingTab.java:192)
02-07 23:05:00.176 D/Bitmap  (30833):       com.android.internal.widget.SlidingTab.<init>(SlidingTab.java:458)
02-07 23:05:00.176 D/Bitmap  (30833):       java.lang.reflect.Constructor.constructNative(Native Method)
02-07 23:05:00.176 D/Bitmap  (30833):       java.lang.reflect.Constructor.newInstance(Constructor.java:415)
02-07 23:05:00.176 D/Bitmap  (30833):       android.view.LayoutInflater.createView(LayoutInflater.java:505)
02-07 23:05:00.176 D/Bitmap  (30833):       android.view.LayoutInflater.createViewFromTag(LayoutInflater.java:570)
02-07 23:05:00.176 D/Bitmap  (30833):       android.view.LayoutInflater.rInflate(LayoutInflater.java:623)
02-07 23:05:00.176 D/Bitmap  (30833):       android.view.LayoutInflater.inflate(LayoutInflater.java:408)
02-07 23:05:00.176 D/Bitmap  (30833):       android.view.LayoutInflater.inflate(LayoutInflater.java:320)
02-07 23:05:00.176 D/Bitmap  (30833):       com.android.internal.policy.impl.LockScreen.<init>(LockScreen.java:328)
02-07 23:05:00.186 D/Bitmap  (30833):       com.android.internal.policy.impl.LockPatternKeyguardView.createLockScreen(LockPatternKeyguardView.java:821)
02-07 23:05:00.186 D/Bitmap  (30833):       com.android.internal.policy.impl.LockPatternKeyguardView.<init>(LockPatternKeyguardView.java:429)
02-07 23:05:00.186 D/Bitmap  (30833):       com.android.internal.policy.impl.LockPatternKeyguardViewProperties.createKeyguardView(LockPatternKeyguardViewProperties.java:49)
02-07 23:05:00.186 D/Bitmap  (30833):       com.android.internal.policy.impl.KeyguardViewManager.show(KeyguardViewManager.java:125)
02-07 23:05:00.186 D/Bitmap  (30833):       com.android.internal.policy.impl.KeyguardViewMediator.handleShow(KeyguardViewMediator.java:1064)
02-07 23:05:00.186 D/Bitmap  (30833):       com.android.internal.policy.impl.KeyguardViewMediator.access$700(KeyguardViewMediator.java:103)
02-07 23:05:00.186 D/Bitmap  (30833):       com.android.internal.policy.impl.KeyguardViewMediator$2.handleMessage(KeyguardViewMediator.java:931)
02-07 23:05:00.186 D/Bitmap  (30833):       android.os.Handler.dispatchMessage(Handler.java:99)
02-07 23:05:00.186 D/Bitmap  (30833):       android.os.Looper.loop(Looper.java:130)
02-07 23:05:00.186 D/Bitmap  (30833):       com.android.server.WindowManagerService$PolicyThread.run(WindowManagerService.java:613)
02-07 23:05:00.186 D/Bitmap  (30833): _
02-07 23:05:55.290 E/rmt_storage(  159): [MyTag]open: fd=-1
02-07 23:05:55.290 E/rmt_storage(  159): block rmt_storage client thread
02-07 23:06:00.014 D/PowerManagerService(30833): acquireWakeLock flags=0x1 tag=AlarmManager
02-07 23:06:00.034 D/KeyguardUpdateMonitor(30833): received broadcast android.intent.action.TIME_TICK
02-07 23:06:00.034 D/KeyguardUpdateMonitor(30833): handleTimeUpdate
02-07 23:06:00.074 D/PowerManagerService(30833): releaseWakeLock flags=0x1 tag=AlarmManager
02-07 23:06:56.099 I/dun_service(  123): The value returned from dun_getusbmodemstate_fromsys is 2 
02-07 23:06:56.129 D/KeyguardUpdateMonitor(30833): received broadcast android.intent.action.BATTERY_CHANGED
02-07 23:06:56.129 D/KeyguardUpdateMonitor(30833): handleBatteryUpdate
02-07 23:06:56.129 D/LockScreen(30833): onRefreshBatteryInfo(true, true)
02-07 23:07:00.013 D/PowerManagerService(30833): acquireWakeLock flags=0x1 tag=AlarmManager
02-07 23:07:00.033 D/KeyguardUpdateMonitor(30833): received broadcast android.intent.action.TIME_TICK
02-07 23:07:00.033 D/KeyguardUpdateMonitor(30833): handleTimeUpdate
02-07 23:07:00.073 D/PowerManagerService(30833): releaseWakeLock flags=0x1 tag=AlarmManager
02-07 23:07:27.369 E/rmt_storage(  159): [MyTag]open: fd=-1
02-07 23:07:27.369 E/rmt_storage(  159): block rmt_storage client thread
02-07 23:08:00.011 D/PowerManagerService(30833): acquireWakeLock flags=0x1 tag=AlarmManager
02-07 23:08:00.031 D/KeyguardUpdateMonitor(30833): received broadcast android.intent.action.TIME_TICK
02-07 23:08:00.031 D/KeyguardUpdateMonitor(30833): handleTimeUpdate
02-07 23:08:00.071 D/PowerManagerService(30833): releaseWakeLock flags=0x1 tag=AlarmManager
02-07 23:08:08.299 D/KeyguardViewMediator(30833):  onWakeKeyWhenKeyguardShowing(26)
02-07 23:08:08.299 D/KeyguardViewMediator(30833): wakeWhenReadyLocked(26)
02-07 23:08:08.299 D/PowerManagerService(30833): acquireWakeLock flags=0x1 tag=keyguardWakeAndHandOff
02-07 23:08:08.299 D/LockPatternKeyguardView(30833): onWakeKey
02-07 23:08:08.299 D/LockPatternKeyguardView(30833): poking wake lock immediately
02-07 23:08:08.299 D/PowerManagerService(30833): acquireWakeLock flags=0x1000001a tag=keyguard
02-07 23:08:08.299 D/PowerManagerService(30833): UnPartial  wakeLock  reactivate ,flags=0x6 tag=StayOnWhilePluggedIn Screen Dim
02-07 23:08:08.299 D/PowerManagerService(30833): UnPartial  wakeLock  reactivate ,flags=0x1000001a tag=keyguard
02-07 23:08:08.309 D/PowerManagerService(30833): setPowerState: mPowerState=0x0 newState=0x3 noChangeLights=false reason=3
02-07 23:08:08.329 D/KeyguardViewMediator(30833): onScreenTurnedOn, seq = 18
02-07 23:08:08.329 D/KeyguardViewMediator(30833): notifyScreenOnLocked
02-07 23:08:08.329 E/Sensors (30833): [HAL]ready to call enable(Accelerometer,1),AAAAAAAA
02-07 23:08:08.329 E/Sensors (30833): [HAL]mEnabled = 0;ready to open /dev/akm8962_aot
02-07 23:08:08.329 E/Sensors (30833): [HAL]ECS_IOCTL_APP_SET_AFLAG 	success,flags = 1
02-07 23:08:08.329 E/Sensors (30833): [HAL]After {mEnabled &= ~(1<<what)},mEnabled = 0
02-07 23:08:08.329 E/Sensors (30833): [HAL]After {(newState)<<what)},mEnabled = 1
02-07 23:08:08.339 D/KeyguardViewMediator(30833): handleNotifyScreenOn
02-07 23:08:08.339 I/LockPatternKeyguardView(30833): updateLockscreenBackground
02-07 23:08:08.339 I/LockPatternKeyguardView(30833): setBackgroundDrawable
02-07 23:08:08.339 I/LockPatternKeyguardView(30833): file not found: etc/customize/default_lockscreen
02-07 23:08:08.339 D/LockScreen(30833): updateLayout: status=Normalsubscription=0
02-07 23:08:08.339 D/LockScreen(30833): Updating Lock Screen text to Ruim
02-07 23:08:08.349 D/Warhol  (30911): A pack appears to be installed -- skipping Installer
02-07 23:08:08.359 D/KeyguardViewMediator(30833): setHidden false
02-07 23:08:08.359 D/KeyguardViewMediator(30833): setHidden false
02-07 23:08:08.359 I/hubo    (30833): Activity {com.android.launcher/com.android.launcher2.Launcher}
02-07 23:08:08.379 I/DATA    (30905): [DCT(0) ] intent received :android.intent.action.SCREEN_ON
02-07 23:08:08.410 D/DATA    (30905): [DSST(0)] pollstate() : reason = data network state changed
02-07 23:08:08.440 D/MobileDataStateTracker(30833): [hipri]  MobileDataStateReceiver onReceive(): Entry.
02-07 23:08:08.440 D/MobileDataStateTracker(30833): [hipri]  intent.getAction()= android.intent.action.SERVICE_STATE
02-07 23:08:08.440 D/MobileDataStateTracker(30833): [hipri]  mEnabled = false
02-07 23:08:08.450 D/MobileDataStateTracker(30833): [dun]  MobileDataStateReceiver onReceive(): Entry.
02-07 23:08:08.450 D/MobileDataStateTracker(30833): [dun]  intent.getAction()= android.intent.action.SERVICE_STATE
02-07 23:08:08.450 D/MobileDataStateTracker(30833): [dun]  mEnabled = false
02-07 23:08:08.450 D/MobileDataStateTracker(30833): [supl]  MobileDataStateReceiver onReceive(): Entry.
02-07 23:08:08.450 D/MobileDataStateTracker(30833): [supl]  intent.getAction()= android.intent.action.SERVICE_STATE
02-07 23:08:08.450 D/MobileDataStateTracker(30833): [supl]  mEnabled = false
02-07 23:08:08.450 D/MobileDataStateTracker(30833): [mms]  MobileDataStateReceiver onReceive(): Entry.
02-07 23:08:08.450 D/MobileDataStateTracker(30833): [mms]  intent.getAction()= android.intent.action.SERVICE_STATE
02-07 23:08:08.450 D/MobileDataStateTracker(30833): [mms]  mEnabled = false
02-07 23:08:08.450 D/MobileDataStateTracker(30833): [default]  MobileDataStateReceiver onReceive(): Entry.
02-07 23:08:08.460 D/MobileDataStateTracker(30833): [default]  intent.getAction()= android.intent.action.SERVICE_STATE
02-07 23:08:08.460 D/MobileDataStateTracker(30833): [default]  mEnabled = true
02-07 23:08:08.460 D/CallManager(30905):  handleMessage (EVENT_SERVICE_STATE_CHANGED)
02-07 23:08:08.460 E/BT HS/HF(30905): SERVICE_STATE_CHANGED called
02-07 23:08:08.460 E/BT HS/HF(30905): updateServiceState called, sendUpdate:false  ServiceState:0 home Sprint  310099  EvDo rev. A CSS not supported 41 4139RoamInd: 1RoamStatus(sprint): 1DefRoamInd: 160EmergOnly: false
02-07 23:08:08.460 E/BT HS/HF(30905): service:1 mService:1
02-07 23:08:08.460 D/DATA    (30905): [DSST(0)]  registrationState = 1  radioTechnology = 8 reasonForDenial = 0
02-07 23:08:08.470 D/DATA    (30905): [DSST(0)]  set mNewDataConnectionState = 0
02-07 23:08:08.470 D/DATA    (30905): [DSST(0)]  mNewDataConnectionState : 0  mDataConnectionState : 0
02-07 23:08:08.470 D/DATA    (30905): [DSST(0)] Poll ServiceState done: oldSS=[0 home null null null  EvDo rev. A CSS not supported -1 -1RoamInd: -1RoamStatus(sprint): -1DefRoamInd: -1EmergOnly: false] newSS=[0 home null null null  EvDo rev. A CSS not supported -1 -1RoamInd: -1RoamStatus(sprint): -1DefRoamInd: -1EmergOnly: false]
02-07 23:08:08.470 D/DATA    (30905): [DSST(0)]  mDataConnectionState = 0
02-07 23:08:10.111 D/PowerManagerService(30833): acquireWakeLock flags=0x1000001a tag=keyguard
02-07 23:08:10.111 D/PowerManagerService(30833): UnPartial  wakeLock  reactivate ,flags=0x6 tag=StayOnWhilePluggedIn Screen Dim
02-07 23:08:10.111 D/PowerManagerService(30833): UnPartial  wakeLock  reactivate ,flags=0x1000001a tag=keyguard
02-07 23:08:10.241 D/KeyguardViewMediator(30833): keyguardDone(true)
02-07 23:08:10.261 D/KeyguardViewMediator(30833): handleKeyguardDone
02-07 23:08:10.261 D/KeyguardViewMediator(30833): handleHide
02-07 23:08:10.261 D/KeyguardViewMediator(30833): adjustUserActivityLocked mShowing: false mHidden: false
02-07 23:08:10.261 D/PowerManagerService(30833): UnPartial  wakeLock  reactivate ,flags=0x6 tag=StayOnWhilePluggedIn Screen Dim
02-07 23:08:10.261 D/PowerManagerService(30833): UnPartial  wakeLock  reactivate ,flags=0x1000001a tag=keyguard
02-07 23:08:10.261 D/PowerManagerService(30833): UnPartial  wakeLock  reactivate ,flags=0x6 tag=StayOnWhilePluggedIn Screen Dim
02-07 23:08:10.261 D/PowerManagerService(30833): UnPartial  wakeLock  reactivate ,flags=0x1000001a tag=keyguard
02-07 23:08:10.261 D/PowerManagerService(30833): releaseWakeLock flags=0x1000001a tag=keyguard
02-07 23:08:10.271 D/KeyguardViewMediator(30833): setHidden false
02-07 23:08:10.281 D/KeyguardViewMediator(30833): setHidden false
02-07 23:08:10.291 D/KeyguardViewMediator(30833): setHidden false
02-07 23:08:10.301 D/KeyguardViewMediator(30833): setHidden false
02-07 23:08:10.321 D/KeyguardViewMediator(30833): setHidden false
02-07 23:08:10.341 D/KeyguardViewMediator(30833): setHidden false
02-07 23:08:10.351 D/KeyguardViewMediator(30833): setHidden false
02-07 23:08:10.371 D/KeyguardViewMediator(30833): setHidden false
02-07 23:08:10.381 D/KeyguardViewMediator(30833): setHidden false
02-07 23:08:10.401 D/KeyguardViewMediator(30833): setHidden false
02-07 23:08:10.421 D/KeyguardViewMediator(30833): setHidden false
02-07 23:08:10.431 D/KeyguardViewMediator(30833): setHidden false
02-07 23:08:10.452 D/KeyguardViewMediator(30833): setHidden false
02-07 23:08:10.472 D/KeyguardViewMediator(30833): setHidden false
02-07 23:08:10.482 D/KeyguardViewMediator(30833): setHidden false
02-07 23:08:10.502 D/KeyguardViewMediator(30833): setHidden false
02-07 23:08:10.522 D/KeyguardViewMediator(30833): setHidden false
02-07 23:08:10.532 D/KeyguardViewMediator(30833): setHidden false
02-07 23:08:10.552 D/KeyguardViewMediator(30833): setHidden false
02-07 23:08:10.572 D/KeyguardViewMediator(30833): setHidden false
02-07 23:08:10.582 D/KeyguardViewMediator(30833): setHidden false
02-07 23:08:10.602 D/KeyguardViewMediator(30833): setHidden false
02-07 23:08:10.612 D/KeyguardViewMediator(30833): setHidden false
02-07 23:08:10.632 D/KeyguardViewMediator(30833): setHidden false
02-07 23:08:10.652 D/KeyguardViewMediator(30833): setHidden false
02-07 23:08:10.662 D/KeyguardViewMediator(30833): setHidden false
02-07 23:08:10.682 D/KeyguardViewMediator(30833): setHidden false
02-07 23:08:10.692 D/KeyguardViewMediator(30833): setHidden false
02-07 23:08:10.712 D/KeyguardViewMediator(30833): setHidden false
02-07 23:08:10.752 I/DATA    (30905): [DCT(0) ] onDataCallListChanged:
02-07 23:08:10.752 I/DATA    (30905): [DCT(0) ] ---dc state list---
02-07 23:08:10.752 I/DATA    (30905): [DCT(0) ] DataCallState: { cid: 0, active: 2, type: , apn: , address: 174.155.238.172 }
02-07 23:08:10.752 I/DATA    (30905): [DCT(0) ] ---dc list---
02-07 23:08:10.752 I/DATA    (30905): [DCT(0) ] cid = 0, state = DcActiveState, bearerType = IP, ipaddress = 174.155.238.172, gw=174.155.238.173, dns=[68.28.67.132, 68.28.68.132]
02-07 23:08:10.882 D/AlarmManager(30833): +++Alarm set:type=2 com.google.android.gsf  Trigger after:1679999ms
02-07 23:08:10.962 I/ContactsProvider(30972): insertInTransaction: content://com.android.contacts/status_updates protocol=5 im_handle=jeremy.meiss@gmail.com im_account=1 status=http://LandofDroid.com mode=4
02-07 23:08:12.103 I/dun_service(  123): The value returned from dun_getusbmodemstate_fromsys is 2 
02-07 23:08:12.133 D/KeyguardUpdateMonitor(30833): received broadcast android.intent.action.BATTERY_CHANGED
02-07 23:08:12.133 D/KeyguardUpdateMonitor(30833): handleBatteryUpdate
02-07 23:08:12.333 D/PowerManagerService(30833): UnPartial  wakeLock  reactivate ,flags=0x6 tag=StayOnWhilePluggedIn Screen Dim
02-07 23:08:12.423 D/PowerManagerService(30833): UnPartial  wakeLock  reactivate ,flags=0x6 tag=StayOnWhilePluggedIn Screen Dim
02-07 23:08:13.935 D/PowerManagerService(30833): UnPartial  wakeLock  reactivate ,flags=0x6 tag=StayOnWhilePluggedIn Screen Dim
02-07 23:08:14.035 D/PowerManagerService(30833): UnPartial  wakeLock  reactivate ,flags=0x6 tag=StayOnWhilePluggedIn Screen Dim
02-07 23:08:15.126 D/KeyguardViewMediator(30833): handleTimeout
02-07 23:08:15.196 D/PowerManagerService(30833): UnPartial  wakeLock  reactivate ,flags=0x6 tag=StayOnWhilePluggedIn Screen Dim
02-07 23:08:15.296 D/PowerManagerService(30833): UnPartial  wakeLock  reactivate ,flags=0x6 tag=StayOnWhilePluggedIn Screen Dim
02-07 23:08:15.787 D/PowerManagerService(30833): UnPartial  wakeLock  reactivate ,flags=0x6 tag=StayOnWhilePluggedIn Screen Dim
02-07 23:08:15.957 D/PowerManagerService(30833): UnPartial  wakeLock  reactivate ,flags=0x6 tag=StayOnWhilePluggedIn Screen Dim
02-07 23:08:17.508 D/PowerManagerService(30833): UnPartial  wakeLock  reactivate ,flags=0x6 tag=StayOnWhilePluggedIn Screen Dim
02-07 23:08:17.568 D/PowerManagerService(30833): UnPartial  wakeLock  reactivate ,flags=0x6 tag=StayOnWhilePluggedIn Screen Dim
02-07 23:08:17.799 D/Launcher(30911): onSaveInstanceState
02-07 23:08:17.799 D/Launcher(30911): Dissmis Preview for view :null ID:2131230735
02-07 23:08:17.799 D/Launcher(30911): Dissmis Preview for view :null ID:2131230736
02-07 23:08:17.799 D/Launcher(30911): Dissmis Preview for view :null ID:2131230739
02-07 23:08:17.799 D/Launcher(30911): Dissmis Preview for view :null ID:2131230741
02-07 23:08:17.809 D/KeyguardViewMediator(30833): setHidden false
02-07 23:08:17.819 D/KeyguardViewMediator(30833): setHidden false
02-07 23:08:17.829 W/GoogleVoice(31602): PhoneCallListActivity: unknown action, threading as Intent.ACTION_MAIN: null
02-07 23:08:17.829 I/hubo    (30833): Activity com.google.android.apps.googlevoice.PhoneCallListActivity
02-07 23:08:17.919 I/ContactsProvider(30972): query: content://com.android.contacts/phone_lookup/+19137446943
02-07 23:08:17.929 E/ContactsProvider(30972): 101123 isCallerRegisterNeedSIMProc callerPid:31602, acorePid:30972
02-07 23:08:17.929 I/ContactsProvider(30972): query: content://com.android.contacts/phone_lookup/%2B13106866263
02-07 23:08:17.929 E/ContactsProvider(30972): 101123 isCallerRegisterNeedSIMProc callerPid:31602, acorePid:30972
02-07 23:08:17.929 I/ContactsProvider(30972): query isCallerRegistered= false
02-07 23:08:17.929 I/ContactsProvider(30972): query forOnlyOneContactString= 0
02-07 23:08:17.929 I/ContactsProvider(30972): query isCallerRegistered= false
02-07 23:08:17.929 I/ContactsProvider(30972): query forOnlyOneContactString= 0
02-07 23:08:17.929 D/KeyguardViewMediator(30833): setHidden false
02-07 23:08:17.949 I/ContactsProvider(30972): query: content://com.android.contacts/contacts/lookup/1459i1098579a0c296772/258
02-07 23:08:17.949 E/ContactsProvider(30972): 101123 isCallerRegisterNeedSIMProc callerPid:31602, acorePid:30972
02-07 23:08:17.949 I/ContactsProvider(30972): query isCallerRegistered= false
02-07 23:08:17.949 I/ContactsProvider(30972): query forOnlyOneContactString= 0
02-07 23:08:17.959 I/ContactsProvider(30972): query: content://com.android.contacts/contacts/258/photo
02-07 23:08:17.959 E/ContactsProvider(30972): 101123 isCallerRegisterNeedSIMProc callerPid:31602, acorePid:30972
02-07 23:08:17.959 I/ContactsProvider(30972): query isCallerRegistered= false
02-07 23:08:17.959 I/ContactsProvider(30972): query forOnlyOneContactString= 0
02-07 23:08:17.979 I/ContactsProvider(30972): query: content://com.android.contacts/phone_lookup/%2B19132319158
02-07 23:08:17.979 E/ContactsProvider(30972): 101123 isCallerRegisterNeedSIMProc callerPid:31602, acorePid:30972
02-07 23:08:17.979 I/ContactsProvider(30972): query isCallerRegistered= false
02-07 23:08:17.979 I/ContactsProvider(30972): query forOnlyOneContactString= 0
02-07 23:08:17.999 I/ContactsProvider(30972): query: content://com.android.contacts/contacts/lookup/1459i2/216
02-07 23:08:17.999 E/ContactsProvider(30972): 101123 isCallerRegisterNeedSIMProc callerPid:31602, acorePid:30972
02-07 23:08:17.999 I/ContactsProvider(30972): query isCallerRegistered= false
02-07 23:08:17.999 I/ContactsProvider(30972): query forOnlyOneContactString= 0
02-07 23:08:18.009 I/ContactsProvider(30972): query: content://com.android.contacts/contacts/216/photo
02-07 23:08:18.009 E/ContactsProvider(30972): 101123 isCallerRegisterNeedSIMProc callerPid:31602, acorePid:30972
02-07 23:08:18.009 I/ContactsProvider(30972): query isCallerRegistered= false
02-07 23:08:18.009 I/ContactsProvider(30972): query forOnlyOneContactString= 0
02-07 23:08:18.019 I/ContactsProvider(30972): query: content://com.android.contacts/phone_lookup/%2B17073554621
02-07 23:08:18.019 E/ContactsProvider(30972): 101123 isCallerRegisterNeedSIMProc callerPid:31602, acorePid:30972
02-07 23:08:18.029 I/ContactsProvider(30972): query isCallerRegistered= false
02-07 23:08:18.029 I/ContactsProvider(30972): query forOnlyOneContactString= 0
02-07 23:08:18.039 I/ContactsProvider(30972): query: content://com.android.contacts/phone_lookup/%2B19137446943
02-07 23:08:18.039 E/ContactsProvider(30972): 101123 isCallerRegisterNeedSIMProc callerPid:31602, acorePid:30972
02-07 23:08:18.039 I/ContactsProvider(30972): query isCallerRegistered= false
02-07 23:08:18.039 I/ContactsProvider(30972): query forOnlyOneContactString= 0
02-07 23:08:18.049 I/ContactsProvider(30972): query: content://com.android.contacts/contacts/lookup/1459i70f44c610cdc0f1f/222
02-07 23:08:18.049 E/ContactsProvider(30972): 101123 isCallerRegisterNeedSIMProc callerPid:31602, acorePid:30972
02-07 23:08:18.049 I/ContactsProvider(30972): query isCallerRegistered= false
02-07 23:08:18.059 I/ContactsProvider(30972): query forOnlyOneContactString= 0
02-07 23:08:18.059 I/ContactsProvider(30972): query: content://com.android.contacts/contacts/222/photo
02-07 23:08:18.059 E/ContactsProvider(30972): 101123 isCallerRegisterNeedSIMProc callerPid:31602, acorePid:30972
02-07 23:08:18.069 I/ContactsProvider(30972): query isCallerRegistered= false
02-07 23:08:18.069 I/ContactsProvider(30972): query forOnlyOneContactString= 0
02-07 23:08:18.079 I/ContactsProvider(30972): query: content://com.android.contacts/phone_lookup/%2B19135381162
02-07 23:08:18.079 E/ContactsProvider(30972): 101123 isCallerRegisterNeedSIMProc callerPid:31602, acorePid:30972
02-07 23:08:18.079 I/ContactsProvider(30972): query isCallerRegistered= false
02-07 23:08:18.089 I/ContactsProvider(30972): query forOnlyOneContactString= 0
02-07 23:08:18.099 I/ContactsProvider(30972): query: content://com.android.contacts/phone_lookup/%2B19138977773
02-07 23:08:18.099 E/ContactsProvider(30972): 101123 isCallerRegisterNeedSIMProc callerPid:31602, acorePid:30972
02-07 23:08:18.099 I/ContactsProvider(30972): query isCallerRegistered= false
02-07 23:08:18.099 I/ContactsProvider(30972): query forOnlyOneContactString= 0
02-07 23:08:18.109 I/ContactsProvider(30972): query: content://com.android.contacts/phone_lookup/%2B19135381725
02-07 23:08:18.109 E/ContactsProvider(30972): 101123 isCallerRegisterNeedSIMProc callerPid:31602, acorePid:30972
02-07 23:08:18.109 I/ContactsProvider(30972): query isCallerRegistered= false
02-07 23:08:18.109 I/ContactsProvider(30972): query forOnlyOneContactString= 0
02-07 23:08:18.119 I/ContactsProvider(30972): query: content://com.android.contacts/phone_lookup/%2B19138514350
02-07 23:08:18.119 E/ContactsProvider(30972): 101123 isCallerRegisterNeedSIMProc callerPid:31602, acorePid:30972
02-07 23:08:18.129 I/ContactsProvider(30972): query isCallerRegistered= false
02-07 23:08:18.129 I/ContactsProvider(30972): query forOnlyOneContactString= 0
02-07 23:08:18.129 I/ContactsProvider(30972): query: content://com.android.contacts/contacts/lookup/1459i52ae47520c059adf/13
02-07 23:08:18.129 E/ContactsProvider(30972): 101123 isCallerRegisterNeedSIMProc callerPid:31602, acorePid:30972
02-07 23:08:18.139 I/ContactsProvider(30972): query isCallerRegistered= false
02-07 23:08:18.139 I/ContactsProvider(30972): query forOnlyOneContactString= 0
02-07 23:08:18.149 I/ContactsProvider(30972): query: content://com.android.contacts/contacts/13/photo
02-07 23:08:18.149 E/ContactsProvider(30972): 101123 isCallerRegisterNeedSIMProc callerPid:31602, acorePid:30972
02-07 23:08:18.149 I/ContactsProvider(30972): query isCallerRegistered= false
02-07 23:08:18.149 I/ContactsProvider(30972): query forOnlyOneContactString= 0
02-07 23:08:18.159 I/ContactsProvider(30972): query: content://com.android.contacts/phone_lookup/%2B19134864351
02-07 23:08:18.159 E/ContactsProvider(30972): 101123 isCallerRegisterNeedSIMProc callerPid:31602, acorePid:30972
02-07 23:08:18.159 I/ContactsProvider(30972): query isCallerRegistered= false
02-07 23:08:18.159 I/ContactsProvider(30972): query forOnlyOneContactString= 0
02-07 23:08:18.179 I/ContactsProvider(30972): query: content://com.android.contacts/contacts/lookup/1459i10/179
02-07 23:08:18.179 E/ContactsProvider(30972): 101123 isCallerRegisterNeedSIMProc callerPid:31602, acorePid:30972
02-07 23:08:18.179 I/ContactsProvider(30972): query isCallerRegistered= false
02-07 23:08:18.179 I/ContactsProvider(30972): query forOnlyOneContactString= 0
02-07 23:08:18.189 I/ContactsProvider(30972): query: content://com.android.contacts/contacts/179/photo
02-07 23:08:18.189 E/ContactsProvider(30972): 101123 isCallerRegisterNeedSIMProc callerPid:31602, acorePid:30972
02-07 23:08:18.199 I/ContactsProvider(30972): query isCallerRegistered= false
02-07 23:08:18.199 I/ContactsProvider(30972): query forOnlyOneContactString= 0
02-07 23:08:18.209 I/ContactsProvider(30972): query: content://com.android.contacts/phone_lookup/%2B17074412503
02-07 23:08:18.209 E/ContactsProvider(30972): 101123 isCallerRegisterNeedSIMProc callerPid:31602, acorePid:30972
02-07 23:08:18.219 I/ContactsProvider(30972): query isCallerRegistered= false
02-07 23:08:18.219 I/ContactsProvider(30972): query forOnlyOneContactString= 0
02-07 23:08:18.229 I/ContactsProvider(30972): query: content://com.android.contacts/phone_lookup/%2B19132218044
02-07 23:08:18.229 E/ContactsProvider(30972): 101123 isCallerRegisterNeedSIMProc callerPid:31602, acorePid:30972
02-07 23:08:18.239 I/ContactsProvider(30972): query isCallerRegistered= false
02-07 23:08:18.239 I/ContactsProvider(30972): query forOnlyOneContactString= 0
02-07 23:08:18.249 I/ContactsProvider(30972): query: content://com.android.contacts/contacts/lookup/1459i3/9
02-07 23:08:18.249 E/ContactsProvider(30972): 101123 isCallerRegisterNeedSIMProc callerPid:31602, acorePid:30972
02-07 23:08:18.249 I/ContactsProvider(30972): query isCallerRegistered= false
02-07 23:08:18.249 I/ContactsProvider(30972): query forOnlyOneContactString= 0
02-07 23:08:18.269 D/KeyguardViewMediator(30833): setHidden false
02-07 23:08:18.279 D/KeyguardViewMediator(30833): setHidden false
02-07 23:08:18.289 I/ContactsProvider(30972): query: content://com.android.contacts/contacts/9/photo
02-07 23:08:18.289 E/ContactsProvider(30972): 101123 isCallerRegisterNeedSIMProc callerPid:31602, acorePid:30972
02-07 23:08:18.289 I/ContactsProvider(30972): query isCallerRegistered= false
02-07 23:08:18.289 I/ContactsProvider(30972): query forOnlyOneContactString= 0
02-07 23:08:18.299 I/ContactsProvider(30972): query: content://com.android.contacts/phone_lookup/%2B14089812069
02-07 23:08:18.299 E/ContactsProvider(30972): 101123 isCallerRegisterNeedSIMProc callerPid:31602, acorePid:30972
02-07 23:08:18.309 I/ContactsProvider(30972): query isCallerRegistered= false
02-07 23:08:18.309 I/ContactsProvider(30972): query forOnlyOneContactString= 0
02-07 23:08:18.309 I/ContactsProvider(30972): query: content://com.android.contacts/contacts/lookup/1459i8/242
02-07 23:08:18.309 E/ContactsProvider(30972): 101123 isCallerRegisterNeedSIMProc callerPid:31602, acorePid:30972
02-07 23:08:18.319 I/ContactsProvider(30972): query isCallerRegistered= false
02-07 23:08:18.319 I/ContactsProvider(30972): query forOnlyOneContactString= 0
02-07 23:08:18.349 D/KeyguardViewMediator(30833): setHidden false
02-07 23:08:18.369 D/KeyguardViewMediator(30833): setHidden false
02-07 23:08:18.389 D/KeyguardViewMediator(30833): setHidden false
02-07 23:08:18.399 I/ContactsProvider(30972): query: content://com.android.contacts/contacts/242/photo
02-07 23:08:18.399 E/ContactsProvider(30972): 101123 isCallerRegisterNeedSIMProc callerPid:31602, acorePid:30972
02-07 23:08:18.399 D/KeyguardViewMediator(30833): setHidden false
02-07 23:08:18.419 I/ContactsProvider(30972): query isCallerRegistered= false
02-07 23:08:18.419 I/ContactsProvider(30972): query forOnlyOneContactString= 0
02-07 23:08:18.419 D/KeyguardViewMediator(30833): setHidden false
02-07 23:08:18.439 D/KeyguardViewMediator(30833): setHidden false
02-07 23:08:18.449 I/ContactsProvider(30972): query: content://com.android.contacts/phone_lookup/+19137446943
02-07 23:08:18.449 E/ContactsProvider(30972): 101123 isCallerRegisterNeedSIMProc callerPid:31602, acorePid:30972
02-07 23:08:18.449 I/ContactsProvider(30972): query isCallerRegistered= false
02-07 23:08:18.449 I/ContactsProvider(30972): query forOnlyOneContactString= 0
02-07 23:08:18.459 D/KeyguardViewMediator(30833): setHidden false
02-07 23:08:18.469 D/KeyguardViewMediator(30833): setHidden false
02-07 23:08:18.489 D/KeyguardViewMediator(30833): setHidden false
02-07 23:08:18.509 D/KeyguardViewMediator(30833): setHidden false
02-07 23:08:18.519 D/KeyguardViewMediator(30833): setHidden false
02-07 23:08:18.539 D/KeyguardViewMediator(30833): setHidden false
02-07 23:08:18.559 D/KeyguardViewMediator(30833): setHidden false
02-07 23:08:18.569 D/KeyguardViewMediator(30833): setHidden false
02-07 23:08:18.589 D/KeyguardViewMediator(30833): setHidden false
02-07 23:08:18.589 D/KeyguardViewMediator(30833): setHidden false
02-07 23:08:19.841 D/PowerManagerService(30833): UnPartial  wakeLock  reactivate ,flags=0x6 tag=StayOnWhilePluggedIn Screen Dim
02-07 23:08:19.971 D/PowerManagerService(30833): UnPartial  wakeLock  reactivate ,flags=0x6 tag=StayOnWhilePluggedIn Screen Dim
02-07 23:08:19.991 D/KeyguardViewMediator(30833): setHidden false
02-07 23:08:20.011 D/KeyguardViewMediator(30833): setHidden false
02-07 23:08:20.021 D/KeyguardViewMediator(30833): setHidden false
02-07 23:08:20.031 D/KeyguardViewMediator(30833): setHidden false
02-07 23:08:20.041 D/KeyguardViewMediator(30833): setHidden false
02-07 23:08:20.061 D/KeyguardViewMediator(30833): setHidden false
02-07 23:08:20.071 D/KeyguardViewMediator(30833): setHidden false
02-07 23:08:20.101 D/KeyguardViewMediator(30833): setHidden false
02-07 23:08:20.111 D/KeyguardViewMediator(30833): setHidden false
02-07 23:08:20.131 D/KeyguardViewMediator(30833): setHidden false
02-07 23:08:20.141 D/KeyguardViewMediator(30833): setHidden false
02-07 23:08:20.171 D/KeyguardViewMediator(30833): setHidden false
02-07 23:08:20.181 D/KeyguardViewMediator(30833): setHidden false
02-07 23:08:20.201 D/KeyguardViewMediator(30833): setHidden false
02-07 23:08:20.211 D/KeyguardViewMediator(30833): setHidden false
02-07 23:08:20.231 D/KeyguardViewMediator(30833): setHidden false
02-07 23:08:20.251 D/KeyguardViewMediator(30833): setHidden false
02-07 23:08:20.261 D/KeyguardViewMediator(30833): setHidden false
02-07 23:08:20.281 D/KeyguardViewMediator(30833): setHidden false
02-07 23:08:20.301 D/KeyguardViewMediator(30833): setHidden false
02-07 23:08:20.311 D/KeyguardViewMediator(30833): setHidden false
02-07 23:08:20.331 D/KeyguardViewMediator(30833): setHidden false
02-07 23:08:20.341 D/KeyguardViewMediator(30833): setHidden false
02-07 23:08:20.361 D/KeyguardViewMediator(30833): setHidden false
02-07 23:08:20.381 D/KeyguardViewMediator(30833): setHidden false
02-07 23:08:20.401 D/KeyguardViewMediator(30833): setHidden false
02-07 23:08:20.411 D/KeyguardViewMediator(30833): setHidden false
02-07 23:08:20.431 D/KeyguardViewMediator(30833): setHidden false
02-07 23:08:20.441 D/KeyguardViewMediator(30833): setHidden false
02-07 23:08:20.561 D/KeyguardViewMediator(30833): setHidden false
02-07 23:08:20.571 D/KeyguardViewMediator(30833): setHidden false
02-07 23:08:20.611 D/KeyguardViewMediator(30833): setHidden false
02-07 23:08:20.641 D/KeyguardViewMediator(30833): setHidden false
02-07 23:08:20.651 D/KeyguardViewMediator(30833): setHidden false
02-07 23:08:20.661 D/KeyguardViewMediator(30833): setHidden false
02-07 23:08:20.681 D/KeyguardViewMediator(30833): setHidden false
02-07 23:08:20.702 D/KeyguardViewMediator(30833): setHidden false
02-07 23:08:20.722 D/KeyguardViewMediator(30833): setHidden false
02-07 23:08:20.732 D/KeyguardViewMediator(30833): setHidden false
02-07 23:08:20.752 D/KeyguardViewMediator(30833): setHidden false
02-07 23:08:20.772 D/KeyguardViewMediator(30833): setHidden false
02-07 23:08:20.782 D/KeyguardViewMediator(30833): setHidden false
02-07 23:08:20.802 D/KeyguardViewMediator(30833): setHidden false
02-07 23:08:20.812 D/KeyguardViewMediator(30833): setHidden false
02-07 23:08:22.283 I/DATA    (30905): [DCT(0) ] onDataCallListChanged:
02-07 23:08:22.283 I/DATA    (30905): [DCT(0) ] ---dc state list---
02-07 23:08:22.283 I/DATA    (30905): [DCT(0) ] DataCallState: { cid: 0, active: 1, type: , apn: , address: 174.155.238.172 }
02-07 23:08:22.283 I/DATA    (30905): [DCT(0) ] ---dc list---
02-07 23:08:22.283 I/DATA    (30905): [DCT(0) ] cid = 0, state = DcActiveState, bearerType = IP, ipaddress = 174.155.238.172, gw=174.155.238.173, dns=[68.28.67.132, 68.28.68.132]
02-07 23:08:22.353 D/PowerManagerService(30833): UnPartial  wakeLock  reactivate ,flags=0x6 tag=StayOnWhilePluggedIn Screen Dim
02-07 23:08:22.473 D/KeyguardViewMediator(30833): setHidden false
02-07 23:08:22.493 D/KeyguardViewMediator(30833): setHidden false
02-07 23:08:22.513 D/KeyguardViewMediator(30833): setHidden false
02-07 23:08:22.523 D/KeyguardViewMediator(30833): setHidden false
02-07 23:08:22.533 D/KeyguardViewMediator(30833): setHidden false
02-07 23:08:22.553 D/KeyguardViewMediator(30833): setHidden false
02-07 23:08:22.573 D/KeyguardViewMediator(30833): setHidden false
