02-07 23:16:12.702 D/Phone   (30905): [PhoneNotifier] [DefaultPhoneNotifier] : default, INET6, DISCONNECTED
02-07 23:16:12.712 I/TelephonyRegistry(30833): notifyDataConnection: state=0 isDataConnectivityPossible=false reason=radioTechnologyChanged interfaceName=null networkType=0 apnType=default apn=null
02-07 23:16:12.712 I/TelephonyRegistry(30833): +++broadcastDataConnectionStateChanged
02-07 23:16:12.712 I/TelephonyRegistry(30833): +++sendStickyBroadcast
02-07 23:16:12.712 D/Phone   (30905): [PhoneNotifier] [DefaultPhoneNotifier] : mms, INET, DISCONNECTED
02-07 23:16:12.712 I/TelephonyRegistry(30833): notifyDataConnection: state=0 isDataConnectivityPossible=false reason=radioTechnologyChanged interfaceName=null networkType=0 apnType=mms apn=null
02-07 23:16:12.712 I/TelephonyRegistry(30833): +++broadcastDataConnectionStateChanged
02-07 23:16:12.712 I/TelephonyRegistry(30833): +++sendStickyBroadcast
02-07 23:16:12.722 D/MobileDataStateTracker(30833): [dun] subType changed, oldSubtype = 7new subtype = 0
02-07 23:16:12.722 D/MobileDataStateTracker(30833): [dun]  apnTypeList = mms
02-07 23:16:12.722 D/MobileDataStateTracker(30833): [dun]  unavailable = false
02-07 23:16:12.722 D/MobileDataStateTracker(30833): [dun] Do not process intents if disabled.
02-07 23:16:12.722 D/MobileDataStateTracker(30833): [supl]  MobileDataStateReceiver onReceive(): Entry.
02-07 23:16:12.722 D/MobileDataStateTracker(30833): [supl]  intent.getAction()= android.intent.action.ANY_DATA_STATE
02-07 23:16:12.722 D/MobileDataStateTracker(30833): [supl]  mEnabled = false
02-07 23:16:12.722 D/Phone   (30905): [PhoneNotifier] [DefaultPhoneNotifier] : mms, INET6, DISCONNECTED
02-07 23:16:12.722 I/TelephonyRegistry(30833): notifyDataConnection: state=0 isDataConnectivityPossible=false reason=radioTechnologyChanged interfaceName=null networkType=0 apnType=mms apn=null
02-07 23:16:12.722 I/TelephonyRegistry(30833): +++broadcastDataConnectionStateChanged
02-07 23:16:12.722 I/TelephonyRegistry(30833): +++sendStickyBroadcast
02-07 23:16:12.732 D/Phone   (30905): [PhoneNotifier] [DefaultPhoneNotifier] : supl, INET, DISCONNECTED
02-07 23:16:12.732 I/TelephonyRegistry(30833): notifyDataConnection: state=0 isDataConnectivityPossible=false reason=radioTechnologyChanged interfaceName=null networkType=0 apnType=supl apn=null
02-07 23:16:12.732 I/TelephonyRegistry(30833): +++broadcastDataConnectionStateChanged
02-07 23:16:12.732 D/MobileDataStateTracker(30833): [supl]  apnTypeList = mms
02-07 23:16:12.732 D/MobileDataStateTracker(30833): [supl]  unavailable = false
02-07 23:16:12.732 D/MobileDataStateTracker(30833): [supl] Do not process intents if disabled.
02-07 23:16:12.732 D/MobileDataStateTracker(30833): [mms]  MobileDataStateReceiver onReceive(): Entry.
02-07 23:16:12.732 D/MobileDataStateTracker(30833): [mms]  intent.getAction()= android.intent.action.ANY_DATA_STATE
02-07 23:16:12.732 D/MobileDataStateTracker(30833): [mms]  mEnabled = false
02-07 23:16:12.732 D/MobileDataStateTracker(30833): [mms]  apnTypeList = mms
02-07 23:16:12.732 D/MobileDataStateTracker(30833): [mms]  unavailable = false
02-07 23:16:12.732 D/MobileDataStateTracker(30833): [mms] Do not process intents if disabled.
02-07 23:16:12.732 D/MobileDataStateTracker(30833): [default]  MobileDataStateReceiver onReceive(): Entry.
02-07 23:16:12.732 D/MobileDataStateTracker(30833): [default]  intent.getAction()= android.intent.action.ANY_DATA_STATE
02-07 23:16:12.732 D/MobileDataStateTracker(30833): [default]  mEnabled = true
02-07 23:16:12.742 I/TelephonyRegistry(30833): +++sendStickyBroadcast
02-07 23:16:12.742 D/Phone   (30905): [PhoneNotifier] [DefaultPhoneNotifier] : supl, INET6, DISCONNECTED
02-07 23:16:12.742 I/TelephonyRegistry(30833): notifyDataConnection: state=0 isDataConnectivityPossible=false reason=radioTechnologyChanged interfaceName=null networkType=0 apnType=supl apn=null
02-07 23:16:12.742 I/TelephonyRegistry(30833): +++broadcastDataConnectionStateChanged
02-07 23:16:12.742 I/TelephonyRegistry(30833): +++sendStickyBroadcast
02-07 23:16:12.752 D/MobileDataStateTracker(30833): [default]  apnTypeList = mms
02-07 23:16:12.752 D/MobileDataStateTracker(30833): [default]  unavailable = false
02-07 23:16:12.752 D/MobileDataStateTracker(30833): [default] not what we are looking for.
02-07 23:16:12.752 D/MobileDataStateTracker(30833): [hipri]  MobileDataStateReceiver onReceive(): Entry.
02-07 23:16:12.752 D/MobileDataStateTracker(30833): [hipri]  intent.getAction()= android.intent.action.ANY_DATA_STATE
02-07 23:16:12.752 D/MobileDataStateTracker(30833): [hipri]  mEnabled = false
02-07 23:16:12.752 D/Phone   (30905): [PhoneNotifier] [DefaultPhoneNotifier] : dun, INET, DISCONNECTED
02-07 23:16:12.752 I/TelephonyRegistry(30833): notifyDataConnection: state=0 isDataConnectivityPossible=false reason=radioTechnologyChanged interfaceName=null networkType=0 apnType=dun apn=null
02-07 23:16:12.752 I/TelephonyRegistry(30833): +++broadcastDataConnectionStateChanged
02-07 23:16:12.752 I/TelephonyRegistry(30833): +++sendStickyBroadcast
02-07 23:16:12.752 D/Phone   (30905): [PhoneNotifier] [DefaultPhoneNotifier] : dun, INET6, DISCONNECTED
02-07 23:16:12.762 I/TelephonyRegistry(30833): notifyDataConnection: state=0 isDataConnectivityPossible=false reason=radioTechnologyChanged interfaceName=null networkType=0 apnType=dun apn=null
02-07 23:16:12.762 I/TelephonyRegistry(30833): +++broadcastDataConnectionStateChanged
02-07 23:16:12.762 I/TelephonyRegistry(30833): +++sendStickyBroadcast
02-07 23:16:12.762 D/MobileDataStateTracker(30833): [hipri]  apnTypeList = supl
02-07 23:16:12.762 D/MobileDataStateTracker(30833): [hipri]  unavailable = false
02-07 23:16:12.762 D/MobileDataStateTracker(30833): [hipri] Do not process intents if disabled.
02-07 23:16:12.762 D/MobileDataStateTracker(30833): [dun]  MobileDataStateReceiver onReceive(): Entry.
02-07 23:16:12.762 D/MobileDataStateTracker(30833): [dun]  intent.getAction()= android.intent.action.ANY_DATA_STATE
02-07 23:16:12.762 D/MobileDataStateTracker(30833): [dun]  mEnabled = false
02-07 23:16:12.772 D/MobileDataStateTracker(30833): [dun]  apnTypeList = supl
02-07 23:16:12.772 D/MobileDataStateTracker(30833): [dun]  unavailable = false
02-07 23:16:12.772 D/MobileDataStateTracker(30833): [dun] Do not process intents if disabled.
02-07 23:16:12.772 D/MobileDataStateTracker(30833): [supl]  MobileDataStateReceiver onReceive(): Entry.
02-07 23:16:12.772 D/MobileDataStateTracker(30833): [supl]  intent.getAction()= android.intent.action.ANY_DATA_STATE
02-07 23:16:12.772 D/Phone   (30905): [PhoneNotifier] [DefaultPhoneNotifier] : hipri, INET, DISCONNECTED
02-07 23:16:12.772 I/TelephonyRegistry(30833): notifyDataConnection: state=0 isDataConnectivityPossible=false reason=radioTechnologyChanged interfaceName=null networkType=0 apnType=hipri apn=null
02-07 23:16:12.772 I/TelephonyRegistry(30833): +++broadcastDataConnectionStateChanged
02-07 23:16:12.772 I/TelephonyRegistry(30833): +++sendStickyBroadcast
02-07 23:16:12.772 D/MobileDataStateTracker(30833): [supl]  mEnabled = false
02-07 23:16:12.782 D/Phone   (30905): [PhoneNotifier] [DefaultPhoneNotifier] : hipri, INET6, DISCONNECTED
02-07 23:16:12.782 I/TelephonyRegistry(30833): notifyDataConnection: state=0 isDataConnectivityPossible=false reason=radioTechnologyChanged interfaceName=null networkType=0 apnType=hipri apn=null
02-07 23:16:12.782 I/TelephonyRegistry(30833): +++broadcastDataConnectionStateChanged
02-07 23:16:12.782 I/TelephonyRegistry(30833): +++sendStickyBroadcast
02-07 23:16:12.792 D/MobileDataStateTracker(30833): [supl]  apnTypeList = supl
02-07 23:16:12.792 D/MobileDataStateTracker(30833): [supl]  unavailable = false
02-07 23:16:12.792 D/MobileDataStateTracker(30833): [supl] Do not process intents if disabled.
02-07 23:16:12.792 D/MobileDataStateTracker(30833): [mms]  MobileDataStateReceiver onReceive(): Entry.
02-07 23:16:12.792 D/MobileDataStateTracker(30833): [mms]  intent.getAction()= android.intent.action.ANY_DATA_STATE
02-07 23:16:12.792 D/MobileDataStateTracker(30833): [mms]  mEnabled = false
02-07 23:16:12.792 D/MobileDataStateTracker(30833): [mms]  apnTypeList = supl
02-07 23:16:12.792 D/MobileDataStateTracker(30833): [mms]  unavailable = false
02-07 23:16:12.792 D/MobileDataStateTracker(30833): [mms] Do not process intents if disabled.
02-07 23:16:12.792 D/MobileDataStateTracker(30833): [default]  MobileDataStateReceiver onReceive(): Entry.
02-07 23:16:12.792 D/DATA    (30905): [DCT(0) ] Resetting all profiles and service states!
02-07 23:16:12.792 D/CallManager(30905):  handleMessage (EVENT_SERVICE_STATE_CHANGED)
02-07 23:16:12.792 E/BT HS/HF(30905): SERVICE_STATE_CHANGED called
02-07 23:16:12.792 E/BT HS/HF(30905): updateServiceState called, sendUpdate:false  ServiceState:3 home null null null  Unknown CSS not supported -1 -1RoamInd: -1RoamStatus(sprint): -1DefRoamInd: -1EmergOnly: false
02-07 23:16:12.792 E/BT HS/HF(30905): service:0 mService:1
02-07 23:16:12.792 D/PhoneApp(30905): mReceiver: ACTION_ANY_DATA_CONNECTION_STATE_CHANGED
02-07 23:16:12.792 D/PhoneApp(30905): - state: DISCONNECTED
02-07 23:16:12.792 D/PhoneApp(30905): - reason: radioTechnologyChanged
02-07 23:16:12.792 D/PhoneApp(30905): mReceiver: ACTION_ANY_DATA_CONNECTION_STATE_CHANGED
02-07 23:16:12.792 D/PhoneApp(30905): - state: DISCONNECTED
02-07 23:16:12.802 D/MobileDataStateTracker(30833): [default]  intent.getAction()= android.intent.action.ANY_DATA_STATE
02-07 23:16:12.802 D/MobileDataStateTracker(30833): [default]  mEnabled = true
02-07 23:16:12.802 D/MobileDataStateTracker(30833): [default]  apnTypeList = supl
02-07 23:16:12.802 D/MobileDataStateTracker(30833): [default]  unavailable = false
02-07 23:16:12.802 D/MobileDataStateTracker(30833): [default] not what we are looking for.
02-07 23:16:12.802 D/MobileDataStateTracker(30833): [hipri]  MobileDataStateReceiver onReceive(): Entry.
02-07 23:16:12.802 D/MobileDataStateTracker(30833): [hipri]  intent.getAction()= android.intent.action.ANY_DATA_STATE
02-07 23:16:12.802 D/MobileDataStateTracker(30833): [hipri]  mEnabled = false
02-07 23:16:12.802 D/MobileDataStateTracker(30833): [hipri]  apnTypeList = supl
02-07 23:16:12.802 D/MobileDataStateTracker(30833): [hipri]  unavailable = false
02-07 23:16:12.802 D/MobileDataStateTracker(30833): [hipri] Do not process intents if disabled.
02-07 23:16:12.802 D/MobileDataStateTracker(30833): [dun]  MobileDataStateReceiver onReceive(): Entry.
02-07 23:16:12.802 D/MobileDataStateTracker(30833): [dun]  intent.getAction()= android.intent.action.ANY_DATA_STATE
02-07 23:16:12.802 D/MobileDataStateTracker(30833): [dun]  mEnabled = false
02-07 23:16:12.812 D/PhoneApp(30905): - reason: radioTechnologyChanged
02-07 23:16:12.812 D/PhoneApp(30905): mReceiver: ACTION_ANY_DATA_CONNECTION_STATE_CHANGED
02-07 23:16:12.812 D/PhoneApp(30905): - state: DISCONNECTED
02-07 23:16:12.812 D/PhoneApp(30905): - reason: radioTechnologyChanged
02-07 23:16:12.812 D/PhoneApp(30905): mReceiver: ACTION_ANY_DATA_CONNECTION_STATE_CHANGED
02-07 23:16:12.812 D/PhoneApp(30905): - state: DISCONNECTED
02-07 23:16:12.812 D/PhoneApp(30905): - reason: radioTechnologyChanged
02-07 23:16:12.812 D/PhoneApp(30905): mReceiver: ACTION_ANY_DATA_CONNECTION_STATE_CHANGED
02-07 23:16:12.812 D/PhoneApp(30905): - state: DISCONNECTED
02-07 23:16:12.812 D/PhoneApp(30905): - reason: radioTechnologyChanged
02-07 23:16:12.812 D/PhoneApp(30905): mReceiver: ACTION_ANY_DATA_CONNECTION_STATE_CHANGED
02-07 23:16:12.812 D/PhoneApp(30905): - state: DISCONNECTED
02-07 23:16:12.812 D/PhoneApp(30905): - reason: radioTechnologyChanged
02-07 23:16:12.812 D/PhoneApp(30905): mReceiver: ACTION_ANY_DATA_CONNECTION_STATE_CHANGED
02-07 23:16:12.812 D/PhoneApp(30905): - state: DISCONNECTED
02-07 23:16:12.812 D/PhoneApp(30905): - reason: radioTechnologyChanged
02-07 23:16:12.812 D/PhoneApp(30905): mReceiver: ACTION_ANY_DATA_CONNECTION_STATE_CHANGED
02-07 23:16:12.812 D/PhoneApp(30905): - state: DISCONNECTED
02-07 23:16:12.812 D/PhoneApp(30905): - reason: radioTechnologyChanged
02-07 23:16:12.812 D/PhoneApp(30905): mReceiver: ACTION_ANY_DATA_CONNECTION_STATE_CHANGED
02-07 23:16:12.812 D/PhoneApp(30905): - state: DISCONNECTED
02-07 23:16:12.812 D/PhoneApp(30905): - reason: radioTechnologyChanged
02-07 23:16:12.812 D/PhoneApp(30905): mReceiver: ACTION_ANY_DATA_CONNECTION_STATE_CHANGED
02-07 23:16:12.812 D/PhoneApp(30905): - state: DISCONNECTED
02-07 23:16:12.812 D/PhoneApp(30905): - reason: radioTechnologyChanged
02-07 23:16:12.812 I/DATA    (30905): [DCT(0) ] onUpdateDataConnections: reason=radioTechnologyChanged
02-07 23:16:12.812 I/DATA    (30905): [DCT(0) ] ---dc list---
02-07 23:16:12.812 I/DATA    (30905): [DCT(0) ] ---ds list---
02-07 23:16:12.812 I/DATA    (30905): [DCT(0) ] ds= SERVICE_TYPE_DEFAULT, enabled = true, active = v4:IDLE v6:IDLE
02-07 23:16:12.812 I/DATA    (30905): [DCT(0) ] ds= SERVICE_TYPE_MMS, enabled = false, active = v4:IDLE v6:IDLE
02-07 23:16:12.812 I/DATA    (30905): [DCT(0) ] ds= SERVICE_TYPE_SUPL, enabled = false, active = v4:IDLE v6:IDLE
02-07 23:16:12.812 I/DATA    (30905): [DCT(0) ] ds= SERVICE_TYPE_DUN, enabled = false, active = v4:IDLE v6:IDLE
02-07 23:16:12.812 I/DATA    (30905): [DCT(0) ] ds= SERVICE_TYPE_HIPRI, enabled = false, active = v4:IDLE v6:IDLE
02-07 23:16:12.812 I/DATA    (30905): [DCT(0) ] ***** NOT Ready for data :
02-07 23:16:12.812 I/DATA    (30905): [DCT(0) ]    getDesiredPowerState() = false
02-07 23:16:12.812 I/DATA    (30905): [DCT(0) ]    mCm.getRadioState() = RADIO_OFF
02-07 23:16:12.812 I/DATA    (30905): [DCT(0) ]    [DataRadioTech = RADIO_TECH_UNKNOWN, data network state = 3, mMasterDataEnabled = true, is Roaming = false, dataOnRoamingEnable = false, isPsRestricted = false, desiredPowerState  = false, mSIMRecords = , cdmaSubSource = 1/310120, mRuimRecords = , checks = true/true]
02-07 23:16:12.812 D/PhoneApp(30905): old phone type:2, New Phone type:2
02-07 23:16:12.812 D/NotificationMgr(30905): hideDataDisconnectedRoaming()...
02-07 23:16:12.812 D/PhoneApp(30905): old phone type:2, New Phone type:2
02-07 23:16:12.812 D/NotificationMgr(30905): hideDataDisconnectedRoaming()...
02-07 23:16:12.822 D/PhoneApp(30905): old phone type:2, New Phone type:2
02-07 23:16:12.822 D/NotificationMgr(30905): hideDataDisconnectedRoaming()...
02-07 23:16:12.822 D/PhoneApp(30905): old phone type:2, New Phone type:2
02-07 23:16:12.822 D/NotificationMgr(30905): hideDataDisconnectedRoaming()...
02-07 23:16:12.822 D/PhoneApp(30905): old phone type:2, New Phone type:2
02-07 23:16:12.822 D/NotificationMgr(30905): hideDataDisconnectedRoaming()...
02-07 23:16:12.822 D/PhoneApp(30905): old phone type:2, New Phone type:2
02-07 23:16:12.822 D/NotificationMgr(30905): hideDataDisconnectedRoaming()...
02-07 23:16:12.822 D/PhoneApp(30905): old phone type:2, New Phone type:2
02-07 23:16:12.822 D/NotificationMgr(30905): hideDataDisconnectedRoaming()...
02-07 23:16:12.822 D/PhoneApp(30905): old phone type:2, New Phone type:2
02-07 23:16:12.822 D/NotificationMgr(30905): hideDataDisconnectedRoaming()...
02-07 23:16:12.822 D/PhoneApp(30905): old phone type:2, New Phone type:2
02-07 23:16:12.822 D/NotificationMgr(30905): hideDataDisconnectedRoaming()...
02-07 23:16:12.822 D/PhoneApp(30905): old phone type:2, New Phone type:2
02-07 23:16:12.822 D/NotificationMgr(30905): hideDataDisconnectedRoaming()...
02-07 23:16:12.832 D/MobileDataStateTracker(30833): [dun]  apnTypeList = supl
02-07 23:16:12.832 D/MobileDataStateTracker(30833): [dun]  unavailable = false
02-07 23:16:12.832 D/MobileDataStateTracker(30833): [dun] Do not process intents if disabled.
02-07 23:16:12.832 D/MobileDataStateTracker(30833): [supl]  MobileDataStateReceiver onReceive(): Entry.
02-07 23:16:12.832 D/MobileDataStateTracker(30833): [supl]  intent.getAction()= android.intent.action.ANY_DATA_STATE
02-07 23:16:12.832 D/MobileDataStateTracker(30833): [supl]  mEnabled = false
02-07 23:16:12.832 D/MobileDataStateTracker(30833): [supl]  apnTypeList = supl
02-07 23:16:12.832 D/MobileDataStateTracker(30833): [supl]  unavailable = false
02-07 23:16:12.832 D/MobileDataStateTracker(30833): [supl] Do not process intents if disabled.
02-07 23:16:12.832 D/MobileDataStateTracker(30833): [mms]  MobileDataStateReceiver onReceive(): Entry.
02-07 23:16:12.832 D/MobileDataStateTracker(30833): [mms]  intent.getAction()= android.intent.action.ANY_DATA_STATE
02-07 23:16:12.832 D/MobileDataStateTracker(30833): [mms]  mEnabled = false
02-07 23:16:12.832 D/MobileDataStateTracker(30833): [mms]  apnTypeList = supl
02-07 23:16:12.832 D/MobileDataStateTracker(30833): [mms]  unavailable = false
02-07 23:16:12.832 D/MobileDataStateTracker(30833): [mms] Do not process intents if disabled.
02-07 23:16:12.832 D/MobileDataStateTracker(30833): [default]  MobileDataStateReceiver onReceive(): Entry.
02-07 23:16:12.832 D/MobileDataStateTracker(30833): [default]  intent.getAction()= android.intent.action.ANY_DATA_STATE
02-07 23:16:12.832 D/MobileDataStateTracker(30833): [default]  mEnabled = true
02-07 23:16:12.832 D/MobileDataStateTracker(30833): [default]  apnTypeList = supl
02-07 23:16:12.832 D/MobileDataStateTracker(30833): [default]  unavailable = false
02-07 23:16:12.832 D/MobileDataStateTracker(30833): [default] not what we are looking for.
02-07 23:16:12.842 D/MobileDataStateTracker(30833): [hipri]  MobileDataStateReceiver onReceive(): Entry.
02-07 23:16:12.842 D/MobileDataStateTracker(30833): [hipri]  intent.getAction()= android.intent.action.ANY_DATA_STATE
02-07 23:16:12.842 D/MobileDataStateTracker(30833): [hipri]  mEnabled = false
02-07 23:16:12.842 D/MobileDataStateTracker(30833): [hipri]  apnTypeList = dun
02-07 23:16:12.842 D/MobileDataStateTracker(30833): [hipri]  unavailable = false
02-07 23:16:12.842 D/MobileDataStateTracker(30833): [hipri] Do not process intents if disabled.
02-07 23:16:12.842 D/MobileDataStateTracker(30833): [dun]  MobileDataStateReceiver onReceive(): Entry.
02-07 23:16:12.842 D/MobileDataStateTracker(30833): [dun]  intent.getAction()= android.intent.action.ANY_DATA_STATE
02-07 23:16:12.842 D/MobileDataStateTracker(30833): [dun]  mEnabled = false
02-07 23:16:12.842 D/MobileDataStateTracker(30833): [dun]  apnTypeList = dun
02-07 23:16:12.842 D/MobileDataStateTracker(30833): [dun]  unavailable = false
02-07 23:16:12.842 D/MobileDataStateTracker(30833): [dun] Do not process intents if disabled.
02-07 23:16:12.842 D/MobileDataStateTracker(30833): [supl]  MobileDataStateReceiver onReceive(): Entry.
02-07 23:16:12.842 D/MobileDataStateTracker(30833): [supl]  intent.getAction()= android.intent.action.ANY_DATA_STATE
02-07 23:16:12.842 D/MobileDataStateTracker(30833): [supl]  mEnabled = false
02-07 23:16:12.842 D/MobileDataStateTracker(30833): [supl]  apnTypeList = dun
02-07 23:16:12.842 D/MobileDataStateTracker(30833): [supl]  unavailable = false
02-07 23:16:12.842 D/MobileDataStateTracker(30833): [supl] Do not process intents if disabled.
02-07 23:16:12.842 D/MobileDataStateTracker(30833): [mms]  MobileDataStateReceiver onReceive(): Entry.
02-07 23:16:12.842 D/MobileDataStateTracker(30833): [mms]  intent.getAction()= android.intent.action.ANY_DATA_STATE
02-07 23:16:12.842 D/MobileDataStateTracker(30833): [mms]  mEnabled = false
02-07 23:16:12.842 D/MobileDataStateTracker(30833): [mms]  apnTypeList = dun
02-07 23:16:12.842 D/MobileDataStateTracker(30833): [mms]  unavailable = false
02-07 23:16:12.842 D/MobileDataStateTracker(30833): [mms] Do not process intents if disabled.
02-07 23:16:12.842 D/MobileDataStateTracker(30833): [default]  MobileDataStateReceiver onReceive(): Entry.
02-07 23:16:12.842 D/MobileDataStateTracker(30833): [default]  intent.getAction()= android.intent.action.ANY_DATA_STATE
02-07 23:16:12.842 D/MobileDataStateTracker(30833): [default]  mEnabled = true
02-07 23:16:12.852 D/MobileDataStateTracker(30833): [default]  apnTypeList = dun
02-07 23:16:12.852 D/MobileDataStateTracker(30833): [default]  unavailable = false
02-07 23:16:12.852 D/MobileDataStateTracker(30833): [default] not what we are looking for.
02-07 23:16:12.852 D/MobileDataStateTracker(30833): [hipri]  MobileDataStateReceiver onReceive(): Entry.
02-07 23:16:12.852 D/MobileDataStateTracker(30833): [hipri]  intent.getAction()= android.intent.action.ANY_DATA_STATE
02-07 23:16:12.852 D/MobileDataStateTracker(30833): [hipri]  mEnabled = false
02-07 23:16:12.852 D/MobileDataStateTracker(30833): [hipri]  apnTypeList = dun
02-07 23:16:12.852 D/MobileDataStateTracker(30833): [hipri]  unavailable = false
02-07 23:16:12.852 D/MobileDataStateTracker(30833): [hipri] Do not process intents if disabled.
02-07 23:16:12.852 D/MobileDataStateTracker(30833): [dun]  MobileDataStateReceiver onReceive(): Entry.
02-07 23:16:12.852 D/MobileDataStateTracker(30833): [dun]  intent.getAction()= android.intent.action.ANY_DATA_STATE
02-07 23:16:12.852 D/MobileDataStateTracker(30833): [dun]  mEnabled = false
02-07 23:16:12.852 D/MobileDataStateTracker(30833): [dun]  apnTypeList = dun
02-07 23:16:12.852 D/MobileDataStateTracker(30833): [dun]  unavailable = false
02-07 23:16:12.852 D/MobileDataStateTracker(30833): [dun] Do not process intents if disabled.
02-07 23:16:12.852 D/MobileDataStateTracker(30833): [supl]  MobileDataStateReceiver onReceive(): Entry.
02-07 23:16:12.852 D/MobileDataStateTracker(30833): [supl]  intent.getAction()= android.intent.action.ANY_DATA_STATE
02-07 23:16:12.852 D/MobileDataStateTracker(30833): [supl]  mEnabled = false
02-07 23:16:12.852 D/MobileDataStateTracker(30833): [supl]  apnTypeList = dun
02-07 23:16:12.852 D/MobileDataStateTracker(30833): [supl]  unavailable = false
02-07 23:16:12.852 D/MobileDataStateTracker(30833): [supl] Do not process intents if disabled.
02-07 23:16:12.852 D/MobileDataStateTracker(30833): [mms]  MobileDataStateReceiver onReceive(): Entry.
02-07 23:16:12.852 D/MobileDataStateTracker(30833): [mms]  intent.getAction()= android.intent.action.ANY_DATA_STATE
02-07 23:16:12.852 D/MobileDataStateTracker(30833): [mms]  mEnabled = false
02-07 23:16:12.862 D/MobileDataStateTracker(30833): [mms]  apnTypeList = dun
02-07 23:16:12.862 D/MobileDataStateTracker(30833): [mms]  unavailable = false
02-07 23:16:12.862 D/MobileDataStateTracker(30833): [mms] Do not process intents if disabled.
02-07 23:16:12.862 D/MobileDataStateTracker(30833): [default]  MobileDataStateReceiver onReceive(): Entry.
02-07 23:16:12.862 D/MobileDataStateTracker(30833): [default]  intent.getAction()= android.intent.action.ANY_DATA_STATE
02-07 23:16:12.862 D/MobileDataStateTracker(30833): [default]  mEnabled = true
02-07 23:16:12.862 D/MobileDataStateTracker(30833): [default]  apnTypeList = dun
02-07 23:16:12.862 D/MobileDataStateTracker(30833): [default]  unavailable = false
02-07 23:16:12.862 D/MobileDataStateTracker(30833): [default] not what we are looking for.
02-07 23:16:12.862 D/MobileDataStateTracker(30833): [hipri]  MobileDataStateReceiver onReceive(): Entry.
02-07 23:16:12.862 D/MobileDataStateTracker(30833): [hipri]  intent.getAction()= android.intent.action.ANY_DATA_STATE
02-07 23:16:12.862 D/MobileDataStateTracker(30833): [hipri]  mEnabled = false
02-07 23:16:12.862 D/MobileDataStateTracker(30833): [hipri]  apnTypeList = hipri
02-07 23:16:12.862 D/MobileDataStateTracker(30833): [hipri]  unavailable = false
02-07 23:16:12.862 D/MobileDataStateTracker(30833): [hipri] Do not process intents if disabled.
02-07 23:16:12.862 D/MobileDataStateTracker(30833): [dun]  MobileDataStateReceiver onReceive(): Entry.
02-07 23:16:12.862 D/MobileDataStateTracker(30833): [dun]  intent.getAction()= android.intent.action.ANY_DATA_STATE
02-07 23:16:12.862 D/MobileDataStateTracker(30833): [dun]  mEnabled = false
02-07 23:16:12.862 D/MobileDataStateTracker(30833): [dun]  apnTypeList = hipri
02-07 23:16:12.862 D/MobileDataStateTracker(30833): [dun]  unavailable = false
02-07 23:16:12.862 D/MobileDataStateTracker(30833): [dun] Do not process intents if disabled.
02-07 23:16:12.862 D/MobileDataStateTracker(30833): [supl]  MobileDataStateReceiver onReceive(): Entry.
02-07 23:16:12.862 D/MobileDataStateTracker(30833): [supl]  intent.getAction()= android.intent.action.ANY_DATA_STATE
02-07 23:16:12.862 D/MobileDataStateTracker(30833): [supl]  mEnabled = false
02-07 23:16:12.862 D/MobileDataStateTracker(30833): [supl]  apnTypeList = hipri
02-07 23:16:12.862 D/MobileDataStateTracker(30833): [supl]  unavailable = false
02-07 23:16:12.862 D/MobileDataStateTracker(30833): [supl] Do not process intents if disabled.
02-07 23:16:12.862 D/MobileDataStateTracker(30833): [mms]  MobileDataStateReceiver onReceive(): Entry.
02-07 23:16:12.862 D/MobileDataStateTracker(30833): [mms]  intent.getAction()= android.intent.action.ANY_DATA_STATE
02-07 23:16:12.862 D/MobileDataStateTracker(30833): [mms]  mEnabled = false
02-07 23:16:12.872 D/MobileDataStateTracker(30833): [mms]  apnTypeList = hipri
02-07 23:16:12.872 D/MobileDataStateTracker(30833): [mms]  unavailable = false
02-07 23:16:12.872 D/MobileDataStateTracker(30833): [mms] Do not process intents if disabled.
02-07 23:16:12.872 D/MobileDataStateTracker(30833): [default]  MobileDataStateReceiver onReceive(): Entry.
02-07 23:16:12.872 D/MobileDataStateTracker(30833): [default]  intent.getAction()= android.intent.action.ANY_DATA_STATE
02-07 23:16:12.872 D/MobileDataStateTracker(30833): [default]  mEnabled = true
02-07 23:16:12.872 D/MobileDataStateTracker(30833): [default]  apnTypeList = hipri
02-07 23:16:12.872 D/MobileDataStateTracker(30833): [default]  unavailable = false
02-07 23:16:12.872 D/MobileDataStateTracker(30833): [default] not what we are looking for.
02-07 23:16:12.872 D/MobileDataStateTracker(30833): [hipri]  MobileDataStateReceiver onReceive(): Entry.
02-07 23:16:12.872 D/MobileDataStateTracker(30833): [hipri]  intent.getAction()= android.intent.action.ANY_DATA_STATE
02-07 23:16:12.872 D/MobileDataStateTracker(30833): [hipri]  mEnabled = false
02-07 23:16:12.902 D/MobileDataStateTracker(30833): [hipri]  apnTypeList = hipri
02-07 23:16:12.902 D/MobileDataStateTracker(30833): [hipri]  unavailable = false
02-07 23:16:12.902 D/MobileDataStateTracker(30833): [hipri] Do not process intents if disabled.
02-07 23:16:12.902 D/MobileDataStateTracker(30833): [dun]  MobileDataStateReceiver onReceive(): Entry.
02-07 23:16:12.902 D/MobileDataStateTracker(30833): [dun]  intent.getAction()= android.intent.action.ANY_DATA_STATE
02-07 23:16:12.902 D/MobileDataStateTracker(30833): [dun]  mEnabled = false
02-07 23:16:12.912 D/MobileDataStateTracker(30833): [dun]  apnTypeList = hipri
02-07 23:16:12.912 D/MobileDataStateTracker(30833): [dun]  unavailable = false
02-07 23:16:12.912 D/MobileDataStateTracker(30833): [dun] Do not process intents if disabled.
02-07 23:16:12.912 D/MobileDataStateTracker(30833): [supl]  MobileDataStateReceiver onReceive(): Entry.
02-07 23:16:12.912 D/MobileDataStateTracker(30833): [supl]  intent.getAction()= android.intent.action.ANY_DATA_STATE
02-07 23:16:12.912 D/MobileDataStateTracker(30833): [supl]  mEnabled = false
02-07 23:16:12.912 D/MobileDataStateTracker(30833): [supl]  apnTypeList = hipri
02-07 23:16:12.912 D/MobileDataStateTracker(30833): [supl]  unavailable = false
02-07 23:16:12.912 D/MobileDataStateTracker(30833): [supl] Do not process intents if disabled.
02-07 23:16:12.912 D/MobileDataStateTracker(30833): [mms]  MobileDataStateReceiver onReceive(): Entry.
02-07 23:16:12.912 D/MobileDataStateTracker(30833): [mms]  intent.getAction()= android.intent.action.ANY_DATA_STATE
02-07 23:16:12.912 D/MobileDataStateTracker(30833): [mms]  mEnabled = false
02-07 23:16:12.912 D/MobileDataStateTracker(30833): [mms]  apnTypeList = hipri
02-07 23:16:12.912 D/MobileDataStateTracker(30833): [mms]  unavailable = false
02-07 23:16:12.912 D/MobileDataStateTracker(30833): [mms] Do not process intents if disabled.
02-07 23:16:12.912 D/MobileDataStateTracker(30833): [default]  MobileDataStateReceiver onReceive(): Entry.
02-07 23:16:12.912 D/MobileDataStateTracker(30833): [default]  intent.getAction()= android.intent.action.ANY_DATA_STATE
02-07 23:16:12.912 D/MobileDataStateTracker(30833): [default]  mEnabled = true
02-07 23:16:12.912 D/MobileDataStateTracker(30833): [default]  apnTypeList = hipri
02-07 23:16:12.912 D/MobileDataStateTracker(30833): [default]  unavailable = false
02-07 23:16:12.912 D/MobileDataStateTracker(30833): [default] not what we are looking for.
02-07 23:16:12.922 D/MobileDataStateTracker(30833): [hipri]  MobileDataStateReceiver onReceive(): Entry.
02-07 23:16:12.922 D/MobileDataStateTracker(30833): [hipri]  intent.getAction()= android.intent.action.SERVICE_STATE
02-07 23:16:12.922 D/MobileDataStateTracker(30833): [hipri]  mEnabled = false
02-07 23:16:12.922 D/MobileDataStateTracker(30833): [dun]  MobileDataStateReceiver onReceive(): Entry.
02-07 23:16:12.922 D/MobileDataStateTracker(30833): [dun]  intent.getAction()= android.intent.action.SERVICE_STATE
02-07 23:16:12.922 D/MobileDataStateTracker(30833): [dun]  mEnabled = false
02-07 23:16:12.922 D/MobileDataStateTracker(30833): [supl]  MobileDataStateReceiver onReceive(): Entry.
02-07 23:16:12.922 D/MobileDataStateTracker(30833): [supl]  intent.getAction()= android.intent.action.SERVICE_STATE
02-07 23:16:12.922 D/MobileDataStateTracker(30833): [supl]  mEnabled = false
02-07 23:16:12.922 D/MobileDataStateTracker(30833): [mms]  MobileDataStateReceiver onReceive(): Entry.
02-07 23:16:12.922 D/MobileDataStateTracker(30833): [mms]  intent.getAction()= android.intent.action.SERVICE_STATE
02-07 23:16:12.922 D/MobileDataStateTracker(30833): [mms]  mEnabled = false
02-07 23:16:12.932 D/MobileDataStateTracker(30833): [default]  MobileDataStateReceiver onReceive(): Entry.
02-07 23:16:12.932 D/MobileDataStateTracker(30833): [default]  intent.getAction()= android.intent.action.SERVICE_STATE
02-07 23:16:12.932 D/MobileDataStateTracker(30833): [default]  mEnabled = true
02-07 23:16:12.932 D/KeyguardUpdateMonitor(30833): received broadcast android.provider.Telephony.SPN_STRINGS_UPDATED
02-07 23:16:12.932 D/KeyguardUpdateMonitor(30833): Received SPN update on sub :0
02-07 23:16:12.932 D/KeyguardUpdateMonitor(30833): handleCarrierInfoUpdate: plmn = (No service), spn = null, subscription = 0
02-07 23:16:12.932 D/MobileDataStateTracker(30833): [hipri]  MobileDataStateReceiver onReceive(): Entry.
02-07 23:16:12.932 D/MobileDataStateTracker(30833): [hipri]  intent.getAction()= android.intent.action.SERVICE_STATE
02-07 23:16:12.932 D/MobileDataStateTracker(30833): [hipri]  mEnabled = false
02-07 23:16:12.932 D/MobileDataStateTracker(30833): [dun]  MobileDataStateReceiver onReceive(): Entry.
02-07 23:16:12.932 D/MobileDataStateTracker(30833): [dun]  intent.getAction()= android.intent.action.SERVICE_STATE
02-07 23:16:12.932 D/MobileDataStateTracker(30833): [dun]  mEnabled = false
02-07 23:16:12.942 D/MobileDataStateTracker(30833): [supl]  MobileDataStateReceiver onReceive(): Entry.
02-07 23:16:12.942 D/MobileDataStateTracker(30833): [supl]  intent.getAction()= android.intent.action.SERVICE_STATE
02-07 23:16:12.942 D/MobileDataStateTracker(30833): [supl]  mEnabled = false
02-07 23:16:12.942 D/MobileDataStateTracker(30833): [mms]  MobileDataStateReceiver onReceive(): Entry.
02-07 23:16:12.942 D/MobileDataStateTracker(30833): [mms]  intent.getAction()= android.intent.action.SERVICE_STATE
02-07 23:16:12.942 D/MobileDataStateTracker(30833): [mms]  mEnabled = false
02-07 23:16:12.942 D/MobileDataStateTracker(30833): [default]  MobileDataStateReceiver onReceive(): Entry.
02-07 23:16:12.942 D/MobileDataStateTracker(30833): [default]  intent.getAction()= android.intent.action.SERVICE_STATE
02-07 23:16:12.942 D/MobileDataStateTracker(30833): [default]  mEnabled = true
02-07 23:16:12.942 D/MobileDataStateTracker(30833): [hipri]  MobileDataStateReceiver onReceive(): Entry.
02-07 23:16:12.942 D/MobileDataStateTracker(30833): [hipri]  intent.getAction()= android.intent.action.ANY_DATA_STATE
02-07 23:16:12.942 D/MobileDataStateTracker(30833): [hipri]  mEnabled = false
02-07 23:16:12.952 D/MobileDataStateTracker(30833): [hipri]  apnTypeList = default
02-07 23:16:12.952 D/MobileDataStateTracker(30833): [hipri]  unavailable = true
02-07 23:16:12.952 D/MobileDataStateTracker(30833): [hipri] Do not process intents if disabled.
02-07 23:16:12.952 D/MobileDataStateTracker(30833): [dun]  MobileDataStateReceiver onReceive(): Entry.
02-07 23:16:12.952 D/MobileDataStateTracker(30833): [dun]  intent.getAction()= android.intent.action.ANY_DATA_STATE
02-07 23:16:12.952 D/MobileDataStateTracker(30833): [dun]  mEnabled = false
02-07 23:16:12.952 D/MobileDataStateTracker(30833): [dun]  apnTypeList = default
02-07 23:16:12.952 D/MobileDataStateTracker(30833): [dun]  unavailable = true
02-07 23:16:12.952 D/MobileDataStateTracker(30833): [dun] Do not process intents if disabled.
02-07 23:16:12.952 D/MobileDataStateTracker(30833): [supl]  MobileDataStateReceiver onReceive(): Entry.
02-07 23:16:12.952 D/MobileDataStateTracker(30833): [supl]  intent.getAction()= android.intent.action.ANY_DATA_STATE
02-07 23:16:12.952 D/MobileDataStateTracker(30833): [supl]  mEnabled = false
02-07 23:16:12.952 D/MobileDataStateTracker(30833): [supl]  apnTypeList = default
02-07 23:16:12.952 D/MobileDataStateTracker(30833): [supl]  unavailable = true
02-07 23:16:12.952 D/MobileDataStateTracker(30833): [supl] Do not process intents if disabled.
02-07 23:16:12.952 D/MobileDataStateTracker(30833): [mms]  MobileDataStateReceiver onReceive(): Entry.
02-07 23:16:12.952 D/MobileDataStateTracker(30833): [mms]  intent.getAction()= android.intent.action.ANY_DATA_STATE
02-07 23:16:12.952 D/MobileDataStateTracker(30833): [mms]  mEnabled = false
02-07 23:16:12.962 D/MobileDataStateTracker(30833): [mms]  apnTypeList = default
02-07 23:16:12.962 D/MobileDataStateTracker(30833): [mms]  unavailable = true
02-07 23:16:12.962 D/MobileDataStateTracker(30833): [mms] Do not process intents if disabled.
02-07 23:16:12.962 D/MobileDataStateTracker(30833): [default]  MobileDataStateReceiver onReceive(): Entry.
02-07 23:16:12.962 D/MobileDataStateTracker(30833): [default]  intent.getAction()= android.intent.action.ANY_DATA_STATE
02-07 23:16:12.962 D/MobileDataStateTracker(30833): [default]  mEnabled = true
02-07 23:16:12.962 D/MobileDataStateTracker(30833): [default]  apnTypeList = default
02-07 23:16:12.962 D/MobileDataStateTracker(30833): [default]  unavailable = true
02-07 23:16:12.962 D/MobileDataStateTracker(30833): [default] CALL updateMobileInfoFromIntent
02-07 23:16:12.962 I/MobileDataStateTracker(30833): [default] dc state change intent received for default/INET with state  DISCONNECTED. enabled=true state change reason = radioTechnologyChanged
02-07 23:16:12.962 I/MobileDataStateTracker(30833): [default] old state = DISCONNECTED
02-07 23:16:12.962 I/MobileDataStateTracker(30833): [default] no change,  just return
02-07 23:16:12.962 D/MobileDataStateTracker(30833): [default] No need to update detailed state
02-07 23:16:12.962 D/MobileDataStateTracker(30833): [hipri]  MobileDataStateReceiver onReceive(): Entry.
02-07 23:16:12.962 D/MobileDataStateTracker(30833): [hipri]  intent.getAction()= android.intent.action.ANY_DATA_STATE
02-07 23:16:12.962 D/MobileDataStateTracker(30833): [hipri]  mEnabled = false
02-07 23:16:12.962 D/MobileDataStateTracker(30833): [hipri]  apnTypeList = default
02-07 23:16:12.962 D/MobileDataStateTracker(30833): [hipri]  unavailable = true
02-07 23:16:12.962 D/MobileDataStateTracker(30833): [hipri] Do not process intents if disabled.
02-07 23:16:12.962 D/MobileDataStateTracker(30833): [dun]  MobileDataStateReceiver onReceive(): Entry.
02-07 23:16:12.962 D/MobileDataStateTracker(30833): [dun]  intent.getAction()= android.intent.action.ANY_DATA_STATE
02-07 23:16:12.962 D/MobileDataStateTracker(30833): [dun]  mEnabled = false
02-07 23:16:12.962 D/MobileDataStateTracker(30833): [dun]  apnTypeList = default
02-07 23:16:12.972 D/MobileDataStateTracker(30833): [dun]  unavailable = true
02-07 23:16:12.972 D/MobileDataStateTracker(30833): [dun] Do not process intents if disabled.
02-07 23:16:12.972 D/MobileDataStateTracker(30833): [supl]  MobileDataStateReceiver onReceive(): Entry.
02-07 23:16:12.972 D/MobileDataStateTracker(30833): [supl]  intent.getAction()= android.intent.action.ANY_DATA_STATE
02-07 23:16:12.972 D/MobileDataStateTracker(30833): [supl]  mEnabled = false
02-07 23:16:12.972 D/MobileDataStateTracker(30833): [supl]  apnTypeList = default
02-07 23:16:12.972 D/MobileDataStateTracker(30833): [supl]  unavailable = true
02-07 23:16:12.972 D/MobileDataStateTracker(30833): [supl] Do not process intents if disabled.
02-07 23:16:12.972 D/MobileDataStateTracker(30833): [mms]  MobileDataStateReceiver onReceive(): Entry.
02-07 23:16:12.972 D/MobileDataStateTracker(30833): [mms]  intent.getAction()= android.intent.action.ANY_DATA_STATE
02-07 23:16:12.982 D/MobileDataStateTracker(30833): [mms]  mEnabled = false
02-07 23:16:12.992 D/MobileDataStateTracker(30833): [mms]  apnTypeList = default
02-07 23:16:12.992 D/MobileDataStateTracker(30833): [mms]  unavailable = true
02-07 23:16:12.992 D/MobileDataStateTracker(30833): [mms] Do not process intents if disabled.
02-07 23:16:12.992 D/MobileDataStateTracker(30833): [default]  MobileDataStateReceiver onReceive(): Entry.
02-07 23:16:12.992 D/MobileDataStateTracker(30833): [default]  intent.getAction()= android.intent.action.ANY_DATA_STATE
02-07 23:16:12.992 D/MobileDataStateTracker(30833): [default]  mEnabled = true
02-07 23:16:13.002 D/MobileDataStateTracker(30833): [default]  apnTypeList = default
02-07 23:16:13.002 D/MobileDataStateTracker(30833): [default]  unavailable = true
02-07 23:16:13.002 D/MobileDataStateTracker(30833): [default] CALL updateMobileInfoFromIntent
02-07 23:16:13.002 I/MobileDataStateTracker(30833): [default] dc state change intent received for default/INET6 with state  DISCONNECTED. enabled=true state change reason = radioTechnologyChanged
02-07 23:16:13.002 I/MobileDataStateTracker(30833): [default] old state = DISCONNECTED
02-07 23:16:13.002 I/MobileDataStateTracker(30833): [default] no change,  just return
02-07 23:16:13.002 D/MobileDataStateTracker(30833): [default] No need to update detailed state
02-07 23:16:13.002 D/MobileDataStateTracker(30833): [hipri]  MobileDataStateReceiver onReceive(): Entry.
02-07 23:16:13.002 D/MobileDataStateTracker(30833): [hipri]  intent.getAction()= android.intent.action.ANY_DATA_STATE
02-07 23:16:13.002 D/MobileDataStateTracker(30833): [hipri]  mEnabled = false
02-07 23:16:13.022 D/MobileDataStateTracker(30833): [hipri]  apnTypeList = mms
02-07 23:16:13.022 D/MobileDataStateTracker(30833): [hipri]  unavailable = true
02-07 23:16:13.022 D/MobileDataStateTracker(30833): [hipri] Do not process intents if disabled.
02-07 23:16:13.022 D/MobileDataStateTracker(30833): [dun]  MobileDataStateReceiver onReceive(): Entry.
02-07 23:16:13.022 D/MobileDataStateTracker(30833): [dun]  intent.getAction()= android.intent.action.ANY_DATA_STATE
02-07 23:16:13.022 D/MobileDataStateTracker(30833): [dun]  mEnabled = false
02-07 23:16:13.062 D/MobileDataStateTracker(30833): [dun]  apnTypeList = mms
02-07 23:16:13.062 D/MobileDataStateTracker(30833): [dun]  unavailable = true
02-07 23:16:13.062 D/MobileDataStateTracker(30833): [dun] Do not process intents if disabled.
02-07 23:16:13.062 D/MobileDataStateTracker(30833): [supl]  MobileDataStateReceiver onReceive(): Entry.
02-07 23:16:13.062 D/MobileDataStateTracker(30833): [supl]  intent.getAction()= android.intent.action.ANY_DATA_STATE
02-07 23:16:13.062 D/MobileDataStateTracker(30833): [supl]  mEnabled = false
02-07 23:16:13.082 D/MobileDataStateTracker(30833): [supl]  apnTypeList = mms
02-07 23:16:13.082 D/MobileDataStateTracker(30833): [supl]  unavailable = true
02-07 23:16:13.082 D/MobileDataStateTracker(30833): [supl] Do not process intents if disabled.
02-07 23:16:13.082 D/MobileDataStateTracker(30833): [mms]  MobileDataStateReceiver onReceive(): Entry.
02-07 23:16:13.082 D/MobileDataStateTracker(30833): [mms]  intent.getAction()= android.intent.action.ANY_DATA_STATE
02-07 23:16:13.082 D/MobileDataStateTracker(30833): [mms]  mEnabled = false
02-07 23:16:13.092 D/DATA    (30905): [DSST(0)] pollstate() : reason = data network state changed
02-07 23:16:13.092 D/DATA    (30905): [DSST(0)] Poll ServiceState done: oldSS=[3 home null null null  Unknown CSS not supported -1 -1RoamInd: -1RoamStatus(sprint): -1DefRoamInd: -1EmergOnly: false] newSS=[3 home null null null  Unknown CSS not supported -1 -1RoamInd: -1RoamStatus(sprint): -1DefRoamInd: -1EmergOnly: false]
02-07 23:16:13.092 D/DATA    (30905): [DSST(0)]  mDataConnectionState = 0
02-07 23:16:13.092 D/MobileDataStateTracker(30833): [mms]  apnTypeList = mms
02-07 23:16:13.092 D/MobileDataStateTracker(30833): [mms]  unavailable = true
02-07 23:16:13.092 D/MobileDataStateTracker(30833): [mms] Do not process intents if disabled.
02-07 23:16:13.092 D/MobileDataStateTracker(30833): [default]  MobileDataStateReceiver onReceive(): Entry.
02-07 23:16:13.092 D/MobileDataStateTracker(30833): [default]  intent.getAction()= android.intent.action.ANY_DATA_STATE
02-07 23:16:13.092 D/MobileDataStateTracker(30833): [default]  mEnabled = true
02-07 23:16:13.102 D/MobileDataStateTracker(30833): [default]  apnTypeList = mms
02-07 23:16:13.102 D/MobileDataStateTracker(30833): [default]  unavailable = true
02-07 23:16:13.102 D/MobileDataStateTracker(30833): [default] not what we are looking for.
02-07 23:16:13.102 D/MobileDataStateTracker(30833): [hipri]  MobileDataStateReceiver onReceive(): Entry.
02-07 23:16:13.102 D/MobileDataStateTracker(30833): [hipri]  intent.getAction()= android.intent.action.ANY_DATA_STATE
02-07 23:16:13.102 D/MobileDataStateTracker(30833): [hipri]  mEnabled = false
02-07 23:16:13.102 D/MobileDataStateTracker(30833): [hipri]  apnTypeList = mms
02-07 23:16:13.102 D/MobileDataStateTracker(30833): [hipri]  unavailable = true
02-07 23:16:13.102 D/MobileDataStateTracker(30833): [hipri] Do not process intents if disabled.
02-07 23:16:13.102 D/MobileDataStateTracker(30833): [dun]  MobileDataStateReceiver onReceive(): Entry.
02-07 23:16:13.102 D/MobileDataStateTracker(30833): [dun]  intent.getAction()= android.intent.action.ANY_DATA_STATE
02-07 23:16:13.102 D/MobileDataStateTracker(30833): [dun]  mEnabled = false
02-07 23:16:13.112 D/MobileDataStateTracker(30833): [dun]  apnTypeList = mms
02-07 23:16:13.112 D/MobileDataStateTracker(30833): [dun]  unavailable = true
02-07 23:16:13.112 D/MobileDataStateTracker(30833): [dun] Do not process intents if disabled.
02-07 23:16:13.112 D/MobileDataStateTracker(30833): [supl]  MobileDataStateReceiver onReceive(): Entry.
02-07 23:16:13.112 D/MobileDataStateTracker(30833): [supl]  intent.getAction()= android.intent.action.ANY_DATA_STATE
02-07 23:16:13.112 D/MobileDataStateTracker(30833): [supl]  mEnabled = false
02-07 23:16:13.122 D/MobileDataStateTracker(30833): [supl]  apnTypeList = mms
02-07 23:16:13.122 D/MobileDataStateTracker(30833): [supl]  unavailable = true
02-07 23:16:13.122 D/MobileDataStateTracker(30833): [supl] Do not process intents if disabled.
02-07 23:16:13.122 D/MobileDataStateTracker(30833): [mms]  MobileDataStateReceiver onReceive(): Entry.
02-07 23:16:13.122 D/MobileDataStateTracker(30833): [mms]  intent.getAction()= android.intent.action.ANY_DATA_STATE
02-07 23:16:13.122 D/MobileDataStateTracker(30833): [mms]  mEnabled = false
02-07 23:16:13.122 D/MobileDataStateTracker(30833): [mms]  apnTypeList = mms
02-07 23:16:13.122 D/MobileDataStateTracker(30833): [mms]  unavailable = true
02-07 23:16:13.122 D/MobileDataStateTracker(30833): [mms] Do not process intents if disabled.
02-07 23:16:13.122 D/MobileDataStateTracker(30833): [default]  MobileDataStateReceiver onReceive(): Entry.
02-07 23:16:13.122 D/MobileDataStateTracker(30833): [default]  intent.getAction()= android.intent.action.ANY_DATA_STATE
02-07 23:16:13.122 D/MobileDataStateTracker(30833): [default]  mEnabled = true
02-07 23:16:13.122 D/MobileDataStateTracker(30833): [default]  apnTypeList = mms
02-07 23:16:13.122 D/MobileDataStateTracker(30833): [default]  unavailable = true
02-07 23:16:13.122 D/MobileDataStateTracker(30833): [default] not what we are looking for.
02-07 23:16:13.122 D/MobileDataStateTracker(30833): [hipri]  MobileDataStateReceiver onReceive(): Entry.
02-07 23:16:13.122 D/MobileDataStateTracker(30833): [hipri]  intent.getAction()= android.intent.action.ANY_DATA_STATE
02-07 23:16:13.122 D/MobileDataStateTracker(30833): [hipri]  mEnabled = false
02-07 23:16:13.132 D/MobileDataStateTracker(30833): [hipri]  apnTypeList = supl
02-07 23:16:13.132 D/MobileDataStateTracker(30833): [hipri]  unavailable = true
02-07 23:16:13.132 D/MobileDataStateTracker(30833): [hipri] Do not process intents if disabled.
02-07 23:16:13.132 D/MobileDataStateTracker(30833): [dun]  MobileDataStateReceiver onReceive(): Entry.
02-07 23:16:13.132 D/MobileDataStateTracker(30833): [dun]  intent.getAction()= android.intent.action.ANY_DATA_STATE
02-07 23:16:13.132 D/MobileDataStateTracker(30833): [dun]  mEnabled = false
02-07 23:16:13.132 D/MobileDataStateTracker(30833): [dun]  apnTypeList = supl
02-07 23:16:13.132 D/MobileDataStateTracker(30833): [dun]  unavailable = true
02-07 23:16:13.132 D/MobileDataStateTracker(30833): [dun] Do not process intents if disabled.
02-07 23:16:13.132 D/MobileDataStateTracker(30833): [supl]  MobileDataStateReceiver onReceive(): Entry.
02-07 23:16:13.132 D/MobileDataStateTracker(30833): [supl]  intent.getAction()= android.intent.action.ANY_DATA_STATE
02-07 23:16:13.132 D/MobileDataStateTracker(30833): [supl]  mEnabled = false
02-07 23:16:13.132 D/MobileDataStateTracker(30833): [supl]  apnTypeList = supl
02-07 23:16:13.142 D/MobileDataStateTracker(30833): [supl]  unavailable = true
02-07 23:16:13.142 D/MobileDataStateTracker(30833): [supl] Do not process intents if disabled.
02-07 23:16:13.142 D/MobileDataStateTracker(30833): [mms]  MobileDataStateReceiver onReceive(): Entry.
02-07 23:16:13.142 D/MobileDataStateTracker(30833): [mms]  intent.getAction()= android.intent.action.ANY_DATA_STATE
02-07 23:16:13.142 D/MobileDataStateTracker(30833): [mms]  mEnabled = false
02-07 23:16:13.142 D/MobileDataStateTracker(30833): [mms]  apnTypeList = supl
02-07 23:16:13.142 D/MobileDataStateTracker(30833): [mms]  unavailable = true
02-07 23:16:13.142 D/MobileDataStateTracker(30833): [mms] Do not process intents if disabled.
02-07 23:16:13.142 D/MobileDataStateTracker(30833): [default]  MobileDataStateReceiver onReceive(): Entry.
02-07 23:16:13.142 D/MobileDataStateTracker(30833): [default]  intent.getAction()= android.intent.action.ANY_DATA_STATE
02-07 23:16:13.142 D/MobileDataStateTracker(30833): [default]  mEnabled = true
02-07 23:16:13.142 D/MobileDataStateTracker(30833): [default]  apnTypeList = supl
02-07 23:16:13.152 D/MobileDataStateTracker(30833): [default]  unavailable = true
02-07 23:16:13.152 D/MobileDataStateTracker(30833): [default] not what we are looking for.
02-07 23:16:13.152 D/MobileDataStateTracker(30833): [hipri]  MobileDataStateReceiver onReceive(): Entry.
02-07 23:16:13.152 D/MobileDataStateTracker(30833): [hipri]  intent.getAction()= android.intent.action.ANY_DATA_STATE
02-07 23:16:13.152 D/MobileDataStateTracker(30833): [hipri]  mEnabled = false
02-07 23:16:13.152 D/MobileDataStateTracker(30833): [hipri]  apnTypeList = supl
02-07 23:16:13.152 D/MobileDataStateTracker(30833): [hipri]  unavailable = true
02-07 23:16:13.152 D/MobileDataStateTracker(30833): [hipri] Do not process intents if disabled.
02-07 23:16:13.152 D/MobileDataStateTracker(30833): [dun]  MobileDataStateReceiver onReceive(): Entry.
02-07 23:16:13.152 D/MobileDataStateTracker(30833): [dun]  intent.getAction()= android.intent.action.ANY_DATA_STATE
02-07 23:16:13.152 D/MobileDataStateTracker(30833): [dun]  mEnabled = false
02-07 23:16:13.152 D/MobileDataStateTracker(30833): [dun]  apnTypeList = supl
02-07 23:16:13.152 D/MobileDataStateTracker(30833): [dun]  unavailable = true
02-07 23:16:13.152 D/MobileDataStateTracker(30833): [dun] Do not process intents if disabled.
02-07 23:16:13.152 D/MobileDataStateTracker(30833): [supl]  MobileDataStateReceiver onReceive(): Entry.
02-07 23:16:13.162 D/MobileDataStateTracker(30833): [supl]  intent.getAction()= android.intent.action.ANY_DATA_STATE
02-07 23:16:13.162 D/MobileDataStateTracker(30833): [supl]  mEnabled = false
02-07 23:16:13.162 D/MobileDataStateTracker(30833): [supl]  apnTypeList = supl
02-07 23:16:13.162 D/MobileDataStateTracker(30833): [supl]  unavailable = true
02-07 23:16:13.162 D/MobileDataStateTracker(30833): [supl] Do not process intents if disabled.
02-07 23:16:13.162 D/MobileDataStateTracker(30833): [mms]  MobileDataStateReceiver onReceive(): Entry.
02-07 23:16:13.162 D/MobileDataStateTracker(30833): [mms]  intent.getAction()= android.intent.action.ANY_DATA_STATE
02-07 23:16:13.162 D/MobileDataStateTracker(30833): [mms]  mEnabled = false
02-07 23:16:13.162 D/MobileDataStateTracker(30833): [mms]  apnTypeList = supl
02-07 23:16:13.162 D/MobileDataStateTracker(30833): [mms]  unavailable = true
02-07 23:16:13.162 D/MobileDataStateTracker(30833): [mms] Do not process intents if disabled.
02-07 23:16:13.162 D/MobileDataStateTracker(30833): [default]  MobileDataStateReceiver onReceive(): Entry.
02-07 23:16:13.162 D/MobileDataStateTracker(30833): [default]  intent.getAction()= android.intent.action.ANY_DATA_STATE
02-07 23:16:13.162 D/MobileDataStateTracker(30833): [default]  mEnabled = true
02-07 23:16:13.162 D/MobileDataStateTracker(30833): [default]  apnTypeList = supl
02-07 23:16:13.162 D/MobileDataStateTracker(30833): [default]  unavailable = true
02-07 23:16:13.162 D/MobileDataStateTracker(30833): [default] not what we are looking for.
02-07 23:16:13.162 D/MobileDataStateTracker(30833): [hipri]  MobileDataStateReceiver onReceive(): Entry.
02-07 23:16:13.172 D/MobileDataStateTracker(30833): [hipri]  intent.getAction()= android.intent.action.ANY_DATA_STATE
02-07 23:16:13.172 D/MobileDataStateTracker(30833): [hipri]  mEnabled = false
02-07 23:16:13.172 D/MobileDataStateTracker(30833): [hipri]  apnTypeList = dun
