02-07 23:16:11.551 I/TelephonyRegistry(30833): notifyDataConnection: state=0 isDataConnectivityPossible=true reason=radioTurnedOff interfaceName=null networkType=6 apnType=hipri apn=null
02-07 23:16:11.551 I/TelephonyRegistry(30833): +++broadcastDataConnectionStateChanged
02-07 23:16:11.551 I/TelephonyRegistry(30833): +++sendStickyBroadcast
02-07 23:16:11.561 D/MobileDataStateTracker(30833): [supl]  unavailable = false
02-07 23:16:11.561 D/MobileDataStateTracker(30833): [supl] Do not process intents if disabled.
02-07 23:16:11.561 D/MobileDataStateTracker(30833): [mms]  MobileDataStateReceiver onReceive(): Entry.
02-07 23:16:11.561 D/MobileDataStateTracker(30833): [mms]  intent.getAction()= android.intent.action.ANY_DATA_STATE
02-07 23:16:11.561 D/MobileDataStateTracker(30833): [mms]  mEnabled = false
02-07 23:16:11.571 D/MobileDataStateTracker(30833): [mms]  apnTypeList = mms
02-07 23:16:11.571 D/PhoneApp(30905): mReceiver: ACTION_ANY_DATA_CONNECTION_STATE_CHANGED
02-07 23:16:11.571 D/PhoneApp(30905): - state: CONNECTED
02-07 23:16:11.571 D/PhoneApp(30905): - reason: radioTurnedOff
02-07 23:16:11.571 D/PhoneApp(30905): mReceiver: ACTION_ANY_DATA_CONNECTION_STATE_CHANGED
02-07 23:16:11.571 D/PhoneApp(30905): - state: CONNECTED
02-07 23:16:11.571 D/PhoneApp(30905): - reason: radioTurnedOff
02-07 23:16:11.571 D/PhoneApp(30905): mReceiver: ACTION_ANY_DATA_CONNECTION_STATE_CHANGED
02-07 23:16:11.571 D/PhoneApp(30905): - state: CONNECTED
02-07 23:16:11.571 D/PhoneApp(30905): - reason: radioTurnedOff
02-07 23:16:11.571 D/PhoneApp(30905): mReceiver: ACTION_ANY_DATA_CONNECTION_STATE_CHANGED
02-07 23:16:11.571 D/PhoneApp(30905): - state: CONNECTED
02-07 23:16:11.571 D/PhoneApp(30905): - reason: radioTurnedOff
02-07 23:16:11.571 D/PhoneApp(30905): mReceiver: ACTION_ANY_DATA_CONNECTION_STATE_CHANGED
02-07 23:16:11.571 D/PhoneApp(30905): - state: CONNECTED
02-07 23:16:11.571 D/PhoneApp(30905): - reason: radioTurnedOff
02-07 23:16:11.571 D/PhoneApp(30905): mReceiver: ACTION_ANY_DATA_CONNECTION_STATE_CHANGED
02-07 23:16:11.571 D/PhoneApp(30905): - state: CONNECTED
02-07 23:16:11.571 D/PhoneApp(30905): - reason: radioTurnedOff
02-07 23:16:11.571 D/PhoneApp(30905): mReceiver: ACTION_ANY_DATA_CONNECTION_STATE_CHANGED
02-07 23:16:11.571 D/PhoneApp(30905): - state: DISCONNECTED
02-07 23:16:11.571 D/PhoneApp(30905): - reason: radioTurnedOff
02-07 23:16:11.571 D/PhoneApp(30905): mReceiver: ACTION_ANY_DATA_CONNECTION_STATE_CHANGED
02-07 23:16:11.581 D/MobileDataStateTracker(30833): [mms]  unavailable = false
02-07 23:16:11.581 D/MobileDataStateTracker(30833): [mms] Do not process intents if disabled.
02-07 23:16:11.581 D/MobileDataStateTracker(30833): [default]  MobileDataStateReceiver onReceive(): Entry.
02-07 23:16:11.581 D/MobileDataStateTracker(30833): [default]  intent.getAction()= android.intent.action.ANY_DATA_STATE
02-07 23:16:11.581 D/MobileDataStateTracker(30833): [default]  mEnabled = true
02-07 23:16:11.581 D/MobileDataStateTracker(30833): [default]  apnTypeList = mms
02-07 23:16:11.581 D/MobileDataStateTracker(30833): [default]  unavailable = false
02-07 23:16:11.581 D/MobileDataStateTracker(30833): [default] not what we are looking for.
02-07 23:16:11.581 D/MobileDataStateTracker(30833): [hipri]  MobileDataStateReceiver onReceive(): Entry.
02-07 23:16:11.581 D/MobileDataStateTracker(30833): [hipri]  intent.getAction()= android.intent.action.ANY_DATA_STATE
02-07 23:16:11.581 D/MobileDataStateTracker(30833): [hipri]  mEnabled = false
02-07 23:16:11.581 D/MobileDataStateTracker(30833): [hipri]  apnTypeList = mms
02-07 23:16:11.581 D/MobileDataStateTracker(30833): [hipri]  unavailable = false
02-07 23:16:11.581 D/MobileDataStateTracker(30833): [hipri] Do not process intents if disabled.
02-07 23:16:11.581 D/MobileDataStateTracker(30833): [dun]  MobileDataStateReceiver onReceive(): Entry.
02-07 23:16:11.581 D/MobileDataStateTracker(30833): [dun]  intent.getAction()= android.intent.action.ANY_DATA_STATE
02-07 23:16:11.581 D/MobileDataStateTracker(30833): [dun]  mEnabled = false
02-07 23:16:11.591 D/MobileDataStateTracker(30833): [dun]  apnTypeList = mms
02-07 23:16:11.591 D/MobileDataStateTracker(30833): [dun]  unavailable = false
02-07 23:16:11.591 D/MobileDataStateTracker(30833): [dun] Do not process intents if disabled.
02-07 23:16:11.591 D/MobileDataStateTracker(30833): [supl]  MobileDataStateReceiver onReceive(): Entry.
02-07 23:16:11.591 D/MobileDataStateTracker(30833): [supl]  intent.getAction()= android.intent.action.ANY_DATA_STATE
02-07 23:16:11.591 D/MobileDataStateTracker(30833): [supl]  mEnabled = false
02-07 23:16:11.591 D/MobileDataStateTracker(30833): [supl]  apnTypeList = mms
02-07 23:16:11.591 D/MobileDataStateTracker(30833): [supl]  unavailable = false
02-07 23:16:11.591 D/MobileDataStateTracker(30833): [supl] Do not process intents if disabled.
02-07 23:16:11.591 D/MobileDataStateTracker(30833): [mms]  MobileDataStateReceiver onReceive(): Entry.
02-07 23:16:11.591 D/MobileDataStateTracker(30833): [mms]  intent.getAction()= android.intent.action.ANY_DATA_STATE
02-07 23:16:11.601 D/MobileDataStateTracker(30833): [mms]  mEnabled = false
02-07 23:16:11.601 D/PhoneApp(30905): - state: DISCONNECTED
02-07 23:16:11.601 D/PhoneApp(30905): - reason: radioTurnedOff
02-07 23:16:11.611 I/DATA    (30905): [DCT(0) ] onUpdateDataConnections: reason=radioTurnedOff
02-07 23:16:11.611 I/DATA    (30905): [DCT(0) ] ---dc list---
02-07 23:16:11.611 I/DATA    (30905): [DCT(0) ] ---ds list---
02-07 23:16:11.611 I/DATA    (30905): [DCT(0) ] ds= SERVICE_TYPE_DEFAULT, enabled = true, active = v4:IDLE v6:IDLE
02-07 23:16:11.611 I/DATA    (30905): [DCT(0) ] ds= SERVICE_TYPE_MMS, enabled = false, active = v4:IDLE v6:IDLE
02-07 23:16:11.611 I/DATA    (30905): [DCT(0) ] ds= SERVICE_TYPE_SUPL, enabled = false, active = v4:IDLE v6:IDLE
02-07 23:16:11.611 I/DATA    (30905): [DCT(0) ] ds= SERVICE_TYPE_DUN, enabled = false, active = v4:IDLE v6:IDLE
02-07 23:16:11.611 I/DATA    (30905): [DCT(0) ] ds= SERVICE_TYPE_HIPRI, enabled = false, active = v4:IDLE v6:IDLE
02-07 23:16:11.611 I/DATA    (30905): [DCT(0) ] ***** NOT Ready for data :
02-07 23:16:11.611 I/DATA    (30905): [DCT(0) ]    getDesiredPowerState() = false
02-07 23:16:11.621 D/MobileDataStateTracker(30833): [mms]  apnTypeList = mms
02-07 23:16:11.621 D/MobileDataStateTracker(30833): [mms]  unavailable = false
02-07 23:16:11.621 D/MobileDataStateTracker(30833): [mms] Do not process intents if disabled.
02-07 23:16:11.621 D/MobileDataStateTracker(30833): [default]  MobileDataStateReceiver onReceive(): Entry.
02-07 23:16:11.621 D/MobileDataStateTracker(30833): [default]  intent.getAction()= android.intent.action.ANY_DATA_STATE
02-07 23:16:11.621 D/MobileDataStateTracker(30833): [default]  mEnabled = true
02-07 23:16:11.631 I/DATA    (30905): [DCT(0) ]    mCm.getRadioState() = RADIO_ON
02-07 23:16:11.631 I/DATA    (30905): [DCT(0) ]    [DataRadioTech = RADIO_TECH_EVDO_A, data network state = 0, mMasterDataEnabled = true, is Roaming = false, dataOnRoamingEnable = false, isPsRestricted = false, desiredPowerState  = false, mSIMRecords = , cdmaSubSource = 1/310120, mRuimRecords = , checks = true/true]
02-07 23:16:11.631 D/PhoneApp(30905): old phone type:2, New Phone type:2
02-07 23:16:11.641 D/MobileDataStateTracker(30833): [default]  apnTypeList = mms
02-07 23:16:11.641 D/MobileDataStateTracker(30833): [default]  unavailable = false
02-07 23:16:11.641 D/MobileDataStateTracker(30833): [default] not what we are looking for.
02-07 23:16:11.641 D/NotificationMgr(30905): hideDataDisconnectedRoaming()...
02-07 23:16:11.651 D/PhoneApp(30905): old phone type:2, New Phone type:2
02-07 23:16:11.651 D/NotificationMgr(30905): hideDataDisconnectedRoaming()...
02-07 23:16:11.651 D/Tethering(30833): MasterInitialState.processMessage what=3
02-07 23:16:11.651 D/PhoneApp(30905): old phone type:2, New Phone type:2
02-07 23:16:11.651 D/NotificationMgr(30905): hideDataDisconnectedRoaming()...
02-07 23:16:11.661 D/PhoneApp(30905): old phone type:2, New Phone type:2
02-07 23:16:11.661 D/NotificationMgr(30905): hideDataDisconnectedRoaming()...
02-07 23:16:11.661 D/PhoneApp(30905): old phone type:2, New Phone type:2
02-07 23:16:11.661 D/NotificationMgr(30905): hideDataDisconnectedRoaming()...
02-07 23:16:11.661 D/PhoneApp(30905): old phone type:2, New Phone type:2
02-07 23:16:11.661 D/NotificationMgr(30905): hideDataDisconnectedRoaming()...
02-07 23:16:11.671 D/PhoneApp(30905): old phone type:2, New Phone type:2
02-07 23:16:11.671 D/NotificationMgr(30905): hideDataDisconnectedRoaming()...
02-07 23:16:11.671 D/PhoneApp(30905): old phone type:2, New Phone type:2
02-07 23:16:11.671 D/NotificationMgr(30905): hideDataDisconnectedRoaming()...
02-07 23:16:11.681 D/ADDRESS_CACHE_MONITOR(32003): network (mobile) is disconnected
02-07 23:16:11.701 D/MobileDataStateTracker(30833): [hipri]  MobileDataStateReceiver onReceive(): Entry.
02-07 23:16:11.701 D/MobileDataStateTracker(30833): [hipri]  intent.getAction()= android.intent.action.ANY_DATA_STATE
02-07 23:16:11.701 D/MobileDataStateTracker(30833): [hipri]  mEnabled = false
02-07 23:16:11.701 D/MobileDataStateTracker(30833): [hipri]  apnTypeList = supl
02-07 23:16:11.701 D/MobileDataStateTracker(30833): [hipri]  unavailable = false
02-07 23:16:11.701 D/MobileDataStateTracker(30833): [hipri] Do not process intents if disabled.
02-07 23:16:11.701 D/MobileDataStateTracker(30833): [dun]  MobileDataStateReceiver onReceive(): Entry.
02-07 23:16:11.701 D/MobileDataStateTracker(30833): [dun]  intent.getAction()= android.intent.action.ANY_DATA_STATE
02-07 23:16:11.701 D/MobileDataStateTracker(30833): [dun]  mEnabled = false
02-07 23:16:11.701 D/MobileDataStateTracker(30833): [dun]  apnTypeList = supl
02-07 23:16:11.701 D/MobileDataStateTracker(30833): [dun]  unavailable = false
02-07 23:16:11.701 D/MobileDataStateTracker(30833): [dun] Do not process intents if disabled.
02-07 23:16:11.701 D/MobileDataStateTracker(30833): [supl]  MobileDataStateReceiver onReceive(): Entry.
02-07 23:16:11.701 D/MobileDataStateTracker(30833): [supl]  intent.getAction()= android.intent.action.ANY_DATA_STATE
02-07 23:16:11.701 D/MobileDataStateTracker(30833): [supl]  mEnabled = false
02-07 23:16:11.711 D/MobileDataStateTracker(30833): [supl]  apnTypeList = supl
02-07 23:16:11.711 D/MobileDataStateTracker(30833): [supl]  unavailable = false
02-07 23:16:11.711 D/MobileDataStateTracker(30833): [supl] Do not process intents if disabled.
02-07 23:16:11.711 D/MobileDataStateTracker(30833): [mms]  MobileDataStateReceiver onReceive(): Entry.
02-07 23:16:11.711 D/MobileDataStateTracker(30833): [mms]  intent.getAction()= android.intent.action.ANY_DATA_STATE
02-07 23:16:11.711 D/MobileDataStateTracker(30833): [mms]  mEnabled = false
02-07 23:16:11.721 D/MobileDataStateTracker(30833): [mms]  apnTypeList = supl
02-07 23:16:11.721 D/MobileDataStateTracker(30833): [mms]  unavailable = false
02-07 23:16:11.721 D/MobileDataStateTracker(30833): [mms] Do not process intents if disabled.
02-07 23:16:11.721 D/MobileDataStateTracker(30833): [default]  MobileDataStateReceiver onReceive(): Entry.
02-07 23:16:11.721 D/MobileDataStateTracker(30833): [default]  intent.getAction()= android.intent.action.ANY_DATA_STATE
02-07 23:16:11.721 D/MobileDataStateTracker(30833): [default]  mEnabled = true
02-07 23:16:11.721 D/MobileDataStateTracker(30833): [default]  apnTypeList = supl
02-07 23:16:11.721 D/MobileDataStateTracker(30833): [default]  unavailable = false
02-07 23:16:11.721 D/MobileDataStateTracker(30833): [default] not what we are looking for.
02-07 23:16:11.721 D/MobileDataStateTracker(30833): [hipri]  MobileDataStateReceiver onReceive(): Entry.
02-07 23:16:11.721 D/MobileDataStateTracker(30833): [hipri]  intent.getAction()= android.intent.action.ANY_DATA_STATE
02-07 23:16:11.721 D/MobileDataStateTracker(30833): [hipri]  mEnabled = false
02-07 23:16:11.721 D/MobileDataStateTracker(30833): [hipri]  apnTypeList = supl
02-07 23:16:11.721 D/MobileDataStateTracker(30833): [hipri]  unavailable = false
02-07 23:16:11.721 D/MobileDataStateTracker(30833): [hipri] Do not process intents if disabled.
02-07 23:16:11.721 D/MobileDataStateTracker(30833): [dun]  MobileDataStateReceiver onReceive(): Entry.
02-07 23:16:11.721 D/MobileDataStateTracker(30833): [dun]  intent.getAction()= android.intent.action.ANY_DATA_STATE
02-07 23:16:11.721 D/MobileDataStateTracker(30833): [dun]  mEnabled = false
02-07 23:16:11.731 D/MobileDataStateTracker(30833): [dun]  apnTypeList = supl
02-07 23:16:11.731 D/MobileDataStateTracker(30833): [dun]  unavailable = false
02-07 23:16:11.731 D/MobileDataStateTracker(30833): [dun] Do not process intents if disabled.
02-07 23:16:11.731 D/MobileDataStateTracker(30833): [supl]  MobileDataStateReceiver onReceive(): Entry.
02-07 23:16:11.731 D/MobileDataStateTracker(30833): [supl]  intent.getAction()= android.intent.action.ANY_DATA_STATE
02-07 23:16:11.731 D/MobileDataStateTracker(30833): [supl]  mEnabled = false
02-07 23:16:11.731 D/MobileDataStateTracker(30833): [supl]  apnTypeList = supl
02-07 23:16:11.731 D/MobileDataStateTracker(30833): [supl]  unavailable = false
02-07 23:16:11.731 D/MobileDataStateTracker(30833): [supl] Do not process intents if disabled.
02-07 23:16:11.731 D/MobileDataStateTracker(30833): [mms]  MobileDataStateReceiver onReceive(): Entry.
02-07 23:16:11.731 D/MobileDataStateTracker(30833): [mms]  intent.getAction()= android.intent.action.ANY_DATA_STATE
02-07 23:16:11.731 D/MobileDataStateTracker(30833): [mms]  mEnabled = false
02-07 23:16:11.731 D/MobileDataStateTracker(30833): [mms]  apnTypeList = supl
02-07 23:16:11.731 D/MobileDataStateTracker(30833): [mms]  unavailable = false
02-07 23:16:11.731 D/MobileDataStateTracker(30833): [mms] Do not process intents if disabled.
02-07 23:16:11.731 D/MobileDataStateTracker(30833): [default]  MobileDataStateReceiver onReceive(): Entry.
02-07 23:16:11.731 D/MobileDataStateTracker(30833): [default]  intent.getAction()= android.intent.action.ANY_DATA_STATE
02-07 23:16:11.731 D/MobileDataStateTracker(30833): [default]  mEnabled = true
02-07 23:16:11.741 D/MobileDataStateTracker(30833): [default]  apnTypeList = supl
02-07 23:16:11.741 D/MobileDataStateTracker(30833): [default]  unavailable = false
02-07 23:16:11.741 D/MobileDataStateTracker(30833): [default] not what we are looking for.
02-07 23:16:11.741 D/MobileDataStateTracker(30833): [hipri]  MobileDataStateReceiver onReceive(): Entry.
02-07 23:16:11.741 D/MobileDataStateTracker(30833): [hipri]  intent.getAction()= android.intent.action.ANY_DATA_STATE
02-07 23:16:11.741 D/MobileDataStateTracker(30833): [hipri]  mEnabled = false
02-07 23:16:11.741 D/MobileDataStateTracker(30833): [hipri]  apnTypeList = hipri
02-07 23:16:11.741 D/MobileDataStateTracker(30833): [hipri]  unavailable = false
02-07 23:16:11.741 D/MobileDataStateTracker(30833): [hipri] Do not process intents if disabled.
02-07 23:16:11.741 D/MobileDataStateTracker(30833): [dun]  MobileDataStateReceiver onReceive(): Entry.
02-07 23:16:11.741 D/MobileDataStateTracker(30833): [dun]  intent.getAction()= android.intent.action.ANY_DATA_STATE
02-07 23:16:11.741 D/MobileDataStateTracker(30833): [dun]  mEnabled = false
02-07 23:16:11.741 D/MobileDataStateTracker(30833): [dun]  apnTypeList = hipri
02-07 23:16:11.751 D/MobileDataStateTracker(30833): [dun]  unavailable = false
02-07 23:16:11.751 D/MobileDataStateTracker(30833): [dun] Do not process intents if disabled.
02-07 23:16:11.751 D/MobileDataStateTracker(30833): [supl]  MobileDataStateReceiver onReceive(): Entry.
02-07 23:16:11.751 D/MobileDataStateTracker(30833): [supl]  intent.getAction()= android.intent.action.ANY_DATA_STATE
02-07 23:16:11.751 D/MobileDataStateTracker(30833): [supl]  mEnabled = false
02-07 23:16:11.751 D/MobileDataStateTracker(30833): [supl]  apnTypeList = hipri
02-07 23:16:11.751 D/MobileDataStateTracker(30833): [supl]  unavailable = false
02-07 23:16:11.751 D/MobileDataStateTracker(30833): [supl] Do not process intents if disabled.
02-07 23:16:11.751 D/MobileDataStateTracker(30833): [mms]  MobileDataStateReceiver onReceive(): Entry.
02-07 23:16:11.751 D/MobileDataStateTracker(30833): [mms]  intent.getAction()= android.intent.action.ANY_DATA_STATE
02-07 23:16:11.751 D/MobileDataStateTracker(30833): [mms]  mEnabled = false
02-07 23:16:11.751 D/MobileDataStateTracker(30833): [mms]  apnTypeList = hipri
02-07 23:16:11.751 D/MobileDataStateTracker(30833): [mms]  unavailable = false
02-07 23:16:11.751 D/MobileDataStateTracker(30833): [mms] Do not process intents if disabled.
02-07 23:16:11.751 D/MobileDataStateTracker(30833): [default]  MobileDataStateReceiver onReceive(): Entry.
02-07 23:16:11.761 D/MobileDataStateTracker(30833): [default]  intent.getAction()= android.intent.action.ANY_DATA_STATE
02-07 23:16:11.761 D/MobileDataStateTracker(30833): [default]  mEnabled = true
02-07 23:16:11.761 D/MobileDataStateTracker(30833): [default]  apnTypeList = hipri
02-07 23:16:11.761 D/MobileDataStateTracker(30833): [default]  unavailable = false
02-07 23:16:11.761 D/MobileDataStateTracker(30833): [default] not what we are looking for.
02-07 23:16:11.761 D/MobileDataStateTracker(30833): [hipri]  MobileDataStateReceiver onReceive(): Entry.
02-07 23:16:11.761 D/MobileDataStateTracker(30833): [hipri]  intent.getAction()= android.intent.action.ANY_DATA_STATE
02-07 23:16:11.761 D/MobileDataStateTracker(30833): [hipri]  mEnabled = false
02-07 23:16:11.771 D/MobileDataStateTracker(30833): [hipri]  apnTypeList = hipri
02-07 23:16:11.771 D/MobileDataStateTracker(30833): [hipri]  unavailable = false
02-07 23:16:11.771 D/MobileDataStateTracker(30833): [hipri] Do not process intents if disabled.
02-07 23:16:11.771 D/MobileDataStateTracker(30833): [dun]  MobileDataStateReceiver onReceive(): Entry.
02-07 23:16:11.771 D/MobileDataStateTracker(30833): [dun]  intent.getAction()= android.intent.action.ANY_DATA_STATE
02-07 23:16:11.771 D/MobileDataStateTracker(30833): [dun]  mEnabled = false
02-07 23:16:11.771 D/MobileDataStateTracker(30833): [dun]  apnTypeList = hipri
02-07 23:16:11.771 D/MobileDataStateTracker(30833): [dun]  unavailable = false
02-07 23:16:11.771 D/MobileDataStateTracker(30833): [dun] Do not process intents if disabled.
02-07 23:16:11.781 D/MobileDataStateTracker(30833): [supl]  MobileDataStateReceiver onReceive(): Entry.
02-07 23:16:11.781 D/MobileDataStateTracker(30833): [supl]  intent.getAction()= android.intent.action.ANY_DATA_STATE
02-07 23:16:11.781 D/MobileDataStateTracker(30833): [supl]  mEnabled = false
02-07 23:16:11.781 D/MobileDataStateTracker(30833): [supl]  apnTypeList = hipri
02-07 23:16:11.781 D/MobileDataStateTracker(30833): [supl]  unavailable = false
02-07 23:16:11.781 D/MobileDataStateTracker(30833): [supl] Do not process intents if disabled.
02-07 23:16:11.781 D/MobileDataStateTracker(30833): [mms]  MobileDataStateReceiver onReceive(): Entry.
02-07 23:16:11.781 D/MobileDataStateTracker(30833): [mms]  intent.getAction()= android.intent.action.ANY_DATA_STATE
02-07 23:16:11.781 D/MobileDataStateTracker(30833): [mms]  mEnabled = false
02-07 23:16:11.791 D/MobileDataStateTracker(30833): [mms]  apnTypeList = hipri
02-07 23:16:11.791 D/MobileDataStateTracker(30833): [mms]  unavailable = false
02-07 23:16:11.791 D/MobileDataStateTracker(30833): [mms] Do not process intents if disabled.
02-07 23:16:11.791 D/MobileDataStateTracker(30833): [default]  MobileDataStateReceiver onReceive(): Entry.
02-07 23:16:11.801 D/MobileDataStateTracker(30833): [default]  intent.getAction()= android.intent.action.ANY_DATA_STATE
02-07 23:16:11.801 D/MobileDataStateTracker(30833): [default]  mEnabled = true
02-07 23:16:11.801 D/MobileDataStateTracker(30833): [default]  apnTypeList = hipri
02-07 23:16:11.801 D/MobileDataStateTracker(30833): [default]  unavailable = false
02-07 23:16:11.801 D/MobileDataStateTracker(30833): [default] not what we are looking for.
02-07 23:16:11.831 D/ADDRESS_CACHE_MONITOR(31425): network (mobile) is disconnected
02-07 23:16:11.831 D/GpsLocationProvider(30833): updateNetworkState unavailable info: NetworkInfo: type: mobile[CDMA - EvDo rev. A], state: DISCONNECTED/DISCONNECTED, reason: radioTurnedOff, extra: (none), roaming: false, failover: false, isAvailable: true, isIpv4Connected: false, isIpv6Connected: false, ipv4Name: null, ipv6Name: null
02-07 23:16:11.841 I/GTalkService(30936): [GTalkConnection.26] connectionClosed: connId=3451716, error=CONNECTION FAILED
02-07 23:16:11.921 I/ActivityThread( 3193): Pub com.google.android.apps.uploader: com.google.android.apps.uploader.UploadsContentProvider
02-07 23:16:11.921 I/ActivityThread( 3193): Pub com.google.photos.provider.Album: com.google.android.apps.uploader.clients.picasa.AlbumProvider
02-07 23:16:11.921 D/MediaUploader( 3193): UploaderApplication.onCreate
02-07 23:16:11.951 D/MediaUploader( 3193): nonWifiLimit=20971520, default=20971520
02-07 23:16:11.951 I/MediaUploader( 3193): No need to wake up
02-07 23:16:12.061 D/DATA    (30905): [DSST(0)] pollstate() : reason = data network state changed
02-07 23:16:12.081 E/JavaBinder(30833): Transact on 0x4f1aa0 in Java object 0x409cd5f0 with code 9 failed
02-07 23:16:12.111 I/dun_service(  123): The value returned from dun_getusbmodemstate_fromsys is 2 
02-07 23:16:12.111 D/KeyguardUpdateMonitor(30833): received broadcast android.intent.action.BATTERY_CHANGED
02-07 23:16:12.111 D/KeyguardUpdateMonitor(30833): handleBatteryUpdate
02-07 23:16:12.202 D/MobileDataStateTracker(30833): [hipri]  MobileDataStateReceiver onReceive(): Entry.
02-07 23:16:12.202 D/MobileDataStateTracker(30833): [hipri]  intent.getAction()= android.intent.action.SERVICE_STATE
02-07 23:16:12.202 D/MobileDataStateTracker(30833): [hipri]  mEnabled = false
02-07 23:16:12.202 D/MobileDataStateTracker(30833): [dun]  MobileDataStateReceiver onReceive(): Entry.
02-07 23:16:12.202 D/MobileDataStateTracker(30833): [dun]  intent.getAction()= android.intent.action.SERVICE_STATE
02-07 23:16:12.202 D/MobileDataStateTracker(30833): [dun]  mEnabled = false
02-07 23:16:12.212 D/DATA    (30905): [DSST(0)]  registrationState = 1  radioTechnology = 6 reasonForDenial = 0
02-07 23:16:12.212 D/DATA    (30905): [DSST(0)]  set mNewDataConnectionState = 0
02-07 23:16:12.212 D/DATA    (30905): [DSST(0)]  mNewDataConnectionState : 0  mDataConnectionState : 0
02-07 23:16:12.212 D/DATA    (30905): [DSST(0)] Poll ServiceState done: oldSS=[0 home null null null  EvDo rev. A CSS not supported -1 -1RoamInd: -1RoamStatus(sprint): -1DefRoamInd: -1EmergOnly: false] newSS=[0 home null null null  1xRTT CSS not supported -1 -1RoamInd: -1RoamStatus(sprint): -1DefRoamInd: -1EmergOnly: false]
02-07 23:16:12.212 D/DATA    (30905): [DSST(0)]  mDataConnectionState = 0
02-07 23:16:12.272 D/CallManager(30905):  handleMessage (EVENT_SERVICE_STATE_CHANGED)
02-07 23:16:12.272 E/BT HS/HF(30905): SERVICE_STATE_CHANGED called
02-07 23:16:12.282 I/ActivityThread( 3203): Pub gmail-ls: com.google.android.gm.provider.MailProvider
02-07 23:16:12.282 E/BT HS/HF(30905): updateServiceState called, sendUpdate:false  ServiceState:0 home Sprint  310099  EvDo rev. A CSS not supported 41 4139RoamInd: 1RoamStatus(sprint): 1DefRoamInd: 160EmergOnly: false
02-07 23:16:12.302 E/BT HS/HF(30905): service:1 mService:1
02-07 23:16:12.302 D/MobileDataStateTracker(30833): [dun] subType changed, oldSubtype = 6new subtype = 7
02-07 23:16:12.302 D/CallManager(30905):  handleMessage (EVENT_SERVICE_STATE_CHANGED)
02-07 23:16:12.302 E/BT HS/HF(30905): SERVICE_STATE_CHANGED called
02-07 23:16:12.302 E/BT HS/HF(30905): updateServiceState called, sendUpdate:false  ServiceState:0 home Sprint  310099  1xRTT CSS not supported 41 4139RoamInd: 1RoamStatus(sprint): 1DefRoamInd: 160EmergOnly: false
02-07 23:16:12.302 E/BT HS/HF(30905): service:1 mService:1
02-07 23:16:12.312 D/Phone   (30905): [PhoneNotifier] [DefaultPhoneNotifier] : default, INET, DISCONNECTED
02-07 23:16:12.322 D/MobileDataStateTracker(30833): [supl]  MobileDataStateReceiver onReceive(): Entry.
02-07 23:16:12.322 D/MobileDataStateTracker(30833): [supl]  intent.getAction()= android.intent.action.SERVICE_STATE
02-07 23:16:12.322 D/MobileDataStateTracker(30833): [supl]  mEnabled = false
02-07 23:16:12.332 I/TelephonyRegistry(30833): notifyDataConnection: state=0 isDataConnectivityPossible=true reason=radioTechnologyChanged interfaceName=null networkType=7 apnType=default apn=null
02-07 23:16:12.332 I/TelephonyRegistry(30833): +++broadcastDataConnectionStateChanged
02-07 23:16:12.332 I/TelephonyRegistry(30833): +++sendStickyBroadcast
02-07 23:16:12.352 I/ActivityThread( 3203): Pub com.google.android.gm.attachmentspreviews: com.google.android.gm.AttachmentPreviewProvider
02-07 23:16:12.352 I/ActivityThread( 3203): Pub com.google.android.gmail.SuggestionProvider: com.google.android.gm.SuggestionsProvider
02-07 23:16:12.362 I/ActivityThread( 3203): Pub gmail-downloads: com.google.android.gm.downloadprovider.DownloadProvider
02-07 23:16:12.412 D/MobileDataStateTracker(30833): [supl] subType changed, oldSubtype = 6new subtype = 7
02-07 23:16:12.412 D/Phone   (30905): [PhoneNotifier] [DefaultPhoneNotifier] : default, INET6, DISCONNECTED
02-07 23:16:12.412 I/TelephonyRegistry(30833): notifyDataConnection: state=0 isDataConnectivityPossible=true reason=radioTechnologyChanged interfaceName=null networkType=7 apnType=default apn=null
02-07 23:16:12.412 I/TelephonyRegistry(30833): +++broadcastDataConnectionStateChanged
02-07 23:16:12.412 D/MobileDataStateTracker(30833): [mms]  MobileDataStateReceiver onReceive(): Entry.
02-07 23:16:12.412 D/MobileDataStateTracker(30833): [mms]  intent.getAction()= android.intent.action.SERVICE_STATE
02-07 23:16:12.412 D/MobileDataStateTracker(30833): [mms]  mEnabled = false
02-07 23:16:12.422 I/TelephonyRegistry(30833): +++sendStickyBroadcast
02-07 23:16:12.422 D/Phone   (30905): [PhoneNotifier] [DefaultPhoneNotifier] : mms, INET, DISCONNECTED
02-07 23:16:12.422 I/TelephonyRegistry(30833): notifyDataConnection: state=0 isDataConnectivityPossible=true reason=radioTechnologyChanged interfaceName=null networkType=7 apnType=mms apn=null
02-07 23:16:12.422 I/TelephonyRegistry(30833): +++broadcastDataConnectionStateChanged
02-07 23:16:12.422 D/MobileDataStateTracker(30833): [mms] subType changed, oldSubtype = 6new subtype = 7
02-07 23:16:12.422 D/MobileDataStateTracker(30833): [default]  MobileDataStateReceiver onReceive(): Entry.
02-07 23:16:12.422 D/MobileDataStateTracker(30833): [default]  intent.getAction()= android.intent.action.SERVICE_STATE
02-07 23:16:12.422 D/MobileDataStateTracker(30833): [default]  mEnabled = true
02-07 23:16:12.432 D/MobileDataStateTracker(30833): [default] subType changed, oldSubtype = 6new subtype = 7
02-07 23:16:12.432 I/TelephonyRegistry(30833): +++sendStickyBroadcast
02-07 23:16:12.432 D/Phone   (30905): [PhoneNotifier] [DefaultPhoneNotifier] : mms, INET6, DISCONNECTED
02-07 23:16:12.432 I/TelephonyRegistry(30833): notifyDataConnection: state=0 isDataConnectivityPossible=true reason=radioTechnologyChanged interfaceName=null networkType=7 apnType=mms apn=null
02-07 23:16:12.432 I/TelephonyRegistry(30833): +++broadcastDataConnectionStateChanged
02-07 23:16:12.432 I/TelephonyRegistry(30833): +++sendStickyBroadcast
02-07 23:16:12.442 D/MobileDataStateTracker(30833): [hipri]  MobileDataStateReceiver onReceive(): Entry.
02-07 23:16:12.442 D/MobileDataStateTracker(30833): [hipri]  intent.getAction()= android.intent.action.SERVICE_STATE
02-07 23:16:12.442 D/MobileDataStateTracker(30833): [hipri]  mEnabled = false
02-07 23:16:12.442 D/MobileDataStateTracker(30833): [hipri] subType changed, oldSubtype = 6new subtype = 7
02-07 23:16:12.442 D/Phone   (30905): [PhoneNotifier] [DefaultPhoneNotifier] : supl, INET, DISCONNECTED
02-07 23:16:12.442 I/TelephonyRegistry(30833): notifyDataConnection: state=0 isDataConnectivityPossible=true reason=radioTechnologyChanged interfaceName=null networkType=7 apnType=supl apn=null
02-07 23:16:12.442 I/TelephonyRegistry(30833): +++broadcastDataConnectionStateChanged
02-07 23:16:12.442 I/TelephonyRegistry(30833): +++sendStickyBroadcast
02-07 23:16:12.452 D/MobileDataStateTracker(30833): [dun]  MobileDataStateReceiver onReceive(): Entry.
02-07 23:16:12.452 D/MobileDataStateTracker(30833): [dun]  intent.getAction()= android.intent.action.SERVICE_STATE
02-07 23:16:12.452 D/MobileDataStateTracker(30833): [dun]  mEnabled = false
02-07 23:16:12.452 D/Phone   (30905): [PhoneNotifier] [DefaultPhoneNotifier] : supl, INET6, DISCONNECTED
02-07 23:16:12.452 I/TelephonyRegistry(30833): notifyDataConnection: state=0 isDataConnectivityPossible=true reason=radioTechnologyChanged interfaceName=null networkType=7 apnType=supl apn=null
02-07 23:16:12.452 I/TelephonyRegistry(30833): +++broadcastDataConnectionStateChanged
02-07 23:16:12.452 I/TelephonyRegistry(30833): +++sendStickyBroadcast
02-07 23:16:12.462 D/MobileDataStateTracker(30833): [supl]  MobileDataStateReceiver onReceive(): Entry.
02-07 23:16:12.462 D/MobileDataStateTracker(30833): [supl]  intent.getAction()= android.intent.action.SERVICE_STATE
02-07 23:16:12.462 D/MobileDataStateTracker(30833): [supl]  mEnabled = false
02-07 23:16:12.462 D/MobileDataStateTracker(30833): [mms]  MobileDataStateReceiver onReceive(): Entry.
02-07 23:16:12.462 D/MobileDataStateTracker(30833): [mms]  intent.getAction()= android.intent.action.SERVICE_STATE
02-07 23:16:12.462 D/MobileDataStateTracker(30833): [mms]  mEnabled = false
02-07 23:16:12.462 D/MobileDataStateTracker(30833): [default]  MobileDataStateReceiver onReceive(): Entry.
02-07 23:16:12.462 D/MobileDataStateTracker(30833): [default]  intent.getAction()= android.intent.action.SERVICE_STATE
02-07 23:16:12.462 D/MobileDataStateTracker(30833): [default]  mEnabled = true
02-07 23:16:12.472 D/MobileDataStateTracker(30833): [hipri]  MobileDataStateReceiver onReceive(): Entry.
02-07 23:16:12.472 D/MobileDataStateTracker(30833): [hipri]  intent.getAction()= android.intent.action.ANY_DATA_STATE
02-07 23:16:12.472 D/MobileDataStateTracker(30833): [hipri]  mEnabled = false
02-07 23:16:12.472 D/MobileDataStateTracker(30833): [hipri]  apnTypeList = default
02-07 23:16:12.472 D/MobileDataStateTracker(30833): [hipri]  unavailable = false
02-07 23:16:12.472 D/MobileDataStateTracker(30833): [hipri] Do not process intents if disabled.
02-07 23:16:12.472 D/MobileDataStateTracker(30833): [dun]  MobileDataStateReceiver onReceive(): Entry.
02-07 23:16:12.472 D/MobileDataStateTracker(30833): [dun]  intent.getAction()= android.intent.action.ANY_DATA_STATE
02-07 23:16:12.472 D/MobileDataStateTracker(30833): [dun]  mEnabled = false
02-07 23:16:12.472 D/MobileDataStateTracker(30833): [dun]  apnTypeList = default
02-07 23:16:12.472 D/MobileDataStateTracker(30833): [dun]  unavailable = false
02-07 23:16:12.472 D/MobileDataStateTracker(30833): [dun] Do not process intents if disabled.
02-07 23:16:12.472 D/MobileDataStateTracker(30833): [supl]  MobileDataStateReceiver onReceive(): Entry.
02-07 23:16:12.472 D/MobileDataStateTracker(30833): [supl]  intent.getAction()= android.intent.action.ANY_DATA_STATE
02-07 23:16:12.472 D/MobileDataStateTracker(30833): [supl]  mEnabled = false
02-07 23:16:12.472 D/MobileDataStateTracker(30833): [supl]  apnTypeList = default
02-07 23:16:12.472 D/MobileDataStateTracker(30833): [supl]  unavailable = false
02-07 23:16:12.472 D/MobileDataStateTracker(30833): [supl] Do not process intents if disabled.
02-07 23:16:12.472 D/MobileDataStateTracker(30833): [mms]  MobileDataStateReceiver onReceive(): Entry.
02-07 23:16:12.472 D/MobileDataStateTracker(30833): [mms]  intent.getAction()= android.intent.action.ANY_DATA_STATE
02-07 23:16:12.472 D/MobileDataStateTracker(30833): [mms]  mEnabled = false
02-07 23:16:12.482 D/Phone   (30905): [PhoneNotifier] [DefaultPhoneNotifier] : dun, INET, DISCONNECTED
02-07 23:16:12.482 I/TelephonyRegistry(30833): notifyDataConnection: state=0 isDataConnectivityPossible=true reason=radioTechnologyChanged interfaceName=null networkType=7 apnType=dun apn=null
02-07 23:16:12.482 I/TelephonyRegistry(30833): +++broadcastDataConnectionStateChanged
02-07 23:16:12.482 I/TelephonyRegistry(30833): +++sendStickyBroadcast
02-07 23:16:12.492 D/Phone   (30905): [PhoneNotifier] [DefaultPhoneNotifier] : dun, INET6, DISCONNECTED
02-07 23:16:12.492 I/TelephonyRegistry(30833): notifyDataConnection: state=0 isDataConnectivityPossible=true reason=radioTechnologyChanged interfaceName=null networkType=7 apnType=dun apn=null
02-07 23:16:12.492 I/TelephonyRegistry(30833): +++broadcastDataConnectionStateChanged
02-07 23:16:12.492 I/TelephonyRegistry(30833): +++sendStickyBroadcast
02-07 23:16:12.502 D/AlarmManager(30833): +++Alarm set:type=2 com.google.android.gsf  Trigger after:24342ms
02-07 23:16:12.502 I/GTalkService(30936): [GTalkConnection.26] (WORKER THREAD) update account status
02-07 23:16:12.502 D/Phone   (30905): [PhoneNotifier] [DefaultPhoneNotifier] : hipri, INET, DISCONNECTED
02-07 23:16:12.512 D/MobileDataStateTracker(30833): [mms]  apnTypeList = default
02-07 23:16:12.512 D/MobileDataStateTracker(30833): [mms]  unavailable = false
02-07 23:16:12.512 D/MobileDataStateTracker(30833): [mms] Do not process intents if disabled.
02-07 23:16:12.512 D/MobileDataStateTracker(30833): [default]  MobileDataStateReceiver onReceive(): Entry.
02-07 23:16:12.512 D/MobileDataStateTracker(30833): [default]  intent.getAction()= android.intent.action.ANY_DATA_STATE
02-07 23:16:12.512 D/MobileDataStateTracker(30833): [default]  mEnabled = true
02-07 23:16:12.512 I/TelephonyRegistry(30833): notifyDataConnection: state=0 isDataConnectivityPossible=true reason=radioTechnologyChanged interfaceName=null networkType=7 apnType=hipri apn=null
02-07 23:16:12.512 I/TelephonyRegistry(30833): +++broadcastDataConnectionStateChanged
02-07 23:16:12.512 I/TelephonyRegistry(30833): +++sendStickyBroadcast
02-07 23:16:12.512 D/MobileDataStateTracker(30833): [default]  apnTypeList = default
02-07 23:16:12.512 D/MobileDataStateTracker(30833): [default]  unavailable = false
02-07 23:16:12.512 D/MobileDataStateTracker(30833): [default] CALL updateMobileInfoFromIntent
02-07 23:16:12.522 D/Phone   (30905): [PhoneNotifier] [DefaultPhoneNotifier] : hipri, INET6, DISCONNECTED
02-07 23:16:12.522 I/TelephonyRegistry(30833): notifyDataConnection: state=0 isDataConnectivityPossible=true reason=radioTechnologyChanged interfaceName=null networkType=7 apnType=hipri apn=null
02-07 23:16:12.522 I/TelephonyRegistry(30833): +++broadcastDataConnectionStateChanged
02-07 23:16:12.522 I/MobileDataStateTracker(30833): [default] dc state change intent received for default/INET with state  DISCONNECTED. enabled=true state change reason = radioTechnologyChanged
02-07 23:16:12.522 I/MobileDataStateTracker(30833): [default] old state = DISCONNECTED
02-07 23:16:12.522 I/MobileDataStateTracker(30833): [default] no change,  just return
02-07 23:16:12.522 D/MobileDataStateTracker(30833): [default] No need to update detailed state
02-07 23:16:12.522 D/MobileDataStateTracker(30833): [hipri]  MobileDataStateReceiver onReceive(): Entry.
02-07 23:16:12.522 D/MobileDataStateTracker(30833): [hipri]  intent.getAction()= android.intent.action.ANY_DATA_STATE
02-07 23:16:12.522 D/MobileDataStateTracker(30833): [hipri]  mEnabled = false
02-07 23:16:12.522 I/TelephonyRegistry(30833): +++sendStickyBroadcast
02-07 23:16:12.532 D/MobileDataStateTracker(30833): [hipri]  apnTypeList = default
02-07 23:16:12.532 D/MobileDataStateTracker(30833): [hipri]  unavailable = false
02-07 23:16:12.532 D/MobileDataStateTracker(30833): [hipri] Do not process intents if disabled.
02-07 23:16:12.532 D/MobileDataStateTracker(30833): [dun]  MobileDataStateReceiver onReceive(): Entry.
02-07 23:16:12.532 D/MobileDataStateTracker(30833): [dun]  intent.getAction()= android.intent.action.ANY_DATA_STATE
02-07 23:16:12.532 D/MobileDataStateTracker(30833): [dun]  mEnabled = false
02-07 23:16:12.532 D/MobileDataStateTracker(30833): [dun]  apnTypeList = default
02-07 23:16:12.542 D/DATA    (30905): [DCT(0) ] Resetting all profiles and service states!
02-07 23:16:12.542 D/PhoneApp(30905): mReceiver: ACTION_ANY_DATA_CONNECTION_STATE_CHANGED
02-07 23:16:12.542 D/PhoneApp(30905): - state: DISCONNECTED
02-07 23:16:12.542 D/PhoneApp(30905): - reason: radioTechnologyChanged
02-07 23:16:12.542 D/PhoneApp(30905): mReceiver: ACTION_ANY_DATA_CONNECTION_STATE_CHANGED
02-07 23:16:12.542 D/PhoneApp(30905): - state: DISCONNECTED
02-07 23:16:12.542 D/PhoneApp(30905): - reason: radioTechnologyChanged
02-07 23:16:12.542 D/PhoneApp(30905): mReceiver: ACTION_ANY_DATA_CONNECTION_STATE_CHANGED
02-07 23:16:12.542 D/PhoneApp(30905): - state: DISCONNECTED
02-07 23:16:12.542 D/PhoneApp(30905): - reason: radioTechnologyChanged
02-07 23:16:12.542 D/PhoneApp(30905): mReceiver: ACTION_ANY_DATA_CONNECTION_STATE_CHANGED
02-07 23:16:12.542 D/PhoneApp(30905): - state: DISCONNECTED
02-07 23:16:12.542 D/PhoneApp(30905): - reason: radioTechnologyChanged
02-07 23:16:12.542 D/PhoneApp(30905): mReceiver: ACTION_ANY_DATA_CONNECTION_STATE_CHANGED
02-07 23:16:12.542 D/PhoneApp(30905): - state: DISCONNECTED
02-07 23:16:12.542 D/PhoneApp(30905): - reason: radioTechnologyChanged
02-07 23:16:12.542 D/PhoneApp(30905): mReceiver: ACTION_ANY_DATA_CONNECTION_STATE_CHANGED
02-07 23:16:12.542 D/PhoneApp(30905): - state: DISCONNECTED
02-07 23:16:12.542 D/PhoneApp(30905): - reason: radioTechnologyChanged
02-07 23:16:12.542 D/PhoneApp(30905): mReceiver: ACTION_ANY_DATA_CONNECTION_STATE_CHANGED
02-07 23:16:12.542 D/PhoneApp(30905): - state: DISCONNECTED
02-07 23:16:12.542 D/PhoneApp(30905): - reason: radioTechnologyChanged
02-07 23:16:12.542 D/PhoneApp(30905): mReceiver: ACTION_ANY_DATA_CONNECTION_STATE_CHANGED
02-07 23:16:12.542 D/PhoneApp(30905): - state: DISCONNECTED
02-07 23:16:12.542 D/PhoneApp(30905): - reason: radioTechnologyChanged
02-07 23:16:12.542 D/PhoneApp(30905): mReceiver: ACTION_ANY_DATA_CONNECTION_STATE_CHANGED
02-07 23:16:12.542 D/PhoneApp(30905): - state: DISCONNECTED
02-07 23:16:12.542 D/PhoneApp(30905): - reason: radioTechnologyChanged
02-07 23:16:12.542 D/PhoneApp(30905): mReceiver: ACTION_ANY_DATA_CONNECTION_STATE_CHANGED
02-07 23:16:12.542 D/PhoneApp(30905): - state: DISCONNECTED
02-07 23:16:12.542 D/PhoneApp(30905): - reason: radioTechnologyChanged
02-07 23:16:12.542 I/DATA    (30905): [DCT(0) ] onUpdateDataConnections: reason=radioTechnologyChanged
02-07 23:16:12.542 I/DATA    (30905): [DCT(0) ] ---dc list---
02-07 23:16:12.542 I/DATA    (30905): [DCT(0) ] ---ds list---
02-07 23:16:12.542 I/DATA    (30905): [DCT(0) ] ds= SERVICE_TYPE_DEFAULT, enabled = true, active = v4:IDLE v6:IDLE
02-07 23:16:12.542 I/DATA    (30905): [DCT(0) ] ds= SERVICE_TYPE_MMS, enabled = false, active = v4:IDLE v6:IDLE
02-07 23:16:12.542 I/DATA    (30905): [DCT(0) ] ds= SERVICE_TYPE_SUPL, enabled = false, active = v4:IDLE v6:IDLE
02-07 23:16:12.542 I/DATA    (30905): [DCT(0) ] ds= SERVICE_TYPE_DUN, enabled = false, active = v4:IDLE v6:IDLE
02-07 23:16:12.542 I/DATA    (30905): [DCT(0) ] ds= SERVICE_TYPE_HIPRI, enabled = false, active = v4:IDLE v6:IDLE
02-07 23:16:12.542 I/DATA    (30905): [DCT(0) ] ***** NOT Ready for data :
02-07 23:16:12.542 I/DATA    (30905): [DCT(0) ]    getDesiredPowerState() = false
02-07 23:16:12.542 I/DATA    (30905): [DCT(0) ]    mCm.getRadioState() = RADIO_ON
02-07 23:16:12.552 I/DATA    (30905): [DCT(0) ]    [DataRadioTech = RADIO_TECH_1xRTT, data network state = 0, mMasterDataEnabled = true, is Roaming = false, dataOnRoamingEnable = false, isPsRestricted = false, desiredPowerState  = false, mSIMRecords = , cdmaSubSource = 1/310120, mRuimRecords = , checks = true/true]
02-07 23:16:12.552 D/PhoneApp(30905): old phone type:2, New Phone type:2
02-07 23:16:12.552 D/NotificationMgr(30905): hideDataDisconnectedRoaming()...
02-07 23:16:12.552 D/PhoneApp(30905): old phone type:2, New Phone type:2
02-07 23:16:12.552 D/NotificationMgr(30905): hideDataDisconnectedRoaming()...
02-07 23:16:12.552 D/PhoneApp(30905): old phone type:2, New Phone type:2
02-07 23:16:12.552 D/NotificationMgr(30905): hideDataDisconnectedRoaming()...
02-07 23:16:12.552 D/PhoneApp(30905): old phone type:2, New Phone type:2
02-07 23:16:12.552 D/NotificationMgr(30905): hideDataDisconnectedRoaming()...
02-07 23:16:12.552 D/PhoneApp(30905): old phone type:2, New Phone type:2
02-07 23:16:12.552 D/NotificationMgr(30905): hideDataDisconnectedRoaming()...
02-07 23:16:12.552 D/PhoneApp(30905): old phone type:2, New Phone type:2
02-07 23:16:12.552 D/NotificationMgr(30905): hideDataDisconnectedRoaming()...
02-07 23:16:12.552 D/PhoneApp(30905): old phone type:2, New Phone type:2
02-07 23:16:12.552 D/NotificationMgr(30905): hideDataDisconnectedRoaming()...
02-07 23:16:12.552 D/PhoneApp(30905): old phone type:2, New Phone type:2
02-07 23:16:12.552 D/NotificationMgr(30905): hideDataDisconnectedRoaming()...
02-07 23:16:12.552 D/PhoneApp(30905): old phone type:2, New Phone type:2
02-07 23:16:12.552 D/NotificationMgr(30905): hideDataDisconnectedRoaming()...
02-07 23:16:12.552 D/PhoneApp(30905): old phone type:2, New Phone type:2
02-07 23:16:12.552 D/NotificationMgr(30905): hideDataDisconnectedRoaming()...
02-07 23:16:12.562 D/MobileDataStateTracker(30833): [dun]  unavailable = false
02-07 23:16:12.562 D/MobileDataStateTracker(30833): [dun] Do not process intents if disabled.
02-07 23:16:12.562 D/MobileDataStateTracker(30833): [supl]  MobileDataStateReceiver onReceive(): Entry.
02-07 23:16:12.562 D/MobileDataStateTracker(30833): [supl]  intent.getAction()= android.intent.action.ANY_DATA_STATE
02-07 23:16:12.562 D/MobileDataStateTracker(30833): [supl]  mEnabled = false
02-07 23:16:12.582 D/MobileDataStateTracker(30833): [supl]  apnTypeList = default
02-07 23:16:12.582 D/MobileDataStateTracker(30833): [supl]  unavailable = false
02-07 23:16:12.582 D/MobileDataStateTracker(30833): [supl] Do not process intents if disabled.
02-07 23:16:12.582 D/MobileDataStateTracker(30833): [mms]  MobileDataStateReceiver onReceive(): Entry.
02-07 23:16:12.582 D/MobileDataStateTracker(30833): [mms]  intent.getAction()= android.intent.action.ANY_DATA_STATE
02-07 23:16:12.582 D/MobileDataStateTracker(30833): [mms]  mEnabled = false
02-07 23:16:12.592 D/MobileDataStateTracker(30833): [mms]  apnTypeList = default
02-07 23:16:12.592 D/MobileDataStateTracker(30833): [mms]  unavailable = false
02-07 23:16:12.592 D/MobileDataStateTracker(30833): [mms] Do not process intents if disabled.
02-07 23:16:12.592 D/MobileDataStateTracker(30833): [default]  MobileDataStateReceiver onReceive(): Entry.
02-07 23:16:12.592 D/MobileDataStateTracker(30833): [default]  intent.getAction()= android.intent.action.ANY_DATA_STATE
02-07 23:16:12.592 D/MobileDataStateTracker(30833): [default]  mEnabled = true
02-07 23:16:12.612 D/DATA    (30905): [DSST(0)] pollstate() : reason = radio state changed
02-07 23:16:12.612 D/DATA    (30905): [DSST(0)] Poll ServiceState done: oldSS=[0 home null null null  1xRTT CSS not supported -1 -1RoamInd: -1RoamStatus(sprint): -1DefRoamInd: -1EmergOnly: false] newSS=[3 home null null null  Unknown CSS not supported -1 -1RoamInd: -1RoamStatus(sprint): -1DefRoamInd: -1EmergOnly: false]
02-07 23:16:12.612 D/DATA    (30905): [DSST(0)]  mDataConnectionState = 0
02-07 23:16:12.612 D/MobileDataStateTracker(30833): [default]  apnTypeList = default
02-07 23:16:12.612 D/MobileDataStateTracker(30833): [default]  unavailable = false
02-07 23:16:12.612 D/MobileDataStateTracker(30833): [default] CALL updateMobileInfoFromIntent
02-07 23:16:12.612 I/MobileDataStateTracker(30833): [default] dc state change intent received for default/INET6 with state  DISCONNECTED. enabled=true state change reason = radioTechnologyChanged
02-07 23:16:12.612 I/MobileDataStateTracker(30833): [default] old state = DISCONNECTED
02-07 23:16:12.612 I/MobileDataStateTracker(30833): [default] no change,  just return
02-07 23:16:12.612 D/MobileDataStateTracker(30833): [default] No need to update detailed state
02-07 23:16:12.612 D/MobileDataStateTracker(30833): [hipri]  MobileDataStateReceiver onReceive(): Entry.
02-07 23:16:12.612 D/MobileDataStateTracker(30833): [hipri]  intent.getAction()= android.intent.action.ANY_DATA_STATE
02-07 23:16:12.612 D/MobileDataStateTracker(30833): [hipri]  mEnabled = false
02-07 23:16:12.622 D/MobileDataStateTracker(30833): [hipri]  apnTypeList = mms
02-07 23:16:12.622 D/MobileDataStateTracker(30833): [hipri]  unavailable = false
02-07 23:16:12.622 D/MobileDataStateTracker(30833): [hipri] Do not process intents if disabled.
02-07 23:16:12.622 D/MobileDataStateTracker(30833): [dun]  MobileDataStateReceiver onReceive(): Entry.
02-07 23:16:12.632 D/MobileDataStateTracker(30833): [dun]  intent.getAction()= android.intent.action.ANY_DATA_STATE
02-07 23:16:12.632 D/MobileDataStateTracker(30833): [dun]  mEnabled = false
02-07 23:16:12.632 D/MobileDataStateTracker(30833): [dun]  apnTypeList = mms
02-07 23:16:12.632 D/MobileDataStateTracker(30833): [dun]  unavailable = false
02-07 23:16:12.632 D/MobileDataStateTracker(30833): [dun] Do not process intents if disabled.
02-07 23:16:12.632 D/MobileDataStateTracker(30833): [supl]  MobileDataStateReceiver onReceive(): Entry.
02-07 23:16:12.632 D/MobileDataStateTracker(30833): [supl]  intent.getAction()= android.intent.action.ANY_DATA_STATE
02-07 23:16:12.632 D/MobileDataStateTracker(30833): [supl]  mEnabled = false
02-07 23:16:12.632 E/DATA    (30905): Wrong network type: 0
02-07 23:16:12.642 D/MobileDataStateTracker(30833): [supl] subType changed, oldSubtype = 7new subtype = 0
02-07 23:16:12.652 D/MobileDataStateTracker(30833): [supl]  apnTypeList = mms
02-07 23:16:12.652 D/MobileDataStateTracker(30833): [supl]  unavailable = false
02-07 23:16:12.652 D/MobileDataStateTracker(30833): [supl] Do not process intents if disabled.
02-07 23:16:12.652 D/MobileDataStateTracker(30833): [mms]  MobileDataStateReceiver onReceive(): Entry.
02-07 23:16:12.652 D/MobileDataStateTracker(30833): [mms]  intent.getAction()= android.intent.action.ANY_DATA_STATE
02-07 23:16:12.652 D/MobileDataStateTracker(30833): [mms]  mEnabled = false
02-07 23:16:12.662 D/MobileDataStateTracker(30833): [mms] subType changed, oldSubtype = 7new subtype = 0
02-07 23:16:12.662 I/ShutdownThread(30833): Radio and Bluetooth shutdown complete.
02-07 23:16:12.672 D/MobileDataStateTracker(30833): [mms]  apnTypeList = mms
02-07 23:16:12.672 E/ShutdownThread(30833): Exception during mdmEfsSync
02-07 23:16:12.672 E/ShutdownThread(30833): java.io.FileNotFoundException: /sys/devices/platform/rs300100a7.65536/force_sync (No such file or directory)
02-07 23:16:12.672 E/ShutdownThread(30833): 	at org.apache.harmony.luni.platform.OSFileSystem.open(Native Method)
02-07 23:16:12.672 E/ShutdownThread(30833): 	at dalvik.system.BlockGuard$WrappedFileSystem.open(BlockGuard.java:232)
02-07 23:16:12.672 E/ShutdownThread(30833): 	at java.io.FileInputStream.<init>(FileInputStream.java:80)
02-07 23:16:12.672 E/ShutdownThread(30833): 	at java.io.FileInputStream.<init>(FileInputStream.java:132)
02-07 23:16:12.672 E/ShutdownThread(30833): 	at com.android.internal.app.ShutdownThread.run(ShutdownThread.java:400)
02-07 23:16:12.672 I/ShutdownThread(30833): Waiting for radio file system sync to complete ...
02-07 23:16:12.672 D/CAT     (30905): CatService: Sending Radio Status: RADIO_OFF
02-07 23:16:12.672 D/DATA    (30905): [DCT(0) ] onRadioOn : register for roaming on/off
02-07 23:16:12.672 D/CallManager(30905):  handleMessage (EVENT_SERVICE_STATE_CHANGED)
02-07 23:16:12.672 E/BT HS/HF(30905): SERVICE_STATE_CHANGED called
02-07 23:16:12.672 E/BT HS/HF(30905): updateServiceState called, sendUpdate:false  ServiceState:0 home Sprint  310099  1xRTT CSS not supported 41 4139RoamInd: 1RoamStatus(sprint): 1DefRoamInd: 160EmergOnly: false
02-07 23:16:12.672 E/BT HS/HF(30905): service:1 mService:1
02-07 23:16:12.672 D/MobileDataStateTracker(30833): [mms]  unavailable = false
02-07 23:16:12.672 D/MobileDataStateTracker(30833): [mms] Do not process intents if disabled.
02-07 23:16:12.672 D/MobileDataStateTracker(30833): [default]  MobileDataStateReceiver onReceive(): Entry.
02-07 23:16:12.672 D/MobileDataStateTracker(30833): [default]  intent.getAction()= android.intent.action.ANY_DATA_STATE
02-07 23:16:12.672 D/MobileDataStateTracker(30833): [default]  mEnabled = true
02-07 23:16:12.682 D/MobileDataStateTracker(30833): [default] subType changed, oldSubtype = 7new subtype = 0
02-07 23:16:12.682 D/Phone   (30905): [PhoneNotifier] [DefaultPhoneNotifier] : default, INET, DISCONNECTED
02-07 23:16:12.692 I/TelephonyRegistry(30833): notifyDataConnection: state=0 isDataConnectivityPossible=false reason=radioTechnologyChanged interfaceName=null networkType=0 apnType=default apn=null
02-07 23:16:12.692 I/TelephonyRegistry(30833): +++broadcastDataConnectionStateChanged
02-07 23:16:12.692 D/MobileDataStateTracker(30833): [default]  apnTypeList = mms
02-07 23:16:12.692 D/MobileDataStateTracker(30833): [default]  unavailable = false
02-07 23:16:12.692 D/MobileDataStateTracker(30833): [default] not what we are looking for.
02-07 23:16:12.692 D/MobileDataStateTracker(30833): [hipri]  MobileDataStateReceiver onReceive(): Entry.
02-07 23:16:12.692 D/MobileDataStateTracker(30833): [hipri]  intent.getAction()= android.intent.action.ANY_DATA_STATE
02-07 23:16:12.692 D/MobileDataStateTracker(30833): [hipri]  mEnabled = false
02-07 23:16:12.702 I/TelephonyRegistry(30833): +++sendStickyBroadcast
02-07 23:16:12.702 D/MobileDataStateTracker(30833): [hipri] subType changed, oldSubtype = 7new subtype = 0
02-07 23:16:12.702 D/MobileDataStateTracker(30833): [hipri]  apnTypeList = mms
02-07 23:16:12.702 D/MobileDataStateTracker(30833): [hipri]  unavailable = false
02-07 23:16:12.702 D/MobileDataStateTracker(30833): [hipri] Do not process intents if disabled.
02-07 23:16:12.702 D/MobileDataStateTracker(30833): [dun]  MobileDataStateReceiver onReceive(): Entry.
02-07 23:16:12.702 D/MobileDataStateTracker(30833): [dun]  intent.getAction()= android.intent.action.ANY_DATA_STATE
02-07 23:16:12.702 D/MobileDataStateTracker(30833): [dun]  mEnabled = false
