02-07 23:09:28.818 D/KeyguardViewMediator(30833): setHidden false
02-07 23:09:28.818 D/KeyguardViewMediator(30833): setHidden false
02-07 23:09:28.848 D/KeyguardViewMediator(30833): setHidden false
02-07 23:09:28.868 D/KeyguardViewMediator(30833): setHidden false
02-07 23:09:28.868 D/KeyguardViewMediator(30833): setHidden false
02-07 23:09:28.898 D/KeyguardViewMediator(30833): setHidden false
02-07 23:09:28.908 D/KeyguardViewMediator(30833): setHidden false
02-07 23:09:28.928 D/KeyguardViewMediator(30833): setHidden false
02-07 23:09:28.948 D/KeyguardViewMediator(30833): setHidden false
02-07 23:09:28.948 D/KeyguardViewMediator(30833): setHidden false
02-07 23:09:28.978 D/KeyguardViewMediator(30833): setHidden false
02-07 23:09:28.988 D/KeyguardViewMediator(30833): setHidden false
02-07 23:09:28.998 D/KeyguardViewMediator(30833): setHidden false
02-07 23:09:29.028 D/KeyguardViewMediator(30833): setHidden false
02-07 23:09:29.038 D/KeyguardViewMediator(30833): setHidden false
02-07 23:09:29.048 D/KeyguardViewMediator(30833): setHidden false
02-07 23:09:29.078 D/KeyguardViewMediator(30833): setHidden false
02-07 23:09:29.078 D/KeyguardViewMediator(30833): setHidden false
02-07 23:09:29.108 D/KeyguardViewMediator(30833): setHidden false
02-07 23:09:29.118 D/KeyguardViewMediator(30833): setHidden false
02-07 23:09:29.138 D/KeyguardViewMediator(30833): setHidden false
02-07 23:09:29.148 D/KeyguardViewMediator(30833): setHidden false
02-07 23:09:29.168 D/KeyguardViewMediator(30833): setHidden false
02-07 23:09:29.178 D/KeyguardViewMediator(30833): setHidden false
02-07 23:09:29.208 D/KeyguardViewMediator(30833): setHidden false
02-07 23:09:29.218 D/KeyguardViewMediator(30833): setHidden false
02-07 23:09:29.238 D/KeyguardViewMediator(30833): setHidden false
02-07 23:09:29.489 D/PowerManagerService(30833): UnPartial  wakeLock  reactivate ,flags=0x6 tag=StayOnWhilePluggedIn Screen Dim
02-07 23:09:29.509 D/KeyguardViewMediator(30833): setHidden false
02-07 23:09:29.539 D/KeyguardViewMediator(30833): setHidden false
02-07 23:09:29.549 D/KeyguardViewMediator(30833): setHidden false
02-07 23:09:29.639 D/PowerManagerService(30833): UnPartial  wakeLock  reactivate ,flags=0x6 tag=StayOnWhilePluggedIn Screen Dim
02-07 23:09:29.649 D/KeyguardViewMediator(30833): setHidden false
02-07 23:09:29.659 D/KeyguardViewMediator(30833): setHidden false
02-07 23:09:29.679 D/KeyguardViewMediator(30833): setHidden false
02-07 23:09:29.689 D/KeyguardViewMediator(30833): setHidden false
02-07 23:09:29.709 D/KeyguardViewMediator(30833): setHidden false
02-07 23:09:29.739 D/KeyguardViewMediator(30833): setHidden false
02-07 23:09:29.739 D/KeyguardViewMediator(30833): setHidden false
02-07 23:09:29.749 D/KeyguardViewMediator(30833): setHidden false
02-07 23:09:29.779 D/KeyguardViewMediator(30833): setHidden false
02-07 23:09:29.779 D/KeyguardViewMediator(30833): setHidden false
02-07 23:09:29.799 D/KeyguardViewMediator(30833): setHidden false
02-07 23:09:29.809 D/KeyguardViewMediator(30833): setHidden false
02-07 23:09:29.819 D/KeyguardViewMediator(30833): setHidden false
02-07 23:09:29.849 D/KeyguardViewMediator(30833): setHidden false
02-07 23:09:29.859 D/KeyguardViewMediator(30833): setHidden false
02-07 23:09:29.869 D/KeyguardViewMediator(30833): setHidden false
02-07 23:09:29.899 D/KeyguardViewMediator(30833): setHidden false
02-07 23:09:29.899 D/KeyguardViewMediator(30833): setHidden false
02-07 23:09:29.919 D/KeyguardViewMediator(30833): setHidden false
02-07 23:09:29.939 D/KeyguardViewMediator(30833): setHidden false
02-07 23:09:29.949 D/KeyguardViewMediator(30833): setHidden false
02-07 23:09:29.979 D/KeyguardViewMediator(30833): setHidden false
02-07 23:09:29.979 D/KeyguardViewMediator(30833): setHidden false
02-07 23:09:29.989 D/KeyguardViewMediator(30833): setHidden false
02-07 23:09:29.989 D/KeyguardViewMediator(30833): setHidden false
02-07 23:09:30.199 D/PowerManagerService(30833): UnPartial  wakeLock  reactivate ,flags=0x6 tag=StayOnWhilePluggedIn Screen Dim
02-07 23:09:30.219 D/KeyguardViewMediator(30833): setHidden false
02-07 23:09:30.249 D/KeyguardViewMediator(30833): setHidden false
02-07 23:09:30.259 D/KeyguardViewMediator(30833): setHidden false
02-07 23:09:30.299 D/PowerManagerService(30833): UnPartial  wakeLock  reactivate ,flags=0x6 tag=StayOnWhilePluggedIn Screen Dim
02-07 23:09:30.369 D/KeyguardViewMediator(30833): setHidden false
02-07 23:09:30.379 D/KeyguardViewMediator(30833): setHidden false
02-07 23:09:30.400 D/KeyguardViewMediator(30833): setHidden false
02-07 23:09:30.420 D/KeyguardViewMediator(30833): setHidden false
02-07 23:09:30.430 D/KeyguardViewMediator(30833): setHidden false
02-07 23:09:30.440 D/KeyguardViewMediator(30833): setHidden false
02-07 23:09:30.450 D/KeyguardViewMediator(30833): setHidden false
02-07 23:09:30.460 D/KeyguardViewMediator(30833): setHidden false
02-07 23:09:30.500 D/KeyguardViewMediator(30833): setHidden false
02-07 23:09:30.520 D/KeyguardViewMediator(30833): setHidden false
02-07 23:09:30.530 D/KeyguardViewMediator(30833): setHidden false
02-07 23:09:30.540 D/KeyguardViewMediator(30833): setHidden false
02-07 23:09:30.550 D/KeyguardViewMediator(30833): setHidden false
02-07 23:09:30.570 D/KeyguardViewMediator(30833): setHidden false
02-07 23:09:30.580 D/KeyguardViewMediator(30833): setHidden false
02-07 23:09:30.600 D/KeyguardViewMediator(30833): setHidden false
02-07 23:09:30.610 D/KeyguardViewMediator(30833): setHidden false
02-07 23:09:30.730 D/KeyguardViewMediator(30833): setHidden false
02-07 23:09:30.740 D/KeyguardViewMediator(30833): setHidden false
02-07 23:09:30.760 D/KeyguardViewMediator(30833): setHidden false
02-07 23:09:30.770 D/KeyguardViewMediator(30833): setHidden false
02-07 23:09:30.790 D/KeyguardViewMediator(30833): setHidden false
02-07 23:09:30.790 D/PowerManagerService(30833): UnPartial  wakeLock  reactivate ,flags=0x6 tag=StayOnWhilePluggedIn Screen Dim
02-07 23:09:30.810 D/KeyguardViewMediator(30833): setHidden false
02-07 23:09:30.820 D/KeyguardViewMediator(30833): setHidden false
02-07 23:09:30.840 D/KeyguardViewMediator(30833): setHidden false
02-07 23:09:30.850 D/KeyguardViewMediator(30833): setHidden false
02-07 23:09:30.860 D/KeyguardViewMediator(30833): setHidden false
02-07 23:09:30.870 D/KeyguardViewMediator(30833): setHidden false
02-07 23:09:30.880 D/PowerManagerService(30833): UnPartial  wakeLock  reactivate ,flags=0x6 tag=StayOnWhilePluggedIn Screen Dim
02-07 23:09:30.930 D/KeyguardViewMediator(30833): setHidden false
02-07 23:09:30.950 D/KeyguardViewMediator(30833): setHidden false
02-07 23:09:30.960 D/KeyguardViewMediator(30833): setHidden false
02-07 23:09:30.980 D/KeyguardViewMediator(30833): setHidden false
02-07 23:09:30.990 D/KeyguardViewMediator(30833): setHidden false
02-07 23:09:31.010 D/KeyguardViewMediator(30833): setHidden false
02-07 23:09:31.030 D/KeyguardViewMediator(30833): setHidden false
02-07 23:09:31.040 D/KeyguardViewMediator(30833): setHidden false
02-07 23:09:31.070 D/KeyguardViewMediator(30833): setHidden false
02-07 23:09:31.090 D/KeyguardViewMediator(30833): setHidden false
02-07 23:09:31.100 D/KeyguardViewMediator(30833): setHidden false
02-07 23:09:31.230 D/KeyguardViewMediator(30833): setHidden false
02-07 23:09:31.250 D/KeyguardViewMediator(30833): setHidden false
02-07 23:09:31.260 D/KeyguardViewMediator(30833): setHidden false
02-07 23:09:31.280 D/KeyguardViewMediator(30833): setHidden false
02-07 23:09:31.300 D/KeyguardViewMediator(30833): setHidden false
02-07 23:09:31.300 D/PowerManagerService(30833): UnPartial  wakeLock  reactivate ,flags=0x6 tag=StayOnWhilePluggedIn Screen Dim
02-07 23:09:31.310 D/KeyguardViewMediator(30833): setHidden false
02-07 23:09:31.320 D/KeyguardViewMediator(30833): setHidden false
02-07 23:09:31.340 D/KeyguardViewMediator(30833): setHidden false
02-07 23:09:31.350 D/KeyguardViewMediator(30833): setHidden false
02-07 23:09:31.360 D/KeyguardViewMediator(30833): setHidden false
02-07 23:09:31.380 D/PowerManagerService(30833): UnPartial  wakeLock  reactivate ,flags=0x6 tag=StayOnWhilePluggedIn Screen Dim
02-07 23:09:31.421 D/KeyguardViewMediator(30833): setHidden false
02-07 23:09:31.431 D/KeyguardViewMediator(30833): setHidden false
02-07 23:09:31.451 D/KeyguardViewMediator(30833): setHidden false
02-07 23:09:31.471 D/KeyguardViewMediator(30833): setHidden false
02-07 23:09:31.481 D/KeyguardViewMediator(30833): setHidden false
02-07 23:09:31.501 D/KeyguardViewMediator(30833): setHidden false
02-07 23:09:31.521 D/KeyguardViewMediator(30833): setHidden false
02-07 23:09:31.531 D/KeyguardViewMediator(30833): setHidden false
02-07 23:09:31.561 D/KeyguardViewMediator(30833): setHidden false
02-07 23:09:31.571 D/KeyguardViewMediator(30833): setHidden false
02-07 23:09:31.591 D/KeyguardViewMediator(30833): setHidden false
02-07 23:09:31.701 D/KeyguardViewMediator(30833): setHidden false
02-07 23:09:31.721 D/KeyguardViewMediator(30833): setHidden false
02-07 23:09:31.731 D/KeyguardViewMediator(30833): setHidden false
02-07 23:09:31.751 D/KeyguardViewMediator(30833): setHidden false
02-07 23:09:31.761 D/KeyguardViewMediator(30833): setHidden false
02-07 23:09:31.791 D/KeyguardViewMediator(30833): setHidden false
02-07 23:09:31.801 D/KeyguardViewMediator(30833): setHidden false
02-07 23:09:31.811 D/KeyguardViewMediator(30833): setHidden false
02-07 23:09:32.952 D/PowerManagerService(30833): UnPartial  wakeLock  reactivate ,flags=0x6 tag=StayOnWhilePluggedIn Screen Dim
02-07 23:09:32.992 D/KeyguardViewMediator(30833): setHidden false
02-07 23:09:33.012 D/KeyguardViewMediator(30833): setHidden false
02-07 23:09:33.022 D/KeyguardViewMediator(30833): setHidden false
02-07 23:09:33.062 D/PowerManagerService(30833): UnPartial  wakeLock  reactivate ,flags=0x6 tag=StayOnWhilePluggedIn Screen Dim
02-07 23:09:33.102 D/KeyguardViewMediator(30833): setHidden false
02-07 23:09:33.112 D/KeyguardViewMediator(30833): setHidden false
02-07 23:09:33.132 D/KeyguardViewMediator(30833): setHidden false
02-07 23:09:33.142 D/KeyguardViewMediator(30833): setHidden false
02-07 23:09:33.162 D/KeyguardViewMediator(30833): setHidden false
02-07 23:09:33.182 D/KeyguardViewMediator(30833): setHidden false
02-07 23:09:33.192 D/KeyguardViewMediator(30833): setHidden false
02-07 23:09:33.202 D/KeyguardViewMediator(30833): setHidden false
02-07 23:09:33.392 D/KeyguardViewMediator(30833): setHidden false
02-07 23:09:33.412 D/KeyguardViewMediator(30833): setHidden false
02-07 23:09:33.422 D/KeyguardViewMediator(30833): setHidden false
02-07 23:09:33.452 D/PowerManagerService(30833): UnPartial  wakeLock  reactivate ,flags=0x6 tag=StayOnWhilePluggedIn Screen Dim
02-07 23:09:33.523 D/KeyguardViewMediator(30833): setHidden false
02-07 23:09:33.543 D/KeyguardViewMediator(30833): setHidden false
02-07 23:09:33.553 D/KeyguardViewMediator(30833): setHidden false
02-07 23:09:33.573 D/KeyguardViewMediator(30833): setHidden false
02-07 23:09:33.583 D/KeyguardViewMediator(30833): setHidden false
02-07 23:09:33.603 D/KeyguardViewMediator(30833): setHidden false
02-07 23:09:33.623 D/KeyguardViewMediator(30833): setHidden false
02-07 23:09:33.633 D/KeyguardViewMediator(30833): setHidden false
02-07 23:09:34.093 D/PowerManagerService(30833): UnPartial  wakeLock  reactivate ,flags=0x6 tag=StayOnWhilePluggedIn Screen Dim
02-07 23:09:34.123 D/KeyguardViewMediator(30833): setHidden false
02-07 23:09:34.143 D/KeyguardViewMediator(30833): setHidden false
02-07 23:09:34.163 D/KeyguardViewMediator(30833): setHidden false
02-07 23:09:34.233 D/PowerManagerService(30833): UnPartial  wakeLock  reactivate ,flags=0x6 tag=StayOnWhilePluggedIn Screen Dim
02-07 23:09:34.263 D/KeyguardViewMediator(30833): setHidden false
02-07 23:09:34.273 D/KeyguardViewMediator(30833): setHidden false
02-07 23:09:34.293 D/KeyguardViewMediator(30833): setHidden false
02-07 23:09:34.303 D/KeyguardViewMediator(30833): setHidden false
02-07 23:09:34.323 D/KeyguardViewMediator(30833): setHidden false
02-07 23:09:34.333 D/KeyguardViewMediator(30833): setHidden false
02-07 23:09:34.353 D/KeyguardViewMediator(30833): setHidden false
02-07 23:09:34.363 D/KeyguardViewMediator(30833): setHidden false
02-07 23:09:34.554 D/KeyguardViewMediator(30833): setHidden false
02-07 23:09:34.574 D/KeyguardViewMediator(30833): setHidden false
02-07 23:09:34.604 D/KeyguardViewMediator(30833): setHidden false
02-07 23:09:34.604 D/PowerManagerService(30833): UnPartial  wakeLock  reactivate ,flags=0x6 tag=StayOnWhilePluggedIn Screen Dim
02-07 23:09:34.664 D/KeyguardViewMediator(30833): setHidden false
02-07 23:09:34.684 D/KeyguardViewMediator(30833): setHidden false
02-07 23:09:34.694 D/KeyguardViewMediator(30833): setHidden false
02-07 23:09:34.714 D/KeyguardViewMediator(30833): setHidden false
02-07 23:09:34.724 D/KeyguardViewMediator(30833): setHidden false
02-07 23:09:34.744 D/KeyguardViewMediator(30833): setHidden false
02-07 23:09:34.764 D/KeyguardViewMediator(30833): setHidden false
02-07 23:09:34.774 D/KeyguardViewMediator(30833): setHidden false
02-07 23:09:34.874 D/KeyguardViewMediator(30833): setHidden false
02-07 23:09:34.884 D/KeyguardViewMediator(30833): setHidden false
02-07 23:09:34.904 D/KeyguardViewMediator(30833): setHidden false
02-07 23:09:34.964 D/PowerManagerService(30833): UnPartial  wakeLock  reactivate ,flags=0x6 tag=StayOnWhilePluggedIn Screen Dim
02-07 23:09:35.004 D/KeyguardViewMediator(30833): setHidden false
02-07 23:09:35.014 D/KeyguardViewMediator(30833): setHidden false
02-07 23:09:35.034 D/KeyguardViewMediator(30833): setHidden false
02-07 23:09:35.054 D/KeyguardViewMediator(30833): setHidden false
02-07 23:09:35.064 D/KeyguardViewMediator(30833): setHidden false
02-07 23:09:35.084 D/KeyguardViewMediator(30833): setHidden false
02-07 23:09:35.104 D/KeyguardViewMediator(30833): setHidden false
02-07 23:09:35.114 D/KeyguardViewMediator(30833): setHidden false
02-07 23:09:37.426 D/PowerManagerService(30833): UnPartial  wakeLock  reactivate ,flags=0x6 tag=StayOnWhilePluggedIn Screen Dim
02-07 23:09:37.446 D/KeyguardViewMediator(30833): setHidden false
02-07 23:09:37.476 D/KeyguardViewMediator(30833): setHidden false
02-07 23:09:37.486 D/KeyguardViewMediator(30833): setHidden false
02-07 23:09:37.536 D/PowerManagerService(30833): UnPartial  wakeLock  reactivate ,flags=0x6 tag=StayOnWhilePluggedIn Screen Dim
02-07 23:09:37.556 D/KeyguardViewMediator(30833): setHidden false
02-07 23:09:37.567 D/KeyguardViewMediator(30833): setHidden false
02-07 23:09:37.587 D/KeyguardViewMediator(30833): setHidden false
02-07 23:09:37.607 D/KeyguardViewMediator(30833): setHidden false
02-07 23:09:37.617 D/KeyguardViewMediator(30833): setHidden false
02-07 23:09:37.637 D/KeyguardViewMediator(30833): setHidden false
02-07 23:09:37.647 D/KeyguardViewMediator(30833): setHidden false
02-07 23:09:37.667 D/KeyguardViewMediator(30833): setHidden false
02-07 23:09:37.677 D/KeyguardViewMediator(30833): setHidden false
02-07 23:09:37.697 D/KeyguardViewMediator(30833): setHidden false
02-07 23:09:37.707 D/KeyguardViewMediator(30833): setHidden false
02-07 23:09:37.717 D/KeyguardViewMediator(30833): setHidden false
02-07 23:09:37.727 D/KeyguardViewMediator(30833): setHidden false
02-07 23:09:37.747 D/KeyguardViewMediator(30833): setHidden false
02-07 23:09:37.767 D/KeyguardViewMediator(30833): setHidden false
02-07 23:09:37.787 D/KeyguardViewMediator(30833): setHidden false
02-07 23:09:37.797 D/KeyguardViewMediator(30833): setHidden false
02-07 23:09:37.817 D/KeyguardViewMediator(30833): setHidden false
02-07 23:09:37.817 D/KeyguardViewMediator(30833): setHidden false
02-07 23:09:38.537 D/PowerManagerService(30833): UnPartial  wakeLock  reactivate ,flags=0x6 tag=StayOnWhilePluggedIn Screen Dim
02-07 23:09:38.557 D/KeyguardViewMediator(30833): setHidden false
02-07 23:09:38.598 D/KeyguardViewMediator(30833): setHidden false
02-07 23:09:38.608 D/KeyguardViewMediator(30833): setHidden false
02-07 23:09:38.638 D/PowerManagerService(30833): UnPartial  wakeLock  reactivate ,flags=0x6 tag=StayOnWhilePluggedIn Screen Dim
02-07 23:09:38.648 D/KeyguardViewMediator(30833): setHidden false
02-07 23:09:38.668 D/KeyguardViewMediator(30833): setHidden false
02-07 23:09:38.678 D/KeyguardViewMediator(30833): setHidden false
02-07 23:09:38.708 D/KeyguardViewMediator(30833): setHidden false
02-07 23:09:38.728 D/KeyguardViewMediator(30833): setHidden false
02-07 23:09:38.728 D/KeyguardViewMediator(30833): setHidden false
02-07 23:09:38.758 D/KeyguardViewMediator(30833): setHidden false
02-07 23:09:38.758 D/KeyguardViewMediator(30833): setHidden false
02-07 23:09:39.068 D/PowerManagerService(30833): UnPartial  wakeLock  reactivate ,flags=0x6 tag=StayOnWhilePluggedIn Screen Dim
02-07 23:09:39.088 D/KeyguardViewMediator(30833): setHidden false
02-07 23:09:39.108 D/KeyguardViewMediator(30833): setHidden false
02-07 23:09:39.118 D/KeyguardViewMediator(30833): setHidden false
02-07 23:09:39.148 D/PowerManagerService(30833): UnPartial  wakeLock  reactivate ,flags=0x6 tag=StayOnWhilePluggedIn Screen Dim
02-07 23:09:39.168 D/KeyguardViewMediator(30833): setHidden false
02-07 23:09:39.178 D/KeyguardViewMediator(30833): setHidden false
02-07 23:09:39.208 D/KeyguardViewMediator(30833): setHidden false
02-07 23:09:39.208 D/KeyguardViewMediator(30833): setHidden false
02-07 23:09:39.228 D/KeyguardViewMediator(30833): setHidden false
02-07 23:09:39.258 D/KeyguardViewMediator(30833): setHidden false
02-07 23:09:39.258 D/KeyguardViewMediator(30833): setHidden false
02-07 23:09:39.278 D/KeyguardViewMediator(30833): setHidden false
02-07 23:09:39.568 D/PowerManagerService(30833): UnPartial  wakeLock  reactivate ,flags=0x6 tag=StayOnWhilePluggedIn Screen Dim
02-07 23:09:39.578 D/KeyguardViewMediator(30833): setHidden false
02-07 23:09:39.608 D/KeyguardViewMediator(30833): setHidden false
02-07 23:09:39.629 D/KeyguardViewMediator(30833): setHidden false
02-07 23:09:39.669 D/PowerManagerService(30833): UnPartial  wakeLock  reactivate ,flags=0x6 tag=StayOnWhilePluggedIn Screen Dim
02-07 23:09:39.679 D/KeyguardViewMediator(30833): setHidden false
02-07 23:09:39.709 D/KeyguardViewMediator(30833): setHidden false
02-07 23:09:39.719 D/KeyguardViewMediator(30833): setHidden false
02-07 23:09:39.749 D/KeyguardViewMediator(30833): setHidden false
02-07 23:09:39.749 D/KeyguardViewMediator(30833): setHidden false
02-07 23:09:39.779 D/KeyguardViewMediator(30833): setHidden false
02-07 23:09:39.779 D/KeyguardViewMediator(30833): setHidden false
02-07 23:09:40.279 D/PowerManagerService(30833): UnPartial  wakeLock  reactivate ,flags=0x6 tag=StayOnWhilePluggedIn Screen Dim
02-07 23:09:40.289 D/KeyguardViewMediator(30833): setHidden false
02-07 23:09:40.299 D/KeyguardViewMediator(30833): setHidden false
02-07 23:09:40.319 D/KeyguardViewMediator(30833): setHidden false
02-07 23:09:40.359 D/PowerManagerService(30833): UnPartial  wakeLock  reactivate ,flags=0x6 tag=StayOnWhilePluggedIn Screen Dim
02-07 23:09:40.409 D/KeyguardViewMediator(30833): setHidden false
02-07 23:09:40.429 D/KeyguardViewMediator(30833): setHidden false
02-07 23:09:40.439 D/KeyguardViewMediator(30833): setHidden false
02-07 23:09:40.459 D/KeyguardViewMediator(30833): setHidden false
02-07 23:09:40.469 D/KeyguardViewMediator(30833): setHidden false
02-07 23:09:40.489 D/KeyguardViewMediator(30833): setHidden false
02-07 23:09:40.509 D/KeyguardViewMediator(30833): setHidden false
02-07 23:09:40.519 D/KeyguardViewMediator(30833): setHidden false
02-07 23:09:40.820 D/PowerManagerService(30833): UnPartial  wakeLock  reactivate ,flags=0x6 tag=StayOnWhilePluggedIn Screen Dim
02-07 23:09:40.830 D/KeyguardViewMediator(30833): setHidden false
02-07 23:09:40.850 D/KeyguardViewMediator(30833): setHidden false
02-07 23:09:40.870 D/KeyguardViewMediator(30833): setHidden false
02-07 23:09:40.940 D/PowerManagerService(30833): UnPartial  wakeLock  reactivate ,flags=0x6 tag=StayOnWhilePluggedIn Screen Dim
02-07 23:09:40.990 D/KeyguardViewMediator(30833): setHidden false
02-07 23:09:41.000 D/KeyguardViewMediator(30833): setHidden false
02-07 23:09:41.020 D/KeyguardViewMediator(30833): setHidden false
02-07 23:09:41.040 D/KeyguardViewMediator(30833): setHidden false
02-07 23:09:41.050 D/KeyguardViewMediator(30833): setHidden false
02-07 23:09:41.070 D/KeyguardViewMediator(30833): setHidden false
02-07 23:09:41.090 D/KeyguardViewMediator(30833): setHidden false
02-07 23:09:41.100 D/KeyguardViewMediator(30833): setHidden false
02-07 23:09:41.300 D/KeyguardViewMediator(30833): setHidden false
02-07 23:09:41.330 D/PowerManagerService(30833): UnPartial  wakeLock  reactivate ,flags=0x6 tag=StayOnWhilePluggedIn Screen Dim
02-07 23:09:41.330 D/KeyguardViewMediator(30833): setHidden false
02-07 23:09:41.340 D/KeyguardViewMediator(30833): setHidden false
02-07 23:09:41.420 D/KeyguardViewMediator(30833): setHidden false
02-07 23:09:41.430 D/KeyguardViewMediator(30833): setHidden false
02-07 23:09:41.460 D/KeyguardViewMediator(30833): setHidden false
02-07 23:09:41.470 D/KeyguardViewMediator(30833): setHidden false
02-07 23:09:41.490 D/KeyguardViewMediator(30833): setHidden false
02-07 23:09:41.500 D/KeyguardViewMediator(30833): setHidden false
02-07 23:09:41.520 D/KeyguardViewMediator(30833): setHidden false
02-07 23:09:41.530 D/KeyguardViewMediator(30833): setHidden false
02-07 23:09:41.560 D/KeyguardViewMediator(30833): setHidden false
02-07 23:09:41.580 D/KeyguardViewMediator(30833): setHidden false
02-07 23:09:41.590 D/KeyguardViewMediator(30833): setHidden false
02-07 23:09:41.640 D/PowerManagerService(30833): UnPartial  wakeLock  reactivate ,flags=0x6 tag=StayOnWhilePluggedIn Screen Dim
02-07 23:09:41.671 D/KeyguardViewMediator(30833): setHidden false
02-07 23:09:41.691 D/KeyguardViewMediator(30833): setHidden false
02-07 23:09:41.701 D/KeyguardViewMediator(30833): setHidden false
02-07 23:09:41.721 D/KeyguardViewMediator(30833): setHidden false
02-07 23:09:41.731 D/KeyguardViewMediator(30833): setHidden false
02-07 23:09:41.751 D/KeyguardViewMediator(30833): setHidden false
02-07 23:09:41.781 D/KeyguardViewMediator(30833): setHidden false
02-07 23:09:41.781 D/KeyguardViewMediator(30833): setHidden false
02-07 23:09:42.491 D/PowerManagerService(30833): UnPartial  wakeLock  reactivate ,flags=0x6 tag=StayOnWhilePluggedIn Screen Dim
02-07 23:09:42.561 D/KeyguardViewMediator(30833): setHidden false
02-07 23:09:42.571 D/PowerManagerService(30833): UnPartial  wakeLock  reactivate ,flags=0x6 tag=StayOnWhilePluggedIn Screen Dim
02-07 23:09:42.581 D/KeyguardViewMediator(30833): setHidden false
02-07 23:09:42.601 D/KeyguardViewMediator(30833): setHidden false
02-07 23:09:42.611 D/KeyguardViewMediator(30833): setHidden false
02-07 23:09:42.621 D/KeyguardViewMediator(30833): setHidden false
02-07 23:09:42.641 D/KeyguardViewMediator(30833): setHidden false
02-07 23:09:42.651 D/KeyguardViewMediator(30833): setHidden false
02-07 23:09:42.671 D/KeyguardViewMediator(30833): setHidden false
02-07 23:09:42.692 D/KeyguardViewMediator(30833): setHidden false
02-07 23:09:42.702 D/KeyguardViewMediator(30833): setHidden false
02-07 23:09:42.712 D/KeyguardViewMediator(30833): setHidden false
02-07 23:09:42.732 D/KeyguardViewMediator(30833): setHidden false
02-07 23:09:42.742 D/KeyguardViewMediator(30833): setHidden false
02-07 23:09:42.752 D/KeyguardViewMediator(30833): setHidden false
02-07 23:09:42.772 D/KeyguardViewMediator(30833): setHidden false
02-07 23:09:42.782 D/KeyguardViewMediator(30833): setHidden false
02-07 23:09:42.802 D/KeyguardViewMediator(30833): setHidden false
02-07 23:09:42.822 D/KeyguardViewMediator(30833): setHidden false
02-07 23:09:42.842 D/KeyguardViewMediator(30833): setHidden false
02-07 23:09:42.872 D/KeyguardViewMediator(30833): setHidden false
02-07 23:09:42.872 D/KeyguardViewMediator(30833): setHidden false
02-07 23:09:42.892 D/KeyguardViewMediator(30833): setHidden false
02-07 23:09:42.902 D/KeyguardViewMediator(30833): setHidden false
02-07 23:09:42.942 D/KeyguardViewMediator(30833): setHidden false
02-07 23:09:42.952 D/KeyguardViewMediator(30833): setHidden false
02-07 23:09:42.972 D/KeyguardViewMediator(30833): setHidden false
02-07 23:09:42.982 D/KeyguardViewMediator(30833): setHidden false
02-07 23:09:43.002 D/KeyguardViewMediator(30833): setHidden false
02-07 23:09:43.022 D/KeyguardViewMediator(30833): setHidden false
02-07 23:09:43.042 D/KeyguardViewMediator(30833): setHidden false
02-07 23:09:43.042 D/KeyguardViewMediator(30833): setHidden false
02-07 23:09:43.572 D/PowerManagerService(30833): UnPartial  wakeLock  reactivate ,flags=0x6 tag=StayOnWhilePluggedIn Screen Dim
02-07 23:09:43.582 D/KeyguardViewMediator(30833): setHidden false
02-07 23:09:43.602 D/KeyguardViewMediator(30833): setHidden false
02-07 23:09:43.612 D/KeyguardViewMediator(30833): setHidden false
02-07 23:09:43.672 D/PowerManagerService(30833): UnPartial  wakeLock  reactivate ,flags=0x6 tag=StayOnWhilePluggedIn Screen Dim
02-07 23:09:43.713 D/KeyguardViewMediator(30833): setHidden false
02-07 23:09:43.733 D/KeyguardViewMediator(30833): setHidden false
02-07 23:09:43.743 D/KeyguardViewMediator(30833): setHidden false
02-07 23:09:43.773 D/KeyguardViewMediator(30833): setHidden false
02-07 23:09:43.783 D/KeyguardViewMediator(30833): setHidden false
02-07 23:09:43.793 D/KeyguardViewMediator(30833): setHidden false
02-07 23:09:43.813 D/KeyguardViewMediator(30833): setHidden false
02-07 23:09:43.823 D/KeyguardViewMediator(30833): setHidden false
02-07 23:09:44.023 D/KeyguardViewMediator(30833): setHidden false
02-07 23:09:44.053 D/KeyguardViewMediator(30833): setHidden false
02-07 23:09:44.063 D/KeyguardViewMediator(30833): setHidden false
02-07 23:09:44.073 D/PowerManagerService(30833): UnPartial  wakeLock  reactivate ,flags=0x6 tag=StayOnWhilePluggedIn Screen Dim
02-07 23:09:44.163 D/KeyguardViewMediator(30833): setHidden false
02-07 23:09:44.183 D/KeyguardViewMediator(30833): setHidden false
02-07 23:09:44.193 D/KeyguardViewMediator(30833): setHidden false
02-07 23:09:44.213 D/KeyguardViewMediator(30833): setHidden false
02-07 23:09:44.233 D/KeyguardViewMediator(30833): setHidden false
02-07 23:09:44.243 D/KeyguardViewMediator(30833): setHidden false
02-07 23:09:44.263 D/KeyguardViewMediator(30833): setHidden false
02-07 23:09:44.273 D/KeyguardViewMediator(30833): setHidden false
02-07 23:09:44.313 D/KeyguardViewMediator(30833): setHidden false
02-07 23:09:44.333 D/KeyguardViewMediator(30833): setHidden false
02-07 23:09:44.343 D/KeyguardViewMediator(30833): setHidden false
02-07 23:09:44.413 D/PowerManagerService(30833): UnPartial  wakeLock  reactivate ,flags=0x6 tag=StayOnWhilePluggedIn Screen Dim
02-07 23:09:44.453 D/KeyguardViewMediator(30833): setHidden false
02-07 23:09:44.463 D/KeyguardViewMediator(30833): setHidden false
02-07 23:09:44.483 D/KeyguardViewMediator(30833): setHidden false
02-07 23:09:44.493 D/KeyguardViewMediator(30833): setHidden false
02-07 23:09:44.513 D/KeyguardViewMediator(30833): setHidden false
02-07 23:09:44.533 D/KeyguardViewMediator(30833): setHidden false
02-07 23:09:44.543 D/KeyguardViewMediator(30833): setHidden false
02-07 23:09:44.553 D/KeyguardViewMediator(30833): setHidden false
02-07 23:09:44.894 D/PowerManagerService(30833): UnPartial  wakeLock  reactivate ,flags=0x6 tag=StayOnWhilePluggedIn Screen Dim
02-07 23:09:44.904 D/KeyguardViewMediator(30833): setHidden false
02-07 23:09:44.924 D/KeyguardViewMediator(30833): setHidden false
02-07 23:09:44.944 D/KeyguardViewMediator(30833): setHidden false
02-07 23:09:44.994 D/PowerManagerService(30833): UnPartial  wakeLock  reactivate ,flags=0x6 tag=StayOnWhilePluggedIn Screen Dim
02-07 23:09:45.044 D/KeyguardViewMediator(30833): setHidden false
02-07 23:09:45.064 D/KeyguardViewMediator(30833): setHidden false
02-07 23:09:45.074 D/KeyguardViewMediator(30833): setHidden false
02-07 23:09:45.094 D/KeyguardViewMediator(30833): setHidden false
02-07 23:09:45.114 D/KeyguardViewMediator(30833): setHidden false
02-07 23:09:45.124 D/KeyguardViewMediator(30833): setHidden false
02-07 23:09:45.134 D/KeyguardViewMediator(30833): setHidden false
02-07 23:09:45.955 D/PowerManagerService(30833): UnPartial  wakeLock  reactivate ,flags=0x6 tag=StayOnWhilePluggedIn Screen Dim
02-07 23:09:46.075 D/PowerManagerService(30833): UnPartial  wakeLock  reactivate ,flags=0x6 tag=StayOnWhilePluggedIn Screen Dim
02-07 23:09:46.165 D/WindowManager(30833): IME moved, Changing focus from Window{40895880 com.google.android.apps.googlevoice/com.google.android.apps.googlevoice.PhoneCallListActivity paused=false} to Window{40895880 com.google.android.apps.googlevoice/com.google.android.apps.googlevoice.PhoneCallListActivity paused=false}
02-07 23:09:46.195 D/KeyguardViewMediator(30833): setHidden false
02-07 23:09:46.225 D/KeyguardViewMediator(30833): setHidden false
02-07 23:09:46.225 D/KeyguardViewMediator(30833): setHidden false
02-07 23:09:46.255 D/KeyguardViewMediator(30833): setHidden false
02-07 23:09:46.265 D/KeyguardViewMediator(30833): setHidden false
02-07 23:09:46.285 D/KeyguardViewMediator(30833): setHidden false
02-07 23:09:46.295 D/KeyguardViewMediator(30833): setHidden false
02-07 23:09:46.315 D/KeyguardViewMediator(30833): setHidden false
02-07 23:09:46.335 D/KeyguardViewMediator(30833): setHidden false
02-07 23:09:46.345 D/KeyguardViewMediator(30833): setHidden false
02-07 23:09:46.365 D/KeyguardViewMediator(30833): setHidden false
02-07 23:09:46.385 D/KeyguardViewMediator(30833): setHidden false
02-07 23:09:46.395 D/KeyguardViewMediator(30833): setHidden false
02-07 23:09:46.415 D/KeyguardViewMediator(30833): setHidden false
02-07 23:09:46.425 D/KeyguardViewMediator(30833): setHidden false
02-07 23:09:46.445 D/KeyguardViewMediator(30833): setHidden false
02-07 23:09:46.465 D/KeyguardViewMediator(30833): setHidden false
02-07 23:09:46.475 D/KeyguardViewMediator(30833): setHidden false
02-07 23:09:46.495 D/KeyguardViewMediator(30833): setHidden false
02-07 23:09:46.505 D/KeyguardViewMediator(30833): setHidden false
02-07 23:09:46.525 D/KeyguardViewMediator(30833): setHidden false
02-07 23:09:46.545 D/KeyguardViewMediator(30833): setHidden false
02-07 23:09:46.555 D/KeyguardViewMediator(30833): setHidden false
02-07 23:09:46.575 D/KeyguardViewMediator(30833): setHidden false
02-07 23:09:46.595 D/KeyguardViewMediator(30833): setHidden false
02-07 23:09:46.605 D/KeyguardViewMediator(30833): setHidden false
02-07 23:09:46.625 D/KeyguardViewMediator(30833): setHidden false
02-07 23:09:46.635 D/KeyguardViewMediator(30833): setHidden false
02-07 23:09:46.655 D/KeyguardViewMediator(30833): setHidden false
02-07 23:09:46.675 D/KeyguardViewMediator(30833): setHidden false
02-07 23:09:46.685 D/KeyguardViewMediator(30833): setHidden false
02-07 23:09:46.705 D/KeyguardViewMediator(30833): setHidden false
02-07 23:09:46.725 D/KeyguardViewMediator(30833): setHidden false
02-07 23:09:46.735 D/KeyguardViewMediator(30833): setHidden false
02-07 23:09:46.755 D/KeyguardViewMediator(30833): setHidden false
02-07 23:09:46.765 D/KeyguardViewMediator(30833): setHidden false
02-07 23:09:46.785 D/KeyguardViewMediator(30833): setHidden false
02-07 23:09:46.806 D/KeyguardViewMediator(30833): setHidden false
02-07 23:09:46.816 D/KeyguardViewMediator(30833): setHidden false
02-07 23:09:46.836 D/KeyguardViewMediator(30833): setHidden false
02-07 23:09:46.846 D/KeyguardViewMediator(30833): setHidden false
02-07 23:09:46.866 D/KeyguardViewMediator(30833): setHidden false
02-07 23:09:46.886 D/KeyguardViewMediator(30833): setHidden false
02-07 23:09:46.896 D/KeyguardViewMediator(30833): setHidden false
02-07 23:09:46.916 D/KeyguardViewMediator(30833): setHidden false
02-07 23:09:46.926 D/KeyguardViewMediator(30833): setHidden false
02-07 23:09:46.946 D/KeyguardViewMediator(30833): setHidden false
02-07 23:09:46.966 D/KeyguardViewMediator(30833): setHidden false
02-07 23:09:46.976 D/KeyguardViewMediator(30833): setHidden false
02-07 23:09:46.996 D/KeyguardViewMediator(30833): setHidden false
02-07 23:09:47.016 D/KeyguardViewMediator(30833): setHidden false
02-07 23:09:47.026 D/KeyguardViewMediator(30833): setHidden false
02-07 23:09:47.046 D/KeyguardViewMediator(30833): setHidden false
02-07 23:09:47.056 D/KeyguardViewMediator(30833): setHidden false
02-07 23:09:47.076 D/KeyguardViewMediator(30833): setHidden false
02-07 23:09:47.096 D/KeyguardViewMediator(30833): setHidden false
02-07 23:09:47.106 D/KeyguardViewMediator(30833): setHidden false
02-07 23:09:47.126 D/KeyguardViewMediator(30833): setHidden false
02-07 23:10:00.018 D/KeyguardUpdateMonitor(30833): received broadcast android.intent.action.TIME_TICK
02-07 23:10:00.018 D/KeyguardUpdateMonitor(30833): handleTimeUpdate
02-07 23:10:26.114 I/dun_service(  123): The value returned from dun_getusbmodemstate_fromsys is 2 
02-07 23:10:26.134 D/KeyguardUpdateMonitor(30833): received broadcast android.intent.action.BATTERY_CHANGED
02-07 23:10:26.134 D/KeyguardUpdateMonitor(30833): handleBatteryUpdate
02-07 23:10:34.952 E/rmt_storage(  159): [MyTag]open: fd=-1
02-07 23:10:34.952 E/rmt_storage(  159): block rmt_storage client thread
02-07 23:11:00.017 D/KeyguardUpdateMonitor(30833): received broadcast android.intent.action.TIME_TICK
02-07 23:11:00.027 D/KeyguardUpdateMonitor(30833): handleTimeUpdate
02-07 23:11:04.161 D/PowerManagerService(30833): UnPartial  wakeLock  reactivate ,flags=0x6 tag=StayOnWhilePluggedIn Screen Dim
02-07 23:11:04.161 W/KeyCharacterMap(31602): Can't open keycharmap file
02-07 23:11:04.161 W/KeyCharacterMap(31602): Error loading keycharmap file '/system/usr/keychars/synaptics-rmi4-ts.kcm.bin'. hw.keyboards.262146.devname='synaptics-rmi4-ts'
02-07 23:11:04.161 W/KeyCharacterMap(31602): Using default keymap: /system/usr/keychars/qwerty.kcm.bin
02-07 23:11:04.321 D/KeyguardViewMediator(30833): setHidden false
02-07 23:11:04.341 D/KeyguardViewMediator(30833): setHidden false
02-07 23:11:04.361 D/KeyguardViewMediator(30833): setHidden false
02-07 23:11:04.381 D/KeyguardViewMediator(30833): setHidden false
02-07 23:11:04.401 D/KeyguardViewMediator(30833): setHidden false
02-07 23:11:04.411 D/KeyguardViewMediator(30833): setHidden false
02-07 23:11:04.431 D/KeyguardViewMediator(30833): setHidden false
02-07 23:11:04.451 D/KeyguardViewMediator(30833): setHidden false
02-07 23:11:04.461 D/KeyguardViewMediator(30833): setHidden false
02-07 23:11:04.481 D/KeyguardViewMediator(30833): setHidden false
02-07 23:11:04.491 D/KeyguardViewMediator(30833): setHidden false
02-07 23:11:04.501 D/KeyguardViewMediator(30833): setHidden false
02-07 23:11:06.864 D/PowerManagerService(30833): UnPartial  wakeLock  reactivate ,flags=0x6 tag=StayOnWhilePluggedIn Screen Dim
02-07 23:11:06.934 D/PowerManagerService(30833): UnPartial  wakeLock  reactivate ,flags=0x6 tag=StayOnWhilePluggedIn Screen Dim
02-07 23:11:06.954 D/KeyguardViewMediator(30833): setHidden false
02-07 23:11:06.974 D/KeyguardViewMediator(30833): setHidden false
02-07 23:11:06.984 D/KeyguardViewMediator(30833): setHidden false
02-07 23:11:06.994 D/KeyguardViewMediator(30833): setHidden false
02-07 23:11:07.004 D/KeyguardViewMediator(30833): setHidden false
02-07 23:11:07.024 D/KeyguardViewMediator(30833): setHidden false
02-07 23:11:07.044 D/KeyguardViewMediator(30833): setHidden false
02-07 23:11:07.054 W/TextView(31602): TextView isNotShowInput = false
02-07 23:11:07.054 D/KeyguardViewMediator(30833): setHidden false
02-07 23:11:07.074 D/KeyguardViewMediator(30833): setHidden false
02-07 23:11:07.084 D/KeyguardViewMediator(30833): setHidden false
02-07 23:11:07.094 D/KeyguardViewMediator(30833): setHidden false
02-07 23:11:07.114 D/KeyguardViewMediator(30833): setHidden false
02-07 23:11:07.124 D/KeyguardViewMediator(30833): setHidden false
02-07 23:11:07.134 D/KeyguardViewMediator(30833): setHidden false
02-07 23:11:07.144 D/KeyguardViewMediator(30833): setHidden false
02-07 23:11:07.154 D/KeyguardViewMediator(30833): setHidden false
02-07 23:11:07.164 D/KeyguardViewMediator(30833): setHidden false
02-07 23:11:07.164 D/KeyguardViewMediator(30833): setHidden false
02-07 23:11:07.174 D/KeyguardViewMediator(30833): setHidden false
02-07 23:11:07.184 D/KeyguardViewMediator(30833): setHidden false
02-07 23:11:07.204 D/KeyguardViewMediator(30833): setHidden false
02-07 23:11:07.204 D/KeyguardViewMediator(30833): setHidden false
02-07 23:11:07.214 D/KeyguardViewMediator(30833): setHidden false
02-07 23:11:07.224 D/KeyguardViewMediator(30833): setHidden false
02-07 23:11:07.224 D/KeyguardViewMediator(30833): setHidden false
02-07 23:11:07.234 D/KeyguardViewMediator(30833): setHidden false
02-07 23:11:07.244 D/KeyguardViewMediator(30833): setHidden false
02-07 23:11:07.254 D/KeyguardViewMediator(30833): setHidden false
02-07 23:11:07.254 D/KeyguardViewMediator(30833): setHidden false
02-07 23:11:07.274 D/KeyguardViewMediator(30833): setHidden false
02-07 23:11:07.294 D/KeyguardViewMediator(30833): setHidden false
02-07 23:11:07.304 D/KeyguardViewMediator(30833): setHidden false
02-07 23:11:07.324 D/KeyguardViewMediator(30833): setHidden false
02-07 23:11:07.344 D/KeyguardViewMediator(30833): setHidden false
02-07 23:11:07.364 D/KeyguardViewMediator(30833): setHidden false
02-07 23:11:07.384 D/KeyguardViewMediator(30833): setHidden false
02-07 23:11:07.394 D/KeyguardViewMediator(30833): setHidden false
02-07 23:11:07.414 D/KeyguardViewMediator(30833): setHidden false
02-07 23:11:07.424 D/KeyguardViewMediator(30833): setHidden false
02-07 23:11:07.444 D/KeyguardViewMediator(30833): setHidden false
02-07 23:11:07.454 D/KeyguardViewMediator(30833): setHidden false
02-07 23:11:07.464 D/KeyguardViewMediator(30833): setHidden false
02-07 23:11:07.484 D/KeyguardViewMediator(30833): setHidden false
02-07 23:11:07.494 D/KeyguardViewMediator(30833): setHidden false
02-07 23:11:07.514 D/KeyguardViewMediator(30833): setHidden false
02-07 23:11:07.524 D/KeyguardViewMediator(30833): setHidden false
02-07 23:11:07.544 D/KeyguardViewMediator(30833): setHidden false
02-07 23:11:07.554 D/KeyguardViewMediator(30833): setHidden false
02-07 23:11:07.594 D/KeyguardViewMediator(30833): setHidden false
02-07 23:11:07.604 D/KeyguardViewMediator(30833): setHidden false
02-07 23:11:07.624 D/KeyguardViewMediator(30833): setHidden false
02-07 23:11:07.634 D/KeyguardViewMediator(30833): setHidden false
02-07 23:11:07.654 D/KeyguardViewMediator(30833): setHidden false
02-07 23:11:07.674 D/KeyguardViewMediator(30833): setHidden false
02-07 23:11:08.195 D/PowerManagerService(30833): UnPartial  wakeLock  reactivate ,flags=0x6 tag=StayOnWhilePluggedIn Screen Dim
02-07 23:11:08.285 D/PowerManagerService(30833): UnPartial  wakeLock  reactivate ,flags=0x6 tag=StayOnWhilePluggedIn Screen Dim
02-07 23:11:08.295 D/KeyguardViewMediator(30833): setHidden false
02-07 23:11:08.375 W/TextView(31602): TextView isNotShowInput = false
02-07 23:11:08.385 D/KeyguardViewMediator(30833): setHidden false
02-07 23:11:08.415 D/KeyguardViewMediator(30833): setHidden false
02-07 23:11:08.425 D/KeyguardViewMediator(30833): setHidden false
02-07 23:11:08.445 D/KeyguardViewMediator(30833): setHidden false
02-07 23:11:08.445 D/KeyguardViewMediator(30833): setHidden false
02-07 23:11:08.455 D/KeyguardViewMediator(30833): setHidden false
02-07 23:11:08.455 D/KeyguardViewMediator(30833): setHidden false
02-07 23:11:08.465 D/KeyguardViewMediator(30833): setHidden false
02-07 23:11:08.485 D/KeyguardViewMediator(30833): setHidden false
02-07 23:11:08.495 D/KeyguardViewMediator(30833): setHidden false
02-07 23:11:08.515 D/KeyguardViewMediator(30833): setHidden false
02-07 23:11:08.535 D/KeyguardViewMediator(30833): setHidden false
02-07 23:11:08.545 D/KeyguardViewMediator(30833): setHidden false
02-07 23:11:08.565 D/KeyguardViewMediator(30833): setHidden false
02-07 23:11:08.575 D/KeyguardViewMediator(30833): setHidden false
02-07 23:11:08.595 D/KeyguardViewMediator(30833): setHidden false
02-07 23:11:08.615 D/KeyguardViewMediator(30833): setHidden false
02-07 23:11:08.625 D/KeyguardViewMediator(30833): setHidden false
02-07 23:11:08.645 D/KeyguardViewMediator(30833): setHidden false
02-07 23:11:08.655 D/KeyguardViewMediator(30833): setHidden false
02-07 23:11:08.675 D/KeyguardViewMediator(30833): setHidden false
02-07 23:11:08.695 D/KeyguardViewMediator(30833): setHidden false
02-07 23:11:08.715 D/KeyguardViewMediator(30833): setHidden false
02-07 23:11:08.735 D/KeyguardViewMediator(30833): setHidden false
02-07 23:11:08.745 D/KeyguardViewMediator(30833): setHidden false
02-07 23:11:08.765 D/KeyguardViewMediator(30833): setHidden false
02-07 23:11:08.765 D/KeyguardViewMediator(30833): setHidden false
02-07 23:11:08.796 D/KeyguardViewMediator(30833): setHidden false
02-07 23:11:08.806 D/KeyguardViewMediator(30833): setHidden false
02-07 23:11:08.826 D/KeyguardViewMediator(30833): setHidden false
02-07 23:11:08.836 D/KeyguardViewMediator(30833): setHidden false
02-07 23:11:08.856 D/KeyguardViewMediator(30833): setHidden false
02-07 23:11:08.876 D/KeyguardViewMediator(30833): setHidden false
02-07 23:11:12.149 D/PowerManagerService(30833): UnPartial  wakeLock  reactivate ,flags=0x6 tag=StayOnWhilePluggedIn Screen Dim
02-07 23:11:12.199 D/KeyguardViewMediator(30833): setHidden false
02-07 23:11:12.259 D/KeyguardViewMediator(30833): setHidden false
02-07 23:11:12.289 D/KeyguardViewMediator(30833): setHidden false
02-07 23:11:12.369 D/KeyguardViewMediator(30833): setHidden false
02-07 23:11:12.389 D/KeyguardViewMediator(30833): setHidden false
02-07 23:11:12.419 D/KeyguardViewMediator(30833): setHidden false
02-07 23:11:12.439 D/KeyguardViewMediator(30833): setHidden false
02-07 23:11:12.459 D/KeyguardViewMediator(30833): setHidden false
02-07 23:11:12.469 D/PowerManagerService(30833): UnPartial  wakeLock  reactivate ,flags=0x6 tag=StayOnWhilePluggedIn Screen Dim
02-07 23:11:12.499 D/KeyguardViewMediator(30833): setHidden false
02-07 23:11:12.539 D/KeyguardViewMediator(30833): setHidden false
02-07 23:11:12.559 D/KeyguardViewMediator(30833): setHidden false
02-07 23:11:12.589 D/KeyguardViewMediator(30833): setHidden false
02-07 23:11:12.619 D/KeyguardViewMediator(30833): setHidden false
02-07 23:11:12.649 D/KeyguardViewMediator(30833): setHidden false
02-07 23:11:12.669 D/KeyguardViewMediator(30833): setHidden false
02-07 23:11:12.689 D/KeyguardViewMediator(30833): setHidden false
02-07 23:11:12.719 D/KeyguardViewMediator(30833): setHidden false
02-07 23:11:12.859 D/PowerManagerService(30833): UnPartial  wakeLock  reactivate ,flags=0x6 tag=StayOnWhilePluggedIn Screen Dim
02-07 23:11:13.550 D/PowerManagerService(30833): UnPartial  wakeLock  reactivate ,flags=0x6 tag=StayOnWhilePluggedIn Screen Dim
02-07 23:11:13.870 D/PowerManagerService(30833): UnPartial  wakeLock  reactivate ,flags=0x6 tag=StayOnWhilePluggedIn Screen Dim
02-07 23:11:13.951 D/PowerManagerService(30833): UnPartial  wakeLock  reactivate ,flags=0x6 tag=StayOnWhilePluggedIn Screen Dim
02-07 23:11:14.431 D/PowerManagerService(30833): UnPartial  wakeLock  reactivate ,flags=0x6 tag=StayOnWhilePluggedIn Screen Dim
02-07 23:11:14.521 D/KeyguardViewMediator(30833): setHidden false
02-07 23:11:14.731 D/PowerManagerService(30833): UnPartial  wakeLock  reactivate ,flags=0x6 tag=StayOnWhilePluggedIn Screen Dim
02-07 23:11:14.751 D/PowerManagerService(30833): UnPartial  wakeLock  reactivate ,flags=0x6 tag=StayOnWhilePluggedIn Screen Dim
02-07 23:11:15.122 D/PowerManagerService(30833): UnPartial  wakeLock  reactivate ,flags=0x6 tag=StayOnWhilePluggedIn Screen Dim
02-07 23:11:15.422 D/PowerManagerService(30833): UnPartial  wakeLock  reactivate ,flags=0x6 tag=StayOnWhilePluggedIn Screen Dim
02-07 23:11:15.662 D/KeyguardViewMediator(30833): setHidden false
02-07 23:11:15.672 D/KeyguardViewMediator(30833): setHidden false
02-07 23:11:15.682 D/KeyguardViewMediator(30833): setHidden false
02-07 23:11:15.702 D/KeyguardViewMediator(30833): setHidden false
02-07 23:11:15.722 D/KeyguardViewMediator(30833): setHidden false
02-07 23:11:15.732 D/KeyguardViewMediator(30833): setHidden false
02-07 23:11:15.752 D/KeyguardViewMediator(30833): setHidden false
02-07 23:11:15.752 D/KeyguardViewMediator(30833): setHidden false
02-07 23:11:15.762 D/KeyguardViewMediator(30833): setHidden false
02-07 23:11:15.772 D/KeyguardViewMediator(30833): setHidden false
02-07 23:11:15.792 D/KeyguardViewMediator(30833): setHidden false
02-07 23:11:15.802 D/KeyguardViewMediator(30833): setHidden false
02-07 23:11:15.822 D/KeyguardViewMediator(30833): setHidden false
02-07 23:11:15.832 D/KeyguardViewMediator(30833): setHidden false
02-07 23:11:15.852 D/KeyguardViewMediator(30833): setHidden false
02-07 23:11:15.872 D/KeyguardViewMediator(30833): setHidden false
02-07 23:11:15.882 D/KeyguardViewMediator(30833): setHidden false
02-07 23:11:15.902 D/KeyguardViewMediator(30833): setHidden false
02-07 23:11:15.922 D/KeyguardViewMediator(30833): setHidden false
02-07 23:11:15.932 D/KeyguardViewMediator(30833): setHidden false
02-07 23:11:15.942 D/PowerManagerService(30833): UnPartial  wakeLock  reactivate ,flags=0x6 tag=StayOnWhilePluggedIn Screen Dim
02-07 23:11:15.952 D/KeyguardViewMediator(30833): setHidden false
02-07 23:11:15.963 D/KeyguardViewMediator(30833): setHidden false
02-07 23:11:15.983 D/KeyguardViewMediator(30833): setHidden false
02-07 23:11:16.003 D/KeyguardViewMediator(30833): setHidden false
02-07 23:11:16.013 D/KeyguardViewMediator(30833): setHidden false
02-07 23:11:16.023 D/KeyguardViewMediator(30833): setHidden false
02-07 23:11:16.033 D/KeyguardViewMediator(30833): setHidden false
02-07 23:11:16.053 D/KeyguardViewMediator(30833): setHidden false
02-07 23:11:16.063 D/KeyguardViewMediator(30833): setHidden false
02-07 23:11:16.083 D/KeyguardViewMediator(30833): setHidden false
02-07 23:11:16.103 D/KeyguardViewMediator(30833): setHidden false
02-07 23:11:16.113 D/KeyguardViewMediator(30833): setHidden false
02-07 23:11:16.133 D/KeyguardViewMediator(30833): setHidden false
02-07 23:11:16.143 D/KeyguardViewMediator(30833): setHidden false
02-07 23:11:16.153 D/PowerManagerService(30833): UnPartial  wakeLock  reactivate ,flags=0x6 tag=StayOnWhilePluggedIn Screen Dim
02-07 23:11:16.163 D/KeyguardViewMediator(30833): setHidden false
02-07 23:11:16.183 D/KeyguardViewMediator(30833): setHidden false
02-07 23:11:16.193 D/KeyguardViewMediator(30833): setHidden false
02-07 23:11:16.213 D/KeyguardViewMediator(30833): setHidden false
02-07 23:11:16.223 D/KeyguardViewMediator(30833): setHidden false
02-07 23:11:16.243 D/KeyguardViewMediator(30833): setHidden false
02-07 23:11:16.263 D/KeyguardViewMediator(30833): setHidden false
02-07 23:11:16.273 D/KeyguardViewMediator(30833): setHidden false
02-07 23:11:16.293 D/KeyguardViewMediator(30833): setHidden false
02-07 23:11:16.303 D/KeyguardViewMediator(30833): setHidden false
02-07 23:11:16.323 D/KeyguardViewMediator(30833): setHidden false
02-07 23:11:16.343 D/KeyguardViewMediator(30833): setHidden false
02-07 23:11:16.353 D/KeyguardViewMediator(30833): setHidden false
02-07 23:11:16.373 D/KeyguardViewMediator(30833): setHidden false
02-07 23:11:16.383 D/KeyguardViewMediator(30833): setHidden false
02-07 23:11:16.403 D/KeyguardViewMediator(30833): setHidden false
02-07 23:11:16.423 D/KeyguardViewMediator(30833): setHidden false
02-07 23:11:16.433 D/KeyguardViewMediator(30833): setHidden false
02-07 23:11:16.453 D/KeyguardViewMediator(30833): setHidden false
02-07 23:11:16.463 D/KeyguardViewMediator(30833): setHidden false
02-07 23:11:16.483 D/KeyguardViewMediator(30833): setHidden false
02-07 23:11:16.503 D/KeyguardViewMediator(30833): setHidden false
02-07 23:11:16.513 D/KeyguardViewMediator(30833): setHidden false
02-07 23:11:16.533 D/KeyguardViewMediator(30833): setHidden false
02-07 23:11:16.543 D/KeyguardViewMediator(30833): setHidden false
02-07 23:11:16.563 D/KeyguardViewMediator(30833): setHidden false
02-07 23:11:16.583 D/KeyguardViewMediator(30833): setHidden false
02-07 23:11:16.593 D/KeyguardViewMediator(30833): setHidden false
02-07 23:11:16.613 D/KeyguardViewMediator(30833): setHidden false
02-07 23:11:16.623 D/KeyguardViewMediator(30833): setHidden false
02-07 23:11:16.643 D/KeyguardViewMediator(30833): setHidden false
02-07 23:11:16.663 D/KeyguardViewMediator(30833): setHidden false
02-07 23:11:17.154 D/PowerManagerService(30833): UnPartial  wakeLock  reactivate ,flags=0x6 tag=StayOnWhilePluggedIn Screen Dim
02-07 23:11:17.284 D/PowerManagerService(30833): UnPartial  wakeLock  reactivate ,flags=0x6 tag=StayOnWhilePluggedIn Screen Dim
02-07 23:11:17.314 D/KeyguardViewMediator(30833): setHidden false
02-07 23:11:17.334 D/KeyguardViewMediator(30833): setHidden false
02-07 23:11:17.344 D/KeyguardViewMediator(30833): setHidden false
02-07 23:11:17.364 D/KeyguardViewMediator(30833): setHidden false
02-07 23:11:17.384 D/KeyguardViewMediator(30833): setHidden false
02-07 23:11:17.394 D/KeyguardViewMediator(30833): setHidden false
02-07 23:11:17.414 D/KeyguardViewMediator(30833): setHidden false
02-07 23:11:17.424 D/KeyguardViewMediator(30833): setHidden false
02-07 23:11:17.444 D/KeyguardViewMediator(30833): setHidden false
02-07 23:11:17.464 D/KeyguardViewMediator(30833): setHidden false
02-07 23:11:17.474 D/KeyguardViewMediator(30833): setHidden false
02-07 23:11:17.494 D/KeyguardViewMediator(30833): setHidden false
02-07 23:11:17.504 D/KeyguardViewMediator(30833): setHidden false
02-07 23:11:18.255 D/PowerManagerService(30833): UnPartial  wakeLock  reactivate ,flags=0x6 tag=StayOnWhilePluggedIn Screen Dim
02-07 23:11:18.385 D/Launcher(30911): Closing system Dialogs 
02-07 23:11:18.385 D/KeyguardViewMediator(30833): setHidden false
02-07 23:11:18.405 D/Launcher(30911): onNewIntent()android.intent.action.MAIN
02-07 23:11:18.405 D/Launcher(30911): Closing system Dialogs 
02-07 23:11:18.415 D/KeyguardViewMediator(30833): setHidden false
02-07 23:11:18.415 D/Warhol  (30911): A pack appears to be installed -- skipping Installer
02-07 23:11:18.425 D/KeyguardViewMediator(30833): setHidden false
02-07 23:11:18.435 I/hubo    (30833): Activity {com.android.launcher/com.android.launcher2.Launcher}
