02-07 22:56:50.081 D/Gallery3D( 1810): [MediaItem]: isGif: false
02-07 22:56:50.081 D/Gallery3D( 1810): [MediaItem]: isGif: false
02-07 22:56:50.101 D/Gallery3D( 1810): [MediaItem]: isGif: false
02-07 22:56:50.101 D/Gallery3D( 1810): [MediaItem]: isGif: false
02-07 22:56:50.101 D/Gallery3D( 1810): [MediaItem]: isGif: false
02-07 22:56:50.111 D/Gallery3D( 1810): [MediaItem]: isGif: false
02-07 22:56:50.111 D/Gallery3D( 1810): [MediaItem]: isGif: false
02-07 22:56:50.111 D/Gallery3D( 1810): [MediaItem]: isGif: false
02-07 22:56:50.131 D/Gallery3D( 1810): [MediaItem]: isGif: false
02-07 22:56:50.131 D/Gallery3D( 1810): [MediaItem]: isGif: false
02-07 22:56:50.131 D/Gallery3D( 1810): [MediaItem]: isGif: false
02-07 22:56:50.141 D/Gallery3D( 1810): [MediaItem]: isGif: false
02-07 22:56:50.171 D/Gallery3D( 1810): [MediaItem]: isGif: false
02-07 22:56:50.171 D/Gallery3D( 1810): [MediaItem]: isGif: false
02-07 22:56:50.181 D/Gallery3D( 1810): [MediaItem]: isGif: false
02-07 22:56:50.181 D/Gallery3D( 1810): [MediaItem]: isGif: false
02-07 22:56:50.181 D/Gallery3D( 1810): [MediaItem]: isGif: false
02-07 22:56:50.201 D/Gallery3D( 1810): [MediaItem]: isGif: false
02-07 22:56:50.201 D/Gallery3D( 1810): [MediaItem]: isGif: false
02-07 22:56:50.201 D/Gallery3D( 1810): [MediaItem]: isGif: false
02-07 22:56:50.211 D/Gallery3D( 1810): [MediaItem]: isGif: false
02-07 22:56:50.211 D/Gallery3D( 1810): [MediaItem]: isGif: false
02-07 22:56:50.211 D/Gallery3D( 1810): [MediaItem]: isGif: false
02-07 22:56:50.221 D/Gallery3D( 1810): [MediaItem]: isGif: false
02-07 22:56:50.221 D/Gallery3D( 1810): [MediaItem]: isGif: false
02-07 22:56:50.221 D/Gallery3D( 1810): [MediaItem]: isGif: false
02-07 22:56:50.221 D/Gallery3D( 1810): [MediaItem]: isGif: false
02-07 22:56:50.221 D/Gallery3D( 1810): [MediaItem]: isGif: false
02-07 22:56:50.231 D/Gallery3D( 1810): [MediaItem]: isGif: false
02-07 22:56:50.241 D/Gallery3D( 1810): [MediaItem]: isGif: false
02-07 22:56:50.241 D/Gallery3D( 1810): [MediaItem]: isGif: false
02-07 22:56:50.241 D/Gallery3D( 1810): [MediaItem]: isGif: false
02-07 22:56:50.261 D/Gallery3D( 1810): [MediaItem]: isGif: false
02-07 22:56:50.261 D/Gallery3D( 1810): [MediaItem]: isGif: false
02-07 22:56:50.261 D/Gallery3D( 1810): [MediaItem]: isGif: false
02-07 22:56:50.271 D/Gallery3D( 1810): [MediaItem]: isGif: false
02-07 22:56:50.271 D/Gallery3D( 1810): [MediaItem]: isGif: false
02-07 22:56:50.271 D/Gallery3D( 1810): [MediaItem]: isGif: false
02-07 22:56:50.291 D/Gallery3D( 1810): [MediaItem]: isGif: false
02-07 22:56:50.291 D/Gallery3D( 1810): [MediaItem]: isGif: false
02-07 22:56:50.291 D/Gallery3D( 1810): [MediaItem]: isGif: false
02-07 22:56:50.301 D/Gallery3D( 1810): [MediaItem]: isGif: false
02-07 22:56:50.301 D/Gallery3D( 1810): [MediaItem]: isGif: false
02-07 22:56:50.301 D/Gallery3D( 1810): [MediaItem]: isGif: false
02-07 22:56:50.321 D/Gallery3D( 1810): [MediaItem]: isGif: false
02-07 22:56:50.321 D/Gallery3D( 1810): [MediaItem]: isGif: false
02-07 22:56:50.321 D/Gallery3D( 1810): [MediaItem]: isGif: false
02-07 22:56:50.341 D/Gallery3D( 1810): [MediaItem]: isGif: false
02-07 22:56:50.341 D/Gallery3D( 1810): [MediaItem]: isGif: false
02-07 22:56:50.341 D/Gallery3D( 1810): [MediaItem]: isGif: false
02-07 22:56:50.351 D/Gallery3D( 1810): [MediaItem]: isGif: false
02-07 22:56:50.351 D/Gallery3D( 1810): [MediaItem]: isGif: false
02-07 22:56:50.351 D/Gallery3D( 1810): [MediaItem]: isGif: false
02-07 22:56:50.371 D/Gallery3D( 1810): [MediaItem]: isGif: false
02-07 22:56:50.371 D/Gallery3D( 1810): [MediaItem]: isGif: false
02-07 22:56:50.371 D/Gallery3D( 1810): [MediaItem]: isGif: false
02-07 22:56:50.381 D/Gallery3D( 1810): [MediaItem]: isGif: false
02-07 22:56:50.391 D/Gallery3D( 1810): [MediaItem]: isGif: false
02-07 22:56:50.391 D/Gallery3D( 1810): [MediaItem]: isGif: false
02-07 22:56:50.401 D/Gallery3D( 1810): [MediaItem]: isGif: false
02-07 22:56:50.401 D/Gallery3D( 1810): [MediaItem]: isGif: false
02-07 22:56:50.401 D/Gallery3D( 1810): [MediaItem]: isGif: false
02-07 22:56:50.421 D/Gallery3D( 1810): [MediaItem]: isGif: false
02-07 22:56:50.421 D/Gallery3D( 1810): [MediaItem]: isGif: false
02-07 22:56:50.421 D/Gallery3D( 1810): [MediaItem]: isGif: false
02-07 22:56:50.431 D/Gallery3D( 1810): [MediaItem]: isGif: false
02-07 22:56:50.431 D/Gallery3D( 1810): [MediaItem]: isGif: false
02-07 22:56:50.431 D/Gallery3D( 1810): [MediaItem]: isGif: false
02-07 22:56:50.452 D/Gallery3D( 1810): [MediaItem]: isGif: false
02-07 22:56:50.452 D/Gallery3D( 1810): [MediaItem]: isGif: false
02-07 22:56:50.452 D/Gallery3D( 1810): [MediaItem]: isGif: false
02-07 22:56:50.472 D/Gallery3D( 1810): [MediaItem]: isGif: false
02-07 22:56:50.472 D/Gallery3D( 1810): [MediaItem]: isGif: false
02-07 22:56:50.472 D/Gallery3D( 1810): [MediaItem]: isGif: false
02-07 22:56:50.482 D/Gallery3D( 1810): [MediaItem]: isGif: false
02-07 22:56:50.482 D/Gallery3D( 1810): [MediaItem]: isGif: false
02-07 22:56:50.482 D/Gallery3D( 1810): [MediaItem]: isGif: false
02-07 22:56:50.502 D/Gallery3D( 1810): [MediaItem]: isGif: false
02-07 22:56:50.502 D/Gallery3D( 1810): [MediaItem]: isGif: false
02-07 22:56:50.502 D/Gallery3D( 1810): [MediaItem]: isGif: false
02-07 22:56:50.512 D/Gallery3D( 1810): [MediaItem]: isGif: false
02-07 22:56:50.512 D/Gallery3D( 1810): [MediaItem]: isGif: false
02-07 22:56:50.512 D/Gallery3D( 1810): [MediaItem]: isGif: false
02-07 22:56:50.532 D/Gallery3D( 1810): [MediaItem]: isGif: false
02-07 22:56:50.532 D/Gallery3D( 1810): [MediaItem]: isGif: false
02-07 22:56:50.532 D/Gallery3D( 1810): [MediaItem]: isGif: false
02-07 22:56:50.552 D/Gallery3D( 1810): [MediaItem]: isGif: false
02-07 22:56:50.552 D/Gallery3D( 1810): [MediaItem]: isGif: false
02-07 22:56:50.552 D/Gallery3D( 1810): [MediaItem]: isGif: false
02-07 22:56:50.562 D/Gallery3D( 1810): [MediaItem]: isGif: false
02-07 22:56:50.562 D/Gallery3D( 1810): [MediaItem]: isGif: false
02-07 22:56:50.562 D/Gallery3D( 1810): [MediaItem]: isGif: false
02-07 22:56:50.582 D/Gallery3D( 1810): [MediaItem]: isGif: false
02-07 22:56:50.582 D/Gallery3D( 1810): [MediaItem]: isGif: false
02-07 22:56:50.582 D/Gallery3D( 1810): [MediaItem]: isGif: false
02-07 22:56:50.592 D/Gallery3D( 1810): [MediaItem]: isGif: false
02-07 22:56:50.592 D/Gallery3D( 1810): [MediaItem]: isGif: false
02-07 22:56:50.602 D/Gallery3D( 1810): [MediaItem]: isGif: false
02-07 22:56:50.612 D/Gallery3D( 1810): [MediaItem]: isGif: false
02-07 22:56:50.612 D/Gallery3D( 1810): [MediaItem]: isGif: false
02-07 22:56:50.612 D/Gallery3D( 1810): [MediaItem]: isGif: false
02-07 22:56:50.632 D/Gallery3D( 1810): [MediaItem]: isGif: false
02-07 22:56:50.632 D/Gallery3D( 1810): [MediaItem]: isGif: false
02-07 22:56:50.632 D/Gallery3D( 1810): [MediaItem]: isGif: false
02-07 22:56:50.642 D/Gallery3D( 1810): [MediaItem]: isGif: false
02-07 22:56:50.642 D/Gallery3D( 1810): [MediaItem]: isGif: false
02-07 22:56:50.642 D/Gallery3D( 1810): [MediaItem]: isGif: false
02-07 22:56:50.662 D/Gallery3D( 1810): [MediaItem]: isGif: false
02-07 22:56:50.662 D/Gallery3D( 1810): [MediaItem]: isGif: false
02-07 22:56:50.662 D/Gallery3D( 1810): [MediaItem]: isGif: false
02-07 22:56:50.682 D/Gallery3D( 1810): [MediaItem]: isGif: false
02-07 22:56:50.682 D/Gallery3D( 1810): [MediaItem]: isGif: false
02-07 22:56:50.682 D/Gallery3D( 1810): [MediaItem]: isGif: false
02-07 22:56:50.692 D/Gallery3D( 1810): [MediaItem]: isGif: false
02-07 22:56:50.692 D/Gallery3D( 1810): [MediaItem]: isGif: false
02-07 22:56:50.692 D/Gallery3D( 1810): [MediaItem]: isGif: false
02-07 22:56:50.712 D/Gallery3D( 1810): [MediaItem]: isGif: false
02-07 22:56:50.712 D/Gallery3D( 1810): [MediaItem]: isGif: false
02-07 22:56:50.712 D/Gallery3D( 1810): [MediaItem]: isGif: false
02-07 22:56:50.722 D/Gallery3D( 1810): [MediaItem]: isGif: false
02-07 22:56:50.722 D/Gallery3D( 1810): [MediaItem]: isGif: false
02-07 22:56:50.722 D/Gallery3D( 1810): [MediaItem]: isGif: false
02-07 22:56:50.742 D/Gallery3D( 1810): [MediaItem]: isGif: false
02-07 22:56:50.742 D/Gallery3D( 1810): [MediaItem]: isGif: false
02-07 22:56:50.742 D/Gallery3D( 1810): [MediaItem]: isGif: false
02-07 22:56:50.762 D/Gallery3D( 1810): [MediaItem]: isGif: false
02-07 22:56:50.762 D/Gallery3D( 1810): [MediaItem]: isGif: false
02-07 22:56:50.762 D/Gallery3D( 1810): [MediaItem]: isGif: false
02-07 22:56:50.772 D/Gallery3D( 1810): [MediaItem]: isGif: false
02-07 22:56:50.772 D/Gallery3D( 1810): [MediaItem]: isGif: false
02-07 22:56:50.782 D/Gallery3D( 1810): [MediaItem]: isGif: false
02-07 22:56:50.792 D/Gallery3D( 1810): [MediaItem]: isGif: false
02-07 22:56:50.792 D/Gallery3D( 1810): [MediaItem]: isGif: false
02-07 22:56:50.792 D/Gallery3D( 1810): [MediaItem]: isGif: false
02-07 22:56:50.812 D/Gallery3D( 1810): [MediaItem]: isGif: false
02-07 22:56:50.812 D/Gallery3D( 1810): [MediaItem]: isGif: false
02-07 22:56:50.812 D/Gallery3D( 1810): [MediaItem]: isGif: false
02-07 22:56:50.822 D/Gallery3D( 1810): [MediaItem]: isGif: false
02-07 22:56:50.822 D/Gallery3D( 1810): [MediaItem]: isGif: false
02-07 22:56:50.822 D/Gallery3D( 1810): [MediaItem]: isGif: false
02-07 22:56:50.842 D/Gallery3D( 1810): [MediaItem]: isGif: false
02-07 22:56:50.842 D/Gallery3D( 1810): [MediaItem]: isGif: false
02-07 22:56:50.842 D/Gallery3D( 1810): [MediaItem]: isGif: false
02-07 22:56:50.852 D/Gallery3D( 1810): [MediaItem]: isGif: false
02-07 22:56:50.862 D/Gallery3D( 1810): [MediaItem]: isGif: false
02-07 22:56:50.862 D/Gallery3D( 1810): [MediaItem]: isGif: false
02-07 22:56:50.872 D/Gallery3D( 1810): [MediaItem]: isGif: false
02-07 22:56:50.872 D/Gallery3D( 1810): [MediaItem]: isGif: false
02-07 22:56:50.872 D/Gallery3D( 1810): [MediaItem]: isGif: false
02-07 22:56:50.892 D/Gallery3D( 1810): [MediaItem]: isGif: false
02-07 22:56:50.892 D/Gallery3D( 1810): [MediaItem]: isGif: false
02-07 22:56:50.892 D/Gallery3D( 1810): [MediaItem]: isGif: false
02-07 22:56:50.902 D/Gallery3D( 1810): [MediaItem]: isGif: false
02-07 22:56:50.902 D/Gallery3D( 1810): [MediaItem]: isGif: false
02-07 22:56:50.902 D/Gallery3D( 1810): [MediaItem]: isGif: false
02-07 22:56:50.942 D/Gallery3D( 1810): [MediaItem]: isGif: false
02-07 22:56:50.952 D/Gallery3D( 1810): [MediaItem]: isGif: false
02-07 22:56:50.952 D/Gallery3D( 1810): [MediaItem]: isGif: false
02-07 22:56:50.952 D/Gallery3D( 1810): [MediaItem]: isGif: false
02-07 22:56:50.952 D/Gallery3D( 1810): [MediaItem]: isGif: false
02-07 22:56:50.952 D/Gallery3D( 1810): [MediaItem]: isGif: false
02-07 22:56:55.076 D/Gallery3D( 1810): [MediaItem]: isGif: false
02-07 22:56:55.076 D/Gallery3D( 1810): [MediaItem]: isGif: false
02-07 22:56:55.076 D/Gallery3D( 1810): [MediaItem]: isGif: false
02-07 22:56:55.086 D/Gallery3D( 1810): [MediaItem]: isGif: false
02-07 22:56:55.086 D/Gallery3D( 1810): [MediaItem]: isGif: false
02-07 22:56:55.086 D/Gallery3D( 1810): [MediaItem]: isGif: false
02-07 22:56:55.096 D/Gallery3D( 1810): [MediaItem]: isGif: false
02-07 22:56:55.096 D/Gallery3D( 1810): [MediaItem]: isGif: false
02-07 22:56:55.096 D/Gallery3D( 1810): [MediaItem]: isGif: false
02-07 22:56:55.096 D/Gallery3D( 1810): [MediaItem]: isGif: false
02-07 22:56:55.106 D/Gallery3D( 1810): [MediaItem]: isGif: false
02-07 22:56:55.106 D/Gallery3D( 1810): [MediaItem]: isGif: false
02-07 22:56:55.126 D/Gallery3D( 1810): [MediaItem]: isGif: false
02-07 22:56:55.126 D/Gallery3D( 1810): [MediaItem]: isGif: false
02-07 22:56:55.136 D/Gallery3D( 1810): [MediaItem]: isGif: false
02-07 22:56:55.136 D/Gallery3D( 1810): [MediaItem]: isGif: false
02-07 22:56:55.156 D/Gallery3D( 1810): [MediaItem]: isGif: false
02-07 22:56:55.156 D/Gallery3D( 1810): [MediaItem]: isGif: false
02-07 22:56:55.166 D/Gallery3D( 1810): [MediaItem]: isGif: false
02-07 22:56:55.166 D/Gallery3D( 1810): [MediaItem]: isGif: false
02-07 22:56:55.186 D/Gallery3D( 1810): [MediaItem]: isGif: false
02-07 22:56:55.186 D/Gallery3D( 1810): [MediaItem]: isGif: false
02-07 22:56:55.206 D/Gallery3D( 1810): [MediaItem]: isGif: false
02-07 22:56:55.206 D/Gallery3D( 1810): [MediaItem]: isGif: false
02-07 22:56:55.216 D/Gallery3D( 1810): [MediaItem]: isGif: false
02-07 22:56:55.216 D/Gallery3D( 1810): [MediaItem]: isGif: false
02-07 22:56:55.236 D/Gallery3D( 1810): [MediaItem]: isGif: false
02-07 22:56:55.236 D/Gallery3D( 1810): [MediaItem]: isGif: false
02-07 22:56:55.256 D/Gallery3D( 1810): [MediaItem]: isGif: false
02-07 22:56:55.256 D/Gallery3D( 1810): [MediaItem]: isGif: false
02-07 22:56:55.266 D/Gallery3D( 1810): [MediaItem]: isGif: false
02-07 22:56:55.266 D/Gallery3D( 1810): [MediaItem]: isGif: false
02-07 22:56:55.286 D/Gallery3D( 1810): [MediaItem]: isGif: false
02-07 22:56:55.286 D/Gallery3D( 1810): [MediaItem]: isGif: false
02-07 22:56:55.296 D/Gallery3D( 1810): [MediaItem]: isGif: false
02-07 22:56:55.296 D/Gallery3D( 1810): [MediaItem]: isGif: false
02-07 22:56:55.316 D/Gallery3D( 1810): [MediaItem]: isGif: false
02-07 22:56:55.316 D/Gallery3D( 1810): [MediaItem]: isGif: false
02-07 22:56:55.326 D/Gallery3D( 1810): [MediaItem]: isGif: false
02-07 22:56:55.336 D/Gallery3D( 1810): [MediaItem]: isGif: false
02-07 22:56:55.346 D/Gallery3D( 1810): [MediaItem]: isGif: false
02-07 22:56:55.346 D/Gallery3D( 1810): [MediaItem]: isGif: false
02-07 22:56:55.366 D/Gallery3D( 1810): [MediaItem]: isGif: false
02-07 22:56:55.366 D/Gallery3D( 1810): [MediaItem]: isGif: false
02-07 22:56:55.376 D/Gallery3D( 1810): [MediaItem]: isGif: false
02-07 22:56:55.376 D/Gallery3D( 1810): [MediaItem]: isGif: false
02-07 22:56:55.396 D/Gallery3D( 1810): [MediaItem]: isGif: false
02-07 22:56:55.396 D/Gallery3D( 1810): [MediaItem]: isGif: false
02-07 22:56:55.416 D/Gallery3D( 1810): [MediaItem]: isGif: false
02-07 22:56:55.416 D/Gallery3D( 1810): [MediaItem]: isGif: false
02-07 22:56:55.426 D/Gallery3D( 1810): [MediaItem]: isGif: false
02-07 22:56:55.426 D/Gallery3D( 1810): [MediaItem]: isGif: false
02-07 22:56:55.446 D/Gallery3D( 1810): [MediaItem]: isGif: false
02-07 22:56:55.446 D/Gallery3D( 1810): [MediaItem]: isGif: false
02-07 22:56:55.456 D/Gallery3D( 1810): [MediaItem]: isGif: false
02-07 22:56:55.456 D/Gallery3D( 1810): [MediaItem]: isGif: false
02-07 22:56:55.476 D/Gallery3D( 1810): [MediaItem]: isGif: false
02-07 22:56:55.476 D/Gallery3D( 1810): [MediaItem]: isGif: false
02-07 22:56:55.496 D/Gallery3D( 1810): [MediaItem]: isGif: false
02-07 22:56:55.496 D/Gallery3D( 1810): [MediaItem]: isGif: false
02-07 22:56:55.506 D/Gallery3D( 1810): [MediaItem]: isGif: false
02-07 22:56:55.506 D/Gallery3D( 1810): [MediaItem]: isGif: false
02-07 22:56:55.526 D/Gallery3D( 1810): [MediaItem]: isGif: false
02-07 22:56:55.526 D/Gallery3D( 1810): [MediaItem]: isGif: false
02-07 22:56:55.546 D/Gallery3D( 1810): [MediaItem]: isGif: false
02-07 22:56:55.546 D/Gallery3D( 1810): [MediaItem]: isGif: false
02-07 22:56:55.556 D/Gallery3D( 1810): [MediaItem]: isGif: false
02-07 22:56:55.556 D/Gallery3D( 1810): [MediaItem]: isGif: false
02-07 22:56:55.577 D/Gallery3D( 1810): [MediaItem]: isGif: false
02-07 22:56:55.577 D/Gallery3D( 1810): [MediaItem]: isGif: false
02-07 22:56:55.587 D/Gallery3D( 1810): [MediaItem]: isGif: false
02-07 22:56:55.587 D/Gallery3D( 1810): [MediaItem]: isGif: false
02-07 22:56:55.607 D/Gallery3D( 1810): [MediaItem]: isGif: false
02-07 22:56:55.607 D/Gallery3D( 1810): [MediaItem]: isGif: false
02-07 22:56:55.627 D/Gallery3D( 1810): [MediaItem]: isGif: false
02-07 22:56:55.627 D/Gallery3D( 1810): [MediaItem]: isGif: false
02-07 22:56:55.637 D/Gallery3D( 1810): [MediaItem]: isGif: false
02-07 22:56:55.637 D/Gallery3D( 1810): [MediaItem]: isGif: false
02-07 22:56:55.657 D/Gallery3D( 1810): [MediaItem]: isGif: false
02-07 22:56:55.657 D/Gallery3D( 1810): [MediaItem]: isGif: false
02-07 22:56:55.667 D/Gallery3D( 1810): [MediaItem]: isGif: false
02-07 22:56:55.677 D/Gallery3D( 1810): [MediaItem]: isGif: false
02-07 22:56:55.687 D/Gallery3D( 1810): [MediaItem]: isGif: false
02-07 22:56:55.687 D/Gallery3D( 1810): [MediaItem]: isGif: false
02-07 22:56:55.707 D/Gallery3D( 1810): [MediaItem]: isGif: false
02-07 22:56:55.707 D/Gallery3D( 1810): [MediaItem]: isGif: false
02-07 22:56:55.717 D/Gallery3D( 1810): [MediaItem]: isGif: false
02-07 22:56:55.717 D/Gallery3D( 1810): [MediaItem]: isGif: false
02-07 22:56:55.737 D/Gallery3D( 1810): [MediaItem]: isGif: false
02-07 22:56:55.737 D/Gallery3D( 1810): [MediaItem]: isGif: false
02-07 22:56:55.747 D/Gallery3D( 1810): [MediaItem]: isGif: false
02-07 22:56:55.747 D/Gallery3D( 1810): [MediaItem]: isGif: false
02-07 22:56:55.767 D/Gallery3D( 1810): [MediaItem]: isGif: false
02-07 22:56:55.767 D/Gallery3D( 1810): [MediaItem]: isGif: false
02-07 22:56:55.787 D/Gallery3D( 1810): [MediaItem]: isGif: false
02-07 22:56:55.787 D/Gallery3D( 1810): [MediaItem]: isGif: false
02-07 22:56:55.797 D/Gallery3D( 1810): [MediaItem]: isGif: false
02-07 22:56:55.797 D/Gallery3D( 1810): [MediaItem]: isGif: false
02-07 22:56:55.817 D/Gallery3D( 1810): [MediaItem]: isGif: false
02-07 22:56:55.817 D/Gallery3D( 1810): [MediaItem]: isGif: false
02-07 22:56:55.837 D/Gallery3D( 1810): [MediaItem]: isGif: false
02-07 22:56:55.837 D/Gallery3D( 1810): [MediaItem]: isGif: false
02-07 22:56:55.847 D/Gallery3D( 1810): [MediaItem]: isGif: false
02-07 22:56:55.847 D/Gallery3D( 1810): [MediaItem]: isGif: false
02-07 22:56:55.867 D/Gallery3D( 1810): [MediaItem]: isGif: false
02-07 22:56:55.867 D/Gallery3D( 1810): [MediaItem]: isGif: false
02-07 22:56:55.877 D/Gallery3D( 1810): [MediaItem]: isGif: false
02-07 22:56:55.877 D/Gallery3D( 1810): [MediaItem]: isGif: false
02-07 22:56:55.897 D/Gallery3D( 1810): [MediaItem]: isGif: false
02-07 22:56:55.897 D/Gallery3D( 1810): [MediaItem]: isGif: false
02-07 22:56:55.917 D/Gallery3D( 1810): [MediaItem]: isGif: false
02-07 22:56:55.917 D/Gallery3D( 1810): [MediaItem]: isGif: false
02-07 22:56:55.927 D/Gallery3D( 1810): [MediaItem]: isGif: false
02-07 22:56:55.927 D/Gallery3D( 1810): [MediaItem]: isGif: false
02-07 22:56:55.947 D/Gallery3D( 1810): [MediaItem]: isGif: false
02-07 22:56:55.947 D/Gallery3D( 1810): [MediaItem]: isGif: false
02-07 22:56:55.967 D/Gallery3D( 1810): [MediaItem]: isGif: false
02-07 22:56:55.967 D/Gallery3D( 1810): [MediaItem]: isGif: false
02-07 22:56:55.977 D/Gallery3D( 1810): [MediaItem]: isGif: false
02-07 22:56:55.977 D/Gallery3D( 1810): [MediaItem]: isGif: false
02-07 22:56:55.997 D/Gallery3D( 1810): [MediaItem]: isGif: false
02-07 22:56:55.997 D/Gallery3D( 1810): [MediaItem]: isGif: false
02-07 22:56:56.017 D/Gallery3D( 1810): [MediaItem]: isGif: false
02-07 22:56:56.017 D/Gallery3D( 1810): [MediaItem]: isGif: false
02-07 22:56:56.027 D/Gallery3D( 1810): [MediaItem]: isGif: false
02-07 22:56:56.027 D/Gallery3D( 1810): [MediaItem]: isGif: false
02-07 22:56:56.037 D/Gallery3D( 1810): [MediaItem]: isGif: false
02-07 22:56:56.037 D/Gallery3D( 1810): [MediaItem]: isGif: false
02-07 22:56:56.057 D/Gallery3D( 1810): [MediaItem]: isGif: false
02-07 22:56:56.057 D/Gallery3D( 1810): [MediaItem]: isGif: false
02-07 22:56:56.077 D/Gallery3D( 1810): [MediaItem]: isGif: false
02-07 22:56:56.077 D/Gallery3D( 1810): [MediaItem]: isGif: false
02-07 22:56:56.087 D/Gallery3D( 1810): [MediaItem]: isGif: false
02-07 22:56:56.087 D/Gallery3D( 1810): [MediaItem]: isGif: false
02-07 22:56:56.107 D/Gallery3D( 1810): [MediaItem]: isGif: false
02-07 22:56:56.107 D/Gallery3D( 1810): [MediaItem]: isGif: false
02-07 22:56:56.127 D/Gallery3D( 1810): [MediaItem]: isGif: false
02-07 22:56:56.127 D/Gallery3D( 1810): [MediaItem]: isGif: false
02-07 22:56:56.137 D/Gallery3D( 1810): [MediaItem]: isGif: false
02-07 22:56:56.137 D/Gallery3D( 1810): [MediaItem]: isGif: false
02-07 22:56:56.157 D/Gallery3D( 1810): [MediaItem]: isGif: false
02-07 22:56:56.157 D/Gallery3D( 1810): [MediaItem]: isGif: false
02-07 22:56:56.167 D/Gallery3D( 1810): [MediaItem]: isGif: false
02-07 22:56:56.167 D/Gallery3D( 1810): [MediaItem]: isGif: false
02-07 22:56:56.187 D/Gallery3D( 1810): [MediaItem]: isGif: false
02-07 22:56:56.187 D/Gallery3D( 1810): [MediaItem]: isGif: false
02-07 22:56:56.207 D/Gallery3D( 1810): [MediaItem]: isGif: false
02-07 22:56:56.207 D/Gallery3D( 1810): [MediaItem]: isGif: false
02-07 22:56:56.217 D/Gallery3D( 1810): [MediaItem]: isGif: false
02-07 22:56:56.217 D/Gallery3D( 1810): [MediaItem]: isGif: false
02-07 22:56:56.237 D/Gallery3D( 1810): [MediaItem]: isGif: false
02-07 22:56:56.237 D/Gallery3D( 1810): [MediaItem]: isGif: false
02-07 22:56:56.247 D/Gallery3D( 1810): [MediaItem]: isGif: false
02-07 22:56:56.257 D/Gallery3D( 1810): [MediaItem]: isGif: false
02-07 22:56:56.277 D/Gallery3D( 1810): [MediaItem]: isGif: false
02-07 22:56:56.277 D/Gallery3D( 1810): [MediaItem]: isGif: false
02-07 22:56:56.287 D/Gallery3D( 1810): [MediaItem]: isGif: false
02-07 22:56:56.287 D/Gallery3D( 1810): [MediaItem]: isGif: false
02-07 22:56:56.297 D/Gallery3D( 1810): [MediaItem]: isGif: false
02-07 22:56:56.297 D/Gallery3D( 1810): [MediaItem]: isGif: false
02-07 22:56:56.317 D/Gallery3D( 1810): [MediaItem]: isGif: false
02-07 22:56:56.317 D/Gallery3D( 1810): [MediaItem]: isGif: false
02-07 22:56:56.337 D/Gallery3D( 1810): [MediaItem]: isGif: false
02-07 22:56:56.337 D/Gallery3D( 1810): [MediaItem]: isGif: false
02-07 22:56:56.347 D/Gallery3D( 1810): [MediaItem]: isGif: false
02-07 22:56:56.347 D/Gallery3D( 1810): [MediaItem]: isGif: false
02-07 22:56:56.367 D/Gallery3D( 1810): [MediaItem]: isGif: false
02-07 22:56:56.367 D/Gallery3D( 1810): [MediaItem]: isGif: false
02-07 22:56:56.377 D/Gallery3D( 1810): [MediaItem]: isGif: false
02-07 22:56:56.377 D/Gallery3D( 1810): [MediaItem]: isGif: false
02-07 22:56:56.397 D/Gallery3D( 1810): [MediaItem]: isGif: false
02-07 22:56:56.397 D/Gallery3D( 1810): [MediaItem]: isGif: false
02-07 22:56:56.417 D/Gallery3D( 1810): [MediaItem]: isGif: false
02-07 22:56:56.417 D/Gallery3D( 1810): [MediaItem]: isGif: false
02-07 22:56:56.427 D/Gallery3D( 1810): [MediaItem]: isGif: false
02-07 22:56:56.427 D/Gallery3D( 1810): [MediaItem]: isGif: false
02-07 22:56:56.437 D/Gallery3D( 1810): [MediaItem]: isGif: false
02-07 22:56:56.437 D/Gallery3D( 1810): [MediaItem]: isGif: false
02-07 22:56:56.457 D/Gallery3D( 1810): [MediaItem]: isGif: false
02-07 22:56:56.457 D/Gallery3D( 1810): [MediaItem]: isGif: false
02-07 22:56:56.467 D/Gallery3D( 1810): [MediaItem]: isGif: false
02-07 22:56:56.467 D/Gallery3D( 1810): [MediaItem]: isGif: false
02-07 22:56:56.487 D/Gallery3D( 1810): [MediaItem]: isGif: false
02-07 22:56:56.487 D/Gallery3D( 1810): [MediaItem]: isGif: false
02-07 22:56:56.497 D/Gallery3D( 1810): [MediaItem]: isGif: false
02-07 22:56:56.497 D/Gallery3D( 1810): [MediaItem]: isGif: false
02-07 22:56:56.517 D/Gallery3D( 1810): [MediaItem]: isGif: false
02-07 22:56:56.517 D/Gallery3D( 1810): [MediaItem]: isGif: false
02-07 22:56:56.537 D/Gallery3D( 1810): [MediaItem]: isGif: false
02-07 22:56:56.537 D/Gallery3D( 1810): [MediaItem]: isGif: false
02-07 22:56:56.547 D/Gallery3D( 1810): [MediaItem]: isGif: false
02-07 22:56:56.547 D/Gallery3D( 1810): [MediaItem]: isGif: false
02-07 22:56:56.567 D/Gallery3D( 1810): [MediaItem]: isGif: false
02-07 22:56:56.567 D/Gallery3D( 1810): [MediaItem]: isGif: false
02-07 22:56:56.577 D/Gallery3D( 1810): [MediaItem]: isGif: false
02-07 22:56:56.577 D/Gallery3D( 1810): [MediaItem]: isGif: false
02-07 22:56:56.608 D/Gallery3D( 1810): [MediaItem]: isGif: false
02-07 22:56:56.608 D/Gallery3D( 1810): [MediaItem]: isGif: false
02-07 22:56:56.618 D/Gallery3D( 1810): [MediaItem]: isGif: false
02-07 22:56:56.618 D/Gallery3D( 1810): [MediaItem]: isGif: false
02-07 22:56:56.638 D/Gallery3D( 1810): [MediaItem]: isGif: false
02-07 22:56:56.638 D/Gallery3D( 1810): [MediaItem]: isGif: false
02-07 22:56:56.658 D/Gallery3D( 1810): [MediaItem]: isGif: false
02-07 22:56:56.658 D/Gallery3D( 1810): [MediaItem]: isGif: false
02-07 22:56:56.668 D/Gallery3D( 1810): [MediaItem]: isGif: false
02-07 22:56:56.668 D/Gallery3D( 1810): [MediaItem]: isGif: false
02-07 22:56:56.688 D/Gallery3D( 1810): [MediaItem]: isGif: false
02-07 22:56:56.688 D/Gallery3D( 1810): [MediaItem]: isGif: false
02-07 22:56:56.698 D/Gallery3D( 1810): [MediaItem]: isGif: false
02-07 22:56:56.698 D/Gallery3D( 1810): [MediaItem]: isGif: false
02-07 22:56:56.718 D/Gallery3D( 1810): [MediaItem]: isGif: false
02-07 22:56:56.718 D/Gallery3D( 1810): [MediaItem]: isGif: false
02-07 22:56:56.728 D/Gallery3D( 1810): [MediaItem]: isGif: false
02-07 22:56:56.728 D/Gallery3D( 1810): [MediaItem]: isGif: false
02-07 22:56:56.748 D/Gallery3D( 1810): [MediaItem]: isGif: false
02-07 22:56:56.748 D/Gallery3D( 1810): [MediaItem]: isGif: false
02-07 22:56:56.758 D/Gallery3D( 1810): [MediaItem]: isGif: false
02-07 22:56:56.758 D/Gallery3D( 1810): [MediaItem]: isGif: false
02-07 22:56:56.778 D/Gallery3D( 1810): [MediaItem]: isGif: false
02-07 22:56:56.778 D/Gallery3D( 1810): [MediaItem]: isGif: false
02-07 22:56:56.798 D/Gallery3D( 1810): [MediaItem]: isGif: false
02-07 22:56:56.798 D/Gallery3D( 1810): [MediaItem]: isGif: false
02-07 22:56:56.818 D/Gallery3D( 1810): [MediaItem]: isGif: false
02-07 22:56:56.818 D/Gallery3D( 1810): [MediaItem]: isGif: false
02-07 22:56:56.828 D/Gallery3D( 1810): [MediaItem]: isGif: false
02-07 22:56:56.828 D/Gallery3D( 1810): [MediaItem]: isGif: false
02-07 22:56:56.848 D/Gallery3D( 1810): [MediaItem]: isGif: false
02-07 22:56:56.848 D/Gallery3D( 1810): [MediaItem]: isGif: false
02-07 22:56:56.868 D/Gallery3D( 1810): [MediaItem]: isGif: false
02-07 22:56:56.868 D/Gallery3D( 1810): [MediaItem]: isGif: false
02-07 22:56:56.878 D/Gallery3D( 1810): [MediaItem]: isGif: false
02-07 22:56:56.878 D/Gallery3D( 1810): [MediaItem]: isGif: false
02-07 22:56:56.898 D/Gallery3D( 1810): [MediaItem]: isGif: false
02-07 22:56:56.898 D/Gallery3D( 1810): [MediaItem]: isGif: false
02-07 22:56:56.908 D/Gallery3D( 1810): [MediaItem]: isGif: false
02-07 22:56:56.908 D/Gallery3D( 1810): [MediaItem]: isGif: false
02-07 22:56:56.928 D/Gallery3D( 1810): [MediaItem]: isGif: false
02-07 22:56:56.928 D/Gallery3D( 1810): [MediaItem]: isGif: false
02-07 22:56:56.938 D/Gallery3D( 1810): [MediaItem]: isGif: false
02-07 22:56:56.938 D/Gallery3D( 1810): [MediaItem]: isGif: false
02-07 22:56:56.958 D/Gallery3D( 1810): [MediaItem]: isGif: false
02-07 22:56:56.958 D/Gallery3D( 1810): [MediaItem]: isGif: false
02-07 22:56:56.978 D/Gallery3D( 1810): [MediaItem]: isGif: false
02-07 22:56:56.978 D/Gallery3D( 1810): [MediaItem]: isGif: false
02-07 22:56:56.988 D/Gallery3D( 1810): [MediaItem]: isGif: false
02-07 22:56:56.988 D/Gallery3D( 1810): [MediaItem]: isGif: false
02-07 22:56:57.008 D/Gallery3D( 1810): [MediaItem]: isGif: false
02-07 22:56:57.008 D/Gallery3D( 1810): [MediaItem]: isGif: false
02-07 22:56:57.018 D/Gallery3D( 1810): [MediaItem]: isGif: false
02-07 22:56:57.018 D/Gallery3D( 1810): [MediaItem]: isGif: false
02-07 22:56:57.038 D/Gallery3D( 1810): [MediaItem]: isGif: false
02-07 22:56:57.038 D/Gallery3D( 1810): [MediaItem]: isGif: false
02-07 22:56:57.048 D/Gallery3D( 1810): [MediaItem]: isGif: false
02-07 22:56:57.058 D/Gallery3D( 1810): [MediaItem]: isGif: false
02-07 22:56:57.068 D/Gallery3D( 1810): [MediaItem]: isGif: false
02-07 22:56:57.068 D/Gallery3D( 1810): [MediaItem]: isGif: false
02-07 22:56:57.088 D/Gallery3D( 1810): [MediaItem]: isGif: false
02-07 22:56:57.088 D/Gallery3D( 1810): [MediaItem]: isGif: false
02-07 22:56:57.108 D/Gallery3D( 1810): [MediaItem]: isGif: false
02-07 22:56:57.108 D/Gallery3D( 1810): [MediaItem]: isGif: false
02-07 22:56:57.118 D/Gallery3D( 1810): [MediaItem]: isGif: false
02-07 22:56:57.118 D/Gallery3D( 1810): [MediaItem]: isGif: false
02-07 22:56:57.138 D/Gallery3D( 1810): [MediaItem]: isGif: false
02-07 22:56:57.138 D/Gallery3D( 1810): [MediaItem]: isGif: false
02-07 22:56:57.148 D/Gallery3D( 1810): [MediaItem]: isGif: false
02-07 22:56:57.148 D/Gallery3D( 1810): [MediaItem]: isGif: false
02-07 22:56:57.168 D/Gallery3D( 1810): [MediaItem]: isGif: false
02-07 22:56:57.168 D/Gallery3D( 1810): [MediaItem]: isGif: false
02-07 22:56:57.188 D/Gallery3D( 1810): [MediaItem]: isGif: false
02-07 22:56:57.188 D/Gallery3D( 1810): [MediaItem]: isGif: false
02-07 22:56:57.198 D/Gallery3D( 1810): [MediaItem]: isGif: false
02-07 22:56:57.198 D/Gallery3D( 1810): [MediaItem]: isGif: false
02-07 22:56:57.218 D/Gallery3D( 1810): [MediaItem]: isGif: false
02-07 22:56:57.218 D/Gallery3D( 1810): [MediaItem]: isGif: false
02-07 22:56:57.228 D/Gallery3D( 1810): [MediaItem]: isGif: false
02-07 22:56:57.228 D/Gallery3D( 1810): [MediaItem]: isGif: false
02-07 22:56:57.248 D/Gallery3D( 1810): [MediaItem]: isGif: false
02-07 22:56:57.248 D/Gallery3D( 1810): [MediaItem]: isGif: false
02-07 22:56:57.268 D/Gallery3D( 1810): [MediaItem]: isGif: false
02-07 22:56:57.268 D/Gallery3D( 1810): [MediaItem]: isGif: false
02-07 22:56:57.278 D/Gallery3D( 1810): [MediaItem]: isGif: false
02-07 22:56:57.278 D/Gallery3D( 1810): [MediaItem]: isGif: false
02-07 22:56:57.298 D/Gallery3D( 1810): [MediaItem]: isGif: false
02-07 22:56:57.298 D/Gallery3D( 1810): [MediaItem]: isGif: false
02-07 22:56:57.308 D/Gallery3D( 1810): [MediaItem]: isGif: false
02-07 22:56:57.308 D/Gallery3D( 1810): [MediaItem]: isGif: false
02-07 22:56:57.328 D/Gallery3D( 1810): [MediaItem]: isGif: false
02-07 22:56:57.328 D/Gallery3D( 1810): [MediaItem]: isGif: false
02-07 22:56:57.348 D/Gallery3D( 1810): [MediaItem]: isGif: false
02-07 22:56:57.348 D/Gallery3D( 1810): [MediaItem]: isGif: false
02-07 22:56:57.358 D/Gallery3D( 1810): [MediaItem]: isGif: false
02-07 22:56:57.358 D/Gallery3D( 1810): [MediaItem]: isGif: false
02-07 22:56:57.378 D/Gallery3D( 1810): [MediaItem]: isGif: false
02-07 22:56:57.378 D/Gallery3D( 1810): [MediaItem]: isGif: false
02-07 22:56:57.398 D/Gallery3D( 1810): [MediaItem]: isGif: false
02-07 22:56:57.398 D/Gallery3D( 1810): [MediaItem]: isGif: false
02-07 22:56:57.398 D/Gallery3D( 1810): [MediaItem]: isGif: false
02-07 22:56:57.428 D/Gallery3D( 1810): [MediaItem]: isGif: false
02-07 22:56:57.428 D/Gallery3D( 1810): [MediaItem]: isGif: false
02-07 22:56:57.428 D/Gallery3D( 1810): [MediaItem]: isGif: false
02-07 22:56:57.448 D/Gallery3D( 1810): [MediaItem]: isGif: false
02-07 22:56:57.448 D/Gallery3D( 1810): [MediaItem]: isGif: false
02-07 22:56:57.458 D/Gallery3D( 1810): [MediaItem]: isGif: false
02-07 22:56:57.458 D/Gallery3D( 1810): [MediaItem]: isGif: false
02-07 22:56:57.458 D/Gallery3D( 1810): [MediaItem]: isGif: false
02-07 22:56:57.458 D/Gallery3D( 1810): [MediaItem]: isGif: false
02-07 22:56:57.468 D/Gallery3D( 1810): [MediaItem]: isGif: false
02-07 22:56:57.468 D/Gallery3D( 1810): [MediaItem]: isGif: false
02-07 22:56:57.478 D/Gallery3D( 1810): [MediaItem]: isGif: false
02-07 22:56:57.478 D/Gallery3D( 1810): [MediaItem]: isGif: false
02-07 22:56:57.478 D/Gallery3D( 1810): [MediaItem]: isGif: false
02-07 22:56:57.498 D/Gallery3D( 1810): [MediaItem]: isGif: false
02-07 22:56:57.498 D/Gallery3D( 1810): [MediaItem]: isGif: false
02-07 22:56:57.498 D/Gallery3D( 1810): [MediaItem]: isGif: false
02-07 22:56:57.498 D/Gallery3D( 1810): [MediaItem]: isGif: false
02-07 22:56:57.508 D/Gallery3D( 1810): [MediaItem]: isGif: false
02-07 22:56:57.508 D/Gallery3D( 1810): [MediaItem]: isGif: false
02-07 22:56:57.508 D/Gallery3D( 1810): [MediaItem]: isGif: false
02-07 22:56:57.518 D/Gallery3D( 1810): [MediaItem]: isGif: false
02-07 22:56:57.518 D/Gallery3D( 1810): [MediaItem]: isGif: false
02-07 22:56:57.518 D/Gallery3D( 1810): [MediaItem]: isGif: false
02-07 22:56:57.538 D/Gallery3D( 1810): [MediaItem]: isGif: false
02-07 22:56:57.538 D/Gallery3D( 1810): [MediaItem]: isGif: false
02-07 22:56:57.538 D/Gallery3D( 1810): [MediaItem]: isGif: false
02-07 22:56:57.548 D/Gallery3D( 1810): [MediaItem]: isGif: false
02-07 22:56:57.548 D/Gallery3D( 1810): [MediaItem]: isGif: false
02-07 22:56:57.548 D/Gallery3D( 1810): [MediaItem]: isGif: false
02-07 22:56:57.568 D/Gallery3D( 1810): [MediaItem]: isGif: false
02-07 22:56:57.568 D/Gallery3D( 1810): [MediaItem]: isGif: false
02-07 22:56:57.568 D/Gallery3D( 1810): [MediaItem]: isGif: false
02-07 22:56:57.578 D/Gallery3D( 1810): [MediaItem]: isGif: false
02-07 22:56:57.588 D/Gallery3D( 1810): [MediaItem]: isGif: false
02-07 22:56:57.588 D/Gallery3D( 1810): [MediaItem]: isGif: false
02-07 22:56:57.598 D/Gallery3D( 1810): [MediaItem]: isGif: false
02-07 22:56:57.598 D/Gallery3D( 1810): [MediaItem]: isGif: false
02-07 22:56:57.598 D/Gallery3D( 1810): [MediaItem]: isGif: false
02-07 22:56:57.619 D/Gallery3D( 1810): [MediaItem]: isGif: false
02-07 22:56:57.619 D/Gallery3D( 1810): [MediaItem]: isGif: false
02-07 22:56:57.619 D/Gallery3D( 1810): [MediaItem]: isGif: false
02-07 22:56:57.679 D/Gallery3D( 1810): [RenderView]: OnPause RenderView com.cooliris.media.RenderView@4052d9e8
02-07 22:56:57.689 D/Launcher(30911): Closing system Dialogs 
02-07 22:56:57.689 D/KeyguardViewMediator(30833): setHidden false
02-07 22:56:57.709 D/KeyguardViewMediator(30833): setHidden false
02-07 22:56:57.719 D/Launcher(30911): onNewIntent()android.intent.action.MAIN
02-07 22:56:57.719 D/Launcher(30911): Closing system Dialogs 
02-07 22:56:57.729 I/hubo    (30833): Activity {com.android.launcher/com.android.launcher2.Launcher}
02-07 22:56:57.769 D/Warhol  (30911): A pack appears to be installed -- skipping Installer
02-07 22:56:57.779 D/KeyguardViewMediator(30833): setHidden false
02-07 22:56:57.819 D/KeyguardViewMediator(30833): setHidden false
02-07 22:56:57.839 D/KeyguardViewMediator(30833): setHidden false
02-07 22:56:57.859 D/KeyguardViewMediator(30833): setHidden false
02-07 22:56:57.869 D/KeyguardViewMediator(30833): setHidden false
02-07 22:56:57.879 D/KeyguardViewMediator(30833): setHidden false
02-07 22:56:57.899 D/KeyguardViewMediator(30833): setHidden false
02-07 22:56:57.909 D/KeyguardViewMediator(30833): setHidden false
02-07 22:56:57.919 D/KeyguardViewMediator(30833): setHidden false
02-07 22:56:57.949 E/InputDispatcher(30833): channel '40a6e6f8 com.android.settings/com.android.settings.ApplicationSettings (server)' ~ Consumer closed input channel or an error occurred.  events=0x8
02-07 22:56:57.949 E/InputDispatcher(30833): channel '40a6e6f8 com.android.settings/com.android.settings.ApplicationSettings (server)' ~ Channel is unrecoverably broken and will be disposed!
02-07 22:56:57.949 D/KeyguardViewMediator(30833): setHidden false
02-07 22:56:57.969 D/KeyguardViewMediator(30833): setHidden false
02-07 22:56:57.979 D/KeyguardViewMediator(30833): setHidden false
02-07 22:56:57.999 D/KeyguardViewMediator(30833): setHidden false
02-07 22:56:58.009 D/KeyguardViewMediator(30833): setHidden false
02-07 22:56:58.029 D/KeyguardViewMediator(30833): setHidden false
02-07 22:56:58.049 D/KeyguardViewMediator(30833): setHidden false
02-07 22:56:58.059 D/KeyguardViewMediator(30833): setHidden false
02-07 22:56:58.079 D/KeyguardViewMediator(30833): setHidden false
02-07 22:56:58.089 D/KeyguardViewMediator(30833): setHidden false
02-07 22:56:58.109 D/KeyguardViewMediator(30833): setHidden false
02-07 22:56:58.129 D/KeyguardViewMediator(30833): setHidden false
02-07 22:56:58.149 D/KeyguardViewMediator(30833): setHidden false
02-07 22:56:58.179 D/Gallery3D( 1810): [CacheService]: Starting CacheService
02-07 22:56:59.390 D/KeyguardViewMediator(30833): setHidden false
02-07 22:56:59.420 D/KeyguardViewMediator(30833): setHidden false
02-07 22:56:59.450 D/KeyguardViewMediator(30833): setHidden false
02-07 22:56:59.470 D/KeyguardViewMediator(30833): setHidden false
02-07 22:56:59.480 D/KeyguardViewMediator(30833): setHidden false
02-07 22:56:59.490 D/KeyguardViewMediator(30833): setHidden false
02-07 22:56:59.510 D/KeyguardViewMediator(30833): setHidden false
02-07 22:56:59.540 D/KeyguardViewMediator(30833): setHidden false
02-07 22:56:59.550 D/KeyguardViewMediator(30833): setHidden false
02-07 22:56:59.560 D/KeyguardViewMediator(30833): setHidden false
02-07 22:56:59.570 D/KeyguardViewMediator(30833): setHidden false
02-07 22:56:59.991 D/KeyguardUpdateMonitor(30833): received broadcast android.intent.action.TIME_TICK
02-07 22:56:59.991 D/KeyguardUpdateMonitor(30833): handleTimeUpdate
02-07 22:57:00.191 D/Gallery3D( 1810): [CacheService]: Preparing DiskCache for all thumbnails.
02-07 22:57:00.241 D/Gallery3D( 1810): [CacheService]: DiskCache ready for all thumbnails.
02-07 22:57:01.853 D/KeyguardViewMediator(30833): setHidden false
02-07 22:57:01.873 D/KeyguardViewMediator(30833): setHidden false
02-07 22:57:01.883 D/KeyguardViewMediator(30833): setHidden false
02-07 22:57:01.893 D/KeyguardViewMediator(30833): setHidden false
02-07 22:57:01.903 D/KeyguardViewMediator(30833): setHidden false
02-07 22:57:01.913 D/KeyguardViewMediator(30833): setHidden false
02-07 22:57:01.923 D/KeyguardViewMediator(30833): setHidden false
02-07 22:57:01.933 D/KeyguardViewMediator(30833): setHidden false
02-07 22:57:01.953 D/KeyguardViewMediator(30833): setHidden false
02-07 22:57:01.953 D/KeyguardViewMediator(30833): setHidden false
02-07 22:57:01.973 D/KeyguardViewMediator(30833): setHidden false
02-07 22:57:01.983 D/KeyguardViewMediator(30833): setHidden false
02-07 22:57:01.993 D/KeyguardViewMediator(30833): setHidden false
02-07 22:57:02.003 D/KeyguardViewMediator(30833): setHidden false
02-07 22:57:02.013 D/KeyguardViewMediator(30833): setHidden false
02-07 22:57:02.023 D/KeyguardViewMediator(30833): setHidden false
02-07 22:57:02.033 D/KeyguardViewMediator(30833): setHidden false
02-07 22:57:02.043 D/KeyguardViewMediator(30833): setHidden false
02-07 22:57:02.053 D/KeyguardViewMediator(30833): setHidden false
02-07 22:57:02.063 D/KeyguardViewMediator(30833): setHidden false
02-07 22:57:02.083 D/KeyguardViewMediator(30833): setHidden false
02-07 22:57:03.064 W/dalvikvm( 2887): Refusing to reopen boot DEX '/system/framework/qcrilhook.jar'
02-07 22:57:03.074 W/dalvikvm( 2887): Refusing to reopen boot DEX '/system/framework/qcnvitems.jar'
02-07 22:57:03.104 I/Dun Service( 2887): Dun Service Created Successfully
02-07 22:57:03.104 I/Dun Service( 2887): Background Service Started Successfully ...
02-07 22:57:03.384 D/PowerManagerService(30833): Go to sleep-->
02-07 22:57:03.384 D/PowerManagerService(30833): setPowerState: mPowerState=0x3 newState=0x0 noChangeLights=false reason=2
02-07 22:57:03.614 D/PowerManagerService(30833): acquireWakeLock flags=0x1 tag=sleep_broadcast
02-07 22:57:03.614 D/PowerManagerService(30833): Go to standby ,PARTIAL_WAKE_LOCK tag = sleep_broadcast
02-07 22:57:03.614 D/KeyguardViewMediator(30833): onScreenTurnedOff(2)
02-07 22:57:03.614 D/lisha   (30833): isLockedOrMissing ***state.isPinLocked()=false***requireSim = true***state=READY
02-07 22:57:03.614 D/lisha   (30833): ***lockedOrMissing=false***provisioned=true
02-07 22:57:03.614 D/KeyguardViewMediator(30833): doKeyguard: showing the lock screen
02-07 22:57:03.614 D/KeyguardViewMediator(30833): showLocked
02-07 22:57:03.614 D/PowerManagerService(30833): acquireWakeLock flags=0x1 tag=show keyguard
02-07 22:57:03.614 D/KeyguardViewMediator(30833): handleShow
02-07 22:57:03.624 E/Sensors (30833): [HAL]ready to call enable(Accelerometer,0),AAAAAAAA
02-07 22:57:03.624 E/Sensors (30833): [HAL]ECS_IOCTL_APP_SET_AFLAG 	success,flags = 0
02-07 22:57:03.624 E/Sensors (30833): [HAL]After {mEnabled &= ~(1<<what)},mEnabled = 0
02-07 22:57:03.624 E/Sensors (30833): [HAL]After {(newState)<<what)},mEnabled = 0
02-07 22:57:03.624 E/Sensors (30833): [HAL]Closed /dev/akm8962_aot in enable(Accelerometer,0),mEnable = 0
02-07 22:57:03.624 I/LockPatternKeyguardView(30833): updateLockscreenBackground
02-07 22:57:03.624 I/LockPatternKeyguardView(30833): setBackgroundDrawable
02-07 22:57:03.624 I/LockPatternKeyguardView(30833): file not found: etc/customize/default_lockscreen
02-07 22:57:03.624 D/PowerManagerService(30833): acquireWakeLock flags=0x1 tag=ActivityManager-Sleep
02-07 22:57:03.624 D/Launcher(30911): onSaveInstanceState
02-07 22:57:03.624 D/Launcher(30911): Dissmis Preview for view :null ID:2131230735
02-07 22:57:03.624 D/Launcher(30911): Dissmis Preview for view :null ID:2131230736
02-07 22:57:03.624 D/Launcher(30911): Dissmis Preview for view :null ID:2131230739
02-07 22:57:03.624 D/Launcher(30911): Dissmis Preview for view :null ID:2131230741
02-07 22:57:03.634 D/PowerManagerService(30833): releaseWakeLock flags=0x1 tag=ActivityManager-Sleep
02-07 22:57:03.644 D/PowerManagerService(30833): acquireWakeLock flags=0x1 tag=RILJ
02-07 22:57:03.644 I/DATA    (30905): [DCT(0) ] intent received :android.intent.action.SCREEN_OFF
02-07 22:57:03.654 D/PowerManagerService(30833): releaseWakeLock flags=0x1 tag=RILJ
02-07 22:57:03.674 D/PowerManagerService(30833): releaseWakeLock flags=0x1 tag=sleep_broadcast
02-07 22:57:03.765 D/LockScreen(30833): initCarrierVisibility - mResId.length=2, mCarrier.length=1
02-07 22:57:03.785 D/LockScreen(30833): updateLayout: status=Normalsubscription=0
02-07 22:57:03.785 D/LockScreen(30833): Updating Lock Screen text to Ruim
02-07 22:57:03.795 D/LockPatternKeyguardView(30833): LockPatternKeyguardView ctor: about to createUnlockScreenFor; mEnableFallback=false
02-07 22:57:03.795 D/UnlockScreen(30833): *******mCreationOrientation = 1
02-07 22:57:03.835 D/LockPatternKeyguardView(30833): createUnlockScreenFor(Pattern): mEnableFallback=false
02-07 22:57:03.855 I/LockPatternKeyguardView(30833): updateLockscreenBackground
02-07 22:57:03.855 I/LockPatternKeyguardView(30833): setBackgroundDrawable
02-07 22:57:03.855 I/LockPatternKeyguardView(30833): file not found: etc/customize/default_lockscreen
02-07 22:57:03.855 D/LockScreen(30833): updateLayout: status=Normalsubscription=0
02-07 22:57:03.855 D/LockScreen(30833): Updating Lock Screen text to Ruim
02-07 22:57:03.865 D/KeyguardViewMediator(30833): adjustUserActivityLocked mShowing: true mHidden: false
02-07 22:57:03.865 D/PowerManagerService(30833): releaseWakeLock flags=0x1 tag=show keyguard
02-07 22:57:03.865 D/PowerManagerService(30833):  ALL PARTIAL wakeLock Released ! 
02-07 22:57:03.875 D/Launcher(30911): Closing system Dialogs 
02-07 22:57:03.895 D/KeyguardViewMediator(30833): setHidden false
02-07 22:57:03.895 D/KeyguardViewMediator(30833): setHidden false
02-07 22:57:03.935 D/KeyguardViewMediator(30833): setHidden false
02-07 22:57:03.935 D/KeyguardViewMediator(30833): setHidden false
02-07 22:57:16.271 W/AlarmManager(30833): +++Alarm  wakeup phone ,pkg=android
02-07 22:57:16.281 D/PowerManagerService(30833): acquireWakeLock flags=0x1 tag=SyncManagerHandleSyncAlarm
02-07 22:57:16.311 D/PowerManagerService(30833): releaseWakeLock flags=0x1 tag=SyncManagerHandleSyncAlarm
02-07 22:57:16.311 D/PowerManagerService(30833):  ALL PARTIAL wakeLock Released ! 
02-07 22:57:16.321 D/PowerManagerService(30833): acquireWakeLock flags=0x1 tag=AlarmManager
02-07 22:57:16.321 W/AlarmManager(30833): +++alarm onSendFinished ,action=android.content.syncmanager.SYNC_ALARM
02-07 22:57:16.321 D/PowerManagerService(30833): releaseWakeLock flags=0x1 tag=AlarmManager
02-07 22:57:16.321 D/PowerManagerService(30833):  ALL PARTIAL wakeLock Released ! 
02-07 22:57:16.321 D/AlarmManager(30833): +++Alarm set:type=2 android  Trigger after:29192335ms
02-07 22:59:36.500 I/dun_service(  123): The value returned from dun_getusbmodemstate_fromsys is 2 
02-07 22:59:36.500 D/PowerManagerService(30833): acquireWakeLock flags=0x1 tag=AlarmManager
02-07 22:59:36.510 D/KeyguardUpdateMonitor(30833): received broadcast android.intent.action.BATTERY_CHANGED
02-07 22:59:36.510 D/KeyguardUpdateMonitor(30833): received broadcast android.intent.action.TIME_TICK
02-07 22:59:36.510 D/KeyguardUpdateMonitor(30833): handleBatteryUpdate
02-07 22:59:36.510 D/KeyguardUpdateMonitor(30833): handleTimeUpdate
02-07 22:59:36.550 D/PowerManagerService(30833): releaseWakeLock flags=0x1 tag=AlarmManager
02-07 22:59:36.550 D/PowerManagerService(30833):  ALL PARTIAL wakeLock Released ! 
02-07 22:59:36.570 D/PowerManagerService(30833): acquireWakeLock flags=0x1 tag=GTALK_CONN
02-07 22:59:36.600 D/AlarmManager(30833): +++Alarm set:type=2 com.google.android.gsf  Trigger after:1679999ms
02-07 22:59:36.610 D/PowerManagerService(30833): releaseWakeLock flags=0x1 tag=GTALK_CONN
02-07 22:59:36.610 D/PowerManagerService(30833):  ALL PARTIAL wakeLock Released ! 
02-07 22:59:36.610 D/PowerManagerService(30833): acquireWakeLock flags=0x1 tag=GTALK_CONN
02-07 22:59:36.620 D/PowerManagerService(30833): releaseWakeLock flags=0x1 tag=GTALK_CONN
02-07 22:59:36.620 D/PowerManagerService(30833):  ALL PARTIAL wakeLock Released ! 
02-07 22:59:37.490 E/rmt_storage(  159): [MyTag]open: fd=-1
02-07 22:59:37.490 E/rmt_storage(  159): block rmt_storage client thread
02-07 22:59:39.500 D/PowerManagerService(30833): acquireWakeLock flags=0x1 tag=GTALK_CONN
02-07 22:59:39.510 D/AlarmManager(30833): +++Alarm set:type=2 com.google.android.gsf  Trigger after:1679999ms
02-07 22:59:39.580 D/PowerManagerService(30833): releaseWakeLock flags=0x1 tag=GTALK_CONN
02-07 22:59:39.580 D/PowerManagerService(30833):  ALL PARTIAL wakeLock Released ! 
02-07 22:59:39.590 D/PowerManagerService(30833): acquireWakeLock flags=0x1 tag=GTALK_CONN
02-07 22:59:39.590 D/PowerManagerService(30833): acquireWakeLock flags=0x1 tag=GOOGLE_C2DM
02-07 22:59:39.610 D/PowerManagerService(30833): releaseWakeLock flags=0x1 tag=GOOGLE_C2DM
02-07 22:59:39.620 D/PowerManagerService(30833): releaseWakeLock flags=0x1 tag=GTALK_CONN
02-07 22:59:39.620 D/PowerManagerService(30833):  ALL PARTIAL wakeLock Released ! 
02-07 22:59:39.620 D/AlarmManager(30833): +++Alarm set:type=2 android  Trigger after:-9ms
02-07 22:59:39.620 W/AlarmManager(30833): +++Alarm  wakeup phone ,pkg=android
02-07 22:59:39.620 D/PowerManagerService(30833): acquireWakeLock flags=0x1 tag=AlarmManager
02-07 22:59:39.620 D/PowerManagerService(30833): acquireWakeLock flags=0x1 tag=SyncManagerHandleSyncAlarm
02-07 22:59:39.620 W/AlarmManager(30833): +++alarm onSendFinished ,action=android.content.syncmanager.SYNC_ALARM
02-07 22:59:39.620 D/PowerManagerService(30833): releaseWakeLock flags=0x1 tag=AlarmManager
02-07 22:59:39.660 D/PowerManagerService(30833): acquireWakeLock flags=0x1 tag=*sync*
02-07 22:59:39.660 D/PowerManagerService(30833): releaseWakeLock flags=0x1 tag=SyncManagerHandleSyncAlarm
02-07 22:59:39.660 D/AlarmManager(30833): +++Alarm set:type=2 android  Trigger after:29999ms
02-07 22:59:39.680 I/ContactsProvider(30972): query: content://com.android.contacts/settings?account_name=decidel%40gmail.com&account_type=com.google&caller_is_syncadapter=true
02-07 22:59:39.680 E/ContactsProvider(30972): 101123 isCallerRegisterNeedSIMProc callerPid:30936, acorePid:30972
02-07 22:59:39.700 I/ContactsProvider(30972): query isCallerRegistered= false
02-07 22:59:39.700 I/ContactsProvider(30972): query forOnlyOneContactString= 0
02-07 22:59:39.710 I/ContactsProvider(30972): query: content://com.android.contacts/syncstate
02-07 22:59:39.710 E/ContactsProvider(30972): 101123 isCallerRegisterNeedSIMProc callerPid:30936, acorePid:30972
02-07 22:59:39.720 I/ContactsProvider(30972): query isCallerRegistered= false
02-07 22:59:39.720 I/ContactsProvider(30972): query forOnlyOneContactString= 0
02-07 22:59:40.650 I/ContactsProvider(30972): query: content://com.android.contacts/raw_contact_entities?account_name=decidel%40gmail.com&account_type=com.google&caller_is_syncadapter=true
02-07 22:59:40.650 E/ContactsProvider(30972): 101123 isCallerRegisterNeedSIMProc callerPid:30936, acorePid:30972
02-07 22:59:40.660 I/ContactsProvider(30972): query isCallerRegistered= false
02-07 22:59:40.660 I/ContactsProvider(30972): query forOnlyOneContactString= 0
02-07 22:59:40.660 D/ContactsProvider(30972):  query CONTACTS MODE_ID=PHONE_UNLOCK
02-07 22:59:40.760 I/ContactsProvider(30972): updateInTransaction: content://com.android.contacts/syncstate/1?caller_is_syncadapter=true
02-07 22:59:40.800 I/ContactsProvider(30972): updateInTransaction: content://com.android.contacts/syncstate/1?caller_is_syncadapter=true
02-07 22:59:40.840 I/ContactsProvider(30972): query: content://com.android.contacts/data?account_name=decidel%40gmail.com&account_type=com.google&caller_is_syncadapter=true
02-07 22:59:40.840 E/ContactsProvider(30972): 101123 isCallerRegisterNeedSIMProc callerPid:30936, acorePid:30972
02-07 22:59:40.840 I/ContactsProvider(30972): query isCallerRegistered= false
02-07 22:59:40.850 I/ContactsProvider(30972): query forOnlyOneContactString= 0
02-07 22:59:40.850 D/ContactsProvider(30972):  query CONTACTS MODE_ID=PHONE_UNLOCK
02-07 22:59:40.860 I/ContactsProvider(30972): query: content://com.android.contacts/raw_contact_entities?account_name=decidel%40gmail.com&account_type=com.google&caller_is_syncadapter=true
02-07 22:59:40.860 E/ContactsProvider(30972): 101123 isCallerRegisterNeedSIMProc callerPid:30936, acorePid:30972
02-07 22:59:40.870 I/ContactsProvider(30972): query isCallerRegistered= false
02-07 22:59:40.870 I/ContactsProvider(30972): query forOnlyOneContactString= 0
02-07 22:59:40.870 D/ContactsProvider(30972):  query CONTACTS MODE_ID=PHONE_UNLOCK
02-07 22:59:40.890 I/ContactsProvider(30972): query: content://com.android.contacts/raw_contacts?account_name=decidel%40gmail.com&account_type=com.google&caller_is_syncadapter=true
02-07 22:59:40.890 E/ContactsProvider(30972): 101123 isCallerRegisterNeedSIMProc callerPid:30936, acorePid:30972
02-07 22:59:40.890 I/ContactsProvider(30972): query isCallerRegistered= false
02-07 22:59:40.900 I/ContactsProvider(30972): query forOnlyOneContactString= 0
02-07 22:59:40.900 D/ContactsProvider(30972):  query CONTACTS MODE_ID=PHONE_UNLOCK
02-07 22:59:40.920 I/ContactsProvider(30972): query: content://com.android.contacts/groups?account_name=decidel%40gmail.com&account_type=com.google&caller_is_syncadapter=true
02-07 22:59:40.920 E/ContactsProvider(30972): 101123 isCallerRegisterNeedSIMProc callerPid:30936, acorePid:30972
02-07 22:59:40.920 I/ContactsProvider(30972): query isCallerRegistered= false
02-07 22:59:40.920 I/ContactsProvider(30972): query forOnlyOneContactString= 0
02-07 22:59:40.930 I/ContactsProvider(30972): query: content://com.android.contacts/groups?account_name=decidel%40gmail.com&account_type=com.google&caller_is_syncadapter=true
