02-07 23:08:22.583 D/KeyguardViewMediator(30833): setHidden false
02-07 23:08:22.593 D/KeyguardViewMediator(30833): setHidden false
02-07 23:08:22.613 D/KeyguardViewMediator(30833): setHidden false
02-07 23:08:22.623 D/KeyguardViewMediator(30833): setHidden false
02-07 23:08:22.643 D/KeyguardViewMediator(30833): setHidden false
02-07 23:08:22.964 D/PowerManagerService(30833): UnPartial  wakeLock  reactivate ,flags=0x6 tag=StayOnWhilePluggedIn Screen Dim
02-07 23:08:22.964 W/KeyCharacterMap(31602): Can't open keycharmap file
02-07 23:08:22.964 W/KeyCharacterMap(31602): Error loading keycharmap file '/system/usr/keychars/synaptics-rmi4-ts.kcm.bin'. hw.keyboards.262146.devname='synaptics-rmi4-ts'
02-07 23:08:22.964 W/KeyCharacterMap(31602): Using default keymap: /system/usr/keychars/qwerty.kcm.bin
02-07 23:08:23.144 D/KeyguardViewMediator(30833): setHidden false
02-07 23:08:23.164 D/KeyguardViewMediator(30833): setHidden false
02-07 23:08:23.174 D/KeyguardViewMediator(30833): setHidden false
02-07 23:08:23.194 D/KeyguardViewMediator(30833): setHidden false
02-07 23:08:23.214 D/KeyguardViewMediator(30833): setHidden false
02-07 23:08:23.214 D/KeyguardViewMediator(30833): setHidden false
02-07 23:08:23.224 D/KeyguardViewMediator(30833): setHidden false
02-07 23:08:23.234 D/KeyguardViewMediator(30833): setHidden false
02-07 23:08:23.254 D/KeyguardViewMediator(30833): setHidden false
02-07 23:08:23.274 D/KeyguardViewMediator(30833): setHidden false
02-07 23:08:23.284 D/KeyguardViewMediator(30833): setHidden false
02-07 23:08:23.304 D/KeyguardViewMediator(30833): setHidden false
02-07 23:08:23.324 D/KeyguardViewMediator(30833): setHidden false
02-07 23:08:23.334 D/KeyguardViewMediator(30833): setHidden false
02-07 23:08:23.354 D/KeyguardViewMediator(30833): setHidden false
02-07 23:08:23.374 D/KeyguardViewMediator(30833): setHidden false
02-07 23:08:23.384 D/KeyguardViewMediator(30833): setHidden false
02-07 23:08:23.404 D/KeyguardViewMediator(30833): setHidden false
02-07 23:08:23.424 D/KeyguardViewMediator(30833): setHidden false
02-07 23:08:23.434 D/KeyguardViewMediator(30833): setHidden false
02-07 23:08:23.454 D/KeyguardViewMediator(30833): setHidden false
02-07 23:08:23.464 D/KeyguardViewMediator(30833): setHidden false
02-07 23:08:23.484 D/KeyguardViewMediator(30833): setHidden false
02-07 23:08:24.966 D/PowerManagerService(30833): UnPartial  wakeLock  reactivate ,flags=0x6 tag=StayOnWhilePluggedIn Screen Dim
02-07 23:08:25.076 D/PowerManagerService(30833): UnPartial  wakeLock  reactivate ,flags=0x6 tag=StayOnWhilePluggedIn Screen Dim
02-07 23:08:25.076 W/KeyCharacterMap(31602): No keyboard for id 0
02-07 23:08:25.076 W/KeyCharacterMap(31602): Using default keymap: /system/usr/keychars/qwerty.kcm.bin
02-07 23:08:25.126 D/KeyguardViewMediator(30833): setHidden false
02-07 23:08:25.136 D/KeyguardViewMediator(30833): setHidden false
02-07 23:08:25.156 D/KeyguardViewMediator(30833): setHidden false
02-07 23:08:25.176 D/KeyguardViewMediator(30833): setHidden false
02-07 23:08:25.186 D/KeyguardViewMediator(30833): setHidden false
02-07 23:08:25.206 D/KeyguardViewMediator(30833): setHidden false
02-07 23:08:25.216 D/KeyguardViewMediator(30833): setHidden false
02-07 23:08:25.226 D/KeyguardViewMediator(30833): setHidden false
02-07 23:08:25.246 D/KeyguardViewMediator(30833): setHidden false
02-07 23:08:25.266 D/KeyguardViewMediator(30833): setHidden false
02-07 23:08:25.276 D/KeyguardViewMediator(30833): setHidden false
02-07 23:08:25.286 D/KeyguardViewMediator(30833): setHidden false
02-07 23:08:25.286 D/KeyguardViewMediator(30833): setHidden false
02-07 23:08:25.296 D/KeyguardViewMediator(30833): setHidden false
02-07 23:08:25.306 D/KeyguardViewMediator(30833): setHidden false
02-07 23:08:25.326 D/KeyguardViewMediator(30833): setHidden false
02-07 23:08:25.336 D/KeyguardViewMediator(30833): setHidden false
02-07 23:08:25.356 D/KeyguardViewMediator(30833): setHidden false
02-07 23:08:25.366 D/KeyguardViewMediator(30833): setHidden false
02-07 23:08:25.386 D/KeyguardViewMediator(30833): setHidden false
02-07 23:08:25.406 D/KeyguardViewMediator(30833): setHidden false
02-07 23:08:25.416 D/KeyguardViewMediator(30833): setHidden false
02-07 23:08:25.436 D/KeyguardViewMediator(30833): setHidden false
02-07 23:08:25.456 D/KeyguardViewMediator(30833): setHidden false
02-07 23:08:26.467 D/PowerManagerService(30833): UnPartial  wakeLock  reactivate ,flags=0x6 tag=StayOnWhilePluggedIn Screen Dim
02-07 23:08:26.577 D/PowerManagerService(30833): UnPartial  wakeLock  reactivate ,flags=0x6 tag=StayOnWhilePluggedIn Screen Dim
02-07 23:08:26.747 I/ContactsProvider(30972): query: content://com.android.contacts/phone_lookup/+19137446943
02-07 23:08:26.757 E/ContactsProvider(30972): 101123 isCallerRegisterNeedSIMProc callerPid:31602, acorePid:30972
02-07 23:08:26.767 I/ContactsProvider(30972): query isCallerRegistered= false
02-07 23:08:26.767 I/ContactsProvider(30972): query forOnlyOneContactString= 0
02-07 23:08:26.777 D/KeyguardViewMediator(30833): setHidden false
02-07 23:08:26.787 D/KeyguardViewMediator(30833): setHidden false
02-07 23:08:26.807 D/KeyguardViewMediator(30833): setHidden false
02-07 23:08:26.827 D/KeyguardViewMediator(30833): setHidden false
02-07 23:08:26.838 D/KeyguardViewMediator(30833): setHidden false
02-07 23:08:26.858 D/KeyguardViewMediator(30833): setHidden false
02-07 23:08:26.878 D/KeyguardViewMediator(30833): setHidden false
02-07 23:08:26.898 D/KeyguardViewMediator(30833): setHidden false
02-07 23:08:26.908 D/KeyguardViewMediator(30833): setHidden false
02-07 23:08:26.928 D/KeyguardViewMediator(30833): setHidden false
02-07 23:08:26.948 D/KeyguardViewMediator(30833): setHidden false
02-07 23:08:26.948 D/KeyguardViewMediator(30833): setHidden false
02-07 23:08:29.400 D/PowerManagerService(30833): UnPartial  wakeLock  reactivate ,flags=0x6 tag=StayOnWhilePluggedIn Screen Dim
02-07 23:08:29.400 W/KeyCharacterMap(31602): Can't open keycharmap file
02-07 23:08:29.400 W/KeyCharacterMap(31602): Error loading keycharmap file '/system/usr/keychars/synaptics-rmi4-ts.kcm.bin'. hw.keyboards.262146.devname='synaptics-rmi4-ts'
02-07 23:08:29.400 W/KeyCharacterMap(31602): Using default keymap: /system/usr/keychars/qwerty.kcm.bin
02-07 23:08:29.570 D/KeyguardViewMediator(30833): setHidden false
02-07 23:08:29.580 D/Warhol  (30911): A pack appears to be installed -- skipping Installer
02-07 23:08:29.590 D/KeyguardViewMediator(30833): setHidden false
02-07 23:08:29.600 D/KeyguardViewMediator(30833): setHidden false
02-07 23:08:29.600 I/hubo    (30833): Activity {com.android.launcher/com.android.launcher2.Launcher}
02-07 23:08:29.620 W/IInputConnectionWrapper(31602): showStatusIcon on inactive InputConnection
02-07 23:08:29.630 D/KeyguardViewMediator(30833): setHidden false
02-07 23:08:29.640 D/KeyguardViewMediator(30833): setHidden false
02-07 23:08:29.650 D/KeyguardViewMediator(30833): setHidden false
02-07 23:08:29.670 D/KeyguardViewMediator(30833): setHidden false
02-07 23:08:29.680 D/KeyguardViewMediator(30833): setHidden false
02-07 23:08:29.690 D/KeyguardViewMediator(30833): setHidden false
02-07 23:08:29.700 D/KeyguardViewMediator(30833): setHidden false
02-07 23:08:29.700 D/KeyguardViewMediator(30833): setHidden false
02-07 23:08:29.720 D/KeyguardViewMediator(30833): setHidden false
02-07 23:08:29.730 D/KeyguardViewMediator(30833): setHidden false
02-07 23:08:29.760 D/KeyguardViewMediator(30833): setHidden false
02-07 23:08:29.770 D/KeyguardViewMediator(30833): setHidden false
02-07 23:08:29.780 D/KeyguardViewMediator(30833): setHidden false
02-07 23:08:29.800 D/KeyguardViewMediator(30833): setHidden false
02-07 23:08:29.810 D/KeyguardViewMediator(30833): setHidden false
02-07 23:08:29.830 D/KeyguardViewMediator(30833): setHidden false
02-07 23:08:29.850 D/KeyguardViewMediator(30833): setHidden false
02-07 23:08:29.860 D/KeyguardViewMediator(30833): setHidden false
02-07 23:08:29.880 D/KeyguardViewMediator(30833): setHidden false
02-07 23:08:29.890 D/KeyguardViewMediator(30833): setHidden false
02-07 23:08:29.921 D/KeyguardViewMediator(30833): setHidden false
02-07 23:08:29.931 D/KeyguardViewMediator(30833): setHidden false
02-07 23:08:29.941 D/KeyguardViewMediator(30833): setHidden false
02-07 23:08:29.961 D/KeyguardViewMediator(30833): setHidden false
02-07 23:08:29.971 D/KeyguardViewMediator(30833): setHidden false
02-07 23:08:31.082 D/PowerManagerService(30833): UnPartial  wakeLock  reactivate ,flags=0x6 tag=StayOnWhilePluggedIn Screen Dim
02-07 23:08:31.202 D/PowerManagerService(30833): UnPartial  wakeLock  reactivate ,flags=0x6 tag=StayOnWhilePluggedIn Screen Dim
02-07 23:08:31.402 D/Launcher(30911): onSaveInstanceState
02-07 23:08:31.402 D/Launcher(30911): Dissmis Preview for view :null ID:2131230735
02-07 23:08:31.402 D/Launcher(30911): Dissmis Preview for view :null ID:2131230736
02-07 23:08:31.402 D/Launcher(30911): Dissmis Preview for view :null ID:2131230739
02-07 23:08:31.402 D/Launcher(30911): Dissmis Preview for view :null ID:2131230741
02-07 23:08:31.422 D/KeyguardViewMediator(30833): setHidden false
02-07 23:08:31.432 I/hubo    (30833): Activity {com.google.android.apps.googlevoice/com.google.android.apps.googlevoice.SplashActivity}
02-07 23:08:31.452 D/KeyguardViewMediator(30833): setHidden false
02-07 23:08:31.502 D/KeyguardViewMediator(30833): setHidden false
02-07 23:08:31.502 I/ActivityManager(30833): Displayed com.google.android.apps.googlevoice/.SplashActivity: +95ms
02-07 23:08:31.502 D/KeyguardViewMediator(30833): setHidden false
02-07 23:08:32.053 D/KeyguardViewMediator(30833): setHidden false
02-07 23:08:32.053 I/hubo    (30833): Activity com.google.android.apps.googlevoice.activity.conversationlist.ConversationListActivity
02-07 23:08:33.044 D/KeyguardViewMediator(30833): setHidden false
02-07 23:08:33.114 I/ContactsProvider(30972): query: content://com.android.contacts/phone_lookup/+19137446943
02-07 23:08:33.114 E/ContactsProvider(30972): 101123 isCallerRegisterNeedSIMProc callerPid:31602, acorePid:30972
02-07 23:08:33.114 I/ContactsProvider(30972): query isCallerRegistered= false
02-07 23:08:33.114 I/ContactsProvider(30972): query forOnlyOneContactString= 0
02-07 23:08:33.144 I/ContactsProvider(30972): query: content://com.android.contacts/phone_lookup/+19137446943
02-07 23:08:33.144 E/ContactsProvider(30972): 101123 isCallerRegisterNeedSIMProc callerPid:31602, acorePid:30972
02-07 23:08:33.144 I/ContactsProvider(30972): query isCallerRegistered= false
02-07 23:08:33.144 I/ContactsProvider(30972): query forOnlyOneContactString= 0
02-07 23:08:33.164 I/ContactsProvider(30972): query: content://com.android.contacts/phone_lookup/+19137446943
02-07 23:08:33.164 E/ContactsProvider(30972): 101123 isCallerRegisterNeedSIMProc callerPid:31602, acorePid:30972
02-07 23:08:33.164 I/ContactsProvider(30972): query isCallerRegistered= false
02-07 23:08:33.164 I/ContactsProvider(30972): query forOnlyOneContactString= 0
02-07 23:08:33.194 I/ContactsProvider(30972): query: content://com.android.contacts/phone_lookup/+19137446943
02-07 23:08:33.194 E/ContactsProvider(30972): 101123 isCallerRegisterNeedSIMProc callerPid:31602, acorePid:30972
02-07 23:08:33.194 I/ContactsProvider(30972): query isCallerRegistered= false
02-07 23:08:33.194 I/ContactsProvider(30972): query forOnlyOneContactString= 0
02-07 23:08:33.214 I/ContactsProvider(30972): query: content://com.android.contacts/phone_lookup/+19137446943
02-07 23:08:33.214 E/ContactsProvider(30972): 101123 isCallerRegisterNeedSIMProc callerPid:31602, acorePid:30972
02-07 23:08:33.214 I/ContactsProvider(30972): query isCallerRegistered= false
02-07 23:08:33.214 I/ContactsProvider(30972): query forOnlyOneContactString= 0
02-07 23:08:33.254 I/ContactsProvider(30972): query: content://com.android.contacts/phone_lookup/+19137446943
02-07 23:08:33.254 E/ContactsProvider(30972): 101123 isCallerRegisterNeedSIMProc callerPid:31602, acorePid:30972
02-07 23:08:33.254 I/ContactsProvider(30972): query isCallerRegistered= false
02-07 23:08:33.254 I/ContactsProvider(30972): query forOnlyOneContactString= 0
02-07 23:08:33.324 D/KeyguardViewMediator(30833): setHidden false
02-07 23:08:33.344 D/KeyguardViewMediator(30833): setHidden false
02-07 23:08:33.344 D/KeyguardViewMediator(30833): setHidden false
02-07 23:08:33.354 D/KeyguardViewMediator(30833): setHidden false
02-07 23:08:33.364 D/KeyguardViewMediator(30833): setHidden false
02-07 23:08:33.374 D/KeyguardViewMediator(30833): setHidden false
02-07 23:08:33.394 I/ContactsProvider(30972): query: content://com.android.contacts/phone_lookup/+19137446943
02-07 23:08:33.394 E/ContactsProvider(30972): 101123 isCallerRegisterNeedSIMProc callerPid:31602, acorePid:30972
02-07 23:08:33.394 D/KeyguardViewMediator(30833): setHidden false
02-07 23:08:33.404 I/ContactsProvider(30972): query isCallerRegistered= false
02-07 23:08:33.404 I/ContactsProvider(30972): query forOnlyOneContactString= 0
02-07 23:08:33.414 D/KeyguardViewMediator(30833): setHidden false
02-07 23:08:33.424 I/ContactsProvider(30972): query: content://com.android.contacts/phone_lookup/+19137446943
02-07 23:08:33.424 E/ContactsProvider(30972): 101123 isCallerRegisterNeedSIMProc callerPid:31602, acorePid:30972
02-07 23:08:33.424 I/ContactsProvider(30972): query isCallerRegistered= false
02-07 23:08:33.424 I/ContactsProvider(30972): query forOnlyOneContactString= 0
02-07 23:08:33.424 D/KeyguardViewMediator(30833): setHidden false
02-07 23:08:33.444 D/KeyguardViewMediator(30833): setHidden false
02-07 23:08:33.454 I/ContactsProvider(30972): query: content://com.android.contacts/phone_lookup/+19137446943
02-07 23:08:33.454 E/ContactsProvider(30972): 101123 isCallerRegisterNeedSIMProc callerPid:31602, acorePid:30972
02-07 23:08:33.454 I/ContactsProvider(30972): query isCallerRegistered= false
02-07 23:08:33.454 I/ContactsProvider(30972): query forOnlyOneContactString= 0
02-07 23:08:33.464 D/KeyguardViewMediator(30833): setHidden false
02-07 23:08:33.474 D/KeyguardViewMediator(30833): setHidden false
02-07 23:08:33.484 I/ContactsProvider(30972): query: content://com.android.contacts/phone_lookup/+19137446943
02-07 23:08:33.484 E/ContactsProvider(30972): 101123 isCallerRegisterNeedSIMProc callerPid:31602, acorePid:30972
02-07 23:08:33.494 I/ContactsProvider(30972): query isCallerRegistered= false
02-07 23:08:33.494 I/ContactsProvider(30972): query forOnlyOneContactString= 0
02-07 23:08:33.494 D/KeyguardViewMediator(30833): setHidden false
02-07 23:08:33.514 I/ContactsProvider(30972): query: content://com.android.contacts/phone_lookup/+19137446943
02-07 23:08:33.514 E/ContactsProvider(30972): 101123 isCallerRegisterNeedSIMProc callerPid:31602, acorePid:30972
02-07 23:08:33.514 I/ContactsProvider(30972): query isCallerRegistered= false
02-07 23:08:33.514 D/KeyguardViewMediator(30833): setHidden false
02-07 23:08:33.524 I/ContactsProvider(30972): query forOnlyOneContactString= 0
02-07 23:08:33.534 D/KeyguardViewMediator(30833): setHidden false
02-07 23:08:33.544 I/ContactsProvider(30972): query: content://com.android.contacts/phone_lookup/+19137446943
02-07 23:08:33.544 E/ContactsProvider(30972): 101123 isCallerRegisterNeedSIMProc callerPid:31602, acorePid:30972
02-07 23:08:33.544 I/ContactsProvider(30972): query isCallerRegistered= false
02-07 23:08:33.544 I/ContactsProvider(30972): query forOnlyOneContactString= 0
02-07 23:08:33.544 D/KeyguardViewMediator(30833): setHidden false
02-07 23:08:33.564 D/KeyguardViewMediator(30833): setHidden false
02-07 23:08:33.584 D/KeyguardViewMediator(30833): setHidden false
02-07 23:08:33.594 D/KeyguardViewMediator(30833): setHidden false
02-07 23:08:33.614 D/KeyguardViewMediator(30833): setHidden false
02-07 23:08:33.624 D/KeyguardViewMediator(30833): setHidden false
02-07 23:08:33.644 D/KeyguardViewMediator(30833): setHidden false
02-07 23:08:33.644 D/KeyguardViewMediator(30833): setHidden false
02-07 23:08:33.654 I/ActivityManager(30833): Displayed com.google.android.apps.googlevoice/.activity.conversationlist.ConversationListActivity: +1s617ms
02-07 23:08:34.705 D/PowerManagerService(30833): UnPartial  wakeLock  reactivate ,flags=0x6 tag=StayOnWhilePluggedIn Screen Dim
02-07 23:08:34.705 W/KeyCharacterMap(31602): Can't open keycharmap file
02-07 23:08:34.705 W/KeyCharacterMap(31602): Error loading keycharmap file '/system/usr/keychars/synaptics-rmi4-ts.kcm.bin'. hw.keyboards.262146.devname='synaptics-rmi4-ts'
02-07 23:08:34.705 W/KeyCharacterMap(31602): Using default keymap: /system/usr/keychars/qwerty.kcm.bin
02-07 23:08:34.855 D/KeyguardViewMediator(30833): setHidden false
02-07 23:08:34.875 D/KeyguardViewMediator(30833): setHidden false
02-07 23:08:34.875 D/KeyguardViewMediator(30833): setHidden false
02-07 23:08:34.895 D/KeyguardViewMediator(30833): setHidden false
02-07 23:08:34.905 D/KeyguardViewMediator(30833): setHidden false
02-07 23:08:34.925 D/KeyguardViewMediator(30833): setHidden false
02-07 23:08:34.945 D/KeyguardViewMediator(30833): setHidden false
02-07 23:08:34.955 D/KeyguardViewMediator(30833): setHidden false
02-07 23:08:34.975 D/KeyguardViewMediator(30833): setHidden false
02-07 23:08:34.985 D/KeyguardViewMediator(30833): setHidden false
02-07 23:08:35.005 D/KeyguardViewMediator(30833): setHidden false
02-07 23:08:35.025 D/KeyguardViewMediator(30833): setHidden false
02-07 23:08:35.035 D/KeyguardViewMediator(30833): setHidden false
02-07 23:08:35.056 D/KeyguardViewMediator(30833): setHidden false
02-07 23:08:38.889 D/PowerManagerService(30833): UnPartial  wakeLock  reactivate ,flags=0x6 tag=StayOnWhilePluggedIn Screen Dim
02-07 23:08:38.929 D/PowerManagerService(30833): UnPartial  wakeLock  reactivate ,flags=0x6 tag=StayOnWhilePluggedIn Screen Dim
02-07 23:08:39.590 D/KeyguardViewMediator(30833): setHidden false
02-07 23:08:39.600 D/KeyguardViewMediator(30833): setHidden false
02-07 23:08:39.620 D/KeyguardViewMediator(30833): setHidden false
02-07 23:08:39.640 D/KeyguardViewMediator(30833): setHidden false
02-07 23:08:39.650 D/KeyguardViewMediator(30833): setHidden false
02-07 23:08:39.670 D/KeyguardViewMediator(30833): setHidden false
02-07 23:08:39.680 D/KeyguardViewMediator(30833): setHidden false
02-07 23:08:39.710 D/KeyguardViewMediator(30833): setHidden false
02-07 23:08:39.720 D/KeyguardViewMediator(30833): setHidden false
02-07 23:08:39.730 D/KeyguardViewMediator(30833): setHidden false
02-07 23:08:39.750 D/KeyguardViewMediator(30833): setHidden false
02-07 23:08:39.760 D/KeyguardViewMediator(30833): setHidden false
02-07 23:08:39.770 D/KeyguardViewMediator(30833): setHidden false
02-07 23:08:43.053 D/PowerManagerService(30833): UnPartial  wakeLock  reactivate ,flags=0x6 tag=StayOnWhilePluggedIn Screen Dim
02-07 23:08:43.153 D/PowerManagerService(30833): UnPartial  wakeLock  reactivate ,flags=0x6 tag=StayOnWhilePluggedIn Screen Dim
02-07 23:08:43.374 D/KeyguardViewMediator(30833): setHidden false
02-07 23:08:43.384 I/hubo    (30833): Activity com.google.android.apps.googlevoice.PhoneCallListActivity
02-07 23:08:43.464 W/GoogleVoice(31602): PhoneCallListActivity: unknown action, threading as Intent.ACTION_MAIN: null
02-07 23:08:43.474 I/ContactsProvider(30972): query: content://com.android.contacts/phone_lookup/+19137446943
02-07 23:08:43.474 E/ContactsProvider(30972): 101123 isCallerRegisterNeedSIMProc callerPid:31602, acorePid:30972
02-07 23:08:43.474 I/ContactsProvider(30972): query isCallerRegistered= false
02-07 23:08:43.474 I/ContactsProvider(30972): query forOnlyOneContactString= 0
02-07 23:08:43.534 D/KeyguardViewMediator(30833): setHidden false
02-07 23:08:43.694 D/KeyguardViewMediator(30833): setHidden false
02-07 23:08:43.704 D/KeyguardViewMediator(30833): setHidden false
02-07 23:08:43.724 D/KeyguardViewMediator(30833): setHidden false
02-07 23:08:43.734 D/KeyguardViewMediator(30833): setHidden false
02-07 23:08:43.734 D/KeyguardViewMediator(30833): setHidden false
02-07 23:08:43.754 D/KeyguardViewMediator(30833): setHidden false
02-07 23:08:43.764 D/KeyguardViewMediator(30833): setHidden false
02-07 23:08:43.784 D/KeyguardViewMediator(30833): setHidden false
02-07 23:08:43.804 D/KeyguardViewMediator(30833): setHidden false
02-07 23:08:43.814 D/KeyguardViewMediator(30833): setHidden false
02-07 23:08:43.834 D/KeyguardViewMediator(30833): setHidden false
02-07 23:08:43.844 D/KeyguardViewMediator(30833): setHidden false
02-07 23:08:43.864 D/KeyguardViewMediator(30833): setHidden false
02-07 23:08:43.874 I/ActivityManager(30833): Displayed com.google.android.apps.googlevoice/.PhoneCallListActivity: +522ms
02-07 23:08:43.874 D/KeyguardViewMediator(30833): setHidden false
02-07 23:08:44.475 D/PowerManagerService(30833): UnPartial  wakeLock  reactivate ,flags=0x6 tag=StayOnWhilePluggedIn Screen Dim
02-07 23:08:44.665 D/PowerManagerService(30833): UnPartial  wakeLock  reactivate ,flags=0x6 tag=StayOnWhilePluggedIn Screen Dim
02-07 23:08:45.316 D/PowerManagerService(30833): UnPartial  wakeLock  reactivate ,flags=0x6 tag=StayOnWhilePluggedIn Screen Dim
02-07 23:08:45.376 D/PowerManagerService(30833): UnPartial  wakeLock  reactivate ,flags=0x6 tag=StayOnWhilePluggedIn Screen Dim
02-07 23:08:45.466 D/KeyguardViewMediator(30833): setHidden false
02-07 23:08:45.496 D/KeyguardViewMediator(30833): setHidden false
02-07 23:08:45.496 D/KeyguardViewMediator(30833): setHidden false
02-07 23:08:45.506 D/KeyguardViewMediator(30833): setHidden false
02-07 23:08:45.516 D/KeyguardViewMediator(30833): setHidden false
02-07 23:08:45.536 D/KeyguardViewMediator(30833): setHidden false
02-07 23:08:45.546 D/KeyguardViewMediator(30833): setHidden false
02-07 23:08:45.556 D/KeyguardViewMediator(30833): setHidden false
02-07 23:08:45.566 D/KeyguardViewMediator(30833): setHidden false
02-07 23:08:45.586 D/KeyguardViewMediator(30833): setHidden false
02-07 23:08:45.606 D/KeyguardViewMediator(30833): setHidden false
02-07 23:08:45.616 D/KeyguardViewMediator(30833): setHidden false
02-07 23:08:45.626 D/KeyguardViewMediator(30833): setHidden false
02-07 23:08:45.636 D/KeyguardViewMediator(30833): setHidden false
02-07 23:08:45.656 D/KeyguardViewMediator(30833): setHidden false
02-07 23:08:45.676 D/Bitmap  (30900): Detect unrecycled bitmap.
02-07 23:08:45.676 D/Bitmap  (30900):       Size: 270080 Bytes, Width: 320 , Height: 211 , Hash code: 1079669008
02-07 23:08:45.676 D/Bitmap  (30900):  This bimap was created in:
02-07 23:08:45.676 D/Bitmap  (30900):       android.graphics.Bitmap.<init>(Bitmap.java:136)
02-07 23:08:45.676 D/Bitmap  (30900):       android.graphics.Bitmap.nativeCreate(Native Method)
02-07 23:08:45.676 D/Bitmap  (30900):       android.graphics.Bitmap.createBitmap(Bitmap.java:547)
02-07 23:08:45.676 D/Bitmap  (30900):       com.android.inputmethod.latin.LatinKeyboardBaseView.onBufferDraw(LatinKeyboardBaseView.java:775)
02-07 23:08:45.676 D/Bitmap  (30900):       com.android.inputmethod.latin.LatinKeyboardBaseView.onDraw(LatinKeyboardBaseView.java:763)
02-07 23:08:45.676 D/Bitmap  (30900):       android.view.View.draw(View.java:6880)
02-07 23:08:45.676 D/Bitmap  (30900):       com.android.inputmethod.latin.LatinKeyboardView.draw(LatinKeyboardView.java:353)
02-07 23:08:45.676 D/Bitmap  (30900):       android.view.ViewGroup.drawChild(ViewGroup.java:1649)
02-07 23:08:45.676 D/Bitmap  (30900):       android.view.ViewGroup.dispatchDraw(ViewGroup.java:1376)
02-07 23:08:45.676 D/Bitmap  (30900):       android.view.ViewGroup.drawChild(ViewGroup.java:1647)
02-07 23:08:45.676 D/Bitmap  (30900):       android.view.ViewGroup.dispatchDraw(ViewGroup.java:1376)
02-07 23:08:45.676 D/Bitmap  (30900):       android.view.ViewGroup.drawChild(ViewGroup.java:1647)
02-07 23:08:45.676 D/Bitmap  (30900):       android.view.ViewGroup.dispatchDraw(ViewGroup.java:1376)
02-07 23:08:45.676 D/Bitmap  (30900):       android.view.ViewGroup.drawChild(ViewGroup.java:1647)
02-07 23:08:45.676 D/Bitmap  (30900):       android.view.ViewGroup.dispatchDraw(ViewGroup.java:1376)
02-07 23:08:45.676 D/Bitmap  (30900):       android.view.View.draw(View.java:6883)
02-07 23:08:45.676 D/Bitmap  (30900):       android.widget.FrameLayout.draw(FrameLayout.java:357)
02-07 23:08:45.676 D/Bitmap  (30900):       com.android.internal.policy.impl.PhoneWindow$DecorView.draw(PhoneWindow.java:1866)
02-07 23:08:45.676 D/Bitmap  (30900):       android.view.ViewRoot.draw(ViewRoot.java:1526)
02-07 23:08:45.676 D/Bitmap  (30900):       android.view.ViewRoot.performTraversals(ViewRoot.java:1262)
02-07 23:08:45.676 D/Bitmap  (30900):       android.view.ViewRoot.handleMessage(ViewRoot.java:1864)
02-07 23:08:45.676 D/Bitmap  (30900):       android.os.Handler.dispatchMessage(Handler.java:99)
02-07 23:08:45.676 D/Bitmap  (30900):       android.os.Looper.loop(Looper.java:130)
02-07 23:08:45.676 D/Bitmap  (30900):       android.app.ActivityThread.main(ActivityThread.java:3704)
02-07 23:08:45.676 D/Bitmap  (30900):       java.lang.reflect.Method.invokeNative(Native Method)
02-07 23:08:45.676 D/Bitmap  (30900):       java.lang.reflect.Method.invoke(Method.java:507)
02-07 23:08:45.676 D/Bitmap  (30900):       com.android.internal.os.ZygoteInit$MethodAndArgsCaller.run(ZygoteInit.java:875)
02-07 23:08:45.676 D/Bitmap  (30900):       com.android.internal.os.ZygoteInit.main(ZygoteInit.java:633)
02-07 23:08:45.676 D/Bitmap  (30900):       dalvik.system.NativeStart.main(Native Method)
02-07 23:08:45.676 D/Bitmap  (30900): _
02-07 23:08:45.676 D/KeyguardViewMediator(30833): setHidden false
02-07 23:08:45.686 D/KeyguardViewMediator(30833): setHidden false
02-07 23:08:45.716 D/KeyguardViewMediator(30833): setHidden false
02-07 23:08:45.726 D/KeyguardViewMediator(30833): setHidden false
02-07 23:08:45.736 D/KeyguardViewMediator(30833): setHidden false
02-07 23:08:45.746 D/KeyguardViewMediator(30833): setHidden false
02-07 23:08:45.766 D/KeyguardViewMediator(30833): setHidden false
02-07 23:08:45.776 D/KeyguardViewMediator(30833): setHidden false
02-07 23:08:45.796 D/KeyguardViewMediator(30833): setHidden false
02-07 23:08:45.816 D/KeyguardViewMediator(30833): setHidden false
02-07 23:08:45.826 D/KeyguardViewMediator(30833): setHidden false
02-07 23:08:45.846 D/KeyguardViewMediator(30833): setHidden false
02-07 23:08:45.866 D/KeyguardViewMediator(30833): setHidden false
02-07 23:08:45.876 D/KeyguardViewMediator(30833): setHidden false
02-07 23:08:45.896 D/KeyguardViewMediator(30833): setHidden false
02-07 23:08:45.916 D/KeyguardViewMediator(30833): setHidden false
02-07 23:08:47.037 D/PowerManagerService(30833): UnPartial  wakeLock  reactivate ,flags=0x6 tag=StayOnWhilePluggedIn Screen Dim
02-07 23:08:47.047 D/KeyguardViewMediator(30833): setHidden false
02-07 23:08:47.107 D/PowerManagerService(30833): UnPartial  wakeLock  reactivate ,flags=0x6 tag=StayOnWhilePluggedIn Screen Dim
02-07 23:08:47.207 D/KeyguardViewMediator(30833): setHidden false
02-07 23:08:47.247 D/KeyguardViewMediator(30833): setHidden false
02-07 23:08:47.277 D/KeyguardViewMediator(30833): setHidden false
02-07 23:08:47.287 D/KeyguardViewMediator(30833): setHidden false
02-07 23:08:47.307 D/KeyguardViewMediator(30833): setHidden false
02-07 23:08:47.327 D/KeyguardViewMediator(30833): setHidden false
02-07 23:08:47.338 D/KeyguardViewMediator(30833): setHidden false
02-07 23:08:47.358 D/KeyguardViewMediator(30833): setHidden false
02-07 23:08:47.378 D/KeyguardViewMediator(30833): setHidden false
02-07 23:08:47.388 D/KeyguardViewMediator(30833): setHidden false
02-07 23:08:47.428 D/KeyguardViewMediator(30833): setHidden false
02-07 23:08:47.458 D/KeyguardViewMediator(30833): setHidden false
02-07 23:08:47.478 D/KeyguardViewMediator(30833): setHidden false
02-07 23:08:47.578 D/KeyguardViewMediator(30833): setHidden false
02-07 23:08:47.598 D/KeyguardViewMediator(30833): setHidden false
02-07 23:08:47.618 D/KeyguardViewMediator(30833): setHidden false
02-07 23:08:47.628 D/KeyguardViewMediator(30833): setHidden false
02-07 23:08:47.648 D/KeyguardViewMediator(30833): setHidden false
02-07 23:08:47.658 D/KeyguardViewMediator(30833): setHidden false
02-07 23:08:47.678 D/KeyguardViewMediator(30833): setHidden false
02-07 23:08:47.948 D/KeyguardViewMediator(30833): setHidden false
02-07 23:08:47.968 D/KeyguardViewMediator(30833): setHidden false
02-07 23:08:47.978 D/KeyguardViewMediator(30833): setHidden false
02-07 23:08:47.998 D/KeyguardViewMediator(30833): setHidden false
02-07 23:08:48.008 I/ContactsProvider(30972): query: content://com.android.contacts/contacts
02-07 23:08:48.008 E/ContactsProvider(30972): 101123 isCallerRegisterNeedSIMProc callerPid:30900, acorePid:30972
02-07 23:08:48.008 I/ContactsProvider(30972): query isCallerRegistered= false
02-07 23:08:48.008 I/ContactsProvider(30972): query forOnlyOneContactString= 0
02-07 23:08:48.008 D/ContactsProvider(30972):  query CONTACTS MODE_ID=PHONE_UNLOCK
02-07 23:08:48.008 D/KeyguardViewMediator(30833): setHidden false
02-07 23:08:48.028 D/KeyguardViewMediator(30833): setHidden false
02-07 23:08:48.048 D/KeyguardViewMediator(30833): setHidden false
02-07 23:08:48.058 D/KeyguardViewMediator(30833): setHidden false
02-07 23:08:48.078 D/KeyguardViewMediator(30833): setHidden false
02-07 23:08:48.098 D/KeyguardViewMediator(30833): setHidden false
02-07 23:08:48.118 D/KeyguardViewMediator(30833): setHidden false
02-07 23:08:48.138 D/KeyguardViewMediator(30833): setHidden false
02-07 23:08:48.148 D/KeyguardViewMediator(30833): setHidden false
02-07 23:08:48.168 D/KeyguardViewMediator(30833): setHidden false
02-07 23:08:48.178 D/KeyguardViewMediator(30833): setHidden false
02-07 23:08:48.188 D/KeyguardViewMediator(30833): setHidden false
02-07 23:08:48.218 D/KeyguardViewMediator(30833): setHidden false
02-07 23:08:48.228 D/KeyguardViewMediator(30833): setHidden false
02-07 23:08:48.248 D/KeyguardViewMediator(30833): setHidden false
02-07 23:08:48.258 D/KeyguardViewMediator(30833): setHidden false
02-07 23:08:48.278 D/KeyguardViewMediator(30833): setHidden false
02-07 23:08:48.288 D/KeyguardViewMediator(30833): setHidden false
02-07 23:08:48.809 D/PowerManagerService(30833): UnPartial  wakeLock  reactivate ,flags=0x6 tag=StayOnWhilePluggedIn Screen Dim
02-07 23:08:48.839 D/KeyguardViewMediator(30833): setHidden false
02-07 23:08:48.849 D/KeyguardViewMediator(30833): setHidden false
02-07 23:08:48.859 D/KeyguardViewMediator(30833): setHidden false
02-07 23:08:48.919 D/PowerManagerService(30833): UnPartial  wakeLock  reactivate ,flags=0x6 tag=StayOnWhilePluggedIn Screen Dim
02-07 23:08:48.939 D/KeyguardViewMediator(30833): setHidden false
02-07 23:08:48.959 D/KeyguardViewMediator(30833): setHidden false
02-07 23:08:48.969 D/KeyguardViewMediator(30833): setHidden false
02-07 23:08:48.989 D/KeyguardViewMediator(30833): setHidden false
02-07 23:08:49.009 D/KeyguardViewMediator(30833): setHidden false
02-07 23:08:49.019 D/KeyguardViewMediator(30833): setHidden false
02-07 23:08:49.039 D/KeyguardViewMediator(30833): setHidden false
02-07 23:08:50.280 D/PowerManagerService(30833): UnPartial  wakeLock  reactivate ,flags=0x6 tag=StayOnWhilePluggedIn Screen Dim
02-07 23:08:50.300 D/KeyguardViewMediator(30833): setHidden false
02-07 23:08:50.320 D/KeyguardViewMediator(30833): setHidden false
02-07 23:08:50.330 D/KeyguardViewMediator(30833): setHidden false
02-07 23:08:50.370 D/PowerManagerService(30833): UnPartial  wakeLock  reactivate ,flags=0x6 tag=StayOnWhilePluggedIn Screen Dim
02-07 23:08:50.400 D/KeyguardViewMediator(30833): setHidden false
02-07 23:08:50.410 D/KeyguardViewMediator(30833): setHidden false
02-07 23:08:50.431 D/KeyguardViewMediator(30833): setHidden false
02-07 23:08:50.441 D/KeyguardViewMediator(30833): setHidden false
02-07 23:08:50.461 D/KeyguardViewMediator(30833): setHidden false
02-07 23:08:50.481 D/KeyguardViewMediator(30833): setHidden false
02-07 23:08:50.491 D/KeyguardViewMediator(30833): setHidden false
02-07 23:08:50.511 D/KeyguardViewMediator(30833): setHidden false
02-07 23:08:50.981 D/PowerManagerService(30833): UnPartial  wakeLock  reactivate ,flags=0x6 tag=StayOnWhilePluggedIn Screen Dim
02-07 23:08:51.021 D/KeyguardViewMediator(30833): setHidden false
02-07 23:08:51.051 D/KeyguardViewMediator(30833): setHidden false
02-07 23:08:51.061 D/PowerManagerService(30833): UnPartial  wakeLock  reactivate ,flags=0x6 tag=StayOnWhilePluggedIn Screen Dim
02-07 23:08:51.061 D/KeyguardViewMediator(30833): setHidden false
02-07 23:08:51.081 D/KeyguardViewMediator(30833): setHidden false
02-07 23:08:51.101 D/KeyguardViewMediator(30833): setHidden false
02-07 23:08:51.121 D/KeyguardViewMediator(30833): setHidden false
02-07 23:08:51.131 D/KeyguardViewMediator(30833): setHidden false
02-07 23:08:51.151 D/KeyguardViewMediator(30833): setHidden false
02-07 23:08:51.161 D/KeyguardViewMediator(30833): setHidden false
02-07 23:08:51.171 D/KeyguardViewMediator(30833): setHidden false
02-07 23:08:51.371 D/KeyguardViewMediator(30833): setHidden false
02-07 23:08:51.401 D/KeyguardViewMediator(30833): setHidden false
02-07 23:08:51.421 D/KeyguardViewMediator(30833): setHidden false
02-07 23:08:51.492 D/KeyguardViewMediator(30833): setHidden false
02-07 23:08:51.512 D/KeyguardViewMediator(30833): setHidden false
02-07 23:08:51.522 D/KeyguardViewMediator(30833): setHidden false
02-07 23:08:51.542 D/KeyguardViewMediator(30833): setHidden false
02-07 23:08:51.562 D/KeyguardViewMediator(30833): setHidden false
02-07 23:08:51.572 D/KeyguardViewMediator(30833): setHidden false
02-07 23:08:51.592 D/KeyguardViewMediator(30833): setHidden false
02-07 23:08:51.612 D/KeyguardViewMediator(30833): setHidden false
02-07 23:08:51.952 D/PowerManagerService(30833): UnPartial  wakeLock  reactivate ,flags=0x6 tag=StayOnWhilePluggedIn Screen Dim
02-07 23:08:51.972 D/KeyguardViewMediator(30833): setHidden false
02-07 23:08:52.002 D/KeyguardViewMediator(30833): setHidden false
02-07 23:08:52.012 D/KeyguardViewMediator(30833): setHidden false
02-07 23:08:52.082 D/PowerManagerService(30833): UnPartial  wakeLock  reactivate ,flags=0x6 tag=StayOnWhilePluggedIn Screen Dim
02-07 23:08:52.112 D/KeyguardViewMediator(30833): setHidden false
02-07 23:08:52.132 D/KeyguardViewMediator(30833): setHidden false
02-07 23:08:52.142 D/KeyguardViewMediator(30833): setHidden false
02-07 23:08:52.162 D/KeyguardViewMediator(30833): setHidden false
02-07 23:08:52.182 D/KeyguardViewMediator(30833): setHidden false
02-07 23:08:52.192 D/KeyguardViewMediator(30833): setHidden false
02-07 23:08:52.222 D/KeyguardViewMediator(30833): setHidden false
02-07 23:08:52.222 D/KeyguardViewMediator(30833): setHidden false
02-07 23:08:52.963 D/PowerManagerService(30833): UnPartial  wakeLock  reactivate ,flags=0x6 tag=StayOnWhilePluggedIn Screen Dim
02-07 23:08:53.003 D/KeyguardViewMediator(30833): setHidden false
02-07 23:08:53.033 D/PowerManagerService(30833): UnPartial  wakeLock  reactivate ,flags=0x6 tag=StayOnWhilePluggedIn Screen Dim
02-07 23:08:53.043 D/KeyguardViewMediator(30833): setHidden false
02-07 23:08:53.063 D/KeyguardViewMediator(30833): setHidden false
02-07 23:08:53.073 D/KeyguardViewMediator(30833): setHidden false
02-07 23:08:53.093 D/KeyguardViewMediator(30833): setHidden false
02-07 23:08:53.103 D/KeyguardViewMediator(30833): setHidden false
02-07 23:08:53.123 D/KeyguardViewMediator(30833): setHidden false
02-07 23:08:53.143 D/KeyguardViewMediator(30833): setHidden false
02-07 23:08:53.153 D/KeyguardViewMediator(30833): setHidden false
02-07 23:08:53.163 D/KeyguardViewMediator(30833): setHidden false
02-07 23:08:53.634 D/PowerManagerService(30833): UnPartial  wakeLock  reactivate ,flags=0x6 tag=StayOnWhilePluggedIn Screen Dim
02-07 23:08:53.644 D/KeyguardViewMediator(30833): setHidden false
02-07 23:08:53.664 D/KeyguardViewMediator(30833): setHidden false
02-07 23:08:53.684 D/KeyguardViewMediator(30833): setHidden false
02-07 23:08:53.724 D/PowerManagerService(30833): UnPartial  wakeLock  reactivate ,flags=0x6 tag=StayOnWhilePluggedIn Screen Dim
02-07 23:08:53.744 D/KeyguardViewMediator(30833): setHidden false
02-07 23:08:53.764 D/KeyguardViewMediator(30833): setHidden false
02-07 23:08:53.774 D/KeyguardViewMediator(30833): setHidden false
02-07 23:08:53.794 D/KeyguardViewMediator(30833): setHidden false
02-07 23:08:53.814 D/KeyguardViewMediator(30833): setHidden false
02-07 23:08:53.824 D/KeyguardViewMediator(30833): setHidden false
02-07 23:08:53.844 D/KeyguardViewMediator(30833): setHidden false
02-07 23:08:53.854 D/KeyguardViewMediator(30833): setHidden false
02-07 23:08:55.275 D/PowerManagerService(30833): UnPartial  wakeLock  reactivate ,flags=0x6 tag=StayOnWhilePluggedIn Screen Dim
02-07 23:08:55.285 D/KeyguardViewMediator(30833): setHidden false
02-07 23:08:55.315 D/KeyguardViewMediator(30833): setHidden false
02-07 23:08:55.325 D/KeyguardViewMediator(30833): setHidden false
02-07 23:08:55.355 D/PowerManagerService(30833): UnPartial  wakeLock  reactivate ,flags=0x6 tag=StayOnWhilePluggedIn Screen Dim
02-07 23:08:55.375 D/KeyguardViewMediator(30833): setHidden false
02-07 23:08:55.395 D/KeyguardViewMediator(30833): setHidden false
02-07 23:08:55.405 D/KeyguardViewMediator(30833): setHidden false
02-07 23:08:55.425 D/KeyguardViewMediator(30833): setHidden false
02-07 23:08:55.445 D/KeyguardViewMediator(30833): setHidden false
02-07 23:08:55.455 D/KeyguardViewMediator(30833): setHidden false
02-07 23:08:55.475 D/KeyguardViewMediator(30833): setHidden false
02-07 23:08:55.485 D/KeyguardViewMediator(30833): setHidden false
02-07 23:08:55.606 D/KeyguardViewMediator(30833): setHidden false
02-07 23:08:55.616 D/KeyguardViewMediator(30833): setHidden false
02-07 23:08:55.636 D/KeyguardViewMediator(30833): setHidden false
02-07 23:08:55.746 D/KeyguardViewMediator(30833): setHidden false
02-07 23:08:55.756 D/KeyguardViewMediator(30833): setHidden false
02-07 23:08:55.776 D/KeyguardViewMediator(30833): setHidden false
02-07 23:08:55.786 D/KeyguardViewMediator(30833): setHidden false
02-07 23:08:55.806 D/KeyguardViewMediator(30833): setHidden false
02-07 23:08:55.826 D/KeyguardViewMediator(30833): setHidden false
02-07 23:08:55.836 D/KeyguardViewMediator(30833): setHidden false
02-07 23:08:55.856 D/KeyguardViewMediator(30833): setHidden false
02-07 23:08:55.976 D/PowerManagerService(30833): UnPartial  wakeLock  reactivate ,flags=0x6 tag=StayOnWhilePluggedIn Screen Dim
02-07 23:08:55.996 D/KeyguardViewMediator(30833): setHidden false
02-07 23:08:56.006 D/KeyguardViewMediator(30833): setHidden false
02-07 23:08:56.026 D/KeyguardViewMediator(30833): setHidden false
02-07 23:08:56.116 D/PowerManagerService(30833): UnPartial  wakeLock  reactivate ,flags=0x6 tag=StayOnWhilePluggedIn Screen Dim
02-07 23:08:56.156 D/KeyguardViewMediator(30833): setHidden false
02-07 23:08:56.166 D/KeyguardViewMediator(30833): setHidden false
02-07 23:08:56.186 D/KeyguardViewMediator(30833): setHidden false
02-07 23:08:56.196 D/KeyguardViewMediator(30833): setHidden false
02-07 23:08:56.216 D/KeyguardViewMediator(30833): setHidden false
02-07 23:08:56.226 D/KeyguardViewMediator(30833): setHidden false
02-07 23:08:56.246 D/KeyguardViewMediator(30833): setHidden false
02-07 23:08:56.256 D/KeyguardViewMediator(30833): setHidden false
02-07 23:08:56.466 D/KeyguardViewMediator(30833): setHidden false
02-07 23:08:56.496 D/KeyguardViewMediator(30833): setHidden false
02-07 23:08:56.506 D/PowerManagerService(30833): UnPartial  wakeLock  reactivate ,flags=0x6 tag=StayOnWhilePluggedIn Screen Dim
02-07 23:08:56.506 D/KeyguardViewMediator(30833): setHidden false
02-07 23:08:56.556 D/KeyguardViewMediator(30833): setHidden false
02-07 23:08:56.567 D/KeyguardViewMediator(30833): setHidden false
02-07 23:08:56.587 D/KeyguardViewMediator(30833): setHidden false
02-07 23:08:56.607 D/KeyguardViewMediator(30833): setHidden false
02-07 23:08:56.617 D/KeyguardViewMediator(30833): setHidden false
02-07 23:08:56.637 D/KeyguardViewMediator(30833): setHidden false
02-07 23:08:56.647 D/KeyguardViewMediator(30833): setHidden false
02-07 23:08:56.667 D/KeyguardViewMediator(30833): setHidden false
02-07 23:08:56.677 D/KeyguardViewMediator(30833): setHidden false
02-07 23:08:56.687 D/KeyguardViewMediator(30833): setHidden false
02-07 23:08:56.697 D/KeyguardViewMediator(30833): setHidden false
02-07 23:08:56.737 D/PowerManagerService(30833): UnPartial  wakeLock  reactivate ,flags=0x6 tag=StayOnWhilePluggedIn Screen Dim
02-07 23:08:56.777 D/KeyguardViewMediator(30833): setHidden false
02-07 23:08:56.787 D/KeyguardViewMediator(30833): setHidden false
02-07 23:08:56.807 D/KeyguardViewMediator(30833): setHidden false
02-07 23:08:56.807 D/KeyguardViewMediator(30833): setHidden false
02-07 23:08:56.837 D/KeyguardViewMediator(30833): setHidden false
02-07 23:08:56.847 D/KeyguardViewMediator(30833): setHidden false
02-07 23:08:56.867 D/KeyguardViewMediator(30833): setHidden false
02-07 23:08:56.877 D/KeyguardViewMediator(30833): setHidden false
02-07 23:08:57.187 D/PowerManagerService(30833): UnPartial  wakeLock  reactivate ,flags=0x6 tag=StayOnWhilePluggedIn Screen Dim
02-07 23:08:57.217 D/KeyguardViewMediator(30833): setHidden false
02-07 23:08:57.247 D/KeyguardViewMediator(30833): setHidden false
02-07 23:08:57.257 D/KeyguardViewMediator(30833): setHidden false
02-07 23:08:57.297 D/PowerManagerService(30833): UnPartial  wakeLock  reactivate ,flags=0x6 tag=StayOnWhilePluggedIn Screen Dim
02-07 23:08:57.327 D/KeyguardViewMediator(30833): setHidden false
02-07 23:08:57.337 D/KeyguardViewMediator(30833): setHidden false
02-07 23:08:57.357 D/KeyguardViewMediator(30833): setHidden false
02-07 23:08:57.377 D/KeyguardViewMediator(30833): setHidden false
02-07 23:08:57.397 D/KeyguardViewMediator(30833): setHidden false
02-07 23:08:57.417 D/KeyguardViewMediator(30833): setHidden false
02-07 23:08:57.427 D/KeyguardViewMediator(30833): setHidden false
02-07 23:08:57.437 D/KeyguardViewMediator(30833): setHidden false
02-07 23:08:57.948 D/PowerManagerService(30833): UnPartial  wakeLock  reactivate ,flags=0x6 tag=StayOnWhilePluggedIn Screen Dim
02-07 23:08:57.958 D/KeyguardViewMediator(30833): setHidden false
02-07 23:08:57.988 D/KeyguardViewMediator(30833): setHidden false
02-07 23:08:57.998 D/KeyguardViewMediator(30833): setHidden false
02-07 23:08:58.018 D/PowerManagerService(30833): UnPartial  wakeLock  reactivate ,flags=0x6 tag=StayOnWhilePluggedIn Screen Dim
02-07 23:08:58.068 D/KeyguardViewMediator(30833): setHidden false
02-07 23:08:58.078 D/KeyguardViewMediator(30833): setHidden false
02-07 23:08:58.098 D/KeyguardViewMediator(30833): setHidden false
02-07 23:08:58.108 D/KeyguardViewMediator(30833): setHidden false
02-07 23:08:58.128 D/KeyguardViewMediator(30833): setHidden false
02-07 23:08:58.148 D/KeyguardViewMediator(30833): setHidden false
02-07 23:08:58.178 D/KeyguardViewMediator(30833): setHidden false
02-07 23:08:58.178 D/KeyguardViewMediator(30833): setHidden false
02-07 23:08:58.418 D/KeyguardViewMediator(30833): setHidden false
02-07 23:08:58.438 D/KeyguardViewMediator(30833): setHidden false
02-07 23:08:58.448 D/KeyguardViewMediator(30833): setHidden false
02-07 23:08:58.458 D/PowerManagerService(30833): UnPartial  wakeLock  reactivate ,flags=0x6 tag=StayOnWhilePluggedIn Screen Dim
02-07 23:08:58.548 D/PowerManagerService(30833): UnPartial  wakeLock  reactivate ,flags=0x6 tag=StayOnWhilePluggedIn Screen Dim
02-07 23:08:58.578 D/KeyguardViewMediator(30833): setHidden false
02-07 23:08:58.588 D/KeyguardViewMediator(30833): setHidden false
02-07 23:08:58.619 D/KeyguardViewMediator(30833): setHidden false
02-07 23:08:58.619 D/KeyguardViewMediator(30833): setHidden false
02-07 23:08:58.649 D/KeyguardViewMediator(30833): setHidden false
02-07 23:08:58.659 D/KeyguardViewMediator(30833): setHidden false
02-07 23:08:58.679 D/KeyguardViewMediator(30833): setHidden false
02-07 23:08:58.679 D/KeyguardViewMediator(30833): setHidden false
02-07 23:08:58.989 D/PowerManagerService(30833): UnPartial  wakeLock  reactivate ,flags=0x6 tag=StayOnWhilePluggedIn Screen Dim
02-07 23:08:59.019 D/KeyguardViewMediator(30833): setHidden false
02-07 23:08:59.039 D/KeyguardViewMediator(30833): setHidden false
02-07 23:08:59.049 D/KeyguardViewMediator(30833): setHidden false
02-07 23:08:59.089 D/PowerManagerService(30833): UnPartial  wakeLock  reactivate ,flags=0x6 tag=StayOnWhilePluggedIn Screen Dim
02-07 23:08:59.169 D/KeyguardViewMediator(30833): setHidden false
02-07 23:08:59.169 E/rmt_storage(  159): [MyTag]open: fd=-1
02-07 23:08:59.169 E/rmt_storage(  159): block rmt_storage client thread
02-07 23:08:59.179 D/KeyguardViewMediator(30833): setHidden false
02-07 23:08:59.189 D/KeyguardViewMediator(30833): setHidden false
02-07 23:08:59.209 D/KeyguardViewMediator(30833): setHidden false
02-07 23:08:59.219 D/KeyguardViewMediator(30833): setHidden false
02-07 23:08:59.229 D/KeyguardViewMediator(30833): setHidden false
02-07 23:08:59.249 D/KeyguardViewMediator(30833): setHidden false
02-07 23:08:59.259 D/KeyguardViewMediator(30833): setHidden false
02-07 23:08:59.279 D/KeyguardViewMediator(30833): setHidden false
02-07 23:08:59.309 D/KeyguardViewMediator(30833): setHidden false
02-07 23:08:59.329 D/KeyguardViewMediator(30833): setHidden false
02-07 23:08:59.339 D/KeyguardViewMediator(30833): setHidden false
02-07 23:08:59.369 D/KeyguardViewMediator(30833): setHidden false
02-07 23:08:59.379 D/KeyguardViewMediator(30833): setHidden false
02-07 23:08:59.389 D/KeyguardViewMediator(30833): setHidden false
02-07 23:08:59.409 D/KeyguardViewMediator(30833): setHidden false
02-07 23:08:59.419 D/KeyguardViewMediator(30833): setHidden false
02-07 23:08:59.439 D/KeyguardViewMediator(30833): setHidden false
02-07 23:08:59.459 D/KeyguardViewMediator(30833): setHidden false
02-07 23:08:59.469 D/KeyguardViewMediator(30833): setHidden false
02-07 23:08:59.499 D/PowerManagerService(30833): UnPartial  wakeLock  reactivate ,flags=0x6 tag=StayOnWhilePluggedIn Screen Dim
02-07 23:08:59.579 D/KeyguardViewMediator(30833): setHidden false
02-07 23:08:59.599 D/KeyguardViewMediator(30833): setHidden false
02-07 23:08:59.619 D/KeyguardViewMediator(30833): setHidden false
02-07 23:08:59.629 D/KeyguardViewMediator(30833): setHidden false
02-07 23:08:59.650 D/KeyguardViewMediator(30833): setHidden false
02-07 23:08:59.670 D/KeyguardViewMediator(30833): setHidden false
02-07 23:08:59.680 D/KeyguardViewMediator(30833): setHidden false
02-07 23:08:59.700 D/KeyguardViewMediator(30833): setHidden false
02-07 23:09:00.020 D/KeyguardUpdateMonitor(30833): received broadcast android.intent.action.TIME_TICK
02-07 23:09:00.020 D/KeyguardUpdateMonitor(30833): handleTimeUpdate
02-07 23:09:00.050 D/PowerManagerService(30833): UnPartial  wakeLock  reactivate ,flags=0x6 tag=StayOnWhilePluggedIn Screen Dim
02-07 23:09:00.090 D/KeyguardViewMediator(30833): setHidden false
02-07 23:09:00.100 D/KeyguardViewMediator(30833): setHidden false
02-07 23:09:00.120 D/KeyguardViewMediator(30833): setHidden false
02-07 23:09:00.150 D/PowerManagerService(30833): UnPartial  wakeLock  reactivate ,flags=0x6 tag=StayOnWhilePluggedIn Screen Dim
02-07 23:09:00.170 D/KeyguardViewMediator(30833): setHidden false
02-07 23:09:00.180 D/KeyguardViewMediator(30833): setHidden false
02-07 23:09:00.210 D/KeyguardViewMediator(30833): setHidden false
02-07 23:09:00.220 D/KeyguardViewMediator(30833): setHidden false
02-07 23:09:00.240 D/KeyguardViewMediator(30833): setHidden false
02-07 23:09:00.260 D/KeyguardViewMediator(30833): setHidden false
02-07 23:09:00.270 D/KeyguardViewMediator(30833): setHidden false
02-07 23:09:00.290 D/KeyguardViewMediator(30833): setHidden false
02-07 23:09:00.300 D/KeyguardViewMediator(30833): setHidden false
02-07 23:09:00.320 D/KeyguardViewMediator(30833): setHidden false
02-07 23:09:00.330 D/KeyguardViewMediator(30833): setHidden false
02-07 23:09:00.360 D/KeyguardViewMediator(30833): setHidden false
02-07 23:09:00.370 D/KeyguardViewMediator(30833): setHidden false
02-07 23:09:00.390 D/KeyguardViewMediator(30833): setHidden false
02-07 23:09:00.400 D/KeyguardViewMediator(30833): setHidden false
02-07 23:09:00.420 D/KeyguardViewMediator(30833): setHidden false
02-07 23:09:00.440 D/KeyguardViewMediator(30833): setHidden false
02-07 23:09:00.460 D/KeyguardViewMediator(30833): setHidden false
02-07 23:09:00.490 D/KeyguardViewMediator(30833): setHidden false
02-07 23:09:00.490 D/KeyguardViewMediator(30833): setHidden false
02-07 23:09:00.510 D/KeyguardViewMediator(30833): setHidden false
02-07 23:09:00.520 D/KeyguardViewMediator(30833): setHidden false
02-07 23:09:00.530 D/KeyguardViewMediator(30833): setHidden false
02-07 23:09:00.540 D/KeyguardViewMediator(30833): setHidden false
02-07 23:09:00.560 D/KeyguardViewMediator(30833): setHidden false
02-07 23:09:00.570 D/KeyguardViewMediator(30833): setHidden false
02-07 23:09:00.590 D/KeyguardViewMediator(30833): setHidden false
02-07 23:09:00.610 D/KeyguardViewMediator(30833): setHidden false
02-07 23:09:00.630 D/KeyguardViewMediator(30833): setHidden false
02-07 23:09:00.630 D/KeyguardViewMediator(30833): setHidden false
02-07 23:09:00.981 D/PowerManagerService(30833): UnPartial  wakeLock  reactivate ,flags=0x6 tag=StayOnWhilePluggedIn Screen Dim
02-07 23:09:01.001 D/KeyguardViewMediator(30833): setHidden false
02-07 23:09:01.021 D/PowerManagerService(30833): UnPartial  wakeLock  reactivate ,flags=0x6 tag=StayOnWhilePluggedIn Screen Dim
02-07 23:09:01.021 D/KeyguardViewMediator(30833): setHidden false
02-07 23:09:01.041 D/KeyguardViewMediator(30833): setHidden false
02-07 23:09:01.061 D/KeyguardViewMediator(30833): setHidden false
02-07 23:09:01.071 D/KeyguardViewMediator(30833): setHidden false
02-07 23:09:01.091 D/KeyguardViewMediator(30833): setHidden false
02-07 23:09:01.101 D/KeyguardViewMediator(30833): setHidden false
02-07 23:09:01.121 D/KeyguardViewMediator(30833): setHidden false
02-07 23:09:01.141 D/KeyguardViewMediator(30833): setHidden false
02-07 23:09:01.151 D/KeyguardViewMediator(30833): setHidden false
02-07 23:09:01.161 D/KeyguardViewMediator(30833): setHidden false
02-07 23:09:02.152 D/PowerManagerService(30833): UnPartial  wakeLock  reactivate ,flags=0x6 tag=StayOnWhilePluggedIn Screen Dim
