02-09 17:52:31.978 I/binder_sample( 3866): [android.app.IActivityManager,19,56,com.android.browser,11]
02-09 17:52:31.998 I/am_on_resume_called(27250): com.android.launcher2.Launcher
02-09 17:52:32.078 I/am_kill (27162): [1019,com.google.android.apps.plus,14,too many background]
02-09 17:52:32.108 I/am_proc_died(27162): [1019,com.google.android.apps.plus]
02-09 17:52:32.508 I/db_sample( 3866): [/data/data/com.android.browser/databases/webview.db,SELECT mainurl, mainurlusecount, subhost, subhostusecount, subho,275,,56]
02-09 17:52:32.758 I/dvm_gc_info( 3866): [7093854921883186941,-8913318517402335168,-3997924298444670931,7870282]
02-09 17:52:33.109 I/dvm_gc_info( 3866): [7093854921883223759,-8913881467355768769,-4000176098258356179,7825142]
02-09 17:52:34.180 I/db_sample( 3866): [/data/data/com.android.browser/databases/webviewCache.db,DELETE FROM cache WHERE url = ?,0,,1]
02-09 17:52:34.190 I/am_pause_activity(27162): [1080397968,com.android.launcher/com.android.launcher2.Launcher]
02-09 17:52:34.190 I/am_on_paused_called(27250): com.android.launcher2.Launcher
02-09 17:52:34.190 I/am_task_to_front(27162): 4
02-09 17:52:34.200 I/am_new_intent(27162): [1083011720,4,com.android.mms/.ui.ComposeMessageActivity,NULL,NULL,content://mms-sms/conversations/1,876609536]
02-09 17:52:34.210 I/notification_cancel(27162): [com.android.mms,123,16]
02-09 17:52:34.210 I/am_resume_activity(27162): [1088407952,4,com.android.mms/.ui.ComposeMessageActivity]
02-09 17:52:34.370 I/db_sample( 3866): [/data/data/com.android.browser/databases/webview.db,SELECT _id, domain, path, name, value, expires, secure FROM cook,3,,1]
02-09 17:52:34.510 I/content_update_sample(27733): [content://sms/conversations/1,delete,type=3,219,com.android.mms,44]
02-09 17:52:34.590 I/am_on_resume_called(27733): com.android.mms.ui.ComposeMessageActivity
02-09 17:52:34.710 I/db_sample(27234): [/data/data/com.android.providers.telephony/databases/mmssms.db,SELECT transport_type, _id, thread_id, address, body, date, read,172,,35]
02-09 17:52:35.011 I/db_sample(27234): [/data/data/com.android.providers.telephony/databases/mmssms.db,SELECT transport_type, _id, thread_id, address, body, date, read,213,,43]
02-09 17:52:35.101 I/content_query_sample(27733): [content://com.android.contacts/contacts/lookup/0r1-2AA02A902A942A922A8E2A8E2A982AA02A922A9E/1,_id/photo_id,,,13,,3]
02-09 17:52:35.191 I/dvm_gc_info(27733): [7218827569569789564,-8970739962541512648,-4001020523188488147,8103747]
02-09 17:52:35.901 I/dvm_gc_info( 3866): [7093854921883252298,-8998605435345635259,-3997924298444670931,7825142]
02-09 17:52:36.152 I/db_sample( 3866): [/data/data/com.android.browser/databases/webviewCache.db,SELECT filepath, lastmodify, etag, expires, expiresstring, mimet,0,,1]
02-09 17:52:36.572 I/dvm_gc_info( 3866): [7093854921883149979,-8984531686510086073,-3997361348491249619,7825142]
02-09 17:52:37.473 I/browser_page_loaded( 3866): http://vision.sprintpcs.com/|3291
02-09 17:52:40.196 I/notification_cancel(27162): [com.android.mms,999,0]
02-09 17:52:40.216 I/dvm_gc_madvise_info(27733): [958464,126976]
02-09 17:52:40.256 I/notification_cancel(27162): [com.android.mms,789,0]
02-09 17:52:40.276 I/notification_cancel(27162): [com.android.mms,531,0]
02-09 17:52:40.286 I/notification_cancel(27162): [com.android.mms,123,0]
02-09 17:52:40.326 I/binder_sample(27220): [android.view.IWindowSession,4,31,com.android.systemui,6]
02-09 17:52:40.586 I/dvm_gc_info(27229): [7809651225003230766,-9014651158654859210,-3994546598724143059,8370170]
02-09 17:52:40.966 I/dvm_gc_info(27229): [7809651225003324804,-9045894881069737930,-3994546598724143059,8525817]
02-09 17:52:41.637 I/dvm_gc_madvise_info( 3866): [606208,126976]
02-09 17:52:41.997 I/notification_cancel(27162): [com.android.mms,999,0]
02-09 17:52:42.017 I/force_gc(27234): Binder
02-09 17:52:42.128 I/dvm_gc_info(27234): [8099846449757857537,-8921481910353274817,-3991731848957036499,8583206]
02-09 17:52:42.168 I/notification_cancel(27162): [com.android.mms,123,0]
02-09 17:52:42.208 I/notification_cancel(27162): [com.android.mms,789,0]
02-09 17:52:42.218 I/notification_cancel(27162): [com.android.mms,531,0]
02-09 17:52:44.800 I/binder_sample(27229): [android.view.IWindowSession,3,11,com.android.inputmethod.latin,2]
02-09 17:52:45.971 I/dvm_gc_madvise_info(27229): [495616,126976]
02-09 17:52:47.062 I/am_create_service(27162): [1089272216,com.google.android.gsf/.checkin.EventLogService,,27265]
02-09 17:52:47.072 I/aggregation(27265): 1328831567085
02-09 17:52:47.112 I/am_destroy_service(27162): [1089272216,com.google.android.gsf/.checkin.EventLogService,27265]
02-09 17:52:47.142 I/dvm_gc_madvise_info(27234): [671744,126976]
02-09 17:52:57.022 I/force_gc( 3866): bg
02-09 17:52:57.102 I/dvm_gc_info( 3866): [7093854921883469539,-8981435461766309824,-3999894623281645523,7825148]
02-09 17:53:02.137 I/dvm_gc_madvise_info( 3866): [1155072,126976]
02-09 17:53:05.110 I/force_gc(27250): bg
02-09 17:53:05.140 I/dvm_gc_info(27250): [7809652345805063314,-9067287529055614923,-3991731848957036499,8628272]
02-09 17:53:05.971 I/binder_sample( 2881): [android.net.wifi.IWifiManager,8,24,com.google.android.apps.maps:NetworkLoc,4]
02-09 17:53:10.165 I/dvm_gc_madvise_info(27250): [344064,126976]
02-09 17:53:19.904 I/binder_sample( 2881): [android.net.wifi.IWifiManager,8,37,com.google.android.apps.maps:NetworkLoc,7]
02-09 17:53:27.722 I/db_sample(27234): [/data/data/com.android.providers.telephony/databases/mmssms.db,SELECT reply_path_present, service_center FROM sms WHERE (thread,36,,8]
02-09 17:53:27.762 I/am_create_service(27162): [1087914984,com.android.mms/.transaction.SmsReceiverService,act=com.android.mms.transaction.SEND_MESSAGE,27733]
02-09 17:53:27.792 I/db_sample(27234): [/data/data/com.android.providers.telephony/databases/mmssms.db,SELECT _id, thread_id, address, body, date, read, type, status F,31,,7]
02-09 17:53:27.892 I/dvm_gc_info(27229): [7809651225003329125,-8922890316247164873,-3994546598724143059,8554534]
02-09 17:53:27.932 I/content_query_sample(27733): [content://mms-sms/conversations/1,transport_type/_id/thread_id/address/body/date/read/type/status/locked/error_code/dest_port/service_date/expiry/sub/sub_cs/date/read/m_type/msg_box/d_rpt/rr/err_type/locked/m_size/recipient_cc_ids/recipient_bcc_ids/pri,,,192,,39]
02-09 17:53:28.022 I/db_sample(27234): [/data/data/com.android.providers.telephony/databases/mmssms.db,GETLOCK:SELECT _id, thread_id, address, body, status FROM sms WH,32,,7]
02-09 17:53:28.082 I/content_query_sample(27733): [content://mms-sms/conversations/1,transport_type/_id/thread_id/address/body/date/read/type/status/locked/error_code/dest_port/service_date/expiry/sub/sub_cs/date/read/m_type/msg_box/d_rpt/rr/err_type/locked/m_size/recipient_cc_ids/recipient_bcc_ids/pri,,,145,,30]
02-09 17:53:28.323 I/force_gc(27162): Binder
02-09 17:53:28.443 I/dvm_gc_info(27162): [8320808730292090739,-8904302794851026763,-3927274079290296275,9033862]
02-09 17:53:28.563 I/am_destroy_service(27162): [1087914984,com.android.mms/.transaction.SmsReceiverService,27733]
02-09 17:53:30.915 I/am_create_service(27162): [1090002576,com.android.mms/.transaction.SmsReceiverService,act=com.android.mms.transaction.MESSAGE_SENT dat=content://sms/263,27733]
02-09 17:53:31.015 I/content_query_sample(27733): [content://mms-sms/conversations/1,transport_type/_id/thread_id/address/body/date/read/type/status/locked/error_code/dest_port/service_date/expiry/sub/sub_cs/date/read/m_type/msg_box/d_rpt/rr/err_type/locked/m_size/recipient_cc_ids/recipient_bcc_ids/pri,,,65,,14]
02-09 17:53:31.105 I/content_query_sample(27733): [content://mms-sms/conversations/1,transport_type/_id/thread_id/address/body/date/read/type/status/locked/error_code/dest_port/service_date/expiry/sub/sub_cs/date/read/m_type/msg_box/d_rpt/rr/err_type/locked/m_size/recipient_cc_ids/recipient_bcc_ids/pri,,,94,,19]
02-09 17:53:31.135 I/content_query_sample(27733): [content://sms/queued,_id/thread_id/address/body/status,,date ASC,159,,32]
02-09 17:53:31.145 I/notification_cancel(27162): [com.android.mms,789,0]
02-09 17:53:31.145 I/am_destroy_service(27162): [1090002576,com.android.mms/.transaction.SmsReceiverService,27733]
02-09 17:53:32.927 I/dvm_gc_madvise_info(27229): [495616,126976]
02-09 17:53:33.498 I/dvm_gc_madvise_info(27162): [462848,126976]
02-09 17:53:38.382 I/power_sleep_requested(27162): 1
02-09 17:53:38.613 I/power_screen_state(27162): [0,2,0,0]
02-09 17:53:38.623 I/power_screen_broadcast_send(27162): 1
02-09 17:53:38.633 I/screen_toggled(27162): 0
02-09 17:53:38.663 I/am_pause_activity(27162): [1088407952,com.android.mms/.ui.ComposeMessageActivity]
02-09 17:53:38.703 I/am_on_paused_called(27733): com.android.mms.ui.ComposeMessageActivity
02-09 17:53:38.753 I/power_screen_broadcast_done(27162): [0,120,1]
02-09 17:53:38.883 I/am_create_service(27162): [1088164120,com.google.android.gsf/.loginservice.GoogleLoginService,act=android.accounts.AccountAuthenticator,27265]
02-09 17:53:38.963 I/am_destroy_service(27162): [1088164120,com.google.android.gsf/.loginservice.GoogleLoginService,27265]
02-09 17:53:45.790 I/force_gc( 2881): bg
02-09 17:53:45.870 I/dvm_gc_info( 2881): [7881704463072048700,-8958355888401201089,-4001583473141909459,7358131]
02-09 17:53:50.915 I/dvm_gc_madvise_info( 2881): [212992,126976]
02-09 17:54:13.707 I/battery_level(27162): [100,4192,280]
02-09 17:54:17.100 I/c2dm    (27265): [-4,NULL,105,-1]
02-09 17:54:17.230 I/c2dm    (27265): [5,NULL,198,104]
02-09 17:54:57.600 I/binder_sample( 2881): [android.net.wifi.IWifiManager,8,35,com.google.android.apps.maps:NetworkLoc,7]
02-09 17:55:18.520 I/binder_sample( 2881): [android.net.wifi.IWifiManager,8,35,com.google.android.apps.maps:NetworkLoc,7]
02-09 17:55:25.537 I/binder_sample( 2881): [android.net.wifi.IWifiManager,8,61,com.google.android.apps.maps:NetworkLoc,12]
02-09 17:55:53.424 I/binder_sample( 2881): [android.net.wifi.IWifiManager,8,29,com.google.android.apps.maps:NetworkLoc,5]
02-09 17:56:20.370 I/power_screen_state(27162): [1,3,0,0]
02-09 17:56:20.370 I/power_screen_broadcast_send(27162): 1
02-09 17:56:20.370 I/screen_toggled(27162): 1
02-09 17:56:20.380 I/am_resume_activity(27162): [1088407952,4,com.android.mms/.ui.ComposeMessageActivity]
02-09 17:56:20.380 I/am_on_resume_called(27733): com.android.mms.ui.ComposeMessageActivity
02-09 17:56:20.461 I/power_screen_broadcast_done(27162): [1,92,1]
02-09 17:56:20.511 I/notification_cancel(27162): [com.android.phone,111,0]
02-09 17:56:22.923 I/screen_toggled(27162): 2
02-09 17:56:22.943 I/c2dm    (27265): [-4,NULL,106,198]
02-09 17:56:23.193 I/notification_cancel(27162): [com.android.mms,999,0]
02-09 17:56:23.243 I/notification_cancel(27162): [com.android.mms,789,0]
02-09 17:56:23.263 I/notification_cancel(27162): [com.android.mms,531,0]
02-09 17:56:23.293 I/notification_cancel(27162): [com.android.mms,123,0]
02-09 17:56:23.413 I/dvm_gc_info(27733): [7218827569569756798,-8922889216500668358,-4000457573235066835,8103744]
02-09 17:56:25.255 I/am_create_service(27162): [1088698816,com.android.mms/.transaction.SmsReceiverService,act=android.provider.Telephony.SMS_RECEIVED,27733]
02-09 17:56:25.505 I/content_query_sample(27733): [content://mms-sms/threadID?recipient=9137446943,_id,,,160,,33]
02-09 17:56:25.806 I/db_sample(27234): [/data/data/com.android.providers.telephony/databases/mmssms.db,INSERT INTO words(table_to_use, _id, index_text, source_id) VALU,50,,11]
02-09 17:56:25.926 I/dvm_gc_info(27649): [7453298398305785794,-8894453095281301370,-3975124825331107795,7358144]
02-09 17:56:26.206 I/notification_cancel(27162): [com.android.mms,999,0]
02-09 17:56:26.256 I/notification_cancel(27162): [com.android.mms,123,0]
02-09 17:56:26.256 I/notification_enqueue(27162): [com.android.mms,123,Notification(vibrate=default,sound=content://settings/system/notification_sound,defaults=0x6,flags=0x1)]
02-09 17:56:26.316 I/am_destroy_service(27162): [1088698816,com.android.mms/.transaction.SmsReceiverService,27733]
02-09 17:56:27.537 I/c2dm    (27265): [3,0:1328831781832850%62cfc3ee62cfc3ee,199,105]
02-09 17:56:27.567 I/c2dm    (27265): [5,NULL,200,106]
02-09 17:56:27.788 I/dvm_gc_info(27649): [7453298398306006948,-8918941418255128445,-3975969250261239763,7358144]
02-09 17:56:28.278 I/dvm_gc_info(27649): [7453298398306064278,-8901208494722357113,-3974843350354397139,7358144]
02-09 17:56:28.348 I/db_sample(27282): [/data/data/com.android.providers.contacts/databases/contacts2.db,COMMIT;UPDATE contacts SET status_update_id=(SELECT data._id FRO,471,,95]
02-09 17:56:28.388 I/content_update_sample(27265): [content://com.android.contacts/status_updates,bulkinsert,,621,,100]
02-09 17:56:28.478 I/dvm_gc_madvise_info(27733): [958464,126976]
02-09 17:56:28.649 I/dvm_gc_info(27649): [7453298398305785891,-8889105070723803004,-3975687775284529107,7358144]
02-09 17:56:29.129 I/dvm_gc_info(27649): [7453298398305781620,-8900927019745638259,-3973435975470843859,7358144]
02-09 17:56:29.539 I/db_sample(27649): [/data/data/com.google.android.apps.googlevoice/databases/model.db,INSERT INTO conversation_labels(label, conversation_id) VALUES(?,0,,1]
02-09 17:56:29.770 I/dvm_gc_info(27649): [7453298398306060150,-8906837994256553837,-3971747125610579923,7358144]
02-09 17:56:30.420 I/dvm_gc_info(27649): [7453298398306342899,-8907400944209975153,-3972591550540711891,7358144]
02-09 17:56:30.420 I/db_sample(27649): [/data/data/com.google.android.apps.googlevoice/databases/model.db,COMMIT;INSERT INTO labels(data, label) VALUES(?, ?);,777,,100]
02-09 17:56:31.251 I/dvm_gc_info(27649): [7453298398305785894,-8887979170816956279,-3974561875377686483,7358144]
02-09 17:56:32.042 I/dvm_gc_info(27649): [7453298398306150368,-8900645544768935802,-3975406300307818451,7358144]
02-09 17:56:32.713 I/dvm_gc_info(27649): [7453298398306109386,-8911341593883940732,-3975969250261239763,7358144]
02-09 17:56:33.633 I/dvm_gc_info(27649): [7453298398305785775,-8903178819559331703,-3974561875377686483,7358144]
02-09 17:56:34.434 I/dvm_gc_info(27649): [7453298398305785890,-8895016045234722682,-3975124825331107795,7358144]
02-09 17:56:34.714 I/dvm_gc_info(27649): [7453298398305966008,-8916971093418153853,-3975969250261239763,7358144]
02-09 17:56:35.125 I/dvm_gc_info(27649): [7453298398305998746,-8901489969699067768,-3974843350354397139,7358144]
02-09 17:56:40.190 I/dvm_gc_madvise_info(27649): [950272,126976]
02-09 17:56:41.952 I/binder_sample(27234): [com.android.internal.telephony.ITelephonyRegistry,8,53,com.android.phone,10]
02-09 17:56:53.263 I/notification_cancel(27162): [com.android.mms,999,0]
02-09 17:56:53.273 I/force_gc(27234): Binder
02-09 17:56:53.323 I/dvm_gc_info(27234): [8099846449757624002,-8925141085050492864,-3991168899003615187,8583206]
02-09 17:56:53.403 I/content_query_sample(27733): [content://mms-sms/undelivered,thread_id,read=0,,135,,28]
02-09 17:56:53.403 I/notification_cancel(27162): [com.android.mms,789,0]
02-09 17:56:53.433 I/notification_cancel(27162): [com.android.mms,123,0]
02-09 17:56:53.453 I/notification_cancel(27162): [com.android.mms,531,0]
02-09 17:56:53.763 I/notification_cancel(27162): [com.android.phone,111,0]
02-09 17:56:54.904 I/notification_cancel(27162): [com.android.mms,999,0]
02-09 17:56:54.934 I/notification_cancel(27162): [com.android.mms,789,0]
02-09 17:56:54.974 I/notification_cancel(27162): [com.android.mms,531,0]
02-09 17:56:54.984 I/notification_cancel(27162): [com.android.mms,123,0]
02-09 17:56:57.847 I/binder_sample(27229): [android.view.IWindowSession,4,17,com.android.inputmethod.latin,3]
02-09 17:56:58.348 I/dvm_gc_madvise_info(27234): [663552,126976]
02-09 17:57:03.703 I/binder_sample(27229): [android.view.IWindowSession,3,14,com.android.inputmethod.latin,2]
02-09 17:57:05.755 I/am_create_service(27162): [1089884856,com.android.mms/.transaction.SmsReceiverService,act=com.android.mms.transaction.SEND_MESSAGE,27733]
02-09 17:57:05.855 I/dvm_gc_info(27229): [7809651225003357754,-8991288735587854281,-3994546598724143059,8562729]
02-09 17:57:05.905 I/db_sample(27234): [/data/data/com.android.providers.telephony/databases/mmssms.db,SELECT transport_type, _id, thread_id, address, body, date, read,95,,20]
02-09 17:57:05.915 I/db_sample(27234): [/data/data/com.android.providers.telephony/databases/mmssms.db,DELETE FROM threads WHERE _id = ? AND _id NOT IN          (SELEC,1,,1]
02-09 17:57:06.185 I/content_query_sample(27733): [content://mms-sms/conversations/1,transport_type/_id/thread_id/address/body/date/read/type/status/locked/error_code/dest_port/service_date/expiry/sub/sub_cs/date/read/m_type/msg_box/d_rpt/rr/err_type/locked/m_size/recipient_cc_ids/recipient_bcc_ids/pri,,,66,,14]
02-09 17:57:06.315 I/am_destroy_service(27162): [1089884856,com.android.mms/.transaction.SmsReceiverService,27733]
02-09 17:57:08.668 I/am_create_service(27162): [1088734200,com.android.mms/.transaction.SmsReceiverService,act=com.android.mms.transaction.MESSAGE_SENT dat=content://sms/265,27733]
02-09 17:57:08.768 I/content_query_sample(27733): [content://mms-sms/conversations/1,transport_type/_id/thread_id/address/body/date/read/type/status/locked/error_code/dest_port/service_date/expiry/sub/sub_cs/date/read/m_type/msg_box/d_rpt/rr/err_type/locked/m_size/recipient_cc_ids/recipient_bcc_ids/pri,,,70,,15]
02-09 17:57:08.898 I/dvm_gc_info(27733): [7218827569569793681,-8921200366640404422,-4000457573235066835,8103744]
02-09 17:57:08.908 I/content_query_sample(27733): [content://mms-sms/conversations/1,transport_type/_id/thread_id/address/body/date/read/type/status/locked/error_code/dest_port/service_date/expiry/sub/sub_cs/date/read/m_type/msg_box/d_rpt/rr/err_type/locked/m_size/recipient_cc_ids/recipient_bcc_ids/pri,,,142,,29]
02-09 17:57:08.948 I/notification_cancel(27162): [com.android.mms,789,0]
02-09 17:57:08.948 I/am_destroy_service(27162): [1088734200,com.android.mms/.transaction.SmsReceiverService,27733]
02-09 17:57:10.149 I/binder_sample( 2881): [android.net.wifi.IWifiManager,8,88,com.google.android.apps.maps:NetworkLoc,17]
02-09 17:57:10.259 I/dvm_gc_info(27162): [8320808730291763127,-8896140020526417736,-3923614904593057747,9033873]
02-09 17:57:10.880 I/dvm_gc_madvise_info(27229): [503808,126976]
02-09 17:57:13.933 I/dvm_gc_madvise_info(27733): [958464,126976]
02-09 17:57:15.324 I/dvm_gc_madvise_info(27162): [466944,126976]
02-09 17:57:16.085 I/force_gc(27841): bg
02-09 17:57:16.165 I/dvm_gc_info(27841): [8517260637557294131,-9151166866074404810,-4004961172862437331,7358131]
02-09 17:57:20.839 I/free_storage_changed(27162): 2575990784
02-09 17:57:21.210 I/dvm_gc_madvise_info(27841): [434176,126976]
02-09 17:57:22.041 I/force_gc(27649): bg
02-09 17:57:22.141 I/dvm_gc_info(27649): [7453298398306174653,-9150032374134577022,-3976250725237950419,7358144]
02-09 17:57:27.216 I/dvm_gc_madvise_info(27649): [1716224,126976]
02-09 17:57:30.999 I/binder_sample(27265): [android.net.wifi.IWifiManager,8,39,com.google.process.gapps,7]
02-09 17:57:31.250 I/binder_sample(27234): [com.android.internal.telephony.ITelephonyRegistry,8,34,com.android.phone,6]
02-09 17:57:36.255 I/force_gc( 2881): bg
02-09 17:57:36.325 I/dvm_gc_info( 2881): [7881704463072024118,-8970740787376465857,-4001583473141909459,7358131]
02-09 17:57:41.369 I/dvm_gc_madvise_info( 2881): [282624,126976]
02-09 17:57:45.053 I/notification_cancel(27162): [com.android.phone,111,0]
02-09 17:57:45.103 I/dvm_gc_info(27265): [7449358886915565242,-8917822460710885303,-3997079873514538963,7358174]
02-09 17:57:45.473 I/am_pause_activity(27162): [1088407952,com.android.mms/.ui.ComposeMessageActivity]
02-09 17:57:45.473 I/am_task_to_front(27162): 2
02-09 17:57:45.473 I/am_new_intent(27162): [1079233024,2,com.android.launcher/com.android.launcher2.Launcher,android.intent.action.MAIN,NULL,NULL,274726912]
02-09 17:57:45.473 I/am_on_paused_called(27733): com.android.mms.ui.ComposeMessageActivity
02-09 17:57:45.504 I/am_resume_activity(27162): [1080397968,2,com.android.launcher/com.android.launcher2.Launcher]
02-09 17:57:45.514 I/am_on_resume_called(27250): com.android.launcher2.Launcher
02-09 17:57:45.754 I/content_query_sample(27733): [content://sms,seen,address LIKE '%Alert%' AND read=0,date DESC,173,,35]
02-09 17:57:45.754 I/notification_cancel(27162): [com.android.mms,999,0]
02-09 17:57:45.784 I/notification_cancel(27162): [com.android.mms,789,0]
02-09 17:57:45.814 I/notification_cancel(27162): [com.android.mms,531,0]
02-09 17:57:45.834 I/notification_cancel(27162): [com.android.mms,123,0]
02-09 17:57:48.857 I/menu_opened(27250): 0
02-09 17:57:48.907 I/binder_sample(27250): [android.view.IWindowSession,8,15,com.android.launcher,3]
02-09 17:57:50.138 I/dvm_gc_madvise_info(27265): [303104,126976]
02-09 17:57:52.320 I/am_create_service(27162): [1089911896,com.twitter.android/.client.AppService,act=com.twitter.android.poll.alarm cat=[SaberMage],31862]
02-09 17:57:52.340 I/am_destroy_service(27162): [1089911896,com.twitter.android/.client.AppService,31862]
02-09 17:57:52.410 I/sync    (27162): [com.twitter.android.provider.TwitterProvider,0,0,1634276467]
02-09 17:57:52.460 I/am_create_service(27162): [1089747216,com.twitter.android/.platform.TwitterDataSyncService,act=android.content.SyncAdapter,31862]
02-09 17:57:52.570 I/am_create_service(27162): [1089251912,com.twitter.android/.platform.C2DMService,act=com.twitter.android.action.c2dm.REFRESH,31862]
02-09 17:57:53.752 I/am_pause_activity(27162): [1080397968,com.android.launcher/com.android.launcher2.Launcher]
02-09 17:57:53.762 I/am_task_to_front(27162): 20
02-09 17:57:53.762 I/am_new_intent(27162): [1083848480,20,com.android.browser/.BrowserActivity,android.intent.action.MAIN,NULL,NULL,274726912]
02-09 17:57:53.762 I/am_on_paused_called(27250): com.android.launcher2.Launcher
02-09 17:57:53.782 I/am_resume_activity(27162): [1087554000,20,com.android.browser/.BrowserActivity]
02-09 17:57:53.792 I/am_on_resume_called( 3866): com.android.browser.BrowserActivity
02-09 17:57:54.012 I/dvm_gc_info(31862): [7020659311768630902,-8924860572347807682,-4001864948118620115,7358133]
02-09 17:57:54.252 I/am_destroy_service(27162): [1089251912,com.twitter.android/.platform.C2DMService,31862]
02-09 17:57:54.602 I/db_sample(31862): [/data/data/com.twitter.android/databases/90788718.db,UPDATE users SET bg_color=?, hash=?, geo_enabled=?, location=?, ,1,,1]
02-09 17:57:54.793 I/db_sample(31862): [/data/data/com.twitter.android/databases/90788718.db,COMMIT;INSERT INTO statuses(content, in_r_status_id, source, fav,33,,7]
02-09 17:57:54.893 I/db_sample(31862): [/data/data/com.twitter.android/databases/90788718.db,COMMIT;INSERT INTO status_groups(tweet_type, updated_at, sender_,91,,19]
02-09 17:57:55.253 I/notification_cancel(27162): [com.android.phone,111,0]
02-09 17:57:56.054 I/menu_opened( 3866): 0
02-09 17:57:56.234 I/dvm_gc_info(31862): [7020659311768614524,-8962015200537352129,-4001864948118620115,7358131]
02-09 17:57:56.574 I/am_create_service(27162): [1088950112,com.twitter.android/.client.WidgetService,act=refresh,31862]
02-09 17:57:56.594 I/db_sample(31862): [/data/data/com.twitter.android/databases/90788718.db,DELETE FROM status_groups WHERE owner_id!=?,2,,1]
02-09 17:57:56.694 I/am_destroy_service(27162): [1088950112,com.twitter.android/.client.WidgetService,31862]
02-09 17:57:56.704 I/sync    (27162): [com.twitter.android.provider.TwitterProvider,1,0,1634276467]
02-09 17:57:56.704 I/am_destroy_service(27162): [1089747216,com.twitter.android/.platform.TwitterDataSyncService,31862]
02-09 17:57:56.714 I/notification_cancel(27162): [android,-126782010,0]
02-09 17:57:57.445 I/binder_sample( 3866): [android.view.IWindowSession,4,20,com.android.browser,4]
02-09 17:57:57.495 I/dvm_gc_info(27229): [7809651225003292210,-9010991983957612489,-3994546598724143059,8562727]
02-09 17:57:58.266 I/binder_sample( 3866): [android.view.IWindowSession,7,17,com.android.browser,3]
02-09 17:57:59.908 I/am_proc_start(27162): [4411,10043,com.google.android.googlequicksearchbox,content provider,com.google.android.googlequicksearchbox/.google.GoogleSuggestionProvider]
02-09 17:57:59.948 I/dvm_gc_madvise_info( 4411): [360448,126976]
02-09 17:57:59.978 I/dvm_gc_info(27154): [8825198673194673202,-9130620223684245458,-4006087072769275858,7358131]
02-09 17:58:00.048 I/am_proc_bound(27162): [4411,com.google.android.googlequicksearchbox]
02-09 17:58:00.128 I/dvm_gc_info(27154): [8825198673194979384,-9222662541068629970,-4006087072769275858,7358131]
02-09 17:58:00.238 I/dvm_gc_info(27154): [8825198673194836016,-9222662541068629970,-4006087072769275858,7358131]
02-09 17:58:00.338 I/content_query_sample( 4411): [content://com.google.settings/partner,value,name=?,,4,,1]
02-09 17:58:00.358 I/binder_sample(27229): [android.view.IWindowSession,4,42,com.android.inputmethod.latin,8]
02-09 17:58:00.538 I/binder_sample(27229): [android.view.IWindowSession,4,35,com.android.inputmethod.latin,7]
02-09 17:58:00.548 I/dvm_gc_info( 4411): [7453298398305900156,-8969897530962868176,-4006368547745990611,7358131]
02-09 17:58:01.259 I/dvm_gc_madvise_info(31862): [204800,126976]
02-09 17:58:01.409 I/content_query_sample( 3866): [content://com.google.android.googlequicksearchbox.google/search_suggest_query/b,,,,1001,,100]
02-09 17:58:01.409 I/content_query_sample( 3866): [content://browser/search_suggest_query?limit=50,,url LIKE ?,,1542,,100]
02-09 17:58:01.509 I/dvm_gc_info( 4411): [7453298398305818193,-8991008154199357391,-4006087072769279955,7358131]
02-09 17:58:01.910 I/content_query_sample( 3866): [content://com.google.android.googlequicksearchbox.google/search_suggest_query/bimg,,,,461,,93]
02-09 17:58:01.910 I/content_query_sample( 3866): [content://browser/search_suggest_query?limit=50,,url LIKE ?,,488,,98]
02-09 17:58:02.520 I/dvm_gc_madvise_info(27229): [512000,126976]
02-09 17:58:02.610 I/content_query_sample( 3866): [content://com.google.android.googlequicksearchbox.google/search_suggest_query/bin,,,,387,,78]
02-09 17:58:02.610 I/content_query_sample( 3866): [content://browser/search_suggest_query?limit=50,,url LIKE ?,,460,,93]
02-09 17:58:02.900 I/dvm_gc_info( 4411): [7453298398305855071,-8971867855766251470,-4006087072769279955,7358131]
02-09 17:58:02.911 I/content_query_sample( 3866): [content://com.google.android.googlequicksearchbox.google/search_suggest_query/bing,,,,244,,49]
02-09 17:58:03.521 I/content_query_sample( 3866): [content://com.google.android.googlequicksearchbox.google/search_suggest_query/bing.,,,,229,,46]
02-09 17:58:03.521 I/content_query_sample( 3866): [content://browser/search_suggest_query?limit=50,,url LIKE ?,,246,,50]
02-09 17:58:03.781 I/content_query_sample( 3866): [content://browser/search_suggest_query?limit=50,,url LIKE ?,,243,,49]
02-09 17:58:06.244 I/am_new_intent(27162): [1088862232,20,com.android.browser/.BrowserActivity,android.intent.action.SEARCH,NULL,NULL,268435456]
02-09 17:58:07.065 I/binder_sample(27234): [com.android.internal.telephony.ITelephonyRegistry,8,43,com.android.phone,8]
02-09 17:58:07.875 I/db_sample( 3866): [/data/data/com.android.browser/databases/browser.db,GETLOCK:SELECT _id, url, visits, date, bookmark, title, favicon,,39,,8]
02-09 17:58:07.875 I/db_sample( 3866): [/data/data/com.android.browser/databases/browser.db,SELECT _id, url, visits, date, bookmark, title, favicon, thumbna,72,,15]
02-09 17:58:07.915 I/dvm_gc_madvise_info( 4411): [245760,126976]
02-09 17:58:07.935 I/dvm_gc_info( 3866): [7093854921883297381,-8925421941400881085,-3998205773421381587,7825161]
02-09 17:58:08.136 I/content_query_sample( 3866): [content://browser/bookmarks,_id/url/visits/date/bookmark/title/favicon/thumbnail/touch_icon/user_entered,url = 'm.bing.com/?mid=10006' OR url = 'www.m.bing.com/?mid=10006' OR url = 'http://m.bing.com/?mid=10006' OR url = 'http://www.m.bing.com/?mid=10006',,400,,81]
02-09 17:58:08.236 I/content_update_sample( 3866): [content://browser/bookmarks,update,_id = ?,80,,17]
02-09 17:58:08.316 I/browser_page_loaded( 3866): http://m.bing.com/?mid=10006|1231
02-09 17:58:08.406 I/binder_sample( 3866): [android.view.IWindowSession,4,29,com.android.browser,5]
02-09 17:58:11.709 I/browser_double_tap_duration( 3866): [725,98056390]
02-09 17:58:13.000 I/dvm_gc_madvise_info( 3866): [1032192,126976]
02-09 17:58:15.743 I/notification_cancel(27162): [com.android.phone,111,0]
02-09 17:58:16.304 I/binder_sample(27234): [android.os.INetStatService,2,5,com.android.phone,1]
02-09 17:58:20.317 I/c2dm    (27265): [5,NULL,201,-1]
02-09 17:58:21.409 I/binder_sample(27234): [android.os.INetStatService,2,5,com.android.phone,1]
02-09 17:58:29.677 I/binder_sample( 2881): [android.net.wifi.IWifiManager,8,53,com.google.android.apps.maps:NetworkLoc,10]
02-09 17:58:34.651 I/force_gc(31862): bg
02-09 17:58:34.722 I/dvm_gc_info(31862): [7020659311768811125,-8963704050431182787,-4002427898072041427,7358136]
02-09 17:58:39.776 I/dvm_gc_madvise_info(31862): [290816,126976]
02-09 17:58:43.430 I/force_gc(27733): bg
02-09 17:58:43.510 I/dvm_gc_info(27733): [7218827569570043437,-9008457609420740552,-4001020523188488147,8103744]
02-09 17:58:48.555 I/force_gc(27282): bg
02-09 17:58:48.575 I/dvm_gc_madvise_info(27733): [962560,126976]
02-09 17:58:48.605 I/dvm_gc_info(27282): [7017575181485024846,-8976932412012193724,-3991731848957036499,8562721]
02-09 17:58:53.470 I/c2dm    (27265): [5,NULL,202,-1]
02-09 17:58:53.470 I/c2dm    (27265): [5,NULL,203,-1]
02-09 17:58:53.510 I/c2dm    (27265): [-4,NULL,107,203]
02-09 17:58:53.630 I/dvm_gc_madvise_info(27282): [540672,126976]
02-09 17:58:53.770 I/db_sample(27265): [/data/data/com.google.android.gsf/databases/talk.db,COMMIT;DELETE FROM s2dRmqIds WHERE rmq_id=?,112,,23]
02-09 17:58:53.770 I/c2dm    (27265): [4,NULL,204,107]
02-09 17:58:54.130 I/binder_sample(27234): [com.android.internal.telephony.ITelephonyRegistry,8,50,com.android.phone,10]
02-09 17:58:57.574 I/binder_sample( 2881): [android.net.wifi.IWifiManager,8,68,com.google.android.apps.maps:NetworkLoc,13]
02-09 17:59:10.316 I/force_gc(27250): bg
02-09 17:59:10.386 I/dvm_gc_info(27250): [7809652345805247903,-9039421506361268171,-3991731848957036499,8628272]
02-09 17:59:11.477 I/binder_sample( 2881): [android.net.wifi.IWifiManager,8,33,com.google.android.apps.maps:NetworkLoc,6]
02-09 17:59:12.058 I/notification_cancel(27162): [com.android.phone,111,0]
02-09 17:59:13.700 I/battery_level(27162): [100,4192,290]
02-09 17:59:15.401 I/dvm_gc_madvise_info(27250): [356352,126976]
02-09 17:59:17.123 I/notification_cancel(27162): [com.android.phone,111,0]
02-09 17:59:54.930 I/c2dm    (27265): [5,NULL,205,-1]
02-09 17:59:58.934 I/binder_sample(27234): [android.os.INetStatService,1,5,com.android.phone,1]
02-09 18:00:21.506 I/binder_sample(27234): [com.android.internal.telephony.ITelephonyRegistry,8,49,com.android.phone,9]
02-09 18:00:39.033 I/binder_sample(27234): [com.android.internal.telephony.ITelephonyRegistry,6,23,com.android.phone,4]
02-09 18:00:39.053 I/notification_cancel(27162): [com.android.phone,111,0]
02-09 18:00:44.188 I/notification_cancel(27162): [com.android.phone,111,0]
02-09 18:00:46.130 I/binder_sample(27234): [com.android.internal.telephony.ITelephonyRegistry,8,28,com.android.phone,5]
02-09 18:00:46.190 I/dvm_gc_info(27234): [8099846449757648658,-8918948635562866624,-3991450373980325843,8583206]
02-09 18:00:49.293 I/notification_cancel(27162): [com.android.phone,111,0]
02-09 18:00:51.245 I/dvm_gc_madvise_info(27234): [659456,126976]
02-09 18:01:09.973 I/binder_sample(27265): [android.net.wifi.IWifiManager,8,28,com.google.process.gapps,5]
02-09 18:01:45.628 I/notification_cancel(27162): [com.android.phone,111,0]
02-09 18:02:00.983 I/notification_cancel(27162): [com.android.phone,111,0]
02-09 18:02:01.133 I/dvm_gc_info(27162): [8320808730291693529,-8893043795782596423,-3925303754453321683,9033867]
02-09 18:02:01.193 I/dvm_gc_info( 2881): [7881704463071725177,-8922327091382228928,-4001583473141909459,7358131]
02-09 18:02:05.858 I/dvm_gc_info(27265): [7449358886915692239,-8908815261456181176,-3997361348491249619,7358174]
02-09 18:02:06.058 I/binder_sample(27234): [com.android.internal.telephony.ITelephonyRegistry,8,40,com.android.phone,8]
02-09 18:02:06.108 I/binder_sample(27234): [com.android.internal.telephony.ITelephonyRegistry,17,17,com.android.phone,3]
02-09 18:02:06.108 I/notification_cancel(27162): [com.android.phone,111,0]
02-09 18:02:06.168 I/dvm_gc_madvise_info(27162): [348160,126976]
02-09 18:02:06.218 I/dvm_gc_madvise_info( 2881): [274432,126976]
02-09 18:02:10.902 I/dvm_gc_madvise_info(27265): [311296,126976]
02-09 18:02:21.503 I/notification_cancel(27162): [com.android.phone,111,0]
02-09 18:02:26.548 I/notification_cancel(27162): [com.android.phone,111,0]
02-09 18:02:31.262 I/am_create_service(27162): [1089969232,com.google.android.apps.maps/com.google.googlenav.prefetch.android.PrefetcherService,,379]
02-09 18:02:31.302 I/binder_sample(  379): [android.app.IActivityManager,83,9,com.google.android.apps.maps,1]
02-09 18:02:32.413 I/db_sample( 3866): [/data/data/com.android.browser/databases/webview.db,INSERT INTO tcppreconnection(mainurl, subhostweight, subhostusec,89,,18]
02-09 18:02:32.423 I/db_sample( 3866): [/data/data/com.android.browser/databases/webview.db,INSERT INTO tcppreconnection(mainurl, subhostweight, subhostusec,5,,2]
02-09 18:02:32.584 I/db_sample( 3866): [/data/data/com.android.browser/databases/webview.db,INSERT INTO tcppreconnection(mainurl, subhostweight, subhostusec,5,,2]
02-09 18:02:33.054 I/db_sample( 3866): [/data/data/com.android.browser/databases/webview.db,INSERT INTO tcppreconnection(mainurl, subhostweight, subhostusec,29,,6]
02-09 18:02:33.855 I/db_sample( 3866): [/data/data/com.android.browser/databases/webview.db,INSERT INTO tcppreconnection(mainurl, subhostweight, subhostusec,2,,1]
02-09 18:02:34.676 I/db_sample( 3866): [/data/data/com.android.browser/databases/webview.db,INSERT INTO tcppreconnection(mainurl, subhostweight, subhostusec,807,,100]
02-09 18:02:34.696 I/db_sample( 3866): [/data/data/com.android.browser/databases/webview.db,INSERT INTO tcppreconnection(mainurl, subhostweight, subhostusec,4,,1]
02-09 18:02:34.916 I/db_sample( 3866): [/data/data/com.android.browser/databases/webview.db,INSERT INTO tcppreconnection(mainurl, subhostweight, subhostusec,3,,1]
02-09 18:02:38.079 I/am_pause_activity(27162): [1087554000,com.android.browser/.BrowserActivity]
02-09 18:02:38.089 I/am_task_to_front(27162): 2
02-09 18:02:38.089 I/am_new_intent(27162): [1083011720,2,com.android.launcher/com.android.launcher2.Launcher,android.intent.action.MAIN,NULL,NULL,274726912]
02-09 18:02:38.089 I/am_on_paused_called( 3866): com.android.browser.BrowserActivity
02-09 18:02:38.109 I/am_resume_activity(27162): [1080397968,2,com.android.launcher/com.android.launcher2.Launcher]
02-09 18:02:38.159 I/am_on_resume_called(27250): com.android.launcher2.Launcher
02-09 18:02:39.430 I/notification_cancel(27162): [com.android.systemui,17302205,0]
02-09 18:02:39.510 I/notification_cancel(27162): [android,17040268,0]
02-09 18:02:39.620 I/battery_status(27162): [3,2,1,0,Li-ion]
02-09 18:02:39.630 I/am_proc_start(27162): [4523,10021,com.google.android.apps.plus,broadcast,com.google.android.apps.plus/com.google.android.picasasync.BatteryReceiver]
02-09 18:02:39.661 I/dvm_gc_madvise_info( 4523): [372736,126976]
02-09 18:02:39.681 I/am_proc_bound(27162): [4523,com.google.android.apps.plus]
02-09 18:02:39.811 I/dvm_gc_info( 4523): [3346293774832690798,-8984534229718243278,-4005805597792569299,7358131]
02-09 18:02:40.181 I/dvm_gc_info( 4523): [3346293774832690797,-8947379395319883724,-4005242647839147987,7358131]
02-09 18:02:40.281 I/dvm_gc_info( 4523): [3346293774832690778,-8968208406107142089,-4004398222909016019,7358131]
02-09 18:02:40.311 I/am_kill (27162): [2205,com.redbend.vdmc,14,too many background]
02-09 18:02:40.321 I/am_proc_died(27162): [2205,com.redbend.vdmc]
02-09 18:02:40.321 I/am_schedule_service_restart(27162): [com.redbend.vdmc/.Vdmc,5000]
02-09 18:02:40.371 I/am_create_service(27162): [1086768712,com.android.providers.media/.MediaScannerService,act=android.media.IMediaScannerService,3874]
02-09 18:02:40.752 I/am_destroy_service(27162): [1086768712,com.android.providers.media/.MediaScannerService,3874]
02-09 18:02:41.973 I/notification_cancel(27162): [com.android.phone,111,0]
02-09 18:02:43.694 I/battery_level(27162): [100,4191,290]
02-09 18:02:45.326 I/dvm_gc_madvise_info( 4523): [212992,126976]
02-09 18:02:45.346 I/am_proc_start(27162): [4534,1000,com.redbend.vdmc,service,com.redbend.vdmc/.Vdmc]
02-09 18:02:45.356 I/dvm_gc_madvise_info( 4534): [368640,126976]
02-09 18:02:45.366 I/am_proc_bound(27162): [4534,com.redbend.vdmc]
02-09 18:02:45.376 I/am_create_service(27162): [1084377944,com.redbend.vdmc/.Vdmc,,4534]
02-09 18:02:47.588 I/binder_sample( 2881): [android.net.wifi.IWifiManager,8,37,com.google.android.apps.maps:NetworkLoc,7]
02-09 18:02:49.730 I/am_new_intent(27162): [1087004512,2,com.android.launcher/com.android.launcher2.Launcher,android.intent.action.MAIN,NULL,NULL,270532608]
02-09 18:02:51.022 I/power_sleep_requested(27162): 0
02-09 18:02:51.252 I/power_screen_state(27162): [0,2,0,0]
02-09 18:02:51.262 I/power_screen_broadcast_send(27162): 1
02-09 18:02:51.262 I/screen_toggled(27162): 0
02-09 18:02:51.322 I/am_pause_activity(27162): [1080397968,com.android.launcher/com.android.launcher2.Launcher]
02-09 18:02:51.332 I/am_on_paused_called(27250): com.android.launcher2.Launcher
02-09 18:02:51.382 I/power_screen_broadcast_done(27162): [0,119,1]
02-09 18:02:51.472 I/am_create_service(27162): [1088971152,com.google.android.gsf/.loginservice.GoogleLoginService,act=android.accounts.AccountAuthenticator,27265]
02-09 18:02:51.572 I/am_destroy_service(27162): [1088971152,com.google.android.gsf/.loginservice.GoogleLoginService,27265]
02-09 18:03:10.522 I/c2dm    (27265): [5,NULL,206,-1]
02-09 18:03:20.522 I/battery_level(27162): [100,4186,310]
02-09 18:04:48.522 I/battery_level(27162): [100,4168,280]
02-09 18:04:51.524 I/wifi_supplicant_state_changed(27162): 8
02-09 18:04:52.625 I/wifi_supplicant_state_changed(27162): 8
02-09 18:04:52.625 I/wifi_driver_state_changed(27162): 1
02-09 18:04:53.516 I/am_destroy_service(27162): [1089969232,com.google.android.apps.maps/com.google.googlenav.prefetch.android.PrefetcherService,379]
02-09 18:04:53.546 I/am_kill (27162): [2459,zte.com.cn.taskmanager,14,too many background]
02-09 18:04:53.566 I/am_proc_died(27162): [2459,zte.com.cn.taskmanager]
02-09 18:04:57.640 I/force_gc(  379): bg
02-09 18:04:57.720 I/dvm_gc_info(  379): [3345437233800091201,-8981155773881984963,-4002427898072041427,7358131]
02-09 18:05:11.422 I/db_sample( 3866): [/data/data/com.android.browser/databases/webviewCache.db,BEGIN EXCLUSIVE;,0,,1]
02-09 18:05:17.522 I/c2dm    (27265): [5,NULL,207,-1]
02-09 18:05:17.522 I/c2dm    (27265): [-4,NULL,108,207]
02-09 18:05:30.282 I/dvm_gc_madvise_info(  379): [311296,126976]
02-09 18:07:00.582 I/binder_sample(27234): [android.app.IActivityManager,14,6,com.android.phone,1]
02-09 18:07:06.532 I/power_screen_state(27162): [1,3,0,0]
02-09 18:07:06.532 I/power_screen_broadcast_send(27162): 1
02-09 18:07:06.532 I/screen_toggled(27162): 1
02-09 18:07:06.532 I/am_resume_activity(27162): [1080397968,2,com.android.launcher/com.android.launcher2.Launcher]
02-09 18:07:06.562 I/am_on_resume_called(27250): com.android.launcher2.Launcher
02-09 18:07:06.642 I/power_screen_broadcast_done(27162): [1,107,1]
02-09 18:07:06.722 I/notification_cancel(27162): [com.android.phone,111,0]
02-09 18:07:06.722 I/notification_cancel(27162): [com.android.phone,111,0]
02-09 18:07:06.852 I/binder_sample(27234): [com.android.internal.telephony.ITelephonyRegistry,14,25,com.android.phone,5]
02-09 18:07:07.052 I/notification_cancel(27162): [com.android.phone,7,0]
02-09 18:07:07.062 I/notification_cancel(27162): [com.android.phone,7,0]
02-09 18:07:07.062 I/notification_cancel(27162): [com.android.phone,7,0]
02-09 18:07:07.062 I/notification_cancel(27162): [com.android.phone,7,0]
02-09 18:07:07.062 I/notification_cancel(27162): [com.android.phone,7,0]
02-09 18:07:07.062 I/notification_cancel(27162): [com.android.phone,7,0]
02-09 18:07:07.082 I/notification_cancel(27162): [com.android.phone,7,0]
02-09 18:07:07.082 I/notification_cancel(27162): [com.android.phone,7,0]
02-09 18:07:07.082 I/notification_cancel(27162): [com.android.phone,7,0]
02-09 18:07:07.082 I/notification_cancel(27162): [com.android.phone,7,0]
02-09 18:07:07.182 I/notification_cancel(27162): [com.android.phone,111,0]
02-09 18:07:07.192 I/notification_cancel(27162): [com.android.phone,111,0]
02-09 18:07:07.412 I/notification_cancel(27162): [com.android.phone,7,0]
02-09 18:07:07.412 I/notification_cancel(27162): [com.android.phone,7,0]
02-09 18:07:07.412 I/notification_cancel(27162): [com.android.phone,7,0]
02-09 18:07:07.412 I/notification_cancel(27162): [com.android.phone,7,0]
02-09 18:07:07.412 I/notification_cancel(27162): [com.android.phone,7,0]
02-09 18:07:07.412 I/notification_cancel(27162): [com.android.phone,7,0]
02-09 18:07:07.412 I/notification_cancel(27162): [com.android.phone,7,0]
02-09 18:07:07.412 I/notification_cancel(27162): [com.android.phone,7,0]
02-09 18:07:07.412 I/notification_cancel(27162): [com.android.phone,7,0]
02-09 18:07:07.412 I/notification_cancel(27162): [com.android.phone,7,0]
02-09 18:07:07.893 I/dvm_gc_info(27162): [8320808730291685409,-8889103146108651337,-3924459329523189715,9033871]
02-09 18:07:08.223 I/binder_sample(27733): [,2,196,com.android.mms,39]
02-09 18:07:08.513 I/wifi_driver_state_changed(27162): 0
02-09 18:07:08.513 I/wifi_supplicant_state_changed(27162): 2
02-09 18:07:09.364 I/power_sleep_requested(27162): 1
02-09 18:07:09.594 I/power_screen_state(27162): [0,2,0,0]
02-09 18:07:09.604 I/power_screen_broadcast_send(27162): 1
02-09 18:07:09.604 I/screen_toggled(27162): 0
02-09 18:07:09.614 I/am_pause_activity(27162): [1080397968,com.android.launcher/com.android.launcher2.Launcher]
02-09 18:07:09.614 I/am_on_paused_called(27250): com.android.launcher2.Launcher
02-09 18:07:09.714 I/power_screen_broadcast_done(27162): [0,111,1]
02-09 18:07:59.452 I/dvm_gc_madvise_info(27162): [339968,126976]
02-09 18:08:09.372 I/dvm_gc_info(27265): [7449358886915655356,-8917259510757509048,-3997642823467960275,7358174]
02-09 18:08:52.522 I/battery_level(27162): [99,4147,280]
02-09 18:08:52.532 I/power_screen_state(27162): [1,3,0,0]
02-09 18:08:52.532 I/power_screen_broadcast_send(27162): 1
02-09 18:08:52.532 I/screen_toggled(27162): 1
02-09 18:08:52.542 I/am_resume_activity(27162): [1080397968,2,com.android.launcher/com.android.launcher2.Launcher]
02-09 18:08:52.572 I/am_on_resume_called(27250): com.android.launcher2.Launcher
02-09 18:08:52.632 I/power_screen_broadcast_done(27162): [1,99,1]
02-09 18:08:53.262 I/notification_cancel(27162): [com.android.phone,111,0]
02-09 18:08:53.472 I/binder_sample(27234): [com.android.internal.telephony.ITelephonyRegistry,8,15,com.android.phone,3]
02-09 18:08:53.523 I/dvm_gc_info(27220): [8320808730291627724,-8918668260366358473,-3999613148304934867,8525716]
02-09 18:08:53.733 I/screen_toggled(27162): 2
02-09 18:08:53.763 I/c2dm    (27265): [-4,NULL,109,-1]
02-09 18:08:54.744 I/c2dm    (27265): [5,NULL,208,109]
02-09 18:08:56.675 I/dvm_gc_madvise_info(27265): [323584,126976]
02-09 18:08:57.006 I/notification_cancel(27162): [com.android.phone,111,0]
02-09 18:08:58.547 I/dvm_gc_madvise_info(27220): [278528,126976]
02-09 18:08:58.888 I/db_sample(27265): [/data/data/com.google.android.gsf/databases/talk.db,COMMIT;INSERT OR REPLACE  INTO presence(contact_id, client_type,,4130,,100]
02-09 18:08:58.988 I/am_kill (27162): [2881,com.google.android.apps.maps:NetworkLocationService,14,too many background]
02-09 18:08:58.998 I/am_proc_died(27162): [2881,com.google.android.apps.maps:NetworkLocationService]
02-09 18:08:58.998 I/am_schedule_service_restart(27162): [com.google.android.apps.maps/com.google.android.location.internal.server.NetworkLocationService,5000]
02-09 18:09:01.590 I/notification_cancel(27162): [com.android.phone,111,0]
02-09 18:09:01.971 I/am_pause_activity(27162): [1080397968,com.android.launcher/com.android.launcher2.Launcher]
02-09 18:09:01.971 I/am_task_to_front(27162): 4
02-09 18:09:01.981 I/am_on_paused_called(27250): com.android.launcher2.Launcher
02-09 18:09:02.001 I/am_resume_activity(27162): [1088407952,4,com.android.mms/.ui.ComposeMessageActivity]
02-09 18:09:02.041 I/am_on_resume_called(27733): com.android.mms.ui.ComposeMessageActivity
02-09 18:09:02.171 I/content_query_sample(27733): [content://mms-sms/undelivered,thread_id,read=0,,140,,29]
02-09 18:09:02.171 I/content_query_sample(27733): [content://mms-sms/conversations/1,transport_type/_id/thread_id/address/body/date/read/type/status/locked/error_code/dest_port/service_date/expiry/sub/sub_cs/date/read/m_type/msg_box/d_rpt/rr/err_type/locked/m_size/recipient_cc_ids/recipient_bcc_ids/pri,,,164,,33]
02-09 18:09:02.291 I/notification_cancel(27162): [com.android.mms,999,0]
02-09 18:09:02.351 I/notification_cancel(27162): [com.android.mms,789,0]
02-09 18:09:02.371 I/notification_cancel(27162): [com.android.mms,531,0]
02-09 18:09:02.391 I/notification_cancel(27162): [com.android.mms,123,0]
02-09 18:09:03.722 I/am_finish_activity(27162): [1088407952,4,com.android.mms/.ui.ComposeMessageActivity,app-request]
02-09 18:09:03.722 I/am_pause_activity(27162): [1088407952,com.android.mms/.ui.ComposeMessageActivity]
02-09 18:09:03.722 I/am_on_paused_called(27733): com.android.mms.ui.ComposeMessageActivity
02-09 18:09:03.732 I/am_resume_activity(27162): [1084028104,4,com.android.mms/.ui.ConversationList]
02-09 18:09:03.742 I/notification_cancel(27162): [com.android.mms,239,0]
02-09 18:09:03.742 I/am_on_resume_called(27733): com.android.mms.ui.ConversationList
02-09 18:09:03.782 I/binder_sample(27733): [android.view.IWindowSession,4,38,com.android.mms,7]
02-09 18:09:03.812 I/content_query_sample(27733): [content://mms-sms/conversations/1,_id/read,(read=0 OR seen=0),,80,,17]
02-09 18:09:03.822 I/notification_cancel(27162): [com.android.mms,999,0]
02-09 18:09:03.842 I/notification_cancel(27162): [com.android.mms,789,0]
02-09 18:09:03.872 I/notification_cancel(27162): [com.android.mms,531,0]
02-09 18:09:03.872 I/notification_cancel(27162): [com.android.mms,123,0]
02-09 18:09:03.902 I/binder_sample(27733): [android.view.IWindowSession,8,93,com.android.mms,18]
02-09 18:09:03.902 I/content_update_sample(27733): [content://mms-sms/conversations/obsolete,delete,,4,,1]
02-09 18:09:03.993 I/am_proc_start(27162): [4576,10036,com.google.android.apps.maps:NetworkLocationService,service,com.google.android.apps.maps/com.google.android.location.internal.server.NetworkLocationService]
02-09 18:09:04.023 I/notification_cancel(27162): [com.android.mms,789,0]
02-09 18:09:04.033 I/notification_cancel(27162): [com.android.mms,531,0]
02-09 18:09:04.033 I/notification_cancel(27162): [com.android.mms,999,0]
02-09 18:09:04.073 I/notification_cancel(27162): [com.android.mms,123,0]
02-09 18:09:04.073 I/binder_sample(27733): [android.view.IWindowSession,4,91,com.android.mms,18]
02-09 18:09:04.093 I/dvm_gc_info(27234): [8099846449757570864,-8913037661051946944,-3991450373980325843,8583206]
02-09 18:09:04.143 I/dvm_gc_madvise_info( 4576): [368640,126976]
02-09 18:09:04.203 I/am_proc_bound(27162): [4576,com.google.android.apps.maps:NetworkLocationService]
02-09 18:09:04.203 I/am_create_service(27162): [1085342632,com.google.android.apps.maps/com.google.android.location.internal.server.NetworkLocationService,act=com.google.android.location.internal.GMM_NLP,4576]
02-09 18:09:04.213 I/am_destroy_activity(27162): [1088407952,4,com.android.mms/.ui.ComposeMessageActivity]
02-09 18:09:04.333 I/dvm_gc_info( 4576): [7881704463071766127,-8983689804788111310,-4006087072769279955,7358131]
02-09 18:09:04.743 I/dvm_gc_info( 4576): [7881704463071888935,-9043362431047317449,-4004398222909016019,7358131]
02-09 18:09:05.064 I/dvm_gc_info( 4576): [7881704463071770165,-9042517593699542980,-4002709373048752083,7358131]
02-09 18:09:05.284 I/dvm_gc_info( 4576): [7881704463071774383,-8915290491909564358,-4003553797978884051,7358131]
02-09 18:09:05.344 I/am_create_activity(27162): [1089871736,4,com.android.mms/.ui.ComposeMessageActivity,NULL,NULL,content://mms-sms/conversations/3,0]
02-09 18:09:05.344 I/am_pause_activity(27162): [1084028104,com.android.mms/.ui.ConversationList]
02-09 18:09:05.344 I/am_on_paused_called(27733): com.android.mms.ui.ConversationList
02-09 18:09:05.344 I/am_restart_activity(27162): [1089871736,4,com.android.mms/.ui.ComposeMessageActivity]
02-09 18:09:05.444 I/content_query_sample(27733): [content://mms-sms/conversations?simple=true,_id/date/message_count/recipient_ids/snippet/snippet_cs/read/error/has_attachment/recipient_cc_ids/recipient_bcc_ids/sticktop_date,_id=3,,7,com.android.mms,2]
02-09 18:09:05.574 I/dvm_gc_info(27733): [7218827569569801844,-8935274115475937222,-3998487248398092243,8103820]
02-09 18:09:05.634 I/am_on_resume_called(27733): com.android.mms.ui.ComposeMessageActivity
02-09 18:09:05.634 I/content_query_sample(27733): [content://mms-sms/undelivered,thread_id,read=0,,6,,2]
02-09 18:09:05.644 I/configuration_changed(27162): 128
02-09 18:09:05.734 I/activity_launch_time(27162): [1089871736,com.android.mms/.ui.ComposeMessageActivity,389,389]
02-09 18:09:05.964 I/notification_cancel(27162): [com.android.mms,999,0]
02-09 18:09:05.974 I/notification_cancel(27162): [com.android.mms,789,0]
02-09 18:09:05.994 I/notification_cancel(27162): [com.android.mms,531,0]
02-09 18:09:06.004 I/notification_cancel(27162): [com.android.mms,123,0]
02-09 18:09:06.004 I/binder_sample(27733): [android.view.IWindowSession,8,70,com.android.mms,14]
02-09 18:09:06.095 I/dvm_gc_info( 4576): [7881704463073953321,-9047302255986857925,-4003272323002173395,7358131]
02-09 18:09:07.716 I/dvm_gc_info(27229): [7809651225003222588,-8992414635494701001,-3994546598724143059,8554535]
02-09 18:09:08.077 I/dvm_gc_info(27162): [8320808730292074252,-8912465569175635787,-3925585229430032339,9033869]
02-09 18:09:08.077 I/binder_sample(27229): [com.android.internal.view.IInputMethodManager,2,100,com.android.inputmethod.latin,20]
