02-09 17:22:43.914 I/am_create_service(27162): [1089735784,com.google.android.gsf/.subscribedfeeds.SubscribedFeedsIntentService,act=com.google.android.c2dm.intent.RECEIVE cat=[com.google.android.gsf.subscribedfeeds],27265]
02-09 17:22:43.934 I/tickle  (27265): com.google.android.music.MusicContent
02-09 17:22:43.944 I/am_destroy_service(27162): [1089735784,com.google.android.gsf/.subscribedfeeds.SubscribedFeedsIntentService,27265]
02-09 17:22:43.954 I/sync    (27162): [com.google.android.music.MusicContent,0,0,-1565529355]
02-09 17:22:43.964 I/am_create_service(27162): [1089934208,com.google.android.music/.sync.SyncAdapterService,act=android.content.SyncAdapter,2169]
02-09 17:22:43.994 I/am_create_service(27162): [1089991880,com.google.android.music/.MusicPreferenceService$MusicPreferenceServiceBinder,act=com.google.android.music.PREFERENCE_SERVICE,2169]
02-09 17:22:44.105 I/am_destroy_service(27162): [1089991880,com.google.android.music/.MusicPreferenceService$MusicPreferenceServiceBinder,2169]
02-09 17:22:44.155 I/dvm_gc_info(27162): [8320808730291697618,-8895858751724914504,-3928399979197138899,9033857]
02-09 17:22:46.477 I/google_http_request( 2169): [2294,200,Android-Music/512,1]
02-09 17:22:46.947 I/am_create_service(27162): [1089947416,com.google.android.gsf/.checkin.EventLogService,,27265]
02-09 17:22:46.957 I/aggregation(27265): 1328829766969
02-09 17:22:47.017 I/am_destroy_service(27162): [1089947416,com.google.android.gsf/.checkin.EventLogService,27265]
02-09 17:22:47.108 I/google_http_request( 2169): [551,200,Android-Music/512,1]
02-09 17:22:47.208 I/dvm_gc_info( 2169): [7887337218879104631,-8947659701813635008,-4001301998165198803,7358131]
02-09 17:22:47.388 I/db_sample( 2169): [/data/data/com.google.android.music/databases/music.db,INSERT INTO RECENT(ItemDate, RecentAlbumId) VALUES(?, ?);,1,,1]
02-09 17:22:47.388 I/db_sample( 2169): [/data/data/com.google.android.music/databases/music.db,INSERT INTO RECENT(ItemDate, RecentAlbumId) VALUES(?, ?);,0,,1]
02-09 17:22:47.418 I/db_sample( 2169): [/data/data/com.google.android.music/databases/music.db,INSERT INTO RECENT(ItemDate, RecentAlbumId) VALUES(?, ?);,0,,1]
02-09 17:22:47.418 I/db_sample( 2169): [/data/data/com.google.android.music/databases/music.db,INSERT INTO RECENT(ItemDate, RecentAlbumId) VALUES(?, ?);,0,,1]
02-09 17:22:47.568 I/db_sample( 2169): [/data/data/com.google.android.music/databases/music.db,COMMIT;DELETE FROM RECENT WHERE RecentId IN (5678,5679),100,,21]
02-09 17:22:47.578 I/db_sample( 2169): [/data/data/com.google.android.music/databases/music.db,GETLOCK:SELECT count(*) AS _count FROM LISTS,248,,50]
02-09 17:22:47.578 I/db_sample( 2169): [/data/data/com.google.android.music/databases/music.db,SELECT count(*) AS _count FROM LISTS,253,,51]
02-09 17:22:47.598 I/content_query_sample( 2169): [content://com.google.android.music.MusicContent/playlists,count(*),,,277,,56]
02-09 17:22:47.738 I/am_create_service(27162): [1089481944,com.google.android.music/.MusicPreferenceService$MusicPreferenceServiceBinder,act=com.google.android.music.PREFERENCE_SERVICE,2169]
02-09 17:22:47.808 I/dvm_gc_info( 2169): [7887337218879059582,-8947659701796841407,-4000739048211777491,7358131]
02-09 17:22:47.818 I/am_destroy_service(27162): [1089481944,com.google.android.music/.MusicPreferenceService$MusicPreferenceServiceBinder,2169]
02-09 17:22:47.828 I/am_create_service(27162): [1089733832,com.google.android.music/.store.KeepOnUpdater$SyncListener,act=com.google.android.music.SYNC_COMPLETE,2169]
02-09 17:22:47.838 I/am_create_service(27162): [1088767504,com.google.android.music/.dl.artwork.ArtDownloadService,act=com.google.android.music.SYNC_COMPLETE,2169]
02-09 17:22:47.838 I/sync_details( 2169): [com.google.android.music,2281,4712,]
02-09 17:22:47.838 I/sync    (27162): [com.google.android.music.MusicContent,1,0,-1565529355]
02-09 17:22:47.848 I/db_sample( 2169): [/data/data/com.google.android.music/databases/music.db,SELECT KeepOnId, ListId FROM KEEPON WHERE ListId NOT NULL,1,,1]
02-09 17:22:47.848 I/am_destroy_service(27162): [1089934208,com.google.android.music/.sync.SyncAdapterService,2169]
02-09 17:22:47.858 I/am_create_service(27162): [1088654600,com.google.android.music/.dl.NetworkMonitor,act=com.google.android.music.NETWORK_MONITOR_SERVICE,2169]
02-09 17:22:47.868 I/am_destroy_service(27162): [1089733832,com.google.android.music/.store.KeepOnUpdater$SyncListener,2169]
02-09 17:22:47.868 I/notification_cancel(27162): [android,-7211098,0]
02-09 17:22:47.888 I/am_create_service(27162): [1088603696,com.google.android.music/.MusicPreferenceService$MusicPreferenceServiceBinder,act=com.google.android.music.PREFERENCE_SERVICE,2169]
02-09 17:22:47.898 I/am_create_service(27162): [1088582904,com.google.android.music/.dl.DownloadManager$DownloadManagerService,act=com.google.android.music.NEW_SHOULDKEEPON,2169]
02-09 17:22:47.908 I/am_create_service(27162): [1088493936,com.google.android.music/.store.StoreService$StoreServiceBinder,act=com.google.android.music.STORE_SERVICE,2169]
02-09 17:22:47.908 I/binder_sample( 2169): [android.app.IActivityManager,36,6,com.google.android.music:main,1]
02-09 17:22:47.928 I/am_create_service(27162): [1088425440,com.google.android.music/.MusicPlaybackService,,2169]
02-09 17:22:48.149 I/dvm_gc_info( 2169): [7887337218879063695,-8951037332747524029,-4000176098258356179,7358132]
02-09 17:22:48.359 I/am_create_service(27162): [1086999520,com.google.android.music/.store.RecentItemsManager$Service,act=RecentItemsManagerService.recordCurrentlyPlayed,2169]
02-09 17:22:48.419 I/am_destroy_service(27162): [1086999520,com.google.android.music/.store.RecentItemsManager$Service,2169]
02-09 17:22:48.559 I/am_destroy_service(27162): [1088767504,com.google.android.music/.dl.artwork.ArtDownloadService,2169]
02-09 17:22:49.220 I/dvm_gc_madvise_info(27162): [262144,126976]
02-09 17:22:53.203 I/dvm_gc_madvise_info( 2169): [135168,126976]
02-09 17:22:54.665 I/am_destroy_service(27162): [1088425440,com.google.android.music/.MusicPlaybackService,2169]
02-09 17:22:54.725 I/am_destroy_service(27162): [1088582904,com.google.android.music/.dl.DownloadManager$DownloadManagerService,2169]
02-09 17:22:54.725 I/am_destroy_service(27162): [1088493936,com.google.android.music/.store.StoreService$StoreServiceBinder,2169]
02-09 17:22:54.725 I/am_destroy_service(27162): [1088654600,com.google.android.music/.dl.NetworkMonitor,2169]
02-09 17:22:54.735 I/am_destroy_service(27162): [1088603696,com.google.android.music/.MusicPreferenceService$MusicPreferenceServiceBinder,2169]
02-09 17:22:58.128 I/force_gc( 2169): bg
02-09 17:22:58.208 I/dvm_gc_info( 2169): [7887337218879350413,-8925986059870652351,-4001301998165198803,7358131]
02-09 17:23:03.263 I/dvm_gc_madvise_info( 2169): [294912,126976]
02-09 17:23:14.104 I/binder_sample(27265): [android.net.wifi.IWifiManager,8,47,com.google.process.gapps,9]
02-09 17:23:18.618 I/power_screen_state(27162): [1,3,0,0]
02-09 17:23:18.618 I/power_screen_broadcast_send(27162): 1
02-09 17:23:18.618 I/screen_toggled(27162): 1
02-09 17:23:18.618 I/am_resume_activity(27162): [1089131240,4,com.android.mms/.ui.ComposeMessageActivity]
02-09 17:23:18.638 I/am_on_resume_called(27733): com.android.mms.ui.ComposeMessageActivity
02-09 17:23:18.718 I/power_screen_broadcast_done(27162): [1,99,1]
02-09 17:23:18.758 I/notification_cancel(27162): [com.android.phone,111,0]
02-09 17:23:20.020 I/screen_toggled(27162): 2
02-09 17:23:20.040 I/c2dm    (27265): [-4,NULL,100,177]
02-09 17:23:20.190 I/notification_cancel(27162): [com.android.mms,999,0]
02-09 17:23:20.240 I/notification_cancel(27162): [com.android.mms,789,0]
02-09 17:23:20.270 I/notification_cancel(27162): [com.android.mms,531,0]
02-09 17:23:20.300 I/notification_cancel(27162): [com.android.mms,123,0]
02-09 17:23:20.380 I/dvm_gc_info(27733): [7218827569569818247,-8922044791570532294,-4000176098258356179,8111936]
02-09 17:23:21.101 I/db_sample(27265): [/data/data/com.google.android.gsf/databases/talk.db,COMMIT;DELETE FROM s2dRmqIds WHERE rmq_id=? OR rmq_id=? OR rmq_i,123,,25]
02-09 17:23:21.101 I/content_update_sample(27265): [content://com.google.android.providers.talk/s2dids,delete,rmq_id=? OR rmq_id=? OR rmq_id=? OR rmq_id=? OR rmq_id=?,133,,27]
02-09 17:23:21.101 I/c2dm    (27265): [5,NULL,178,100]
02-09 17:23:22.402 I/notification_cancel(27162): [com.android.phone,111,0]
02-09 17:23:25.445 I/dvm_gc_madvise_info(27733): [790528,126976]
02-09 17:23:26.626 I/binder_sample(27234): [com.android.internal.telephony.ITelephonyRegistry,8,24,com.android.phone,4]
02-09 17:23:27.407 I/notification_cancel(27162): [com.android.phone,111,0]
02-09 17:23:29.909 I/notification_cancel(27162): [com.android.mms,999,0]
02-09 17:23:29.929 I/notification_cancel(27162): [com.android.mms,789,0]
02-09 17:23:29.959 I/notification_cancel(27162): [com.android.mms,531,0]
02-09 17:23:29.969 I/notification_cancel(27162): [com.android.mms,123,0]
02-09 17:23:30.009 I/dvm_gc_info(27234): [8099846449757484809,-8917541260679296959,-3991168899003615187,8583206]
02-09 17:23:30.520 I/am_finish_activity(27162): [1089131240,4,com.android.mms/.ui.ComposeMessageActivity,app-request]
02-09 17:23:30.520 I/am_pause_activity(27162): [1089131240,com.android.mms/.ui.ComposeMessageActivity]
02-09 17:23:30.520 I/am_on_paused_called(27733): com.android.mms.ui.ComposeMessageActivity
02-09 17:23:30.530 I/am_resume_activity(27162): [1084028104,4,com.android.mms/.ui.ConversationList]
02-09 17:23:30.540 I/notification_cancel(27162): [com.android.mms,239,0]
02-09 17:23:30.560 I/am_on_resume_called(27733): com.android.mms.ui.ConversationList
02-09 17:23:30.640 I/notification_cancel(27162): [com.android.mms,789,0]
02-09 17:23:30.670 I/notification_cancel(27162): [com.android.mms,531,0]
02-09 17:23:30.670 I/notification_cancel(27162): [com.android.mms,999,0]
02-09 17:23:30.670 I/notification_cancel(27162): [com.android.mms,123,0]
02-09 17:23:30.990 I/am_destroy_activity(27162): [1089131240,4,com.android.mms/.ui.ComposeMessageActivity]
02-09 17:23:32.071 I/am_create_activity(27162): [1088407952,4,com.android.mms/.ui.ComposeMessageActivity,NULL,NULL,content://mms-sms/conversations/1,0]
02-09 17:23:32.071 I/am_pause_activity(27162): [1084028104,com.android.mms/.ui.ConversationList]
02-09 17:23:32.071 I/am_on_paused_called(27733): com.android.mms.ui.ConversationList
02-09 17:23:32.081 I/am_restart_activity(27162): [1088407952,4,com.android.mms/.ui.ComposeMessageActivity]
02-09 17:23:32.252 I/db_sample(27234): [/data/data/com.android.providers.telephony/databases/mmssms.db,SELECT _id, sub, sub_cs FROM pdu WHERE (msg_box=3) AND (thread_i,0,,1]
02-09 17:23:32.322 I/am_on_resume_called(27733): com.android.mms.ui.ComposeMessageActivity
02-09 17:23:32.422 I/dvm_gc_info(27733): [7218827569569801885,-8925703966267787206,-4000457573235066835,8111937]
02-09 17:23:32.522 I/db_sample(27234): [/data/data/com.android.providers.telephony/databases/mmssms.db,SELECT transport_type, _id, thread_id, address, body, date, read,233,,47]
02-09 17:23:32.542 I/content_query_sample(27733): [content://mms-sms/conversations/1,transport_type/_id/thread_id/address/body/date/read/type/status/locked/error_code/dest_port/service_date/expiry/sub/sub_cs/date/read/m_type/msg_box/d_rpt/rr/err_type/locked/m_size/recipient_cc_ids/recipient_bcc_ids/pri,,,253,,51]
02-09 17:23:32.602 I/activity_launch_time(27162): [1088407952,com.android.mms/.ui.ComposeMessageActivity,523,523]
02-09 17:23:35.034 I/binder_sample( 2881): [android.net.wifi.IWifiManager,8,63,com.google.android.apps.maps:NetworkLoc,12]
02-09 17:23:35.054 I/dvm_gc_madvise_info(27234): [589824,126976]
02-09 17:23:35.074 I/dvm_gc_info(27265): [7449358886915745459,-8915852135873890230,-3996798398537828307,7358174]
02-09 17:23:35.435 I/db_sample(27234): [/data/data/com.android.providers.telephony/databases/mmssms.db,SELECT _id, read FROM (SELECT DISTINCT date * 1 AS normalized_da,53,,11]
02-09 17:23:35.435 I/notification_cancel(27162): [com.android.mms,999,0]
02-09 17:23:35.455 I/notification_cancel(27162): [com.android.mms,789,0]
02-09 17:23:35.465 I/db_sample(27234): [/data/data/com.android.providers.telephony/databases/mmssms.db,SELECT * FROM pdu WHERE (msg_box=1) AND (m_type=130 AND st=135) ,1,,1]
02-09 17:23:35.475 I/force_gc(27162): Binder
02-09 17:23:35.595 I/dvm_gc_info(27162): [8320808730292078429,-8908243650733741901,-3929525879103981523,9033857]
02-09 17:23:35.595 I/binder_sample(27229): [android.content.pm.IPackageManager,30,113,com.android.inputmethod.latin,22]
02-09 17:23:35.615 I/content_query_sample(27733): [content://mms/inbox,,m_type=130 AND st=135,,147,,30]
02-09 17:23:35.625 I/notification_cancel(27162): [com.android.mms,531,0]
02-09 17:23:35.635 I/notification_cancel(27162): [com.android.mms,123,0]
02-09 17:23:35.975 I/dvm_gc_info(27229): [7809651225003497123,-8916697866759522249,-3994546598724143059,8550437]
02-09 17:23:37.457 I/dvm_gc_madvise_info(27733): [815104,126976]
02-09 17:23:37.747 I/notification_cancel(27162): [com.android.phone,111,0]
02-09 17:23:39.168 I/configuration_changed(27162): 128
02-09 17:23:39.729 I/dvm_gc_info(27229): [7809651225003271748,-8981718586379720650,-3994546598724143059,8550439]
02-09 17:23:40.039 I/dvm_gc_info(27229): [7809651225003406690,-9050961430650542027,-3994546598724143059,8267670]
02-09 17:23:40.129 I/dvm_gc_madvise_info(27265): [331776,126976]
02-09 17:23:40.309 I/content_update_sample(27265): [content://com.google.android.providers.talk/s2dids,insert,,179,,36]
02-09 17:23:40.309 I/c2dm    (27265): [3,0:1328829814896788%2a9664f18d09f249,179,-1]
02-09 17:23:40.369 I/am_create_service(27162): [1089835696,com.facebook.katana/.c2dm.PushReceiver,act=com.google.android.c2dm.intent.RECEIVE cat=[com.facebook.katana],27700]
02-09 17:23:40.420 I/notification_enqueue(27162): [com.facebook.katana,1000,Notification(vibrate=null,sound=null,defaults=0x0,flags=0x10)]
02-09 17:23:40.440 I/am_destroy_service(27162): [1089835696,com.facebook.katana/.c2dm.PushReceiver,27700]
02-09 17:23:40.550 I/dvm_gc_info(27220): [8320808730291668655,-8920357178929297352,-3997924298444670931,8181704]
02-09 17:23:40.630 I/dvm_gc_madvise_info(27162): [339968,126976]
02-09 17:23:42.301 I/dvm_gc_info(27162): [8320808730292241975,-9007885792489314126,-3930651779010824147,9033854]
02-09 17:23:42.922 I/notification_cancel(27162): [com.android.phone,111,0]
02-09 17:23:45.074 I/dvm_gc_madvise_info(27229): [524288,126976]
02-09 17:23:45.595 I/dvm_gc_madvise_info(27220): [196608,126976]
02-09 17:23:47.336 I/dvm_gc_madvise_info(27162): [438272,126976]
02-09 17:23:47.597 I/binder_sample(27229): [android.view.IWindowSession,4,24,com.android.inputmethod.latin,4]
02-09 17:23:49.779 I/dvm_gc_info(27733): [7218827569569842823,-8923170691477379014,-4000176098258356179,8103745]
02-09 17:23:54.834 I/dvm_gc_madvise_info(27733): [856064,126976]
02-09 17:23:57.806 I/binder_sample(27229): [com.android.internal.view.IInputContext,6,8,com.android.inputmethod.latin,1]
02-09 17:24:03.832 I/binder_sample(27733): [com.android.internal.view.IInputContextCallback,3,6,com.android.mms,1]
02-09 17:24:09.098 I/dvm_gc_info(27733): [7218827569569793710,-8919792991756879815,-4000739048211777491,8103741]
02-09 17:24:11.570 I/binder_sample(27229): [android.view.IWindowSession,4,22,com.android.inputmethod.latin,4]
02-09 17:24:12.110 I/binder_sample(27229): [android.view.IWindowSession,3,6,com.android.inputmethod.latin,1]
02-09 17:24:12.361 I/binder_sample(27229): [android.view.IWindowSession,8,7,com.android.inputmethod.latin,1]
02-09 17:24:12.771 I/binder_sample(27229): [android.view.IWindowSession,4,21,com.android.inputmethod.latin,4]
02-09 17:24:14.122 I/dvm_gc_madvise_info(27733): [892928,126976]
02-09 17:24:14.793 I/force_gc( 2881): bg
02-09 17:24:14.923 I/dvm_gc_info( 2881): [7881704463072274008,-8924016147400931265,-4001583473141909459,7358131]
02-09 17:24:18.687 I/binder_sample(27229): [android.view.IWindowSession,8,10,com.android.inputmethod.latin,2]
02-09 17:24:20.028 I/dvm_gc_madvise_info( 2881): [200704,126976]
02-09 17:24:20.158 I/dvm_gc_info(27733): [7218827569569834638,-8921763316593854407,-4001020523188488147,8103741]
02-09 17:24:20.399 I/binder_sample(27234): [com.android.internal.telephony.ITelephonyRegistry,8,47,com.android.phone,9]
02-09 17:24:25.213 I/dvm_gc_madvise_info(27733): [909312,126976]
02-09 17:24:27.115 I/binder_sample(27234): [com.android.internal.telephony.ITelephonyRegistry,8,46,com.android.phone,9]
02-09 17:24:29.367 I/binder_sample(27234): [com.android.internal.telephony.ITelephonyRegistry,8,60,com.android.phone,12]
02-09 17:24:30.468 I/battery_level(27162): [100,4180,280]
02-09 17:24:34.652 I/am_create_service(27162): [1087293672,com.android.mms/.transaction.SmsReceiverService,act=com.android.mms.transaction.SEND_MESSAGE,27733]
02-09 17:24:34.662 I/binder_sample(27229): [com.android.internal.view.IInputMethodManager,2,27,com.android.inputmethod.latin,5]
02-09 17:24:34.692 I/content_query_sample(27733): [content://sms/conversations/1,_id/thread_id/address/body/date/read/type/status, (locked=0 AND type!=3) ,date DESC,72,,15]
02-09 17:24:35.744 I/db_sample(27234): [/data/data/com.android.providers.telephony/databases/mmssms.db,  UPDATE threads SET message_count =      (SELECT COUNT(sms._id),927,,100]
02-09 17:24:35.744 I/db_sample(27234): [/data/data/com.android.providers.telephony/databases/mmssms.db,GETLOCK:SELECT _id, thread_id, address, body, status FROM sms WH,903,,100]
02-09 17:24:35.744 I/db_sample(27234): [/data/data/com.android.providers.telephony/databases/mmssms.db,SELECT _id, thread_id, address, body, status FROM sms WHERE (typ,904,,100]
02-09 17:24:35.774 I/content_query_sample(27733): [content://sms/queued,_id/thread_id/address/body/status,,date ASC,1089,,100]
02-09 17:24:35.874 I/content_update_sample(27733): [content://sms/conversations/1,delete,type=3,1068,,100]
02-09 17:24:35.924 I/content_query_sample(27733): [content://sms,reply_path_present/service_center,thread_id = 1,date DESC,144,,29]
02-09 17:24:36.014 I/content_query_sample(27733): [content://mms-sms/conversations/1,transport_type/_id/thread_id/address/body/date/read/type/status/locked/error_code/dest_port/service_date/expiry/sub/sub_cs/date/read/m_type/msg_box/d_rpt/rr/err_type/locked/m_size/recipient_cc_ids/recipient_bcc_ids/pri,,,64,,13]
02-09 17:24:36.164 I/am_destroy_service(27162): [1087293672,com.android.mms/.transaction.SmsReceiverService,27733]
02-09 17:24:38.426 I/am_create_service(27162): [1088437848,com.android.mms/.transaction.SmsReceiverService,act=com.android.mms.transaction.MESSAGE_SENT dat=content://sms/259,27733]
02-09 17:24:38.466 I/force_gc(27162): Binder
02-09 17:24:38.576 I/dvm_gc_info(27162): [8320808730292053808,-8911902825430976333,-3930370304034113491,9033854]
02-09 17:24:38.586 I/content_update_sample(27733): [content://sms/259,update,,143,,29]
02-09 17:24:38.766 I/db_sample(27234): [/data/data/com.android.providers.telephony/databases/mmssms.db,SELECT _id, thread_id, address, body, status FROM sms WHERE (typ,42,,9]
02-09 17:24:38.806 I/notification_cancel(27162): [com.android.mms,789,0]
02-09 17:24:38.806 I/am_destroy_service(27162): [1088437848,com.android.mms/.transaction.SmsReceiverService,27733]
02-09 17:24:42.790 I/binder_sample(27220): [com.android.internal.statusbar.IStatusBarService,4,10,com.android.systemui,2]
02-09 17:24:43.631 I/dvm_gc_madvise_info(27162): [454656,126976]
02-09 17:24:44.662 I/binder_sample(27265): [android.net.wifi.IWifiManager,8,43,com.google.process.gapps,8]
02-09 17:24:56.734 I/force_gc(27700): bg
02-09 17:24:56.824 I/dvm_gc_info(27700): [7737593596605728309,-9020841821033281469,-4000457573235066835,7358131]
02-09 17:25:01.879 I/dvm_gc_madvise_info(27700): [1306624,126976]
02-09 17:25:17.154 I/c2dm    (27265): [5,NULL,180,-1]
02-09 17:25:17.374 I/content_update_sample(27265): [content://com.android.contacts/status_updates,bulkinsert,,114,,23]
02-09 17:25:30.467 I/battery_level(27162): [100,4188,270]
02-09 17:25:33.510 I/binder_sample(27265): [android.net.wifi.IWifiManager,8,37,com.google.process.gapps,7]
02-09 17:25:47.463 I/binder_sample(27265): [android.net.wifi.IWifiManager,8,31,com.google.process.gapps,6]
02-09 17:26:08.404 I/binder_sample( 2881): [android.net.wifi.IWifiManager,8,40,com.google.android.apps.maps:NetworkLoc,8]
02-09 17:26:22.398 I/binder_sample(27265): [android.net.wifi.IWifiManager,8,57,com.google.process.gapps,11]
02-09 17:26:38.884 I/c2dm    (27265): [3,0:1328829993121957%e7a7135306862909,181,-1]
02-09 17:26:38.914 I/am_create_service(27162): [1089141872,com.google.android.gsf/.subscribedfeeds.SubscribedFeedsIntentService,act=com.google.android.c2dm.intent.RECEIVE cat=[com.google.android.gsf.subscribedfeeds],27265]
02-09 17:26:38.934 I/tickle  (27265): com.google.android.music.MusicContent
02-09 17:26:38.954 I/am_destroy_service(27162): [1089141872,com.google.android.gsf/.subscribedfeeds.SubscribedFeedsIntentService,27265]
02-09 17:26:38.974 I/sync    (27162): [com.google.android.music.MusicContent,0,0,-1565529355]
02-09 17:26:38.984 I/am_create_service(27162): [1089108312,com.google.android.music/.sync.SyncAdapterService,act=android.content.SyncAdapter,2169]
02-09 17:26:39.044 I/am_create_service(27162): [1089087176,com.google.android.music/.MusicPreferenceService$MusicPreferenceServiceBinder,act=com.google.android.music.PREFERENCE_SERVICE,2169]
02-09 17:26:39.064 I/am_destroy_service(27162): [1089087176,com.google.android.music/.MusicPreferenceService$MusicPreferenceServiceBinder,2169]
02-09 17:26:39.324 I/google_http_request( 2169): [239,200,Android-Music/512,1]
02-09 17:26:39.654 I/google_http_request( 2169): [297,200,Android-Music/512,1]
02-09 17:26:39.744 I/db_sample( 2169): [/data/data/com.google.android.music/databases/music.db,SELECT LISTITEMS.Id, LISTITEMS.ListId, LISTITEMS.MusicSourceAcco,0,,1]
02-09 17:26:39.905 I/dvm_gc_info( 2169): [7887337218879075956,-8956666832332097470,-4000739048211777491,7358131]
02-09 17:26:39.975 I/db_sample( 2169): [/data/data/com.google.android.music/databases/music.db,INSERT INTO RECENT(ItemDate, RecentAlbumId) VALUES(?, ?);,0,,1]
02-09 17:26:40.025 I/db_sample( 2169): [/data/data/com.google.android.music/databases/music.db,INSERT INTO RECENT(ItemDate, RecentAlbumId) VALUES(?, ?);,0,,1]
02-09 17:26:40.145 I/db_sample( 2169): [/data/data/com.google.android.music/databases/music.db,COMMIT;DELETE FROM RECENT WHERE RecentId IN (5879,5880),117,,24]
02-09 17:26:40.245 I/db_sample( 2169): [/data/data/com.google.android.music/databases/music.db,SELECT MUSIC.Id, SourceAccount, SourceId, _sync_version, Size, F,55,,12]
02-09 17:26:40.285 I/am_create_service(27162): [1087646760,com.google.android.music/.MusicPreferenceService$MusicPreferenceServiceBinder,act=com.google.android.music.PREFERENCE_SERVICE,2169]
02-09 17:26:40.305 I/am_destroy_service(27162): [1087646760,com.google.android.music/.MusicPreferenceService$MusicPreferenceServiceBinder,2169]
02-09 17:26:40.315 I/sync_details( 2169): [com.google.android.music,1325,2929,]
02-09 17:26:40.315 I/am_create_service(27162): [1087115880,com.google.android.music/.store.KeepOnUpdater$SyncListener,act=com.google.android.music.SYNC_COMPLETE,2169]
02-09 17:26:40.325 I/am_create_service(27162): [1088436352,com.google.android.music/.dl.artwork.ArtDownloadService,act=com.google.android.music.SYNC_COMPLETE,2169]
02-09 17:26:40.335 I/am_create_service(27162): [1085962496,com.google.android.music/.dl.NetworkMonitor,act=com.google.android.music.NETWORK_MONITOR_SERVICE,2169]
02-09 17:26:40.355 I/am_create_service(27162): [1088122632,com.google.android.music/.MusicPreferenceService$MusicPreferenceServiceBinder,act=com.google.android.music.PREFERENCE_SERVICE,2169]
02-09 17:26:40.365 I/sync    (27162): [com.google.android.music.MusicContent,1,0,-1565529355]
02-09 17:26:40.385 I/am_destroy_service(27162): [1089108312,com.google.android.music/.sync.SyncAdapterService,2169]
02-09 17:26:40.385 I/notification_cancel(27162): [android,-7211098,0]
02-09 17:26:40.395 I/content_query_sample( 2169): [content://com.google.android.music.MusicContent/playlists,count(*),,,581,,100]
02-09 17:26:40.425 I/am_create_service(27162): [1086574320,com.google.android.music/.dl.DownloadManager$DownloadManagerService,act=com.google.android.music.NEW_SHOULDKEEPON,2169]
02-09 17:26:40.425 I/am_destroy_service(27162): [1087115880,com.google.android.music/.store.KeepOnUpdater$SyncListener,2169]
02-09 17:26:40.435 I/am_create_service(27162): [1088649536,com.google.android.music/.store.StoreService$StoreServiceBinder,act=com.google.android.music.STORE_SERVICE,2169]
02-09 17:26:40.485 I/dvm_gc_info( 2169): [7887337218879100571,-8925704584893941695,-4001020523188488147,7358131]
02-09 17:26:40.495 I/am_create_service(27162): [1088366904,com.google.android.music/.MusicPlaybackService,,2169]
02-09 17:26:40.695 I/dvm_gc_info( 2169): [7887337218879104608,-8994665954120882107,-3999613148304934867,7358132]
02-09 17:26:41.006 I/am_create_service(27162): [1089028944,com.google.android.music/.store.RecentItemsManager$Service,act=RecentItemsManagerService.recordCurrentlyPlayed,2169]
02-09 17:26:41.116 I/am_destroy_service(27162): [1089028944,com.google.android.music/.store.RecentItemsManager$Service,2169]
02-09 17:26:41.196 I/am_destroy_service(27162): [1088436352,com.google.android.music/.dl.artwork.ArtDownloadService,2169]
02-09 17:26:41.416 I/db_sample( 2169): [/data/data/com.google.android.music/databases/music.db,SELECT DISTINCT MUSIC.AlbumId FROM MUSIC WHERE AlbumArtLocation ,48,,10]
02-09 17:26:43.308 I/binder_sample(27265): [android.net.wifi.IWifiManager,8,37,com.google.process.gapps,7]
02-09 17:26:43.338 I/binder_sample( 2881): [android.net.wifi.IWifiManager,8,62,com.google.android.apps.maps:NetworkLoc,12]
02-09 17:26:45.740 I/dvm_gc_madvise_info( 2169): [225280,126976]
02-09 17:26:47.432 I/am_destroy_service(27162): [1088366904,com.google.android.music/.MusicPlaybackService,2169]
02-09 17:26:47.512 I/am_destroy_service(27162): [1086574320,com.google.android.music/.dl.DownloadManager$DownloadManagerService,2169]
02-09 17:26:47.512 I/am_destroy_service(27162): [1088649536,com.google.android.music/.store.StoreService$StoreServiceBinder,2169]
02-09 17:26:47.522 I/am_destroy_service(27162): [1085962496,com.google.android.music/.dl.NetworkMonitor,2169]
02-09 17:26:47.522 I/am_destroy_service(27162): [1088122632,com.google.android.music/.MusicPreferenceService$MusicPreferenceServiceBinder,2169]
02-09 17:26:48.273 I/force_gc( 2169): bg
02-09 17:26:48.343 I/dvm_gc_info( 2169): [7887337218879329901,-8959200107122505663,-4001020523188488147,7358131]
02-09 17:26:53.398 I/dvm_gc_madvise_info( 2169): [258048,126976]
02-09 17:27:23.007 I/notification_cancel(27162): [com.android.phone,111,0]
02-09 17:27:23.447 I/binder_sample(27220): [android.view.IWindowSession,4,9,com.android.systemui,1]
02-09 17:27:24.738 I/dvm_gc_info(27220): [8320808730291746406,-8936964202555291595,-3997924298444670931,8181701]
02-09 17:27:26.480 I/notification_cancel(27162): [com.android.mms,999,0]
02-09 17:27:26.500 I/force_gc(27234): Binder
02-09 17:27:26.560 I/dvm_gc_info(27234): [8099846449757677331,-8919793060492994496,-3991450373980325843,8583206]
02-09 17:27:26.600 I/notification_cancel(27162): [com.android.mms,789,0]
02-09 17:27:26.620 I/notification_cancel(27162): [com.android.mms,123,0]
02-09 17:27:26.630 I/notification_cancel(27162): [com.android.mms,531,0]
02-09 17:27:27.952 I/power_sleep_requested(27162): 1
02-09 17:27:28.092 I/notification_cancel(27162): [com.android.phone,111,0]
02-09 17:27:28.182 I/power_screen_state(27162): [0,2,0,0]
02-09 17:27:28.192 I/power_screen_broadcast_send(27162): 1
02-09 17:27:28.192 I/screen_toggled(27162): 0
02-09 17:27:28.212 I/am_pause_activity(27162): [1088407952,com.android.mms/.ui.ComposeMessageActivity]
02-09 17:27:28.222 I/am_on_paused_called(27733): com.android.mms.ui.ComposeMessageActivity
02-09 17:27:28.272 I/power_screen_broadcast_done(27162): [0,80,1]
02-09 17:27:28.432 I/am_create_service(27162): [1088691328,com.google.android.gsf/.loginservice.GoogleLoginService,act=android.accounts.AccountAuthenticator,27265]
02-09 17:27:28.492 I/configuration_changed(27162): 128
02-09 17:27:28.592 I/am_destroy_service(27162): [1088691328,com.google.android.gsf/.loginservice.GoogleLoginService,27265]
02-09 17:27:29.783 I/dvm_gc_madvise_info(27220): [303104,126976]
02-09 17:27:30.854 I/dvm_gc_info(27162): [8320808730292279140,-8904584476019722058,-3926429654360164307,9033865]
02-09 17:27:31.625 I/dvm_gc_madvise_info(27234): [585728,126976]
02-09 17:27:35.929 I/dvm_gc_madvise_info(27162): [466944,126976]
02-09 17:27:37.150 I/force_gc( 2881): bg
02-09 17:27:37.221 I/dvm_gc_info( 2881): [7881704463072032314,-8963141169163716545,-4001864948118620115,7358131]
02-09 17:27:39.172 I/notification_enqueue(27162): [android,17302171,Notification(vibrate=null,sound=default,defaults=0x1,flags=0x10)]
02-09 17:27:42.285 I/dvm_gc_madvise_info( 2881): [204800,126976]
02-09 17:27:46.109 I/notification_cancel(27162): [android,17302171,0]
02-09 17:28:14.087 I/binder_sample( 2881): [android.net.wifi.IWifiManager,8,68,com.google.android.apps.maps:NetworkLoc,13]
02-09 17:28:21.043 I/binder_sample( 2881): [android.net.wifi.IWifiManager,8,51,com.google.android.apps.maps:NetworkLoc,10]
02-09 17:28:48.941 I/binder_sample(27265): [android.net.wifi.IWifiManager,8,53,com.google.process.gapps,10]
02-09 17:29:02.924 I/binder_sample( 2881): [android.net.wifi.IWifiManager,8,75,com.google.android.apps.maps:NetworkLoc,15]
02-09 17:29:16.888 I/binder_sample( 2881): [android.net.wifi.IWifiManager,8,73,com.google.android.apps.maps:NetworkLoc,14]
02-09 17:29:23.865 I/binder_sample( 2881): [android.net.wifi.IWifiManager,8,65,com.google.android.apps.maps:NetworkLoc,13]
02-09 17:29:43.314 I/c2dm    (27265): [5,NULL,182,-1]
02-09 17:29:43.314 I/c2dm    (27265): [-4,NULL,101,181]
02-09 17:29:43.414 I/db_sample(27282): [/data/data/com.android.providers.contacts/databases/contacts2.db,COMMIT;UPDATE contacts SET status_update_id=(SELECT data._id FRO,30,,7]
02-09 17:29:43.414 I/am_kill (27162): [554,com.android.browser,14,too many background]
02-09 17:29:43.464 I/am_proc_died(27162): [554,com.android.browser]
02-09 17:29:49.750 I/force_gc(27649): bg
02-09 17:29:49.860 I/dvm_gc_info(27649): [7453298398306185860,-9205764419523286910,-3976532200214661075,7358144]
02-09 17:29:54.935 I/dvm_gc_madvise_info(27649): [1769472,126976]
02-09 17:30:24.093 I/db_sample(27265): [/data/data/com.google.android.gsf/databases/talk.db,BEGIN EXCLUSIVE;,1,,1]
02-09 17:30:24.233 I/content_update_sample(27265): [content://com.google.android.providers.talk/s2dids,insert,,134,,27]
02-09 17:30:24.284 I/c2dm    (27265): [3,0:1328830219279110%e7a7135306862909,183,101]
02-09 17:30:24.354 I/am_create_service(27162): [1087409792,com.google.android.gsf/.subscribedfeeds.SubscribedFeedsIntentService,act=com.google.android.c2dm.intent.RECEIVE cat=[com.google.android.gsf.subscribedfeeds],27265]
02-09 17:30:24.374 I/tickle  (27265): com.google.android.music.MusicContent
02-09 17:30:24.384 I/am_destroy_service(27162): [1087409792,com.google.android.gsf/.subscribedfeeds.SubscribedFeedsIntentService,27265]
02-09 17:30:24.394 I/sync    (27162): [com.google.android.music.MusicContent,0,0,-1565529355]
02-09 17:30:24.394 I/am_create_service(27162): [1088442952,com.google.android.music/.sync.SyncAdapterService,act=android.content.SyncAdapter,2169]
02-09 17:30:24.444 I/am_create_service(27162): [1083296816,com.google.android.music/.MusicPreferenceService$MusicPreferenceServiceBinder,act=com.google.android.music.PREFERENCE_SERVICE,2169]
02-09 17:30:24.464 I/am_destroy_service(27162): [1083296816,com.google.android.music/.MusicPreferenceService$MusicPreferenceServiceBinder,2169]
02-09 17:30:24.464 I/db_sample( 2169): [/data/data/com.google.android.music/databases/music.db,SELECT data FROM _sync_state WHERE account_name=? AND account_ty,0,,1]
02-09 17:30:24.724 I/google_http_request( 2169): [243,200,Android-Music/512,1]
02-09 17:30:24.984 I/google_http_request( 2169): [220,200,Android-Music/512,1]
02-09 17:30:25.064 I/db_sample( 2169): [/data/data/com.google.android.music/databases/music.db,SELECT LISTITEMS.Id, LISTITEMS.ListId, LISTITEMS.MusicSourceAcco,1,,1]
02-09 17:30:25.244 I/dvm_gc_info( 2169): [7887337218879071860,-8955540932425254846,-4000739048211777491,7358131]
02-09 17:30:25.315 I/db_sample( 2169): [/data/data/com.google.android.music/databases/music.db,INSERT INTO RECENT(ItemDate, RecentAlbumId) VALUES(?, ?);,0,,1]
02-09 17:30:25.365 I/db_sample( 2169): [/data/data/com.google.android.music/databases/music.db,INSERT INTO RECENT(ItemDate, RecentAlbumId) VALUES(?, ?);,0,,1]
02-09 17:30:25.495 I/db_sample( 2169): [/data/data/com.google.android.music/databases/music.db,SELECT count(*) AS _count FROM LISTS,301,,61]
02-09 17:30:25.665 I/am_create_service(27162): [1084011056,com.google.android.music/.MusicPreferenceService$MusicPreferenceServiceBinder,act=com.google.android.music.PREFERENCE_SERVICE,2169]
02-09 17:30:25.685 I/am_destroy_service(27162): [1084011056,com.google.android.music/.MusicPreferenceService$MusicPreferenceServiceBinder,2169]
02-09 17:30:25.705 I/am_create_service(27162): [1088198488,com.google.android.music/.store.KeepOnUpdater$SyncListener,act=com.google.android.music.SYNC_COMPLETE,2169]
02-09 17:30:25.705 I/am_create_service(27162): [1084530424,com.google.android.music/.dl.artwork.ArtDownloadService,act=com.google.android.music.SYNC_COMPLETE,2169]
02-09 17:30:25.715 I/sync_details( 2169): [com.google.android.music,1325,2955,]
02-09 17:30:25.715 I/am_create_service(27162): [1089472384,com.google.android.music/.dl.NetworkMonitor,act=com.google.android.music.NETWORK_MONITOR_SERVICE,2169]
02-09 17:30:25.735 I/am_destroy_service(27162): [1088198488,com.google.android.music/.store.KeepOnUpdater$SyncListener,2169]
02-09 17:30:25.745 I/sync    (27162): [com.google.android.music.MusicContent,1,0,-1565529355]
02-09 17:30:25.745 I/am_destroy_service(27162): [1088442952,com.google.android.music/.sync.SyncAdapterService,2169]
02-09 17:30:25.745 I/notification_cancel(27162): [android,-7211098,0]
02-09 17:30:25.755 I/am_create_service(27162): [1088053624,com.google.android.music/.MusicPreferenceService$MusicPreferenceServiceBinder,act=com.google.android.music.PREFERENCE_SERVICE,2169]
02-09 17:30:25.765 I/am_create_service(27162): [1087997736,com.google.android.music/.dl.DownloadManager$DownloadManagerService,act=com.google.android.music.NEW_SHOULDKEEPON,2169]
02-09 17:30:25.775 I/am_create_service(27162): [1087922792,com.google.android.music/.store.StoreService$StoreServiceBinder,act=com.google.android.music.STORE_SERVICE,2169]
02-09 17:30:25.795 I/am_create_service(27162): [1088847144,com.google.android.music/.MusicPlaybackService,,2169]
02-09 17:30:25.895 I/dvm_gc_info( 2169): [7887337218879059625,-8924578684987086782,-4000739048211777491,7358132]
02-09 17:30:26.085 I/dvm_gc_info( 2169): [7887337218879100528,-8984251379982587835,-3999613148304934867,7358132]
02-09 17:30:26.356 I/am_create_service(27162): [1087743152,com.google.android.music/.store.RecentItemsManager$Service,act=RecentItemsManagerService.recordCurrentlyPlayed,2169]
02-09 17:30:26.416 I/am_destroy_service(27162): [1087743152,com.google.android.music/.store.RecentItemsManager$Service,2169]
02-09 17:30:26.546 I/am_destroy_service(27162): [1084530424,com.google.android.music/.dl.artwork.ArtDownloadService,2169]
02-09 17:30:26.636 I/db_sample( 2169): [/data/data/com.google.android.music/databases/music.db,SELECT DISTINCT MUSIC.AlbumId FROM MUSIC WHERE AlbumArtLocation ,66,,14]
02-09 17:30:26.776 I/db_sample( 2169): [/data/data/com.google.android.music/databases/music.db,SELECT DISTINCT MUSIC.AlbumId FROM MUSIC WHERE AlbumArtLocation ,45,,10]
02-09 17:30:31.130 I/dvm_gc_madvise_info( 2169): [143360,126976]
02-09 17:30:31.601 I/force_gc( 2169): bg
02-09 17:30:31.681 I/dvm_gc_info( 2169): [7887337218879346259,-8990162354560669631,-4001020523188488147,7358131]
02-09 17:30:32.782 I/am_destroy_service(27162): [1088847144,com.google.android.music/.MusicPlaybackService,2169]
02-09 17:30:32.792 I/binder_sample( 2169): [android.app.IActivityManager,48,10,com.google.android.music:main,2]
02-09 17:30:32.832 I/am_destroy_service(27162): [1087997736,com.google.android.music/.dl.DownloadManager$DownloadManagerService,2169]
02-09 17:30:32.842 I/am_destroy_service(27162): [1087922792,com.google.android.music/.store.StoreService$StoreServiceBinder,2169]
02-09 17:30:32.842 I/am_destroy_service(27162): [1089472384,com.google.android.music/.dl.NetworkMonitor,2169]
02-09 17:30:32.852 I/am_destroy_service(27162): [1088053624,com.google.android.music/.MusicPreferenceService$MusicPreferenceServiceBinder,2169]
02-09 17:30:34.794 I/c2dm    (27265): [3,0:1328830234086273%62cfc3ee62cfc3ee,184,-1]
02-09 17:30:34.984 I/content_query_sample(27649): [content://com.android.contacts/phone_lookup/%2B19136084351,_id/lookup/display_name/type/label,,,76,,16]
02-09 17:30:34.984 I/force_gc(27282): Binder
02-09 17:30:35.054 I/dvm_gc_info(27282): [7017575181485123263,-8919792991706355643,-3991168899003615187,8562721]
02-09 17:30:35.464 I/dvm_gc_info(27649): [7453298398305781635,-8899801119838803831,-3974280400400975827,7358144]
02-09 17:30:35.625 I/db_sample(27649): [/data/data/com.google.android.apps.googlevoice/databases/model.db,DELETE FROM conversations,4,,1]
02-09 17:30:35.845 I/dvm_gc_info(27649): [7453298398305781800,-8884601471096436607,-3976532200214661075,7358144]
02-09 17:30:36.275 I/dvm_gc_info(27649): [7453298398305781626,-8898956694908667766,-3974280400400975827,7358144]
02-09 17:30:36.736 I/db_sample(27649): [/data/data/com.google.android.apps.googlevoice/databases/model.db,INSERT INTO conversation_labels(label, conversation_id) VALUES(?,0,,1]
02-09 17:30:36.756 I/db_sample(27649): [/data/data/com.google.android.apps.googlevoice/databases/model.db,INSERT INTO conversation_labels(label, conversation_id) VALUES(?,0,,1]
02-09 17:30:36.836 I/dvm_gc_info(27649): [7453298398306006878,-8909089794070239086,-3972028600587290579,7358144]
02-09 17:30:36.876 I/db_sample(27649): [/data/data/com.google.android.apps.googlevoice/databases/model.db,INSERT INTO conversation_labels(label, conversation_id) VALUES(?,0,,1]
02-09 17:30:36.986 I/dvm_gc_madvise_info( 2169): [212992,126976]
02-09 17:30:37.146 I/dvm_gc_info(27649): [7453298398305994671,-8903460294536038262,-3974280400400975827,7358144]
02-09 17:30:37.757 I/db_sample(27649): [/data/data/com.google.android.apps.googlevoice/databases/model.actions.db,COMMIT;DELETE FROM actions,692,,100]
02-09 17:30:38.107 I/dvm_gc_info(27649): [7453298398305986594,-8904586194442884988,-3975687775284529107,7358144]
02-09 17:30:38.347 I/dvm_gc_info(27649): [7453298398305965812,-8917534043371575161,-3974843350354397139,7358144]
02-09 17:30:38.678 I/dvm_gc_info(27649): [7453298398305974233,-8910215693977098108,-3975687775284529107,7358144]
02-09 17:30:39.078 I/dvm_gc_info(27649): [7453298398305781793,-8906556519279859581,-3976250725237950419,7358144]
02-09 17:30:39.518 I/dvm_gc_info(27649): [7453298398305986465,-8898393744955250554,-3975124825331107795,7358144]
02-09 17:30:39.949 I/dvm_gc_info(27649): [7453298398305777697,-8904304719466174331,-3975687775284529107,7358144]
02-09 17:30:40.089 I/dvm_gc_madvise_info(27282): [475136,126976]
02-09 17:30:40.149 I/binder_sample(27649): [android.net.IConnectivityManager,12,11,com.google.android.apps.googlevoice,2]
02-09 17:30:40.169 I/am_create_service(27162): [1088186480,com.android.mms/.transaction.SmsReceiverService,act=android.provider.Telephony.SMS_RECEIVED,27733]
02-09 17:30:40.459 I/content_query_sample(27733): [content://com.android.contacts/contacts/176/photo,data15,,,103,,21]
02-09 17:30:40.469 I/dvm_gc_info(27649): [7453298398305794045,-8903741769512753019,-3975687775284529107,7358144]
02-09 17:30:40.880 I/dvm_gc_info(27649): [7453298398306006923,-8905430619373016952,-3974843350354397139,7358144]
02-09 17:30:41.080 I/content_query_sample(27234): [content://contacts/phones/filter/9136084351,person,,,229,,46]
02-09 17:30:41.230 I/content_update_sample(27733): [content://sms/inbox,insert,,431,,87]
02-09 17:30:41.320 I/dvm_gc_info(27649): [7453298398306248661,-8910215693977098108,-3975687775284529107,7358144]
02-09 17:30:41.490 I/dvm_gc_info(27733): [7218827569569842819,-8922607741523965895,-4000739048211777491,8103742]
02-09 17:30:41.781 I/notification_cancel(27162): [com.android.mms,999,0]
02-09 17:30:41.831 I/notification_cancel(27162): [com.android.mms,123,0]
02-09 17:30:41.831 I/notification_enqueue(27162): [com.android.mms,123,Notification(vibrate=default,sound=content://settings/system/notification_sound,defaults=0x6,flags=0x1)]
02-09 17:30:41.881 I/binder_sample(27220): [android.view.IWindowSession,4,7,com.android.systemui,1]
02-09 17:30:41.891 I/am_destroy_service(27162): [1088186480,com.android.mms/.transaction.SmsReceiverService,27733]
02-09 17:30:45.925 I/force_gc(27841): bg
02-09 17:30:46.005 I/dvm_gc_info(27841): [8517260637557285972,-9096560720592537546,-4004961172862437331,7358131]
02-09 17:30:46.395 I/dvm_gc_madvise_info(27649): [675840,126976]
02-09 17:30:46.555 I/dvm_gc_madvise_info(27733): [921600,126976]
02-09 17:30:51.040 I/dvm_gc_madvise_info(27841): [434176,126976]
02-09 17:30:54.593 I/binder_sample( 2881): [android.net.wifi.IWifiManager,8,72,com.google.android.apps.maps:NetworkLoc,14]
02-09 17:31:38.976 I/am_proc_start(27162): [3808,10026,com.irdeto.providers.drm,service,com.irdeto.providers.drm/.OmaDrmService]
02-09 17:31:39.016 I/dvm_gc_madvise_info( 3808): [364544,126976]
02-09 17:31:39.036 I/am_proc_bound(27162): [3808,com.irdeto.providers.drm]
02-09 17:31:39.046 I/am_create_service(27162): [1083708808,com.irdeto.providers.drm/.OmaDrmService,act=android.intent.action.TIMEZONE_CHANGED,3808]
02-09 17:31:43.441 I/binder_sample( 2881): [android.net.wifi.IWifiManager,8,54,com.google.android.apps.maps:NetworkLoc,10]
02-09 17:31:43.501 I/dvm_gc_info(27265): [7449358886915606214,-8915007710943766455,-3996798398537828307,7358174]
02-09 17:31:48.566 I/dvm_gc_madvise_info(27265): [294912,126976]
02-09 17:31:50.448 I/binder_sample( 2881): [android.net.wifi.IWifiManager,8,60,com.google.android.apps.maps:NetworkLoc,12]
02-09 17:31:57.424 I/binder_sample( 2881): [android.net.wifi.IWifiManager,8,73,com.google.android.apps.maps:NetworkLoc,14]
02-09 17:32:18.365 I/binder_sample( 2881): [android.net.wifi.IWifiManager,8,77,com.google.android.apps.maps:NetworkLoc,15]
02-09 17:32:32.048 I/am_create_service(27162): [1089856528,com.google.android.apps.maps/com.google.googlenav.prefetch.android.PrefetcherService,,379]
02-09 17:32:37.233 I/force_gc(  379): bg
02-09 17:32:37.303 I/dvm_gc_info(  379): [3345437233800066599,-9018591945767692226,-4002146423095330771,7358131]
02-09 17:32:42.378 I/dvm_gc_madvise_info(  379): [303104,126976]
02-09 17:32:53.229 I/binder_sample(27265): [android.net.wifi.IWifiManager,8,45,com.google.process.gapps,9]
02-09 17:32:53.259 I/binder_sample( 2881): [android.net.wifi.IWifiManager,8,54,com.google.android.apps.maps:NetworkLoc,10]
02-09 17:33:00.356 I/dvm_gc_info(27162): [8320808730291726298,-8894732851818071880,-3926148179383453651,9033864]
02-09 17:33:02.338 I/am_destroy_service(27162): [1089856528,com.google.android.apps.maps/com.google.googlenav.prefetch.android.PrefetcherService,379]
02-09 17:33:05.451 I/dvm_gc_madvise_info(27162): [212992,126976]
02-09 17:33:14.179 I/binder_sample(27265): [android.net.wifi.IWifiManager,8,63,com.google.process.gapps,12]
02-09 17:33:20.365 I/power_screen_state(27162): [1,3,0,0]
02-09 17:33:20.365 I/power_screen_broadcast_send(27162): 1
02-09 17:33:20.365 I/screen_toggled(27162): 1
02-09 17:33:20.365 I/am_resume_activity(27162): [1088407952,4,com.android.mms/.ui.ComposeMessageActivity]
02-09 17:33:20.375 I/am_on_resume_called(27733): com.android.mms.ui.ComposeMessageActivity
02-09 17:33:20.465 I/power_screen_broadcast_done(27162): [1,97,1]
02-09 17:33:20.505 I/notification_cancel(27162): [com.android.phone,111,0]
02-09 17:33:22.157 I/screen_toggled(27162): 2
02-09 17:33:22.177 I/c2dm    (27265): [-4,NULL,102,184]
02-09 17:33:22.187 I/configuration_changed(27162): 128
02-09 17:33:22.297 I/dvm_gc_info(27229): [7809651225003177622,-8917542291689670602,-3994546598724143059,8542245]
02-09 17:33:22.577 I/notification_cancel(27162): [com.android.mms,999,0]
02-09 17:33:22.587 I/notification_cancel(27162): [com.android.mms,789,0]
02-09 17:33:22.618 I/notification_cancel(27162): [com.android.mms,531,0]
02-09 17:33:22.628 I/notification_cancel(27162): [com.android.mms,999,0]
02-09 17:33:22.648 I/notification_cancel(27162): [com.android.mms,123,0]
02-09 17:33:22.668 I/notification_enqueue(27162): [com.android.mms,123,Notification(vibrate=null,sound=null,defaults=0x4,flags=0x1)]
02-09 17:33:23.148 I/db_sample(27265): [/data/data/com.google.android.gsf/databases/talk.db,COMMIT;DELETE FROM s2dRmqIds WHERE rmq_id=? OR rmq_id=?,67,,14]
02-09 17:33:23.148 I/c2dm    (27265): [5,NULL,185,102]
02-09 17:33:24.700 I/dvm_gc_info(27162): [8320808730292315774,-8925132149336381261,-3927837029243717587,9033863]
02-09 17:33:27.322 I/dvm_gc_madvise_info(27229): [462848,126976]
02-09 17:33:29.474 I/am_new_intent(27162): [1083367360,4,com.android.mms/.ui.ComposeMessageActivity,NULL,NULL,content://mms-sms/conversations/3,872415232]
02-09 17:33:29.484 I/notification_cancel(27162): [com.android.mms,123,16]
02-09 17:33:29.744 I/dvm_gc_madvise_info(27162): [348160,126976]
02-09 17:33:29.995 I/dvm_gc_info(27162): [8320808730292028964,-9043914589508278093,-3928399979197138899,9033861]
02-09 17:33:30.095 I/dvm_gc_info(27162): [8320808730292016161,-9178459559639717708,-3928399979197138899,9033861]
02-09 17:33:30.195 I/dvm_gc_info(27162): [8320808730291991850,-9196192483172489036,-3928399979197138899,9033861]
02-09 17:33:30.295 I/dvm_gc_info(27162): [8320808730291990528,-9223213943464204107,-3928118504220428243,9033861]
02-09 17:33:31.266 I/c2dm    (27265): [5,NULL,186,-1]
02-09 17:33:31.296 I/c2dm    (27265): [5,NULL,187,-1]
02-09 17:33:31.346 I/c2dm    (27265): [-4,NULL,103,187]
02-09 17:33:31.536 I/c2dm    (27265): [4,NULL,188,103]
02-09 17:33:32.547 I/binder_sample(27234): [com.android.internal.telephony.ITelephonyRegistry,13,10,com.android.phone,2]
02-09 17:33:34.950 I/db_sample(27234): [/data/data/com.android.providers.telephony/databases/mmssms.db,UPDATE sms SET seen=? WHERE seen=0,22,,5]
02-09 17:33:35.020 I/force_gc(27234): Binder
02-09 17:33:35.120 I/dvm_gc_info(27234): [8099846449757816494,-8924578135097075648,-3991450373980325843,8583206]
02-09 17:33:35.140 I/notification_cancel(27162): [com.android.mms,789,0]
02-09 17:33:35.180 I/notification_cancel(27162): [com.android.mms,123,0]
02-09 17:33:35.180 I/notification_cancel(27162): [com.android.mms,531,0]
02-09 17:33:35.180 I/notification_cancel(27162): [com.android.mms,999,0]
02-09 17:33:35.190 I/content_query_sample(27733): [content://sms,thread_id/date/address/subject/body/dest_port,(type = 2 AND status = 0),date,8,,2]
02-09 17:33:35.270 I/db_sample(27234): [/data/data/com.android.providers.telephony/databases/mmssms.db,SELECT _id, read FROM (SELECT DISTINCT date * 1 AS normalized_da,38,,8]
02-09 17:33:35.340 I/dvm_gc_info(27733): [7218827569569875608,-8925422491291084743,-4000739048211777491,8103742]
02-09 17:33:35.350 I/dvm_gc_madvise_info(27162): [368640,126976]
02-09 17:33:35.380 I/content_query_sample(27733): [content://sms,seen,address LIKE '%Alert%' AND read=0,date DESC,10,,3]
02-09 17:33:35.380 I/notification_cancel(27162): [com.android.mms,999,0]
02-09 17:33:35.400 I/notification_cancel(27162): [com.android.mms,789,0]
02-09 17:33:35.420 I/notification_cancel(27162): [com.android.mms,531,0]
02-09 17:33:35.440 I/notification_cancel(27162): [com.android.mms,123,0]
02-09 17:33:35.440 I/content_query_sample(27733): [content://mms-sms/conversations/3,transport_type/_id/thread_id/address/body/date/read/type/status/locked/error_code/dest_port/service_date/expiry/sub/sub_cs/date/read/m_type/msg_box/d_rpt/rr/err_type/locked/m_size/recipient_cc_ids/recipient_bcc_ids/pri,,,81,,17]
02-09 17:33:36.271 I/configuration_changed(27162): 128
02-09 17:33:37.532 I/am_pause_activity(27162): [1088407952,com.android.mms/.ui.ComposeMessageActivity]
02-09 17:33:37.532 I/am_task_to_front(27162): 2
02-09 17:33:37.532 I/am_new_intent(27162): [1083848480,2,com.android.launcher/com.android.launcher2.Launcher,android.intent.action.MAIN,NULL,NULL,274726912]
02-09 17:33:37.542 I/am_on_paused_called(27733): com.android.mms.ui.ComposeMessageActivity
02-09 17:33:37.572 I/am_resume_activity(27162): [1080397968,2,com.android.launcher/com.android.launcher2.Launcher]
02-09 17:33:37.612 I/notification_cancel(27162): [com.android.mms,999,0]
02-09 17:33:37.622 I/am_on_resume_called(27250): com.android.launcher2.Launcher
02-09 17:33:37.682 I/notification_cancel(27162): [com.android.mms,789,0]
02-09 17:33:37.742 I/notification_cancel(27162): [com.android.mms,531,0]
02-09 17:33:37.762 I/notification_cancel(27162): [com.android.mms,123,0]
02-09 17:33:38.693 I/binder_sample(27234): [android.os.INetStatService,1,126,com.android.phone,25]
02-09 17:33:38.693 I/dvm_gc_info(27162): [8320808730292455007,-9010137386094237517,-3928681454173849555,9033861]
02-09 17:33:40.175 I/dvm_gc_madvise_info(27234): [577536,126976]
02-09 17:33:40.405 I/dvm_gc_madvise_info(27733): [933888,126976]
02-09 17:33:43.788 I/dvm_gc_madvise_info(27162): [573440,126976]
02-09 17:33:49.424 I/binder_sample(27234): [com.android.internal.telephony.ITelephonyRegistry,8,41,com.android.phone,8]
02-09 17:34:07.902 I/force_gc(27282): bg
02-09 17:34:07.982 I/dvm_gc_info(27282): [7017575181485160012,-8982561911546410941,-3991731848957036499,8562721]
02-09 17:34:13.027 I/dvm_gc_madvise_info(27282): [491520,126976]
02-09 17:34:14.919 I/force_gc(27733): bg
02-09 17:34:14.999 I/dvm_gc_info(27733): [7218827569570047521,-9028442332767201224,-4001020523188488147,8103742]
02-09 17:34:20.054 I/dvm_gc_madvise_info(27733): [950272,126976]
02-09 17:34:30.264 I/force_gc( 2881): bg
