02-09 18:09:08.157 I/dvm_gc_info(27229): [7809651225003161127,-9027036057630119881,-3994546598724143059,8542244]
02-09 18:09:09.128 I/dvm_gc_madvise_info(27234): [614400,126976]
02-09 18:09:10.589 I/dvm_gc_madvise_info(27733): [978944,126976]
02-09 18:09:10.649 I/binder_sample(27229): [android.view.IWindowSession,8,13,com.android.inputmethod.latin,2]
02-09 18:09:11.099 I/dvm_gc_madvise_info( 4576): [380928,126976]
02-09 18:09:12.571 I/binder_sample(27229): [android.view.IWindowSession,8,19,com.android.inputmethod.latin,3]
02-09 18:09:12.801 I/dvm_gc_info( 4576): [7881704463072171564,-9032665557197879235,-4002709373048752083,7358131]
02-09 18:09:13.111 I/dvm_gc_madvise_info(27162): [385024,126976]
02-09 18:09:13.161 I/dvm_gc_madvise_info(27229): [520192,126976]
02-09 18:09:14.663 I/dvm_gc_info(27733): [7218827569569789600,-8921763316593825733,-3998205773421381587,8103820]
02-09 18:09:16.785 I/binder_sample(27229): [android.view.IWindowSession,3,6,com.android.inputmethod.latin,1]
02-09 18:09:17.826 I/dvm_gc_madvise_info( 4576): [282624,126976]
02-09 18:09:19.017 I/binder_sample(27229): [android.view.IWindowSession,4,25,com.android.inputmethod.latin,5]
02-09 18:09:19.688 I/dvm_gc_madvise_info(27733): [987136,126976]
02-09 18:09:22.691 I/am_create_service(27162): [1089911896,com.android.mms/.transaction.SmsReceiverService,act=com.android.mms.transaction.SEND_MESSAGE,27733]
02-09 18:09:22.771 I/content_update_sample(27733): [content://sms/conversations/3,delete,type=3,113,,23]
02-09 18:09:22.771 I/content_query_sample(27733): [content://mms-sms/conversations/3,transport_type/_id/thread_id/address/body/date/read/type/status/locked/error_code/dest_port/service_date/expiry/sub/sub_cs/date/read/m_type/msg_box/d_rpt/rr/err_type/locked/m_size/recipient_cc_ids/recipient_bcc_ids/pri,,,84,,17]
02-09 18:09:22.961 I/binder_sample(27733): [,1,6,com.android.mms,1]
02-09 18:09:23.031 I/am_destroy_service(27162): [1089911896,com.android.mms/.transaction.SmsReceiverService,27733]
02-09 18:09:23.972 I/configuration_changed(27162): 128
02-09 18:09:25.223 I/power_sleep_requested(27162): 0
02-09 18:09:25.453 I/power_screen_state(27162): [0,2,0,0]
02-09 18:09:25.463 I/power_screen_broadcast_send(27162): 1
02-09 18:09:25.463 I/screen_toggled(27162): 0
02-09 18:09:25.504 I/am_pause_activity(27162): [1089871736,com.android.mms/.ui.ComposeMessageActivity]
02-09 18:09:25.554 I/am_on_paused_called(27733): com.android.mms.ui.ComposeMessageActivity
02-09 18:09:25.604 I/am_create_service(27162): [1082259744,com.android.mms/.transaction.SmsReceiverService,act=com.android.mms.transaction.MESSAGE_SENT dat=content://sms/266,27733]
02-09 18:09:25.654 I/power_screen_broadcast_done(27162): [0,187,1]
02-09 18:09:25.774 I/am_create_service(27162): [1083656848,com.google.android.gsf/.loginservice.GoogleLoginService,act=android.accounts.AccountAuthenticator,27265]
02-09 18:09:25.864 I/am_destroy_service(27162): [1083656848,com.google.android.gsf/.loginservice.GoogleLoginService,27265]
02-09 18:09:25.894 I/db_sample(27234): [/data/data/com.android.providers.telephony/databases/mmssms.db,UPDATE sms SET type=?, read=?, error_code=? WHERE _id=266,152,,31]
02-09 18:09:25.944 I/content_update_sample(27733): [content://sms/266,update,,229,,46]
02-09 18:09:26.004 I/notification_cancel(27162): [com.android.mms,789,0]
02-09 18:09:26.004 I/am_destroy_service(27162): [1082259744,com.android.mms/.transaction.SmsReceiverService,27733]
02-09 18:09:26.632 I/dvm_gc_info(27162): [8320808730292090594,-8916969168803006281,-3922770479662925779,9033878]
02-09 18:09:29.723 I/battery_level(27162): [99,4141,270]
02-09 18:09:33.352 I/dvm_gc_madvise_info(27162): [446464,126976]
02-09 18:09:41.532 I/force_gc( 2116): bg
02-09 18:09:41.602 I/dvm_gc_info( 2116): [8315180330336404806,-9048427468531066817,-3994265123747432403,8550389]
02-09 18:09:50.242 I/force_gc(32412): bg
02-09 18:09:50.312 I/dvm_gc_info(32412): [7881704463071999009,-9165522433517574090,-4004679697885726675,7358131]
02-09 18:09:50.332 I/dvm_gc_madvise_info( 2116): [876544,126976]
02-09 18:11:24.522 I/battery_level(27162): [97,4127,260]
02-09 18:11:25.683 I/wifi_supplicant_state_changed(27162): 8
02-09 18:11:26.343 I/dvm_gc_madvise_info(32412): [327680,126976]
02-09 18:11:26.764 I/wifi_driver_state_changed(27162): 1
02-09 18:11:27.604 I/wifi_supplicant_state_changed(27162): 8
02-09 18:11:31.748 I/force_gc(32421): bg
02-09 18:11:31.848 I/dvm_gc_info(32421): [7881704463072106043,-9045051006029674441,-4004398222909016019,7358131]
02-09 18:13:01.073 I/wifi_driver_state_changed(27162): 0
02-09 18:13:01.103 I/wifi_supplicant_state_changed(27162): 2
02-09 18:13:02.084 I/wifi_supplicant_state_changed(27162): 8
02-09 18:13:02.404 I/dvm_gc_madvise_info(32421): [327680,126976]
02-09 18:13:03.125 I/notification_enqueue(27162): [android,17302171,Notification(vibrate=null,sound=default,defaults=0x1,flags=0x10)]
02-09 18:13:04.616 I/notification_cancel(27162): [android,17302171,0]
02-09 18:13:04.626 I/wifi_driver_state_changed(27162): 1
02-09 18:13:09.631 I/force_gc( 3808): bg
02-09 18:13:09.661 I/dvm_gc_info( 3808): [8299681605908268065,-9179315051108124626,-4006931497699411923,7358131]
02-09 18:13:33.322 I/dvm_gc_madvise_info( 3808): [573440,126976]
02-09 18:15:11.522 I/battery_level(27162): [97,4144,270]
02-09 18:15:37.522 I/battery_level(27162): [97,4149,260]
02-09 18:16:19.552 I/c2dm    (27265): [-4,NULL,110,209]
02-09 18:16:19.682 I/c2dm    (27265): [3,0:1328832976725420%62cfc3ee62cfc3ee,209,-1]
02-09 18:16:19.882 I/c2dm    (27265): [3,0:1328832977726001%62cfc3ee62cfc3ee,210,-1]
02-09 18:16:20.212 I/dvm_gc_info(27649): [7453298398305986456,-8898393744955250554,-3975406300307818451,7358144]
02-09 18:16:20.533 I/dvm_gc_info(27649): [7453298398305785893,-8892201295467624319,-3976532200214661075,7358144]
02-09 18:16:20.953 I/dvm_gc_info(27649): [7453298398305781672,-8893045720397748090,-3975124825331107795,7358144]
02-09 18:16:21.503 I/dvm_gc_info(27649): [7453298398305781579,-8911904543837345646,-3972028600587290579,7358144]
02-09 18:16:21.824 I/db_sample(27649): [/data/data/com.google.android.apps.googlevoice/databases/model.db,COMMIT;INSERT INTO labels(data, label) VALUES(?, ?);,201,,41]
02-09 18:16:22.034 I/dvm_gc_info(27649): [7453298398305777709,-8886571795933403003,-3975687775284529107,7358144]
02-09 18:16:22.434 I/dvm_gc_info(27649): [7453298398305986417,-8902052919652489082,-3975124825331107795,7358144]
02-09 18:16:22.654 I/dvm_gc_info(27649): [7453298398305965981,-8920911743092103037,-3975969250261239763,7358144]
02-09 18:16:23.065 I/dvm_gc_info(27649): [7453298398305986453,-8902052919652489080,-3974843350354397139,7358144]
02-09 18:16:23.385 I/dvm_gc_info(27649): [7453298398305978302,-8911341593883940731,-3975687775284529107,7358144]
02-09 18:16:23.675 I/dvm_gc_info(27649): [7453298398305998596,-8913593393697625977,-3974843350354397139,7358144]
02-09 18:16:24.146 I/dvm_gc_info(27649): [7453298398305777698,-8903460294536042363,-3975406300307818451,7358144]
02-09 18:16:24.586 I/dvm_gc_info(27649): [7453298398305781758,-8904867669419595642,-3975406300307818451,7358144]
02-09 18:16:25.017 I/dvm_gc_info(27649): [7453298398305785893,-8893890145327884160,-3976813675191371731,7358144]
02-09 18:16:25.397 I/dvm_gc_info(27649): [7453298398305785766,-8887697695840245626,-3975406300307818451,7358144]
02-09 18:16:25.717 I/db_sample(27649): [/data/data/com.google.android.apps.googlevoice/databases/model.db,INSERT INTO conversations(data, conversation_id) VALUES(?, ?);,1,,1]
02-09 18:16:25.928 I/dvm_gc_info(27649): [7453298398305785712,-8904867669419583345,-3972873025517422547,7358144]
02-09 18:16:26.458 I/dvm_gc_info(27649): [7453298398305777495,-8906556519279843175,-3969776800773605331,7358144]
02-09 18:16:26.468 I/db_sample(27649): [/data/data/com.google.android.apps.googlevoice/databases/model.db,COMMIT;INSERT INTO labels(data, label) VALUES(?, ?);,200,,41]
02-09 18:16:26.748 I/dvm_gc_info(27649): [7453298398305994794,-8898112269978539900,-3975687775284529107,7358144]
02-09 18:16:27.109 I/dvm_gc_info(27649): [7453298398305982386,-8906275044303148921,-3975124825331107795,7358144]
02-09 18:16:27.529 I/dvm_gc_info(27649): [7453298398305986527,-8901208494722357114,-3975406300307818451,7358144]
02-09 18:16:27.950 I/dvm_gc_info(27649): [7453298398305781793,-8904586194442884988,-3975687775284529107,7358144]
02-09 18:16:28.390 I/dvm_gc_info(27649): [7453298398305781793,-8902897344582621052,-3975969250261239763,7358144]
02-09 18:16:28.870 I/dvm_gc_info(27649): [7453298398305777604,-8896141945141565305,-3974843350354397139,7358144]
02-09 18:16:28.921 I/am_create_service(27162): [1088244144,com.android.mms/.transaction.SmsReceiverService,act=android.provider.Telephony.SMS_RECEIVED,27733]
02-09 18:16:29.191 I/content_query_sample(27733): [content://com.android.contacts/data,data1/data3/display_name/contact_id/contact_presence/contact_status,PHONE_NUMBERS_EQUAL(data1,?) AND mimetype='vnd.android.cursor.item/phone_v2' AND raw_contact_id IN (SELECT raw_contact_id  FROM phone_lookup WHERE normalized_number GLOB('3496447*')),mode_id,130,,27]
02-09 18:16:29.281 I/content_query_sample(27733): [content://com.android.contacts/contacts/222/photo,data15,,,89,,18]
02-09 18:16:29.401 I/dvm_gc_info(27649): [7453298398305781793,-8903178819559331707,-3975406300307818451,7358144]
02-09 18:16:29.691 I/content_update_sample(27733): [content://sms/inbox,insert,,229,,46]
02-09 18:16:29.741 I/dvm_gc_info(27234): [8099846449757484790,-8922044860306655167,-3990887424026904531,8583206]
02-09 18:16:29.831 I/notification_cancel(27162): [com.android.mms,999,0]
02-09 18:16:29.881 I/notification_cancel(27162): [com.android.mms,123,0]
02-09 18:16:29.881 I/notification_enqueue(27162): [com.android.mms,123,Notification(vibrate=default,sound=content://settings/system/notification_sound,defaults=0x6,flags=0x1)]
02-09 18:16:29.942 I/am_destroy_service(27162): [1088244144,com.android.mms/.transaction.SmsReceiverService,27733]
02-09 18:17:09.522 I/battery_level(27162): [97,4149,250]
02-09 18:17:10.382 I/am_create_service(27162): [1085541024,com.android.mms/.transaction.SmsReceiverService,act=android.provider.Telephony.SMS_RECEIVED,27733]
02-09 18:17:10.703 I/dvm_gc_info(27733): [7218827569569912482,-8920355941710251973,-3997924298444670931,8103821]
02-09 18:17:10.823 I/dvm_gc_info(27649): [7453298398305785889,-8902615869605910396,-3975687775284529107,7358144]
02-09 18:17:10.993 I/content_query_sample(27733): [content://mms-sms/threadID?recipient=9136084351,_id,,,149,,30]
02-09 18:17:11.173 I/dvm_gc_info(27649): [7453298398306006800,-8909934219000387450,-3975124825331107795,7358144]
02-09 18:17:11.283 I/content_update_sample(27733): [content://sms/inbox,insert,,250,,51]
02-09 18:17:11.403 I/notification_cancel(27162): [com.android.mms,999,0]
02-09 18:17:11.453 I/notification_cancel(27162): [com.android.mms,123,0]
02-09 18:17:11.473 I/notification_enqueue(27162): [com.android.mms,123,Notification(vibrate=default,sound=content://settings/system/notification_sound,defaults=0x6,flags=0x1)]
02-09 18:17:11.533 I/am_destroy_service(27162): [1085541024,com.android.mms/.transaction.SmsReceiverService,27733]
02-09 18:17:13.245 I/dvm_gc_madvise_info(27234): [524288,126976]
02-09 18:17:58.532 I/dvm_gc_madvise_info(27733): [978944,126976]
02-09 18:17:58.992 I/force_gc( 3922): bg
02-09 18:17:59.032 I/dvm_gc_madvise_info(27649): [692224,126976]
02-09 18:17:59.052 I/dvm_gc_info( 3922): [3346018819314537508,-9166927952505038772,-3996798398537828307,7358131]
02-09 18:18:01.064 I/wifi_driver_state_changed(27162): 0
02-09 18:18:01.084 I/wifi_supplicant_state_changed(27162): 2
02-09 18:18:02.065 I/wifi_supplicant_state_changed(27162): 8
02-09 18:18:03.386 I/wifi_driver_state_changed(27162): 1
02-09 18:18:04.107 I/dvm_gc_madvise_info( 3922): [430080,126976]
02-09 18:18:08.631 I/force_gc( 3874): bg
02-09 18:18:08.691 I/dvm_gc_info( 3874): [7882817126543930521,-9064754666850609105,-4006650022722701267,7358131]
02-09 18:18:30.222 I/dvm_gc_madvise_info( 3874): [548864,126976]
02-09 18:18:39.522 I/battery_level(27162): [97,4147,260]
02-09 18:19:03.612 I/c2dm    (27265): [5,NULL,211,110]
02-09 18:19:03.622 I/c2dm    (27265): [5,NULL,212,-1]
02-09 18:19:03.732 I/c2dm    (27265): [-4,NULL,111,212]
02-09 18:19:05.613 I/db_sample(27265): [/data/data/com.google.android.gsf/databases/talk.db,COMMIT;DELETE FROM s2dRmqIds WHERE rmq_id=?,1060,,100]
02-09 18:19:05.613 I/content_update_sample(27265): [content://com.google.android.providers.talk/s2dids,delete,rmq_id=?,1066,,100]
02-09 18:19:05.623 I/c2dm    (27265): [4,NULL,213,111]
02-09 18:22:09.522 I/battery_level(27162): [97,4142,250]
02-09 18:22:09.532 I/power_screen_state(27162): [1,3,0,0]
02-09 18:22:09.532 I/power_screen_broadcast_send(27162): 1
02-09 18:22:09.532 I/screen_toggled(27162): 1
02-09 18:22:09.542 I/am_resume_activity(27162): [1089871736,4,com.android.mms/.ui.ComposeMessageActivity]
02-09 18:22:09.542 I/am_on_resume_called(27733): com.android.mms.ui.ComposeMessageActivity
02-09 18:22:09.632 I/power_screen_broadcast_done(27162): [1,100,1]
02-09 18:22:09.742 I/notification_cancel(27162): [com.android.phone,111,0]
02-09 18:22:11.073 I/wifi_driver_state_changed(27162): 0
02-09 18:22:11.083 I/wifi_supplicant_state_changed(27162): 2
02-09 18:22:11.333 I/screen_toggled(27162): 2
02-09 18:22:11.393 I/c2dm    (27265): [-4,NULL,112,213]
02-09 18:22:11.523 I/notification_cancel(27162): [com.android.mms,999,0]
02-09 18:22:11.573 I/notification_cancel(27162): [com.android.mms,789,0]
02-09 18:22:11.603 I/content_query_sample(27733): [content://mms/inbox,,m_type=130 AND st=135,,15,,4]
02-09 18:22:11.603 I/notification_cancel(27162): [com.android.mms,531,0]
02-09 18:22:11.703 I/notification_cancel(27162): [com.android.mms,999,0]
02-09 18:22:11.764 I/notification_cancel(27162): [com.android.mms,123,0]
02-09 18:22:11.784 I/notification_enqueue(27162): [com.android.mms,123,Notification(vibrate=null,sound=null,defaults=0x4,flags=0x1)]
02-09 18:22:12.144 I/force_gc(27162): Binder
02-09 18:22:12.144 I/binder_sample(27220): [android.view.IWindowSession,4,125,com.android.systemui,25]
02-09 18:22:12.364 I/dvm_gc_info(27162): [8320808730292504397,-8903176894944184137,-3922770479662925779,9033878]
02-09 18:22:12.454 I/connectivity_state_changed(27162): 3120
02-09 18:22:13.395 I/am_proc_start(27162): [4649,10034,com.google.android.apps.uploader,broadcast,com.google.android.apps.uploader/.ConnectivityBroadcastReceiver]
02-09 18:22:13.425 I/dvm_gc_madvise_info( 4649): [368640,126976]
02-09 18:22:13.435 I/binder_sample(27234): [com.android.internal.telephony.ITelephonyRegistry,14,838,com.android.phone,100]
02-09 18:22:13.455 I/dvm_gc_info(27265): [7449358886917867187,-8922044585361590200,-3997361348491249619,7358174]
02-09 18:22:13.465 I/binder_sample(27841): [android.app.IActivityManager,110,872,com.locationlabs.v3client,100]
02-09 18:22:13.485 I/am_proc_bound(27162): [4649,com.google.android.apps.uploader]
02-09 18:22:13.585 I/binder_sample( 3922): [android.net.IConnectivityManager,3,865,com.facebook.orca,100]
02-09 18:22:13.826 I/notification_enqueue(27162): [com.android.phone,2,Notification(vibrate=null,sound=null,defaults=0x0,flags=0x2)]
02-09 18:22:13.876 I/notification_cancel(27162): [com.android.phone,7,0]
02-09 18:22:13.876 I/notification_cancel(27162): [com.android.phone,7,0]
02-09 18:22:13.886 I/notification_cancel(27162): [com.android.phone,7,0]
02-09 18:22:13.886 I/notification_cancel(27162): [com.android.phone,7,0]
02-09 18:22:13.886 I/notification_cancel(27162): [com.android.phone,7,0]
02-09 18:22:13.886 I/notification_cancel(27162): [com.android.phone,7,0]
02-09 18:22:13.886 I/notification_cancel(27162): [com.android.phone,7,0]
02-09 18:22:13.886 I/notification_cancel(27162): [com.android.phone,7,0]
02-09 18:22:13.886 I/notification_cancel(27162): [com.android.phone,7,0]
02-09 18:22:13.886 I/notification_cancel(27162): [com.android.phone,7,0]
02-09 18:22:13.896 I/am_pause_activity(27162): [1089871736,com.android.mms/.ui.ComposeMessageActivity]
02-09 18:22:13.896 I/am_on_paused_called(27733): com.android.mms.ui.ComposeMessageActivity
02-09 18:22:13.896 I/am_task_to_front(27162): 10
02-09 18:22:13.906 I/am_new_intent(27162): [1081988616,10,com.android.phone/.InCallScreen,android.intent.action.MAIN,NULL,NULL,281280512]
02-09 18:22:13.906 I/am_resume_activity(27162): [1083687880,10,com.android.phone/.InCallScreen]
02-09 18:22:13.976 I/binder_sample(27841): [android.app.IActivityManager,110,317,com.locationlabs.v3client,63]
02-09 18:22:14.036 I/phone_ui_enter(27234): []
02-09 18:22:14.036 I/am_on_resume_called(27234): com.android.phone.InCallScreen
02-09 18:22:14.086 I/binder_sample(27234): [android.view.IWindowSession,4,21,com.android.phone,4]
02-09 18:22:14.156 I/binder_sample(27234): [android.view.IWindowSession,8,37,com.android.phone,7]
02-09 18:22:14.236 I/binder_sample(27733): [android.view.IWindowSession,4,97,com.android.mms,19]
02-09 18:22:14.276 I/binder_sample( 3922): [android.app.IAlarmManager,6,164,com.facebook.orca,32]
02-09 18:22:14.296 I/binder_sample( 4649): [android.content.IContentProvider,1,555,com.google.android.apps.uploader,100]
02-09 18:22:14.306 I/content_query_sample( 4649): [content://com.google.android.gsf.gservices,,,,560,com.google.android.apps.uploader,100]
02-09 18:22:14.316 I/am_kill (27162): [3922,com.facebook.orca,14,too many background]
02-09 18:22:14.336 I/am_create_service(27162): [1089806544,com.google.android.gsf/.checkin.CheckinService,,27265]
02-09 18:22:14.336 I/binder_sample(27265): [android.app.IActivityManager,34,8,com.google.process.gapps,1]
02-09 18:22:14.366 I/am_proc_start(27162): [4659,10046,com.google.android.gm,broadcast,com.google.android.gm/.downloadprovider.DownloadReceiver]
02-09 18:22:14.376 I/dvm_gc_madvise_info( 4659): [364544,126976]
02-09 18:22:14.406 I/am_proc_bound(27162): [4659,com.google.android.gm]
02-09 18:22:14.506 I/am_proc_died(27162): [3922,com.facebook.orca]
02-09 18:22:14.506 I/am_schedule_service_restart(27162): [com.facebook.orca/.push.mqtt.MqttPushService,5000]
02-09 18:22:14.506 I/am_schedule_service_restart(27162): [com.facebook.orca/.server.OrcaService,15000]
02-09 18:22:14.606 I/gtalk_conn_close(27265): [1,19117]
02-09 18:22:14.616 I/gtalk_connection(27265): 65794
02-09 18:22:14.676 I/am_kill (27162): [545,com.google.android.apps.chrometophone,14,too many background]
02-09 18:22:14.696 I/am_proc_died(27162): [545,com.google.android.apps.chrometophone]
02-09 18:22:14.726 I/am_destroy_service(27162): [1089806544,com.google.android.gsf/.checkin.CheckinService,27265]
02-09 18:22:14.756 I/dvm_gc_info( 4659): [7594245893398783610,-8972712280713185231,-4006087072769279955,7358131]
02-09 18:22:14.766 I/content_query_sample(27162): [content://telephony/carriers/preferapn,apn,,name ASC,244,,49]
02-09 18:22:16.548 I/dvm_gc_info(27234): [8099846449757554459,-8915007985888905151,-3990042999096772563,8583208]
02-09 18:22:17.439 I/dvm_gc_madvise_info(27162): [434176,126976]
02-09 18:22:18.370 I/notification_enqueue(27162): [com.android.phone,2,Notification(vibrate=null,sound=null,defaults=0x0,flags=0x2)]
02-09 18:22:18.490 I/dvm_gc_madvise_info(27265): [319488,126976]
02-09 18:22:19.051 I/binder_sample(27265): [android.net.wifi.IWifiManager,8,40,com.google.process.gapps,8]
02-09 18:22:19.201 I/power_sleep_requested(27162): 0
02-09 18:22:19.431 I/power_screen_state(27162): [0,4,0,0]
02-09 18:22:19.431 I/power_screen_broadcast_send(27162): 1
02-09 18:22:19.431 I/screen_toggled(27162): 0
02-09 18:22:19.441 I/am_pause_activity(27162): [1083687880,com.android.phone/.InCallScreen]
02-09 18:22:19.471 I/phone_ui_exit(27234): []
02-09 18:22:19.471 I/am_on_paused_called(27234): com.android.phone.InCallScreen
02-09 18:22:19.511 I/am_proc_start(27162): [4670,10066,com.facebook.orca,service,com.facebook.orca/.push.mqtt.MqttPushService]
02-09 18:22:19.531 I/power_screen_broadcast_done(27162): [0,97,1]
02-09 18:22:19.541 I/dvm_gc_madvise_info( 4670): [364544,126976]
02-09 18:22:19.551 I/am_proc_bound(27162): [4670,com.facebook.orca]
02-09 18:22:19.551 I/am_create_service(27162): [1085746504,com.facebook.orca/.push.mqtt.MqttPushService,act=Orca.START,4670]
02-09 18:22:19.771 I/dvm_gc_madvise_info( 4659): [434176,126976]
02-09 18:22:20.072 I/dvm_gc_info( 4670): [3346018819314345570,-8986223079561709517,-4005805597792569299,7358131]
02-09 18:22:20.612 I/db_sample( 4670): [/data/data/com.facebook.orca/databases/prefs_db,SELECT key, type, value FROM preferences,142,com.facebook.orca,29]
02-09 18:22:21.093 I/am_create_service(27162): [1082227216,com.facebook.orca/.server.OrcaService,,4670]
02-09 18:22:21.623 I/dvm_gc_madvise_info(27234): [454656,126976]
02-09 18:22:21.683 I/dvm_gc_info( 4670): [3346018819314349647,-8978904523941615561,-4004679697885726675,7358131]
02-09 18:22:21.833 I/dvm_gc_info( 4670): [3346018819314345556,-9014088621102151622,-4003553797978884051,7358131]
02-09 18:22:21.863 I/dvm_gc_info( 4670): [3346018819314374025,-9182410450983143365,-4002990848025462739,7358131]
02-09 18:22:21.883 I/dvm_gc_info( 4670): [3346018819314370093,-9215624360779270083,-4002709373048752083,7358131]
02-09 18:22:21.903 I/dvm_gc_info( 4670): [3346018819314370014,-9219283535459731395,-4002709373048752083,7358131]
02-09 18:22:22.054 I/dvm_gc_info( 4670): [3346018819314390571,-9056027911377455036,-3999894623281645523,7358131]
02-09 18:22:22.274 I/dvm_gc_info( 4670): [3346018819314353800,-8969051525014550457,-3998487248398092243,7358131]
02-09 18:22:22.604 I/dvm_gc_info( 4670): [3346018819314390686,-8920637485355743157,-3997361348491249619,7358131]
02-09 18:22:27.669 I/dvm_gc_madvise_info( 4670): [438272,126976]
02-09 18:22:30.992 I/force_gc(27700): bg
02-09 18:22:31.072 I/dvm_gc_info(27700): [7737593596605707381,-9069255517027522494,-4000457573235066835,7358131]
02-09 18:22:36.137 I/dvm_gc_madvise_info(27700): [1306624,126976]
02-09 18:22:37.989 I/force_gc( 3866): bg
02-09 18:22:38.079 I/dvm_gc_info( 3866): [7093854921883498178,-8922325716657088448,-3999331673328224211,7825162]
02-09 18:22:39.200 I/gtalk_connection(27265): 131330
02-09 18:22:39.210 I/gtalk_connection(27265): 65794
02-09 18:22:39.491 I/db_sample(27265): [/data/data/com.google.android.gsf/databases/talk.db,COMMIT;INSERT OR REPLACE  INTO accountStatus(account, connStatus,35,,8]
02-09 18:22:43.134 I/dvm_gc_madvise_info( 3866): [1163264,126976]
02-09 18:22:44.626 I/battery_level(27162): [97,4140,260]
02-09 18:22:47.148 I/am_create_service(27162): [1082693976,com.google.android.gsf/.checkin.EventLogService,,27265]
02-09 18:22:47.178 I/aggregation(27265): 1328833367186
02-09 18:22:47.318 I/am_destroy_service(27162): [1082693976,com.google.android.gsf/.checkin.EventLogService,27265]
02-09 18:22:51.873 I/power_screen_state(27162): [1,2,0,0]
02-09 18:22:51.873 I/power_screen_broadcast_send(27162): 1
02-09 18:22:51.873 I/screen_toggled(27162): 1
02-09 18:22:51.873 I/am_resume_activity(27162): [1083687880,10,com.android.phone/.InCallScreen]
02-09 18:22:51.933 I/phone_ui_enter(27234): []
02-09 18:22:51.933 I/am_on_resume_called(27234): com.android.phone.InCallScreen
02-09 18:22:51.983 I/notification_enqueue(27162): [com.android.phone,2,Notification(vibrate=null,sound=null,defaults=0x0,flags=0x2)]
02-09 18:22:52.053 I/power_screen_broadcast_done(27162): [1,183,1]
02-09 18:22:52.173 I/notification_cancel(27162): [com.android.phone,111,0]
02-09 18:22:53.975 I/notification_enqueue(27162): [com.android.phone,2,Notification(vibrate=null,sound=null,defaults=0x0,flags=0x2)]
02-09 18:22:54.105 I/dvm_gc_info(27220): [8320808730291689119,-8920638585203337161,-3999050198351513555,8370091]
02-09 18:22:54.145 I/binder_sample(27234): [com.android.internal.telephony.ITelephonyRegistry,4,24,com.android.phone,4]
02-09 18:22:54.165 I/notification_cancel(27162): [com.android.phone,2,0]
02-09 18:22:54.265 I/dvm_gc_info(27841): [8517260637557032561,-8994385304046561226,-4004679697885726675,7358131]
02-09 18:22:54.355 I/connectivity_state_changed(27162): 3112
02-09 18:22:54.445 I/binder_sample(27841): [android.app.IActivityManager,110,108,com.locationlabs.v3client,21]
02-09 18:22:54.505 I/gtalk_connection(27265): 131074
02-09 18:22:54.645 I/am_create_service(27162): [1089597712,com.google.android.gsf/.checkin.CheckinService,,27265]
02-09 18:22:54.765 I/am_create_service(27162): [1088437896,com.google.android.gm/.downloadprovider.DownloadService,,4659]
02-09 18:22:54.846 I/am_create_service(27162): [1089016144,com.android.providers.downloads/.DownloadService,,3874]
02-09 18:22:54.856 I/binder_sample( 4670): [android.app.IActivityManager,14,97,com.facebook.orca,19]
02-09 18:22:54.886 I/am_create_service(27162): [1087427872,com.facebook.katana/.service.UploadManager,,27700]
02-09 18:22:54.896 I/notification_cancel_all(27162): [com.android.providers.downloads,0]
02-09 18:22:54.966 I/notification_cancel(27162): [com.android.phone,7,0]
02-09 18:22:54.966 I/notification_cancel(27162): [com.android.phone,7,0]
02-09 18:22:54.966 I/notification_cancel(27162): [com.android.phone,7,0]
02-09 18:22:54.976 I/notification_cancel(27162): [com.android.phone,7,0]
02-09 18:22:54.976 I/notification_cancel(27162): [com.android.phone,7,0]
02-09 18:22:54.976 I/notification_cancel(27162): [com.android.phone,7,0]
02-09 18:22:54.976 I/notification_cancel(27162): [com.android.phone,7,0]
02-09 18:22:54.976 I/notification_cancel(27162): [com.android.phone,7,0]
02-09 18:22:54.976 I/notification_cancel(27162): [com.android.phone,7,0]
02-09 18:22:54.986 I/notification_cancel(27162): [com.android.phone,7,0]
02-09 18:22:54.986 I/notification_cancel(27162): [com.android.phone,111,0]
02-09 18:22:54.996 I/notification_cancel(27162): [com.android.phone,111,0]
02-09 18:22:55.026 I/am_destroy_service(27162): [1087427872,com.facebook.katana/.service.UploadManager,27700]
02-09 18:22:55.036 I/binder_sample(27700): [android.app.IActivityManager,48,28,com.facebook.katana,5]
02-09 18:22:55.236 I/binder_sample(27841): [android.app.IActivityManager,110,217,com.locationlabs.v3client,43]
02-09 18:22:55.256 I/notification_cancel(27162): [com.android.phone,7,0]
02-09 18:22:55.266 I/notification_cancel(27162): [com.android.phone,7,0]
02-09 18:22:55.266 I/notification_cancel(27162): [com.android.phone,7,0]
02-09 18:22:55.266 I/notification_cancel(27162): [com.android.phone,7,0]
02-09 18:22:55.266 I/notification_cancel(27162): [com.android.phone,7,0]
02-09 18:22:55.266 I/notification_cancel(27162): [com.android.phone,7,0]
02-09 18:22:55.296 I/notification_cancel(27162): [com.android.phone,7,0]
02-09 18:22:55.296 I/notification_cancel(27162): [com.android.phone,7,0]
02-09 18:22:55.296 I/notification_cancel(27162): [com.android.phone,7,0]
02-09 18:22:55.306 I/binder_sample(27733): [,2,408,com.android.mms,81]
02-09 18:22:55.306 I/binder_sample( 4670): [android.app.IAlarmManager,6,294,com.facebook.orca,58]
02-09 18:22:55.386 I/am_destroy_service(27162): [1089597712,com.google.android.gsf/.checkin.CheckinService,27265]
02-09 18:22:55.416 I/content_query_sample( 3874): [content://downloads/all_downloads,_id,status >= '200',lastmod,99,,20]
02-09 18:22:55.416 I/content_update_sample(27265): [content://com.google.android.providers.talk/accountStatus,insert,,743,,100]
02-09 18:22:55.426 I/content_query_sample( 4659): [content://gmail-downloads/download,_id,status >= '200',lastmod,567,,100]
02-09 18:22:55.456 I/content_update_sample(27234): [content://com.android.contacts/contacts/179,update,,1211,,100]
02-09 18:22:55.466 I/am_destroy_service(27162): [1089016144,com.android.providers.downloads/.DownloadService,3874]
02-09 18:22:55.486 I/am_destroy_service(27162): [1088437896,com.google.android.gm/.downloadprovider.DownloadService,4659]
02-09 18:22:55.806 I/am_pause_activity(27162): [1083687880,com.android.phone/.InCallScreen]
02-09 18:22:55.857 I/phone_ui_exit(27234): []
02-09 18:22:55.857 I/am_on_paused_called(27234): com.android.phone.InCallScreen
02-09 18:22:55.877 I/am_resume_activity(27162): [1089871736,4,com.android.mms/.ui.ComposeMessageActivity]
02-09 18:22:55.897 I/power_sleep_requested(27162): 0
02-09 18:22:55.947 I/am_on_resume_called(27733): com.android.mms.ui.ComposeMessageActivity
02-09 18:22:56.127 I/power_screen_state(27162): [0,2,0,0]
02-09 18:22:56.137 I/power_screen_broadcast_send(27162): 1
02-09 18:22:56.137 I/screen_toggled(27162): 0
02-09 18:22:56.137 I/am_pause_activity(27162): [1089871736,com.android.mms/.ui.ComposeMessageActivity]
02-09 18:22:56.237 I/binder_sample(27733): [android.view.IWindowSession,8,70,com.android.mms,14]
02-09 18:22:56.247 I/am_on_paused_called(27733): com.android.mms.ui.ComposeMessageActivity
02-09 18:22:56.337 I/power_screen_broadcast_done(27162): [0,204,1]
02-09 18:22:56.467 I/dvm_gc_info(27162): [8320808730291689447,-8893606745736021832,-3922770479662925779,9033875]
02-09 18:22:56.477 I/binder_sample(27733): [com.android.internal.view.IInputMethodManager,5,101,com.android.mms,20]
02-09 18:22:56.527 I/notification_cancel(27162): [com.android.mms,999,0]
02-09 18:22:56.547 I/notification_cancel(27162): [com.android.mms,789,0]
02-09 18:22:56.577 I/notification_cancel(27162): [com.android.mms,531,0]
02-09 18:22:56.607 I/notification_cancel(27162): [com.android.mms,999,0]
02-09 18:22:56.617 I/am_create_service(27162): [1089402208,com.google.android.gsf/.loginservice.GoogleLoginService,act=android.accounts.AccountAuthenticator,27265]
02-09 18:22:56.637 I/force_gc(27282): Binder
02-09 18:22:56.747 I/dvm_gc_info(27282): [7017575181485287111,-8918667091816294331,-3991168899003615187,8562721]
02-09 18:22:56.787 I/notification_cancel(27162): [com.android.mms,123,0]
02-09 18:22:56.797 I/notification_enqueue(27162): [com.android.mms,123,Notification(vibrate=null,sound=null,defaults=0x4,flags=0x1)]
02-09 18:22:57.648 I/am_destroy_service(27162): [1089402208,com.google.android.gsf/.loginservice.GoogleLoginService,27265]
02-09 18:22:59.150 I/dvm_gc_madvise_info(27220): [299008,126976]
02-09 18:22:59.300 I/dvm_gc_madvise_info(27841): [323584,126976]
02-09 18:22:59.740 I/dvm_gc_info(27265): [7449358886915602116,-8920637210478041017,-3997642823467960275,7358174]
02-09 18:23:00.911 I/binder_sample(27265): [android.net.wifi.IWifiManager,8,42,com.google.process.gapps,8]
02-09 18:23:01.532 I/dvm_gc_madvise_info(27162): [421888,126976]
02-09 18:23:01.782 I/dvm_gc_madvise_info(27282): [462848,126976]
02-09 18:23:04.795 I/dvm_gc_madvise_info(27265): [364544,126976]
02-09 18:23:07.178 I/c2dm    (27265): [-1,NULL,1,-1]
02-09 18:23:08.199 I/c2dm    (27265): [1,NULL,1,-1]
02-09 18:23:08.199 I/gtalk_connection(27265): 196609
02-09 18:23:08.339 I/content_update_sample(27265): [content://com.google.android.providers.talk/presence/account/1,delete,,135,,28]
02-09 18:23:08.349 I/content_query_sample(27265): [content://com.google.android.providers.talk/outgoingRmqMessages,rmq_id/data/type,type!=0,rmq_id ASC,121,,25]
02-09 18:23:08.369 I/c2dm    (27265): [4,NULL,2,-1]
02-09 18:23:08.469 I/c2dm    (27265): [3,0:1328833377503618%62cfc3ee62cfc3ee,3,-1]
02-09 18:23:08.589 I/gtalk_connection(27265): 262145
02-09 18:23:08.599 I/c2dm    (27265): [-4,NULL,2,3]
02-09 18:23:08.629 I/c2dm    (27265): [-4,NULL,3,-1]
02-09 18:23:08.789 I/dvm_gc_info(27649): [7453298398306002897,-8915282243557889916,-3975687775284529107,7358144]
02-09 18:23:09.170 I/dvm_gc_info(27649): [7453298398305994673,-8906837994256570233,-3975124825331107795,7358144]
02-09 18:23:09.330 I/db_sample(27265): [/data/data/com.google.android.gsf/databases/talk.db,COMMIT;INSERT OR REPLACE  INTO accountStatus(account, connStatus,136,,28]
02-09 18:23:09.370 I/content_update_sample(27265): [content://com.google.android.providers.talk/accountStatus,insert,,389,,78]
02-09 18:23:09.580 I/db_sample(27265): [/data/data/com.google.android.gsf/databases/talk.db,COMMIT;DELETE FROM s2dRmqIds WHERE rmq_id=?,239,,48]
02-09 18:23:09.580 I/content_update_sample(27265): [content://com.google.android.providers.talk/s2dids,delete,rmq_id=?,318,,64]
02-09 18:23:09.590 I/c2dm    (27265): [4,NULL,4,2]
02-09 18:23:09.660 I/db_sample(27282): [/data/data/com.android.providers.contacts/databases/contacts2.db,COMMIT;UPDATE contacts SET status_update_id=(SELECT data._id FRO,120,,25]
02-09 18:23:09.700 I/c2dm    (27265): [4,NULL,5,-1]
02-09 18:23:09.770 I/c2dm    (27265): [4,NULL,6,-1]
02-09 18:23:09.790 I/dvm_gc_info(27649): [7453298398306023404,-8900082594815514490,-3975406300307818451,7358144]
02-09 18:23:09.860 I/c2dm    (27265): [5,NULL,7,-1]
02-09 18:23:10.020 I/c2dm    (27265): [4,NULL,8,-1]
02-09 18:23:10.080 I/c2dm    (27265): [4,NULL,9,-1]
02-09 18:23:10.201 I/db_sample(27265): [/data/data/com.google.android.gsf/databases/talk.db,COMMIT;SELECT contacts._id as _id FROM contacts WHERE (account=?,121,,25]
02-09 18:24:55.532 I/battery_level(27162): [97,4136,250]
02-09 18:24:56.382 I/wifi_supplicant_state_changed(27162): 8
02-09 18:24:57.423 I/wifi_supplicant_state_changed(27162): 8
02-09 18:24:58.414 I/dvm_gc_info( 4576): [7881704463071766103,-8945689789343926210,-4001864948118620115,7358131]
02-09 18:24:59.775 I/dvm_gc_madvise_info(27649): [798720,126976]
02-09 18:25:01.017 I/wifi_driver_state_changed(27162): 1
02-09 18:25:03.449 I/dvm_gc_madvise_info( 4576): [180224,126976]
02-09 18:25:06.012 I/force_gc(27841): bg
02-09 18:25:06.082 I/dvm_gc_info(27841): [8517260637557261877,-9046176699761330122,-4004961172862437331,7358131]
02-09 18:27:18.522 I/battery_level(27162): [97,4134,230]
02-09 18:27:18.742 I/dvm_gc_madvise_info(27841): [430080,126976]
02-09 18:27:58.522 I/battery_level(27162): [97,4134,240]
02-09 18:28:01.144 I/wifi_driver_state_changed(27162): 0
02-09 18:28:01.174 I/wifi_supplicant_state_changed(27162): 2
02-09 18:28:02.125 I/notification_enqueue(27162): [android,17302171,Notification(vibrate=null,sound=default,defaults=0x1,flags=0x10)]
02-09 18:28:02.175 I/wifi_supplicant_state_changed(27162): 8
02-09 18:28:02.285 I/dvm_gc_info(27265): [7449358886915606225,-8912755911130138553,-3997642823467960275,7358174]
02-09 18:28:02.535 I/dvm_gc_info(27234): [8099846449757505323,-8911911761145100224,-3990324474073483219,8583209]
02-09 18:28:04.717 I/notification_cancel(27162): [android,17302171,0]
02-09 18:28:04.727 I/wifi_driver_state_changed(27162): 1
02-09 18:28:07.320 I/dvm_gc_madvise_info(27265): [368640,126976]
02-09 18:28:07.580 I/dvm_gc_madvise_info(27234): [536576,126976]
02-09 18:28:09.792 I/force_gc(27649): bg
02-09 18:28:09.872 I/dvm_gc_info(27649): [7453298398306010936,-8924570917789341565,-3976250725237950419,7358144]
02-09 18:28:54.522 I/battery_level(27162): [97,4136,230]
02-09 18:28:54.742 I/dvm_gc_madvise_info(27649): [1732608,126976]
02-09 18:31:34.792 I/c2dm    (27265): [3,0:1328833883751982%2a9664f18d09f249,10,3]
02-09 18:31:34.862 I/am_create_service(27162): [1079232160,com.facebook.katana/.c2dm.PushReceiver,act=com.google.android.c2dm.intent.RECEIVE cat=[com.facebook.katana],27700]
02-09 18:31:34.902 I/am_create_service(27162): [1089261376,com.facebook.katana/.service.FacebookService,,27700]
02-09 18:31:34.952 I/notification_enqueue(27162): [com.facebook.katana,1000,Notification(vibrate=null,sound=null,defaults=0x0,flags=0x10)]
02-09 18:31:35.002 I/am_destroy_service(27162): [1079232160,com.facebook.katana/.c2dm.PushReceiver,27700]
02-09 18:31:35.482 I/dvm_gc_info(27700): [7737593596605466222,-8938088177880324028,-3999894623281645523,7358131]
02-09 18:31:36.113 I/am_destroy_service(27162): [1089261376,com.facebook.katana/.service.FacebookService,27700]
02-09 18:32:29.842 I/am_create_service(27162): [1088658608,com.google.android.apps.maps/com.google.googlenav.prefetch.android.PrefetcherService,,379]
02-09 18:32:41.562 I/dvm_gc_madvise_info(27700): [1245184,126976]
02-09 18:32:59.472 I/binder_sample(27265): [android.os.IPowerManager,1,6,com.google.process.gapps,1]
02-09 18:33:01.004 I/wifi_driver_state_changed(27162): 0
02-09 18:33:01.024 I/wifi_supplicant_state_changed(27162): 2
02-09 18:33:02.966 I/wifi_supplicant_state_changed(27162): 8
02-09 18:33:03.847 I/am_destroy_service(27162): [1088658608,com.google.android.apps.maps/com.google.googlenav.prefetch.android.PrefetcherService,379]
02-09 18:33:04.567 I/wifi_driver_state_changed(27162): 1
02-09 18:33:09.592 I/force_gc(27250): bg
02-09 18:33:09.622 I/dvm_gc_info(27250): [7809652345805063734,-9003674184335796172,-3992576273887168467,8628270]
