02-09 17:34:30.344 I/dvm_gc_info( 2881): [7881704463072036454,-8922045822547158976,-4001583473141909459,7358131]
02-09 17:34:35.188 I/c2dm    (27265): [3,0:1328830456209739%4af25f247768ba7f,189,-1]
02-09 17:34:35.218 I/am_create_service(27162): [1084337504,com.google.android.apps.chrometophone/.C2DMReceiver,act=com.google.android.c2dm.intent.RECEIVE cat=[com.google.android.apps.chrometophone],545]
02-09 17:34:35.389 I/dvm_gc_madvise_info( 2881): [143360,126976]
02-09 17:34:35.999 I/am_pause_activity(27162): [1080397968,com.android.launcher/com.android.launcher2.Launcher]
02-09 17:34:35.999 I/am_on_paused_called(27250): com.android.launcher2.Launcher
02-09 17:34:36.009 I/am_task_to_front(27162): 20
02-09 17:34:36.009 I/am_new_intent(27162): [1084619192,20,com.android.browser/.BrowserActivity,android.intent.action.VIEW,NULL,http://www.linkedin.com/,272629760]
02-09 17:34:36.009 I/am_proc_start(27162): [3866,10059,com.android.browser,activity,com.android.browser/.BrowserActivity]
02-09 17:34:36.049 I/dvm_gc_madvise_info( 3866): [364544,126976]
02-09 17:34:36.069 I/am_proc_bound(27162): [3866,com.android.browser]
02-09 17:34:36.089 I/am_restart_activity(27162): [1087554000,20,com.android.browser/.BrowserActivity]
02-09 17:34:36.119 I/am_proc_start(27162): [3874,10026,android.process.media,content provider,com.android.providers.media/.MediaProvider]
02-09 17:34:36.139 I/dvm_gc_madvise_info( 3874): [360448,126976]
02-09 17:34:36.169 I/binder_sample(27250): [android.view.IWindowSession,4,59,com.android.launcher,11]
02-09 17:34:36.209 I/am_proc_bound(27162): [3874,android.process.media]
02-09 17:34:36.760 I/db_sample( 3866): [/data/data/com.android.browser/databases/webview.db,DELETE FROM cookies WHERE expires <= ?,240,,49]
02-09 17:34:37.020 I/dvm_gc_info( 3866): [7093854921883186801,-8978341780247398351,-4006087072769279955,7358142]
02-09 17:34:37.230 I/am_destroy_service(27162): [1084337504,com.google.android.apps.chrometophone/.C2DMReceiver,545]
02-09 17:34:37.230 I/am_kill (27162): [2025,com.facebook.orca,14,too many background]
02-09 17:34:37.360 I/am_proc_died(27162): [2025,com.facebook.orca]
02-09 17:34:37.360 I/am_schedule_service_restart(27162): [com.facebook.orca/.push.mqtt.MqttPushService,5000]
02-09 17:34:37.360 I/am_schedule_service_restart(27162): [com.facebook.orca/.server.OrcaService,15000]
02-09 17:34:37.571 I/dvm_gc_info( 3866): [7093854921883223641,-8925987434545620941,-4004679697885726675,7358186]
02-09 17:34:37.851 I/dvm_gc_info( 3866): [7093854921883182718,-8921483628759828429,-4004679697885726675,7358186]
02-09 17:34:38.151 I/dvm_gc_info( 3866): [7093854921883223656,-8923735428573505485,-4004679697885726675,7358186]
02-09 17:34:38.442 I/am_on_resume_called( 3866): com.android.browser.BrowserActivity
02-09 17:34:38.552 I/activity_launch_time(27162): [1087554000,com.android.browser/.BrowserActivity,2556,2556]
02-09 17:34:39.012 I/dvm_gc_info( 3866): [7093854921883223608,-9007614971566102473,-4003553797978884051,7358186]
02-09 17:34:39.342 I/content_query_sample( 3866): [content://browser/bookmarks,_id,url LIKE ? ESCAPE '\' AND bookmark = 0,,29,,6]
02-09 17:34:39.352 I/db_sample( 3866): [/data/data/com.android.browser/databases/browser.db,INSERT INTO bookmarks(user_entered, title, bookmark, date, creat,10,,3]
02-09 17:34:39.603 I/dvm_gc_info( 3866): [7093854921883227750,-8956104775916603336,-4002990848025462739,7358186]
02-09 17:34:39.913 I/db_sample( 3866): [/data/data/com.android.browser/databases/browser.db,UPDATE bookmarks SET title=? WHERE _id = ?,77,,16]
02-09 17:34:40.053 I/db_sample( 3866): [/data/data/com.android.browser/databases/browser.db,SELECT _id, _id AS _id FROM bookmarks WHERE ((url == ? OR url ==,30,,7]
02-09 17:34:40.594 I/browser_page_loaded( 3866): https://signin.mobileweb.ebay.com/login|2134
02-09 17:34:40.694 I/dvm_gc_info( 3866): [7093854921883190873,-9011273733879371718,-4002427898072041427,7358186]
02-09 17:34:40.714 I/db_sample( 3866): [/data/data/com.android.browser/databases/webviewCache.db,UPDATE cache SET lastaccesstime=1328830479991,accesscounter=2,we,0,,1]
02-09 17:34:41.514 I/dvm_gc_info( 3866): [7093854921883182708,-9010429171493500870,-4002146423095330771,7358190]
02-09 17:34:42.395 I/am_proc_start(27162): [3922,10066,com.facebook.orca,service,com.facebook.orca/.push.mqtt.MqttPushService]
02-09 17:34:42.425 I/dvm_gc_madvise_info( 3922): [360448,126976]
02-09 17:34:42.445 I/am_proc_bound(27162): [3922,com.facebook.orca]
02-09 17:34:42.445 I/am_create_service(27162): [1085746504,com.facebook.orca/.push.mqtt.MqttPushService,act=Orca.START,3922]
02-09 17:34:43.016 I/dvm_gc_info( 3922): [3346018819314361955,-8984534229718222798,-4005805597792569299,7358131]
02-09 17:34:43.276 I/am_create_service(27162): [1082227216,com.facebook.orca/.server.OrcaService,,3922]
02-09 17:34:43.426 I/dvm_gc_info( 3922): [3346018819314374215,-8989882116769593290,-4004679697885726675,7358131]
02-09 17:34:43.627 I/dvm_gc_info( 3922): [3346018819314353737,-9015214589728479174,-4003553797978884051,7358131]
02-09 17:34:43.717 I/dvm_gc_info( 3922): [3346018819314542149,-9064190960764663749,-4003272323002173395,7358131]
02-09 17:34:43.737 I/db_sample( 3866): [/data/data/com.android.browser/databases/webview.db,SELECT _id, domain, path, name, value, expires, secure FROM cook,1,,1]
02-09 17:34:43.787 I/dvm_gc_info( 3922): [3346018819314550321,-9217876160576174019,-4002427898072041427,7358131]
02-09 17:34:44.017 I/dvm_gc_info( 3866): [7093854921883305557,-8983126098668648386,-4000739048211777491,7358186]
02-09 17:34:44.087 I/dvm_gc_info( 3922): [3346018819314357804,-9053776111563773884,-3999894623281645523,7358131]
02-09 17:34:44.437 I/dvm_gc_info( 3922): [3346018819314386567,-8970740374891599801,-3998768723374802899,7358131]
02-09 17:34:44.858 I/browser_page_loaded( 3866): http://www.linkedin.com/|6390
02-09 17:34:44.928 I/content_query_sample( 3866): [content://browser/bookmarks,_id,(url == ? OR url == ? OR url LIKE ? || '%' OR url LIKE ? || '%') AND bookmark == 1,,68,,14]
02-09 17:34:45.258 I/dvm_gc_info( 3922): [3346018819314349721,-8920919029068724150,-3997642823467960275,7358131]
02-09 17:34:45.478 I/db_sample( 3866): [/data/data/com.android.browser/databases/webview.db,INSERT INTO cookies(secure, value, path, domain, expires, name) ,118,,24]
02-09 17:34:47.470 I/browser_double_tap_duration( 3866): [725,96651386]
02-09 17:34:47.630 I/dvm_gc_info( 3866): [7093854921883252416,-8993540535368005576,-4000739048211777491,7358208]
02-09 17:34:48.712 I/browser_double_tap_duration( 3866): [685,96652622]
02-09 17:34:50.323 I/dvm_gc_madvise_info( 3922): [126976,126976]
02-09 17:34:52.685 I/dvm_gc_madvise_info( 3866): [655360,126976]
02-09 17:34:56.759 I/force_gc(  545): bg
02-09 17:34:56.829 I/dvm_gc_info(  545): [7163101030228719163,-9000578028445702090,-4003553797978884051,7816948]
02-09 17:35:01.864 I/dvm_gc_madvise_info(  545): [339968,126976]
02-09 17:35:05.087 I/force_gc(27250): bg
02-09 17:35:05.118 I/dvm_gc_info(27250): [7809652345805059228,-9062502454468327372,-3992013323933747155,8628272]
02-09 17:35:05.458 I/binder_sample(27234): [android.os.INetStatService,1,5,com.android.phone,1]
02-09 17:35:05.738 I/binder_sample( 2881): [android.net.wifi.IWifiManager,8,72,com.google.android.apps.maps:NetworkLoc,14]
02-09 17:35:10.122 I/dvm_gc_madvise_info(27250): [335872,126976]
02-09 17:35:12.675 I/binder_sample(27265): [android.net.wifi.IWifiManager,8,40,com.google.process.gapps,8]
02-09 17:35:17.680 I/force_gc( 3808): bg
02-09 17:35:17.780 I/dvm_gc_info( 3808): [8299681605908604537,-8979749292620269522,-4006931497699411923,7358131]
02-09 17:35:22.815 I/dvm_gc_madvise_info( 3808): [573440,126976]
02-09 17:35:26.649 I/binder_sample( 2881): [android.net.wifi.IWifiManager,8,37,com.google.android.apps.maps:NetworkLoc,7]
02-09 17:35:30.462 I/battery_level(27162): [100,4183,280]
02-09 17:35:40.582 I/browser_double_tap_duration( 3866): [688,96704497]
02-09 17:35:41.663 I/browser_double_tap_duration( 3866): [924,96705570]
02-09 17:35:42.594 I/browser_double_tap_duration( 3866): [602,96706500]
02-09 17:35:43.465 I/browser_double_tap_duration( 3866): [647,96707373]
02-09 17:35:54.526 I/binder_sample( 2881): [android.net.wifi.IWifiManager,8,33,com.google.android.apps.maps:NetworkLoc,6]
02-09 17:36:02.223 I/content_update_sample(27265): [content://com.google.android.providers.talk/s2dids,insert,,137,,28]
02-09 17:36:02.223 I/c2dm    (27265): [3,0:1328830543640546%e7a7135306862909,190,-1]
02-09 17:36:02.303 I/am_create_service(27162): [1086788792,com.google.android.gsf/.subscribedfeeds.SubscribedFeedsIntentService,act=com.google.android.c2dm.intent.RECEIVE cat=[com.google.android.gsf.subscribedfeeds],27265]
02-09 17:36:02.313 I/binder_sample(27265): [android.app.IActivityManager,34,31,com.google.process.gapps,6]
02-09 17:36:02.323 I/tickle  (27265): com.google.android.music.MusicContent
02-09 17:36:02.323 I/am_destroy_service(27162): [1086788792,com.google.android.gsf/.subscribedfeeds.SubscribedFeedsIntentService,27265]
02-09 17:36:02.333 I/sync    (27162): [com.google.android.music.MusicContent,0,0,-1565529355]
02-09 17:36:02.343 I/am_create_service(27162): [1085462952,com.google.android.music/.sync.SyncAdapterService,act=android.content.SyncAdapter,2169]
02-09 17:36:02.373 I/am_create_service(27162): [1089292288,com.google.android.music/.MusicPreferenceService$MusicPreferenceServiceBinder,act=com.google.android.music.PREFERENCE_SERVICE,2169]
02-09 17:36:02.393 I/am_destroy_service(27162): [1089292288,com.google.android.music/.MusicPreferenceService$MusicPreferenceServiceBinder,2169]
02-09 17:36:03.344 I/google_http_request( 2169): [935,200,Android-Music/512,1]
02-09 17:36:03.695 I/google_http_request( 2169): [296,200,Android-Music/512,1]
02-09 17:36:03.835 I/dvm_gc_info( 2169): [7887337218879145603,-8925704584893929407,-4000739048211777491,7358131]
02-09 17:36:03.935 I/db_sample( 2169): [/data/data/com.google.android.music/databases/music.db,COMMIT;INSERT OR REPLACE  INTO _sync_state(data, account_type, a,34,,7]
02-09 17:36:04.065 I/db_sample( 2169): [/data/data/com.google.android.music/databases/music.db,INSERT INTO RECENT(ItemDate, RecentAlbumId) VALUES(?, ?);,0,,1]
02-09 17:36:04.185 I/content_query_sample( 2169): [content://com.google.android.music.MusicContent/playlists,count(*),,,225,,46]
02-09 17:36:04.275 I/am_create_service(27162): [1087274264,com.google.android.music/.MusicPreferenceService$MusicPreferenceServiceBinder,act=com.google.android.music.PREFERENCE_SERVICE,2169]
02-09 17:36:04.335 I/am_destroy_service(27162): [1087274264,com.google.android.music/.MusicPreferenceService$MusicPreferenceServiceBinder,2169]
02-09 17:36:04.345 I/am_create_service(27162): [1089226440,com.google.android.music/.store.KeepOnUpdater$SyncListener,act=com.google.android.music.SYNC_COMPLETE,2169]
02-09 17:36:04.355 I/am_create_service(27162): [1087941792,com.google.android.music/.dl.artwork.ArtDownloadService,act=com.google.android.music.SYNC_COMPLETE,2169]
02-09 17:36:04.355 I/sync_details( 2169): [com.google.android.music,2281,4737,]
02-09 17:36:04.365 I/am_create_service(27162): [1085654536,com.google.android.music/.dl.NetworkMonitor,act=com.google.android.music.NETWORK_MONITOR_SERVICE,2169]
02-09 17:36:04.385 I/am_destroy_service(27162): [1089226440,com.google.android.music/.store.KeepOnUpdater$SyncListener,2169]
02-09 17:36:04.395 I/sync    (27162): [com.google.android.music.MusicContent,1,0,-1565529355]
02-09 17:36:04.395 I/am_destroy_service(27162): [1085462952,com.google.android.music/.sync.SyncAdapterService,2169]
02-09 17:36:04.395 I/notification_cancel(27162): [android,-7211098,0]
02-09 17:36:04.425 I/am_create_service(27162): [1088724560,com.google.android.music/.MusicPreferenceService$MusicPreferenceServiceBinder,act=com.google.android.music.PREFERENCE_SERVICE,2169]
02-09 17:36:04.425 I/dvm_gc_info( 2169): [7887337218879108743,-8938370958812317629,-4000176098258356179,7358131]
02-09 17:36:04.435 I/am_create_service(27162): [1085336872,com.google.android.music/.dl.DownloadManager$DownloadManagerService,act=com.google.android.music.NEW_SHOULDKEEPON,2169]
02-09 17:36:04.455 I/am_create_service(27162): [1087479888,com.google.android.music/.store.StoreService$StoreServiceBinder,act=com.google.android.music.STORE_SERVICE,2169]
02-09 17:36:04.475 I/am_create_service(27162): [1088409904,com.google.android.music/.MusicPlaybackService,,2169]
02-09 17:36:04.586 I/db_sample( 2169): [/data/data/com.google.android.music/databases/music.db,GETLOCK:SELECT Size AS Size FROM SHOULDKEEPON JOIN MUSIC ON (SHO,54,,11]
02-09 17:36:04.646 I/dvm_gc_info( 2169): [7887337218879149710,-8961733244389984186,-3999331673328224211,7358132]
02-09 17:36:04.736 I/dvm_gc_info( 2169): [7887337218879104557,-9031820513607727035,-3999613148304934867,7358132]
02-09 17:36:05.046 I/am_create_service(27162): [1088623576,com.google.android.music/.store.RecentItemsManager$Service,act=RecentItemsManagerService.recordCurrentlyPlayed,2169]
02-09 17:36:05.176 I/am_destroy_service(27162): [1088623576,com.google.android.music/.store.RecentItemsManager$Service,2169]
02-09 17:36:05.316 I/am_destroy_service(27162): [1087941792,com.google.android.music/.dl.artwork.ArtDownloadService,2169]
02-09 17:36:05.466 I/db_sample( 2169): [/data/data/com.google.android.music/databases/music.db,SELECT DISTINCT MUSIC.AlbumId FROM MUSIC WHERE AlbumArtLocation ,45,,10]
02-09 17:36:09.781 I/dvm_gc_madvise_info( 2169): [163840,126976]
02-09 17:36:11.552 I/am_destroy_service(27162): [1088409904,com.google.android.music/.MusicPlaybackService,2169]
02-09 17:36:11.602 I/am_destroy_service(27162): [1085336872,com.google.android.music/.dl.DownloadManager$DownloadManagerService,2169]
02-09 17:36:11.612 I/am_destroy_service(27162): [1087479888,com.google.android.music/.store.StoreService$StoreServiceBinder,2169]
02-09 17:36:11.612 I/am_destroy_service(27162): [1085654536,com.google.android.music/.dl.NetworkMonitor,2169]
02-09 17:36:11.622 I/am_destroy_service(27162): [1088724560,com.google.android.music/.MusicPreferenceService$MusicPreferenceServiceBinder,2169]
02-09 17:36:20.441 I/force_gc( 2169): bg
02-09 17:36:20.541 I/dvm_gc_info( 2169): [7887337218879424088,-8981717967786829758,-4000739048211777491,7358131]
02-09 17:36:22.413 I/binder_sample(27265): [android.net.wifi.IWifiManager,8,36,com.google.process.gapps,7]
02-09 17:36:25.596 I/dvm_gc_madvise_info( 2169): [233472,126976]
02-09 17:36:29.380 I/binder_sample( 2881): [android.net.wifi.IWifiManager,8,40,com.google.android.apps.maps:NetworkLoc,8]
02-09 17:36:30.471 I/battery_level(27162): [100,4186,270]
02-09 17:36:38.369 I/c2dm    (27265): [3,0:1328830596381874%62cfc3ee62cfc3ee,191,-1]
02-09 17:36:38.579 I/dvm_gc_info(27649): [7453298398305781793,-8906556519279859581,-3975969250261239763,7358144]
02-09 17:36:39.069 I/dvm_gc_info(27649): [7453298398305773490,-8897267845048407930,-3975124825331107795,7358144]
02-09 17:36:44.134 I/dvm_gc_madvise_info(27649): [1060864,126976]
02-09 17:36:44.875 I/db_sample( 3866): [/data/data/com.android.browser/databases/webviewCache.db,BEGIN EXCLUSIVE;,1,,1]
02-09 17:36:48.608 I/force_gc(27649): bg
02-09 17:36:48.679 I/dvm_gc_info(27649): [7453298398305994417,-9137928950136018814,-3976532200214661075,7358144]
02-09 17:36:53.744 I/dvm_gc_madvise_info(27649): [1773568,126976]
02-09 17:36:56.556 I/menu_opened( 3866): 0
02-09 17:36:57.267 I/binder_sample( 2881): [android.net.wifi.IWifiManager,8,39,com.google.android.apps.maps:NetworkLoc,7]
02-09 17:36:57.427 I/menu_item_selected( 3866): [0,Windows]
02-09 17:37:00.580 I/db_sample( 3866): [/data/data/com.android.browser/databases/webview.db,INSERT INTO tcppreconnection(mainurl, subhostweight, subhostusec,409,,82]
02-09 17:37:01.041 I/db_sample( 3866): [/data/data/com.android.browser/databases/webview.db,INSERT INTO tcppreconnection(mainurl, subhostweight, subhostusec,54,,11]
02-09 17:37:01.741 I/db_sample( 3866): [/data/data/com.android.browser/databases/webview.db,INSERT INTO tcppreconnection(mainurl, subhostweight, subhostusec,414,,83]
02-09 17:37:02.172 I/db_sample( 3866): [/data/data/com.android.browser/databases/webview.db,INSERT INTO tcppreconnection(mainurl, subhostweight, subhostusec,127,,26]
02-09 17:37:02.642 I/db_sample( 3866): [/data/data/com.android.browser/databases/webview.db,INSERT INTO tcppreconnection(mainurl, subhostweight, subhostusec,406,,82]
02-09 17:37:03.053 I/db_sample( 3866): [/data/data/com.android.browser/databases/webview.db,INSERT INTO tcppreconnection(mainurl, subhostweight, subhostusec,414,,83]
02-09 17:37:03.423 I/db_sample( 3866): [/data/data/com.android.browser/databases/webview.db,INSERT INTO tcppreconnection(mainurl, subhostweight, subhostusec,210,,43]
02-09 17:37:04.064 I/db_sample( 3866): [/data/data/com.android.browser/databases/webview.db,INSERT INTO tcppreconnection(mainurl, subhostweight, subhostusec,630,,100]
02-09 17:37:04.624 I/db_sample( 3866): [/data/data/com.android.browser/databases/webview.db,INSERT INTO tcppreconnection(mainurl, subhostweight, subhostusec,468,,94]
02-09 17:37:06.416 I/db_sample( 3866): [/data/data/com.android.browser/databases/webview.db,INSERT INTO tcppreconnection(mainurl, subhostweight, subhostusec,413,,83]
02-09 17:37:07.857 I/dvm_gc_info( 3866): [7093854921883186933,-8907971867570014150,-4000176098258356179,7870280]
02-09 17:37:08.128 I/dvm_gc_info( 3866): [7093854921883223726,-8916416116871342022,-4000176098258356179,7870280]
02-09 17:37:09.098 I/db_sample( 3866): [/data/data/com.android.browser/databases/webview.db,INSERT INTO tcppreconnection(mainurl, subhostweight, subhostusec,57,,12]
02-09 17:37:09.289 I/db_sample( 3866): [/data/data/com.android.browser/databases/webview.db,INSERT INTO tcppreconnection(mainurl, subhostweight, subhostusec,2,,1]
02-09 17:37:09.629 I/dvm_gc_info( 3866): [7093854921883207310,-8921201191475406790,-4000176098258356179,7870282]
02-09 17:37:09.839 I/db_sample( 3866): [/data/data/com.android.browser/databases/webview.db,INSERT INTO tcppreconnection(mainurl, subhostweight, subhostusec,24,,5]
02-09 17:37:10.760 I/dvm_gc_info( 3866): [7093854921883227814,-8918104966731577285,-3999894623281645523,7870282]
02-09 17:37:11.070 I/dvm_gc_info( 3866): [7093854921883223724,-8916697591848019909,-3999894623281645523,7870280]
02-09 17:37:13.933 I/dvm_gc_info( 3866): [7093854921883186811,-8947096889299191746,-3998487248398092243,7870282]
02-09 17:37:14.674 I/c2dm    (27265): [3,0:1328830633998306%4af25f246fec3928,192,-1]
02-09 17:37:14.694 I/am_create_service(27162): [1089550688,com.google.android.apps.chrometophone/.C2DMReceiver,act=com.google.android.c2dm.intent.RECEIVE cat=[com.google.android.apps.chrometophone],545]
02-09 17:37:16.105 I/am_new_intent(27162): [1088085040,20,com.android.browser/.BrowserActivity,android.intent.action.VIEW,NULL,https://login.live.com/login.srf?wa=wsignin1.0&rpsnv=11&ct=1328830594&rver=6.1.6206.0&wp=MBI_SSL_SHARED&wreply=https:%2F%2Fwww.live.com%2F&lc=1033&id=251248&cbcxt=hom&mkt=en-US,268435456]
02-09 17:37:16.145 I/browser_page_loaded( 3866): http://m.youtube.com/#/home|4946
02-09 17:37:16.225 I/force_gc(27162): Binder
02-09 17:37:16.336 I/dvm_gc_info(27162): [8320808730292066197,-8902050995037341514,-3927555554267006931,9033861]
02-09 17:37:16.356 I/db_sample( 3874): [/data/data/com.android.providers.media/databases/internal.db,SELECT _data FROM audio WHERE (_id=17),0,,1]
02-09 17:37:16.436 I/am_destroy_service(27162): [1089550688,com.google.android.apps.chrometophone/.C2DMReceiver,545]
02-09 17:37:18.488 I/dvm_gc_info( 3866): [7093854921883186848,-8925423247356192704,-3998205773421381587,7870280]
02-09 17:37:20.940 I/dvm_gc_info( 3866): [7093854921883182729,-8923734328709314494,-3997079873514538963,7870277]
02-09 17:37:21.390 I/dvm_gc_madvise_info(27162): [585728,126976]
02-09 17:37:21.571 I/content_query_sample( 3866): [content://browser/bookmarks,_id,(url == ? OR url == ? OR url LIKE ? || '%' OR url LIKE ? || '%') AND bookmark == 1,,45,,10]
02-09 17:37:23.593 I/browser_page_loaded( 3866): https://login.live.com/login.srf?wa=wsignin1.0&rpsnv=11&ct=1328830594&rver=6.1.6206.0&wp=MBI_SSL_SHARED&wreply=https:%2F%2Fwww.live.com%2F&lc=1033&id=251248&cbcxt=hom&mkt=en-US|7452
02-09 17:37:25.975 I/dvm_gc_madvise_info( 3866): [151552,126976]
02-09 17:37:30.169 I/force_gc(27282): bg
02-09 17:37:30.239 I/dvm_gc_info(27282): [7017575181485134944,-9092618627457062845,-3992013323933747155,8562721]
02-09 17:37:30.479 I/battery_level(27162): [100,4188,280]
02-09 17:37:32.251 I/browser_double_tap_duration( 3866): [809,96816174]
02-09 17:37:33.182 I/browser_double_tap_duration( 3866): [315,96817090]
02-09 17:37:33.983 I/browser_double_tap_duration( 3866): [353,96817906]
02-09 17:37:35.134 I/browser_double_tap_duration( 3866): [687,96819055]
02-09 17:37:35.284 I/dvm_gc_madvise_info(27282): [532480,126976]
02-09 17:37:37.086 I/force_gc( 3874): bg
02-09 17:37:37.166 I/dvm_gc_info( 3874): [7882817126543976064,-8972712349466228689,-4006650022722701267,7358131]
02-09 17:37:39.098 I/binder_sample( 2881): [android.net.wifi.IWifiManager,8,20,com.google.android.apps.maps:NetworkLoc,4]
02-09 17:37:42.191 I/dvm_gc_madvise_info( 3874): [548864,126976]
02-09 17:37:44.073 I/force_gc( 3922): bg
02-09 17:37:44.153 I/dvm_gc_info( 3922): [3346018819314640527,-8939214696329336755,-3996798398537828307,7358131]
02-09 17:37:49.208 I/dvm_gc_madvise_info( 3922): [401408,126976]
02-09 17:37:51.039 I/force_gc(  545): bg
02-09 17:37:51.119 I/dvm_gc_info(  545): [7163101030228731478,-9015777539749119946,-4003553797978884051,7816948]
02-09 17:37:56.144 I/dvm_gc_madvise_info(  545): [466944,126976]
02-09 17:38:21.579 I/free_storage_changed(27162): 2575757312
02-09 17:39:30.717 I/binder_sample( 2881): [android.net.wifi.IWifiManager,8,61,com.google.android.apps.maps:NetworkLoc,12]
02-09 17:39:32.178 I/binder_sample(27234): [com.android.internal.telephony.ITelephonyRegistry,8,46,com.android.phone,9]
02-09 17:39:58.003 I/c2dm    (27265): [3,0:1328830784643912%4af25f24ad7ad1c0,193,-1]
02-09 17:39:58.023 I/am_create_service(27162): [1087198656,com.google.android.apps.chrometophone/.C2DMReceiver,act=com.google.android.c2dm.intent.RECEIVE cat=[com.google.android.apps.chrometophone],545]
02-09 17:39:58.694 I/am_new_intent(27162): [1081521016,20,com.android.browser/.BrowserActivity,android.intent.action.VIEW,NULL,http://www.msn.com/,268435456]
02-09 17:39:58.894 I/am_destroy_service(27162): [1087198656,com.google.android.apps.chrometophone/.C2DMReceiver,545]
02-09 17:40:03.809 I/dvm_gc_info( 3866): [7093854921883182788,-8924015528808093630,-3997079873514538963,7870283]
02-09 17:40:04.059 I/db_sample( 3866): [/data/data/com.android.browser/databases/browser.db,SELECT _id, date, _id AS _id FROM bookmarks WHERE (bookmark = 0),5,,2]
02-09 17:40:04.079 I/content_update_sample( 3866): [content://browser/bookmarks,insert,,10,,3]
02-09 17:40:05.120 I/db_sample( 3866): [/data/data/com.android.browser/databases/webviewCache.db,SELECT filepath, lastmodify, etag, expires, expiresstring, mimet,0,,1]
02-09 17:40:07.222 I/db_sample( 3866): [/data/data/com.android.browser/databases/webviewCache.db,SELECT filepath, lastmodify, etag, expires, expiresstring, mimet,0,,1]
02-09 17:40:07.292 I/dvm_gc_info( 3866): [7093854921883227755,-8952444432585340855,-3994546598724143059,7870277]
02-09 17:40:09.194 I/dvm_gc_info( 3866): [7093854921883190962,-8910785586192467891,-3993139223840589779,7870277]
02-09 17:40:10.495 I/force_gc( 3874): bg
02-09 17:40:10.556 I/dvm_gc_info( 3874): [7882817126543881323,-9067569416617723857,-4006650022722701267,7358131]
02-09 17:40:12.337 I/dvm_gc_info(27265): [7449358886915610345,-8906000511689045943,-3997079873514538963,7358174]
02-09 17:40:14.219 I/dvm_gc_madvise_info( 3866): [143360,126976]
02-09 17:40:14.239 I/browser_page_loaded( 3866): http://extreme.mobile.msn.com/|11180
02-09 17:40:14.549 I/db_sample( 3866): [/data/data/com.android.browser/databases/webviewCache.db,UPDATE cache SET lastaccesstime=1328830805613,accesscounter=1,we,75,,16]
02-09 17:40:14.609 I/db_sample( 3866): [/data/data/com.android.browser/databases/webview.db,INSERT INTO cookies(secure, value, path, domain, expires, name) ,269,,54]
02-09 17:40:15.550 I/dvm_gc_madvise_info( 3874): [548864,126976]
02-09 17:40:15.580 I/binder_sample( 3866): [android.view.IWindowSession,8,460,com.android.browser,92]
02-09 17:40:15.701 I/db_sample( 3866): [/data/data/com.android.browser/databases/webview.db,INSERT INTO cookies(secure, value, path, domain, expires, name) ,894,,100]
02-09 17:40:15.711 I/db_sample( 3866): [/data/data/com.android.browser/databases/webviewCache.db,DELETE FROM cache WHERE filepath IN (?, ?, ?, ?, ?, ?, ?, ?, ?, ,981,,100]
02-09 17:40:17.152 I/dvm_gc_info( 3866): [7093854921883568033,-8918103592006354877,-3996798398537828307,7870283]
02-09 17:40:17.352 I/dvm_gc_madvise_info(27265): [262144,126976]
02-09 17:40:22.177 I/dvm_gc_madvise_info( 3866): [983040,126976]
02-09 17:40:25.680 I/dvm_gc_info( 2881): [7881704463071770253,-8919793816575051712,-4001583473141909459,7358131]
02-09 17:40:28.182 I/browser_double_tap_duration( 3866): [414,96992874]
02-09 17:40:28.992 I/browser_double_tap_duration( 3866): [348,96993678]
02-09 17:40:29.543 I/browser_double_tap_duration( 3866): [352,96994218]
02-09 17:40:29.933 I/dvm_gc_madvise_info( 2881): [204800,126976]
02-09 17:40:44.547 I/force_gc(  545): bg
02-09 17:40:44.628 I/dvm_gc_info(  545): [7163101030228727382,-9015777539749111754,-4003553797978884051,7816948]
02-09 17:40:49.652 I/dvm_gc_madvise_info(  545): [466944,126976]
02-09 17:40:53.536 I/binder_sample( 2881): [android.net.wifi.IWifiManager,8,34,com.google.android.apps.maps:NetworkLoc,6]
02-09 17:41:00.043 I/binder_sample(27220): [android.app.IActivityManager,16,7,com.android.systemui,1]
02-09 17:41:20.813 I/free_storage_changed(27162): 2578100224
02-09 17:41:29.682 I/battery_level(27162): [100,4184,290]
02-09 17:41:37.719 I/c2dm    (27265): [3,0:1328830892908523%4af25f24ed01ab69,194,-1]
02-09 17:41:37.739 I/am_create_service(27162): [1087775968,com.google.android.apps.chrometophone/.C2DMReceiver,act=com.google.android.c2dm.intent.RECEIVE cat=[com.google.android.apps.chrometophone],545]
02-09 17:41:38.710 I/am_new_intent(27162): [1089596528,20,com.android.browser/.BrowserActivity,android.intent.action.VIEW,NULL,http://www.bing.com/,268435456]
02-09 17:41:41.053 I/db_sample(  545): [/data/data/com.google.android.apps.chrometophone/databases/history.db,INSERT OR REPLACE INTO history(url, title, receive_time) VALUES ,2283,,100]
02-09 17:41:41.053 I/am_destroy_service(27162): [1087775968,com.google.android.apps.chrometophone/.C2DMReceiver,545]
02-09 17:41:42.374 I/binder_sample( 2881): [android.net.wifi.IWifiManager,8,41,com.google.android.apps.maps:NetworkLoc,8]
02-09 17:41:43.045 I/dvm_gc_info( 3866): [7093854921883248289,-8921199816750172090,-3995391023654275027,7870283]
02-09 17:41:44.396 I/db_sample( 3866): [/data/data/com.android.browser/databases/browser.db,INSERT INTO bookmarks(user_entered, title, bookmark, date, creat,1618,,100]
02-09 17:41:44.426 I/content_update_sample( 3866): [content://browser/bookmarks,insert,,1648,,100]
02-09 17:41:44.496 I/db_sample( 3866): [/data/data/com.android.browser/databases/browser.db,INSERT INTO bookmarks(user_entered, title, bookmark, date, creat,67,,14]
02-09 17:41:46.338 I/browser_page_loaded( 3866): http://m.bing.com/?mid=10006|4430
02-09 17:41:47.028 I/db_sample( 3866): [/data/data/com.android.browser/databases/webview.db,DELETE FROM cookies WHERE (domain == ?) AND (path == ?) AND (nam,577,,100]
02-09 17:41:47.339 I/force_gc( 3874): bg
02-09 17:41:47.379 I/dvm_gc_info( 3866): [7093854921883186916,-8965672863070459833,-3995109548677564371,7870287]
02-09 17:41:47.409 I/dvm_gc_info( 3874): [7882817126543938632,-9106131488427083729,-4006650022722701267,7358131]
02-09 17:41:47.429 I/dvm_gc_info( 3866): [7093854921883313720,-9062218780082231224,-3994828073700853715,7870287]
02-09 17:41:47.439 I/db_sample( 3866): [/data/data/com.android.browser/databases/webview.db,INSERT INTO cookies(secure, value, path, domain, name) VALUES(?,,151,,31]
02-09 17:41:52.444 I/dvm_gc_madvise_info( 3874): [548864,126976]
02-09 17:41:52.464 I/dvm_gc_madvise_info( 3866): [593920,126976]
02-09 17:41:54.526 I/browser_double_tap_duration( 3866): [997,97079213]
02-09 17:41:55.637 I/browser_double_tap_duration( 3866): [727,97080327]
02-09 17:41:56.888 I/browser_double_tap_duration( 3866): [606,97081572]
02-09 17:41:58.099 I/browser_double_tap_duration( 3866): [607,97082782]
02-09 17:41:59.130 I/browser_double_tap_duration( 3866): [690,97083798]
02-09 17:42:00.001 I/browser_double_tap_duration( 3866): [727,97084698]
02-09 17:42:00.792 I/browser_double_tap_duration( 3866): [646,97085480]
02-09 17:42:01.623 I/browser_double_tap_duration( 3866): [688,97086317]
02-09 17:42:02.484 I/browser_double_tap_duration( 3866): [769,97087172]
02-09 17:42:03.595 I/browser_double_tap_duration( 3866): [923,97088281]
02-09 17:42:04.485 I/browser_double_tap_duration( 3866): [843,97089173]
02-09 17:42:05.476 I/browser_double_tap_duration( 3866): [879,97090166]
02-09 17:42:06.347 I/browser_double_tap_duration( 3866): [731,97091033]
02-09 17:42:06.688 I/browser_double_tap_duration( 3866): [277,97091369]
02-09 17:42:07.028 I/browser_double_tap_duration( 3866): [276,97091707]
02-09 17:42:07.428 I/browser_double_tap_duration( 3866): [314,97092086]
02-09 17:42:07.839 I/browser_double_tap_duration( 3866): [339,97092511]
02-09 17:42:08.740 I/browser_double_tap_duration( 3866): [805,97093417]
02-09 17:42:09.771 I/browser_double_tap_duration( 3866): [925,97094454]
02-09 17:42:10.882 I/browser_double_tap_duration( 3866): [515,97095568]
02-09 17:42:11.983 I/browser_double_tap_duration( 3866): [964,97096669]
02-09 17:42:12.974 I/browser_double_tap_duration( 3866): [650,97097667]
02-09 17:42:24.225 I/binder_sample( 2881): [android.net.wifi.IWifiManager,8,56,com.google.android.apps.maps:NetworkLoc,11]
02-09 17:42:29.700 I/battery_level(27162): [100,4185,300]
02-09 17:43:13.032 I/binder_sample( 2881): [android.net.wifi.IWifiManager,8,36,com.google.android.apps.maps:NetworkLoc,7]
02-09 17:43:19.979 I/notification_enqueue(27162): [android,17302171,Notification(vibrate=null,sound=default,defaults=0x1,flags=0x10)]
02-09 17:43:25.084 I/browser_double_tap_duration( 3866): [691,97169774]
02-09 17:43:26.976 I/binder_sample(27265): [android.net.wifi.IWifiManager,8,37,com.google.process.gapps,7]
02-09 17:43:29.699 I/battery_level(27162): [100,4191,290]
02-09 17:43:33.923 I/notification_cancel(27162): [android,17302171,0]
02-09 17:43:48.117 I/dvm_gc_info(27162): [8320808730291771340,-8894732645642864456,-3927274079290296275,9033861]
02-09 17:43:53.182 I/dvm_gc_madvise_info(27162): [446464,126976]
02-09 17:44:07.966 I/am_create_service(27162): [1089863824,com.android.mms/.transaction.SmsReceiverService,act=android.provider.Telephony.SMS_RECEIVED,27733]
02-09 17:44:08.046 I/dvm_gc_info(27234): [8099846449757546258,-8921481910353262528,-3991450373980325843,8583206]
02-09 17:44:08.546 I/dvm_gc_info(27649): [7453298398305781690,-8897267845048407930,-3975124825331107795,7358144]
02-09 17:44:08.557 I/content_update_sample(27733): [content://sms/inbox,insert,,279,,56]
02-09 17:44:08.697 I/notification_cancel(27162): [com.android.mms,999,0]
02-09 17:44:08.747 I/notification_cancel(27162): [com.android.mms,123,0]
02-09 17:44:08.757 I/notification_enqueue(27162): [com.android.mms,123,Notification(vibrate=default,sound=content://settings/system/notification_sound,defaults=0x6,flags=0x1)]
02-09 17:44:08.827 I/binder_sample( 2881): [android.net.wifi.IWifiManager,8,16,com.google.android.apps.maps:NetworkLoc,3]
02-09 17:44:08.987 I/am_destroy_service(27162): [1089863824,com.android.mms/.transaction.SmsReceiverService,27733]
02-09 17:44:11.469 I/binder_sample(27220): [com.android.internal.statusbar.IStatusBarService,5,6,com.android.systemui,1]
02-09 17:44:13.101 I/dvm_gc_madvise_info(27234): [659456,126976]
02-09 17:44:13.611 I/dvm_gc_madvise_info(27649): [1081344,126976]
02-09 17:44:23.281 I/c2dm    (27265): [3,0:1328831043679885%62cfc3ee62cfc3ee,195,-1]
02-09 17:44:23.731 I/dvm_gc_info(27649): [7453298398305781794,-8900082594815514491,-3975687775284529107,7358144]
02-09 17:44:23.972 I/dvm_gc_info(27649): [7453298398305969913,-8917534043371575160,-3974843350354397139,7358144]
02-09 17:44:24.342 I/dvm_gc_info(27649): [7453298398305978346,-8908808319093544828,-3975687775284529107,7358144]
02-09 17:44:24.682 I/dvm_gc_info(27649): [7453298398305794086,-8894734570258024322,-3977658100121503699,7358144]
02-09 17:44:25.083 I/dvm_gc_info(27649): [7453298398305781606,-8895860470164854649,-3975124825331107795,7358144]
02-09 17:44:25.613 I/dvm_gc_info(27649): [7453298398305785729,-8904023244489451377,-3972873025517422547,7358144]
02-09 17:44:25.763 I/db_sample(27649): [/data/data/com.google.android.apps.googlevoice/databases/model.db,INSERT INTO conversation_labels(label, conversation_id) VALUES(?,0,,1]
02-09 17:44:25.823 I/db_sample(27649): [/data/data/com.google.android.apps.googlevoice/databases/model.db,INSERT INTO conversation_labels(label, conversation_id) VALUES(?,0,,1]
02-09 17:44:25.863 I/db_sample(27649): [/data/data/com.google.android.apps.googlevoice/databases/model.db,INSERT INTO labels(data, label) VALUES(?, ?);,0,,1]
02-09 17:44:26.134 I/dvm_gc_info(27649): [7453298398306023308,-8904023244489447278,-3971747125610579923,7358144]
02-09 17:44:26.134 I/db_sample(27649): [/data/data/com.google.android.apps.googlevoice/databases/model.db,COMMIT;INSERT INTO labels(data, label) VALUES(?, ?);,276,,56]
02-09 17:44:26.574 I/dvm_gc_info(27649): [7453298398305781804,-8888260645793666939,-3975406300307818451,7358144]
02-09 17:44:27.005 I/dvm_gc_info(27649): [7453298398305781793,-8904023244489463676,-3975969250261239763,7358144]
02-09 17:44:27.375 I/dvm_gc_info(27649): [7453298398305777504,-8907963894163412852,-3973435975470843859,7358144]
02-09 17:44:27.695 I/dvm_gc_info(27649): [7453298398305978309,-8911341593883940732,-3975687775284529107,7358144]
02-09 17:44:28.116 I/dvm_gc_info(27649): [7453298398305781793,-8905712094349727613,-3975969250261239763,7358144]
02-09 17:44:28.576 I/dvm_gc_info(27649): [7453298398305990567,-8897549320025118586,-3975124825331107795,7358144]
02-09 17:44:33.651 I/dvm_gc_madvise_info(27649): [1085440,126976]
02-09 17:44:34.732 I/force_gc(27841): bg
02-09 17:44:34.812 I/dvm_gc_info(27841): [8517260637557281867,-9111760369334912970,-4004961172862437331,7358131]
02-09 17:44:39.877 I/dvm_gc_madvise_info(27841): [434176,126976]
02-09 17:44:41.719 I/force_gc(27733): bg
02-09 17:44:41.799 I/dvm_gc_info(27733): [7218827569570047218,-9057434255368402888,-4001301998165198803,8103741]
02-09 17:44:46.854 I/dvm_gc_madvise_info(27733): [950272,126976]
02-09 17:44:48.696 I/force_gc(27649): bg
02-09 17:44:48.826 I/dvm_gc_info(27649): [7453298398306244283,-9053486457122822014,-3976250725237950419,7358144]
02-09 17:44:53.891 I/dvm_gc_madvise_info(27649): [1781760,126976]
02-09 17:45:04.611 I/binder_sample(27265): [android.net.wifi.IWifiManager,8,27,com.google.process.gapps,5]
02-09 17:45:09.596 I/force_gc(27282): bg
02-09 17:45:09.696 I/dvm_gc_info(27282): [7017575181485229278,-9061937854995597245,-3992013323933747155,8562721]
02-09 17:45:14.881 I/dvm_gc_madvise_info(27282): [532480,126976]
02-09 17:45:18.615 I/binder_sample( 2881): [android.net.wifi.IWifiManager,8,58,com.google.android.apps.maps:NetworkLoc,11]
02-09 17:45:32.568 I/binder_sample( 2881): [android.net.wifi.IWifiManager,8,52,com.google.android.apps.maps:NetworkLoc,10]
02-09 17:45:39.545 I/binder_sample( 2881): [android.net.wifi.IWifiManager,8,57,com.google.android.apps.maps:NetworkLoc,11]
02-09 17:46:05.711 I/binder_sample(27234): [com.android.internal.telephony.ITelephonyRegistry,8,40,com.android.phone,8]
02-09 17:46:07.412 I/binder_sample( 2881): [android.net.wifi.IWifiManager,8,37,com.google.android.apps.maps:NetworkLoc,7]
02-09 17:46:10.766 I/content_update_sample(27265): [content://com.google.android.providers.talk/s2dids,insert,,56,,12]
02-09 17:46:10.766 I/c2dm    (27265): [3,0:1328831170117212%e7a7135306862909,196,-1]
02-09 17:46:10.796 I/am_create_service(27162): [1087451856,com.google.android.gsf/.subscribedfeeds.SubscribedFeedsIntentService,act=com.google.android.c2dm.intent.RECEIVE cat=[com.google.android.gsf.subscribedfeeds],27265]
02-09 17:46:10.816 I/tickle  (27265): com.google.android.music.MusicContent
02-09 17:46:10.826 I/am_destroy_service(27162): [1087451856,com.google.android.gsf/.subscribedfeeds.SubscribedFeedsIntentService,27265]
02-09 17:46:10.856 I/sync    (27162): [com.google.android.music.MusicContent,0,0,-1565529355]
02-09 17:46:10.856 I/am_create_service(27162): [1083441440,com.google.android.music/.sync.SyncAdapterService,act=android.content.SyncAdapter,2169]
02-09 17:46:10.886 I/am_create_service(27162): [1089295152,com.google.android.music/.MusicPreferenceService$MusicPreferenceServiceBinder,act=com.google.android.music.PREFERENCE_SERVICE,2169]
02-09 17:46:10.906 I/am_destroy_service(27162): [1089295152,com.google.android.music/.MusicPreferenceService$MusicPreferenceServiceBinder,2169]
02-09 17:46:12.077 I/google_http_request( 2169): [1147,200,Android-Music/512,1]
02-09 17:46:12.387 I/google_http_request( 2169): [259,200,Android-Music/512,1]
02-09 17:46:12.507 I/dvm_gc_info( 2169): [7887337218879100552,-8925422972444694462,-4000457573235066835,7358131]
02-09 17:46:12.527 I/db_sample( 2169): [/data/data/com.google.android.music/databases/music.db,GETLOCK:SELECT LISTITEMS.Id, LISTITEMS.ListId, LISTITEMS.MusicSo,1,,1]
02-09 17:46:12.557 I/db_sample( 2169): [/data/data/com.google.android.music/databases/music.db,delete from LISTITEMS where SourceAccount=? AND SourceId=?,0,,1]
02-09 17:46:12.688 I/db_sample( 2169): [/data/data/com.google.android.music/databases/music.db,INSERT INTO RECENT(ItemDate, RecentAlbumId) VALUES(?, ?);,0,,1]
02-09 17:46:12.848 I/db_sample( 2169): [/data/data/com.google.android.music/databases/music.db,SELECT count(*) AS _count FROM LISTS,223,,45]
02-09 17:46:12.868 I/content_query_sample( 2169): [content://com.google.android.music.MusicContent/playlists,count(*),,,253,,51]
02-09 17:46:12.978 I/am_create_service(27162): [1088883192,com.google.android.music/.MusicPreferenceService$MusicPreferenceServiceBinder,act=com.google.android.music.PREFERENCE_SERVICE,2169]
02-09 17:46:12.998 I/am_destroy_service(27162): [1088883192,com.google.android.music/.MusicPreferenceService$MusicPreferenceServiceBinder,2169]
02-09 17:46:13.018 I/am_create_service(27162): [1084935464,com.google.android.music/.store.KeepOnUpdater$SyncListener,act=com.google.android.music.SYNC_COMPLETE,2169]
02-09 17:46:13.018 I/am_create_service(27162): [1087859816,com.google.android.music/.dl.artwork.ArtDownloadService,act=com.google.android.music.SYNC_COMPLETE,2169]
02-09 17:46:13.028 I/sync_details( 2169): [com.google.android.music,2281,4638,]
02-09 17:46:13.028 I/am_create_service(27162): [1089909112,com.google.android.music/.dl.NetworkMonitor,act=com.google.android.music.NETWORK_MONITOR_SERVICE,2169]
02-09 17:46:13.048 I/am_destroy_service(27162): [1084935464,com.google.android.music/.store.KeepOnUpdater$SyncListener,2169]
02-09 17:46:13.048 I/sync    (27162): [com.google.android.music.MusicContent,1,0,-1565529355]
02-09 17:46:13.058 I/am_create_service(27162): [1088788064,com.google.android.music/.MusicPreferenceService$MusicPreferenceServiceBinder,act=com.google.android.music.PREFERENCE_SERVICE,2169]
02-09 17:46:13.078 I/am_create_service(27162): [1088375056,com.google.android.music/.dl.DownloadManager$DownloadManagerService,act=com.google.android.music.NEW_SHOULDKEEPON,2169]
02-09 17:46:13.088 I/am_create_service(27162): [1087052320,com.google.android.music/.store.StoreService$StoreServiceBinder,act=com.google.android.music.STORE_SERVICE,2169]
02-09 17:46:13.098 I/am_destroy_service(27162): [1083441440,com.google.android.music/.sync.SyncAdapterService,2169]
02-09 17:46:13.098 I/notification_cancel(27162): [android,-7211098,0]
02-09 17:46:13.168 I/dvm_gc_info( 2169): [7887337218879100543,-8950755720348633021,-4000176098258356179,7358131]
02-09 17:46:13.188 I/am_create_service(27162): [1085261872,com.google.android.music/.MusicPlaybackService,,2169]
02-09 17:46:13.418 I/dvm_gc_info( 2169): [7887337218879059591,-8964829469117020090,-3999331673328224211,7358132]
02-09 17:46:13.578 I/am_create_service(27162): [1089344328,com.google.android.music/.store.RecentItemsManager$Service,act=RecentItemsManagerService.recordCurrentlyPlayed,2169]
02-09 17:46:13.629 I/am_destroy_service(27162): [1089344328,com.google.android.music/.store.RecentItemsManager$Service,2169]
02-09 17:46:13.729 I/am_destroy_service(27162): [1087859816,com.google.android.music/.dl.artwork.ArtDownloadService,2169]
02-09 17:46:18.453 I/dvm_gc_madvise_info( 2169): [131072,126976]
02-09 17:46:19.364 I/force_gc( 2169): bg
02-09 17:46:19.444 I/dvm_gc_info( 2169): [7887337218879338093,-8964266519230760894,-4000457573235066835,7358131]
02-09 17:46:19.955 I/am_destroy_service(27162): [1085261872,com.google.android.music/.MusicPlaybackService,2169]
02-09 17:46:20.005 I/am_destroy_service(27162): [1088375056,com.google.android.music/.dl.DownloadManager$DownloadManagerService,2169]
02-09 17:46:20.015 I/am_destroy_service(27162): [1087052320,com.google.android.music/.store.StoreService$StoreServiceBinder,2169]
02-09 17:46:20.015 I/am_destroy_service(27162): [1089909112,com.google.android.music/.dl.NetworkMonitor,2169]
02-09 17:46:20.015 I/am_destroy_service(27162): [1088788064,com.google.android.music/.MusicPreferenceService$MusicPreferenceServiceBinder,2169]
02-09 17:46:24.499 I/dvm_gc_madvise_info( 2169): [241664,126976]
02-09 17:47:09.893 I/db_sample( 3866): [/data/data/com.android.browser/databases/webview.db,INSERT INTO tcppreconnection(mainurl, subhostweight, subhostusec,3,,1]
02-09 17:47:10.084 I/db_sample( 3866): [/data/data/com.android.browser/databases/webview.db,INSERT INTO tcppreconnection(mainurl, subhostweight, subhostusec,64,,13]
02-09 17:47:11.455 I/db_sample( 3866): [/data/data/com.android.browser/databases/webview.db,INSERT INTO tcppreconnection(mainurl, subhostweight, subhostusec,65,,14]
02-09 17:47:17.221 I/binder_sample( 2881): [android.net.wifi.IWifiManager,8,63,com.google.android.apps.maps:NetworkLoc,12]
02-09 17:48:28.110 I/am_create_service(27162): [1088623440,com.facebook.katana/.service.FacebookService,act=com.facebook.katana.service.43,27700]
02-09 17:48:30.212 I/content_update_sample(27700): [content://com.facebook.katana.provider.CacheProvider/cache/name/notifications_history,update,,113,,23]
02-09 17:48:30.242 I/am_destroy_service(27162): [1088623440,com.facebook.katana/.service.FacebookService,27700]
02-09 17:48:33.225 I/force_gc(27700): bg
02-09 17:48:33.265 I/dvm_gc_info(27700): [7737593596605511218,-9021123296009992125,-4000457573235066835,7358131]
02-09 17:48:38.310 I/dvm_gc_madvise_info(27700): [1306624,126976]
02-09 17:48:38.770 I/binder_sample(27234): [android.os.INetStatService,2,5,com.android.phone,1]
02-09 17:48:47.909 I/binder_sample( 2881): [android.net.wifi.IWifiManager,8,56,com.google.android.apps.maps:NetworkLoc,11]
02-09 17:48:47.979 I/dvm_gc_info(27265): [7449358886915647164,-8911911486199965623,-3997079873514538963,7358174]
02-09 17:48:53.024 I/dvm_gc_madvise_info(27265): [294912,126976]
02-09 17:49:29.730 I/binder_sample(27265): [android.net.wifi.IWifiManager,8,39,com.google.process.gapps,7]
02-09 17:49:57.627 I/binder_sample(27265): [android.net.wifi.IWifiManager,8,37,com.google.process.gapps,7]
02-09 17:50:11.601 I/binder_sample( 2881): [android.net.wifi.IWifiManager,8,28,com.google.android.apps.maps:NetworkLoc,5]
02-09 17:50:46.585 I/dvm_gc_info(27162): [8320808730291689440,-8894732645642864456,-3926992604313585619,9033862]
02-09 17:50:51.660 I/dvm_gc_madvise_info(27162): [417792,126976]
02-09 17:50:52.310 I/db_sample(27265): [/data/data/com.google.android.gsf/databases/talk.db,BEGIN EXCLUSIVE;,0,,1]
02-09 17:50:52.370 I/c2dm    (27265): [3,0:1328831451522898%62cfc3ee62cfc3ee,197,-1]
02-09 17:50:52.380 I/c2dm    (27265): [-4,NULL,104,197]
02-09 17:50:52.531 I/dvm_gc_info(27220): [8320808730291631815,-8918386785372866505,-3997079873514538963,8542200]
02-09 17:50:52.991 I/dvm_gc_info(27649): [7453298398305777597,-8896141945141565306,-3975124825331107795,7358144]
02-09 17:50:53.381 I/dvm_gc_info(27649): [7453298398305785892,-8899519644862101374,-3976250725237950419,7358144]
02-09 17:50:53.942 I/dvm_gc_info(27649): [7453298398305777488,-8913030443744200563,-3973154500494133203,7358144]
02-09 17:50:54.322 I/dvm_gc_info( 2881): [7881704463072282239,-8918949391628117951,-4001301998165198803,7358131]
02-09 17:50:54.442 I/dvm_gc_info(27649): [7453298398305785853,-8911623068860634994,-3973154500494133203,7358144]
02-09 17:50:54.853 I/dvm_gc_info(27649): [7453298398305777707,-8864898222726682493,-3975969250261239763,7358144]
02-09 17:50:55.333 I/dvm_gc_info(27649): [7453298398305785788,-8897549320025118585,-3974843350354397139,7358144]
02-09 17:50:55.644 I/dvm_gc_info(27649): [7453298398305974188,-8912467493790783356,-3975687775284529107,7358144]
02-09 17:50:56.064 I/dvm_gc_info(27649): [7453298398305781793,-8904586194442884989,-3975969250261239763,7358144]
02-09 17:50:56.494 I/dvm_gc_info(27649): [7453298398305990532,-8899519644862093178,-3975124825331107795,7358144]
02-09 17:50:56.715 I/dvm_gc_info(27649): [7453298398305965970,-8922037642998945661,-3975969250261239763,7358144]
02-09 17:50:57.145 I/dvm_gc_info(27649): [7453298398305986451,-8900927019745646457,-3974843350354397139,7358144]
02-09 17:50:57.395 I/am_create_service(27162): [1089911896,com.android.mms/.transaction.SmsReceiverService,act=android.provider.Telephony.SMS_RECEIVED,27733]
02-09 17:50:57.546 I/dvm_gc_madvise_info(27220): [282624,126976]
02-09 17:50:57.576 I/dvm_gc_info(27649): [7453298398306039731,-8911904543837362044,-3975687775284529107,7358144]
02-09 17:50:57.926 I/content_query_sample(27234): [content://contacts/phones/filter/9137446943,person,,,209,,42]
02-09 17:50:57.986 I/content_update_sample(27733): [content://sms/inbox,insert,,309,,62]
02-09 17:50:58.056 I/dvm_gc_info(27649): [7453298398305785889,-8904023244489463677,-3975969250261239763,7358144]
02-09 17:50:58.396 I/db_sample(27234): [/data/data/com.android.providers.telephony/databases/mmssms.db,SELECT _id, thread_id, address, body, date, read, type, status F,299,,60]
02-09 17:50:58.426 I/content_query_sample(27733): [content://sms/conversations/1,_id/thread_id/address/body/date/read/type/status, (locked=0 AND type!=3) ,date DESC,399,,80]
02-09 17:50:58.546 I/dvm_gc_info(27649): [7453298398306011039,-8896986370071697274,-3975124825331107795,7358144]
02-09 17:50:58.587 I/notification_cancel(27162): [com.android.mms,999,0]
02-09 17:50:58.627 I/notification_cancel(27162): [com.android.mms,123,0]
02-09 17:50:58.657 I/notification_enqueue(27162): [com.android.mms,123,Notification(vibrate=default,sound=content://settings/system/notification_sound,defaults=0x6,flags=0x1)]
02-09 17:50:58.827 I/am_destroy_service(27162): [1089911896,com.android.mms/.transaction.SmsReceiverService,27733]
02-09 17:50:59.367 I/dvm_gc_madvise_info( 2881): [184320,126976]
02-09 17:51:03.631 I/dvm_gc_madvise_info(27649): [770048,126976]
02-09 17:51:06.434 I/force_gc(27841): bg
02-09 17:51:06.524 I/dvm_gc_info(27841): [8517260637557302319,-9157922265515460554,-4004961172862437331,7358131]
02-09 17:51:11.559 I/dvm_gc_madvise_info(27841): [434176,126976]
02-09 17:51:13.171 I/force_gc(27733): bg
02-09 17:51:13.241 I/dvm_gc_info(27733): [7218827569570051297,-9059404580205377480,-4001301998165198803,8103741]
02-09 17:51:18.306 I/dvm_gc_madvise_info(27733): [954368,126976]
02-09 17:51:19.327 I/force_gc(27649): bg
02-09 17:51:19.467 I/dvm_gc_info(27649): [7453298398306305702,-9212801293941053310,-3976250725237950419,7358144]
02-09 17:51:24.552 I/dvm_gc_madvise_info(27649): [1454080,126976]
02-09 17:51:33.290 I/force_gc(27282): bg
02-09 17:51:33.370 I/dvm_gc_info(27282): [7017575181485159667,-9060530480112043965,-3991731848957036499,8562721]
02-09 17:51:35.322 I/binder_sample( 2881): [android.net.wifi.IWifiManager,8,51,com.google.android.apps.maps:NetworkLoc,10]
02-09 17:51:38.425 I/dvm_gc_madvise_info(27282): [532480,126976]
02-09 17:52:28.724 I/menu_opened( 3866): 0
02-09 17:52:28.775 I/binder_sample( 3866): [android.view.IWindowSession,4,31,com.android.browser,6]
02-09 17:52:29.575 I/menu_item_selected( 3866): [0,Windows]
02-09 17:52:31.117 I/binder_sample(27265): [android.net.wifi.IWifiManager,8,39,com.google.process.gapps,7]
02-09 17:52:31.197 I/db_sample( 3866): [/data/data/com.android.browser/databases/webview.db,INSERT INTO tcppreconnection(mainurl, subhostweight, subhostusec,1,,1]
02-09 17:52:31.327 I/db_sample( 3866): [/data/data/com.android.browser/databases/webview.db,INSERT INTO tcppreconnection(mainurl, subhostweight, subhostusec,2,,1]
02-09 17:52:31.527 I/am_pause_activity(27162): [1087554000,com.android.browser/.BrowserActivity]
02-09 17:52:31.527 I/am_task_to_front(27162): 2
02-09 17:52:31.537 I/am_new_intent(27162): [1079233024,2,com.android.launcher/com.android.launcher2.Launcher,android.intent.action.MAIN,NULL,NULL,274726912]
02-09 17:52:31.537 I/db_sample( 3866): [/data/data/com.android.browser/databases/webview.db,INSERT INTO tcppreconnection(mainurl, subhostweight, subhostusec,15,,4]
02-09 17:52:31.777 I/db_sample( 3866): [/data/data/com.android.browser/databases/webview.db,INSERT INTO tcppreconnection(mainurl, subhostweight, subhostusec,2,,1]
02-09 17:52:31.817 I/dvm_gc_info( 3866): [7093854921883191093,-8911066717588666302,-3997079873514538963,7870287]
02-09 17:52:31.878 I/db_sample( 3866): [/data/data/com.android.browser/databases/webview.db,INSERT INTO tcppreconnection(mainurl, subhostweight, subhostusec,2,,1]
02-09 17:52:31.918 I/am_on_paused_called( 3866): com.android.browser.BrowserActivity
02-09 17:52:31.948 I/am_resume_activity(27162): [1080397968,2,com.android.launcher/com.android.launcher2.Launcher]
