02-09 16:57:24.672 I/notification_cancel(27162): [android,17302171,0]
02-09 16:57:45.503 I/am_create_service(27162): [1089460032,com.twitter.android/.client.AppService,act=com.twitter.android.poll.alarm cat=[SaberMage],31862]
02-09 16:57:45.603 I/am_destroy_service(27162): [1089460032,com.twitter.android/.client.AppService,31862]
02-09 16:57:45.633 I/sync    (27162): [com.twitter.android.provider.TwitterProvider,0,0,1634276467]
02-09 16:57:45.633 I/am_create_service(27162): [1089508096,com.twitter.android/.platform.TwitterDataSyncService,act=android.content.SyncAdapter,31862]
02-09 16:57:45.683 I/am_create_service(27162): [1089467608,com.twitter.android/.platform.C2DMService,act=com.twitter.android.action.c2dm.REFRESH,31862]
02-09 16:57:49.296 I/dvm_gc_info(31862): [7020659311768651372,-8925704997311502275,-4002427898072041427,7358133]
02-09 16:57:50.007 I/am_destroy_service(27162): [1089467608,com.twitter.android/.platform.C2DMService,31862]
02-09 16:57:50.537 I/db_sample(31862): [/data/data/com.twitter.android/databases/global.db,UPDATE activity_states SET tweet=? WHERE account_name=?,86,,18]
02-09 16:57:51.739 I/dvm_gc_info(31862): [7020659311768651356,-8991007191874807745,-4001864948118620115,7358131]
02-09 16:57:52.049 I/db_sample(31862): [/data/data/com.twitter.android/databases/90788718.db,COMMIT;INSERT INTO statuses(content, in_r_status_id, source, fav,93,,19]
02-09 16:57:52.209 I/am_create_service(27162): [1089688752,com.twitter.android/.client.WidgetService,act=refresh,31862]
02-09 16:57:52.289 I/content_query_sample(31862): [content://com.twitter.android.provider.TwitterProvider/status_groups_view/home/90788718?limit=20&ownerId=90788718&newer=1328823348000,_id/g_status_id/content/username/name/author_id/updated_at/source/source_url/in_r_status_id/image_url/place_name/protected/favorited/retweet_count/latitude/longitude/place_bounding/is_last/timeline/entities/type/tweet_type/sender_id/s_username/ref_id/place_type/verified/place_id/s_name/created,author_id!=?,updated_at DESC, _id ASC,55,,12]
02-09 16:57:52.309 I/am_destroy_service(27162): [1089688752,com.twitter.android/.client.WidgetService,31862]
02-09 16:57:52.329 I/sync    (27162): [com.twitter.android.provider.TwitterProvider,1,0,1634276467]
02-09 16:57:52.329 I/am_destroy_service(27162): [1089508096,com.twitter.android/.platform.TwitterDataSyncService,31862]
02-09 16:57:52.329 I/notification_cancel(27162): [android,-126782010,0]
02-09 16:57:56.784 I/dvm_gc_madvise_info(31862): [188416,126976]
02-09 16:57:57.584 I/force_gc(31862): bg
02-09 16:57:57.664 I/dvm_gc_info(31862): [7020659311768823421,-8953289545029142467,-4002146423095330771,7358136]
02-09 16:57:59.696 I/dvm_gc_info(27265): [7449358886915626664,-8916696560804018102,-3996798398537828307,7358174]
02-09 16:58:02.709 I/dvm_gc_madvise_info(31862): [270336,126976]
02-09 16:58:04.751 I/dvm_gc_madvise_info(27265): [368640,126976]
02-09 16:58:08.915 I/power_screen_state(27162): [1,3,0,0]
02-09 16:58:08.915 I/power_screen_broadcast_send(27162): 1
02-09 16:58:08.915 I/screen_toggled(27162): 1
02-09 16:58:08.935 I/am_resume_activity(27162): [1085272272,4,com.android.mms/.ui.ComposeMessageActivity]
02-09 16:58:08.935 I/am_on_resume_called(27733): com.android.mms.ui.ComposeMessageActivity
02-09 16:58:09.025 I/power_screen_broadcast_done(27162): [1,110,1]
02-09 16:58:09.076 I/notification_cancel(27162): [com.android.phone,111,0]
02-09 16:58:10.147 I/screen_toggled(27162): 2
02-09 16:58:10.177 I/c2dm    (27265): [-4,NULL,93,162]
02-09 16:58:10.247 I/db_sample(27234): [/data/data/com.android.providers.telephony/databases/mmssms.db,SELECT _id, read FROM (SELECT DISTINCT date * 1 AS normalized_da,37,,8]
02-09 16:58:10.277 I/notification_cancel(27162): [com.android.mms,999,0]
02-09 16:58:10.297 I/notification_cancel(27162): [com.android.mms,789,0]
02-09 16:58:10.327 I/force_gc(27733): Binder
02-09 16:58:10.407 I/dvm_gc_info(27733): [7218827569570047648,-8920355941710194625,-3993983648770721747,8550432]
02-09 16:58:10.407 I/content_query_sample(27733): [content://mms/inbox,,m_type=130 AND st=135,,91,,19]
02-09 16:58:10.417 I/notification_cancel(27162): [com.android.mms,531,0]
02-09 16:58:10.447 I/notification_cancel(27162): [com.android.mms,123,0]
02-09 16:58:10.927 I/c2dm    (27265): [5,NULL,163,93]
02-09 16:58:12.399 I/power_sleep_requested(27162): 1
02-09 16:58:12.629 I/power_screen_state(27162): [0,2,0,0]
02-09 16:58:12.639 I/power_screen_broadcast_send(27162): 1
02-09 16:58:12.639 I/screen_toggled(27162): 0
02-09 16:58:12.719 I/am_pause_activity(27162): [1085272272,com.android.mms/.ui.ComposeMessageActivity]
02-09 16:58:12.739 I/am_on_paused_called(27733): com.android.mms.ui.ComposeMessageActivity
02-09 16:58:12.819 I/power_screen_broadcast_done(27162): [0,170,1]
02-09 16:58:12.909 I/dvm_gc_info(27162): [8320808730291836904,-8892481189476894538,-3928681454173849555,9033858]
02-09 16:58:12.989 I/am_create_service(27162): [1089322432,com.google.android.gsf/.loginservice.GoogleLoginService,act=android.accounts.AccountAuthenticator,27265]
02-09 16:58:13.069 I/am_destroy_service(27162): [1089322432,com.google.android.gsf/.loginservice.GoogleLoginService,27265]
02-09 16:58:15.452 I/dvm_gc_madvise_info(27733): [638976,126976]
02-09 16:58:17.984 I/dvm_gc_madvise_info(27162): [200704,126976]
02-09 16:58:25.502 I/force_gc( 2881): bg
02-09 16:58:25.582 I/dvm_gc_info( 2881): [7881704463072056909,-8925423522301265857,-4001864948118620115,7358131]
02-09 16:58:30.647 I/dvm_gc_madvise_info( 2881): [184320,126976]
02-09 16:59:23.388 I/binder_sample( 2881): [android.net.wifi.IWifiManager,8,63,com.google.android.apps.maps:NetworkLoc,12]
02-09 16:59:30.355 I/binder_sample( 2881): [android.net.wifi.IWifiManager,8,24,com.google.android.apps.maps:NetworkLoc,4]
02-09 16:59:40.955 I/c2dm    (27265): [-4,NULL,94,163]
02-09 16:59:41.095 I/c2dm    (27265): [3,0:1328828368189463%62cfc3ee62cfc3ee,164,-1]
02-09 16:59:41.646 I/dvm_gc_info(27649): [7453298398305781638,-8898675219931961207,-3974280400400975827,7358144]
02-09 16:59:42.026 I/dvm_gc_info(27649): [7453298398305978367,-8907119469233280892,-3975969250261239763,7358144]
02-09 16:59:42.357 I/dvm_gc_info(27649): [7453298398305978201,-8908808319093544824,-3974843350354397139,7358144]
02-09 16:59:44.328 I/binder_sample( 2881): [android.net.wifi.IWifiManager,8,61,com.google.android.apps.maps:NetworkLoc,12]
02-09 16:59:47.411 I/dvm_gc_madvise_info(27649): [962560,126976]
02-09 16:59:49.263 I/force_gc(27649): bg
02-09 16:59:49.363 I/dvm_gc_info(27649): [7453298398306162372,-9206890319430129534,-3976532200214661075,7358144]
02-09 16:59:54.448 I/dvm_gc_madvise_info(27649): [1769472,126976]
02-09 17:00:14.478 I/battery_level(27162): [98,4156,280]
02-09 17:00:32.225 I/c2dm    (27265): [3,0:1328828419595655%e7a7135306862909,165,94]
02-09 17:00:32.285 I/am_create_service(27162): [1087623048,com.google.android.gsf/.subscribedfeeds.SubscribedFeedsIntentService,act=com.google.android.c2dm.intent.RECEIVE cat=[com.google.android.gsf.subscribedfeeds],27265]
02-09 17:00:32.295 I/tickle  (27265): com.google.android.music.MusicContent
02-09 17:00:32.305 I/am_destroy_service(27162): [1087623048,com.google.android.gsf/.subscribedfeeds.SubscribedFeedsIntentService,27265]
02-09 17:00:32.315 I/sync    (27162): [com.google.android.music.MusicContent,0,0,-1565529355]
02-09 17:00:32.325 I/am_create_service(27162): [1086510960,com.google.android.music/.sync.SyncAdapterService,act=android.content.SyncAdapter,2169]
02-09 17:00:32.355 I/am_create_service(27162): [1086284768,com.google.android.music/.MusicPreferenceService$MusicPreferenceServiceBinder,act=com.google.android.music.PREFERENCE_SERVICE,2169]
02-09 17:00:32.385 I/am_destroy_service(27162): [1086284768,com.google.android.music/.MusicPreferenceService$MusicPreferenceServiceBinder,2169]
02-09 17:00:33.526 I/google_http_request( 2169): [1127,200,Android-Music/512,1]
02-09 17:00:33.637 I/dvm_gc_info( 2169): [7887337218879059578,-8945970920689653697,-4001864948118620115,7358131]
02-09 17:00:34.187 I/google_http_request( 2169): [574,200,Android-Music/512,1]
02-09 17:00:34.758 I/dvm_gc_info( 2169): [7887337218879100512,-8970459243646674879,-4001020523188488147,7358131]
02-09 17:00:34.758 I/db_sample( 2169): [/data/data/com.google.android.music/databases/music.db,INSERT INTO RECENT(ItemDate, RecentAlbumId) VALUES(?, ?);,0,,1]
02-09 17:00:34.778 I/db_sample( 2169): [/data/data/com.google.android.music/databases/music.db,INSERT INTO RECENT(ItemDate, RecentAlbumId) VALUES(?, ?);,0,,1]
02-09 17:00:34.838 I/db_sample( 2169): [/data/data/com.google.android.music/databases/music.db,GETLOCK:SELECT count(*) AS _count FROM LISTS,222,,45]
02-09 17:00:34.838 I/content_query_sample( 2169): [content://com.google.android.music.MusicContent/playlists,count(*),,,240,,49]
02-09 17:00:34.978 I/am_create_service(27162): [1087322344,com.google.android.music/.MusicPreferenceService$MusicPreferenceServiceBinder,act=com.google.android.music.PREFERENCE_SERVICE,2169]
02-09 17:00:35.008 I/am_destroy_service(27162): [1087322344,com.google.android.music/.MusicPreferenceService$MusicPreferenceServiceBinder,2169]
02-09 17:00:35.018 I/sync_details( 2169): [com.google.android.music,2281,5957,]
02-09 17:00:35.018 I/am_create_service(27162): [1089668528,com.google.android.music/.store.KeepOnUpdater$SyncListener,act=com.google.android.music.SYNC_COMPLETE,2169]
02-09 17:00:35.028 I/am_create_service(27162): [1087041448,com.google.android.music/.dl.artwork.ArtDownloadService,act=com.google.android.music.SYNC_COMPLETE,2169]
02-09 17:00:35.038 I/db_sample( 2169): [/data/data/com.google.android.music/databases/music.db,DELETE FROM SHOULDKEEPON WHERE SHOULDKEEPON.MusicId IN (SELECT M,0,,1]
02-09 17:00:35.048 I/am_destroy_service(27162): [1089668528,com.google.android.music/.store.KeepOnUpdater$SyncListener,2169]
02-09 17:00:35.048 I/sync    (27162): [com.google.android.music.MusicContent,1,0,-1565529355]
02-09 17:00:35.048 I/am_destroy_service(27162): [1086510960,com.google.android.music/.sync.SyncAdapterService,2169]
02-09 17:00:35.048 I/notification_cancel(27162): [android,-7211098,0]
02-09 17:00:35.058 I/am_create_service(27162): [1087353600,com.google.android.music/.dl.NetworkMonitor,act=com.google.android.music.NETWORK_MONITOR_SERVICE,2169]
02-09 17:00:35.068 I/am_create_service(27162): [1088427152,com.google.android.music/.dl.DownloadManager$DownloadManagerService,act=com.google.android.music.NEW_SHOULDKEEPON,2169]
02-09 17:00:35.068 I/binder_sample( 2169): [android.app.IActivityManager,34,6,com.google.android.music:main,1]
02-09 17:00:35.088 I/am_create_service(27162): [1087753872,com.google.android.music/.MusicPreferenceService$MusicPreferenceServiceBinder,act=com.google.android.music.PREFERENCE_SERVICE,2169]
02-09 17:00:35.098 I/am_create_service(27162): [1087042128,com.google.android.music/.store.StoreService$StoreServiceBinder,act=com.google.android.music.STORE_SERVICE,2169]
02-09 17:00:35.118 I/am_create_service(27162): [1088298608,com.google.android.music/.MusicPlaybackService,,2169]
02-09 17:00:35.238 I/dvm_gc_info( 2169): [7887337218879055532,-8924578822459631553,-4001583473141909459,7358132]
02-09 17:00:35.418 I/dvm_gc_info( 2169): [7887337218879059566,-8979184967891130302,-4000457573235066835,7358131]
02-09 17:00:35.558 I/am_create_service(27162): [1088903384,com.google.android.music/.store.RecentItemsManager$Service,act=RecentItemsManagerService.recordCurrentlyPlayed,2169]
02-09 17:00:35.608 I/am_destroy_service(27162): [1088903384,com.google.android.music/.store.RecentItemsManager$Service,2169]
02-09 17:00:35.729 I/am_destroy_service(27162): [1087041448,com.google.android.music/.dl.artwork.ArtDownloadService,2169]
02-09 17:00:35.829 I/db_sample( 2169): [/data/data/com.google.android.music/databases/music.db,SELECT DISTINCT MUSIC.AlbumId FROM MUSIC WHERE AlbumArtLocation ,45,,10]
02-09 17:00:40.453 I/dvm_gc_madvise_info( 2169): [180224,126976]
02-09 17:00:41.845 I/am_destroy_service(27162): [1088298608,com.google.android.music/.MusicPlaybackService,2169]
02-09 17:00:41.895 I/am_destroy_service(27162): [1088427152,com.google.android.music/.dl.DownloadManager$DownloadManagerService,2169]
02-09 17:00:41.905 I/am_destroy_service(27162): [1087042128,com.google.android.music/.store.StoreService$StoreServiceBinder,2169]
02-09 17:00:41.905 I/am_destroy_service(27162): [1087353600,com.google.android.music/.dl.NetworkMonitor,2169]
02-09 17:00:41.905 I/am_destroy_service(27162): [1087753872,com.google.android.music/.MusicPreferenceService$MusicPreferenceServiceBinder,2169]
02-09 17:00:45.078 I/force_gc( 2169): bg
02-09 17:00:45.158 I/dvm_gc_info( 2169): [7887337218879325778,-8986784792312694721,-4001864948118620115,7358131]
02-09 17:00:50.213 I/dvm_gc_madvise_info( 2169): [274432,126976]
02-09 17:01:08.010 I/binder_sample(27265): [android.net.wifi.IWifiManager,8,38,com.google.process.gapps,7]
02-09 17:01:23.796 I/c2dm    (27265): [3,0:1328828470638117%e7a7135306862909,166,-1]
02-09 17:01:23.876 I/am_create_service(27162): [1087337096,com.google.android.gsf/.subscribedfeeds.SubscribedFeedsIntentService,act=com.google.android.c2dm.intent.RECEIVE cat=[com.google.android.gsf.subscribedfeeds],27265]
02-09 17:01:23.896 I/tickle  (27265): com.google.android.music.MusicContent
02-09 17:01:23.896 I/am_destroy_service(27162): [1087337096,com.google.android.gsf/.subscribedfeeds.SubscribedFeedsIntentService,27265]
02-09 17:01:23.906 I/sync    (27162): [com.google.android.music.MusicContent,0,0,-1565529355]
02-09 17:01:23.916 I/am_create_service(27162): [1088725256,com.google.android.music/.sync.SyncAdapterService,act=android.content.SyncAdapter,2169]
02-09 17:01:23.946 I/am_create_service(27162): [1088918032,com.google.android.music/.MusicPreferenceService$MusicPreferenceServiceBinder,act=com.google.android.music.PREFERENCE_SERVICE,2169]
02-09 17:01:23.976 I/am_destroy_service(27162): [1088918032,com.google.android.music/.MusicPreferenceService$MusicPreferenceServiceBinder,2169]
02-09 17:01:24.626 I/google_http_request( 2169): [638,200,Android-Music/512,1]
02-09 17:01:25.377 I/google_http_request( 2169): [699,200,Android-Music/512,1]
02-09 17:01:25.507 I/db_sample( 2169): [/data/data/com.google.android.music/databases/music.db,SELECT LISTITEMS.Id, LISTITEMS.ListId, LISTITEMS.MusicSourceAcco,0,,1]
02-09 17:01:25.607 I/dvm_gc_info( 2169): [7887337218879063662,-8964548269135751104,-4001301998165198803,7358131]
02-09 17:01:25.747 I/db_sample( 2169): [/data/data/com.google.android.music/databases/music.db,INSERT INTO RECENT(ItemDate, RecentAlbumId) VALUES(?, ?);,0,,1]
02-09 17:01:25.767 I/db_sample( 2169): [/data/data/com.google.android.music/databases/music.db,INSERT INTO RECENT(ItemDate, RecentAlbumId) VALUES(?, ?);,0,,1]
02-09 17:01:25.827 I/db_sample( 2169): [/data/data/com.google.android.music/databases/music.db,COMMIT;DELETE FROM RECENT WHERE RecentId IN (5276,5277),29,,6]
02-09 17:01:25.827 I/db_sample( 2169): [/data/data/com.google.android.music/databases/music.db,GETLOCK:SELECT count(*) AS _count FROM LISTS,169,,34]
02-09 17:01:25.858 I/content_query_sample( 2169): [content://com.google.android.music.MusicContent/playlists,count(*),,,204,,41]
02-09 17:01:25.938 I/am_create_service(27162): [1089535176,com.google.android.music/.MusicPreferenceService$MusicPreferenceServiceBinder,act=com.google.android.music.PREFERENCE_SERVICE,2169]
02-09 17:01:25.958 I/am_destroy_service(27162): [1089535176,com.google.android.music/.MusicPreferenceService$MusicPreferenceServiceBinder,2169]
02-09 17:01:25.968 I/sync_details( 2169): [com.google.android.music,1325,2912,]
02-09 17:01:25.978 I/am_create_service(27162): [1089505832,com.google.android.music/.store.KeepOnUpdater$SyncListener,act=com.google.android.music.SYNC_COMPLETE,2169]
02-09 17:01:25.988 I/am_create_service(27162): [1089615520,com.google.android.music/.dl.artwork.ArtDownloadService,act=com.google.android.music.SYNC_COMPLETE,2169]
02-09 17:01:25.998 I/am_create_service(27162): [1089706704,com.google.android.music/.dl.NetworkMonitor,act=com.google.android.music.NETWORK_MONITOR_SERVICE,2169]
02-09 17:01:26.018 I/am_destroy_service(27162): [1089505832,com.google.android.music/.store.KeepOnUpdater$SyncListener,2169]
02-09 17:01:26.028 I/am_create_service(27162): [1089430800,com.google.android.music/.MusicPreferenceService$MusicPreferenceServiceBinder,act=com.google.android.music.PREFERENCE_SERVICE,2169]
02-09 17:01:26.038 I/am_create_service(27162): [1088339648,com.google.android.music/.dl.DownloadManager$DownloadManagerService,act=com.google.android.music.NEW_SHOULDKEEPON,2169]
02-09 17:01:26.048 I/am_create_service(27162): [1088673072,com.google.android.music/.store.StoreService$StoreServiceBinder,act=com.google.android.music.STORE_SERVICE,2169]
02-09 17:01:26.058 I/sync    (27162): [com.google.android.music.MusicContent,1,0,-1565529355]
02-09 17:01:26.058 I/am_destroy_service(27162): [1088725256,com.google.android.music/.sync.SyncAdapterService,2169]
02-09 17:01:26.068 I/notification_cancel(27162): [android,-7211098,0]
02-09 17:01:26.078 I/am_create_service(27162): [1089745400,com.google.android.music/.MusicPlaybackService,,2169]
02-09 17:01:26.168 I/dvm_gc_info( 2169): [7887337218879104685,-8924578753723361215,-4001020523188488147,7358131]
02-09 17:01:26.348 I/dvm_gc_info( 2169): [7887337218879055483,-8965392625346394047,-4001020523188488147,7358132]
02-09 17:01:26.568 I/am_create_service(27162): [1089961456,com.google.android.music/.store.RecentItemsManager$Service,act=RecentItemsManagerService.recordCurrentlyPlayed,2169]
02-09 17:01:26.618 I/am_destroy_service(27162): [1089961456,com.google.android.music/.store.RecentItemsManager$Service,2169]
02-09 17:01:26.718 I/am_destroy_service(27162): [1089615520,com.google.android.music/.dl.artwork.ArtDownloadService,2169]
02-09 17:01:31.383 I/dvm_gc_madvise_info( 2169): [299008,126976]
02-09 17:01:32.944 I/am_destroy_service(27162): [1089745400,com.google.android.music/.MusicPlaybackService,2169]
02-09 17:01:32.984 I/am_destroy_service(27162): [1088339648,com.google.android.music/.dl.DownloadManager$DownloadManagerService,2169]
02-09 17:01:32.994 I/am_destroy_service(27162): [1088673072,com.google.android.music/.store.StoreService$StoreServiceBinder,2169]
02-09 17:01:32.994 I/am_destroy_service(27162): [1089706704,com.google.android.music/.dl.NetworkMonitor,2169]
02-09 17:01:32.994 I/am_destroy_service(27162): [1089430800,com.google.android.music/.MusicPreferenceService$MusicPreferenceServiceBinder,2169]
02-09 17:01:35.927 I/binder_sample(27265): [android.net.wifi.IWifiManager,8,34,com.google.process.gapps,6]
02-09 17:02:07.058 I/power_screen_state(27162): [1,3,0,0]
02-09 17:02:07.058 I/power_screen_broadcast_send(27162): 1
02-09 17:02:07.058 I/screen_toggled(27162): 1
02-09 17:02:07.058 I/am_resume_activity(27162): [1085272272,4,com.android.mms/.ui.ComposeMessageActivity]
02-09 17:02:07.058 I/am_on_resume_called(27733): com.android.mms.ui.ComposeMessageActivity
02-09 17:02:07.148 I/power_screen_broadcast_done(27162): [1,97,1]
02-09 17:02:07.198 I/notification_cancel(27162): [com.android.phone,111,0]
02-09 17:02:07.448 I/notification_cancel(27162): [com.android.phone,111,0]
02-09 17:02:07.558 I/dvm_gc_info(27162): [8320808730291750945,-8893607020681037644,-3928681454173849555,9033859]
02-09 17:02:08.739 I/screen_toggled(27162): 2
02-09 17:02:08.789 I/c2dm    (27265): [-4,NULL,95,166]
02-09 17:02:09.540 I/dvm_gc_info(27220): [8320808730291701419,-8920638653922785224,-3998487248398092243,8181682]
02-09 17:02:09.650 I/c2dm    (27265): [5,NULL,167,95]
02-09 17:02:09.820 I/db_sample(27282): [/data/data/com.android.providers.contacts/databases/contacts2.db,COMMIT;SELECT raw_contacts._id, data._id, contacts._id FROM data,105,,22]
02-09 17:02:11.402 I/am_finish_activity(27162): [1085272272,4,com.android.mms/.ui.ComposeMessageActivity,app-request]
02-09 17:02:11.402 I/am_pause_activity(27162): [1085272272,com.android.mms/.ui.ComposeMessageActivity]
02-09 17:02:11.412 I/am_on_paused_called(27733): com.android.mms.ui.ComposeMessageActivity
02-09 17:02:11.422 I/am_resume_activity(27162): [1084028104,4,com.android.mms/.ui.ConversationList]
02-09 17:02:11.432 I/notification_cancel(27162): [com.android.mms,239,0]
02-09 17:02:11.442 I/am_on_resume_called(27733): com.android.mms.ui.ConversationList
02-09 17:02:11.472 I/force_gc(27234): Binder
02-09 17:02:11.552 I/dvm_gc_info(27234): [8099846449757730488,-8924015185143642047,-3991168899003615187,8583206]
02-09 17:02:11.682 I/notification_cancel(27162): [com.android.mms,789,0]
02-09 17:02:11.692 I/notification_cancel(27162): [com.android.mms,123,0]
02-09 17:02:11.692 I/notification_cancel(27162): [com.android.mms,531,0]
02-09 17:02:11.692 I/notification_cancel(27162): [com.android.mms,999,0]
02-09 17:02:11.922 I/am_destroy_activity(27162): [1085272272,4,com.android.mms/.ui.ComposeMessageActivity]
02-09 17:02:12.623 I/dvm_gc_madvise_info(27162): [196608,126976]
02-09 17:02:13.894 I/am_create_activity(27162): [1083011720,4,com.android.mms/.ui.ComposeMessageActivity,NULL,NULL,content://mms-sms/conversations/1,0]
02-09 17:02:13.894 I/am_pause_activity(27162): [1084028104,com.android.mms/.ui.ConversationList]
02-09 17:02:13.914 I/am_on_paused_called(27733): com.android.mms.ui.ConversationList
02-09 17:02:13.924 I/am_restart_activity(27162): [1083011720,4,com.android.mms/.ui.ComposeMessageActivity]
02-09 17:02:14.175 I/am_on_resume_called(27733): com.android.mms.ui.ComposeMessageActivity
02-09 17:02:14.415 I/activity_launch_time(27162): [1083011720,com.android.mms/.ui.ComposeMessageActivity,496,496]
02-09 17:02:14.525 I/content_query_sample(27733): [content://com.android.contacts/contacts/lookup/0r1-2AA02A902A942A922A8E2A8E2A982AA02A922A9E/1,_id/photo_id,,,11,,3]
02-09 17:02:14.565 I/dvm_gc_madvise_info(27220): [217088,126976]
02-09 17:02:15.576 I/binder_sample(27220): [android.view.IWindowSession,4,10,com.android.systemui,2]
02-09 17:02:16.627 I/dvm_gc_madvise_info(27234): [688128,126976]
02-09 17:02:17.548 I/binder_sample(27220): [android.view.IWindowSession,4,7,com.android.systemui,1]
02-09 17:02:19.830 I/notification_cancel(27162): [com.android.mms,999,0]
02-09 17:02:19.840 I/notification_cancel(27162): [com.android.mms,789,0]
02-09 17:02:19.870 I/notification_cancel(27162): [com.android.mms,531,0]
02-09 17:02:19.880 I/notification_cancel(27162): [com.android.mms,123,0]
02-09 17:02:20.621 I/am_pause_activity(27162): [1083011720,com.android.mms/.ui.ComposeMessageActivity]
02-09 17:02:20.631 I/am_task_to_front(27162): 2
02-09 17:02:20.631 I/am_new_intent(27162): [1083470552,2,com.android.launcher/com.android.launcher2.Launcher,android.intent.action.MAIN,NULL,NULL,274726912]
02-09 17:02:20.641 I/am_on_paused_called(27733): com.android.mms.ui.ComposeMessageActivity
02-09 17:02:20.661 I/am_resume_activity(27162): [1080397968,2,com.android.launcher/com.android.launcher2.Launcher]
02-09 17:02:20.701 I/am_on_resume_called(27250): com.android.launcher2.Launcher
02-09 17:02:20.751 I/am_kill (27162): [562,android.process.media,14,too many background]
02-09 17:02:20.761 I/am_proc_died(27162): [562,android.process.media]
02-09 17:02:22.212 I/power_sleep_requested(27162): 1
02-09 17:02:22.443 I/power_screen_state(27162): [0,2,0,0]
02-09 17:02:22.453 I/power_screen_broadcast_send(27162): 1
02-09 17:02:22.463 I/screen_toggled(27162): 0
02-09 17:02:22.493 I/am_pause_activity(27162): [1080397968,com.android.launcher/com.android.launcher2.Launcher]
02-09 17:02:22.543 I/am_on_paused_called(27250): com.android.launcher2.Launcher
02-09 17:02:22.593 I/power_screen_broadcast_done(27162): [0,129,1]
02-09 17:02:22.663 I/am_create_service(27162): [1088442952,com.google.android.gsf/.loginservice.GoogleLoginService,act=android.accounts.AccountAuthenticator,27265]
02-09 17:02:22.723 I/am_destroy_service(27162): [1088442952,com.google.android.gsf/.loginservice.GoogleLoginService,27265]
02-09 17:02:29.730 I/force_gc(27282): bg
02-09 17:02:29.830 I/dvm_gc_info(27282): [7017575181485233803,-8923733641397094332,-3991450373980325843,8562721]
02-09 17:02:30.471 I/battery_level(27162): [98,4157,290]
02-09 17:02:32.012 I/am_create_service(27162): [1089513792,com.google.android.apps.maps/com.google.googlenav.prefetch.android.PrefetcherService,,379]
02-09 17:02:34.875 I/dvm_gc_madvise_info(27282): [544768,126976]
02-09 17:02:37.127 I/force_gc(  379): bg
02-09 17:02:37.257 I/dvm_gc_info(  379): [3345437233800279590,-9020280795627956162,-4002146423095330771,7358131]
02-09 17:02:42.302 I/dvm_gc_madvise_info(  379): [303104,126976]
02-09 17:02:43.683 I/force_gc(27733): bg
02-09 17:02:43.774 I/dvm_gc_info(27733): [7218827569570072285,-8920355941710243780,-3993139223840589779,8550437]
02-09 17:02:48.838 I/dvm_gc_madvise_info(27733): [712704,126976]
02-09 17:02:50.670 I/force_gc( 2881): bg
02-09 17:02:50.740 I/dvm_gc_info( 2881): [7881704463072048725,-8925423522301269954,-4001864948118620115,7358131]
02-09 17:02:55.805 I/dvm_gc_madvise_info( 2881): [217088,126976]
02-09 17:03:02.222 I/am_destroy_service(27162): [1089513792,com.google.android.apps.maps/com.google.googlenav.prefetch.android.PrefetcherService,379]
02-09 17:03:30.469 I/battery_level(27162): [98,4157,280]
02-09 17:03:36.505 I/c2dm    (27265): [-4,NULL,96,167]
02-09 17:03:36.595 I/dvm_gc_info(27265): [7449358886915659474,-8916978035780761527,-3997079873514538963,7358174]
02-09 17:03:36.605 I/c2dm    (27265): [5,NULL,168,-1]
02-09 17:03:36.615 I/c2dm    (27265): [5,NULL,169,-1]
02-09 17:03:36.735 I/c2dm    (27265): [-4,NULL,97,169]
02-09 17:03:36.925 I/c2dm    (27265): [4,NULL,170,97]
02-09 17:03:41.600 I/dvm_gc_madvise_info(27265): [323584,126976]
02-09 17:04:30.438 I/binder_sample(27265): [android.net.wifi.IWifiManager,8,47,com.google.process.gapps,9]
02-09 17:04:37.404 I/binder_sample(27265): [android.net.wifi.IWifiManager,8,40,com.google.process.gapps,8]
02-09 17:05:12.288 I/binder_sample(27265): [android.net.wifi.IWifiManager,8,36,com.google.process.gapps,7]
02-09 17:05:14.471 I/battery_level(27162): [99,4157,280]
02-09 17:05:26.242 I/binder_sample(27265): [android.net.wifi.IWifiManager,8,38,com.google.process.gapps,7]
02-09 17:05:54.199 I/binder_sample( 2881): [android.net.wifi.IWifiManager,8,51,com.google.android.apps.maps:NetworkLoc,10]
02-09 17:06:43.067 I/binder_sample( 2881): [android.net.wifi.IWifiManager,8,75,com.google.android.apps.maps:NetworkLoc,15]
02-09 17:07:18.101 I/dvm_gc_info(27162): [8320808730291759060,-8896421770431366987,-3927837029243717587,9033861]
02-09 17:07:23.206 I/dvm_gc_madvise_info(27162): [229376,126976]
02-09 17:07:45.888 I/binder_sample( 2881): [android.net.wifi.IWifiManager,8,55,com.google.android.apps.maps:NetworkLoc,11]
02-09 17:08:55.686 I/binder_sample( 2881): [android.net.wifi.IWifiManager,8,53,com.google.android.apps.maps:NetworkLoc,10]
02-09 17:09:23.794 I/power_screen_state(27162): [1,3,0,0]
02-09 17:09:23.794 I/power_screen_broadcast_send(27162): 1
02-09 17:09:23.794 I/screen_toggled(27162): 1
02-09 17:09:23.794 I/am_resume_activity(27162): [1080397968,2,com.android.launcher/com.android.launcher2.Launcher]
02-09 17:09:23.814 I/am_on_resume_called(27250): com.android.launcher2.Launcher
02-09 17:09:23.894 I/power_screen_broadcast_done(27162): [1,104,1]
02-09 17:09:23.894 I/binder_sample(27250): [android.view.IWindowSession,4,80,com.android.launcher,16]
02-09 17:09:23.974 I/notification_cancel(27162): [com.android.phone,111,0]
02-09 17:09:32.923 I/notification_cancel(27162): [com.android.phone,111,0]
02-09 17:09:42.492 I/force_gc( 2881): bg
02-09 17:09:42.572 I/dvm_gc_info( 2881): [7881704463072065121,-8922890247494076353,-4001864948118620115,7358131]
02-09 17:09:45.195 I/screen_toggled(27162): 2
02-09 17:09:45.225 I/c2dm    (27265): [-4,NULL,98,170]
02-09 17:09:45.955 I/c2dm    (27265): [5,NULL,171,98]
02-09 17:09:47.507 I/am_pause_activity(27162): [1080397968,com.android.launcher/com.android.launcher2.Launcher]
02-09 17:09:47.507 I/am_task_to_front(27162): 4
02-09 17:09:47.517 I/am_on_paused_called(27250): com.android.launcher2.Launcher
02-09 17:09:47.527 I/am_resume_activity(27162): [1083011720,4,com.android.mms/.ui.ComposeMessageActivity]
02-09 17:09:47.637 I/am_on_resume_called(27733): com.android.mms.ui.ComposeMessageActivity
02-09 17:09:47.657 I/dvm_gc_madvise_info( 2881): [208896,126976]
02-09 17:09:47.777 I/db_sample(27282): [/data/data/com.android.providers.contacts/databases/contacts2.db,SELECT _id, photo_id FROM view_contacts_restricted WHERE (_id=? ,0,,1]
02-09 17:09:47.787 I/content_query_sample(27733): [content://com.android.contacts/contacts/lookup/0r1-2AA02A902A942A922A8E2A8E2A982AA02A922A9E/1,_id/photo_id,,,10,,3]
02-09 17:09:47.897 I/content_query_sample(27733): [content://com.android.contacts/data/0,data15,,,55,,12]
02-09 17:09:47.927 I/notification_cancel(27162): [com.android.mms,999,0]
02-09 17:09:47.937 I/notification_cancel(27162): [com.android.mms,789,0]
02-09 17:09:47.977 I/notification_cancel(27162): [com.android.mms,531,0]
02-09 17:09:47.987 I/notification_cancel(27162): [com.android.mms,123,0]
02-09 17:09:48.278 I/binder_sample(27234): [com.android.internal.telephony.ITelephonyRegistry,17,14,com.android.phone,2]
02-09 17:09:48.288 I/notification_cancel(27162): [com.android.phone,111,0]
02-09 17:09:48.438 I/am_finish_activity(27162): [1083011720,4,com.android.mms/.ui.ComposeMessageActivity,app-request]
02-09 17:09:48.438 I/am_pause_activity(27162): [1083011720,com.android.mms/.ui.ComposeMessageActivity]
02-09 17:09:48.438 I/am_on_paused_called(27733): com.android.mms.ui.ComposeMessageActivity
02-09 17:09:48.448 I/am_resume_activity(27162): [1084028104,4,com.android.mms/.ui.ConversationList]
02-09 17:09:48.458 I/notification_cancel(27162): [com.android.mms,239,0]
02-09 17:09:48.458 I/am_on_resume_called(27733): com.android.mms.ui.ConversationList
02-09 17:09:48.568 I/notification_cancel(27162): [com.android.mms,789,0]
02-09 17:09:48.578 I/db_sample(27282): [/data/data/com.android.providers.contacts/databases/contacts2.db,SELECT data15 FROM view_data_restricted data WHERE (1 AND contac,0,,1]
02-09 17:09:48.608 I/force_gc(27234): Binder
02-09 17:09:48.718 I/dvm_gc_info(27234): [8099846449757882040,-8923452235190233024,-3991450373980325843,8583206]
02-09 17:09:48.728 I/notification_cancel(27162): [com.android.mms,531,0]
02-09 17:09:48.728 I/notification_cancel(27162): [com.android.mms,999,0]
02-09 17:09:48.738 I/notification_cancel(27162): [com.android.mms,123,0]
02-09 17:09:48.748 I/db_sample(27234): [/data/data/com.android.providers.telephony/databases/mmssms.db,SELECT thread_id, date, address, subject, body, dest_port FROM s,1,,1]
02-09 17:09:48.828 I/am_destroy_activity(27162): [1083011720,4,com.android.mms/.ui.ComposeMessageActivity]
02-09 17:09:50.960 I/am_create_activity(27162): [1089131240,4,com.android.mms/.ui.ComposeMessageActivity,NULL,NULL,NULL,0]
02-09 17:09:50.960 I/am_pause_activity(27162): [1084028104,com.android.mms/.ui.ConversationList]
02-09 17:09:50.980 I/am_on_paused_called(27733): com.android.mms.ui.ConversationList
02-09 17:09:50.990 I/am_restart_activity(27162): [1089131240,4,com.android.mms/.ui.ComposeMessageActivity]
02-09 17:09:51.070 I/am_on_resume_called(27733): com.android.mms.ui.ComposeMessageActivity
02-09 17:09:51.301 I/activity_launch_time(27162): [1089131240,com.android.mms/.ui.ComposeMessageActivity,318,318]
02-09 17:09:51.491 I/dvm_gc_info(27229): [7809651225003193893,-9028161957536966602,-3994546598724143059,8550436]
02-09 17:09:51.551 I/content_query_sample(27733): [content://com.android.contacts/contacts/phone_and_email_filter/null,_id/contact_id/data2/data1/data3/display_name,,times_contacted DESC,display_name,data2,494,,99]
02-09 17:09:52.662 I/db_sample(27282): [/data/data/com.android.providers.contacts/databases/contacts2.db,SELECT MIN(_id) AS _id, contact_id, data2, data1, data3, display,55,,12]
02-09 17:09:52.862 I/content_query_sample(27733): [content://com.android.contacts/data,data1/data3/display_name/contact_id/contact_presence/contact_status,PHONE_NUMBERS_EQUAL(data1,?) AND mimetype='vnd.android.cursor.item/phone_v2' AND raw_contact_id IN (SELECT raw_contact_id  FROM phone_lookup WHERE normalized_number GLOB('*')),mode_id,38,,8]
02-09 17:09:53.122 I/binder_sample(27229): [android.view.IWindowSession,3,44,com.android.inputmethod.latin,8]
02-09 17:09:53.152 I/content_query_sample(27733): [content://com.android.contacts/contacts/phone_and_email_filter/mo,_id/contact_id/data2/data1/data3/display_name,,times_contacted DESC,display_name,data2,307,,62]
02-09 17:09:53.763 I/dvm_gc_madvise_info(27234): [720896,126976]
02-09 17:09:54.724 I/content_query_sample(27733): [content://com.android.contacts/contacts/phone_and_email_filter/null,_id/contact_id/data2/data1/data3/display_name,,times_contacted DESC,display_name,data2,245,,50]
02-09 17:09:56.536 I/dvm_gc_madvise_info(27229): [573440,126976]
02-09 17:10:03.462 I/binder_sample(27733): [com.android.internal.view.IInputContextCallback,3,10,com.android.mms,2]
02-09 17:10:04.614 I/binder_sample(27234): [com.android.internal.telephony.ITelephonyRegistry,8,45,com.android.phone,9]
02-09 17:10:06.856 I/binder_sample(27234): [com.android.internal.telephony.ITelephonyRegistry,8,43,com.android.phone,8]
02-09 17:10:07.476 I/dvm_gc_info(27229): [7809651225003210319,-8942593564616918985,-3994546598724143059,8550439]
02-09 17:10:12.111 I/dvm_gc_info(27733): [7218827569569851103,-8913600542269163459,-3995672498630985683,8542167]
02-09 17:10:12.481 I/dvm_gc_madvise_info(27229): [577536,126976]
02-09 17:10:13.843 I/notification_cancel(27162): [com.android.phone,111,0]
02-09 17:10:17.046 I/binder_sample(27229): [android.view.IWindowSession,3,7,com.android.inputmethod.latin,1]
02-09 17:10:17.156 I/dvm_gc_madvise_info(27733): [724992,126976]
02-09 17:10:18.317 I/binder_sample(27229): [android.view.IWindowSession,3,13,com.android.inputmethod.latin,2]
02-09 17:10:20.930 I/force_gc(27162): Binder
02-09 17:10:21.080 I/dvm_gc_info(27162): [8320808730292209611,-8898392095285118796,-3929525879103981523,9033857]
02-09 17:10:24.073 I/notification_cancel(27162): [com.android.phone,111,0]
02-09 17:10:26.155 I/dvm_gc_madvise_info(27162): [282624,126976]
02-09 17:10:38.236 I/dvm_gc_info(27733): [7218827569569797900,-8908252517711726534,-4000457573235066835,8111932]
02-09 17:10:43.271 I/dvm_gc_madvise_info(27733): [741376,126976]
02-09 17:10:50.058 I/binder_sample(27229): [android.view.IWindowSession,4,41,com.android.inputmethod.latin,8]
02-09 17:10:50.699 I/binder_sample(27229): [android.view.IWindowSession,3,6,com.android.inputmethod.latin,1]
02-09 17:10:51.650 I/binder_sample(27229): [android.view.IWindowSession,4,23,com.android.inputmethod.latin,4]
02-09 17:10:57.255 I/binder_sample(27229): [android.view.IWindowSession,3,12,com.android.inputmethod.latin,2]
02-09 17:10:58.106 I/binder_sample(27229): [android.view.IWindowSession,4,16,com.android.inputmethod.latin,3]
02-09 17:10:59.207 I/force_gc(27250): bg
02-09 17:10:59.277 I/dvm_gc_info(27250): [7809652345805272313,-9056872954917332940,-3992013323933747155,8628272]
02-09 17:11:03.561 I/am_create_service(27162): [1087406456,com.android.mms/.transaction.SmsReceiverService,act=com.android.mms.transaction.SEND_MESSAGE,27733]
02-09 17:11:03.641 I/notification_cancel(27162): [com.android.mms,999,0]
02-09 17:11:03.681 I/notification_cancel(27162): [com.android.mms,789,0]
02-09 17:11:03.691 I/notification_cancel(27162): [com.android.mms,123,0]
02-09 17:11:03.711 I/content_query_sample(27733): [content://com.android.contacts/phone_lookup/9132005928,_id/lookup,,raw_contacts.mode_id,44,,9]
02-09 17:11:03.721 I/notification_cancel(27162): [com.android.mms,531,0]
02-09 17:11:03.801 I/force_gc(27162): Binder
02-09 17:11:03.931 I/dvm_gc_info(27162): [8320808730292111160,-8910776994260387661,-3930370304034113491,9033854]
02-09 17:11:03.962 I/content_update_sample(27733): [content://sms/258,update,,197,,40]
02-09 17:11:04.042 I/am_destroy_service(27162): [1087406456,com.android.mms/.transaction.SmsReceiverService,27733]
02-09 17:11:04.332 I/dvm_gc_madvise_info(27250): [335872,126976]
02-09 17:11:06.394 I/am_create_service(27162): [1089122720,com.android.mms/.transaction.SmsReceiverService,act=com.android.mms.transaction.MESSAGE_SENT dat=content://sms/258,27733]
02-09 17:11:06.484 I/content_query_sample(27733): [content://sms/queued,_id/thread_id/address/body/status,,date ASC,36,,8]
02-09 17:11:06.494 I/notification_cancel(27162): [com.android.mms,789,0]
02-09 17:11:06.494 I/am_destroy_service(27162): [1089122720,com.android.mms/.transaction.SmsReceiverService,27733]
02-09 17:11:07.145 I/notification_cancel(27162): [com.android.phone,111,0]
02-09 17:11:08.916 I/notification_cancel(27162): [com.android.phone,111,0]
02-09 17:11:08.976 I/dvm_gc_madvise_info(27162): [348160,126976]
02-09 17:11:15.182 I/binder_sample(27265): [android.net.wifi.IWifiManager,8,45,com.google.process.gapps,9]
02-09 17:11:15.283 I/notification_cancel(27162): [com.android.phone,111,0]
02-09 17:11:30.638 I/notification_cancel(27162): [com.android.phone,111,0]
02-09 17:11:46.043 I/notification_cancel(27162): [com.android.phone,111,0]
02-09 17:11:51.098 I/notification_cancel(27162): [com.android.phone,111,0]
02-09 17:11:56.623 I/binder_sample(27234): [com.android.internal.telephony.ITelephonyRegistry,8,47,com.android.phone,9]
02-09 17:11:58.865 I/binder_sample(27234): [com.android.internal.telephony.ITelephonyRegistry,8,45,com.android.phone,9]
02-09 17:12:11.047 I/binder_sample(27265): [android.net.wifi.IWifiManager,8,49,com.google.process.gapps,9]
02-09 17:12:16.793 I/binder_sample(27234): [com.android.internal.telephony.ITelephonyRegistry,17,10,com.android.phone,2]
02-09 17:12:16.793 I/notification_cancel(27162): [com.android.phone,111,0]
02-09 17:12:17.994 I/notification_enqueue(27162): [android,17302171,Notification(vibrate=null,sound=default,defaults=0x1,flags=0x10)]
02-09 17:12:21.837 I/binder_sample(27234): [com.android.internal.telephony.ITelephonyRegistry,6,40,com.android.phone,8]
02-09 17:12:21.858 I/notification_cancel(27162): [com.android.phone,111,0]
02-09 17:12:30.466 I/battery_level(27162): [99,4156,270]
02-09 17:12:31.957 I/notification_cancel(27162): [android,17302171,0]
02-09 17:12:40.696 I/power_sleep_requested(27162): 1
02-09 17:12:40.926 I/power_screen_state(27162): [0,2,0,0]
02-09 17:12:40.936 I/power_screen_broadcast_send(27162): 1
02-09 17:12:40.936 I/screen_toggled(27162): 0
02-09 17:12:40.976 I/am_pause_activity(27162): [1089131240,com.android.mms/.ui.ComposeMessageActivity]
02-09 17:12:40.976 I/am_on_paused_called(27733): com.android.mms.ui.ComposeMessageActivity
02-09 17:12:41.046 I/power_screen_broadcast_done(27162): [0,112,1]
02-09 17:12:41.116 I/am_create_service(27162): [1088525560,com.google.android.gsf/.loginservice.GoogleLoginService,act=android.accounts.AccountAuthenticator,27265]
02-09 17:12:41.196 I/am_destroy_service(27162): [1088525560,com.google.android.gsf/.loginservice.GoogleLoginService,27265]
02-09 17:12:41.276 I/dvm_gc_info(27265): [7449358886915606208,-8915570660897204151,-3997079873514538963,7358174]
02-09 17:12:46.331 I/dvm_gc_madvise_info(27265): [319488,126976]
02-09 17:12:50.896 I/force_gc( 2881): bg
02-09 17:12:50.986 I/dvm_gc_info( 2881): [7881704463072040533,-8924297622411212738,-4002146423095330771,7358131]
02-09 17:12:56.031 I/dvm_gc_madvise_info( 2881): [204800,126976]
02-09 17:13:06.861 I/binder_sample(27265): [android.net.wifi.IWifiManager,8,41,com.google.process.gapps,8]
02-09 17:13:06.901 I/binder_sample( 2881): [android.net.wifi.IWifiManager,8,74,com.google.android.apps.maps:NetworkLoc,14]
02-09 17:13:09.964 I/c2dm    (27265): [5,NULL,172,-1]
02-09 17:13:13.888 I/binder_sample( 2881): [android.net.wifi.IWifiManager,8,42,com.google.android.apps.maps:NetworkLoc,8]
02-09 17:13:51.125 I/c2dm    (27265): [-4,NULL,99,172]
02-09 17:13:51.265 I/c2dm    (27265): [3,0:1328829226565965%e7a7135306862909,173,-1]
02-09 17:13:51.345 I/am_create_service(27162): [1089515480,com.google.android.gsf/.subscribedfeeds.SubscribedFeedsIntentService,act=com.google.android.c2dm.intent.RECEIVE cat=[com.google.android.gsf.subscribedfeeds],27265]
02-09 17:13:51.365 I/tickle  (27265): com.google.android.music.MusicContent
02-09 17:13:51.365 I/am_destroy_service(27162): [1089515480,com.google.android.gsf/.subscribedfeeds.SubscribedFeedsIntentService,27265]
02-09 17:13:51.375 I/sync    (27162): [com.google.android.music.MusicContent,0,0,-1565529355]
02-09 17:13:51.385 I/am_create_service(27162): [1088374032,com.google.android.music/.sync.SyncAdapterService,act=android.content.SyncAdapter,2169]
02-09 17:13:51.415 I/am_create_service(27162): [1089228432,com.google.android.music/.MusicPreferenceService$MusicPreferenceServiceBinder,act=com.google.android.music.PREFERENCE_SERVICE,2169]
02-09 17:13:51.435 I/am_destroy_service(27162): [1089228432,com.google.android.music/.MusicPreferenceService$MusicPreferenceServiceBinder,2169]
02-09 17:13:52.136 I/dvm_gc_info( 2169): [7887337218879100556,-8925704653630191551,-4001020523188488147,7358131]
02-09 17:13:52.606 I/google_http_request( 2169): [1157,200,Android-Music/512,1]
02-09 17:13:53.107 I/google_http_request( 2169): [448,200,Android-Music/512,1]
02-09 17:13:53.397 I/db_sample( 2169): [/data/data/com.google.android.music/databases/music.db,INSERT INTO RECENT(ItemDate, RecentAlbumId) VALUES(?, ?);,0,,1]
02-09 17:13:53.417 I/db_sample( 2169): [/data/data/com.google.android.music/databases/music.db,INSERT INTO RECENT(ItemDate, RecentAlbumId) VALUES(?, ?);,0,,1]
02-09 17:13:53.447 I/dvm_gc_info( 2169): [7887337218879059591,-8925141703676778432,-4001301998165198803,7358131]
02-09 17:13:53.597 I/db_sample( 2169): [/data/data/com.google.android.music/databases/music.db,GETLOCK:SELECT count(*) AS _count FROM LISTS,302,,61]
02-09 17:13:53.597 I/db_sample( 2169): [/data/data/com.google.android.music/databases/music.db,SELECT count(*) AS _count FROM LISTS,303,,61]
02-09 17:13:53.747 I/am_create_service(27162): [1088399192,com.google.android.music/.MusicPreferenceService$MusicPreferenceServiceBinder,act=com.google.android.music.PREFERENCE_SERVICE,2169]
02-09 17:13:53.767 I/am_destroy_service(27162): [1088399192,com.google.android.music/.MusicPreferenceService$MusicPreferenceServiceBinder,2169]
02-09 17:13:53.787 I/am_create_service(27162): [1088536232,com.google.android.music/.store.KeepOnUpdater$SyncListener,act=com.google.android.music.SYNC_COMPLETE,2169]
02-09 17:13:53.787 I/am_create_service(27162): [1088858848,com.google.android.music/.dl.artwork.ArtDownloadService,act=com.google.android.music.SYNC_COMPLETE,2169]
02-09 17:13:53.797 I/sync_details( 2169): [com.google.android.music,2281,4764,]
02-09 17:13:53.797 I/am_create_service(27162): [1089562624,com.google.android.music/.dl.NetworkMonitor,act=com.google.android.music.NETWORK_MONITOR_SERVICE,2169]
02-09 17:13:53.817 I/am_destroy_service(27162): [1088536232,com.google.android.music/.store.KeepOnUpdater$SyncListener,2169]
02-09 17:13:53.837 I/am_create_service(27162): [1089293448,com.google.android.music/.MusicPreferenceService$MusicPreferenceServiceBinder,act=com.google.android.music.PREFERENCE_SERVICE,2169]
02-09 17:13:53.847 I/am_create_service(27162): [1087538640,com.google.android.music/.dl.DownloadManager$DownloadManagerService,act=com.google.android.music.NEW_SHOULDKEEPON,2169]
02-09 17:13:53.857 I/am_create_service(27162): [1086513368,com.google.android.music/.store.StoreService$StoreServiceBinder,act=com.google.android.music.STORE_SERVICE,2169]
02-09 17:13:53.867 I/sync    (27162): [com.google.android.music.MusicContent,1,0,-1565529355]
02-09 17:13:53.877 I/am_destroy_service(27162): [1088374032,com.google.android.music/.sync.SyncAdapterService,2169]
02-09 17:13:53.887 I/am_create_service(27162): [1087702424,com.google.android.music/.MusicPlaybackService,,2169]
02-09 17:13:53.887 I/notification_cancel(27162): [android,-7211098,0]
02-09 17:13:54.037 I/dvm_gc_info( 2169): [7887337218879190676,-8940904302355789759,-4000739048211777491,7358132]
02-09 17:13:54.047 I/db_sample( 2169): [/data/data/com.google.android.music/databases/music.db,SELECT Id, LocalCopyPath, LocalCopySize FROM MUSIC WHERE LocalCo,82,,17]
02-09 17:13:54.388 I/am_create_service(27162): [1088978744,com.google.android.music/.store.RecentItemsManager$Service,act=RecentItemsManagerService.recordCurrentlyPlayed,2169]
02-09 17:13:54.448 I/am_destroy_service(27162): [1088978744,com.google.android.music/.store.RecentItemsManager$Service,2169]
02-09 17:13:54.558 I/am_destroy_service(27162): [1088858848,com.google.android.music/.dl.artwork.ArtDownloadService,2169]
02-09 17:13:54.618 I/dvm_gc_info( 2169): [7887337218879055528,-8924860228700075968,-4001301998165198803,7358131]
02-09 17:13:59.653 I/dvm_gc_madvise_info( 2169): [262144,126976]
02-09 17:14:00.834 I/am_destroy_service(27162): [1087702424,com.google.android.music/.MusicPlaybackService,2169]
02-09 17:14:00.884 I/am_destroy_service(27162): [1087538640,com.google.android.music/.dl.DownloadManager$DownloadManagerService,2169]
02-09 17:14:00.894 I/am_destroy_service(27162): [1086513368,com.google.android.music/.store.StoreService$StoreServiceBinder,2169]
02-09 17:14:00.894 I/am_destroy_service(27162): [1089562624,com.google.android.music/.dl.NetworkMonitor,2169]
02-09 17:14:00.894 I/am_destroy_service(27162): [1089293448,com.google.android.music/.MusicPreferenceService$MusicPreferenceServiceBinder,2169]
02-09 17:14:07.661 I/force_gc( 2169): bg
02-09 17:14:07.731 I/dvm_gc_info( 2169): [7887337218879333704,-9051242493243168704,-4001583473141909459,7358131]
02-09 17:14:10.864 I/dvm_gc_info(27162): [8320808730292000674,-8898955045221762890,-3928399979197138899,9033859]
02-09 17:14:12.796 I/dvm_gc_madvise_info( 2169): [262144,126976]
02-09 17:14:15.949 I/dvm_gc_madvise_info(27162): [380928,126976]
02-09 17:14:16.700 I/binder_sample(27265): [android.net.wifi.IWifiManager,8,72,com.google.process.gapps,14]
02-09 17:14:28.611 I/force_gc( 2881): bg
02-09 17:14:28.681 I/dvm_gc_info( 2881): [7881704463072011699,-9025628614027048898,-4002146423095330771,7358131]
02-09 17:14:33.736 I/dvm_gc_madvise_info( 2881): [225280,126976]
02-09 17:16:43.212 I/binder_sample(27265): [android.net.wifi.IWifiManager,8,40,com.google.process.gapps,8]
02-09 17:17:00.349 I/db_sample(27265): [/data/data/com.google.android.gsf/databases/talk.db,COMMIT;INSERT INTO s2dRmqIds(rmq_id) VALUES(?);,53,,11]
02-09 17:17:00.359 I/c2dm    (27265): [3,0:1328829415358372%2a9664f18d09f249,174,99]
02-09 17:17:00.429 I/am_create_service(27162): [1083441392,com.facebook.katana/.c2dm.PushReceiver,act=com.google.android.c2dm.intent.RECEIVE cat=[com.facebook.katana],27700]
02-09 17:17:00.439 I/am_create_service(27162): [1087161912,com.facebook.katana/.service.FacebookService,,27700]
02-09 17:17:00.509 I/notification_enqueue(27162): [com.facebook.katana,1000,Notification(vibrate=null,sound=null,defaults=0x0,flags=0x10)]
02-09 17:17:00.529 I/am_destroy_service(27162): [1083441392,com.facebook.katana/.c2dm.PushReceiver,27700]
02-09 17:17:01.260 I/dvm_gc_info(27700): [7737593596605466221,-8938932602810435515,-3999331673328224211,7358131]
02-09 17:17:01.921 I/db_sample(27700): [/data/data/com.facebook.katana/databases/fb.db,UPDATE cache SET timestamp=?, value=? WHERE name='gk:faceweb_and,24,com.facebook.katana,5]
02-09 17:17:01.961 I/am_destroy_service(27162): [1087161912,com.facebook.katana/.service.FacebookService,27700]
02-09 17:17:06.305 I/dvm_gc_madvise_info(27700): [1241088,126976]
02-09 17:17:09.128 I/force_gc(27700): bg
02-09 17:17:09.198 I/dvm_gc_info(27700): [7737593596605683304,-8978339099549951932,-3999894623281645523,7358131]
02-09 17:17:09.578 I/db_sample(27265): [/data/data/com.google.android.gsf/databases/talk.db,COMMIT;INSERT INTO s2dRmqIds(rmq_id) VALUES(?);,54,,11]
02-09 17:17:09.578 I/c2dm    (27265): [3,0:1328829428929257%2a9664f18d09f249,175,-1]
02-09 17:17:09.658 I/am_create_service(27162): [1087798248,com.facebook.katana/.c2dm.PushReceiver,act=com.google.android.c2dm.intent.RECEIVE cat=[com.facebook.katana],27700]
02-09 17:17:09.688 I/notification_enqueue(27162): [com.facebook.katana,1000,Notification(vibrate=null,sound=null,defaults=0x0,flags=0x10)]
02-09 17:17:09.698 I/am_destroy_service(27162): [1087798248,com.facebook.katana/.c2dm.PushReceiver,27700]
02-09 17:17:11.140 I/binder_sample(27265): [android.net.wifi.IWifiManager,8,47,com.google.process.gapps,9]
02-09 17:17:14.243 I/dvm_gc_madvise_info(27700): [1302528,126976]
02-09 17:17:32.080 I/binder_sample(27265): [android.net.wifi.IWifiManager,8,39,com.google.process.gapps,7]
02-09 17:17:36.254 I/content_update_sample(27265): [content://com.google.android.providers.talk/s2dids,insert,,116,,24]
02-09 17:17:36.254 I/c2dm    (27265): [3,0:1328829450761495%2a9664f18d09f249,176,-1]
02-09 17:17:36.334 I/am_create_service(27162): [1088678352,com.facebook.katana/.c2dm.PushReceiver,act=com.google.android.c2dm.intent.RECEIVE cat=[com.facebook.katana],27700]
02-09 17:17:36.344 I/notification_enqueue(27162): [com.facebook.katana,1000,Notification(vibrate=null,sound=null,defaults=0x0,flags=0x10)]
02-09 17:17:36.364 I/am_destroy_service(27162): [1088678352,com.facebook.katana/.c2dm.PushReceiver,27700]
02-09 17:17:44.472 I/battery_status(27162): [5,2,1,2,Li-ion]
02-09 17:17:44.472 I/battery_level(27162): [100,4152,270]
02-09 17:18:41.878 I/binder_sample(27265): [android.net.wifi.IWifiManager,8,45,com.google.process.gapps,9]
02-09 17:19:13.009 I/dvm_gc_info( 2881): [7881704463071819363,-8924016147400923073,-4001583473141909459,7358131]
02-09 17:19:16.762 I/binder_sample( 2881): [android.net.wifi.IWifiManager,8,25,com.google.android.apps.maps:NetworkLoc,5]
02-09 17:19:18.044 I/dvm_gc_madvise_info( 2881): [192512,126976]
02-09 17:19:30.736 I/binder_sample(27265): [android.net.wifi.IWifiManager,8,48,com.google.process.gapps,9]
02-09 17:21:29.412 I/binder_sample( 2881): [android.net.wifi.IWifiManager,8,56,com.google.android.apps.maps:NetworkLoc,11]
02-09 17:22:43.844 I/c2dm    (27265): [3,0:1328829758045316%e7a7135306862909,177,-1]
