02-13 17:51:12.326 I/ActivityManager(  256): Starting: Intent { act=android.intent.action.ACTION_REQUEST_SHUTDOWN flg=0x10000000 cmp=android/com.android.server.ShutdownActivity (has extras) } from pid 256
02-13 17:51:12.336 W/WindowManager(  256): updateFocusedWindowLocked newFocus=Window{408d32d8 com.google.android.youtube/com.google.android.youtube.app.froyo.phone.WatchActivity paused=false} mode=3 mCurrentFocus = Window{408d32d8 com.google.android.youtube/com.google.android.youtube.app.froyo.phone.WatchActivity paused=false}
02-13 17:51:12.366 D/WifiService(  256): ACTION_BATTERY_CHANGED pluggedType: 0
02-13 17:51:12.366 D/WifiService(  256): WifiHandler, MESSAGE_UPDATE_STATE
02-13 17:51:12.366 D/WifiService(  256): isAirplaneModeOn(): false
02-13 17:51:12.366 D/WifiService(  256): updateWifiState(), wifiEnabled: true, airplaneMode: false, wifiShouldBeEnabled: true, wifiShouldBeStarted: true, strongestLockMode: 1
02-13 17:51:12.366 D/WifiService(  256): WifiHandler, MESSAGE_ENABLE_WIFI, msg.arg1: 0, msg.arg2: 1000
02-13 17:51:12.366 D/WifiService(  256): WifiHandler, MESSAGE_START_WIFI, msg.arg1: 1
02-13 17:51:12.426 I/ActivityManager(  256): No longer want com.google.android.apps.uploader (pid 672): hidden #16
02-13 17:51:12.426 W/WindowManager(  256): updateFocusedWindowLocked newFocus=null mode=0 mCurrentFocus = Window{408d32d8 com.google.android.youtube/com.google.android.youtube.app.froyo.phone.WatchActivity paused=true}
02-13 17:51:12.446 W/WindowManager(  256): updateFocusedWindowLocked newFocus=null mode=2 mCurrentFocus = null
02-13 17:51:12.446 W/WindowManager(  256): updateFocusedWindowLocked newFocus=null mode=2 mCurrentFocus = null
02-13 17:51:12.526 W/WindowManager(  256): updateFocusedWindowLocked newFocus=null mode=3 mCurrentFocus = null
02-13 17:51:12.526 W/WindowManager(  256): updateFocusedWindowLocked newFocus=null mode=3 mCurrentFocus = null
02-13 17:51:12.996 D/PowerManagerService(  256): setTimeoutLocked now=11771729 timeoutOverride=-1 nextState=3 when=11777729
02-13 17:51:13.067 W/WindowManager(  256): updateFocusedWindowLocked newFocus=Window{40a40830 Power off paused=false} mode=1 mCurrentFocus = null
02-13 17:51:13.077 W/WindowManager(  256): updateFocusedWindowLocked newFocus=Window{40a40830 Power off paused=false} mode=3 mCurrentFocus = Window{40a40830 Power off paused=false}
02-13 17:51:13.097 W/WindowManager(  256): updateFocusedWindowLocked newFocus=Window{40a40830 Power off paused=false} mode=3 mCurrentFocus = Window{40a40830 Power off paused=false}
02-13 17:51:14.438 D/StatusBarPolicy(  326): onSignalStrengthsChanged:SignalStrength: 99 0 -91 -80 -98 -15 7 99 2147483647 2147483647 2147483647 2147483647 cdma for subscription0
02-13 17:51:14.438 D/StatusBarPolicy(  326): updateSignalStrength on subscription :0
02-13 17:51:14.448 D/StatusBarPolicy(  326): StatusBarPolocy::getIconLevel -EVDO
02-13 17:51:14.448 D/StatusBarPolicy(  326): getEvdoLevel_band_six -evdoDbm:-98
02-13 17:51:14.448 D/StatusBarPolicy(  326): getEvdoLevel_band_six -evdoEcio:-15
02-13 17:51:14.458 D/StatusBarPolicy(  326): updateDataIcon subscription =0
02-13 17:51:15.469 W/WindowManager(  256): updateFocusedWindowLocked newFocus=Window{40a40830 Power off paused=false} mode=3 mCurrentFocus = Window{40a40830 Power off paused=false}
02-13 17:51:15.479 I/UsageStats(  256): Writing usage stats before shutdown...
02-13 17:51:15.519 W/BatteryStats(  256): Writing battery stats before shutdown...
02-13 17:51:16.150 D/StatusBarPolicy(  326): updateDataIcon subscription =0
02-13 17:51:16.670 D/StatusBarPolicy(  326): onSignalStrengthsChanged:SignalStrength: 99 0 -91 -80 -97 -25 7 99 2147483647 2147483647 2147483647 2147483647 cdma for subscription0
02-13 17:51:16.670 D/StatusBarPolicy(  326): updateSignalStrength on subscription :0
02-13 17:51:16.670 D/StatusBarPolicy(  326): StatusBarPolocy::getIconLevel -EVDO
02-13 17:51:16.670 D/StatusBarPolicy(  326): getEvdoLevel_band_six -evdoDbm:-97
02-13 17:51:16.670 D/StatusBarPolicy(  326): getEvdoLevel_band_six -evdoEcio:-25
02-13 17:51:17.140 I/TelephonyRegistry(  256): notifyDataConnection: anyState=2,default/INET,apnTypeState=0,iface=null,ip=null,gw=null,isDataConnectivityPossible=true,networkType=6,reason=radioTurnedOff
02-13 17:51:17.171 I/TelephonyRegistry(  256): notifyDataConnection: anyState=2,default/INET6,apnTypeState=0,iface=null,ip=null,gw=null,isDataConnectivityPossible=true,networkType=6,reason=radioTurnedOff
02-13 17:51:17.181 I/TelephonyRegistry(  256): notifyDataConnection: anyState=2,mms/INET,apnTypeState=0,iface=null,ip=null,gw=null,isDataConnectivityPossible=true,networkType=6,reason=radioTurnedOff
02-13 17:51:17.191 D/ConnectivityService(  256): ConnectivityChange for mobile: DISCONNECTED/DISCONNECTED
02-13 17:51:17.191 D/ConnectivityService(  256): Got Network Disconnected from Driver nwtype=0
02-13 17:51:17.191 D/ConnectivityService(  256): getMobileDataEnabled returning true
02-13 17:51:17.191 D/ConnectivityService(  256): Attempting to switch to WIFI
02-13 17:51:17.191 D/StatusBarPolicy(  326): Data network type changed to:6
02-13 17:51:17.201 D/StatusBarPolicy(  326): updateDataIcon subscription =0
02-13 17:51:17.201 D/StatusBarPolicy(  326): updateSignalStrength on subscription :0
02-13 17:51:17.201 D/StatusBarPolicy(  326): StatusBarPolocy::getIconLevel -EVDO
02-13 17:51:17.201 D/StatusBarPolicy(  326): getEvdoLevel_band_six -evdoDbm:-97
02-13 17:51:17.201 D/StatusBarPolicy(  326): getEvdoLevel_band_six -evdoEcio:-25
02-13 17:51:17.211 I/TelephonyRegistry(  256): notifyDataConnection: anyState=2,mms/INET6,apnTypeState=0,iface=null,ip=null,gw=null,isDataConnectivityPossible=true,networkType=6,reason=radioTurnedOff
02-13 17:51:17.221 I/TelephonyRegistry(  256): notifyDataConnection: anyState=2,supl/INET,apnTypeState=0,iface=null,ip=null,gw=null,isDataConnectivityPossible=true,networkType=6,reason=radioTurnedOff
02-13 17:51:17.241 I/TelephonyRegistry(  256): notifyDataConnection: anyState=2,supl/INET6,apnTypeState=0,iface=null,ip=null,gw=null,isDataConnectivityPossible=true,networkType=6,reason=radioTurnedOff
02-13 17:51:17.251 I/TelephonyRegistry(  256): notifyDataConnection: anyState=0,hipri/INET,apnTypeState=0,iface=null,ip=null,gw=null,isDataConnectivityPossible=true,networkType=6,reason=radioTurnedOff
02-13 17:51:17.251 D/StatusBarPolicy(  326): StatusBarPolicy onDataConnectionStateChanged to 0for nw : 6on subscription : 0
02-13 17:51:17.251 D/StatusBarPolicy(  326): Data network type changed to:6
02-13 17:51:17.251 D/StatusBarPolicy(  326): updateDataIcon subscription =0
02-13 17:51:17.261 I/TelephonyRegistry(  256): notifyDataConnection: anyState=0,hipri/INET6,apnTypeState=0,iface=null,ip=null,gw=null,isDataConnectivityPossible=true,networkType=6,reason=radioTurnedOff
02-13 17:51:17.401 I/ActivityManager(  256): Start proc com.google.android.apps.uploader for broadcast com.google.android.apps.uploader/.ConnectivityBroadcastReceiver: pid=4457 uid=10031 gids={3003}
02-13 17:51:17.461 I/ActivityManager(  256): No longer want com.sprint.w.installer (pid 564): hidden #16
02-13 17:51:17.491 W/ActivityManager(  256): Scheduling restart of crashed service com.sprint.w.installer/com.sprint.id.updater.UpdaterService in 5000ms
02-13 17:51:17.501 D/RPC     (  256): 3000008c:00050000 sending call (XID 8).
02-13 17:51:17.501 D/RPC     (  256): 3000008c:00050000 received REPLY (XID 8), grabbing mutex to wake up client.
02-13 17:51:17.501 D/RPC     (  256): 3000008c:00050000 call success.
02-13 17:51:17.501 D/RPC     (  256): 3000008c:00050000 received CALL.
02-13 17:51:17.501 D/RPC     (  256): 3000008c:00050000 dispatching RPC call (XID 134, xdr 0x40a0b8) for callback client 3100008c:00050001.
02-13 17:51:17.501 D/RPC     (  256): 3100008c:327681 sending RPC reply (XID 134)
02-13 17:51:17.501 D/RPC     (  256): 3000008c:00050000 sending call (XID 9).
02-13 17:51:17.501 D/RPC     (  256): 3000008c:00050000 received REPLY (XID 9), grabbing mutex to wake up client.
02-13 17:51:17.501 D/RPC     (  256): 3000008c:00050000 call success.
02-13 17:51:17.511 D/RPC     (  256): 3000008c:00050000 received CALL.
02-13 17:51:17.511 D/RPC     (  256): 3000008c:00050000 dispatching RPC call (XID 135, xdr 0x40a0b8) for callback client 3100008c:00050001.
02-13 17:51:17.511 D/RPC     (  256): 3100008c:327681 sending RPC reply (XID 135)
02-13 17:51:17.541 D/ConnectivityService(  256): reportNetworkCondition(0, 0)
02-13 17:51:17.541 D/ConnectivityService(  256): Inet connectivity change, net=0, condition=0,mActiveDefaultNetwork=-1
02-13 17:51:17.541 D/ConnectivityService(  256): no active default network - aborting
02-13 17:51:18.101 I/TelephonyRegistry(  256): notifyServiceState: 0 home Sprint  310099  1xRTT CSS not supported 41 4139RoamInd: 1RoamStatus(sprint): 1DefRoamInd: 160EmergOnly: false
02-13 17:51:18.101 D/StatusBarPolicy(  326): onServiceStateChanged:0 home Sprint  310099  1xRTT CSS not supported 41 4139RoamInd: 1RoamStatus(sprint): 1DefRoamInd: 160EmergOnly: falsefor subscription :0
02-13 17:51:18.101 D/StatusBarPolicy(  326): updateSignalStrength on subscription :0
02-13 17:51:18.111 D/StatusBarPolicy(  326): StatusBarPolocy::getIconLevel -CDMA
02-13 17:51:18.111 D/StatusBarPolicy(  326): getCdmaLevel_band_six -cdmaDbm:-91
02-13 17:51:18.111 D/StatusBarPolicy(  326): getCdmaLevel_band_six -cdmaEcio:-80
02-13 17:51:18.161 D/StatusBarPolicy(  326): updateDataIcon subscription =0
02-13 17:51:18.212 I/TelephonyRegistry(  256): notifyServiceState: 3 home null null null  Unknown CSS not supported -1 -1RoamInd: -1RoamStatus(sprint): -1DefRoamInd: -1EmergOnly: false
02-13 17:51:18.232 D/StatusBarPolicy(  326): onServiceStateChanged:3 home null null null  Unknown CSS not supported -1 -1RoamInd: -1RoamStatus(sprint): -1DefRoamInd: -1EmergOnly: falsefor subscription :0
02-13 17:51:18.232 D/StatusBarPolicy(  326): updateSignalStrength on subscription :0
02-13 17:51:18.242 D/StatusBarPolicy(  326): updateDataIcon subscription =0
02-13 17:51:18.262 I/TelephonyRegistry(  256): notifyDataConnection: anyState=0,default/INET,apnTypeState=0,iface=null,ip=null,gw=null,isDataConnectivityPossible=false,networkType=0,reason=radioTechnologyChanged
02-13 17:51:18.282 D/StatusBarPolicy(  326): StatusBarPolicy onDataConnectionStateChanged to 0for nw : 0on subscription : 0
02-13 17:51:18.282 D/StatusBarPolicy(  326): Data network type changed to:0
02-13 17:51:18.282 D/StatusBarPolicy(  326): updateDataIcon subscription =0
02-13 17:51:18.282 I/TelephonyRegistry(  256): notifyDataConnection: anyState=0,default/INET6,apnTypeState=0,iface=null,ip=null,gw=null,isDataConnectivityPossible=false,networkType=0,reason=radioTechnologyChanged
02-13 17:51:18.302 I/TelephonyRegistry(  256): notifyDataConnection: anyState=0,mms/INET,apnTypeState=0,iface=null,ip=null,gw=null,isDataConnectivityPossible=false,networkType=0,reason=radioTechnologyChanged
02-13 17:51:18.312 I/TelephonyRegistry(  256): notifyDataConnection: anyState=0,mms/INET6,apnTypeState=0,iface=null,ip=null,gw=null,isDataConnectivityPossible=false,networkType=0,reason=radioTechnologyChanged
02-13 17:51:18.332 I/TelephonyRegistry(  256): notifyDataConnection: anyState=0,supl/INET,apnTypeState=0,iface=null,ip=null,gw=null,isDataConnectivityPossible=false,networkType=0,reason=radioTechnologyChanged
02-13 17:51:18.342 I/TelephonyRegistry(  256): notifyDataConnection: anyState=0,supl/INET6,apnTypeState=0,iface=null,ip=null,gw=null,isDataConnectivityPossible=false,networkType=0,reason=radioTechnologyChanged
02-13 17:51:18.352 I/TelephonyRegistry(  256): notifyDataConnection: anyState=0,dun/INET,apnTypeState=0,iface=null,ip=null,gw=null,isDataConnectivityPossible=false,networkType=0,reason=radioTechnologyChanged
02-13 17:51:18.372 I/TelephonyRegistry(  256): notifyDataConnection: anyState=0,dun/INET6,apnTypeState=0,iface=null,ip=null,gw=null,isDataConnectivityPossible=false,networkType=0,reason=radioTechnologyChanged
02-13 17:51:18.382 I/TelephonyRegistry(  256): notifyDataConnection: anyState=0,hipri/INET,apnTypeState=0,iface=null,ip=null,gw=null,isDataConnectivityPossible=false,networkType=0,reason=radioTechnologyChanged
02-13 17:51:18.392 I/TelephonyRegistry(  256): notifyDataConnection: anyState=0,hipri/INET6,apnTypeState=0,iface=null,ip=null,gw=null,isDataConnectivityPossible=false,networkType=0,reason=radioTechnologyChanged
02-13 17:51:18.522 D/PowerManagerService(  256): setTimeoutLocked now=11777730 timeoutOverride=-1 nextState=1 when=11884730
02-13 17:51:18.912 D/StatusBarPolicy(  326): onSignalStrengthsChanged:SignalStrength: 99 0 -120 -160 -120 -1 7 99 2147483647 2147483647 2147483647 2147483647 cdma for subscription0
02-13 17:51:18.922 D/StatusBarPolicy(  326): updateSignalStrength on subscription :0
02-13 17:51:22.546 I/ActivityManager(  256): Start proc com.sprint.w.installer for service com.sprint.w.installer/com.sprint.id.updater.UpdaterService: pid=4467 uid=10014 gids={3003, 1015}
02-13 17:51:25.008 D/ConnectivityService(  256): Dropping ConnectivityChange for WIFI: DISCONNECTED/SCANNING
02-13 17:51:25.989 D/ConnectivityService(  256): Dropping ConnectivityChange for WIFI: DISCONNECTED/IDLE
02-13 17:51:29.112 I/MountService(  256): Shutting down
02-13 17:51:29.112 E/MountService(  256): rms:add /mnt/sdcard
02-13 17:51:29.122 D/VoldConnector(  256): SND -> {asec list} {null}
02-13 17:51:29.122 D/VoldCmdListener(  111): asec list
02-13 17:51:29.132 D/VoldConnector(  256): RCV <- {200 asec operation succeeded}
02-13 17:51:29.132 D/VoldConnector(  256): RSP <- {200 asec operation succeeded}
02-13 17:51:29.132 D/VoldConnector(  256): List terminated with {200 asec operation succeeded}
02-13 17:51:29.192 D/VoldConnector(  256): SND -> {storage users /mnt/sdcard} {null}
02-13 17:51:29.192 D/VoldCmdListener(  111): storage users /mnt/sdcard
02-13 17:51:29.292 D/VoldConnector(  256): RCV <- {112 764 com.google.android.apps.maps}
02-13 17:51:29.292 D/VoldConnector(  256): RSP <- {112 764 com.google.android.apps.maps}
02-13 17:51:29.322 D/VoldConnector(  256): RCV <- {200 Storage user list complete}
02-13 17:51:29.322 D/VoldConnector(  256): RSP <- {200 Storage user list complete}
02-13 17:51:29.322 D/VoldConnector(  256): List terminated with {200 Storage user list complete}
02-13 17:51:29.322 W/ActivityManager(  256): Killing processes unmount media at adjustment 7
02-13 17:51:29.322 W/ActivityManager(  256): Killing ProcessRecord{407a5cf8 764:com.google.android.apps.maps/10033} (adj 11): unmount media
02-13 17:51:29.322 D/VoldConnector(  256): SND -> {storage users /mnt/sdcard} {null}
02-13 17:51:29.322 D/VoldCmdListener(  111): storage users /mnt/sdcard
02-13 17:51:29.432 D/VoldConnector(  256): RCV <- {200 Storage user list complete}
02-13 17:51:29.432 D/VoldConnector(  256): RSP <- {200 Storage user list complete}
02-13 17:51:29.432 D/VoldConnector(  256): List terminated with {200 Storage user list complete}
02-13 17:51:29.513 D/VoldConnector(  256): SND -> {volume unmount /mnt/sdcard force} {null}
02-13 17:51:29.513 D/VoldCmdListener(  111): volume unmount /mnt/sdcard force
02-13 17:51:29.513 D/Vold    (  111): Volume sdcard state changing 4 (Mounted) -> 5 (Unmounting)
02-13 17:51:29.513 D/VoldConnector(  256): RCV <- {605 Volume sdcard /mnt/sdcard state changed from 4 (Mounted) to 5 (Unmounting)}
02-13 17:51:29.533 I/StorageNotification(  326): Media {/mnt/sdcard} state changed from {mounted} -> {unmounted}
02-13 17:51:29.543 I/ActivityManager(  256): Start proc com.cooliris.media for broadcast com.cooliris.media/com.cooliris.cache.BootReceiver: pid=4474 uid=10046 gids={1015, 3003}
02-13 17:51:30.584 I/Vold    (  111): /mnt/secure/staging/.android_secure sucessfully unmounted
02-13 17:51:30.584 I/Vold    (  111): /mnt/secure/asec sucessfully unmounted
02-13 17:51:30.954 I/Vold    (  111): /mnt/secure/staging sucessfully unmounted
02-13 17:51:30.954 I/Vold    (  111): /mnt/sdcard unmounted sucessfully
02-13 17:51:30.954 D/Vold    (  111): Volume sdcard state changing 5 (Unmounting) -> 1 (Idle-Unmounted)
02-13 17:51:30.954 D/VoldConnector(  256): RCV <- {605 Volume sdcard /mnt/sdcard state changed from 5 (Unmounting) to 1 (Idle-Unmounted)}
02-13 17:51:30.954 W/MountService(  256): Duplicate state transition (unmounted -> unmounted)
02-13 17:51:30.964 D/VoldConnector(  256): RCV <- {200 volume operation succeeded}
02-13 17:51:30.964 D/VoldConnector(  256): RSP <- {200 volume operation succeeded}
02-13 17:51:31.595 D/VoldConnector(  256): SND -> {volume shared /mnt/sdcard ums} {null}
02-13 17:51:31.595 D/VoldCmdListener(  111): volume shared /mnt/sdcard ums
02-13 17:51:31.595 D/VoldConnector(  256): RCV <- {212 Share disabled}
02-13 17:51:31.595 D/VoldConnector(  256): RSP <- {212 Share disabled}
