02-13 14:14:20.517 I/MediaScanner(  517): doScanFile the temppath: /system/media/audio/ringtones/SpringyJalopy.ogg
02-13 14:14:20.517 I/MediaScanner(  517): doScanFile the temppath: /system/media/audio/ringtones/Terminated.ogg
02-13 14:14:20.517 I/MediaScanner(  517): doScanFile the temppath: /system/media/audio/ringtones/TwirlAway.ogg
02-13 14:14:20.517 I/MediaScanner(  517): doScanFile the temppath: /system/media/audio/ringtones/VeryAlarmed.ogg
02-13 14:14:20.517 I/MediaScanner(  517): doScanFile the temppath: /system/media/audio/ringtones/World.ogg
02-13 14:14:20.517 I/MediaScanner(  517): doScanFile the temppath: /system/media/audio/ui/Dock.ogg
02-13 14:14:20.517 I/MediaScanner(  517): doScanFile the temppath: /system/media/audio/ui/Effect_Tick.ogg
02-13 14:14:20.517 I/MediaScanner(  517): doScanFile the temppath: /system/media/audio/ui/KeypressDelete.ogg
02-13 14:14:20.517 I/MediaScanner(  517): doScanFile the temppath: /system/media/audio/ui/KeypressReturn.ogg
02-13 14:14:20.517 I/MediaScanner(  517): doScanFile the temppath: /system/media/audio/ui/KeypressSpacebar.ogg
02-13 14:14:20.517 I/MediaScanner(  517): doScanFile the temppath: /system/media/audio/ui/KeypressStandard.ogg
02-13 14:14:20.527 I/MediaScanner(  517): doScanFile the temppath: /system/media/audio/ui/Lock.ogg
02-13 14:14:20.527 I/MediaScanner(  517): doScanFile the temppath: /system/media/audio/ui/LowBattery.ogg
02-13 14:14:20.527 I/MediaScanner(  517): doScanFile the temppath: /system/media/audio/ui/Undock.ogg
02-13 14:14:20.527 I/MediaScanner(  517): doScanFile the temppath: /system/media/audio/ui/Unlock.ogg
02-13 14:14:20.527 I/MediaScanner(  517): doScanFile the temppath: /system/media/audio/ui/VideoRecord.ogg
02-13 14:14:20.527 I/MediaScanner(  517): doScanFile the temppath: /system/media/audio/ui/camera_click.ogg
02-13 14:14:20.527 I/MediaScanner(  517): doScanFile the temppath: /system/media/audio/ui/camera_click_2.ogg
02-13 14:14:20.557 I/RlzPingService(  459): Setting next ping for 1329768860494
02-13 14:14:20.557 D/AlarmManager(  256): +++Alarm set:type=0 com.google.android.partnersetup  Trigger after:604799931ms
02-13 14:14:20.577 I/MediaScanner(  517): doScanFile the temppath: /system/media/audio/ui/camera_click_3.ogg
02-13 14:14:20.607 I/MediaScanner(  517): doScanFile the temppath: /system/media/audio/ui/playtone1.ogg
02-13 14:14:20.607 I/MediaScanner(  517): doScanFile the temppath: /system/media/audio/ui/playtone2.ogg
02-13 14:14:20.607 I/MediaScanner(  517): doScanFile the temppath: /system/media/audio/ui/playtone3.ogg
02-13 14:14:20.617 D/MediaScanner(  517):  prescan time: 435ms
02-13 14:14:20.617 D/MediaScanner(  517):     scan time: 443ms
02-13 14:14:20.617 D/MediaScanner(  517): postscan time: 5ms
02-13 14:14:20.617 D/MediaScanner(  517):    total time: 883ms
02-13 14:14:20.707 D/DATA    (  344): [DSST(0)] pollstate() : reason = data network state changed
02-13 14:14:20.797 I/ActivityThread(  608): Pub gmail-ls: com.google.android.gm.provider.MailProvider
02-13 14:14:20.827 D/MobileDataStateTracker(  256): [hipri]  MobileDataStateReceiver onReceive(): Entry.
02-13 14:14:20.827 D/MobileDataStateTracker(  256): [hipri]  intent.getAction()= android.intent.action.SERVICE_STATE
02-13 14:14:20.827 D/MobileDataStateTracker(  256): [hipri]  mEnabled = false
02-13 14:14:20.827 D/MobileDataStateTracker(  256): [dun]  MobileDataStateReceiver onReceive(): Entry.
02-13 14:14:20.827 D/MobileDataStateTracker(  256): [dun]  intent.getAction()= android.intent.action.SERVICE_STATE
02-13 14:14:20.827 D/MobileDataStateTracker(  256): [dun]  mEnabled = false
02-13 14:14:20.827 D/MobileDataStateTracker(  256): [supl]  MobileDataStateReceiver onReceive(): Entry.
02-13 14:14:20.827 D/MobileDataStateTracker(  256): [supl]  intent.getAction()= android.intent.action.SERVICE_STATE
02-13 14:14:20.827 D/MobileDataStateTracker(  256): [supl]  mEnabled = false
02-13 14:14:20.827 D/MobileDataStateTracker(  256): [mms]  MobileDataStateReceiver onReceive(): Entry.
02-13 14:14:20.827 D/MobileDataStateTracker(  256): [mms]  intent.getAction()= android.intent.action.SERVICE_STATE
02-13 14:14:20.827 D/MobileDataStateTracker(  256): [mms]  mEnabled = false
02-13 14:14:20.827 D/MobileDataStateTracker(  256): [default]  MobileDataStateReceiver onReceive(): Entry.
02-13 14:14:20.827 D/MobileDataStateTracker(  256): [default]  intent.getAction()= android.intent.action.SERVICE_STATE
02-13 14:14:20.827 D/MobileDataStateTracker(  256): [default]  mEnabled = true
02-13 14:14:20.837 D/DATA    (  344): [DSST(0)]  registrationState = 1  radioTechnology = 6 reasonForDenial = 0
02-13 14:14:20.837 D/DATA    (  344): [DSST(0)]  set mNewDataConnectionState = 0
02-13 14:14:20.837 D/DATA    (  344): [DSST(0)]  mNewDataConnectionState : 0  mDataConnectionState : 0
02-13 14:14:20.837 D/DATA    (  344): [DSST(0)] Poll ServiceState done: oldSS=[0 home null null null  1xRTT CSS not supported -1 -1RoamInd: -1RoamStatus(sprint): -1DefRoamInd: -1EmergOnly: false] newSS=[0 home null null null  1xRTT CSS not supported -1 -1RoamInd: -1RoamStatus(sprint): -1DefRoamInd: -1EmergOnly: false]
02-13 14:14:20.837 D/DATA    (  344): [DSST(0)]  mDataConnectionState = 0
02-13 14:14:20.837 D/CallManager(  344):  handleMessage (EVENT_SERVICE_STATE_CHANGED)
02-13 14:14:20.837 E/BT HS/HF(  344): SERVICE_STATE_CHANGED called
02-13 14:14:20.837 E/BT HS/HF(  344): updateServiceState called, sendUpdate:false  ServiceState:0 home Sprint  310099  1xRTT CSS not supported 41 4139RoamInd: 1RoamStatus(sprint): 1DefRoamInd: 160EmergOnly: false
02-13 14:14:20.837 E/BT HS/HF(  344): service:1 mService:1
02-13 14:14:20.837 I/ActivityThread(  608): Pub com.google.android.gm.attachmentspreviews: com.google.android.gm.AttachmentPreviewProvider
02-13 14:14:20.837 I/ActivityThread(  608): Pub com.google.android.gmail.SuggestionProvider: com.google.android.gm.SuggestionsProvider
02-13 14:14:20.847 I/ActivityThread(  608): Pub gmail-downloads: com.google.android.gm.downloadprovider.DownloadProvider
02-13 14:14:20.957 D/Mms     (  579): currentRoamingStatus:1
02-13 14:14:21.027 I/ActivityThread(  619): Pub com.dataviz.dxtg.documentprovider: com.dataviz.dxtg.common.android.DocumentContentProvider
02-13 14:14:21.037 I/ActivityThread(  619): Pub com.dataviz.docstogo.shregi: com.dataviz.dxtg.common.android.RegistrationInfoShare
02-13 14:14:21.037 D/MediaScannerService(  517): done scanning volume internal
02-13 14:14:21.107 I/Documents To Go(  619): Phone Boot Received
02-13 14:14:21.317 E/BootReceiver(  408): Contacts,BootReceiver
02-13 14:14:21.327 E/BootReceiver(  408): start group load service
02-13 14:14:21.338 E/BootReceiver(  408): oncreate before calling function of doPreSotred()
02-13 14:14:21.338 E/BootReceiver(  408): name and number have been prestored before
02-13 14:14:21.338 E/BootReceiver(  408): oncreate after calling function of doPreSotred()
02-13 14:14:21.338 E/LoadGroupService(  408): LoadGroupService execute
02-13 14:14:21.408 I/CameraBoot(  629): Start Camera application
02-13 14:14:21.458 I/ActivityThread(  636): Pub com.android.calendar: com.android.providers.calendar.CalendarProvider2
02-13 14:14:21.508 D/Email   (  527): BOOT_COMPLETED
02-13 14:14:21.508 D/LoadGroupService(  408): importGroups, getLoadStatus status = 1
02-13 14:14:21.508 D/Email   (  527): BOOT_COMPLETED Time Initialication
02-13 14:14:21.508 D/Email   (  527): BOOT_COMPLETED Time Initialication end
02-13 14:14:21.508 E/LoadGroupService(  408): doPreSotred import_status =1
02-13 14:14:21.508 D/Email   (  527): BOOT_COMPLETED Begin Service
02-13 14:14:21.538 E/LoadGroupService(  408): groups have been imported before
02-13 14:14:21.718 D/Email   (  527): BOOT_COMPLETED End
02-13 14:14:21.718 D/AlertReceiver(  645): onReceive: a=android.intent.action.BOOT_COMPLETED Intent { act=android.intent.action.BOOT_COMPLETED cmp=com.android.calendar/.AlertReceiver }
02-13 14:14:21.798 D/EAS SyncManager(  527): !!! EAS SyncManager, onCreate
02-13 14:14:21.808 D/AlertService(  645): 0 Action = android.intent.action.BOOT_COMPLETED
02-13 14:14:21.838 D/EAS SyncManager(  527): !!! EAS SyncManager, onStartCommand
02-13 14:14:21.848 D/EAS SyncManager(  527): !!! EAS SyncManager, stopping self
02-13 14:14:21.858 D/EAS SyncManager(  527): !!! EAS SyncManager, onDestroy
02-13 14:14:22.168 W/MessageQueue(  608): Handler{4054ee00} sending message to a Handler on a dead thread
02-13 14:14:22.168 W/MessageQueue(  608): java.lang.RuntimeException: Handler{4054ee00} sending message to a Handler on a dead thread
02-13 14:14:22.168 W/MessageQueue(  608): 	at android.os.MessageQueue.enqueueMessage(MessageQueue.java:196)
02-13 14:14:22.168 W/MessageQueue(  608): 	at android.os.Handler.sendMessageAtTime(Handler.java:457)
02-13 14:14:22.168 W/MessageQueue(  608): 	at android.os.Handler.sendMessageDelayed(Handler.java:430)
02-13 14:14:22.168 W/MessageQueue(  608): 	at android.os.Handler.post(Handler.java:248)
02-13 14:14:22.168 W/MessageQueue(  608): 	at android.accounts.AccountManager$BaseFutureTask.postRunnableToHandler(AccountManager.java:1327)
02-13 14:14:22.168 W/MessageQueue(  608): 	at android.accounts.AccountManager$Future2Task.done(AccountManager.java:1375)
02-13 14:14:22.168 W/MessageQueue(  608): 	at java.util.concurrent.FutureTask$Sync.innerSet(FutureTask.java:253)
02-13 14:14:22.168 W/MessageQueue(  608): 	at java.util.concurrent.FutureTask.set(FutureTask.java:113)
02-13 14:14:22.168 W/MessageQueue(  608): 	at android.accounts.AccountManager$BaseFutureTask.access$700(AccountManager.java:1307)
02-13 14:14:22.168 W/MessageQueue(  608): 	at android.accounts.AccountManager$BaseFutureTask$Response.onResult(AccountManager.java:1345)
02-13 14:14:22.168 W/MessageQueue(  608): 	at android.accounts.IAccountManagerResponse$Stub.onTransact(IAccountManagerResponse.java:59)
02-13 14:14:22.168 W/MessageQueue(  608): 	at android.os.Binder.execTransact(Binder.java:320)
02-13 14:14:22.168 W/MessageQueue(  608): 	at dalvik.system.NativeStart.run(Native Method)
02-13 14:14:22.208 D/AlarmManager(  256): +++Alarm set:type=2 com.google.android.apps.maps  Trigger after:900000ms
02-13 14:14:22.318 I/LL      (  662): Tag: V3Client
02-13 14:14:22.318 I/V3Client(  662): LocationLabsApplication.onCreate() uptime: 42344 elapsedRealtime: 42333
02-13 14:14:22.379 I/V3Client(  662): com.locationlabs.v3client onCreate() version: 310/3.1 3.1:2012.01.01-17.06(r164312) prod sparkle build@ldbuild1
02-13 14:14:22.449 I/V3Client(  662): doStartup(20000)
02-13 14:14:22.579 D/Calendar(  636): missed alarms found: 0
02-13 14:14:22.589 D/AlarmManager(  256): +++Alarm set:type=2 com.locationlabs.v3client  Trigger after:19995ms
02-13 14:14:22.589 I/V3Client(  662): Boot intent received
02-13 14:14:22.589 D/Calendar(  645): missed alarms found: 0
02-13 14:14:22.639 D/AlertService(  645): No fired or scheduled alerts
02-13 14:14:22.899 I/vDM     (  467): Vdmc getInstance
02-13 14:14:22.919 I/vDM     (  467): <MyATCommand.java> MyATCommand() construct
02-13 14:14:22.919 I/vDM     (  467): VdmcLawmo#checkLock
02-13 14:14:22.959 D/DATA    (  344): [DSST(0)] pollstate() : reason = data network state changed
02-13 14:14:23.009 D/MobileDataStateTracker(  256): [hipri]  MobileDataStateReceiver onReceive(): Entry.
02-13 14:14:23.009 D/MobileDataStateTracker(  256): [hipri]  intent.getAction()= android.intent.action.SERVICE_STATE
02-13 14:14:23.009 D/MobileDataStateTracker(  256): [hipri]  mEnabled = false
02-13 14:14:23.009 D/MobileDataStateTracker(  256): [dun]  MobileDataStateReceiver onReceive(): Entry.
02-13 14:14:23.009 D/MobileDataStateTracker(  256): [dun]  intent.getAction()= android.intent.action.SERVICE_STATE
02-13 14:14:23.009 D/MobileDataStateTracker(  256): [dun]  mEnabled = false
02-13 14:14:23.009 D/MobileDataStateTracker(  256): [supl]  MobileDataStateReceiver onReceive(): Entry.
02-13 14:14:23.009 D/MobileDataStateTracker(  256): [supl]  intent.getAction()= android.intent.action.SERVICE_STATE
02-13 14:14:23.009 D/MobileDataStateTracker(  256): [supl]  mEnabled = false
02-13 14:14:23.009 D/MobileDataStateTracker(  256): [mms]  MobileDataStateReceiver onReceive(): Entry.
02-13 14:14:23.019 D/MobileDataStateTracker(  256): [mms]  intent.getAction()= android.intent.action.SERVICE_STATE
02-13 14:14:23.019 D/MobileDataStateTracker(  256): [mms]  mEnabled = false
02-13 14:14:23.019 D/MobileDataStateTracker(  256): [default]  MobileDataStateReceiver onReceive(): Entry.
02-13 14:14:23.019 D/MobileDataStateTracker(  256): [default]  intent.getAction()= android.intent.action.SERVICE_STATE
02-13 14:14:23.019 D/MobileDataStateTracker(  256): [default]  mEnabled = true
02-13 14:14:23.019 D/DATA    (  344): [DSST(0)]  registrationState = 1  radioTechnology = 6 reasonForDenial = 0
02-13 14:14:23.019 D/DATA    (  344): [DSST(0)]  set mNewDataConnectionState = 0
02-13 14:14:23.019 D/DATA    (  344): [DSST(0)]  mNewDataConnectionState : 0  mDataConnectionState : 0
02-13 14:14:23.019 D/DATA    (  344): [DSST(0)] Poll ServiceState done: oldSS=[0 home null null null  1xRTT CSS not supported -1 -1RoamInd: -1RoamStatus(sprint): -1DefRoamInd: -1EmergOnly: false] newSS=[0 home null null null  1xRTT CSS not supported -1 -1RoamInd: -1RoamStatus(sprint): -1DefRoamInd: -1EmergOnly: false]
02-13 14:14:23.019 D/DATA    (  344): [DSST(0)]  mDataConnectionState = 0
02-13 14:14:23.019 D/CallManager(  344):  handleMessage (EVENT_SERVICE_STATE_CHANGED)
02-13 14:14:23.019 E/BT HS/HF(  344): SERVICE_STATE_CHANGED called
02-13 14:14:23.019 E/BT HS/HF(  344): updateServiceState called, sendUpdate:false  ServiceState:0 home Sprint  310099  1xRTT CSS not supported 41 4139RoamInd: 1RoamStatus(sprint): 1DefRoamInd: 160EmergOnly: false
02-13 14:14:23.019 E/BT HS/HF(  344): service:1 mService:1
02-13 14:14:23.059 D/QC_NV_ITEMS(  467): QcNvItems instance created.
02-13 14:14:23.079 D/Mms     (  579): currentRoamingStatus:1
02-13 14:14:23.079 I/QC_RIL_OEM_HOOK(  467): QcRilOemHook Service Created Successfully
02-13 14:14:23.089 D/QC_NV_ITEMS(  467): ### getPhoneLocked()
02-13 14:14:23.089 D/QC_RIL_OEM_HOOK(  467): sendRilOemHookMsg: itemIdTemp81
02-13 14:14:23.089 D/QC_NV_ITEMS(  467): Received: 00
02-13 14:14:23.089 D/QC_NV_ITEMS(  467): val=0
02-13 14:14:23.089 I/vDM     (  467): VdmcLawmo#checkLock unlock
02-13 14:14:23.099 I/vDM     (  467): Vdmc none AirPlane
02-13 14:14:23.099 I/DMC     (  467): Vdmc showHfaUI
02-13 14:14:23.099 D/QC_NV_ITEMS(  467): QcNvItems instance created.
02-13 14:14:23.099 I/QC_RIL_OEM_HOOK(  467): QcRilOemHook Service Created Successfully
02-13 14:14:23.099 D/QC_NV_ITEMS(  467): ### getMeid()
02-13 14:14:23.099 D/QC_RIL_OEM_HOOK(  467): sendRilOemHookMsg: itemIdTemp-105
02-13 14:14:23.109 D/QC_NV_ITEMS(  467): Received: bb947d200000a100
02-13 14:14:23.109 D/QC_NV_ITEMS(  467): ***zhoujing***NvMeidType::mMeid=0x0
02-13 14:14:23.109 E/vDM     (  467): meidValue = A10000207D94BB
02-13 14:14:23.109 I/vDM     (  467): Vdmc getInstance
02-13 14:14:23.109 D/QC_NV_ITEMS(  467): ### getMeid()
02-13 14:14:23.109 D/QC_RIL_OEM_HOOK(  467): sendRilOemHookMsg: itemIdTemp-105
02-13 14:14:23.109 D/QC_NV_ITEMS(  467): Received: bb947d200000a100
02-13 14:14:23.109 D/QC_NV_ITEMS(  467): ***zhoujing***NvMeidType::mMeid=0x0
02-13 14:14:23.109 E/vDM     (  467): meidValue = A10000207D94BB
02-13 14:14:23.109 E/vDM     (  467): getLastFourMEID() MEID=A10000207D94BB
02-13 14:14:23.109 E/vDM     (  467): getLastFourMEID() Last4MEID=0075
02-13 14:14:23.109 I/vDM     (  467): MyTreeIoHanlder isEnterHfa
02-13 14:14:23.109 D/QC_NV_ITEMS(  467): QcNvItems instance created.
02-13 14:14:23.109 I/QC_RIL_OEM_HOOK(  467): QcRilOemHook Service Created Successfully
02-13 14:14:23.109 D/QC_NV_ITEMS(  467): ###getMinImsiNumber()
02-13 14:14:23.109 D/QC_RIL_OEM_HOOK(  467): sendRilOemHookMsg: itemIdTemp32
02-13 14:14:23.119 D/QC_NV_ITEMS(  467): Received: ff947d20006cda6b00
02-13 14:14:23.129 D/QC_RIL_OEM_HOOK(  467): sendRilOemHookMsg: itemIdTemp33
02-13 14:14:23.139 D/QC_NV_ITEMS(  467): Received: ff947d9103
02-13 14:14:23.139 D/QC_NV_ITEMS(  467): getMinImsiNumber() msid = 9137068268
02-13 14:14:23.139 D/QC_NV_ITEMS(  467): ### getMobDirNumber()
02-13 14:14:23.139 D/QC_RIL_OEM_HOOK(  467): sendRilOemHookMsg: itemIdTemp-41
02-13 14:14:23.159 D/QC_NV_ITEMS(  467): Received: 000a090103020a0a050902080000000000
02-13 14:14:23.159 E/QC_NV_ITEMS(  467): ### getMipDataProfile, slot = 1
02-13 14:14:23.159 D/QC_NV_ITEMS(  467): ### doNvRead(465, 1)
02-13 14:14:23.159 D/QC_RIL_OEM_HOOK(  467): sendRilOemHookMsg: itemIdTemp-47
02-13 14:14:23.169 D/QC_NV_ITEMS(  467): Received(465,1): 011f7a7465746573746163636f756e7432323140737072696e747063732e636f6d000000000000000000000000000000000000000000000000000000000000000000000000000000000001d204000001d20400000100000000ffffffff4c591c44
02-13 14:14:23.169 D/QC_NV_ITEMS(  467): 011f7a7465746573746163636f756e7432323140737072696e747063732e636f6d000000000000000000000000000000000000000000000000000000000000000000000000000000000001d204000001d20400000100000000ffffffff4c591c44
02-13 14:14:23.169 E/QmiItemTypes(  467):  index= 1
02-13 14:14:23.169 E/QmiItemTypes(  467):  nai len= 31
02-13 14:14:23.179 E/QmiItemTypes(  467):  nai str= ztetestaccount221@sprintpcs.com
02-13 14:14:23.179 E/QmiItemTypes(  467):  mMnHaSpiSet= true
02-13 14:14:23.179 E/QmiItemTypes(  467):  mMnHaSpi= 1234
02-13 14:14:23.179 E/QmiItemTypes(  467):  mMnAaaSpiSet= true
02-13 14:14:23.179 E/QmiItemTypes(  467):  mMnAaaSpi= 1234
02-13 14:14:23.179 E/QmiItemTypes(  467):  mRvsTnl= true
02-13 14:14:23.179 E/QmiItemTypes(  467):  home_addr= 0.0.0.0
02-13 14:14:23.179 E/QmiItemTypes(  467):  primary_ha_addr= 255.255.255.255
02-13 14:14:23.179 E/QmiItemTypes(  467):  secondary_ha_addr= 68.28.89.76
02-13 14:14:23.179 I/DMC     (  467): get msid =9137068268
02-13 14:14:23.179 I/DMC     (  467): get mdn =9132005928
02-13 14:14:23.179 I/DMC     (  467): get nai lenth =31
02-13 14:14:23.179 I/vDM     (  467): MyTreeIoHanlder checkDeviceActive true
02-13 14:14:23.179 D/QC_NV_ITEMS(  467): ### setMipProfileEnabled()
02-13 14:14:23.179 D/QC_NV_ITEMS(  467): mEnabled[0]:true, mEnabled[1]:true 
02-13 14:14:23.179 D/QC_NV_ITEMS(  467): mEnabled[0]:true, mEnabled[1]:true 
02-13 14:14:23.179 D/QC_RIL_OEM_HOOK(  467): sendRilOemHookMsg: itemIdTemp-54
02-13 14:14:23.189 D/QC_NV_ITEMS(  467): ### getActiveMipSlot()
02-13 14:14:23.189 D/QC_RIL_OEM_HOOK(  467): sendRilOemHookMsg: itemIdTemp-48
02-13 14:14:23.199 D/QC_NV_ITEMS(  467): Received: 01
02-13 14:14:23.199 D/QC_NV_ITEMS(  467): val=1
02-13 14:14:23.199 I/vDM     (  467): getSlotParam=1
02-13 14:14:23.199 D/QC_NV_ITEMS(  467): QcNvItems instance created.
02-13 14:14:23.199 I/QC_RIL_OEM_HOOK(  467): QcRilOemHook Service Created Successfully
02-13 14:14:23.199 E/QC_NV_ITEMS(  467): ### getMipDataProfile, slot = 1
02-13 14:14:23.199 D/QC_NV_ITEMS(  467): ### doNvRead(465, 1)
02-13 14:14:23.199 D/QC_RIL_OEM_HOOK(  467): sendRilOemHookMsg: itemIdTemp-47
02-13 14:14:23.209 D/QC_NV_ITEMS(  467): Received(465,1): 011f7a7465746573746163636f756e7432323140737072696e747063732e636f6d000000000000000000000000000000000000000000000000000000000000000000000000000000000001d204000001d20400000100000000ffffffff4c591c44
02-13 14:14:23.209 D/QC_NV_ITEMS(  467): 011f7a7465746573746163636f756e7432323140737072696e747063732e636f6d000000000000000000000000000000000000000000000000000000000000000000000000000000000001d204000001d20400000100000000ffffffff4c591c44
02-13 14:14:23.209 E/QmiItemTypes(  467):  index= 1
02-13 14:14:23.209 E/QmiItemTypes(  467):  nai len= 31
02-13 14:14:23.219 E/QmiItemTypes(  467):  nai str= ztetestaccount221@sprintpcs.com
02-13 14:14:23.219 E/QmiItemTypes(  467):  mMnHaSpiSet= true
02-13 14:14:23.219 E/QmiItemTypes(  467):  mMnHaSpi= 1234
02-13 14:14:23.219 E/QmiItemTypes(  467):  mMnAaaSpiSet= true
02-13 14:14:23.219 E/QmiItemTypes(  467):  mMnAaaSpi= 1234
02-13 14:14:23.219 E/QmiItemTypes(  467):  mRvsTnl= true
02-13 14:14:23.219 E/QmiItemTypes(  467):  home_addr= 0.0.0.0
02-13 14:14:23.219 E/QmiItemTypes(  467):  primary_ha_addr= 255.255.255.255
02-13 14:14:23.219 E/QmiItemTypes(  467):  secondary_ha_addr= 68.28.89.76
02-13 14:14:23.219 I/DMC     (  467): get nai value =ztetestaccount221@sprintpcs.com
02-13 14:14:23.219 I/vDM     (  467): Vdmc getInstance
02-13 14:14:23.219 I/vDM     (  467): init
02-13 14:14:23.249 I/Vdmc    (  467): IMEI:MEID:A10000207D94BB
02-13 14:14:23.249 I/Vdmc    (  467): MEID:MEID:A10000207D94BB
02-13 14:14:23.249 I/Vdmc    (  467): MEID2:A10000207D94BB
02-13 14:14:23.259 I/Vdmc    (  467): IMSI:310009137068268
02-13 14:14:23.259 I/Vdmc    (  467): storageImsi:
02-13 14:14:23.259 I/Vdmc    (  467): Version:N850V1.0.0B10
02-13 14:14:23.259 I/DMC     (  467): model:N850
02-13 14:14:23.259 I/vDMC    (  467): FileLogger.Init
02-13 14:14:23.279 D/DMC (main) (  467): ZTE DM version 2011.07.08.13.41
02-13 14:14:23.279 I/JNI (main) (  467): Trying to load libvdmengine.so
02-13 14:14:23.339 I/vDM (om.redbend.vdmc)(  467): 
02-13 14:14:23.339 I/vDM (om.redbend.vdmc)(  467): ****************************  LOGGER INITIALIZED  ******************************
02-13 14:14:23.339 I/vDM (om.redbend.vdmc)(  467): 
02-13 14:14:23.339 I/vDM (om.redbend.vdmc)(  467): [00] e\core\src\vdm_api.c.  134: VDM_create: vDM version is 4.06.00.27
02-13 14:14:23.339 I/vDM (om.redbend.vdmc)(  467): [00] c\vdm_mq_scheduler.c.  191: VDM_MQ_Scheduler_setThreshold: from(0) to (999)
02-13 14:14:23.339 I/vDM     (  467): Vdmc getInstance
02-13 14:14:23.359 D/DMC (main) (  467): Using vDM version 4.06.00.27
02-13 14:14:23.369 I/JNI (main) (  467): Trying to load libvdmfumo.so
02-13 14:14:23.369 I/vDM     (  467): MyRegistry#getStringValue SOFTWARE\RedBend\vDM\FUMO\./FwUpdate/Flash/updatepkgpath : null
02-13 14:14:23.369 I/vDM (om.redbend.vdmc)(  467): rdm\tree\tree_exec.c.116: TREE_RDM_registerExecute() ./FwUpdate/Flash/Update. func=-2134890124, context=0x207bf8
02-13 14:14:23.369 I/vDM (om.redbend.vdmc)(  467): rdm\tree\tree_exec.c.116: TREE_RDM_registerExecute() ./FwUpdate/Flash/Download. func=-2134890160, context=0x207bf8
02-13 14:14:23.369 I/vDM (om.redbend.vdmc)(  467): rdm\tree\tree_exec.c.116: TREE_RDM_registerExecute() ./FwUpdate/Flash/DownloadAndUpdate. func=-2134890196, context=0x207bf8
02-13 14:14:23.380 I/DMC     (  467): VdmcFumoHandler, getFumo
02-13 14:14:23.380 I/vDM     (  467): Vdmc getInstance
02-13 14:14:23.380 D/vDM (main) (  467): SSC: registerObserver: com.redbend.vdmc.MySessionObserver@4059b320
02-13 14:14:23.380 D/DMC     (  467): MyCpObserver
02-13 14:14:23.380 I/vDM (om.redbend.vdmc)(  467): rdm\tree\tree_exec.c.116: TREE_RDM_registerExecute() ./Ext/Interior. func=-2135435720, context=0x2
02-13 14:14:23.390 I/vDM (om.redbend.vdmc)(  467): rdm\tree\tree_exec.c.116: TREE_RDM_registerExecute() ./SecureDevice. func=-2135435720, context=0x2b
02-13 14:14:23.390 I/vDM (om.redbend.vdmc)(  467): rdm\tree\tree_exec.c.116: TREE_RDM_registerExecute() ./RemoteCommands/Command. func=-2135435720, context=0x2c
02-13 14:14:23.390 I/DMC     (  467): registerSPATree is started!
02-13 14:14:23.390 I/DMC     (  467): registerSPATree is ended!
02-13 14:14:23.400 I/vDM     (  467): Vdmc getInstance
02-13 14:14:23.400 I/vDM     (  467): UpdateAccordingTimer init
02-13 14:14:23.400 I/DMC (main) (  467): /////// vDM Version: 4.06.00.27 ////////////
02-13 14:14:23.420 I/vDM     (  467): Vdmc getInstance
02-13 14:14:23.420 I/vDM     (  467): Vdmc getInstance
02-13 14:14:23.420 I/vDM     (  467): checkUpdate exit autoupdate
02-13 14:14:23.480 I/ActivityThread(  672): Pub com.google.android.apps.uploader: com.google.android.apps.uploader.UploadsContentProvider
02-13 14:14:23.480 I/ActivityThread(  672): Pub com.google.photos.provider.Album: com.google.android.apps.uploader.clients.picasa.AlbumProvider
02-13 14:14:23.480 D/MediaUploader(  672): UploaderApplication.onCreate
02-13 14:14:23.500 D/MediaUploader(  672): nonWifiLimit=20971520, default=20971520
02-13 14:14:23.500 I/MediaUploader(  672): No need to wake up
02-13 14:14:23.600 D/GTalkService(  378): [RawStanzaProvidersMgr] ##### searchProvidersFromIntent
02-13 14:14:23.600 D/GTalkService(  378): [RawStanzaProvidersMgr] no intent receivers found
02-13 14:14:23.810 D/GTalkService(  378): ##### Network broadcast (connected=false) type=WIFI, state=DISCONNECTED
02-13 14:14:23.820 I/ActivityThread(  682): Pub com.google.android.apps.plus.content.EsProvider: com.google.android.apps.plus.content.EsProvider
02-13 14:14:23.850 I/ActivityThread(  682): Pub com.google.android.apps.plus.content.ApiProvider: com.google.android.apps.plus.content.EsApiProvider
02-13 14:14:23.870 I/ActivityThread(  682): Pub com.google.android.apps.plus.content.EsGooglePhotoProvider: com.google.android.picasasync.PicasaContentProvider
02-13 14:14:24.010 I/GTalkService(  378): [GTalkConnection.27] init: initialized presence to UNAVAILABLE
02-13 14:14:24.170 I/GTalkService(  378): [GTalkConnection.26] init: initialized presence to UNAVAILABLE
02-13 14:14:24.180 D/AlarmManager(  256): +++Alarm set:type=2 com.google.android.gsf  Trigger after:15672ms
02-13 14:14:24.180 I/GTalkService(  378): [GTalkConnection.25] (WORKER THREAD) update account status
02-13 14:14:24.190 I/ActivityThread(  682): Pub com.google.plus.platform: com.google.android.apps.plus.content.AdsProvider
02-13 14:14:24.290 D/GTalkService(  378): createConnection(check #2): connection exists, drop newly created connection
02-13 14:14:24.340 D/UploadsManager(  682): load newPhotoTracker: null
02-13 14:14:24.340 D/UploadsManager(  682): load all accounts: null
02-13 14:14:24.340 D/UploadsManager(  682): load all account-album pairs: null
02-13 14:14:24.350 D/UploadsManager(  682):    settings not changed
02-13 14:14:24.360 D/OmaDrmReceiver(  571): android.intent.action.MEDIA_MOUNTED
02-13 14:14:24.370 I/MediaUploader(  672): No need to wake up
02-13 14:14:24.411 I/ActivityThread(  697): Pub com.cooliris.picasa.contentprovider: com.cooliris.picasa.PicasaContentProvider
02-13 14:14:24.491 D/PicasaSync(  682): sync account database
02-13 14:14:24.501 D/DrmStore(  571): EnableDrmStoreScanner=0
02-13 14:14:24.511 D/Gallery3D(  697): [BootReceiver]: Got intent with action android.intent.action.MEDIA_MOUNTED
02-13 14:14:24.581 D/MediaScannerService(  517): start scanning volume external
02-13 14:14:24.681 D/MetricsUtils(  682): [QUERY content://com.google.android.apps.plus.content.EsGooglePhotoProvider/settings query-result:1 time:180]
02-13 14:14:24.691 D/Mms     (  579): doAutoSend
02-13 14:14:24.821 I/ActivityThread(  706): Pub com.google.android.music.MusicContent: com.google.android.music.store.MusicContentProvider
02-13 14:14:24.921 I/MusicStore(  706): Database version: 37
02-13 14:14:24.941 I/AsyncCursor1:1(  706): Initialized for content://com.google.android.music.MusicContent/playlists, proj:_id#name, sel: 'null', args: null, order: null
02-13 14:14:24.981 I/ActivityThread(  719): Pub com.sprint.zone.provider.ZoneProvider: com.sprint.zone.data.ZoneProvider
02-13 14:14:25.271 D/MediaScannerService(  517): IMediaScannerService.scanFile: /mnt/sdcard/Notifications/hangout_ringtone.m4a mimeType: null
02-13 14:14:25.482 I/ContactsProvider(  408): updateInTransaction: content://com.android.contacts/status_updates
02-13 14:14:25.552 D/UploadsManager(  682): fsid not changed
02-13 14:14:25.572 D/PicasaSync(  682): accounts in DB=1
02-13 14:14:25.602 D/PicasaSyncManager(  682): active network: null
02-13 14:14:25.602 D/PicasaSyncManager(  682): background data: true
02-13 14:14:25.652 I/GTalkService(  378): [GTalkConnection.25] (WORKER THREAD) update account status - done, took 1468 ms
02-13 14:14:25.662 D/Bitmap  (  719): Detect unrecycled bitmap.
02-13 14:14:25.662 D/Bitmap  (  719):       Size: 47432 Bytes, Width: 154 , Height: 154 , Hash code: 1079160520
02-13 14:14:25.662 D/Bitmap  (  719):  This bimap was created in:
02-13 14:14:25.662 D/Bitmap  (  719):       android.graphics.Bitmap.<init>(Bitmap.java:136)
02-13 14:14:25.662 D/Bitmap  (  719):       android.graphics.BitmapFactory.nativeDecodeByteArray(Native Method)
02-13 14:14:25.662 D/Bitmap  (  719):       android.graphics.BitmapFactory.decodeByteArray(BitmapFactory.java:405)
02-13 14:14:25.662 D/Bitmap  (  719):       android.graphics.BitmapFactory.decodeByteArray(BitmapFactory.java:418)
02-13 14:14:25.662 D/Bitmap  (  719):       com.sprint.zone.data.DbAdapter.cursorToFeature(DbAdapter.java:1305)
02-13 14:14:25.662 D/Bitmap  (  719):       com.sprint.zone.data.DbAdapter.getPageContent(DbAdapter.java:1242)
02-13 14:14:25.662 D/Bitmap  (  719):       com.sprint.zone.data.DbAdapter.loadGlobalContent(DbAdapter.java:1447)
02-13 14:14:25.662 D/Bitmap  (  719):       com.sprint.zone.data.GlobalContent.instance(GlobalContent.java:104)
02-13 14:14:25.662 D/Bitmap  (  719):       com.sprint.zone.Zone.onCreate(Zone.java:35)
02-13 14:14:25.662 D/Bitmap  (  719):       com.sprint.zone.sprint.SprintZone.onCreate(SprintZone.java:10)
02-13 14:14:25.662 D/Bitmap  (  719):       android.app.Instrumentation.callApplicationOnCreate(Instrumentation.java:969)
02-13 14:14:25.662 D/Bitmap  (  719):       android.app.ActivityThread.handleBindApplication(ActivityThread.java:3293)
02-13 14:14:25.662 D/Bitmap  (  719):       android.app.ActivityThread.access$2200(ActivityThread.java:123)
02-13 14:14:25.662 D/Bitmap  (  719):       android.app.ActivityThread$H.handleMessage(ActivityThread.java:986)
02-13 14:14:25.662 D/Bitmap  (  719):       android.os.Handler.dispatchMessage(Handler.java:99)
02-13 14:14:25.662 D/Bitmap  (  719):       android.os.Looper.loop(Looper.java:130)
02-13 14:14:25.662 D/Bitmap  (  719):       android.app.ActivityThread.main(ActivityThread.java:3704)
02-13 14:14:25.662 D/Bitmap  (  719):       java.lang.reflect.Method.invokeNative(Native Method)
02-13 14:14:25.662 D/Bitmap  (  719):       java.lang.reflect.Method.invoke(Method.java:507)
02-13 14:14:25.662 D/Bitmap  (  719):       com.android.internal.os.ZygoteInit$MethodAndArgsCaller.run(ZygoteInit.java:875)
02-13 14:14:25.662 D/Bitmap  (  719):       com.android.internal.os.ZygoteInit.main(ZygoteInit.java:633)
02-13 14:14:25.662 D/Bitmap  (  719):       dalvik.system.NativeStart.main(Native Method)
02-13 14:14:25.662 D/Bitmap  (  719): _
02-13 14:14:25.662 D/Bitmap  (  719): Detect unrecycled bitmap.
02-13 14:14:25.662 D/Bitmap  (  719):       Size: 181476 Bytes, Width: 213 , Height: 213 , Hash code: 1079107488
02-13 14:14:25.662 D/Bitmap  (  719):  This bimap was created in:
02-13 14:14:25.662 D/Bitmap  (  719):       android.graphics.Bitmap.<init>(Bitmap.java:136)
02-13 14:14:25.662 D/Bitmap  (  719):       android.graphics.BitmapFactory.nativeDecodeByteArray(Native Method)
02-13 14:14:25.662 D/Bitmap  (  719):       android.graphics.BitmapFactory.decodeByteArray(BitmapFactory.java:405)
02-13 14:14:25.662 D/Bitmap  (  719):       android.graphics.BitmapFactory.decodeByteArray(BitmapFactory.java:418)
02-13 14:14:25.662 D/Bitmap  (  719):       com.sprint.zone.data.DbAdapter.cursorToFeature(DbAdapter.java:1305)
02-13 14:14:25.662 D/Bitmap  (  719):       com.sprint.zone.data.DbAdapter.getPageContent(DbAdapter.java:1242)
02-13 14:14:25.662 D/Bitmap  (  719):       com.sprint.zone.data.DbAdapter.loadGlobalContent(DbAdapter.java:1447)
02-13 14:14:25.662 D/Bitmap  (  719):       com.sprint.zone.data.GlobalContent.instance(GlobalContent.java:104)
02-13 14:14:25.662 D/Bitmap  (  719):       com.sprint.zone.Zone.onCreate(Zone.java:35)
02-13 14:14:25.662 D/Bitmap  (  719):       com.sprint.zone.sprint.SprintZone.onCreate(SprintZone.java:10)
02-13 14:14:25.662 D/Bitmap  (  719):       android.app.Instrumentation.callApplicationOnCreate(Instrumentation.java:969)
02-13 14:14:25.662 D/Bitmap  (  719):       android.app.ActivityThread.handleBindApplication(ActivityThread.java:3293)
02-13 14:14:25.662 D/Bitmap  (  719):       android.app.ActivityThread.access$2200(ActivityThread.java:123)
02-13 14:14:25.662 D/Bitmap  (  719):       android.app.ActivityThread$H.handleMessage(ActivityThread.java:986)
02-13 14:14:25.662 D/Bitmap  (  719):       android.os.Handler.dispatchMessage(Handler.java:99)
02-13 14:14:25.662 D/Bitmap  (  719):       android.os.Looper.loop(Looper.java:130)
02-13 14:14:25.662 D/Bitmap  (  719):       android.app.ActivityThread.main(ActivityThread.java:3704)
02-13 14:14:25.662 D/Bitmap  (  719):       java.lang.reflect.Method.invokeNative(Native Method)
02-13 14:14:25.662 D/Bitmap  (  719):       java.lang.reflect.Method.invoke(Method.java:507)
02-13 14:14:25.662 D/Bitmap  (  719):       com.android.internal.os.ZygoteInit$MethodAndArgsCaller.run(ZygoteInit.java:875)
02-13 14:14:25.662 D/Bitmap  (  719):       com.android.internal.os.ZygoteInit.main(ZygoteInit.java:633)
02-13 14:14:25.662 D/Bitmap  (  719):       dalvik.system.NativeStart.main(Native Method)
02-13 14:14:25.662 D/Bitmap  (  719): _
02-13 14:14:25.662 D/Bitmap  (  719): Detect unrecycled bitmap.
02-13 14:14:25.662 D/Bitmap  (  719):       Size: 262144 Bytes, Width: 256 , Height: 256 , Hash code: 1079136504
02-13 14:14:25.662 D/Bitmap  (  719):  This bimap was created in:
02-13 14:14:25.662 D/Bitmap  (  719):       android.graphics.Bitmap.<init>(Bitmap.java:136)
02-13 14:14:25.662 D/Bitmap  (  719):       android.graphics.BitmapFactory.nativeDecodeByteArray(Native Method)
02-13 14:14:25.662 D/Bitmap  (  719):       android.graphics.BitmapFactory.decodeByteArray(BitmapFactory.java:405)
02-13 14:14:25.662 D/Bitmap  (  719):       android.graphics.BitmapFactory.decodeByteArray(BitmapFactory.java:418)
02-13 14:14:25.662 D/Bitmap  (  719):       com.sprint.zone.data.DbAdapter.cursorToFeature(DbAdapter.java:1305)
02-13 14:14:25.662 D/Bitmap  (  719):       com.sprint.zone.data.DbAdapter.getPageContent(DbAdapter.java:1242)
02-13 14:14:25.662 D/Bitmap  (  719):       com.sprint.zone.data.DbAdapter.loadGlobalContent(DbAdapter.java:1447)
02-13 14:14:25.662 D/Bitmap  (  719):       com.sprint.zone.data.GlobalContent.instance(GlobalContent.java:104)
02-13 14:14:25.662 D/Bitmap  (  719):       com.sprint.zone.Zone.onCreate(Zone.java:35)
02-13 14:14:25.662 D/Bitmap  (  719):       com.sprint.zone.sprint.SprintZone.onCreate(SprintZone.java:10)
02-13 14:14:25.662 D/Bitmap  (  719):       android.app.Instrumentation.callApplicationOnCreate(Instrumentation.java:969)
02-13 14:14:25.662 D/Bitmap  (  719):       android.app.ActivityThread.handleBindApplication(ActivityThread.java:3293)
02-13 14:14:25.662 D/Bitmap  (  719):       android.app.ActivityThread.access$2200(ActivityThread.java:123)
02-13 14:14:25.662 D/Bitmap  (  719):       android.app.ActivityThread$H.handleMessage(ActivityThread.java:986)
02-13 14:14:25.662 D/Bitmap  (  719):       android.os.Handler.dispatchMessage(Handler.java:99)
02-13 14:14:25.662 D/Bitmap  (  719):       android.os.Looper.loop(Looper.java:130)
02-13 14:14:25.662 D/Bitmap  (  719):       android.app.ActivityThread.main(ActivityThread.java:3704)
02-13 14:14:25.662 D/Bitmap  (  719):       java.lang.reflect.Method.invokeNative(Native Method)
02-13 14:14:25.662 D/Bitmap  (  719):       java.lang.reflect.Method.invoke(Method.java:507)
02-13 14:14:25.662 D/Bitmap  (  719):       com.android.internal.os.ZygoteInit$MethodAndArgsCaller.run(ZygoteInit.java:875)
02-13 14:14:25.662 D/Bitmap  (  719):       com.android.internal.os.ZygoteInit.main(ZygoteInit.java:633)
02-13 14:14:25.662 D/Bitmap  (  719):       dalvik.system.NativeStart.main(Native Method)
02-13 14:14:25.662 D/Bitmap  (  719): _
02-13 14:14:25.662 D/Bitmap  (  719): Detect unrecycled bitmap.
02-13 14:14:25.662 D/Bitmap  (  719):       Size: 168100 Bytes, Width: 205 , Height: 205 , Hash code: 1079311360
02-13 14:14:25.662 D/Bitmap  (  719):  This bimap was created in:
02-13 14:14:25.662 D/Bitmap  (  719):       android.graphics.Bitmap.<init>(Bitmap.java:136)
02-13 14:14:25.662 D/Bitmap  (  719):       android.graphics.BitmapFactory.nativeDecodeByteArray(Native Method)
02-13 14:14:25.662 D/Bitmap  (  719):       android.graphics.BitmapFactory.decodeByteArray(BitmapFactory.java:405)
02-13 14:14:25.662 D/Bitmap  (  719):       android.graphics.BitmapFactory.decodeByteArray(BitmapFactory.java:418)
02-13 14:14:25.662 D/Bitmap  (  719):       com.sprint.zone.data.DbAdapter.cursorToFeature(DbAdapter.java:1305)
02-13 14:14:25.662 D/Bitmap  (  719):       com.sprint.zone.data.DbAdapter.getPageContent(DbAdapter.java:1242)
02-13 14:14:25.662 D/Bitmap  (  719):       com.sprint.zone.data.DbAdapter.loadGlobalContent(DbAdapter.java:1447)
02-13 14:14:25.662 D/Bitmap  (  719):       com.sprint.zone.data.GlobalContent.instance(GlobalContent.java:104)
02-13 14:14:25.662 D/Bitmap  (  719):       com.sprint.zone.Zone.onCreate(Zone.java:35)
02-13 14:14:25.662 D/Bitmap  (  719):       com.sprint.zone.sprint.SprintZone.onCreate(SprintZone.java:10)
02-13 14:14:25.662 D/Bitmap  (  719):       android.app.Instrumentation.callApplicationOnCreate(Instrumentation.java:969)
02-13 14:14:25.662 D/Bitmap  (  719):       android.app.ActivityThread.handleBindApplication(ActivityThread.java:3293)
02-13 14:14:25.662 D/Bitmap  (  719):       android.app.ActivityThread.access$2200(ActivityThread.java:123)
02-13 14:14:25.662 D/Bitmap  (  719):       android.app.ActivityThread$H.handleMessage(ActivityThread.java:986)
02-13 14:14:25.662 D/Bitmap  (  719):       android.os.Handler.dispatchMessage(Handler.java:99)
02-13 14:14:25.662 D/Bitmap  (  719):       android.os.Looper.loop(Looper.java:130)
02-13 14:14:25.662 D/Bitmap  (  719):       android.app.ActivityThread.main(ActivityThread.java:3704)
02-13 14:14:25.662 D/Bitmap  (  719):       java.lang.reflect.Method.invokeNative(Native Method)
02-13 14:14:25.662 D/Bitmap  (  719):       java.lang.reflect.Method.invoke(Method.java:507)
02-13 14:14:25.662 D/Bitmap  (  719):       com.android.internal.os.ZygoteInit$MethodAndArgsCaller.run(ZygoteInit.java:875)
02-13 14:14:25.662 D/Bitmap  (  719):       com.android.internal.os.ZygoteInit.main(ZygoteInit.java:633)
02-13 14:14:25.662 D/Bitmap  (  719):       dalvik.system.NativeStart.main(Native Method)
02-13 14:14:25.662 D/Bitmap  (  719): _
02-13 14:14:25.662 D/Bitmap  (  719): Detect unrecycled bitmap.
02-13 14:14:25.662 D/Bitmap  (  719):       Size: 47432 Bytes, Width: 154 , Height: 154 , Hash code: 1079198224
02-13 14:14:25.662 D/Bitmap  (  719):  This bimap was created in:
02-13 14:14:25.662 D/Bitmap  (  719):       android.graphics.Bitmap.<init>(Bitmap.java:136)
02-13 14:14:25.662 D/Bitmap  (  719):       android.graphics.BitmapFactory.nativeDecodeByteArray(Native Method)
02-13 14:14:25.662 D/Bitmap  (  719):       android.graphics.BitmapFactory.decodeByteArray(BitmapFactory.java:405)
02-13 14:14:25.662 D/Bitmap  (  719):       android.graphics.BitmapFactory.decodeByteArray(BitmapFactory.java:418)
02-13 14:14:25.662 D/Bitmap  (  719):       com.sprint.zone.data.DbAdapter.cursorToFeature(DbAdapter.java:1305)
02-13 14:14:25.662 D/Bitmap  (  719):       com.sprint.zone.data.DbAdapter.getPageContent(DbAdapter.java:1242)
02-13 14:14:25.662 D/Bitmap  (  719):       com.sprint.zone.data.DbAdapter.loadGlobalContent(DbAdapter.java:1447)
02-13 14:14:25.662 D/Bitmap  (  719):       com.sprint.zone.data.GlobalContent.instance(GlobalContent.java:104)
02-13 14:14:25.662 D/Bitmap  (  719):       com.sprint.zone.Zone.onCreate(Zone.java:35)
02-13 14:14:25.662 D/Bitmap  (  719):       com.sprint.zone.sprint.SprintZone.onCreate(SprintZone.java:10)
02-13 14:14:25.662 D/Bitmap  (  719):       android.app.Instrumentation.callApplicationOnCreate(Instrumentation.java:969)
02-13 14:14:25.662 D/Bitmap  (  719):       android.app.ActivityThread.handleBindApplication(ActivityThread.java:3293)
02-13 14:14:25.662 D/Bitmap  (  719):       android.app.ActivityThread.access$2200(ActivityThread.java:123)
02-13 14:14:25.662 D/Bitmap  (  719):       android.app.ActivityThread$H.handleMessage(ActivityThread.java:986)
02-13 14:14:25.662 D/Bitmap  (  719):       android.os.Handler.dispatchMessage(Handler.java:99)
02-13 14:14:25.662 D/Bitmap  (  719):       android.os.Looper.loop(Looper.java:130)
02-13 14:14:25.662 D/Bitmap  (  719):       android.app.ActivityThread.main(ActivityThread.java:3704)
02-13 14:14:25.662 D/Bitmap  (  719):       java.lang.reflect.Method.invokeNative(Native Method)
02-13 14:14:25.662 D/Bitmap  (  719):       java.lang.reflect.Method.invoke(Method.java:507)
02-13 14:14:25.662 D/Bitmap  (  719):       com.android.internal.os.ZygoteInit$MethodAndArgsCaller.run(ZygoteInit.java:875)
02-13 14:14:25.662 D/Bitmap  (  719):       com.android.internal.os.ZygoteInit.main(ZygoteInit.java:633)
02-13 14:14:25.662 D/Bitmap  (  719):       dalvik.system.NativeStart.main(Native Method)
02-13 14:14:25.662 D/Bitmap  (  719): _
02-13 14:14:25.662 D/Bitmap  (  719): Detect unrecycled bitmap.
02-13 14:14:25.662 D/Bitmap  (  719):       Size: 262144 Bytes, Width: 256 , Height: 256 , Hash code: 1079198632
02-13 14:14:25.662 D/Bitmap  (  719):  This bimap was created in:
02-13 14:14:25.662 D/Bitmap  (  719):       android.graphics.Bitmap.<init>(Bitmap.java:136)
02-13 14:14:25.662 D/Bitmap  (  719):       android.graphics.BitmapFactory.nativeDecodeByteArray(Native Method)
02-13 14:14:25.662 D/Bitmap  (  719):       android.graphics.BitmapFactory.decodeByteArray(BitmapFactory.java:405)
02-13 14:14:25.662 D/Bitmap  (  719):       android.graphics.BitmapFactory.decodeByteArray(BitmapFactory.java:418)
02-13 14:14:25.662 D/Bitmap  (  719):       com.sprint.zone.data.DbAdapter.cursorToFeature(DbAdapter.java:1305)
02-13 14:14:25.662 D/Bitmap  (  719):       com.sprint.zone.data.DbAdapter.getPageContent(DbAdapter.java:1242)
02-13 14:14:25.662 D/Bitmap  (  719):       com.sprint.zone.data.DbAdapter.loadGlobalContent(DbAdapter.java:1447)
02-13 14:14:25.662 D/Bitmap  (  719):       com.sprint.zone.data.GlobalContent.instance(GlobalContent.java:104)
02-13 14:14:25.662 D/Bitmap  (  719):       com.sprint.zone.Zone.onCreate(Zone.java:35)
02-13 14:14:25.662 D/Bitmap  (  719):       com.sprint.zone.sprint.SprintZone.onCreate(SprintZone.java:10)
02-13 14:14:25.662 D/Bitmap  (  719):       android.app.Instrumentation.callApplicationOnCreate(Instrumentation.java:969)
02-13 14:14:25.662 D/Bitmap  (  719):       android.app.ActivityThread.handleBindApplication(ActivityThread.java:3293)
02-13 14:14:25.662 D/Bitmap  (  719):       android.app.ActivityThread.access$2200(ActivityThread.java:123)
02-13 14:14:25.662 D/Bitmap  (  719):       android.app.ActivityThread$H.handleMessage(ActivityThread.java:986)
02-13 14:14:25.662 D/Bitmap  (  719):       android.os.Handler.dispatchMessage(Handler.java:99)
02-13 14:14:25.662 D/Bitmap  (  719):       android.os.Looper.loop(Looper.java:130)
02-13 14:14:25.662 D/Bitmap  (  719):       android.app.ActivityThread.main(ActivityThread.java:3704)
02-13 14:14:25.662 D/Bitmap  (  719):       java.lang.reflect.Method.invokeNative(Native Method)
02-13 14:14:25.662 D/Bitmap  (  719):       java.lang.reflect.Method.invoke(Method.java:507)
02-13 14:14:25.662 D/Bitmap  (  719):       com.android.internal.os.ZygoteInit$MethodAndArgsCaller.run(ZygoteInit.java:875)
02-13 14:14:25.662 D/Bitmap  (  719):       com.android.internal.os.ZygoteInit.main(ZygoteInit.java:633)
02-13 14:14:25.662 D/Bitmap  (  719):       dalvik.system.NativeStart.main(Native Method)
02-13 14:14:25.662 D/Bitmap  (  719): _
02-13 14:14:25.662 D/Bitmap  (  719): Detect unrecycled bitmap.
02-13 14:14:25.662 D/Bitmap  (  719):       Size: 61504 Bytes, Width: 124 , Height: 124 , Hash code: 1079235656
02-13 14:14:25.662 D/Bitmap  (  719):  This bimap was created in:
02-13 14:14:25.662 D/Bitmap  (  719):       android.graphics.Bitmap.<init>(Bitmap.java:136)
02-13 14:14:25.662 D/Bitmap  (  719):       android.graphics.BitmapFactory.nativeDecodeByteArray(Native Method)
02-13 14:14:25.662 D/Bitmap  (  719):       android.graphics.BitmapFactory.decodeByteArray(BitmapFactory.java:405)
02-13 14:14:25.662 D/Bitmap  (  719):       android.graphics.BitmapFactory.decodeByteArray(BitmapFactory.java:418)
02-13 14:14:25.662 D/Bitmap  (  719):       com.sprint.zone.data.DbAdapter.cursorToFeature(DbAdapter.java:1305)
02-13 14:14:25.662 D/Bitmap  (  719):       com.sprint.zone.data.DbAdapter.getPageContent(DbAdapter.java:1242)
02-13 14:14:25.662 D/Bitmap  (  719):       com.sprint.zone.data.DbAdapter.loadGlobalContent(DbAdapter.java:1447)
02-13 14:14:25.662 D/Bitmap  (  719):       com.sprint.zone.data.GlobalContent.instance(GlobalContent.java:104)
02-13 14:14:25.662 D/Bitmap  (  719):       com.sprint.zone.Zone.onCreate(Zone.java:35)
02-13 14:14:25.662 D/Bitmap  (  719):       com.sprint.zone.sprint.SprintZone.onCreate(SprintZone.java:10)
02-13 14:14:25.662 D/Bitmap  (  719):       android.app.Instrumentation.callApplicationOnCreate(Instrumentation.java:969)
02-13 14:14:25.662 D/Bitmap  (  719):       android.app.ActivityThread.handleBindApplication(ActivityThread.java:3293)
02-13 14:14:25.662 D/Bitmap  (  719):       android.app.ActivityThread.access$2200(ActivityThread.java:123)
02-13 14:14:25.662 D/Bitmap  (  719):       android.app.ActivityThread$H.handleMessage(ActivityThread.java:986)
02-13 14:14:25.662 D/Bitmap  (  719):       android.os.Handler.dispatchMessage(Handler.java:99)
02-13 14:14:25.662 D/Bitmap  (  719):       android.os.Looper.loop(Looper.java:130)
02-13 14:14:25.662 D/Bitmap  (  719):       android.app.ActivityThread.main(ActivityThread.java:3704)
02-13 14:14:25.662 D/Bitmap  (  719):       java.lang.reflect.Method.invokeNative(Native Method)
02-13 14:14:25.662 D/Bitmap  (  719):       java.lang.reflect.Method.invoke(Method.java:507)
02-13 14:14:25.662 D/Bitmap  (  719):       com.android.internal.os.ZygoteInit$MethodAndArgsCaller.run(ZygoteInit.java:875)
02-13 14:14:25.662 D/Bitmap  (  719):       com.android.internal.os.ZygoteInit.main(ZygoteInit.java:633)
02-13 14:14:25.662 D/Bitmap  (  719):       dalvik.system.NativeStart.main(Native Method)
02-13 14:14:25.662 D/Bitmap  (  719): _
02-13 14:14:25.662 D/Bitmap  (  719): Detect unrecycled bitmap.
02-13 14:14:25.662 D/Bitmap  (  719):       Size: 131072 Bytes, Width: 256 , Height: 256 , Hash code: 1079191720
02-13 14:14:25.662 D/Bitmap  (  719):  This bimap was created in:
02-13 14:14:25.662 D/Bitmap  (  719):       android.graphics.Bitmap.<init>(Bitmap.java:136)
02-13 14:14:25.662 D/Bitmap  (  719):       android.graphics.BitmapFactory.nativeDecodeByteArray(Native Method)
02-13 14:14:25.662 D/Bitmap  (  719):       android.graphics.BitmapFactory.decodeByteArray(BitmapFactory.java:405)
02-13 14:14:25.662 D/Bitmap  (  719):       android.graphics.BitmapFactory.decodeByteArray(BitmapFactory.java:418)
02-13 14:14:25.662 D/Bitmap  (  719):       com.sprint.zone.data.DbAdapter.cursorToFeature(DbAdapter.java:1305)
02-13 14:14:25.662 D/Bitmap  (  719):       com.sprint.zone.data.DbAdapter.getPageContent(DbAdapter.java:1242)
02-13 14:14:25.662 D/Bitmap  (  719):       com.sprint.zone.data.DbAdapter.loadGlobalContent(DbAdapter.java:1447)
02-13 14:14:25.662 D/Bitmap  (  719):       com.sprint.zone.data.GlobalContent.instance(GlobalContent.java:104)
02-13 14:14:25.662 D/Bitmap  (  719):       com.sprint.zone.Zone.onCreate(Zone.java:35)
02-13 14:14:25.662 D/Bitmap  (  719):       com.sprint.zone.sprint.SprintZone.onCreate(SprintZone.java:10)
02-13 14:14:25.662 D/Bitmap  (  719):       android.app.Instrumentation.callApplicationOnCreate(Instrumentation.java:969)
02-13 14:14:25.662 D/Bitmap  (  719):       android.app.ActivityThread.handleBindApplication(ActivityThread.java:3293)
02-13 14:14:25.662 D/Bitmap  (  719):       android.app.ActivityThread.access$2200(ActivityThread.java:123)
02-13 14:14:25.662 D/Bitmap  (  719):       android.app.ActivityThread$H.handleMessage(ActivityThread.java:986)
02-13 14:14:25.662 D/Bitmap  (  719):       android.os.Handler.dispatchMessage(Handler.java:99)
02-13 14:14:25.662 D/Bitmap  (  719):       android.os.Looper.loop(Looper.java:130)
02-13 14:14:25.692 D/Bitmap  (  719):       android.app.ActivityThread.main(ActivityThread.java:3704)
02-13 14:14:25.692 D/Bitmap  (  719):       java.lang.reflect.Method.invokeNative(Native Method)
02-13 14:14:25.692 D/Bitmap  (  719):       java.lang.reflect.Method.invoke(Method.java:507)
02-13 14:14:25.692 D/Bitmap  (  719):       com.android.internal.os.ZygoteInit$MethodAndArgsCaller.run(ZygoteInit.java:875)
02-13 14:14:25.692 D/Bitmap  (  719):       com.android.internal.os.ZygoteInit.main(ZygoteInit.java:633)
02-13 14:14:25.692 D/Bitmap  (  719):       dalvik.system.NativeStart.main(Native Method)
02-13 14:14:25.692 D/Bitmap  (  719): _
02-13 14:14:25.692 D/Bitmap  (  719): Detect unrecycled bitmap.
02-13 14:14:25.692 D/Bitmap  (  719):       Size: 1048576 Bytes, Width: 512 , Height: 512 , Hash code: 1079138856
02-13 14:14:25.692 D/Bitmap  (  719):  This bimap was created in:
02-13 14:14:25.692 D/Bitmap  (  719):       android.graphics.Bitmap.<init>(Bitmap.java:136)
02-13 14:14:25.692 D/Bitmap  (  719):       android.graphics.BitmapFactory.nativeDecodeByteArray(Native Method)
02-13 14:14:25.692 D/Bitmap  (  719):       android.graphics.BitmapFactory.decodeByteArray(BitmapFactory.java:405)
02-13 14:14:25.692 D/Bitmap  (  719):       android.graphics.BitmapFactory.decodeByteArray(BitmapFactory.java:418)
02-13 14:14:25.692 D/Bitmap  (  719):       com.sprint.zone.data.DbAdapter.cursorToFeature(DbAdapter.java:1305)
02-13 14:14:25.692 D/Bitmap  (  719):       com.sprint.zone.data.DbAdapter.getPageContent(DbAdapter.java:1242)
02-13 14:14:25.692 D/Bitmap  (  719):       com.sprint.zone.data.DbAdapter.loadGlobalContent(DbAdapter.java:1447)
02-13 14:14:25.692 D/Bitmap  (  719):       com.sprint.zone.data.GlobalContent.instance(GlobalContent.java:104)
02-13 14:14:25.692 D/Bitmap  (  719):       com.sprint.zone.Zone.onCreate(Zone.java:35)
02-13 14:14:25.692 D/Bitmap  (  719):       com.sprint.zone.sprint.SprintZone.onCreate(SprintZone.java:10)
02-13 14:14:25.692 D/Bitmap  (  719):       android.app.Instrumentation.callApplicationOnCreate(Instrumentation.java:969)
