02-13 14:14:29.315 I/DATA    (  344): [DCT(0) ] ds= SERVICE_TYPE_SUPL, enabled = false, active = v4:IDLE v6:IDLE
02-13 14:14:29.325 I/DATA    (  344): [DCT(0) ] ds= SERVICE_TYPE_DUN, enabled = false, active = v4:IDLE v6:IDLE
02-13 14:14:29.325 I/DATA    (  344): [DCT(0) ] ds= SERVICE_TYPE_HIPRI, enabled = false, active = v4:IDLE v6:IDLE
02-13 14:14:29.325 I/DATA    (  344): [DCT(0) ] Ready for data : 
02-13 14:14:29.325 I/DATA    (  344): [DCT(0) ]    getDesiredPowerState() = true
02-13 14:14:29.325 I/DATA    (  344): [DCT(0) ]    mCm.getRadioState() = RADIO_ON
02-13 14:14:29.325 I/DATA    (  344): [DCT(0) ]    [DataRadioTech = RADIO_TECH_EVDO_A, data network state = 0, mMasterDataEnabled = true, is Roaming = false, dataOnRoamingEnable = false, isPsRestricted = false, desiredPowerState  = true, mSIMRecords = , cdmaSubSource = 1/310120, mRuimRecords = , checks = true/true]
02-13 14:14:29.325 I/DATA    (  344): [DCT(0) ] Data Call setup pending. Not trying to bring up any new data connections.
02-13 14:14:29.325 D/PhoneApp(  344): old phone type:2, New Phone type:2
02-13 14:14:29.325 D/NotificationMgr(  344): hideDataDisconnectedRoaming()...
02-13 14:14:29.325 D/MobileDataStateTracker(  256): [dun]  apnTypeList = dun
02-13 14:14:29.325 D/MobileDataStateTracker(  256): [dun]  unavailable = false
02-13 14:14:29.325 D/MobileDataStateTracker(  256): [dun] Do not process intents if disabled.
02-13 14:14:29.325 D/MobileDataStateTracker(  256): [supl]  MobileDataStateReceiver onReceive(): Entry.
02-13 14:14:29.325 D/MobileDataStateTracker(  256): [supl]  intent.getAction()= android.intent.action.ANY_DATA_STATE
02-13 14:14:29.325 D/MobileDataStateTracker(  256): [supl]  mEnabled = false
02-13 14:14:29.325 D/MobileDataStateTracker(  256): [supl]  apnTypeList = dun
02-13 14:14:29.325 D/MobileDataStateTracker(  256): [supl]  unavailable = false
02-13 14:14:29.325 D/MobileDataStateTracker(  256): [supl] Do not process intents if disabled.
02-13 14:14:29.325 D/MobileDataStateTracker(  256): [mms]  MobileDataStateReceiver onReceive(): Entry.
02-13 14:14:29.325 D/MobileDataStateTracker(  256): [mms]  intent.getAction()= android.intent.action.ANY_DATA_STATE
02-13 14:14:29.325 D/MobileDataStateTracker(  256): [mms]  mEnabled = false
02-13 14:14:29.325 D/MobileDataStateTracker(  256): [mms]  apnTypeList = dun
02-13 14:14:29.325 D/MobileDataStateTracker(  256): [mms]  unavailable = false
02-13 14:14:29.325 D/MobileDataStateTracker(  256): [mms] Do not process intents if disabled.
02-13 14:14:29.325 D/MobileDataStateTracker(  256): [default]  MobileDataStateReceiver onReceive(): Entry.
02-13 14:14:29.325 D/MobileDataStateTracker(  256): [default]  intent.getAction()= android.intent.action.ANY_DATA_STATE
02-13 14:14:29.325 D/MobileDataStateTracker(  256): [default]  mEnabled = true
02-13 14:14:29.335 D/MobileDataStateTracker(  256): [default]  apnTypeList = dun
02-13 14:14:29.335 D/MobileDataStateTracker(  256): [default]  unavailable = false
02-13 14:14:29.335 D/MobileDataStateTracker(  256): [default] not what we are looking for.
02-13 14:14:29.335 D/MobileDataStateTracker(  256): [hipri]  MobileDataStateReceiver onReceive(): Entry.
02-13 14:14:29.335 D/MobileDataStateTracker(  256): [hipri]  intent.getAction()= android.intent.action.ANY_DATA_STATE
02-13 14:14:29.335 D/MobileDataStateTracker(  256): [hipri]  mEnabled = false
02-13 14:14:29.335 D/MobileDataStateTracker(  256): [hipri]  apnTypeList = hipri
02-13 14:14:29.335 D/MobileDataStateTracker(  256): [hipri]  unavailable = false
02-13 14:14:29.335 D/MobileDataStateTracker(  256): [hipri] Do not process intents if disabled.
02-13 14:14:29.335 D/MobileDataStateTracker(  256): [dun]  MobileDataStateReceiver onReceive(): Entry.
02-13 14:14:29.335 D/MobileDataStateTracker(  256): [dun]  intent.getAction()= android.intent.action.ANY_DATA_STATE
02-13 14:14:29.335 D/MobileDataStateTracker(  256): [dun]  mEnabled = false
02-13 14:14:29.335 D/MobileDataStateTracker(  256): [dun]  apnTypeList = hipri
02-13 14:14:29.335 D/MobileDataStateTracker(  256): [dun]  unavailable = false
02-13 14:14:29.335 D/MobileDataStateTracker(  256): [dun] Do not process intents if disabled.
02-13 14:14:29.335 D/MobileDataStateTracker(  256): [supl]  MobileDataStateReceiver onReceive(): Entry.
02-13 14:14:29.335 D/MobileDataStateTracker(  256): [supl]  intent.getAction()= android.intent.action.ANY_DATA_STATE
02-13 14:14:29.335 D/MobileDataStateTracker(  256): [supl]  mEnabled = false
02-13 14:14:29.335 D/PhoneApp(  344): old phone type:2, New Phone type:2
02-13 14:14:29.335 D/NotificationMgr(  344): hideDataDisconnectedRoaming()...
02-13 14:14:29.345 D/PhoneApp(  344): old phone type:2, New Phone type:2
02-13 14:14:29.345 D/NotificationMgr(  344): hideDataDisconnectedRoaming()...
02-13 14:14:29.345 D/MobileDataStateTracker(  256): [supl]  apnTypeList = hipri
02-13 14:14:29.345 D/MobileDataStateTracker(  256): [supl]  unavailable = false
02-13 14:14:29.345 D/MobileDataStateTracker(  256): [supl] Do not process intents if disabled.
02-13 14:14:29.345 D/MobileDataStateTracker(  256): [mms]  MobileDataStateReceiver onReceive(): Entry.
02-13 14:14:29.345 D/MobileDataStateTracker(  256): [mms]  intent.getAction()= android.intent.action.ANY_DATA_STATE
02-13 14:14:29.345 D/MobileDataStateTracker(  256): [mms]  mEnabled = false
02-13 14:14:29.345 D/PhoneApp(  344): old phone type:2, New Phone type:2
02-13 14:14:29.345 D/NotificationMgr(  344): hideDataDisconnectedRoaming()...
02-13 14:14:29.345 D/PhoneApp(  344): old phone type:2, New Phone type:2
02-13 14:14:29.345 D/NotificationMgr(  344): hideDataDisconnectedRoaming()...
02-13 14:14:29.345 D/MobileDataStateTracker(  256): [mms]  apnTypeList = hipri
02-13 14:14:29.345 D/MobileDataStateTracker(  256): [mms]  unavailable = false
02-13 14:14:29.345 D/MobileDataStateTracker(  256): [mms] Do not process intents if disabled.
02-13 14:14:29.345 D/MobileDataStateTracker(  256): [default]  MobileDataStateReceiver onReceive(): Entry.
02-13 14:14:29.345 D/MobileDataStateTracker(  256): [default]  intent.getAction()= android.intent.action.ANY_DATA_STATE
02-13 14:14:29.345 D/MobileDataStateTracker(  256): [default]  mEnabled = true
02-13 14:14:29.345 D/MobileDataStateTracker(  256): [default]  apnTypeList = hipri
02-13 14:14:29.345 D/MobileDataStateTracker(  256): [default]  unavailable = false
02-13 14:14:29.345 D/MobileDataStateTracker(  256): [default] not what we are looking for.
02-13 14:14:29.345 D/MobileDataStateTracker(  256): [hipri]  MobileDataStateReceiver onReceive(): Entry.
02-13 14:14:29.345 D/MobileDataStateTracker(  256): [hipri]  intent.getAction()= android.intent.action.ANY_DATA_STATE
02-13 14:14:29.345 D/MobileDataStateTracker(  256): [hipri]  mEnabled = false
02-13 14:14:29.355 D/MobileDataStateTracker(  256): [hipri]  apnTypeList = hipri
02-13 14:14:29.355 D/MobileDataStateTracker(  256): [hipri]  unavailable = false
02-13 14:14:29.355 D/MobileDataStateTracker(  256): [hipri] Do not process intents if disabled.
02-13 14:14:29.355 D/MobileDataStateTracker(  256): [dun]  MobileDataStateReceiver onReceive(): Entry.
02-13 14:14:29.355 D/MobileDataStateTracker(  256): [dun]  intent.getAction()= android.intent.action.ANY_DATA_STATE
02-13 14:14:29.355 D/MobileDataStateTracker(  256): [dun]  mEnabled = false
02-13 14:14:29.355 D/MobileDataStateTracker(  256): [dun]  apnTypeList = hipri
02-13 14:14:29.355 D/MobileDataStateTracker(  256): [dun]  unavailable = false
02-13 14:14:29.355 D/MobileDataStateTracker(  256): [dun] Do not process intents if disabled.
02-13 14:14:29.355 D/MobileDataStateTracker(  256): [supl]  MobileDataStateReceiver onReceive(): Entry.
02-13 14:14:29.355 D/MobileDataStateTracker(  256): [supl]  intent.getAction()= android.intent.action.ANY_DATA_STATE
02-13 14:14:29.355 D/MobileDataStateTracker(  256): [supl]  mEnabled = false
02-13 14:14:29.355 D/MobileDataStateTracker(  256): [supl]  apnTypeList = hipri
02-13 14:14:29.355 D/MobileDataStateTracker(  256): [supl]  unavailable = false
02-13 14:14:29.355 D/MobileDataStateTracker(  256): [supl] Do not process intents if disabled.
02-13 14:14:29.355 D/MobileDataStateTracker(  256): [mms]  MobileDataStateReceiver onReceive(): Entry.
02-13 14:14:29.355 D/MobileDataStateTracker(  256): [mms]  intent.getAction()= android.intent.action.ANY_DATA_STATE
02-13 14:14:29.355 D/MobileDataStateTracker(  256): [mms]  mEnabled = false
02-13 14:14:29.365 D/MobileDataStateTracker(  256): [mms]  apnTypeList = hipri
02-13 14:14:29.365 D/MobileDataStateTracker(  256): [mms]  unavailable = false
02-13 14:14:29.365 D/MobileDataStateTracker(  256): [mms] Do not process intents if disabled.
02-13 14:14:29.365 D/MobileDataStateTracker(  256): [default]  MobileDataStateReceiver onReceive(): Entry.
02-13 14:14:29.365 D/MobileDataStateTracker(  256): [default]  intent.getAction()= android.intent.action.ANY_DATA_STATE
02-13 14:14:29.365 D/MobileDataStateTracker(  256): [default]  mEnabled = true
02-13 14:14:29.365 D/MobileDataStateTracker(  256): [default]  apnTypeList = hipri
02-13 14:14:29.365 D/MobileDataStateTracker(  256): [default]  unavailable = false
02-13 14:14:29.365 D/MobileDataStateTracker(  256): [default] not what we are looking for.
02-13 14:14:29.375 D/PicasaSyncManager(  682): reject MetadataSyncTask (*****************) for wifi connection
02-13 14:14:38.234 D/***zyj***(  344):  CdmaKpcInfo enter
02-13 14:14:38.234 D/***zyj***(  344):  fillBundle enter
02-13 14:14:38.244 E/PhoneInterfaceManager(  344): ***zyj*** name:1mask:22151168
02-13 14:14:38.244 D/PhoneInterfaceManager(  344): Broadcasting intent ACTION_UNSOL_RESPONSE_OEM_HOOK_KPC
02-13 14:14:38.875 I/SprintUpdater(  556): Scheduling retry in 2046 min
02-13 14:14:38.875 D/AlarmManager(  256): +++Alarm set:type=0 com.sprint.ce.updater  Trigger after:122793712ms
02-13 14:14:39.175 I/dun_service(  124): process rmnet event
02-13 14:14:39.175 I/dun_service(  124): Post event 3
02-13 14:14:39.175 I/dun_service(  124): received event: DUN_EVENT_RMNET_DOWN 
02-13 14:14:39.175 I/dun_service(  124): received event(DUN_EVENT_RMNET_DOWN) in state(DUN_STATE_USB_UNPLUG)
02-13 14:14:39.175 I/dun_service(  124): Ignoring the event DUN_EVENT_RMNET_DOWN in USB_UNPLUG_STATE
02-13 14:14:39.175 I/dun_service(  124): Moved to state(DUN_STATE_USB_UNPLUG)
02-13 14:14:39.205 E/DHCP    (  126): +++ ifc_configure
02-13 14:14:39.205 I/dun_service(  124): process rmnet event
02-13 14:14:39.205 I/dun_service(  124): Post event 4
02-13 14:14:39.205 I/dun_service(  124): process rmnet event
02-13 14:14:39.205 I/dun_service(  124): Post event 4
02-13 14:14:39.205 I/dun_service(  124): received event: DUN_EVENT_RMNET_UP 
02-13 14:14:39.205 I/dun_service(  124): received event(DUN_EVENT_RMNET_UP) in state(DUN_STATE_USB_UNPLUG)
02-13 14:14:39.205 I/dun_service(  124): Ignoring the event DUN_EVENT_RMNET_UP in USB_UNPLUG_STATE
02-13 14:14:39.205 I/dun_service(  124): Moved to state(DUN_STATE_USB_UNPLUG)
02-13 14:14:39.205 I/dun_service(  124): received event: DUN_EVENT_RMNET_UP 
02-13 14:14:39.205 I/dun_service(  124): received event(DUN_EVENT_RMNET_UP) in state(DUN_STATE_USB_UNPLUG)
02-13 14:14:39.205 I/dun_service(  124): Ignoring the event DUN_EVENT_RMNET_UP in USB_UNPLUG_STATE
02-13 14:14:39.205 I/dun_service(  124): Moved to state(DUN_STATE_USB_UNPLUG)
02-13 14:14:39.215 I/dun_service(  124): process rmnet event
02-13 14:14:39.215 I/dun_service(  124): Post event 4
02-13 14:14:39.215 I/dun_service(  124): process rmnet event
02-13 14:14:39.215 I/dun_service(  124): Post event 4
02-13 14:14:39.215 I/dun_service(  124): received event: DUN_EVENT_RMNET_UP 
02-13 14:14:39.215 I/dun_service(  124): received event(DUN_EVENT_RMNET_UP) in state(DUN_STATE_USB_UNPLUG)
02-13 14:14:39.215 I/dun_service(  124): Ignoring the event DUN_EVENT_RMNET_UP in USB_UNPLUG_STATE
02-13 14:14:39.215 I/dun_service(  124): Moved to state(DUN_STATE_USB_UNPLUG)
02-13 14:14:39.215 I/dun_service(  124): received event: DUN_EVENT_RMNET_UP 
02-13 14:14:39.215 I/dun_service(  124): received event(DUN_EVENT_RMNET_UP) in state(DUN_STATE_USB_UNPLUG)
02-13 14:14:39.215 I/dun_service(  124): Ignoring the event DUN_EVENT_RMNET_UP in USB_UNPLUG_STATE
02-13 14:14:39.215 I/dun_service(  124): Moved to state(DUN_STATE_USB_UNPLUG)
02-13 14:14:39.215 E/DHCP    (  126):  +++ create default route
02-13 14:14:39.215 E/DHCP    (  126):  +++ set dns prop 
02-13 14:14:39.255 E/        (  114): cby, conn_id = 0, client_id = 3, service_id = 1
02-13 14:14:39.265 D/DATA    (  344): [DC cid = -1]DcActivatingState msg.what=EVENT_SETUP_DATA_CONNECTION_DONE
02-13 14:14:39.265 D/DATA    (  344): [DC cid = 0]interface=rmnet0 ipAddress=174.156.234.163 gateway=174.156.234.161 DNS1=68.28.67.132 DNS2=68.28.68.132
02-13 14:14:39.265 D/DATA    (  344): [DC cid = 0]DataConnection setup result='SUCCESS' on cid=0
02-13 14:14:39.265 D/DATA    (  344): [DC cid = 0]DcInactiveState: setEnterNoticationParams cp,cause
02-13 14:14:39.265 D/DATA    (  344): [DC cid = 0]DcActiveState: enter notifyConnectCompleted
02-13 14:14:39.265 D/DATA    (  344): [DC cid = 0]notifyConnection at 1329164079278 cause=NONE
02-13 14:14:39.265 I/DATA    (  344): [DCT(0) ] onConnectDone: set mDataCallSetupPending = false
02-13 14:14:39.295 I/DATA    (  344): [DCT(0) ] --------------------------
02-13 14:14:39.295 I/DATA    (  344): [DCT(0) ] Data call setup : SUCCESS
02-13 14:14:39.295 I/DATA    (  344): [DCT(0) ]   data profile  : CDMA NAI 0
02-13 14:14:39.295 I/DATA    (  344): [DCT(0) ]   service type  : SERVICE_TYPE_DEFAULT
02-13 14:14:39.295 I/DATA    (  344): [DCT(0) ]   data call id  : 0
02-13 14:14:39.295 I/DATA    (  344): [DCT(0) ]   ip version    : INET
02-13 14:14:39.295 I/DATA    (  344): [DCT(0) ]   ip address/gw : 174.156.234.163/174.156.234.161
02-13 14:14:39.295 I/DATA    (  344): [DCT(0) ]   dns           : [68.28.67.132, 68.28.68.132]
02-13 14:14:39.295 I/DATA    (  344): [DCT(0) ]   reason   : radioTechnologyChanged
02-13 14:14:39.295 I/DATA    (  344): [DCT(0) ] --------------------------
02-13 14:14:39.295 I/DATA    (  344): [DCT(0) ] handleConnectedDc() : Cid=0, State=DcActiveState, bearerType=IP, create=1329164079278, lastFail=-1, lastFailCause=NONE, dp=[dpt=PROFILE_TYPE_3GPP2_NAI, active=false, 
02-13 14:14:39.295 I/DATA    (  344): [SERVICE_TYPE_DEFAULT] Service is active on INET through cid=0
02-13 14:14:39.295 I/DATA    (  344): [SERVICE_TYPE_DEFAULT] set newState =  CONNECTEDoldState =  CONNECTING
02-13 14:14:39.295 D/Phone   (  344): [PhoneNotifier] [DefaultPhoneNotifier] : default, INET, CONNECTED
02-13 14:14:39.305 I/TelephonyRegistry(  256): notifyDataConnection: state=2 isDataConnectivityPossible=true reason=radioTechnologyChanged interfaceName=rmnet0 networkType=6 apnType=default apn=null
02-13 14:14:39.305 I/TelephonyRegistry(  256): +++broadcastDataConnectionStateChanged
02-13 14:14:39.315 I/TelephonyRegistry(  256): +++sendStickyBroadcast
02-13 14:14:39.315 D/MobileDataStateTracker(  256): [hipri]  MobileDataStateReceiver onReceive(): Entry.
02-13 14:14:39.315 D/MobileDataStateTracker(  256): [hipri]  intent.getAction()= android.intent.action.ANY_DATA_STATE
02-13 14:14:39.315 D/MobileDataStateTracker(  256): [hipri]  mEnabled = false
02-13 14:14:39.315 D/MobileDataStateTracker(  256): [hipri]  apnTypeList = default
02-13 14:14:39.315 D/MobileDataStateTracker(  256): [hipri]  unavailable = false
02-13 14:14:39.315 D/MobileDataStateTracker(  256): [hipri] Do not process intents if disabled.
02-13 14:14:39.315 D/MobileDataStateTracker(  256): [dun]  MobileDataStateReceiver onReceive(): Entry.
02-13 14:14:39.315 D/MobileDataStateTracker(  256): [dun]  intent.getAction()= android.intent.action.ANY_DATA_STATE
02-13 14:14:39.315 D/MobileDataStateTracker(  256): [dun]  mEnabled = false
02-13 14:14:39.325 D/MobileDataStateTracker(  256): [dun]  apnTypeList = default
02-13 14:14:39.325 D/MobileDataStateTracker(  256): [dun]  unavailable = false
02-13 14:14:39.325 D/MobileDataStateTracker(  256): [dun] Do not process intents if disabled.
02-13 14:14:39.325 D/MobileDataStateTracker(  256): [supl]  MobileDataStateReceiver onReceive(): Entry.
02-13 14:14:39.325 D/MobileDataStateTracker(  256): [supl]  intent.getAction()= android.intent.action.ANY_DATA_STATE
02-13 14:14:39.325 D/MobileDataStateTracker(  256): [supl]  mEnabled = false
02-13 14:14:39.325 D/MobileDataStateTracker(  256): [supl]  apnTypeList = default
02-13 14:14:39.325 D/MobileDataStateTracker(  256): [supl]  unavailable = false
02-13 14:14:39.325 D/MobileDataStateTracker(  256): [supl] Do not process intents if disabled.
02-13 14:14:39.325 D/MobileDataStateTracker(  256): [mms]  MobileDataStateReceiver onReceive(): Entry.
02-13 14:14:39.325 D/MobileDataStateTracker(  256): [mms]  intent.getAction()= android.intent.action.ANY_DATA_STATE
02-13 14:14:39.325 D/MobileDataStateTracker(  256): [mms]  mEnabled = false
02-13 14:14:39.325 D/MobileDataStateTracker(  256): [mms]  apnTypeList = default
02-13 14:14:39.325 D/MobileDataStateTracker(  256): [mms]  unavailable = false
02-13 14:14:39.325 D/MobileDataStateTracker(  256): [mms] Do not process intents if disabled.
02-13 14:14:39.325 D/MobileDataStateTracker(  256): [default]  MobileDataStateReceiver onReceive(): Entry.
02-13 14:14:39.325 D/MobileDataStateTracker(  256): [default]  intent.getAction()= android.intent.action.ANY_DATA_STATE
02-13 14:14:39.325 D/MobileDataStateTracker(  256): [default]  mEnabled = true
02-13 14:14:39.325 D/MobileDataStateTracker(  256): [default]  apnTypeList = default
02-13 14:14:39.335 D/MobileDataStateTracker(  256): [default]  unavailable = false
02-13 14:14:39.335 D/MobileDataStateTracker(  256): [default] CALL updateMobileInfoFromIntent
02-13 14:14:39.335 I/MobileDataStateTracker(  256): [default] dc state change intent received for default/INET with state  CONNECTED. enabled=true state change reason = radioTechnologyChanged
02-13 14:14:39.335 I/MobileDataStateTracker(  256): [default] old state = CONNECTING
02-13 14:14:39.335 I/MobileDataStateTracker(  256): [default] updated mobile state info for INET : [state=CONNECTED, iface=rmnet0, mApnName=null, mIpAddress=/174.156.234.163, mGateway=/174.156.234.161]
02-13 14:14:39.335 D/NetworkStateTracker(  256): setDetailed state, old =CONNECTING and new state=CONNECTED
02-13 14:14:39.335 W/NetworkStateTracker(  256): net.tcp.buffersize.evdo not found in system properties. Using defaults
02-13 14:14:39.335 W/NetworkStateTracker(  256): ### addDefaultRoute for iface rmnet0
02-13 14:14:39.335 I/NetworkStateTracker(  256): addDefaultRoute (INET) for mobile (rmnet0), GatewayAddr=174.156.234.161
02-13 14:14:39.345 I/DATA    (  344): [SERVICE_TYPE_MMS] Service is active on INET through cid=0
02-13 14:14:39.345 I/DATA    (  344): [SERVICE_TYPE_MMS] set newState =  CONNECTEDoldState =  IDLE
02-13 14:14:39.345 D/Phone   (  344): [PhoneNotifier] [DefaultPhoneNotifier] : mms, INET, CONNECTED
02-13 14:14:39.345 I/TelephonyRegistry(  256): notifyDataConnection: state=2 isDataConnectivityPossible=true reason=radioTechnologyChanged interfaceName=rmnet0 networkType=6 apnType=mms apn=null
02-13 14:14:39.345 I/TelephonyRegistry(  256): +++broadcastDataConnectionStateChanged
02-13 14:14:39.345 I/TelephonyRegistry(  256): +++sendStickyBroadcast
02-13 14:14:39.355 D/MobileDataStateTracker(  256): [hipri]  MobileDataStateReceiver onReceive(): Entry.
02-13 14:14:39.355 D/MobileDataStateTracker(  256): [hipri]  intent.getAction()= android.intent.action.ANY_DATA_STATE
02-13 14:14:39.355 D/MobileDataStateTracker(  256): [hipri]  mEnabled = false
02-13 14:14:39.355 D/MobileDataStateTracker(  256): [hipri]  apnTypeList = mms
02-13 14:14:39.355 D/MobileDataStateTracker(  256): [hipri]  unavailable = false
02-13 14:14:39.355 D/MobileDataStateTracker(  256): [hipri] Do not process intents if disabled.
02-13 14:14:39.355 D/MobileDataStateTracker(  256): [dun]  MobileDataStateReceiver onReceive(): Entry.
02-13 14:14:39.355 D/MobileDataStateTracker(  256): [dun]  intent.getAction()= android.intent.action.ANY_DATA_STATE
02-13 14:14:39.355 D/MobileDataStateTracker(  256): [dun]  mEnabled = false
02-13 14:14:39.355 D/MobileDataStateTracker(  256): [dun]  apnTypeList = mms
02-13 14:14:39.355 D/MobileDataStateTracker(  256): [dun]  unavailable = false
02-13 14:14:39.355 D/MobileDataStateTracker(  256): [dun] Do not process intents if disabled.
02-13 14:14:39.355 D/MobileDataStateTracker(  256): [supl]  MobileDataStateReceiver onReceive(): Entry.
02-13 14:14:39.355 D/MobileDataStateTracker(  256): [supl]  intent.getAction()= android.intent.action.ANY_DATA_STATE
02-13 14:14:39.355 D/MobileDataStateTracker(  256): [supl]  mEnabled = false
02-13 14:14:39.365 I/DATA    (  344): [SERVICE_TYPE_SUPL] Service is active on INET through cid=0
02-13 14:14:39.365 I/DATA    (  344): [SERVICE_TYPE_SUPL] set newState =  CONNECTEDoldState =  IDLE
02-13 14:14:39.365 D/Phone   (  344): [PhoneNotifier] [DefaultPhoneNotifier] : supl, INET, CONNECTED
02-13 14:14:39.365 D/MobileDataStateTracker(  256): [supl]  apnTypeList = mms
02-13 14:14:39.365 D/MobileDataStateTracker(  256): [supl]  unavailable = false
02-13 14:14:39.365 D/MobileDataStateTracker(  256): [supl] Do not process intents if disabled.
02-13 14:14:39.365 D/MobileDataStateTracker(  256): [mms]  MobileDataStateReceiver onReceive(): Entry.
02-13 14:14:39.365 D/MobileDataStateTracker(  256): [mms]  intent.getAction()= android.intent.action.ANY_DATA_STATE
02-13 14:14:39.365 D/MobileDataStateTracker(  256): [mms]  mEnabled = false
02-13 14:14:39.375 D/MobileDataStateTracker(  256): [mms]  apnTypeList = mms
02-13 14:14:39.375 D/MobileDataStateTracker(  256): [mms]  unavailable = false
02-13 14:14:39.375 D/MobileDataStateTracker(  256): [mms] Do not process intents if disabled.
02-13 14:14:39.375 D/MobileDataStateTracker(  256): [default]  MobileDataStateReceiver onReceive(): Entry.
02-13 14:14:39.375 D/MobileDataStateTracker(  256): [default]  intent.getAction()= android.intent.action.ANY_DATA_STATE
02-13 14:14:39.375 D/MobileDataStateTracker(  256): [default]  mEnabled = true
02-13 14:14:39.375 D/MobileDataStateTracker(  256): [default]  apnTypeList = mms
02-13 14:14:39.375 D/MobileDataStateTracker(  256): [default]  unavailable = false
02-13 14:14:39.375 D/MobileDataStateTracker(  256): [default] not what we are looking for.
02-13 14:14:39.375 I/TelephonyRegistry(  256): notifyDataConnection: state=2 isDataConnectivityPossible=true reason=radioTechnologyChanged interfaceName=rmnet0 networkType=6 apnType=supl apn=null
02-13 14:14:39.375 I/TelephonyRegistry(  256): +++broadcastDataConnectionStateChanged
02-13 14:14:39.375 I/TelephonyRegistry(  256): +++sendStickyBroadcast
02-13 14:14:39.385 E/NatController(  776): +++child prcess pid = 776, tag = /system/bin/ip
02-13 14:14:39.385 I/DATA    (  344): [SERVICE_TYPE_HIPRI] Service is active on INET through cid=0
02-13 14:14:39.385 I/DATA    (  344): [SERVICE_TYPE_HIPRI] set newState =  CONNECTEDoldState =  IDLE
02-13 14:14:39.395 D/MobileDataStateTracker(  256): [hipri]  MobileDataStateReceiver onReceive(): Entry.
02-13 14:14:39.395 D/MobileDataStateTracker(  256): [hipri]  intent.getAction()= android.intent.action.ANY_DATA_STATE
02-13 14:14:39.395 D/MobileDataStateTracker(  256): [hipri]  mEnabled = false
02-13 14:14:39.395 D/MobileDataStateTracker(  256): [hipri]  apnTypeList = supl
02-13 14:14:39.395 D/MobileDataStateTracker(  256): [hipri]  unavailable = false
02-13 14:14:39.395 D/MobileDataStateTracker(  256): [hipri] Do not process intents if disabled.
02-13 14:14:39.395 D/MobileDataStateTracker(  256): [dun]  MobileDataStateReceiver onReceive(): Entry.
02-13 14:14:39.395 D/MobileDataStateTracker(  256): [dun]  intent.getAction()= android.intent.action.ANY_DATA_STATE
02-13 14:14:39.395 D/MobileDataStateTracker(  256): [dun]  mEnabled = false
02-13 14:14:39.395 D/MobileDataStateTracker(  256): [dun]  apnTypeList = supl
02-13 14:14:39.395 D/MobileDataStateTracker(  256): [dun]  unavailable = false
02-13 14:14:39.395 D/MobileDataStateTracker(  256): [dun] Do not process intents if disabled.
02-13 14:14:39.395 D/MobileDataStateTracker(  256): [supl]  MobileDataStateReceiver onReceive(): Entry.
02-13 14:14:39.395 D/MobileDataStateTracker(  256): [supl]  intent.getAction()= android.intent.action.ANY_DATA_STATE
02-13 14:14:39.395 D/MobileDataStateTracker(  256): [supl]  mEnabled = false
02-13 14:14:39.405 D/MobileDataStateTracker(  256): [supl]  apnTypeList = supl
02-13 14:14:39.405 D/MobileDataStateTracker(  256): [supl]  unavailable = false
02-13 14:14:39.405 D/MobileDataStateTracker(  256): [supl] Do not process intents if disabled.
02-13 14:14:39.405 D/MobileDataStateTracker(  256): [mms]  MobileDataStateReceiver onReceive(): Entry.
02-13 14:14:39.405 D/MobileDataStateTracker(  256): [mms]  intent.getAction()= android.intent.action.ANY_DATA_STATE
02-13 14:14:39.405 D/MobileDataStateTracker(  256): [mms]  mEnabled = false
02-13 14:14:39.405 D/MobileDataStateTracker(  256): [mms]  apnTypeList = supl
02-13 14:14:39.405 D/MobileDataStateTracker(  256): [mms]  unavailable = false
02-13 14:14:39.405 D/MobileDataStateTracker(  256): [mms] Do not process intents if disabled.
02-13 14:14:39.405 D/MobileDataStateTracker(  256): [default]  MobileDataStateReceiver onReceive(): Entry.
02-13 14:14:39.405 D/MobileDataStateTracker(  256): [default]  intent.getAction()= android.intent.action.ANY_DATA_STATE
02-13 14:14:39.405 D/MobileDataStateTracker(  256): [default]  mEnabled = true
02-13 14:14:39.415 D/MobileDataStateTracker(  256): [default]  apnTypeList = supl
02-13 14:14:39.415 D/MobileDataStateTracker(  256): [default]  unavailable = false
02-13 14:14:39.415 D/MobileDataStateTracker(  256): [default] not what we are looking for.
02-13 14:14:39.415 E/NatController(  112): +++ parent2 block wait for child 776 , tag = /system/bin/ip
02-13 14:14:39.415 E/NatController(  112): ## waited wpid = 776
02-13 14:14:39.415 E/NatController(  112):  exit status = 0
02-13 14:14:39.415 D/Phone   (  344): [PhoneNotifier] [DefaultPhoneNotifier] : hipri, INET, CONNECTED
02-13 14:14:39.415 I/TelephonyRegistry(  256): notifyDataConnection: state=2 isDataConnectivityPossible=true reason=radioTechnologyChanged interfaceName=rmnet0 networkType=6 apnType=hipri apn=null
02-13 14:14:39.415 I/TelephonyRegistry(  256): +++broadcastDataConnectionStateChanged
02-13 14:14:39.415 I/TelephonyRegistry(  256): +++sendStickyBroadcast
02-13 14:14:39.415 D/MobileDataStateTracker(  256): [hipri]  MobileDataStateReceiver onReceive(): Entry.
02-13 14:14:39.415 D/MobileDataStateTracker(  256): [hipri]  intent.getAction()= android.intent.action.ANY_DATA_STATE
02-13 14:14:39.415 D/MobileDataStateTracker(  256): [hipri]  mEnabled = false
02-13 14:14:39.425 D/MobileDataStateTracker(  256): [hipri]  apnTypeList = hipri
02-13 14:14:39.425 D/MobileDataStateTracker(  256): [hipri]  unavailable = false
02-13 14:14:39.425 D/MobileDataStateTracker(  256): [hipri] Do not process intents if disabled.
02-13 14:14:39.425 D/MobileDataStateTracker(  256): [dun]  MobileDataStateReceiver onReceive(): Entry.
02-13 14:14:39.425 D/MobileDataStateTracker(  256): [dun]  intent.getAction()= android.intent.action.ANY_DATA_STATE
02-13 14:14:39.425 D/MobileDataStateTracker(  256): [dun]  mEnabled = false
02-13 14:14:39.425 D/MobileDataStateTracker(  256): [dun]  apnTypeList = hipri
02-13 14:14:39.425 D/MobileDataStateTracker(  256): [dun]  unavailable = false
02-13 14:14:39.425 D/MobileDataStateTracker(  256): [dun] Do not process intents if disabled.
02-13 14:14:39.425 D/MobileDataStateTracker(  256): [supl]  MobileDataStateReceiver onReceive(): Entry.
02-13 14:14:39.425 D/MobileDataStateTracker(  256): [supl]  intent.getAction()= android.intent.action.ANY_DATA_STATE
02-13 14:14:39.425 D/MobileDataStateTracker(  256): [supl]  mEnabled = false
02-13 14:14:39.425 D/MobileDataStateTracker(  256): [supl]  apnTypeList = hipri
02-13 14:14:39.425 D/MobileDataStateTracker(  256): [supl]  unavailable = false
02-13 14:14:39.425 D/MobileDataStateTracker(  256): [supl] Do not process intents if disabled.
02-13 14:14:39.425 D/MobileDataStateTracker(  256): [mms]  MobileDataStateReceiver onReceive(): Entry.
02-13 14:14:39.425 D/MobileDataStateTracker(  256): [mms]  intent.getAction()= android.intent.action.ANY_DATA_STATE
02-13 14:14:39.425 D/MobileDataStateTracker(  256): [mms]  mEnabled = false
02-13 14:14:39.435 D/MobileDataStateTracker(  256): [mms]  apnTypeList = hipri
02-13 14:14:39.435 D/MobileDataStateTracker(  256): [mms]  unavailable = false
02-13 14:14:39.435 D/MobileDataStateTracker(  256): [mms] Do not process intents if disabled.
02-13 14:14:39.435 D/MobileDataStateTracker(  256): [default]  MobileDataStateReceiver onReceive(): Entry.
02-13 14:14:39.435 D/MobileDataStateTracker(  256): [default]  intent.getAction()= android.intent.action.ANY_DATA_STATE
02-13 14:14:39.435 D/MobileDataStateTracker(  256): [default]  mEnabled = true
02-13 14:14:39.435 D/MobileDataStateTracker(  256): [default]  apnTypeList = hipri
02-13 14:14:39.435 D/MobileDataStateTracker(  256): [default]  unavailable = false
02-13 14:14:39.435 D/MobileDataStateTracker(  256): [default] not what we are looking for.
02-13 14:14:39.435 I/DATA    (  344): [DCT(0) ] onConnectDone: update dc reason = radioTechnologyChanged
02-13 14:14:39.435 I/DATA    (  344): [DCT(0) ] onDataCallListChanged:
02-13 14:14:39.435 I/DATA    (  344): [DCT(0) ] ---dc state list---
02-13 14:14:39.435 I/DATA    (  344): [DCT(0) ] DataCallState: { cid: 0, active: 2, type: , apn: , address: 174.156.234.163 }
02-13 14:14:39.445 E/NatController(  777): +++child prcess pid = 777, tag = /system/bin/ip
02-13 14:14:39.445 E/NatController(  112): +++ parent2 block wait for child 777 , tag = /system/bin/ip
02-13 14:14:39.445 I/DATA    (  344): [DCT(0) ] ---dc list---
02-13 14:14:39.445 I/DATA    (  344): [DCT(0) ] cid = 0, state = DcActiveState, bearerType = IP, ipaddress = 174.156.234.163, gw=174.156.234.161, dns=[68.28.67.132, 68.28.68.132]
02-13 14:14:39.445 D/PhoneApp(  344): mReceiver: ACTION_ANY_DATA_CONNECTION_STATE_CHANGED
02-13 14:14:39.445 D/PhoneApp(  344): - state: CONNECTED
02-13 14:14:39.445 D/PhoneApp(  344): - reason: radioTechnologyChanged
02-13 14:14:39.455 E/NatController(  112): ## waited wpid = 777
02-13 14:14:39.455 E/NatController(  112):  exit status = 0
02-13 14:14:39.455 W/NetworkStateTracker(  256): ### addDefaultRoute for iface null
02-13 14:14:39.455 W/NetworkStateTracker(  256):  skip addDefaultRoute. 
02-13 14:14:39.455 D/Tethering(  256): MasterInitialState.processMessage what=3
02-13 14:14:39.465 D/GTalkService(  378): ##### Network broadcast (connected=true) type=mobile, state=CONNECTED
02-13 14:14:39.465 I/GTalkService(  378): [GTalkConnection.1] setInternalNetworkState: type=0, state=CONNECTED
02-13 14:14:39.475 I/MediaUploader(  672): No need to wake up
02-13 14:14:39.475 D/GTalkService/c(  378): [GTalkConnection.1] connect: acquire wakelock, async connect...
02-13 14:14:39.475 I/GTalkService(  378): [GTalkConnection.1] acquireAsyncWakeLock: WakeLock{4059fbd0 held=true, refCount=0}
02-13 14:14:39.485 D/PhoneApp(  344): mReceiver: ACTION_ANY_DATA_CONNECTION_STATE_CHANGED
02-13 14:14:39.485 D/PhoneApp(  344): - state: CONNECTED
02-13 14:14:39.485 D/PhoneApp(  344): - reason: radioTechnologyChanged
02-13 14:14:39.485 D/PhoneApp(  344): mReceiver: ACTION_ANY_DATA_CONNECTION_STATE_CHANGED
02-13 14:14:39.485 D/PhoneApp(  344): - state: CONNECTED
02-13 14:14:39.485 D/PhoneApp(  344): - reason: radioTechnologyChanged
02-13 14:14:39.485 D/PhoneApp(  344): mReceiver: ACTION_ANY_DATA_CONNECTION_STATE_CHANGED
02-13 14:14:39.485 D/PhoneApp(  344): - state: CONNECTED
02-13 14:14:39.485 D/PhoneApp(  344): - reason: radioTechnologyChanged
02-13 14:14:39.485 I/DATA    (  344): [DCT(0) ] onUpdateDataConnections: reason=radioTechnologyChanged
02-13 14:14:39.485 I/DATA    (  344): [DCT(0) ] ---dc list---
02-13 14:14:39.495 D/GpsLocationProvider(  256): updateNetworkState available info: NetworkInfo: type: mobile[CDMA - EvDo rev. A], state: CONNECTED/CONNECTED, reason: radioTechnologyChanged, extra: (none), roaming: false, failover: false, isAvailable: true, isIpv4Connected: true, isIpv6Connected: false, ipv4Name: rmnet0, ipv6Name: null
02-13 14:14:39.495 I/DATA    (  344): [DCT(0) ] cid = 0, state = DcActiveState, bearerType = IP, ipaddress = 174.156.234.163, gw=174.156.234.161, dns=[68.28.67.132, 68.28.68.132]
02-13 14:14:39.495 I/DATA    (  344): [DCT(0) ] ---ds list---
02-13 14:14:39.495 I/DATA    (  344): [DCT(0) ] ds= SERVICE_TYPE_DEFAULT, enabled = true, active = v4:CONNECTED(0) v6:IDLE
02-13 14:14:39.495 I/DATA    (  344): [DCT(0) ] ds= SERVICE_TYPE_MMS, enabled = false, active = v4:CONNECTED(0) v6:IDLE
02-13 14:14:39.495 I/DATA    (  344): [DCT(0) ] ds= SERVICE_TYPE_SUPL, enabled = false, active = v4:CONNECTED(0) v6:IDLE
02-13 14:14:39.495 I/DATA    (  344): [DCT(0) ] ds= SERVICE_TYPE_DUN, enabled = false, active = v4:IDLE v6:IDLE
02-13 14:14:39.495 I/DATA    (  344): [DCT(0) ] ds= SERVICE_TYPE_HIPRI, enabled = false, active = v4:CONNECTED(0) v6:IDLE
02-13 14:14:39.495 I/DATA    (  344): [DCT(0) ] Ready for data : 
02-13 14:14:39.495 I/DATA    (  344): [DCT(0) ]    getDesiredPowerState() = true
02-13 14:14:39.495 I/DATA    (  344): [DCT(0) ]    mCm.getRadioState() = RADIO_ON
02-13 14:14:39.495 I/DATA    (  344): [DCT(0) ]    [DataRadioTech = RADIO_TECH_EVDO_A, data network state = 0, mMasterDataEnabled = true, is Roaming = false, dataOnRoamingEnable = false, isPsRestricted = false, desiredPowerState  = true, mSIMRecords = , cdmaSubSource = 1/310120, mRuimRecords = , checks = true/true]
02-13 14:14:39.495 D/PhoneApp(  344): old phone type:2, New Phone type:2
02-13 14:14:39.495 D/NotificationMgr(  344): hideDataDisconnectedRoaming()...
02-13 14:14:39.505 D/PhoneApp(  344): old phone type:2, New Phone type:2
02-13 14:14:39.505 D/NotificationMgr(  344): hideDataDisconnectedRoaming()...
02-13 14:14:39.505 D/PhoneApp(  344): old phone type:2, New Phone type:2
02-13 14:14:39.505 D/NotificationMgr(  344): hideDataDisconnectedRoaming()...
02-13 14:14:39.505 D/PhoneApp(  344): old phone type:2, New Phone type:2
02-13 14:14:39.505 D/NotificationMgr(  344): hideDataDisconnectedRoaming()...
02-13 14:14:39.525 I/GTalkService(  378): [GTalkConnection.25] (WORKER THREAD) update account status
02-13 14:14:39.535 D/AlarmManager(  256): +++Alarm set:type=2 android  Trigger after:83455451ms
02-13 14:14:39.535 D/PicasaSyncManager(  682): active network: NetworkInfo: type: mobile[CDMA - EvDo rev. A], state: CONNECTED/CONNECTED, reason: radioTechnologyChanged, extra: (none), roaming: false, failover: false, isAvailable: true, isIpv4Connected: true, isIpv6Connected: false, ipv4Name: rmnet0, ipv6Name: null
02-13 14:14:39.545 D/PicasaSyncManager(  682): background data: true
02-13 14:14:39.565 D/AlarmManager(  256): +++Alarm set:type=0 com.google.android.gsf  Trigger after:522202395ms
02-13 14:14:39.575 D/GpsLocationProvider(  256): getAGpsConnectionInfo connType - 3
02-13 14:14:39.585 I/ContactsProvider(  408): updateInTransaction: content://com.android.contacts/status_updates
02-13 14:14:39.685 I/GTalkService(  378): [GTalkConnection.25] (WORKER THREAD) update account status - done, took 162 ms
02-13 14:14:39.685 I/GTalkService(  378): doConnect: start...
02-13 14:14:39.806 D/GpsLocationProvider(  256): NTP server returned: 1329164080187 (Mon Feb 13 14:14:40 CST 2012) reference: 59808 certainty: 58 system time offset: 387
02-13 14:14:40.736 I/GTalkService(  378): connectionEstablished
02-13 14:14:40.776 D/AlarmManager(  256): +++Alarm set:type=2 com.google.android.gsf  Trigger after:1680000ms
02-13 14:14:40.776 I/GTalkService(  378): [GTalkConnection.25] connectionEstablished: release wakelock
02-13 14:14:40.776 I/GTalkService(  378): [GTalkConnection.25] releaseAsyncWakeLock: clear timer: WakeLock{4059fbd0 held=false, refCount=0}
02-13 14:14:40.776 I/GTalkService(  378): [GTalkConnection.25] (WORKER THREAD) update account status
02-13 14:14:40.817 I/ContactsProvider(  408): updateInTransaction: content://com.android.contacts/status_updates
02-13 14:14:40.857 I/GTalkService(  378): [GTalkConnection.25] (WORKER THREAD) update account status - done, took 74 ms
02-13 14:14:41.567 D/DATA    (  344): [DSST(0)] pollstate() : reason = data network state changed
02-13 14:14:41.657 D/MobileDataStateTracker(  256): [hipri]  MobileDataStateReceiver onReceive(): Entry.
02-13 14:14:41.657 D/MobileDataStateTracker(  256): [hipri]  intent.getAction()= android.intent.action.SERVICE_STATE
02-13 14:14:41.657 D/MobileDataStateTracker(  256): [hipri]  mEnabled = false
02-13 14:14:41.657 D/MobileDataStateTracker(  256): [dun]  MobileDataStateReceiver onReceive(): Entry.
02-13 14:14:41.657 D/MobileDataStateTracker(  256): [dun]  intent.getAction()= android.intent.action.SERVICE_STATE
02-13 14:14:41.657 D/MobileDataStateTracker(  256): [dun]  mEnabled = false
02-13 14:14:41.657 D/MobileDataStateTracker(  256): [supl]  MobileDataStateReceiver onReceive(): Entry.
02-13 14:14:41.657 D/MobileDataStateTracker(  256): [supl]  intent.getAction()= android.intent.action.SERVICE_STATE
02-13 14:14:41.657 D/MobileDataStateTracker(  256): [supl]  mEnabled = false
02-13 14:14:41.657 D/MobileDataStateTracker(  256): [mms]  MobileDataStateReceiver onReceive(): Entry.
02-13 14:14:41.657 D/MobileDataStateTracker(  256): [mms]  intent.getAction()= android.intent.action.SERVICE_STATE
02-13 14:14:41.657 D/MobileDataStateTracker(  256): [mms]  mEnabled = false
02-13 14:14:41.657 D/MobileDataStateTracker(  256): [default]  MobileDataStateReceiver onReceive(): Entry.
02-13 14:14:41.657 D/MobileDataStateTracker(  256): [default]  intent.getAction()= android.intent.action.SERVICE_STATE
02-13 14:14:41.667 D/MobileDataStateTracker(  256): [default]  mEnabled = true
02-13 14:14:41.667 D/DATA    (  344): [DSST(0)]  registrationState = 1  radioTechnology = 8 reasonForDenial = 0
02-13 14:14:41.667 D/DATA    (  344): [DSST(0)]  set mNewDataConnectionState = 0
02-13 14:14:41.667 D/DATA    (  344): [DSST(0)]  mNewDataConnectionState : 0  mDataConnectionState : 0
02-13 14:14:41.667 D/DATA    (  344): [DSST(0)] Poll ServiceState done: oldSS=[0 home null null null  EvDo rev. A CSS not supported -1 -1RoamInd: -1RoamStatus(sprint): -1DefRoamInd: -1EmergOnly: false] newSS=[0 home null null null  EvDo rev. A CSS not supported -1 -1RoamInd: -1RoamStatus(sprint): -1DefRoamInd: -1EmergOnly: false]
02-13 14:14:41.667 D/DATA    (  344): [DSST(0)]  mDataConnectionState = 0
02-13 14:14:41.667 D/CallManager(  344):  handleMessage (EVENT_SERVICE_STATE_CHANGED)
02-13 14:14:41.667 E/BT HS/HF(  344): SERVICE_STATE_CHANGED called
02-13 14:14:41.667 E/BT HS/HF(  344): updateServiceState called, sendUpdate:false  ServiceState:0 home Sprint  310099  EvDo rev. A CSS not supported 41 4139RoamInd: 1RoamStatus(sprint): 1DefRoamInd: 160EmergOnly: false
02-13 14:14:41.667 E/BT HS/HF(  344): service:1 mService:1
02-13 14:14:42.578 W/AlarmManager(  256): +++Alarm  wakeup phone ,pkg=com.locationlabs.v3client
02-13 14:14:42.588 I/V3Client(  662): AccountService.onStartup
02-13 14:14:42.598 I/V3Client(  662): Registering for push services. email:v3client@location-labs.com
02-13 14:14:42.688 D/DATA    (  344): [DSST(0)] pollstate() : reason = data network state changed
02-13 14:14:42.718 D/MobileDataStateTracker(  256): [hipri]  MobileDataStateReceiver onReceive(): Entry.
02-13 14:14:42.718 D/MobileDataStateTracker(  256): [hipri]  intent.getAction()= android.intent.action.SERVICE_STATE
02-13 14:14:42.718 D/MobileDataStateTracker(  256): [hipri]  mEnabled = false
02-13 14:14:42.718 D/MobileDataStateTracker(  256): [dun]  MobileDataStateReceiver onReceive(): Entry.
02-13 14:14:42.718 D/MobileDataStateTracker(  256): [dun]  intent.getAction()= android.intent.action.SERVICE_STATE
02-13 14:14:42.718 D/MobileDataStateTracker(  256): [dun]  mEnabled = false
02-13 14:14:42.728 D/MobileDataStateTracker(  256): [supl]  MobileDataStateReceiver onReceive(): Entry.
02-13 14:14:42.728 D/MobileDataStateTracker(  256): [supl]  intent.getAction()= android.intent.action.SERVICE_STATE
02-13 14:14:42.728 D/MobileDataStateTracker(  256): [supl]  mEnabled = false
02-13 14:14:42.728 D/MobileDataStateTracker(  256): [mms]  MobileDataStateReceiver onReceive(): Entry.
02-13 14:14:42.728 D/MobileDataStateTracker(  256): [mms]  intent.getAction()= android.intent.action.SERVICE_STATE
02-13 14:14:42.728 D/MobileDataStateTracker(  256): [mms]  mEnabled = false
02-13 14:14:42.728 D/MobileDataStateTracker(  256): [default]  MobileDataStateReceiver onReceive(): Entry.
02-13 14:14:42.728 D/MobileDataStateTracker(  256): [default]  intent.getAction()= android.intent.action.SERVICE_STATE
02-13 14:14:42.728 D/MobileDataStateTracker(  256): [default]  mEnabled = true
02-13 14:14:42.728 D/CallManager(  344):  handleMessage (EVENT_SERVICE_STATE_CHANGED)
02-13 14:14:42.728 E/BT HS/HF(  344): SERVICE_STATE_CHANGED called
02-13 14:14:42.728 E/BT HS/HF(  344): updateServiceState called, sendUpdate:false  ServiceState:0 home Sprint  310099  EvDo rev. A CSS not supported 41 4139RoamInd: 1RoamStatus(sprint): 1DefRoamInd: 160EmergOnly: false
02-13 14:14:42.728 E/BT HS/HF(  344): service:1 mService:1
02-13 14:14:42.748 D/DATA    (  344): [DSST(0)]  registrationState = 1  radioTechnology = 8 reasonForDenial = 0
02-13 14:14:42.748 D/DATA    (  344): [DSST(0)]  set mNewDataConnectionState = 0
02-13 14:14:42.748 D/DATA    (  344): [DSST(0)]  mNewDataConnectionState : 0  mDataConnectionState : 0
02-13 14:14:42.748 D/DATA    (  344): [DSST(0)] Poll ServiceState done: oldSS=[0 home null null null  EvDo rev. A CSS not supported -1 -1RoamInd: -1RoamStatus(sprint): -1DefRoamInd: -1EmergOnly: false] newSS=[0 home null null null  EvDo rev. A CSS not supported -1 -1RoamInd: -1RoamStatus(sprint): -1DefRoamInd: -1EmergOnly: false]
02-13 14:14:42.748 D/DATA    (  344): [DSST(0)]  mDataConnectionState = 0
02-13 14:14:42.879 I/V3Client(  662): stopping scheduling feed now
02-13 14:14:42.899 W/AlarmManager(  256): +++alarm onSendFinished ,action=com.locationlabs.action.DO_STARTUP
02-13 14:14:42.919 I/V3Client(  662): FeatSvc create
02-13 14:14:42.929 I/V3Client(  662): FeatSvc RES
02-13 14:14:42.929 I/V3Client(  662): FeatureService initial state thread
02-13 14:14:42.989 I/V3Client(  662): claimed number is '9132005928'
02-13 14:14:42.999 D/AlarmManager(  256): +++Alarm set:type=2 com.locationlabs.v3client  Trigger after:552322938ms
02-13 14:14:42.999 I/V3Client(  662): next heartbeat scheduled for Sun Feb 19 23:40:05 CST 2012
02-13 14:14:43.169 I/V3Client(  662): HTTP req: POST https://sparkle.locationlabs.com/client/v3/notifications
02-13 14:14:44.010 I/V3Client(  662): Handling push registration
02-13 14:14:44.020 I/V3Client(  662): setting push registration id
02-13 14:14:44.040 I/V3Client(  662): sending push id to server
02-13 14:14:44.630 I/V3Client(  662): HTTP resp: 200 OK
02-13 14:14:44.790 I/V3Client(  662): claimed number is '9132005928'
02-13 14:14:44.800 D/AlarmManager(  256): +++Alarm set:type=2 com.locationlabs.v3client  Trigger after:552321121ms
02-13 14:14:44.800 I/V3Client(  662): next heartbeat scheduled for Sun Feb 19 23:40:05 CST 2012
02-13 14:14:44.840 I/V3Client(  662): HTTP req: POST https://sparkle.locationlabs.com/client/v3/notifications
02-13 14:14:46.102 I/V3Client(  662): HTTP resp: 200 OK
02-13 14:14:46.202 I/V3Client(  662): HTTP req: POST https://sparkle.locationlabs.com/client/v2/push
02-13 14:14:47.353 I/V3Client(  662): HTTP resp: 200 OK
02-13 14:14:58.834 I/DATA    (  344): [DCT(0) ] onDataCallListChanged:
02-13 14:14:58.834 I/DATA    (  344): [DCT(0) ] ---dc state list---
02-13 14:14:58.834 I/DATA    (  344): [DCT(0) ] DataCallState: { cid: 0, active: 1, type: , apn: , address: 174.156.234.163 }
02-13 14:14:58.834 I/DATA    (  344): [DCT(0) ] ---dc list---
02-13 14:14:58.834 I/DATA    (  344): [DCT(0) ] cid = 0, state = DcActiveState, bearerType = IP, ipaddress = 174.156.234.163, gw=174.156.234.161, dns=[68.28.67.132, 68.28.68.132]
02-13 14:15:00.025 D/KeyguardUpdateMonitor(  256): received broadcast android.intent.action.TIME_TICK
02-13 14:15:00.025 D/KeyguardUpdateMonitor(  256): handleTimeUpdate
02-13 14:15:01.617 D/DATA    (  344): [DSST(0)] pollstate() : reason = data network state changed
02-13 14:15:01.687 D/MobileDataStateTracker(  256): [hipri]  MobileDataStateReceiver onReceive(): Entry.
02-13 14:15:01.687 D/MobileDataStateTracker(  256): [hipri]  intent.getAction()= android.intent.action.SERVICE_STATE
02-13 14:15:01.687 D/MobileDataStateTracker(  256): [hipri]  mEnabled = false
02-13 14:15:01.687 D/MobileDataStateTracker(  256): [dun]  MobileDataStateReceiver onReceive(): Entry.
02-13 14:15:01.687 D/MobileDataStateTracker(  256): [dun]  intent.getAction()= android.intent.action.SERVICE_STATE
02-13 14:15:01.687 D/MobileDataStateTracker(  256): [dun]  mEnabled = false
02-13 14:15:01.697 D/MobileDataStateTracker(  256): [supl]  MobileDataStateReceiver onReceive(): Entry.
02-13 14:15:01.697 D/MobileDataStateTracker(  256): [supl]  intent.getAction()= android.intent.action.SERVICE_STATE
02-13 14:15:01.697 D/MobileDataStateTracker(  256): [supl]  mEnabled = false
02-13 14:15:01.697 D/MobileDataStateTracker(  256): [mms]  MobileDataStateReceiver onReceive(): Entry.
02-13 14:15:01.697 D/MobileDataStateTracker(  256): [mms]  intent.getAction()= android.intent.action.SERVICE_STATE
02-13 14:15:01.697 D/MobileDataStateTracker(  256): [mms]  mEnabled = false
02-13 14:15:01.697 D/MobileDataStateTracker(  256): [default]  MobileDataStateReceiver onReceive(): Entry.
02-13 14:15:01.697 D/MobileDataStateTracker(  256): [default]  intent.getAction()= android.intent.action.SERVICE_STATE
02-13 14:15:01.697 D/MobileDataStateTracker(  256): [default]  mEnabled = true
02-13 14:15:01.697 D/CallManager(  344):  handleMessage (EVENT_SERVICE_STATE_CHANGED)
02-13 14:15:01.697 E/BT HS/HF(  344): SERVICE_STATE_CHANGED called
02-13 14:15:01.697 E/BT HS/HF(  344): updateServiceState called, sendUpdate:false  ServiceState:0 home Sprint  310099  EvDo rev. A CSS not supported 41 4139RoamInd: 1RoamStatus(sprint): 1DefRoamInd: 160EmergOnly: false
02-13 14:15:01.697 E/BT HS/HF(  344): service:1 mService:1
02-13 14:15:01.707 D/DATA    (  344): [DSST(0)]  registrationState = 1  radioTechnology = 8 reasonForDenial = 0
02-13 14:15:01.707 D/DATA    (  344): [DSST(0)]  set mNewDataConnectionState = 0
02-13 14:15:01.707 D/DATA    (  344): [DSST(0)]  mNewDataConnectionState : 0  mDataConnectionState : 0
02-13 14:15:01.707 D/DATA    (  344): [DSST(0)] Poll ServiceState done: oldSS=[0 home null null null  EvDo rev. A CSS not supported -1 -1RoamInd: -1RoamStatus(sprint): -1DefRoamInd: -1EmergOnly: false] newSS=[0 home null null null  EvDo rev. A CSS not supported -1 -1RoamInd: -1RoamStatus(sprint): -1DefRoamInd: -1EmergOnly: false]
02-13 14:15:01.707 D/DATA    (  344): [DSST(0)]  mDataConnectionState = 0
02-13 14:15:11.396 I/dun_service(  124): The value returned from dun_getusbmodemstate_fromsys is 2 
02-13 14:15:11.406 D/KeyguardUpdateMonitor(  256): received broadcast android.intent.action.BATTERY_CHANGED
02-13 14:15:11.416 D/KeyguardUpdateMonitor(  256): handleBatteryUpdate
02-13 14:15:16.952 D/DATA    (  344): [DSST(0)] pollstate() : reason = data network state changed
02-13 14:15:17.032 D/MobileDataStateTracker(  256): [hipri]  MobileDataStateReceiver onReceive(): Entry.
02-13 14:15:17.032 D/MobileDataStateTracker(  256): [hipri]  intent.getAction()= android.intent.action.SERVICE_STATE
02-13 14:15:17.032 D/MobileDataStateTracker(  256): [hipri]  mEnabled = false
02-13 14:15:17.032 D/MobileDataStateTracker(  256): [dun]  MobileDataStateReceiver onReceive(): Entry.
02-13 14:15:17.032 D/MobileDataStateTracker(  256): [dun]  intent.getAction()= android.intent.action.SERVICE_STATE
02-13 14:15:17.032 D/MobileDataStateTracker(  256): [dun]  mEnabled = false
02-13 14:15:17.032 D/MobileDataStateTracker(  256): [supl]  MobileDataStateReceiver onReceive(): Entry.
02-13 14:15:17.032 D/MobileDataStateTracker(  256): [supl]  intent.getAction()= android.intent.action.SERVICE_STATE
02-13 14:15:17.032 D/MobileDataStateTracker(  256): [supl]  mEnabled = false
02-13 14:15:17.032 D/MobileDataStateTracker(  256): [mms]  MobileDataStateReceiver onReceive(): Entry.
02-13 14:15:17.032 D/MobileDataStateTracker(  256): [mms]  intent.getAction()= android.intent.action.SERVICE_STATE
02-13 14:15:17.032 D/MobileDataStateTracker(  256): [mms]  mEnabled = false
02-13 14:15:17.032 D/MobileDataStateTracker(  256): [default]  MobileDataStateReceiver onReceive(): Entry.
02-13 14:15:17.032 D/MobileDataStateTracker(  256): [default]  intent.getAction()= android.intent.action.SERVICE_STATE
02-13 14:15:17.032 D/MobileDataStateTracker(  256): [default]  mEnabled = true
02-13 14:15:17.042 D/CallManager(  344):  handleMessage (EVENT_SERVICE_STATE_CHANGED)
02-13 14:15:17.042 E/BT HS/HF(  344): SERVICE_STATE_CHANGED called
02-13 14:15:17.042 E/BT HS/HF(  344): updateServiceState called, sendUpdate:false  ServiceState:0 home Sprint  310099  EvDo rev. A CSS not supported 41 4139RoamInd: 1RoamStatus(sprint): 1DefRoamInd: 160EmergOnly: false
02-13 14:15:17.042 E/BT HS/HF(  344): service:1 mService:1
02-13 14:15:17.042 D/DATA    (  344): [DSST(0)]  registrationState = 1  radioTechnology = 8 reasonForDenial = 0
02-13 14:15:17.042 D/DATA    (  344): [DSST(0)]  set mNewDataConnectionState = 0
02-13 14:15:17.042 D/DATA    (  344): [DSST(0)]  mNewDataConnectionState : 0  mDataConnectionState : 0
02-13 14:15:17.042 D/DATA    (  344): [DSST(0)] Poll ServiceState done: oldSS=[0 home null null null  EvDo rev. A CSS not supported -1 -1RoamInd: -1RoamStatus(sprint): -1DefRoamInd: -1EmergOnly: false] newSS=[0 home null null null  EvDo rev. A CSS not supported -1 -1RoamInd: -1RoamStatus(sprint): -1DefRoamInd: -1EmergOnly: false]
02-13 14:15:17.042 D/DATA    (  344): [DSST(0)]  mDataConnectionState = 0
02-13 14:15:19.444 W/dalvikvm(  811): Refusing to reopen boot DEX '/system/framework/OmaDrmClient.jar'
