02-13 14:16:28.732 E/BT HS/HF(  344): updateServiceState called, sendUpdate:false  ServiceState:0 home Sprint  310099  EvDo rev. A CSS not supported 41 4139RoamInd: 1RoamStatus(sprint): 1DefRoamInd: 160EmergOnly: false
02-13 14:16:28.732 E/BT HS/HF(  344): service:1 mService:1
02-13 14:16:28.732 D/DATA    (  344): [DSST(0)]  registrationState = 1  radioTechnology = 8 reasonForDenial = 0
02-13 14:16:28.752 D/DATA    (  344): [DSST(0)]  set mNewDataConnectionState = 0
02-13 14:16:28.752 D/DATA    (  344): [DSST(0)]  mNewDataConnectionState : 0  mDataConnectionState : 0
02-13 14:16:28.752 D/DATA    (  344): [DSST(0)] Poll ServiceState done: oldSS=[0 home null null null  EvDo rev. A CSS not supported -1 -1RoamInd: -1RoamStatus(sprint): -1DefRoamInd: -1EmergOnly: false] newSS=[0 home null null null  EvDo rev. A CSS not supported -1 -1RoamInd: -1RoamStatus(sprint): -1DefRoamInd: -1EmergOnly: false]
02-13 14:16:28.752 D/DATA    (  344): [DSST(0)]  mDataConnectionState = 0
02-13 14:16:28.782 D/Mms     (  811): currentRoamingStatus:1
02-13 14:16:31.024 D/KeyguardViewMediator(  256): setHidden false
02-13 14:16:31.034 D/KeyguardViewMediator(  256): setHidden false
02-13 14:16:31.054 D/Launcher(  364): onSaveInstanceState
02-13 14:16:31.054 D/Launcher(  364): Dissmis Preview for view :null ID:2131230735
02-13 14:16:31.054 D/Launcher(  364): Dissmis Preview for view :null ID:2131230736
02-13 14:16:31.054 D/Launcher(  364): Dissmis Preview for view :null ID:2131230739
02-13 14:16:31.054 D/Launcher(  364): Dissmis Preview for view :null ID:2131230741
02-13 14:16:31.114 D/KeyguardViewMediator(  256): setHidden false
02-13 14:16:31.114 D/KeyguardViewMediator(  256): setHidden false
02-13 14:16:31.114 I/hubo    (  256): Activity {com.google.android.youtube/com.google.android.youtube.app.froyo.phone.HomeActivity}
02-13 14:16:31.124 D/KeyguardViewMediator(  256): setHidden false
02-13 14:16:31.144 D/KeyguardViewMediator(  256): setHidden false
02-13 14:16:31.164 D/KeyguardViewMediator(  256): setHidden false
02-13 14:16:31.174 D/KeyguardViewMediator(  256): setHidden false
02-13 14:16:31.194 D/KeyguardViewMediator(  256): setHidden false
02-13 14:16:31.214 D/KeyguardViewMediator(  256): setHidden false
02-13 14:16:31.234 D/KeyguardViewMediator(  256): setHidden false
02-13 14:16:31.254 D/KeyguardViewMediator(  256): setHidden false
02-13 14:16:31.274 D/KeyguardViewMediator(  256): setHidden false
02-13 14:16:31.274 I/ActivityThread(  845): Pub com.google.android.youtube.SuggestionProvider: com.google.android.youtube.core.suggest.SuggestionProvider
02-13 14:16:31.284 D/KeyguardViewMediator(  256): setHidden false
02-13 14:16:31.304 D/KeyguardViewMediator(  256): setHidden false
02-13 14:16:31.314 D/KeyguardViewMediator(  256): setHidden false
02-13 14:16:31.334 D/KeyguardViewMediator(  256): setHidden false
02-13 14:16:31.354 D/KeyguardViewMediator(  256): setHidden false
02-13 14:16:31.364 D/KeyguardViewMediator(  256): setHidden false
02-13 14:16:31.384 D/KeyguardViewMediator(  256): setHidden false
02-13 14:16:31.394 D/KeyguardViewMediator(  256): setHidden false
02-13 14:16:31.404 D/KeyguardViewMediator(  256): setHidden false
02-13 14:16:31.414 D/KeyguardViewMediator(  256): setHidden false
02-13 14:16:31.434 D/KeyguardViewMediator(  256): setHidden false
02-13 14:16:31.434 D/KeyguardViewMediator(  256): setHidden false
02-13 14:16:31.825 D/KeyguardViewMediator(  256): setHidden false
02-13 14:16:31.865 D/KeyguardViewMediator(  256): setHidden false
02-13 14:16:31.865 D/KeyguardViewMediator(  256): setHidden false
02-13 14:16:31.865 I/ActivityManager(  256): Displayed com.google.android.youtube/.app.froyo.phone.HomeActivity: +816ms (total +2m4s213ms)
02-13 14:16:31.875 D/KeyguardViewMediator(  256): setHidden false
02-13 14:16:31.885 D/KeyguardViewMediator(  256): setHidden false
02-13 14:16:31.905 D/KeyguardViewMediator(  256): setHidden false
02-13 14:16:31.915 D/KeyguardViewMediator(  256): setHidden false
02-13 14:16:31.935 D/KeyguardViewMediator(  256): setHidden false
02-13 14:16:31.945 D/KeyguardViewMediator(  256): setHidden false
02-13 14:16:31.965 D/KeyguardViewMediator(  256): setHidden false
02-13 14:16:31.985 D/KeyguardViewMediator(  256): setHidden false
02-13 14:16:32.005 D/KeyguardViewMediator(  256): setHidden false
02-13 14:16:32.015 D/KeyguardViewMediator(  256): setHidden false
02-13 14:16:32.035 D/KeyguardViewMediator(  256): setHidden false
02-13 14:16:32.045 D/KeyguardViewMediator(  256): setHidden false
02-13 14:16:32.065 D/KeyguardViewMediator(  256): setHidden false
02-13 14:16:32.085 D/KeyguardViewMediator(  256): setHidden false
02-13 14:16:32.105 D/KeyguardViewMediator(  256): setHidden false
02-13 14:16:32.115 D/KeyguardViewMediator(  256): setHidden false
02-13 14:16:32.135 D/KeyguardViewMediator(  256): setHidden false
02-13 14:16:32.155 D/KeyguardViewMediator(  256): setHidden false
02-13 14:16:32.175 D/KeyguardViewMediator(  256): setHidden false
02-13 14:16:32.185 D/KeyguardViewMediator(  256): setHidden false
02-13 14:16:32.205 D/KeyguardViewMediator(  256): setHidden false
02-13 14:16:32.215 D/KeyguardViewMediator(  256): setHidden false
02-13 14:16:32.455 I/DATA    (  344): [DCT(0) ] onDataCallListChanged:
02-13 14:16:32.455 I/DATA    (  344): [DCT(0) ] ---dc state list---
02-13 14:16:32.455 I/DATA    (  344): [DCT(0) ] DataCallState: { cid: 0, active: 2, type: , apn: , address: 174.156.234.163 }
02-13 14:16:32.455 I/DATA    (  344): [DCT(0) ] ---dc list---
02-13 14:16:32.455 I/DATA    (  344): [DCT(0) ] cid = 0, state = DcActiveState, bearerType = IP, ipaddress = 174.156.234.163, gw=174.156.234.161, dns=[68.28.67.132, 68.28.68.132]
02-13 14:16:33.767 D/DATA    (  344): [DSST(0)] pollstate() : reason = data network state changed
02-13 14:16:33.827 D/MobileDataStateTracker(  256): [hipri]  MobileDataStateReceiver onReceive(): Entry.
02-13 14:16:33.827 D/MobileDataStateTracker(  256): [hipri]  intent.getAction()= android.intent.action.SERVICE_STATE
02-13 14:16:33.827 D/MobileDataStateTracker(  256): [hipri]  mEnabled = false
02-13 14:16:33.827 D/MobileDataStateTracker(  256): [dun]  MobileDataStateReceiver onReceive(): Entry.
02-13 14:16:33.827 D/MobileDataStateTracker(  256): [dun]  intent.getAction()= android.intent.action.SERVICE_STATE
02-13 14:16:33.827 D/MobileDataStateTracker(  256): [dun]  mEnabled = false
02-13 14:16:33.827 D/MobileDataStateTracker(  256): [supl]  MobileDataStateReceiver onReceive(): Entry.
02-13 14:16:33.827 D/MobileDataStateTracker(  256): [supl]  intent.getAction()= android.intent.action.SERVICE_STATE
02-13 14:16:33.827 D/MobileDataStateTracker(  256): [supl]  mEnabled = false
02-13 14:16:33.827 D/MobileDataStateTracker(  256): [mms]  MobileDataStateReceiver onReceive(): Entry.
02-13 14:16:33.837 D/MobileDataStateTracker(  256): [mms]  intent.getAction()= android.intent.action.SERVICE_STATE
02-13 14:16:33.837 D/MobileDataStateTracker(  256): [mms]  mEnabled = false
02-13 14:16:33.837 D/MobileDataStateTracker(  256): [default]  MobileDataStateReceiver onReceive(): Entry.
02-13 14:16:33.837 D/MobileDataStateTracker(  256): [default]  intent.getAction()= android.intent.action.SERVICE_STATE
02-13 14:16:33.837 D/MobileDataStateTracker(  256): [default]  mEnabled = true
02-13 14:16:33.837 D/DATA    (  344): [DSST(0)]  registrationState = 1  radioTechnology = 8 reasonForDenial = 0
02-13 14:16:33.837 D/DATA    (  344): [DSST(0)]  set mNewDataConnectionState = 0
02-13 14:16:33.837 D/DATA    (  344): [DSST(0)]  mNewDataConnectionState : 0  mDataConnectionState : 0
02-13 14:16:33.837 D/DATA    (  344): [DSST(0)] Poll ServiceState done: oldSS=[0 home null null null  EvDo rev. A CSS not supported -1 -1RoamInd: -1RoamStatus(sprint): -1DefRoamInd: -1EmergOnly: false] newSS=[0 home null null null  EvDo rev. A CSS not supported -1 -1RoamInd: -1RoamStatus(sprint): -1DefRoamInd: -1EmergOnly: false]
02-13 14:16:33.847 D/DATA    (  344): [DSST(0)]  mDataConnectionState = 0
02-13 14:16:33.847 D/CallManager(  344):  handleMessage (EVENT_SERVICE_STATE_CHANGED)
02-13 14:16:33.847 E/BT HS/HF(  344): SERVICE_STATE_CHANGED called
02-13 14:16:33.847 E/BT HS/HF(  344): updateServiceState called, sendUpdate:false  ServiceState:0 home Sprint  310099  EvDo rev. A CSS not supported 41 4139RoamInd: 1RoamStatus(sprint): 1DefRoamInd: 160EmergOnly: false
02-13 14:16:33.847 E/BT HS/HF(  344): service:1 mService:1
02-13 14:16:33.857 D/Mms     (  811): currentRoamingStatus:1
02-13 14:16:36.680 D/KeyguardViewMediator(  256): setHidden false
02-13 14:16:38.631 D/KeyguardViewMediator(  256): setHidden false
02-13 14:16:38.641 I/hubo    (  256): Activity {com.google.android.youtube/com.google.android.youtube.app.froyo.phone.WatchActivity}
02-13 14:16:38.892 D/DATA    (  344): [DSST(0)] pollstate() : reason = data network state changed
02-13 14:16:38.932 D/MobileDataStateTracker(  256): [hipri]  MobileDataStateReceiver onReceive(): Entry.
02-13 14:16:38.932 D/MobileDataStateTracker(  256): [hipri]  intent.getAction()= android.intent.action.SERVICE_STATE
02-13 14:16:38.932 D/MobileDataStateTracker(  256): [hipri]  mEnabled = false
02-13 14:16:38.932 D/MobileDataStateTracker(  256): [dun]  MobileDataStateReceiver onReceive(): Entry.
02-13 14:16:38.932 D/MobileDataStateTracker(  256): [dun]  intent.getAction()= android.intent.action.SERVICE_STATE
02-13 14:16:38.932 D/MobileDataStateTracker(  256): [dun]  mEnabled = false
02-13 14:16:38.932 D/MobileDataStateTracker(  256): [supl]  MobileDataStateReceiver onReceive(): Entry.
02-13 14:16:38.932 D/MobileDataStateTracker(  256): [supl]  intent.getAction()= android.intent.action.SERVICE_STATE
02-13 14:16:38.932 D/MobileDataStateTracker(  256): [supl]  mEnabled = false
02-13 14:16:38.942 D/MobileDataStateTracker(  256): [mms]  MobileDataStateReceiver onReceive(): Entry.
02-13 14:16:38.942 D/MobileDataStateTracker(  256): [mms]  intent.getAction()= android.intent.action.SERVICE_STATE
02-13 14:16:38.942 D/MobileDataStateTracker(  256): [mms]  mEnabled = false
02-13 14:16:38.942 D/MobileDataStateTracker(  256): [default]  MobileDataStateReceiver onReceive(): Entry.
02-13 14:16:38.942 D/MobileDataStateTracker(  256): [default]  intent.getAction()= android.intent.action.SERVICE_STATE
02-13 14:16:38.942 D/MobileDataStateTracker(  256): [default]  mEnabled = true
02-13 14:16:38.952 D/DATA    (  344): [DSST(0)]  registrationState = 1  radioTechnology = 8 reasonForDenial = 0
02-13 14:16:38.952 D/DATA    (  344): [DSST(0)]  set mNewDataConnectionState = 0
02-13 14:16:38.952 D/DATA    (  344): [DSST(0)]  mNewDataConnectionState : 0  mDataConnectionState : 0
02-13 14:16:38.952 D/DATA    (  344): [DSST(0)] Poll ServiceState done: oldSS=[0 home null null null  EvDo rev. A CSS not supported -1 -1RoamInd: -1RoamStatus(sprint): -1DefRoamInd: -1EmergOnly: false] newSS=[0 home null null null  EvDo rev. A CSS not supported -1 -1RoamInd: -1RoamStatus(sprint): -1DefRoamInd: -1EmergOnly: false]
02-13 14:16:38.952 D/DATA    (  344): [DSST(0)]  mDataConnectionState = 0
02-13 14:16:38.952 D/CallManager(  344):  handleMessage (EVENT_SERVICE_STATE_CHANGED)
02-13 14:16:38.962 E/BT HS/HF(  344): SERVICE_STATE_CHANGED called
02-13 14:16:38.962 E/BT HS/HF(  344): updateServiceState called, sendUpdate:false  ServiceState:0 home Sprint  310099  EvDo rev. A CSS not supported 41 4139RoamInd: 1RoamStatus(sprint): 1DefRoamInd: 160EmergOnly: false
02-13 14:16:38.962 E/BT HS/HF(  344): service:1 mService:1
02-13 14:16:38.992 D/Mms     (  811): currentRoamingStatus:1
02-13 14:16:39.032 I/AudioService(  256):  AudioFocus  requestAudioFocus() from android.media.AudioManager@4068c208
02-13 14:16:39.152 D/KeyguardViewMediator(  256): setHidden false
02-13 14:16:39.172 D/KeyguardViewMediator(  256): setHidden false
02-13 14:16:39.182 D/KeyguardViewMediator(  256): setHidden false
02-13 14:16:39.182 D/KeyguardViewMediator(  256): setHidden false
02-13 14:16:39.212 D/KeyguardViewMediator(  256): setHidden false
02-13 14:16:39.212 D/KeyguardViewMediator(  256): setHidden false
02-13 14:16:39.222 D/KeyguardViewMediator(  256): setHidden false
02-13 14:16:39.222 D/KeyguardViewMediator(  256): setHidden false
02-13 14:16:39.242 D/KeyguardViewMediator(  256): setHidden false
02-13 14:16:39.252 D/KeyguardViewMediator(  256): setHidden false
02-13 14:16:39.262 D/KeyguardViewMediator(  256): setHidden false
02-13 14:16:39.282 D/KeyguardViewMediator(  256): setHidden false
02-13 14:16:39.292 D/KeyguardViewMediator(  256): setHidden false
02-13 14:16:39.302 D/KeyguardViewMediator(  256): setHidden false
02-13 14:16:39.332 D/KeyguardViewMediator(  256): setHidden false
02-13 14:16:39.342 D/KeyguardViewMediator(  256): setHidden false
02-13 14:16:39.362 D/KeyguardViewMediator(  256): setHidden false
02-13 14:16:39.382 D/KeyguardViewMediator(  256): setHidden false
02-13 14:16:39.382 D/KeyguardViewMediator(  256): setHidden false
02-13 14:16:39.392 I/ActivityManager(  256): Displayed com.google.android.youtube/.app.froyo.phone.WatchActivity: +756ms
02-13 14:16:39.402 D/KeyguardViewMediator(  256): setHidden false
02-13 14:16:42.115 E/AudioFlinger(  116): processConfigEvents() remaining events 1
02-13 14:16:42.115 D/MediaPlayer(  845): DRM scheme =http
02-13 14:16:42.115 D/MediaPlayer(  845): DRM uri.toString() =http://redirector.c.youtube.com/videoplayback?id=8c948edf09d536a8&itag=36&source=youtube&uaopt=no-save&el=newsubscriptionvideos&devKey=ATdpM7DMA4JyVrf7elHDrdsO88HsQjpE1a8d1GxQnGDm&app=youtube_gdata&ip=0.0.0.0&ipbits=0&expire=1331756196&sparams=id,itag,source,uaopt,ip,ipbits,expire&signature=A718F241095AC86204CF9AD2FFD127A9F33CCAE5.DE02DBE007456DB797D8B50431312F63EC271EF9&key=yta1&androidcid=mvapp-android-sprint-us
02-13 14:16:42.115 D/KeyguardViewMediator(  256): setHidden false
02-13 14:16:42.115 E/wlg     (  845): MediaPlayer.setDataSource()  http_proxyhost = pd.vog.sprintpcs.com
02-13 14:16:42.115 E/wlg     (  845): GetNetworkType()  networkType = CDMA - EvDo rev. A
02-13 14:16:42.115 E/wlg     (  845): GetProxyHeader()  mNAI = ztetestaccount221@sprintpcs.com
02-13 14:16:42.125 D/PowerManagerService(  256): acquireWakeLock flags=0xa tag=KEEP_SCREEN_ON_FLAG
02-13 14:16:42.145 E/wlg     (  845): GetProxyHeader()  proxyHeader = enRldGVzdGFjY291bnQyMjFAc3ByaW50cGNzLmNvbTpwY3M=
02-13 14:16:42.205 E/wlg     (  845): SaveProxyToFile() //data/oma/proxy.txt save ok!
02-13 14:16:42.215 D/MediaPlayer(  845): Couldn't open file on client side, trying server side
02-13 14:16:42.215 E/wlg     (  845): MediaPlayer.setDataSource  keep the screen stay bright
02-13 14:16:42.215 D/MediaPlayer(  845): setDataSource(http://redirector.c.youtube.com/videoplayback?id=8c948edf09d536a8&itag=36&source=youtube&uaopt=no-save&el=newsubscriptionvideos&devKey=ATdpM7DMA4JyVrf7elHDrdsO88HsQjpE1a8d1GxQnGDm&app=youtube_gdata&ip=0.0.0.0&ipbits=0&expire=1331756196&sparams=id,itag,source,uaopt,ip,ipbits,expire&signature=A718F241095AC86204CF9AD2FFD127A9F33CCAE5.DE02DBE007456DB797D8B50431312F63EC271EF9&key=yta1&androidcid=mvapp-android-sprint-us)
02-13 14:16:42.215 D/MediaPlayerService(  116): Create new client(2) from pid 845, url=http://redirector.c.youtube.com/videoplayback?id=8c948edf09d536a8&itag=36&source=youtube&uaopt=no-save&el=newsubscriptionvideos&devKey=ATdpM7DMA4JyVrf7elHDrdsO88HsQjpE1a8d1GxQnGDm&app=youtube_gdata&ip=0.0.0.0&ipbits=0&expire=1331756196&sparams=id,itag,source,uaopt,ip,ipbits,expire&signature=A718F241095AC86204CF9AD2FFD127A9F33CCAE5.DE02DBE007456DB797D8B50431312F63EC271EF9&key=yta1&androidcid=mvapp-android-sprint-us, connId=2, audioSessionId=5
02-13 14:16:42.215 E/MediaPlayerService(  116): setDataSource(http://redirector.c.youtube.com/videoplayback?id=8c948edf09d536a8&itag=36&source=youtube&uaopt=no-save&el=newsubscriptionvideos&devKey=ATdpM7DMA4JyVrf7elHDrdsO88HsQjpE1a8d1GxQnGDm&app=youtube_gdata&ip=0.0.0.0&ipbits=0&expire=1331756196&sparams=id,itag,source,uaopt,ip,ipbits,expire&signature=A718F241095AC86204CF9AD2FFD127A9F33CCAE5.DE02DBE007456DB797D8B50431312F63EC271EF9&key=yta1&androidcid=mvapp-android-sprint-us)
02-13 14:16:42.215 D/MediaPlayerService(  116): get player type from url: http://redirector.c.youtube.com/videoplayback?id=8c948edf09d536a8&itag=36&source=youtube&uaopt=no-save&el=newsubscriptionvideos&devKey=ATdpM7DMA4JyVrf7elHDrdsO88HsQjpE1a8d1GxQnGDm&app=youtube_gdata&ip=0.0.0.0&ipbits=0&expire=1331756196&sparams=id,itag,source,uaopt,ip,ipbits,expire&signature=A718F241095AC86204CF9AD2FFD127A9F33CCAE5.DE02DBE007456DB797D8B50431312F63EC271EF9&key=yta1&androidcid=mvapp-android-sprint-us
02-13 14:16:42.255 D/MediaPlayerService(  116): drm EAS_Shutdown url: http://redirector.c.youtube.com/videoplayback?id=8c948edf09d536a8&itag=36&source=youtube&uaopt=no-save&el=newsubscriptionvideos&devKey=ATdpM7DMA4JyVrf7elHDrdsO88HsQjpE1a8d1GxQnGDm&app=youtube_gdata&ip=0.0.0.0&ipbits=0&expire=1331756196&sparams=id,itag,source,uaopt,ip,ipbits,expire&signature=A718F241095AC86204CF9AD2FFD127A9F33CCAE5.DE02DBE007456DB797D8B50431312F63EC271EF9&key=yta1&androidcid=mvapp-android-sprint-us
02-13 14:16:42.255 D/MediaPlayerService(  116): extension = .sp-midi
02-13 14:16:42.255 D/MediaPlayerService(  116): extension = .spmid
02-13 14:16:42.255 D/MediaPlayerService(  116): extension = .mid
02-13 14:16:42.255 D/MediaPlayerService(  116): extension = .midi
02-13 14:16:42.255 D/MediaPlayerService(  116): extension = .smf
02-13 14:16:42.255 D/MediaPlayerService(  116): extension = .xmf
02-13 14:16:42.255 D/MediaPlayerService(  116): extension = .imy
02-13 14:16:42.255 D/MediaPlayerService(  116): extension = .imelody
02-13 14:16:42.255 D/MediaPlayerService(  116): extension = .rtttl
02-13 14:16:42.255 D/MediaPlayerService(  116): extension = .rtx
02-13 14:16:42.255 D/MediaPlayerService(  116): extension = .ota
02-13 14:16:42.255 D/MediaPlayerService(  116): extension = .ogg
02-13 14:16:42.255 D/MediaPlayerService(  116): extension = .oga
02-13 14:16:42.255 D/MediaPlayerService(  116): extension = .amr
02-13 14:16:42.255 D/MediaPlayerService(  116): extension = .wma
02-13 14:16:42.255 D/MediaPlayerService(  116): extension = .wmv
02-13 14:16:42.255 D/MediaPlayerService(  116): extension = .asf
02-13 14:16:42.255 D/MediaPlayerService(  116): extension = .3g2
02-13 14:16:42.255 D/MediaPlayerService(  116): extension = .aac
02-13 14:16:42.255 D/MediaPlayerService(  116): LsOmaDrmAPI_OpenFromFile result is 196622
02-13 14:16:42.255 D/MediaPlayerService(  116): get Default Player Type from url: http://redirector.c.youtube.com/videoplayback?id=8c948edf09d536a8&itag=36&source=youtube&uaopt=no-save&el=newsubscriptionvideos&devKey=ATdpM7DMA4JyVrf7elHDrdsO88HsQjpE1a8d1GxQnGDm&app=youtube_gdata&ip=0.0.0.0&ipbits=0&expire=1331756196&sparams=id,itag,source,uaopt,ip,ipbits,expire&signature=A718F241095AC86204CF9AD2FFD127A9F33CCAE5.DE02DBE007456DB797D8B50431312F63EC271EF9&key=yta1&androidcid=mvapp-android-sprint-us
02-13 14:16:42.265 E/MediaPlayerService(  116): else player type = 4
02-13 14:16:42.265 E/MediaPlayerService(  116):  create StagefrightPlayer
02-13 14:16:42.315 E/NuHTTPDataSource(  116): wlg  NuHTTPDataSource::GetHTTPProxy()
02-13 14:16:42.315 E/NuHTTPDataSource(  116): tmpStr pd.vog.sprintpcs.com#8085#CDMA - EvDo rev. A#enRldGVzdGFjY291bnQyMjFAc3ByaW50cGNzLmNvbTpwY3M=
02-13 14:16:42.315 E/NuHTTPDataSource(  116): wlg  NuHTTPDataSource::connect()  mUri = http://redirector.c.youtube.com/videoplayback?id=8c948edf09d536a8&itag=36&source=youtube&uaopt=no-save&el=newsubscriptionvideos&devKey=ATdpM7DMA4JyVrf7elHDrdsO88HsQjpE1a8d1GxQnGDm&app=youtube_gdata&ip=0.0.0.0&ipbits=0&expire=1331756196&sparams=id,itag,source,uaopt,ip,ipbits,expire&signature=A718F241095AC86204CF9AD2FFD127A9F33CCAE5.DE02DBE007456DB797D8B50431312F63EC271EF9&key=yta1&androidcid=mvapp-android-sprint-us
02-13 14:16:42.315 E/NuHTTPDataSource(  116): wlg  NuHTTPDataSource::GetHTTPProxy()
02-13 14:16:42.315 E/NuHTTPDataSource(  116): tmpStr pd.vog.sprintpcs.com#8085#CDMA - EvDo rev. A#enRldGVzdGFjY291bnQyMjFAc3ByaW50cGNzLmNvbTpwY3M=
02-13 14:16:42.715 E/NuHTTPDataSource(  116): connect proxy 
02-13 14:16:42.715 E/NuHTTPDataSource(  116): wlg  use http proxy!
02-13 14:16:43.266 E/NuHTTPDataSource(  116): wlg  connect absolute URL!
02-13 14:16:43.947 E/NuHTTPDataSource(  116): wlg  NuHTTPDataSource::connect()  mUri = http://o-o.preferred.ord08s01.v14.lscache5.c.youtube.com/videoplayback?id=8c948edf09d536a8&itag=36&source=youtube&uaopt=no-save&el=newsubscriptionvideos&devKey=ATdpM7DMA4JyVrf7elHDrdsO88HsQjpE1a8d1GxQnGDm&app=youtube_gdata&ip=0.0.0.0&ipbits=0&expire=1331756196&sparams=id,itag,source,uaopt,ip,ipbits,expire&signature=A718F241095AC86204CF9AD2FFD127A9F33CCAE5.DE02DBE007456DB797D8B50431312F63EC271EF9&key=yta1&androidcid=mvapp-android-sprint-us&cms_redirect=yes
02-13 14:16:43.947 E/NuHTTPDataSource(  116): wlg  NuHTTPDataSource::GetHTTPProxy()
02-13 14:16:43.947 E/NuHTTPDataSource(  116): tmpStr pd.vog.sprintpcs.com#8085#CDMA - EvDo rev. A#enRldGVzdGFjY291bnQyMjFAc3ByaW50cGNzLmNvbTpwY3M=
02-13 14:16:43.947 E/NuHTTPDataSource(  116): connect proxy 
02-13 14:16:43.947 E/NuHTTPDataSource(  116): wlg  use http proxy!
02-13 14:16:43.997 D/DATA    (  344): [DSST(0)] pollstate() : reason = data network state changed
02-13 14:16:44.047 D/MobileDataStateTracker(  256): [hipri]  MobileDataStateReceiver onReceive(): Entry.
02-13 14:16:44.047 D/MobileDataStateTracker(  256): [hipri]  intent.getAction()= android.intent.action.SERVICE_STATE
02-13 14:16:44.047 D/MobileDataStateTracker(  256): [hipri]  mEnabled = false
02-13 14:16:44.047 D/MobileDataStateTracker(  256): [dun]  MobileDataStateReceiver onReceive(): Entry.
02-13 14:16:44.047 D/MobileDataStateTracker(  256): [dun]  intent.getAction()= android.intent.action.SERVICE_STATE
02-13 14:16:44.047 D/MobileDataStateTracker(  256): [dun]  mEnabled = false
02-13 14:16:44.057 D/MobileDataStateTracker(  256): [supl]  MobileDataStateReceiver onReceive(): Entry.
02-13 14:16:44.057 D/MobileDataStateTracker(  256): [supl]  intent.getAction()= android.intent.action.SERVICE_STATE
02-13 14:16:44.057 D/MobileDataStateTracker(  256): [supl]  mEnabled = false
02-13 14:16:44.057 D/MobileDataStateTracker(  256): [mms]  MobileDataStateReceiver onReceive(): Entry.
02-13 14:16:44.057 D/MobileDataStateTracker(  256): [mms]  intent.getAction()= android.intent.action.SERVICE_STATE
02-13 14:16:44.057 D/MobileDataStateTracker(  256): [mms]  mEnabled = false
02-13 14:16:44.057 D/MobileDataStateTracker(  256): [default]  MobileDataStateReceiver onReceive(): Entry.
02-13 14:16:44.057 D/MobileDataStateTracker(  256): [default]  intent.getAction()= android.intent.action.SERVICE_STATE
02-13 14:16:44.057 D/MobileDataStateTracker(  256): [default]  mEnabled = true
02-13 14:16:44.067 D/CallManager(  344):  handleMessage (EVENT_SERVICE_STATE_CHANGED)
02-13 14:16:44.067 E/BT HS/HF(  344): SERVICE_STATE_CHANGED called
02-13 14:16:44.067 E/BT HS/HF(  344): updateServiceState called, sendUpdate:false  ServiceState:0 home Sprint  310099  EvDo rev. A CSS not supported 41 4139RoamInd: 1RoamStatus(sprint): 1DefRoamInd: 160EmergOnly: false
02-13 14:16:44.067 E/BT HS/HF(  344): service:1 mService:1
02-13 14:16:44.067 D/DATA    (  344): [DSST(0)]  registrationState = 1  radioTechnology = 8 reasonForDenial = 0
02-13 14:16:44.067 D/DATA    (  344): [DSST(0)]  set mNewDataConnectionState = 0
02-13 14:16:44.067 D/DATA    (  344): [DSST(0)]  mNewDataConnectionState : 0  mDataConnectionState : 0
02-13 14:16:44.067 D/DATA    (  344): [DSST(0)] Poll ServiceState done: oldSS=[0 home null null null  EvDo rev. A CSS not supported -1 -1RoamInd: -1RoamStatus(sprint): -1DefRoamInd: -1EmergOnly: false] newSS=[0 home null null null  EvDo rev. A CSS not supported -1 -1RoamInd: -1RoamStatus(sprint): -1DefRoamInd: -1EmergOnly: false]
02-13 14:16:44.067 D/DATA    (  344): [DSST(0)]  mDataConnectionState = 0
02-13 14:16:44.107 D/Mms     (  811): currentRoamingStatus:1
02-13 14:16:44.617 E/NuHTTPDataSource(  116): wlg  connect absolute URL!
02-13 14:16:51.754 E/OMX-VDEC-720P(  116): In OMX vdec Constructor
02-13 14:16:51.754 E/OMX-VDEC-720P(  116): vidc.dec.debug.ts value is 0
02-13 14:16:51.754 E/OMX-VDEC-720P(  116): vidc.dec.debug.concealedmb value is 0
02-13 14:16:51.754 E/OMX-VDEC-720P(  116): vidc.dec.debug.ts value is 0
02-13 14:16:51.754 E/OMX-VDEC-720P(  116): vidc.dec.debug.extradata value is 0
02-13 14:16:51.754 E/OMX-VDEC-720P(  116): 
02-13 14:16:51.754 E/OMX-VDEC-720P(  116):  omx_vdec::component_init(): Start of New Playback
02-13 14:16:51.754 I/dun_service(  124): The value returned from dun_getusbmodemstate_fromsys is 2 
02-13 14:16:51.764 I/dun_service(  124): The value returned from dun_getusbmodemstate_fromsys is 2 
02-13 14:16:51.764 I/dun_service(  124): The value returned from dun_getusbmodemstate_fromsys is 2 
02-13 14:16:51.764 I/dun_service(  124): The value returned from dun_getusbmodemstate_fromsys is 2 
02-13 14:16:51.764 I/dun_service(  124): The value returned from dun_getusbmodemstate_fromsys is 2 
02-13 14:16:51.774 I/dun_service(  124): The value returned from dun_getusbmodemstate_fromsys is 2 
02-13 14:16:51.774 I/dun_service(  124): The value returned from dun_getusbmodemstate_fromsys is 2 
02-13 14:16:51.784 I/dun_service(  124): The value returned from dun_getusbmodemstate_fromsys is 2 
02-13 14:16:51.784 I/dun_service(  124): The value returned from dun_getusbmodemstate_fromsys is 2 
02-13 14:16:51.784 I/dun_service(  124): The value returned from dun_getusbmodemstate_fromsys is 2 
02-13 14:16:51.794 I/dun_service(  124): The value returned from dun_getusbmodemstate_fromsys is 2 
02-13 14:16:51.794 I/dun_service(  124): The value returned from dun_getusbmodemstate_fromsys is 2 
02-13 14:16:51.794 I/dun_service(  124): The value returned from dun_getusbmodemstate_fromsys is 2 
02-13 14:16:51.804 I/dun_service(  124): The value returned from dun_getusbmodemstate_fromsys is 2 
02-13 14:16:51.894 E/OMX-VDEC-720P(  116): 
02-13 14:16:51.894 E/OMX-VDEC-720P(  116):  omx_vdec::component_init(): Open returned fd 24
02-13 14:16:51.894 E/OMX-VDEC-720P(  116): 
02-13 14:16:51.894 E/OMX-VDEC-720P(  116):  omx_vdec::component_init() success
02-13 14:16:51.904 E/OMX-VDEC-720P(  116): omx_vdec: Async thread start
02-13 14:16:51.904 E/OMX-VDEC-720P(  116): omx_vdec: message thread start
02-13 14:16:51.904 E/OMX-VDEC-720P(  116): 
02-13 14:16:51.904 E/OMX-VDEC-720P(  116):  send_command_proxy(): Current State 1, Expected State 2
02-13 14:16:51.904 E/OMX-VDEC-720P(  116): 
02-13 14:16:51.904 E/OMX-VDEC-720P(  116):  send_command_proxy(): OMX_CommandStateSet issued
02-13 14:16:51.904 E/OMX-VDEC-720P(  116): 
02-13 14:16:51.904 E/OMX-VDEC-720P(  116):  Current State 1, Expected State 2
02-13 14:16:51.904 E/OMX-VDEC-720P(  116): 
02-13 14:16:51.904 E/OMX-VDEC-720P(  116):  Allocate i/p buffer Header: Cnt(4) Sz(691200)
02-13 14:16:51.904 E/OMX-VDEC-720P(  116): Allocate done for all i/p buffers
02-13 14:16:51.904 E/OMX-VDEC-720P(  116): 
02-13 14:16:51.904 E/OMX-VDEC-720P(  116):  Allocate o/p buffer case - Header List allocation
02-13 14:16:51.904 E/OMX-VDEC-720P(  116): Allocate done for all i/p buffers
02-13 14:16:51.904 E/OMX-VDEC-720P(  116): Allocate done for all i/p buffers
02-13 14:16:51.904 E/OMX-VDEC-720P(  116): Allocate done for all i/p buffers
02-13 14:16:51.904 E/OMX-VDEC-720P(  116): Allocate done for all i/p buffers
02-13 14:16:51.904 E/OMX-VDEC-720P(  116): Allocate done for all i/p buffers
02-13 14:16:51.904 E/OMX-VDEC-720P(  116): Allocate done for all i/p buffers
02-13 14:16:51.904 E/OMX-VDEC-720P(  116): Allocate done for all i/p buffers
02-13 14:16:51.904 E/OMX-VDEC-720P(  116): Allocate done for all i/p buffers
02-13 14:16:51.904 E/OMX-VDEC-720P(  116): Allocate done for all o/p buffers
02-13 14:16:51.904 E/OMX-VDEC-720P(  116): 
02-13 14:16:51.904 E/OMX-VDEC-720P(  116):  OMX_CommandStateSet complete, m_state = 2
02-13 14:16:51.904 E/OMX-VDEC-720P(  116): 
02-13 14:16:51.904 E/OMX-VDEC-720P(  116):  send_command_proxy(): Current State 2, Expected State 3
02-13 14:16:51.904 E/OMX-VDEC-720P(  116): 
02-13 14:16:51.904 E/OMX-VDEC-720P(  116):  send_command_proxy(): OMX_CommandStateSet issued
02-13 14:16:51.904 E/OMX-VDEC-720P(  116): 
02-13 14:16:51.904 E/OMX-VDEC-720P(  116):  Current State 2, Expected State 3
02-13 14:16:51.904 E/OMX-VDEC-720P(  116): 
02-13 14:16:51.904 E/OMX-VDEC-720P(  116):  Rxd OMX_COMPONENT_GENERATE_START_DONE
02-13 14:16:54.277 D/DATA    (  344): [DSST(0)] pollstate() : reason = data network state changed
02-13 14:16:54.337 D/MobileDataStateTracker(  256): [hipri]  MobileDataStateReceiver onReceive(): Entry.
02-13 14:16:54.337 D/MobileDataStateTracker(  256): [hipri]  intent.getAction()= android.intent.action.SERVICE_STATE
02-13 14:16:54.337 D/MobileDataStateTracker(  256): [hipri]  mEnabled = false
02-13 14:16:54.337 D/MobileDataStateTracker(  256): [dun]  MobileDataStateReceiver onReceive(): Entry.
02-13 14:16:54.337 D/MobileDataStateTracker(  256): [dun]  intent.getAction()= android.intent.action.SERVICE_STATE
02-13 14:16:54.337 D/MobileDataStateTracker(  256): [dun]  mEnabled = false
02-13 14:16:54.337 D/MobileDataStateTracker(  256): [supl]  MobileDataStateReceiver onReceive(): Entry.
02-13 14:16:54.337 D/MobileDataStateTracker(  256): [supl]  intent.getAction()= android.intent.action.SERVICE_STATE
02-13 14:16:54.337 D/MobileDataStateTracker(  256): [supl]  mEnabled = false
02-13 14:16:54.337 D/MobileDataStateTracker(  256): [mms]  MobileDataStateReceiver onReceive(): Entry.
02-13 14:16:54.337 D/MobileDataStateTracker(  256): [mms]  intent.getAction()= android.intent.action.SERVICE_STATE
02-13 14:16:54.337 D/MobileDataStateTracker(  256): [mms]  mEnabled = false
02-13 14:16:54.347 D/DATA    (  344): [DSST(0)]  registrationState = 1  radioTechnology = 8 reasonForDenial = 0
02-13 14:16:54.347 D/DATA    (  344): [DSST(0)]  set mNewDataConnectionState = 0
02-13 14:16:54.347 D/DATA    (  344): [DSST(0)]  mNewDataConnectionState : 0  mDataConnectionState : 0
02-13 14:16:54.347 D/MobileDataStateTracker(  256): [default]  MobileDataStateReceiver onReceive(): Entry.
02-13 14:16:54.347 D/MobileDataStateTracker(  256): [default]  intent.getAction()= android.intent.action.SERVICE_STATE
02-13 14:16:54.347 D/MobileDataStateTracker(  256): [default]  mEnabled = true
02-13 14:16:54.347 D/DATA    (  344): [DSST(0)] Poll ServiceState done: oldSS=[0 home null null null  EvDo rev. A CSS not supported -1 -1RoamInd: -1RoamStatus(sprint): -1DefRoamInd: -1EmergOnly: false] newSS=[0 home null null null  EvDo rev. A CSS not supported -1 -1RoamInd: -1RoamStatus(sprint): -1DefRoamInd: -1EmergOnly: false]
02-13 14:16:54.347 D/DATA    (  344): [DSST(0)]  mDataConnectionState = 0
02-13 14:16:54.347 D/CallManager(  344):  handleMessage (EVENT_SERVICE_STATE_CHANGED)
02-13 14:16:54.347 E/BT HS/HF(  344): SERVICE_STATE_CHANGED called
02-13 14:16:54.347 E/BT HS/HF(  344): updateServiceState called, sendUpdate:false  ServiceState:0 home Sprint  310099  EvDo rev. A CSS not supported 41 4139RoamInd: 1RoamStatus(sprint): 1DefRoamInd: 160EmergOnly: false
02-13 14:16:54.347 E/BT HS/HF(  344): service:1 mService:1
02-13 14:16:54.367 D/Mms     (  811): currentRoamingStatus:1
02-13 14:16:59.402 D/DATA    (  344): [DSST(0)] pollstate() : reason = data network state changed
02-13 14:16:59.452 D/MobileDataStateTracker(  256): [hipri]  MobileDataStateReceiver onReceive(): Entry.
02-13 14:16:59.452 D/MobileDataStateTracker(  256): [hipri]  intent.getAction()= android.intent.action.SERVICE_STATE
02-13 14:16:59.452 D/MobileDataStateTracker(  256): [hipri]  mEnabled = false
02-13 14:16:59.452 D/MobileDataStateTracker(  256): [dun]  MobileDataStateReceiver onReceive(): Entry.
02-13 14:16:59.452 D/MobileDataStateTracker(  256): [dun]  intent.getAction()= android.intent.action.SERVICE_STATE
02-13 14:16:59.452 D/MobileDataStateTracker(  256): [dun]  mEnabled = false
02-13 14:16:59.462 D/MobileDataStateTracker(  256): [supl]  MobileDataStateReceiver onReceive(): Entry.
02-13 14:16:59.462 D/MobileDataStateTracker(  256): [supl]  intent.getAction()= android.intent.action.SERVICE_STATE
02-13 14:16:59.462 D/MobileDataStateTracker(  256): [supl]  mEnabled = false
02-13 14:16:59.462 D/MobileDataStateTracker(  256): [mms]  MobileDataStateReceiver onReceive(): Entry.
02-13 14:16:59.462 D/MobileDataStateTracker(  256): [mms]  intent.getAction()= android.intent.action.SERVICE_STATE
02-13 14:16:59.462 D/MobileDataStateTracker(  256): [mms]  mEnabled = false
02-13 14:16:59.462 D/MobileDataStateTracker(  256): [default]  MobileDataStateReceiver onReceive(): Entry.
02-13 14:16:59.462 D/MobileDataStateTracker(  256): [default]  intent.getAction()= android.intent.action.SERVICE_STATE
02-13 14:16:59.462 D/MobileDataStateTracker(  256): [default]  mEnabled = true
02-13 14:16:59.472 D/CallManager(  344):  handleMessage (EVENT_SERVICE_STATE_CHANGED)
02-13 14:16:59.472 E/BT HS/HF(  344): SERVICE_STATE_CHANGED called
02-13 14:16:59.472 E/BT HS/HF(  344): updateServiceState called, sendUpdate:false  ServiceState:0 home Sprint  310099  EvDo rev. A CSS not supported 41 4139RoamInd: 1RoamStatus(sprint): 1DefRoamInd: 160EmergOnly: false
02-13 14:16:59.472 E/BT HS/HF(  344): service:1 mService:1
02-13 14:16:59.472 D/DATA    (  344): [DSST(0)]  registrationState = 1  radioTechnology = 8 reasonForDenial = 0
02-13 14:16:59.472 D/DATA    (  344): [DSST(0)]  set mNewDataConnectionState = 0
02-13 14:16:59.472 D/DATA    (  344): [DSST(0)]  mNewDataConnectionState : 0  mDataConnectionState : 0
02-13 14:16:59.472 D/DATA    (  344): [DSST(0)] Poll ServiceState done: oldSS=[0 home null null null  EvDo rev. A CSS not supported -1 -1RoamInd: -1RoamStatus(sprint): -1DefRoamInd: -1EmergOnly: false] newSS=[0 home null null null  EvDo rev. A CSS not supported -1 -1RoamInd: -1RoamStatus(sprint): -1DefRoamInd: -1EmergOnly: false]
02-13 14:16:59.472 D/DATA    (  344): [DSST(0)]  mDataConnectionState = 0
02-13 14:16:59.492 D/Mms     (  811): currentRoamingStatus:1
02-13 14:17:00.012 D/KeyguardUpdateMonitor(  256): received broadcast android.intent.action.TIME_TICK
02-13 14:17:00.012 D/KeyguardUpdateMonitor(  256): handleTimeUpdate
02-13 14:17:02.945 E/wlg     (  845): MediaPlayer.start()  mIsStream = true
02-13 14:17:02.945 E/wlg     (  845): MediaPlayer.notifyPlayingStream  The current video is a stream!
02-13 14:17:02.945 D/MediaPlayer(  845): start state 8
02-13 14:17:02.955 E/AwesomePlayer(  116): AudioPlayer created, Non-LPA mode mime audio/mp4a-latm duration 828952380
02-13 14:17:02.955 D/AudioTrack(  116): Request AudioFlinger to create track
02-13 14:17:02.955 D/AudioFlinger(  116): createTrack() lSessionId: 5
02-13 14:17:02.955 D/AudioFlinger(  116): Track constructor name 4098, calling thread 845
02-13 14:17:02.955 D/AudioTrack(  116): start 0x36f90
02-13 14:17:02.955 D/AudioFlinger(  116): start(4098), calling thread 845 session 5
02-13 14:17:02.965 E/MediaPlayer(  845): getCurrentPosition sec = 0
02-13 14:17:02.965 E/MediaPlayer(  845): getDuration_l mDuration = 828961
02-13 14:17:02.975 D/AudioHardwareMSM7X30(  116): value of device and enable is 2 1 ALSA dev id:3
02-13 14:17:03.005 E/OMX-VDEC-720P(  116): get_config: Framepack data not supported for non H264 codecs
02-13 14:17:03.005 W/Overlay (  256): createOverlay: creating overlay with format3D: 0x0, curState: 1
02-13 14:17:03.055 D/AudioHardwareMSM7X30(  116): msm_route_stream(PCM_PLAY,5,3,1)
02-13 14:17:03.966 E/MediaPlayer(  845): getCurrentPosition sec = 968
02-13 14:17:03.966 E/MediaPlayer(  845): getDuration_l mDuration = 828961
02-13 14:17:04.497 D/DATA    (  344): [DSST(0)] pollstate() : reason = data network state changed
02-13 14:17:04.527 D/MobileDataStateTracker(  256): [hipri]  MobileDataStateReceiver onReceive(): Entry.
02-13 14:17:04.527 D/MobileDataStateTracker(  256): [hipri]  intent.getAction()= android.intent.action.SERVICE_STATE
02-13 14:17:04.527 D/MobileDataStateTracker(  256): [hipri]  mEnabled = false
02-13 14:17:04.527 D/MobileDataStateTracker(  256): [dun]  MobileDataStateReceiver onReceive(): Entry.
02-13 14:17:04.527 D/MobileDataStateTracker(  256): [dun]  intent.getAction()= android.intent.action.SERVICE_STATE
02-13 14:17:04.527 D/MobileDataStateTracker(  256): [dun]  mEnabled = false
02-13 14:17:04.537 D/MobileDataStateTracker(  256): [supl]  MobileDataStateReceiver onReceive(): Entry.
02-13 14:17:04.537 D/MobileDataStateTracker(  256): [supl]  intent.getAction()= android.intent.action.SERVICE_STATE
02-13 14:17:04.537 D/MobileDataStateTracker(  256): [supl]  mEnabled = false
02-13 14:17:04.537 D/MobileDataStateTracker(  256): [mms]  MobileDataStateReceiver onReceive(): Entry.
02-13 14:17:04.537 D/MobileDataStateTracker(  256): [mms]  intent.getAction()= android.intent.action.SERVICE_STATE
02-13 14:17:04.537 D/MobileDataStateTracker(  256): [mms]  mEnabled = false
02-13 14:17:04.537 D/CallManager(  344):  handleMessage (EVENT_SERVICE_STATE_CHANGED)
02-13 14:17:04.537 E/BT HS/HF(  344): SERVICE_STATE_CHANGED called
02-13 14:17:04.537 E/BT HS/HF(  344): updateServiceState called, sendUpdate:false  ServiceState:0 home Sprint  310099  EvDo rev. A CSS not supported 41 4139RoamInd: 1RoamStatus(sprint): 1DefRoamInd: 160EmergOnly: false
02-13 14:17:04.537 D/MobileDataStateTracker(  256): [default]  MobileDataStateReceiver onReceive(): Entry.
02-13 14:17:04.537 D/MobileDataStateTracker(  256): [default]  intent.getAction()= android.intent.action.SERVICE_STATE
02-13 14:17:04.537 D/MobileDataStateTracker(  256): [default]  mEnabled = true
02-13 14:17:04.547 E/BT HS/HF(  344): service:1 mService:1
02-13 14:17:04.547 D/DATA    (  344): [DSST(0)]  registrationState = 1  radioTechnology = 8 reasonForDenial = 0
02-13 14:17:04.547 D/DATA    (  344): [DSST(0)]  set mNewDataConnectionState = 0
02-13 14:17:04.547 D/DATA    (  344): [DSST(0)]  mNewDataConnectionState : 0  mDataConnectionState : 0
02-13 14:17:04.547 D/DATA    (  344): [DSST(0)] Poll ServiceState done: oldSS=[0 home null null null  EvDo rev. A CSS not supported -1 -1RoamInd: -1RoamStatus(sprint): -1DefRoamInd: -1EmergOnly: false] newSS=[0 home null null null  EvDo rev. A CSS not supported -1 -1RoamInd: -1RoamStatus(sprint): -1DefRoamInd: -1EmergOnly: false]
02-13 14:17:04.547 D/DATA    (  344): [DSST(0)]  mDataConnectionState = 0
02-13 14:17:04.567 D/Mms     (  811): currentRoamingStatus:1
02-13 14:17:04.987 E/MediaPlayer(  845): getCurrentPosition sec = 1969
02-13 14:17:04.987 E/MediaPlayer(  845): getDuration_l mDuration = 828961
02-13 14:17:05.598 D/PhoneApp(  344): updateProximitySensorMode: state = IDLE
02-13 14:17:05.618 D/PhoneApp(  344): updateProximitySensorMode: lock already released.
02-13 14:17:05.628 D/KeyguardViewMediator(  256): setHidden false
02-13 14:17:05.648 D/KeyguardViewMediator(  256): setHidden false
02-13 14:17:05.648 D/KeyguardViewMediator(  256): setHidden false
02-13 14:17:05.648 D/KeyguardViewMediator(  256): setHidden false
02-13 14:17:05.658 D/KeyguardViewMediator(  256): setHidden false
02-13 14:17:05.668 D/KeyguardViewMediator(  256): setHidden false
02-13 14:17:05.678 D/KeyguardViewMediator(  256): setHidden false
02-13 14:17:05.678 D/KeyguardViewMediator(  256): setHidden false
02-13 14:17:05.678 D/KeyguardViewMediator(  256): setHidden false
02-13 14:17:05.678 D/KeyguardViewMediator(  256): setHidden false
02-13 14:17:05.688 D/KeyguardViewMediator(  256): setHidden false
02-13 14:17:05.688 D/KeyguardViewMediator(  256): setHidden false
02-13 14:17:05.708 D/KeyguardViewMediator(  256): setHidden false
02-13 14:17:05.708 D/KeyguardViewMediator(  256): setHidden false
02-13 14:17:05.708 D/OmaDrmReceiver(  571): android.intent.action.CONFIGURATION_CHANGED
02-13 14:17:05.718 I/OmaDrmService(  571): Language changed!!!!!!
02-13 14:17:05.728 D/KeyguardViewMediator(  256): setHidden false
02-13 14:17:05.738 D/KeyguardViewMediator(  256): setHidden false
02-13 14:17:05.748 D/KeyguardViewMediator(  256): setHidden false
02-13 14:17:05.758 D/KeyguardViewMediator(  256): setHidden false
02-13 14:17:05.988 E/MediaPlayer(  845): getCurrentPosition sec = 2970
02-13 14:17:05.988 E/MediaPlayer(  845): getDuration_l mDuration = 828961
02-13 14:17:06.999 E/MediaPlayer(  845): getCurrentPosition sec = 3971
02-13 14:17:06.999 E/MediaPlayer(  845): getDuration_l mDuration = 828961
02-13 14:17:07.089 E/OverlayLIB(  256): setPosition failed
02-13 14:17:07.089 E/Overlay (  256): int setPositionHandleState(overlay_control_context_t*, overlay_object*, overlay_rect&, int, int, uint32_t, uint32_t):Failed for channel 0
02-13 14:17:07.099 D/PhoneApp(  344): updateProximitySensorMode: state = IDLE
02-13 14:17:07.099 D/PhoneApp(  344): updateProximitySensorMode: lock already released.
02-13 14:17:07.109 D/KeyguardViewMediator(  256): setHidden false
02-13 14:17:07.109 E/OverlayLIB(  256): setPosition failed
02-13 14:17:07.109 E/Overlay (  256): int setPositionHandleState(overlay_control_context_t*, overlay_object*, overlay_rect&, int, int, uint32_t, uint32_t):Failed for channel 0
02-13 14:17:07.119 D/KeyguardViewMediator(  256): setHidden false
02-13 14:17:07.119 D/KeyguardViewMediator(  256): setHidden false
02-13 14:17:07.129 D/KeyguardViewMediator(  256): setHidden false
02-13 14:17:07.129 D/KeyguardViewMediator(  256): setHidden false
02-13 14:17:07.149 E/OverlayLIB(  256): setPosition failed
02-13 14:17:07.149 E/Overlay (  256): int setPositionHandleState(overlay_control_context_t*, overlay_object*, overlay_rect&, int, int, uint32_t, uint32_t):Failed for channel 0
02-13 14:17:07.149 D/KeyguardViewMediator(  256): setHidden false
02-13 14:17:07.159 D/KeyguardViewMediator(  256): setHidden false
02-13 14:17:07.169 D/KeyguardViewMediator(  256): setHidden false
02-13 14:17:07.179 E/OverlayLIB(  256): setPosition failed
02-13 14:17:07.179 E/Overlay (  256): int setPositionHandleState(overlay_control_context_t*, overlay_object*, overlay_rect&, int, int, uint32_t, uint32_t):Failed for channel 0
02-13 14:17:07.199 D/OmaDrmReceiver(  571): android.intent.action.CONFIGURATION_CHANGED
02-13 14:17:07.199 I/OmaDrmService(  571): Language changed!!!!!!
02-13 14:17:07.209 D/PhoneApp(  344): updateProximitySensorMode: state = IDLE
02-13 14:17:07.209 D/PhoneApp(  344): updateProximitySensorMode: lock already released.
02-13 14:17:07.219 D/KeyguardViewMediator(  256): setHidden false
02-13 14:17:07.219 D/KeyguardViewMediator(  256): setHidden false
02-13 14:17:07.239 D/KeyguardViewMediator(  256): setHidden false
02-13 14:17:07.239 D/KeyguardViewMediator(  256): setHidden false
02-13 14:17:07.239 D/KeyguardViewMediator(  256): setHidden false
02-13 14:17:07.249 D/KeyguardViewMediator(  256): setHidden false
02-13 14:17:07.259 D/KeyguardViewMediator(  256): setHidden false
02-13 14:17:07.259 D/KeyguardViewMediator(  256): setHidden false
02-13 14:17:07.269 D/KeyguardViewMediator(  256): setHidden false
02-13 14:17:07.269 D/KeyguardViewMediator(  256): setHidden false
02-13 14:17:07.279 D/KeyguardViewMediator(  256): setHidden false
02-13 14:17:07.279 D/KeyguardViewMediator(  256): setHidden false
02-13 14:17:07.289 D/DATA    (  344): [DSST(0)] pollstate() : reason = data network state changed
02-13 14:17:07.319 D/MobileDataStateTracker(  256): [hipri]  MobileDataStateReceiver onReceive(): Entry.
02-13 14:17:07.319 D/MobileDataStateTracker(  256): [hipri]  intent.getAction()= android.intent.action.SERVICE_STATE
02-13 14:17:07.319 D/MobileDataStateTracker(  256): [hipri]  mEnabled = false
02-13 14:17:07.319 D/MobileDataStateTracker(  256): [dun]  MobileDataStateReceiver onReceive(): Entry.
02-13 14:17:07.319 D/MobileDataStateTracker(  256): [dun]  intent.getAction()= android.intent.action.SERVICE_STATE
02-13 14:17:07.319 D/MobileDataStateTracker(  256): [dun]  mEnabled = false
02-13 14:17:07.319 D/MobileDataStateTracker(  256): [supl]  MobileDataStateReceiver onReceive(): Entry.
02-13 14:17:07.319 D/MobileDataStateTracker(  256): [supl]  intent.getAction()= android.intent.action.SERVICE_STATE
02-13 14:17:07.319 D/MobileDataStateTracker(  256): [supl]  mEnabled = false
02-13 14:17:07.319 D/MobileDataStateTracker(  256): [mms]  MobileDataStateReceiver onReceive(): Entry.
02-13 14:17:07.319 D/MobileDataStateTracker(  256): [mms]  intent.getAction()= android.intent.action.SERVICE_STATE
02-13 14:17:07.319 D/MobileDataStateTracker(  256): [mms]  mEnabled = false
02-13 14:17:07.329 D/MobileDataStateTracker(  256): [default]  MobileDataStateReceiver onReceive(): Entry.
02-13 14:17:07.329 D/MobileDataStateTracker(  256): [default]  intent.getAction()= android.intent.action.SERVICE_STATE
02-13 14:17:07.329 D/MobileDataStateTracker(  256): [default]  mEnabled = true
02-13 14:17:07.329 D/KeyguardViewMediator(  256): setHidden false
02-13 14:17:07.349 D/CallManager(  344):  handleMessage (EVENT_SERVICE_STATE_CHANGED)
02-13 14:17:07.349 E/BT HS/HF(  344): SERVICE_STATE_CHANGED called
02-13 14:17:07.349 E/BT HS/HF(  344): updateServiceState called, sendUpdate:false  ServiceState:0 home Sprint  310099  EvDo rev. A CSS not supported 41 4139RoamInd: 1RoamStatus(sprint): 1DefRoamInd: 160EmergOnly: false
02-13 14:17:07.349 E/BT HS/HF(  344): service:1 mService:1
02-13 14:17:07.349 D/DATA    (  344): [DSST(0)]  registrationState = 1  radioTechnology = 8 reasonForDenial = 0
02-13 14:17:07.349 D/DATA    (  344): [DSST(0)]  set mNewDataConnectionState = 0
02-13 14:17:07.349 D/DATA    (  344): [DSST(0)]  mNewDataConnectionState : 0  mDataConnectionState : 0
02-13 14:17:07.349 D/DATA    (  344): [DSST(0)] Poll ServiceState done: oldSS=[0 home null null null  EvDo rev. A CSS not supported -1 -1RoamInd: -1RoamStatus(sprint): -1DefRoamInd: -1EmergOnly: false] newSS=[0 home null null null  EvDo rev. A CSS not supported -1 -1RoamInd: -1RoamStatus(sprint): -1DefRoamInd: -1EmergOnly: false]
02-13 14:17:07.349 D/DATA    (  344): [DSST(0)]  mDataConnectionState = 0
02-13 14:17:07.369 D/KeyguardViewMediator(  256): setHidden false
02-13 14:17:07.390 D/KeyguardViewMediator(  256): setHidden false
02-13 14:17:07.420 D/KeyguardViewMediator(  256): setHidden false
02-13 14:17:07.420 D/KeyguardViewMediator(  256): setHidden false
02-13 14:17:07.420 D/KeyguardViewMediator(  256): setHidden false
02-13 14:17:07.420 D/KeyguardViewMediator(  256): setHidden false
02-13 14:17:07.430 D/KeyguardViewMediator(  256): setHidden false
02-13 14:17:07.440 D/Mms     (  811): currentRoamingStatus:1
02-13 14:17:07.450 D/KeyguardViewMediator(  256): setHidden false
02-13 14:17:07.450 D/KeyguardViewMediator(  256): setHidden false
02-13 14:17:07.450 D/KeyguardViewMediator(  256): setHidden false
02-13 14:17:07.460 D/KeyguardViewMediator(  256): setHidden false
02-13 14:17:07.470 D/OmaDrmReceiver(  571): android.intent.action.CONFIGURATION_CHANGED
02-13 14:17:07.480 I/OmaDrmService(  571): Language changed!!!!!!
02-13 14:17:07.990 E/MediaPlayer(  845): getCurrentPosition sec = 4972
02-13 14:17:07.990 E/MediaPlayer(  845): getDuration_l mDuration = 828961
02-13 14:17:09.011 E/MediaPlayer(  845): getCurrentPosition sec = 6006
02-13 14:17:09.011 E/MediaPlayer(  845): getDuration_l mDuration = 828961
02-13 14:17:09.832 E/OverlayLIB(  256): setPosition failed
02-13 14:17:09.832 E/Overlay (  256): int setPositionHandleState(overlay_control_context_t*, overlay_object*, overlay_rect&, int, int, uint32_t, uint32_t):Failed for channel 0
02-13 14:17:09.842 E/OverlayLIB(  256): setPosition failed
02-13 14:17:09.842 E/Overlay (  256): int setPositionHandleState(overlay_control_context_t*, overlay_object*, overlay_rect&, int, int, uint32_t, uint32_t):Failed for channel 0
02-13 14:17:09.872 D/PhoneApp(  344): updateProximitySensorMode: state = IDLE
02-13 14:17:09.872 D/PhoneApp(  344): updateProximitySensorMode: lock already released.
02-13 14:17:09.932 D/KeyguardViewMediator(  256): setHidden false
02-13 14:17:09.952 D/KeyguardViewMediator(  256): setHidden false
02-13 14:17:09.952 D/KeyguardViewMediator(  256): setHidden false
02-13 14:17:09.962 D/KeyguardViewMediator(  256): setHidden false
02-13 14:17:09.962 D/KeyguardViewMediator(  256): setHidden false
02-13 14:17:09.962 D/KeyguardViewMediator(  256): setHidden false
02-13 14:17:09.962 E/OverlayLIB(  256): setPosition failed
02-13 14:17:09.962 E/Overlay (  256): int setPositionHandleState(overlay_control_context_t*, overlay_object*, overlay_rect&, int, int, uint32_t, uint32_t):Failed for channel 0
02-13 14:17:09.972 D/KeyguardViewMediator(  256): setHidden false
02-13 14:17:09.972 D/KeyguardViewMediator(  256): setHidden false
02-13 14:17:09.982 D/KeyguardViewMediator(  256): setHidden false
02-13 14:17:09.982 E/OverlayLIB(  256): setPosition failed
02-13 14:17:09.982 E/Overlay (  256): int setPositionHandleState(overlay_control_context_t*, overlay_object*, overlay_rect&, int, int, uint32_t, uint32_t):Failed for channel 0
02-13 14:17:09.992 D/KeyguardViewMediator(  256): setHidden false
02-13 14:17:10.002 D/KeyguardViewMediator(  256): setHidden false
02-13 14:17:10.002 E/OverlayLIB(  256): setPosition failed
02-13 14:17:10.002 E/Overlay (  256): int setPositionHandleState(overlay_control_context_t*, overlay_object*, overlay_rect&, int, int, uint32_t, uint32_t):Failed for channel 0
02-13 14:17:10.012 D/KeyguardViewMediator(  256): setHidden false
02-13 14:17:10.012 E/MediaPlayer(  845): getCurrentPosition sec = 7007
02-13 14:17:10.012 E/MediaPlayer(  845): getDuration_l mDuration = 828961
02-13 14:17:10.022 D/OmaDrmReceiver(  571): android.intent.action.CONFIGURATION_CHANGED
02-13 14:17:10.022 I/OmaDrmService(  571): Language changed!!!!!!
02-13 14:17:10.022 D/KeyguardViewMediator(  256): setHidden false
02-13 14:17:10.022 D/KeyguardViewMediator(  256): setHidden false
02-13 14:17:10.032 D/KeyguardViewMediator(  256): setHidden false
02-13 14:17:10.052 D/KeyguardViewMediator(  256): setHidden false
02-13 14:17:10.102 D/KeyguardViewMediator(  256): setHidden false
02-13 14:17:11.023 E/MediaPlayer(  845): getCurrentPosition sec = 8008
02-13 14:17:11.023 E/MediaPlayer(  845): getDuration_l mDuration = 828961
02-13 14:17:11.073 D/PhoneApp(  344): updateProximitySensorMode: state = IDLE
