02-13 14:14:16.853 D/Bitmap  (  510):       android.app.ActivityThread.access$2200(ActivityThread.java:123)
02-13 14:14:16.853 D/Bitmap  (  510):       android.app.ActivityThread$H.handleMessage(ActivityThread.java:986)
02-13 14:14:16.853 D/Bitmap  (  510):       android.os.Handler.dispatchMessage(Handler.java:99)
02-13 14:14:16.853 D/Bitmap  (  510):       android.os.Looper.loop(Looper.java:130)
02-13 14:14:16.853 D/Bitmap  (  510):       android.app.ActivityThread.main(ActivityThread.java:3704)
02-13 14:14:16.853 D/Bitmap  (  510):       java.lang.reflect.Method.invokeNative(Native Method)
02-13 14:14:16.853 D/Bitmap  (  510):       java.lang.reflect.Method.invoke(Method.java:507)
02-13 14:14:16.853 D/Bitmap  (  510):       com.android.internal.os.ZygoteInit$MethodAndArgsCaller.run(ZygoteInit.java:875)
02-13 14:14:16.853 D/Bitmap  (  510):       com.android.internal.os.ZygoteInit.main(ZygoteInit.java:633)
02-13 14:14:16.853 D/Bitmap  (  510):       dalvik.system.NativeStart.main(Native Method)
02-13 14:14:16.853 D/Bitmap  (  510): _
02-13 14:14:16.853 D/Bitmap  (  510): Detect unrecycled bitmap.
02-13 14:14:16.853 D/Bitmap  (  510):       Size: 47432 Bytes, Width: 154 , Height: 154 , Hash code: 1079090488
02-13 14:14:16.853 D/Bitmap  (  510):  This bimap was created in:
02-13 14:14:16.853 D/Bitmap  (  510):       android.graphics.Bitmap.<init>(Bitmap.java:136)
02-13 14:14:16.853 D/Bitmap  (  510):       android.graphics.BitmapFactory.nativeDecodeByteArray(Native Method)
02-13 14:14:16.853 D/Bitmap  (  510):       android.graphics.BitmapFactory.decodeByteArray(BitmapFactory.java:405)
02-13 14:14:16.853 D/Bitmap  (  510):       android.graphics.BitmapFactory.decodeByteArray(BitmapFactory.java:418)
02-13 14:14:16.853 D/Bitmap  (  510):       com.sprint.zone.data.DbAdapter.cursorToFeature(DbAdapter.java:1305)
02-13 14:14:16.853 D/Bitmap  (  510):       com.sprint.zone.data.DbAdapter.getPageContent(DbAdapter.java:1242)
02-13 14:14:16.853 D/Bitmap  (  510):       com.sprint.zone.data.DbAdapter.loadGlobalContent(DbAdapter.java:1447)
02-13 14:14:16.853 D/Bitmap  (  510):       com.sprint.zone.data.GlobalContent.instance(GlobalContent.java:104)
02-13 14:14:16.853 D/Bitmap  (  510):       com.sprint.zone.Zone.onCreate(Zone.java:35)
02-13 14:14:16.853 D/Bitmap  (  510):       com.sprint.zone.sprint.SprintZone.onCreate(SprintZone.java:10)
02-13 14:14:16.853 D/Bitmap  (  510):       android.app.Instrumentation.callApplicationOnCreate(Instrumentation.java:969)
02-13 14:14:16.853 D/Bitmap  (  510):       android.app.ActivityThread.handleBindApplication(ActivityThread.java:3293)
02-13 14:14:16.853 D/Bitmap  (  510):       android.app.ActivityThread.access$2200(ActivityThread.java:123)
02-13 14:14:16.853 D/Bitmap  (  510):       android.app.ActivityThread$H.handleMessage(ActivityThread.java:986)
02-13 14:14:16.853 D/Bitmap  (  510):       android.os.Handler.dispatchMessage(Handler.java:99)
02-13 14:14:16.853 D/Bitmap  (  510):       android.os.Looper.loop(Looper.java:130)
02-13 14:14:16.853 D/Bitmap  (  510):       android.app.ActivityThread.main(ActivityThread.java:3704)
02-13 14:14:16.853 D/Bitmap  (  510):       java.lang.reflect.Method.invokeNative(Native Method)
02-13 14:14:16.853 D/Bitmap  (  510):       java.lang.reflect.Method.invoke(Method.java:507)
02-13 14:14:16.853 D/Bitmap  (  510):       com.android.internal.os.ZygoteInit$MethodAndArgsCaller.run(ZygoteInit.java:875)
02-13 14:14:16.853 D/Bitmap  (  510):       com.android.internal.os.ZygoteInit.main(ZygoteInit.java:633)
02-13 14:14:16.853 D/Bitmap  (  510):       dalvik.system.NativeStart.main(Native Method)
02-13 14:14:16.853 D/Bitmap  (  510): _
02-13 14:14:16.853 D/Bitmap  (  510): Detect unrecycled bitmap.
02-13 14:14:16.853 D/Bitmap  (  510):       Size: 262144 Bytes, Width: 256 , Height: 256 , Hash code: 1079228352
02-13 14:14:16.853 D/Bitmap  (  510):  This bimap was created in:
02-13 14:14:16.853 D/Bitmap  (  510):       android.graphics.Bitmap.<init>(Bitmap.java:136)
02-13 14:14:16.853 D/Bitmap  (  510):       android.graphics.BitmapFactory.nativeDecodeByteArray(Native Method)
02-13 14:14:16.853 D/Bitmap  (  510):       android.graphics.BitmapFactory.decodeByteArray(BitmapFactory.java:405)
02-13 14:14:16.853 D/Bitmap  (  510):       android.graphics.BitmapFactory.decodeByteArray(BitmapFactory.java:418)
02-13 14:14:16.853 D/Bitmap  (  510):       com.sprint.zone.data.DbAdapter.cursorToFeature(DbAdapter.java:1305)
02-13 14:14:16.853 D/Bitmap  (  510):       com.sprint.zone.data.DbAdapter.getPageContent(DbAdapter.java:1242)
02-13 14:14:16.853 D/Bitmap  (  510):       com.sprint.zone.data.DbAdapter.loadGlobalContent(DbAdapter.java:1447)
02-13 14:14:16.853 D/Bitmap  (  510):       com.sprint.zone.data.GlobalContent.instance(GlobalContent.java:104)
02-13 14:14:16.853 D/Bitmap  (  510):       com.sprint.zone.Zone.onCreate(Zone.java:35)
02-13 14:14:16.853 D/Bitmap  (  510):       com.sprint.zone.sprint.SprintZone.onCreate(SprintZone.java:10)
02-13 14:14:16.853 D/Bitmap  (  510):       android.app.Instrumentation.callApplicationOnCreate(Instrumentation.java:969)
02-13 14:14:16.853 D/Bitmap  (  510):       android.app.ActivityThread.handleBindApplication(ActivityThread.java:3293)
02-13 14:14:16.853 D/Bitmap  (  510):       android.app.ActivityThread.access$2200(ActivityThread.java:123)
02-13 14:14:16.853 D/Bitmap  (  510):       android.app.ActivityThread$H.handleMessage(ActivityThread.java:986)
02-13 14:14:16.853 D/Bitmap  (  510):       android.os.Handler.dispatchMessage(Handler.java:99)
02-13 14:14:16.853 D/Bitmap  (  510):       android.os.Looper.loop(Looper.java:130)
02-13 14:14:16.853 D/Bitmap  (  510):       android.app.ActivityThread.main(ActivityThread.java:3704)
02-13 14:14:16.853 D/Bitmap  (  510):       java.lang.reflect.Method.invokeNative(Native Method)
02-13 14:14:16.853 D/Bitmap  (  510):       java.lang.reflect.Method.invoke(Method.java:507)
02-13 14:14:16.853 D/Bitmap  (  510):       com.android.internal.os.ZygoteInit$MethodAndArgsCaller.run(ZygoteInit.java:875)
02-13 14:14:16.853 D/Bitmap  (  510):       com.android.internal.os.ZygoteInit.main(ZygoteInit.java:633)
02-13 14:14:16.853 D/Bitmap  (  510):       dalvik.system.NativeStart.main(Native Method)
02-13 14:14:16.853 D/Bitmap  (  510): _
02-13 14:14:16.853 D/Bitmap  (  510): Detect unrecycled bitmap.
02-13 14:14:16.853 D/Bitmap  (  510):       Size: 61504 Bytes, Width: 124 , Height: 124 , Hash code: 1079445752
02-13 14:14:16.853 D/Bitmap  (  510):  This bimap was created in:
02-13 14:14:16.853 D/Bitmap  (  510):       android.graphics.Bitmap.<init>(Bitmap.java:136)
02-13 14:14:16.853 D/Bitmap  (  510):       android.graphics.BitmapFactory.nativeDecodeByteArray(Native Method)
02-13 14:14:16.853 D/Bitmap  (  510):       android.graphics.BitmapFactory.decodeByteArray(BitmapFactory.java:405)
02-13 14:14:16.853 D/Bitmap  (  510):       android.graphics.BitmapFactory.decodeByteArray(BitmapFactory.java:418)
02-13 14:14:16.853 D/Bitmap  (  510):       com.sprint.zone.data.DbAdapter.cursorToFeature(DbAdapter.java:1305)
02-13 14:14:16.853 D/Bitmap  (  510):       com.sprint.zone.data.DbAdapter.getPageContent(DbAdapter.java:1242)
02-13 14:14:16.853 D/Bitmap  (  510):       com.sprint.zone.data.DbAdapter.loadGlobalContent(DbAdapter.java:1447)
02-13 14:14:16.853 D/Bitmap  (  510):       com.sprint.zone.data.GlobalContent.instance(GlobalContent.java:104)
02-13 14:14:16.853 D/Bitmap  (  510):       com.sprint.zone.Zone.onCreate(Zone.java:35)
02-13 14:14:16.853 D/Bitmap  (  510):       com.sprint.zone.sprint.SprintZone.onCreate(SprintZone.java:10)
02-13 14:14:16.853 D/Bitmap  (  510):       android.app.Instrumentation.callApplicationOnCreate(Instrumentation.java:969)
02-13 14:14:16.853 D/Bitmap  (  510):       android.app.ActivityThread.handleBindApplication(ActivityThread.java:3293)
02-13 14:14:16.853 D/Bitmap  (  510):       android.app.ActivityThread.access$2200(ActivityThread.java:123)
02-13 14:14:16.853 D/Bitmap  (  510):       android.app.ActivityThread$H.handleMessage(ActivityThread.java:986)
02-13 14:14:16.853 D/Bitmap  (  510):       android.os.Handler.dispatchMessage(Handler.java:99)
02-13 14:14:16.853 D/Bitmap  (  510):       android.os.Looper.loop(Looper.java:130)
02-13 14:14:16.853 D/Bitmap  (  510):       android.app.ActivityThread.main(ActivityThread.java:3704)
02-13 14:14:16.853 D/Bitmap  (  510):       java.lang.reflect.Method.invokeNative(Native Method)
02-13 14:14:16.853 D/Bitmap  (  510):       java.lang.reflect.Method.invoke(Method.java:507)
02-13 14:14:16.853 D/Bitmap  (  510):       com.android.internal.os.ZygoteInit$MethodAndArgsCaller.run(ZygoteInit.java:875)
02-13 14:14:16.853 D/Bitmap  (  510):       com.android.internal.os.ZygoteInit.main(ZygoteInit.java:633)
02-13 14:14:16.853 D/Bitmap  (  510):       dalvik.system.NativeStart.main(Native Method)
02-13 14:14:16.853 D/Bitmap  (  510): _
02-13 14:14:16.853 D/Bitmap  (  510): Detect unrecycled bitmap.
02-13 14:14:16.853 D/Bitmap  (  510):       Size: 131072 Bytes, Width: 256 , Height: 256 , Hash code: 1079478128
02-13 14:14:16.853 D/Bitmap  (  510):  This bimap was created in:
02-13 14:14:16.853 D/Bitmap  (  510):       android.graphics.Bitmap.<init>(Bitmap.java:136)
02-13 14:14:16.853 D/Bitmap  (  510):       android.graphics.BitmapFactory.nativeDecodeByteArray(Native Method)
02-13 14:14:16.853 D/Bitmap  (  510):       android.graphics.BitmapFactory.decodeByteArray(BitmapFactory.java:405)
02-13 14:14:16.853 D/Bitmap  (  510):       android.graphics.BitmapFactory.decodeByteArray(BitmapFactory.java:418)
02-13 14:14:16.853 D/Bitmap  (  510):       com.sprint.zone.data.DbAdapter.cursorToFeature(DbAdapter.java:1305)
02-13 14:14:16.853 D/Bitmap  (  510):       com.sprint.zone.data.DbAdapter.getPageContent(DbAdapter.java:1242)
02-13 14:14:16.853 D/Bitmap  (  510):       com.sprint.zone.data.DbAdapter.loadGlobalContent(DbAdapter.java:1447)
02-13 14:14:16.853 D/Bitmap  (  510):       com.sprint.zone.data.GlobalContent.instance(GlobalContent.java:104)
02-13 14:14:16.853 D/Bitmap  (  510):       com.sprint.zone.Zone.onCreate(Zone.java:35)
02-13 14:14:16.853 D/Bitmap  (  510):       com.sprint.zone.sprint.SprintZone.onCreate(SprintZone.java:10)
02-13 14:14:16.853 D/Bitmap  (  510):       android.app.Instrumentation.callApplicationOnCreate(Instrumentation.java:969)
02-13 14:14:16.853 D/Bitmap  (  510):       android.app.ActivityThread.handleBindApplication(ActivityThread.java:3293)
02-13 14:14:16.853 D/Bitmap  (  510):       android.app.ActivityThread.access$2200(ActivityThread.java:123)
02-13 14:14:16.853 D/Bitmap  (  510):       android.app.ActivityThread$H.handleMessage(ActivityThread.java:986)
02-13 14:14:16.853 D/Bitmap  (  510):       android.os.Handler.dispatchMessage(Handler.java:99)
02-13 14:14:16.853 D/Bitmap  (  510):       android.os.Looper.loop(Looper.java:130)
02-13 14:14:16.853 D/Bitmap  (  510):       android.app.ActivityThread.main(ActivityThread.java:3704)
02-13 14:14:16.853 D/Bitmap  (  510):       java.lang.reflect.Method.invokeNative(Native Method)
02-13 14:14:16.853 D/Bitmap  (  510):       java.lang.reflect.Method.invoke(Method.java:507)
02-13 14:14:16.853 D/Bitmap  (  510):       com.android.internal.os.ZygoteInit$MethodAndArgsCaller.run(ZygoteInit.java:875)
02-13 14:14:16.863 D/Bitmap  (  510):       com.android.internal.os.ZygoteInit.main(ZygoteInit.java:633)
02-13 14:14:16.863 D/Bitmap  (  510):       dalvik.system.NativeStart.main(Native Method)
02-13 14:14:16.863 D/Bitmap  (  510): _
02-13 14:14:16.863 D/Bitmap  (  510): Detect unrecycled bitmap.
02-13 14:14:16.863 D/Bitmap  (  510):       Size: 1048576 Bytes, Width: 512 , Height: 512 , Hash code: 1079031568
02-13 14:14:16.863 D/Bitmap  (  510):  This bimap was created in:
02-13 14:14:16.863 D/Bitmap  (  510):       android.graphics.Bitmap.<init>(Bitmap.java:136)
02-13 14:14:16.863 D/Bitmap  (  510):       android.graphics.BitmapFactory.nativeDecodeByteArray(Native Method)
02-13 14:14:16.863 D/Bitmap  (  510):       android.graphics.BitmapFactory.decodeByteArray(BitmapFactory.java:405)
02-13 14:14:16.863 D/Bitmap  (  510):       android.graphics.BitmapFactory.decodeByteArray(BitmapFactory.java:418)
02-13 14:14:16.863 D/Bitmap  (  510):       com.sprint.zone.data.DbAdapter.cursorToFeature(DbAdapter.java:1305)
02-13 14:14:16.863 D/Bitmap  (  510):       com.sprint.zone.data.DbAdapter.getPageContent(DbAdapter.java:1242)
02-13 14:14:16.863 D/Bitmap  (  510):       com.sprint.zone.data.DbAdapter.loadGlobalContent(DbAdapter.java:1447)
02-13 14:14:16.863 D/Bitmap  (  510):       com.sprint.zone.data.GlobalContent.instance(GlobalContent.java:104)
02-13 14:14:16.863 D/Bitmap  (  510):       com.sprint.zone.Zone.onCreate(Zone.java:35)
02-13 14:14:16.863 D/Bitmap  (  510):       com.sprint.zone.sprint.SprintZone.onCreate(SprintZone.java:10)
02-13 14:14:16.863 D/Bitmap  (  510):       android.app.Instrumentation.callApplicationOnCreate(Instrumentation.java:969)
02-13 14:14:16.863 D/Bitmap  (  510):       android.app.ActivityThread.handleBindApplication(ActivityThread.java:3293)
02-13 14:14:16.863 D/Bitmap  (  510):       android.app.ActivityThread.access$2200(ActivityThread.java:123)
02-13 14:14:16.863 D/Bitmap  (  510):       android.app.ActivityThread$H.handleMessage(ActivityThread.java:986)
02-13 14:14:16.863 D/Bitmap  (  510):       android.os.Handler.dispatchMessage(Handler.java:99)
02-13 14:14:16.863 D/Bitmap  (  510):       android.os.Looper.loop(Looper.java:130)
02-13 14:14:16.863 D/Bitmap  (  510):       android.app.ActivityThread.main(ActivityThread.java:3704)
02-13 14:14:16.863 D/Bitmap  (  510):       java.lang.reflect.Method.invokeNative(Native Method)
02-13 14:14:16.863 D/Bitmap  (  510):       java.lang.reflect.Method.invoke(Method.java:507)
02-13 14:14:16.863 D/Bitmap  (  510):       com.android.internal.os.ZygoteInit$MethodAndArgsCaller.run(ZygoteInit.java:875)
02-13 14:14:16.863 D/Bitmap  (  510):       com.android.internal.os.ZygoteInit.main(ZygoteInit.java:633)
02-13 14:14:16.863 D/Bitmap  (  510):       dalvik.system.NativeStart.main(Native Method)
02-13 14:14:16.863 D/Bitmap  (  510): _
02-13 14:14:16.863 D/Bitmap  (  510): Detect unrecycled bitmap.
02-13 14:14:16.863 D/Bitmap  (  510):       Size: 1048576 Bytes, Width: 512 , Height: 512 , Hash code: 1079188128
02-13 14:14:16.863 D/Bitmap  (  510):  This bimap was created in:
02-13 14:14:16.863 D/Bitmap  (  510):       android.graphics.Bitmap.<init>(Bitmap.java:136)
02-13 14:14:16.873 D/Bitmap  (  510):       android.graphics.BitmapFactory.nativeDecodeByteArray(Native Method)
02-13 14:14:16.873 D/Bitmap  (  510):       android.graphics.BitmapFactory.decodeByteArray(BitmapFactory.java:405)
02-13 14:14:16.873 D/Bitmap  (  510):       android.graphics.BitmapFactory.decodeByteArray(BitmapFactory.java:418)
02-13 14:14:16.873 D/Bitmap  (  510):       com.sprint.zone.data.DbAdapter.cursorToFeature(DbAdapter.java:1305)
02-13 14:14:16.873 D/Bitmap  (  510):       com.sprint.zone.data.DbAdapter.getPageContent(DbAdapter.java:1242)
02-13 14:14:16.873 D/Bitmap  (  510):       com.sprint.zone.data.DbAdapter.loadGlobalContent(DbAdapter.java:1447)
02-13 14:14:16.873 D/Bitmap  (  510):       com.sprint.zone.data.GlobalContent.instance(GlobalContent.java:104)
02-13 14:14:16.873 D/Bitmap  (  510):       com.sprint.zone.Zone.onCreate(Zone.java:35)
02-13 14:14:16.873 D/Bitmap  (  510):       com.sprint.zone.sprint.SprintZone.onCreate(SprintZone.java:10)
02-13 14:14:16.873 D/Bitmap  (  510):       android.app.Instrumentation.callApplicationOnCreate(Instrumentation.java:969)
02-13 14:14:16.873 D/Bitmap  (  510):       android.app.ActivityThread.handleBindApplication(ActivityThread.java:3293)
02-13 14:14:16.873 D/Bitmap  (  510):       android.app.ActivityThread.access$2200(ActivityThread.java:123)
02-13 14:14:16.873 D/Bitmap  (  510):       android.app.ActivityThread$H.handleMessage(ActivityThread.java:986)
02-13 14:14:16.873 D/Bitmap  (  510):       android.os.Handler.dispatchMessage(Handler.java:99)
02-13 14:14:16.873 D/Bitmap  (  510):       android.os.Looper.loop(Looper.java:130)
02-13 14:14:16.873 D/Bitmap  (  510):       android.app.ActivityThread.main(ActivityThread.java:3704)
02-13 14:14:16.873 D/Bitmap  (  510):       java.lang.reflect.Method.invokeNative(Native Method)
02-13 14:14:16.873 D/Bitmap  (  510):       java.lang.reflect.Method.invoke(Method.java:507)
02-13 14:14:16.873 D/Bitmap  (  510):       com.android.internal.os.ZygoteInit$MethodAndArgsCaller.run(ZygoteInit.java:875)
02-13 14:14:16.873 D/Bitmap  (  510):       com.android.internal.os.ZygoteInit.main(ZygoteInit.java:633)
02-13 14:14:16.873 D/Bitmap  (  510):       dalvik.system.NativeStart.main(Native Method)
02-13 14:14:16.873 D/Bitmap  (  510): _
02-13 14:14:16.873 D/Bitmap  (  510): Detect unrecycled bitmap.
02-13 14:14:16.873 D/Bitmap  (  510):       Size: 48400 Bytes, Width: 110 , Height: 110 , Hash code: 1079739760
02-13 14:14:16.873 D/Bitmap  (  510):  This bimap was created in:
02-13 14:14:16.873 D/Bitmap  (  510):       android.graphics.Bitmap.<init>(Bitmap.java:136)
02-13 14:14:16.873 D/Bitmap  (  510):       android.graphics.BitmapFactory.nativeDecodeByteArray(Native Method)
02-13 14:14:16.873 D/Bitmap  (  510):       android.graphics.BitmapFactory.decodeByteArray(BitmapFactory.java:405)
02-13 14:14:16.873 D/Bitmap  (  510):       android.graphics.BitmapFactory.decodeByteArray(BitmapFactory.java:418)
02-13 14:14:16.873 D/Bitmap  (  510):       com.sprint.zone.data.DbAdapter.cursorToFeature(DbAdapter.java:1305)
02-13 14:14:16.873 D/Bitmap  (  510):       com.sprint.zone.data.DbAdapter.getPageContent(DbAdapter.java:1242)
02-13 14:14:16.873 D/Bitmap  (  510):       com.sprint.zone.data.DbAdapter.loadGlobalContent(DbAdapter.java:1447)
02-13 14:14:16.873 D/Bitmap  (  510):       com.sprint.zone.data.GlobalContent.instance(GlobalContent.java:104)
02-13 14:14:16.873 D/Bitmap  (  510):       com.sprint.zone.Zone.onCreate(Zone.java:35)
02-13 14:14:16.873 D/Bitmap  (  510):       com.sprint.zone.sprint.SprintZone.onCreate(SprintZone.java:10)
02-13 14:14:16.873 D/Bitmap  (  510):       android.app.Instrumentation.callApplicationOnCreate(Instrumentation.java:969)
02-13 14:14:16.873 D/Bitmap  (  510):       android.app.ActivityThread.handleBindApplication(ActivityThread.java:3293)
02-13 14:14:16.873 D/Bitmap  (  510):       android.app.ActivityThread.access$2200(ActivityThread.java:123)
02-13 14:14:16.873 D/Bitmap  (  510):       android.app.ActivityThread$H.handleMessage(ActivityThread.java:986)
02-13 14:14:16.873 D/Bitmap  (  510):       android.os.Handler.dispatchMessage(Handler.java:99)
02-13 14:14:16.873 D/Bitmap  (  510):       android.os.Looper.loop(Looper.java:130)
02-13 14:14:16.873 D/Bitmap  (  510):       android.app.ActivityThread.main(ActivityThread.java:3704)
02-13 14:14:16.873 D/Bitmap  (  510):       java.lang.reflect.Method.invokeNative(Native Method)
02-13 14:14:16.873 D/Bitmap  (  510):       java.lang.reflect.Method.invoke(Method.java:507)
02-13 14:14:16.873 D/Bitmap  (  510):       com.android.internal.os.ZygoteInit$MethodAndArgsCaller.run(ZygoteInit.java:875)
02-13 14:14:16.873 D/Bitmap  (  510):       com.android.internal.os.ZygoteInit.main(ZygoteInit.java:633)
02-13 14:14:16.873 D/Bitmap  (  510):       dalvik.system.NativeStart.main(Native Method)
02-13 14:14:16.873 D/Bitmap  (  510): _
02-13 14:14:17.574 D/QC_NV_ITEMS(  510): QcNvItems instance created.
02-13 14:14:17.574 I/QC_RIL_OEM_HOOK(  510): QcRilOemHook Service Created Successfully
02-13 14:14:17.584 E/QC_NV_ITEMS(  510): ### getMipDataProfile, slot = 1
02-13 14:14:17.584 D/QC_NV_ITEMS(  510): ### doNvRead(465, 1)
02-13 14:14:17.584 D/QC_RIL_OEM_HOOK(  510): sendRilOemHookMsg: itemIdTemp-47
02-13 14:14:17.594 D/QC_NV_ITEMS(  510): Received(465,1): 011f7a7465746573746163636f756e7432323140737072696e747063732e636f6d000000000000000000000000000000000000000000000000000000000000000000000000000000000001d204000001d20400000100000000ffffffff4c591c44
02-13 14:14:17.594 D/QC_NV_ITEMS(  510): 011f7a7465746573746163636f756e7432323140737072696e747063732e636f6d000000000000000000000000000000000000000000000000000000000000000000000000000000000001d204000001d20400000100000000ffffffff4c591c44
02-13 14:14:17.594 E/QmiItemTypes(  510):  index= 1
02-13 14:14:17.594 E/QmiItemTypes(  510):  nai len= 31
02-13 14:14:17.594 E/QmiItemTypes(  510):  nai str= ztetestaccount221@sprintpcs.com
02-13 14:14:17.594 E/QmiItemTypes(  510):  mMnHaSpiSet= true
02-13 14:14:17.594 E/QmiItemTypes(  510):  mMnHaSpi= 1234
02-13 14:14:17.594 E/QmiItemTypes(  510):  mMnAaaSpiSet= true
02-13 14:14:17.594 E/QmiItemTypes(  510):  mMnAaaSpi= 1234
02-13 14:14:17.594 E/QmiItemTypes(  510):  mRvsTnl= true
02-13 14:14:17.594 E/QmiItemTypes(  510):  home_addr= 0.0.0.0
02-13 14:14:17.594 E/QmiItemTypes(  510):  primary_ha_addr= 255.255.255.255
02-13 14:14:17.594 E/QmiItemTypes(  510):  secondary_ha_addr= 68.28.89.76
02-13 14:14:17.594 D/QC_NV_ITEMS(  510): ### getMobDirNumber()
02-13 14:14:17.594 D/QC_RIL_OEM_HOOK(  510): sendRilOemHookMsg: itemIdTemp-41
02-13 14:14:17.594 D/QC_NV_ITEMS(  510): Received: 000a090103020a0a050902080000000000
02-13 14:14:17.604 E/QC_NV_ITEMS(  510): ### getMipDataProfile, slot = 1
02-13 14:14:17.604 D/QC_NV_ITEMS(  510): ### doNvRead(465, 1)
02-13 14:14:17.604 D/QC_RIL_OEM_HOOK(  510): sendRilOemHookMsg: itemIdTemp-47
02-13 14:14:17.604 D/QC_NV_ITEMS(  510): Received(465,1): 011f7a7465746573746163636f756e7432323140737072696e747063732e636f6d000000000000000000000000000000000000000000000000000000000000000000000000000000000001d204000001d20400000100000000ffffffff4c591c44
02-13 14:14:17.604 D/QC_NV_ITEMS(  510): 011f7a7465746573746163636f756e7432323140737072696e747063732e636f6d000000000000000000000000000000000000000000000000000000000000000000000000000000000001d204000001d20400000100000000ffffffff4c591c44
02-13 14:14:17.604 E/QmiItemTypes(  510):  index= 1
02-13 14:14:17.604 E/QmiItemTypes(  510):  nai len= 31
02-13 14:14:17.604 E/QmiItemTypes(  510):  nai str= ztetestaccount221@sprintpcs.com
02-13 14:14:17.604 E/QmiItemTypes(  510):  mMnHaSpiSet= true
02-13 14:14:17.604 E/QmiItemTypes(  510):  mMnHaSpi= 1234
02-13 14:14:17.604 E/QmiItemTypes(  510):  mMnAaaSpiSet= true
02-13 14:14:17.604 E/QmiItemTypes(  510):  mMnAaaSpi= 1234
02-13 14:14:17.604 E/QmiItemTypes(  510):  mRvsTnl= true
02-13 14:14:17.604 E/QmiItemTypes(  510):  home_addr= 0.0.0.0
02-13 14:14:17.604 E/QmiItemTypes(  510):  primary_ha_addr= 255.255.255.255
02-13 14:14:17.604 E/QmiItemTypes(  510):  secondary_ha_addr= 68.28.89.76
02-13 14:14:17.604 D/QC_NV_ITEMS(  510): ###getMinImsiNumber()
02-13 14:14:17.604 D/QC_RIL_OEM_HOOK(  510): sendRilOemHookMsg: itemIdTemp32
02-13 14:14:17.634 D/QC_NV_ITEMS(  510): Received: ff1f7a74656cda6b00
02-13 14:14:17.634 D/QC_RIL_OEM_HOOK(  510): sendRilOemHookMsg: itemIdTemp33
02-13 14:14:17.644 D/QC_NV_ITEMS(  510): Received: ff1f7a9103
02-13 14:14:17.644 D/QC_NV_ITEMS(  510): getMinImsiNumber() msid = 9137068268
02-13 14:14:17.644 E/QC_NV_ITEMS(  510): ### getMipDataProfile, slot = 1
02-13 14:14:17.644 D/QC_NV_ITEMS(  510): ### doNvRead(465, 1)
02-13 14:14:17.644 D/QC_RIL_OEM_HOOK(  510): sendRilOemHookMsg: itemIdTemp-47
02-13 14:14:17.654 D/QC_NV_ITEMS(  510): Received(465,1): 011f7a7465746573746163636f756e7432323140737072696e747063732e636f6d000000000000000000000000000000000000000000000000000000000000000000000000000000000001d204000001d20400000100000000ffffffff4c591c44
02-13 14:14:17.654 D/QC_NV_ITEMS(  510): 011f7a7465746573746163636f756e7432323140737072696e747063732e636f6d000000000000000000000000000000000000000000000000000000000000000000000000000000000001d204000001d20400000100000000ffffffff4c591c44
02-13 14:14:17.654 E/QmiItemTypes(  510):  index= 1
02-13 14:14:17.654 E/QmiItemTypes(  510):  nai len= 31
02-13 14:14:17.654 I/PackageManager(  256): Updating external media status from unmounted to mounted
02-13 14:14:17.664 D/KeyguardViewMediator(  256): setHidden false
02-13 14:14:17.674 D/KeyguardViewMediator(  256): setHidden false
02-13 14:14:17.674 E/QmiItemTypes(  510):  nai str= ztetestaccount221@sprintpcs.com
02-13 14:14:17.674 E/QmiItemTypes(  510):  mMnHaSpiSet= true
02-13 14:14:17.674 E/QmiItemTypes(  510):  mMnHaSpi= 1234
02-13 14:14:17.674 E/QmiItemTypes(  510):  mMnAaaSpiSet= true
02-13 14:14:17.674 E/QmiItemTypes(  510):  mMnAaaSpi= 1234
02-13 14:14:17.674 E/QmiItemTypes(  510):  mRvsTnl= true
02-13 14:14:17.674 E/QmiItemTypes(  510):  home_addr= 0.0.0.0
02-13 14:14:17.674 E/QmiItemTypes(  510):  primary_ha_addr= 255.255.255.255
02-13 14:14:17.674 E/QmiItemTypes(  510):  secondary_ha_addr= 68.28.89.76
02-13 14:14:17.674 E/QC_NV_ITEMS(  510): ### getMipDataProfile, slot = 1
02-13 14:14:17.674 D/QC_NV_ITEMS(  510): ### doNvRead(465, 1)
02-13 14:14:17.684 D/QC_RIL_OEM_HOOK(  510): sendRilOemHookMsg: itemIdTemp-47
02-13 14:14:17.684 D/QC_NV_ITEMS(  510): Received(465,1): 011f7a7465746573746163636f756e7432323140737072696e747063732e636f6d000000000000000000000000000000000000000000000000000000000000000000000000000000000001d204000001d20400000100000000ffffffff4c591c44
02-13 14:14:17.684 D/QC_NV_ITEMS(  510): 011f7a7465746573746163636f756e7432323140737072696e747063732e636f6d000000000000000000000000000000000000000000000000000000000000000000000000000000000001d204000001d20400000100000000ffffffff4c591c44
02-13 14:14:17.684 E/QmiItemTypes(  510):  index= 1
02-13 14:14:17.684 E/QmiItemTypes(  510):  nai len= 31
02-13 14:14:17.684 E/QmiItemTypes(  510):  nai str= ztetestaccount221@sprintpcs.com
02-13 14:14:17.684 E/QmiItemTypes(  510):  mMnHaSpiSet= true
02-13 14:14:17.684 E/QmiItemTypes(  510):  mMnHaSpi= 1234
02-13 14:14:17.684 E/QmiItemTypes(  510):  mMnAaaSpiSet= true
02-13 14:14:17.684 E/QmiItemTypes(  510):  mMnAaaSpi= 1234
02-13 14:14:17.684 E/QmiItemTypes(  510):  mRvsTnl= true
02-13 14:14:17.684 E/QmiItemTypes(  510):  home_addr= 0.0.0.0
02-13 14:14:17.684 E/QmiItemTypes(  510):  primary_ha_addr= 255.255.255.255
02-13 14:14:17.684 E/QmiItemTypes(  510):  secondary_ha_addr= 68.28.89.76
02-13 14:14:17.684 D/QC_NV_ITEMS(  510): ### getMeid()
02-13 14:14:17.684 D/QC_RIL_OEM_HOOK(  510): sendRilOemHookMsg: itemIdTemp-105
02-13 14:14:17.694 D/QC_NV_ITEMS(  510): Received: bb947d200000a100
02-13 14:14:17.694 D/QC_NV_ITEMS(  510): ***zhoujing***NvMeidType::mMeid=0x0
02-13 14:14:17.694 D/QC_NV_ITEMS(  510): QcNvItems instance created.
02-13 14:14:17.694 I/QC_RIL_OEM_HOOK(  510): QcRilOemHook Service Created Successfully
02-13 14:14:17.694 D/QC_NV_ITEMS(  510): ### getPrlVersion()
02-13 14:14:17.694 D/QC_NV_ITEMS(  510): ### getRoamingList()
02-13 14:14:17.694 D/QC_RIL_OEM_HOOK(  510): sendRilOemHookMsg: itemIdTemp257
02-13 14:14:17.734 D/QC_NV_ITEMS(  510): Received: 0006ed00400000010000000000000000000000000000000000000000000000000000000000000000000000000000000000000000000000000000000000000000000000000000000000000000000000000000000000000000000000000000000000000000000000000000000000000000000000000000000000000000000000000000000000000000000000000000000000000000000000000000000000000000000000000000000000000000000000000000000000000000000000000000000000000000000000000000000000000000000000000000000000000000000000000000000000000000000000000000000000000000000000000000000000000000000000000000000000000000000000000000000000000000000000000000000000000000000000000000000000000000000000000000000000000000000000000000000000000000000000000000000000000000000000000000000000000000000000000000000000000000000000000000000000000000000000000000000000000000000000000000000000000000000000000000000000000000000000000000000000000000000000000000000000000000000000000000000000000000000000000000000000000000000000000000000000000000000000000000000000000000000000000000000000000000000000000000000000000000000000000000000000000000000000000000000000000000000000000000000000000000000000000000000000000000000000000000000000000000000000000000000000000000000000000000000000000000000000000000000000000000000000000000000000000000000000000000000000000000000000000000000000000000000000000000000000000000000000000000000000000000000000000000000000000000000000000000000000000000000000000000000000000000000000000000000000000000000000000000000000000000000000000000000000000000000000000000000000000000000000000000000000000000000000000000000000000000000000000000000000000000000000000000000000000000000000000000000000000000000000000000000000000000000000000000000000000000000000000000000000000000000000000000000000000000000000000000000000000000000000000000000000000000000000000000000000000000000000000000000000000000000000000000000000000000000000000000000000000000000000000000000000000000000000000000000000000000000000000000000000000000000000000000000000000000000000000000000000000000000000000000000000000000000000000000000000000000000000000000000000000000000000000000000000000000000000000000000000000000000000000000000000000000000000000000000000000000000000000000000000000000000000000000000000000000000000000000000000000000000000000000000000000000000000000000000000000000000000000000000000000000000000000000000000000000000000000000000000000000000000000000000000000000000000000000000000000000000000000000000000000000000000000000000000000000000000000000000000000000000000000000000000000000000000000000000000000000000000000000000000000000000000000000000000000000000000000000000000000000000000000000000000000000000000000000000000000000000000000000000000000000000000000000000000000000000000000000000000000000000000000000000000000000000000000000000000000000000000000000000000000000000000000000000000000000000000000000000000000000000000000000000000000000000000000000000000000000000000000000000000000000000000000000000000000000000000000000000000000000000000000000000000000000000000000000000000000000000000000000000000000000000000000000000000000000000000000000000000000000000000000000000000000000000000000000000000000000000000000000000000000000000000000000000000000000000000000000000000000000000000000000000000000000000000000000000000000000000000000000000000000000000000000000000000000000000000000000000000000000000000000000000000000000000000000000000000000000000000000000000000000000000000000000000000000000000000000000000000000000000000000000000000000000000000000000000000000000000000000000000000000000000000000000000000000000000000000000000000000000000000000000000000000000000000000000000000000000000000000000000000000000000000000000000000000000000000000000000000000000000000000000000000000000000000000000000000000000000000000000000000000000000000000000000000000000000000000000000000000000000000000000000000000000000000000000000000000000000000000000000000000000000000000000000000000000000000000000000000000000000000000000000000000000000000000000000000000000000000000000000000000000000000000000000000000000000000000000000000000000000000000000000000000000000000000000
02-13 14:14:17.734 D/QcNvItemTypes(  510): NvRoamingListType ilength is: 16392
02-13 14:14:17.744 D/QcNvItemTypes(  510): NvRoamingListType nam: 0 prl_version: -4858 size: 16384 valid: true
02-13 14:14:17.744 D/QC_NV_ITEMS(  510): roaming_list size = 16384 
02-13 14:14:17.744 D/QC_NV_ITEMS(  510): prlVersion: 60678
02-13 14:14:17.744 D/QC_NV_ITEMS(  510): QcNvItems instance created.
02-13 14:14:17.744 I/QC_RIL_OEM_HOOK(  510): QcRilOemHook Service Created Successfully
02-13 14:14:17.744 E/QC_NV_ITEMS(  510): ### getMipDataProfile, slot = 1
02-13 14:14:17.744 D/QC_NV_ITEMS(  510): ### doNvRead(465, 1)
02-13 14:14:17.744 D/QC_RIL_OEM_HOOK(  510): sendRilOemHookMsg: itemIdTemp-47
02-13 14:14:17.754 D/QC_NV_ITEMS(  510): Received(465,1): 011f7a7465746573746163636f756e7432323140737072696e747063732e636f6d000000000000000000000000000000000000000000000000000000000000000000000000000000000001d204000001d20400000100000000ffffffff4c591c44
02-13 14:14:17.754 D/QC_NV_ITEMS(  510): 011f7a7465746573746163636f756e7432323140737072696e747063732e636f6d000000000000000000000000000000000000000000000000000000000000000000000000000000000001d204000001d20400000100000000ffffffff4c591c44
02-13 14:14:17.754 E/QmiItemTypes(  510):  index= 1
02-13 14:14:17.754 E/QmiItemTypes(  510):  nai len= 31
02-13 14:14:17.754 E/QmiItemTypes(  510):  nai str= ztetestaccount221@sprintpcs.com
02-13 14:14:17.754 E/QmiItemTypes(  510):  mMnHaSpiSet= true
02-13 14:14:17.754 E/QmiItemTypes(  510):  mMnHaSpi= 1234
02-13 14:14:17.754 E/QmiItemTypes(  510):  mMnAaaSpiSet= true
02-13 14:14:17.754 E/QmiItemTypes(  510):  mMnAaaSpi= 1234
02-13 14:14:17.754 E/QmiItemTypes(  510):  mRvsTnl= true
02-13 14:14:17.754 E/QmiItemTypes(  510):  home_addr= 0.0.0.0
02-13 14:14:17.754 E/QmiItemTypes(  510):  primary_ha_addr= 255.255.255.255
02-13 14:14:17.754 E/QmiItemTypes(  510):  secondary_ha_addr= 68.28.89.76
02-13 14:14:17.764 I/MobileZone_Updater(  510): schedule: interval=86400000, now=1329164057776, last_update_ms=1329160968749, next_run=1329247368749
02-13 14:14:17.764 I/MobileZone_Updater(  510): scheduled the updater for every 1440 mins.
02-13 14:14:17.794 D/VoiceDialerReceiver(  538): onReceive Intent { act=android.intent.action.BOOT_COMPLETED cmp=com.android.voicedialer/.VoiceDialerReceiver }
02-13 14:14:17.804 I/PackageManager(  256): No secure containers on sdcard
02-13 14:14:17.814 D/loc_api_rpc_glue(  256): Loc API RPC client initialized.
02-13 14:14:17.844 D/GpsLocationProvider(  256): getAGpsConnectionInfo connType - 3
02-13 14:14:18.465 D/DATA    (  344): [DSST(0)] pollstate() : reason = data network state changed
02-13 14:14:18.505 D/MobileDataStateTracker(  256): [hipri]  MobileDataStateReceiver onReceive(): Entry.
02-13 14:14:18.505 D/MobileDataStateTracker(  256): [hipri]  intent.getAction()= android.intent.action.SERVICE_STATE
02-13 14:14:18.505 D/MobileDataStateTracker(  256): [hipri]  mEnabled = false
02-13 14:14:18.505 D/MobileDataStateTracker(  256): [dun]  MobileDataStateReceiver onReceive(): Entry.
02-13 14:14:18.505 D/MobileDataStateTracker(  256): [dun]  intent.getAction()= android.intent.action.SERVICE_STATE
02-13 14:14:18.505 D/MobileDataStateTracker(  256): [dun]  mEnabled = false
02-13 14:14:18.505 D/MobileDataStateTracker(  256): [supl]  MobileDataStateReceiver onReceive(): Entry.
02-13 14:14:18.505 D/MobileDataStateTracker(  256): [supl]  intent.getAction()= android.intent.action.SERVICE_STATE
02-13 14:14:18.505 D/MobileDataStateTracker(  256): [supl]  mEnabled = false
02-13 14:14:18.505 D/MobileDataStateTracker(  256): [mms]  MobileDataStateReceiver onReceive(): Entry.
02-13 14:14:18.505 D/MobileDataStateTracker(  256): [mms]  intent.getAction()= android.intent.action.SERVICE_STATE
02-13 14:14:18.505 D/MobileDataStateTracker(  256): [mms]  mEnabled = false
02-13 14:14:18.515 D/MobileDataStateTracker(  256): [default]  MobileDataStateReceiver onReceive(): Entry.
02-13 14:14:18.515 D/MobileDataStateTracker(  256): [default]  intent.getAction()= android.intent.action.SERVICE_STATE
02-13 14:14:18.515 D/MobileDataStateTracker(  256): [default]  mEnabled = true
02-13 14:14:18.515 D/CallManager(  344):  handleMessage (EVENT_SERVICE_STATE_CHANGED)
02-13 14:14:18.515 E/BT HS/HF(  344): SERVICE_STATE_CHANGED called
02-13 14:14:18.515 E/BT HS/HF(  344): updateServiceState called, sendUpdate:false  ServiceState:0 home Sprint  310099  1xRTT CSS not supported 41 4139RoamInd: 1RoamStatus(sprint): 1DefRoamInd: 160EmergOnly: false
02-13 14:14:18.515 E/BT HS/HF(  344): service:1 mService:1
02-13 14:14:18.515 D/DATA    (  344): [DSST(0)]  registrationState = 1  radioTechnology = 6 reasonForDenial = 0
02-13 14:14:18.515 D/DATA    (  344): [DSST(0)]  set mNewDataConnectionState = 0
02-13 14:14:18.515 D/DATA    (  344): [DSST(0)]  mNewDataConnectionState : 0  mDataConnectionState : 0
02-13 14:14:18.515 D/DATA    (  344): [DSST(0)] Poll ServiceState done: oldSS=[0 home null null null  1xRTT CSS not supported -1 -1RoamInd: -1RoamStatus(sprint): -1DefRoamInd: -1EmergOnly: false] newSS=[0 home null null null  1xRTT CSS not supported -1 -1RoamInd: -1RoamStatus(sprint): -1DefRoamInd: -1EmergOnly: false]
02-13 14:14:18.515 D/DATA    (  344): [DSST(0)]  mDataConnectionState = 0
02-13 14:14:18.715 D/Swype   (  548): SwypeDataInitializer.onReceive
02-13 14:14:18.915 I/ActivityThread(  564): Pub com.sprint.installer: com.sprint.w.installer.ContentProvider
02-13 14:14:18.915 I/ActivityThread(  564): Pub com.sprint.w.installer.SuggestProvider: com.sprint.w.installer.SearchSuggestProvider
02-13 14:14:18.975 D/QC_NV_ITEMS(  564): QcNvItems instance created.
02-13 14:14:18.975 I/QC_RIL_OEM_HOOK(  564): QcRilOemHook Service Created Successfully
02-13 14:14:18.975 E/QC_NV_ITEMS(  564): ### getMipDataProfile, slot = 1
02-13 14:14:18.975 D/QC_NV_ITEMS(  564): ### doNvRead(465, 1)
02-13 14:14:18.975 D/QC_RIL_OEM_HOOK(  564): sendRilOemHookMsg: itemIdTemp-47
02-13 14:14:19.045 D/QC_NV_ITEMS(  564): Received(465,1): 011f7a7465746573746163636f756e7432323140737072696e747063732e636f6d000000000000000000000000000000000000000000000000000000000000000000000000000000000001d204000001d20400000100000000ffffffff4c591c44
02-13 14:14:19.045 D/QC_NV_ITEMS(  564): 011f7a7465746573746163636f756e7432323140737072696e747063732e636f6d000000000000000000000000000000000000000000000000000000000000000000000000000000000001d204000001d20400000100000000ffffffff4c591c44
02-13 14:14:19.045 E/QmiItemTypes(  564):  index= 1
02-13 14:14:19.045 E/QmiItemTypes(  564):  nai len= 31
02-13 14:14:19.045 E/QmiItemTypes(  564):  nai str= ztetestaccount221@sprintpcs.com
02-13 14:14:19.045 E/QmiItemTypes(  564):  mMnHaSpiSet= true
02-13 14:14:19.045 E/QmiItemTypes(  564):  mMnHaSpi= 1234
02-13 14:14:19.045 E/QmiItemTypes(  564):  mMnAaaSpiSet= true
02-13 14:14:19.045 E/QmiItemTypes(  564):  mMnAaaSpi= 1234
02-13 14:14:19.045 E/QmiItemTypes(  564):  mRvsTnl= true
02-13 14:14:19.045 E/QmiItemTypes(  564):  home_addr= 0.0.0.0
02-13 14:14:19.045 E/QmiItemTypes(  564):  primary_ha_addr= 255.255.255.255
02-13 14:14:19.045 E/QmiItemTypes(  564):  secondary_ha_addr= 68.28.89.76
02-13 14:14:19.055 W/dalvikvm(  430): Refusing to reopen boot DEX '/system/framework/qcrilhook.jar'
02-13 14:14:19.055 W/dalvikvm(  430): Refusing to reopen boot DEX '/system/framework/qcnvitems.jar'
02-13 14:14:19.055 I/SprintID.Util(  564): skipping the update check since it already ran recently
02-13 14:14:19.085 E/Dun Auto Boot(  430): Dun Auto Boot Started Successfully
02-13 14:14:19.115 I/Dun Service(  430): Dun Service Created Successfully
02-13 14:14:19.125 I/Dun Service(  430): Background Service Started Successfully ...
02-13 14:14:19.145 W/dalvikvm(  571): Refusing to reopen boot DEX '/system/framework/OmaDrmClient.jar'
02-13 14:14:19.155 I/ActivityThread(  571): Pub drm.oma: com.irdeto.providers.drm.OmaDrmProvider
02-13 14:14:19.155 D/OmaDrmReceiver(  571): android.intent.action.BOOT_COMPLETED
02-13 14:14:19.195 W/dalvikvm(  579): Refusing to reopen boot DEX '/system/framework/OmaDrmClient.jar'
02-13 14:14:19.265 I/ActivityThread(  579): Pub com.android.mms.SuggestionsProvider: com.android.mms.SuggestionsProvider
02-13 14:14:19.275 E/MmsCustom(  579): Mms,MmsCustom
02-13 14:14:19.275 E/MmsCustom(  579): Init before calling function of doPreSotred()
02-13 14:14:19.275 E/MmsCustom(  579): mms config have been prestored before
02-13 14:14:19.275 E/MmsConfig(  579): mUaProfUrl=http://device.sprintpcs.com/ZTE/ZTEN850KT/N850V1.0.0B10.rdf
02-13 14:14:19.376 D/Mms     (  579): [12] Conversation get() RECIPIENT==: 1
02-13 14:14:19.376 D/Mms     (  579): [12] Conversation get() DATE==: 1329164002000
02-13 14:14:19.386 I/Mms     (  579): parseMmsAddress number=9137446943, length=10
02-13 14:14:19.396 I/ContactsProvider(  408): query: content://com.android.contacts/data
02-13 14:14:19.396 E/ContactsProvider(  408): 101123 isCallerRegisterNeedSIMProc callerPid:579, acorePid:408
02-13 14:14:19.396 I/ContactsProvider(  408): query isCallerRegistered= true
02-13 14:14:19.396 I/ContactsProvider(  408): query forOnlyOneContactString= 0
02-13 14:14:19.406 D/MmsSystemEventReceiver(  579): Intent received: Intent { act=android.intent.action.BOOT_COMPLETED cmp=com.android.mms/.transaction.MmsSystemEventReceiver }
02-13 14:14:19.406 I/ContactsProvider(  408): query: content://com.android.contacts/contacts/223/photo
02-13 14:14:19.406 E/ContactsProvider(  408): 101123 isCallerRegisterNeedSIMProc callerPid:579, acorePid:408
02-13 14:14:19.406 I/ContactsProvider(  408): query isCallerRegistered= true
02-13 14:14:19.416 I/ContactsProvider(  408): query forOnlyOneContactString= 0
02-13 14:14:19.416 E/MmsSystemEventReceiver(  579): ACTION_BOOT_COMPLETED wakeup at=132916405942630000
02-13 14:14:19.456 D/Mms     (  579): currentRoamingStatus:1
02-13 14:14:19.456 D/Mms     (  579): mAutoSendHandler sendEmptyMessageDelayed
02-13 14:14:19.456 E/HQB     (  579): onReceive  action received android.intent.action.BOOT_COMPLETED
02-13 14:14:19.456 E/HQB     (  579): onReceiveWithPrivilege  action received android.intent.action.BOOT_COMPLETED
02-13 14:14:19.456 D/Mms:app (  579): in getIconResourceId cmasNo =0
02-13 14:14:19.456 D/Mms:app (  579): in getIconResourceId cmasNo = 0, cancel(notificationId)
02-13 14:14:19.546 W/dalvikvm(  594): Refusing to reopen boot DEX '/system/framework/qcrilhook.jar'
02-13 14:14:19.546 W/dalvikvm(  594): Refusing to reopen boot DEX '/system/framework/qcnvitems.jar'
02-13 14:14:19.606 D/QC_NV_ITEMS(  594): QcNvItems instance created.
02-13 14:14:19.616 I/QC_RIL_OEM_HOOK(  594): QcRilOemHook Service Created Successfully
02-13 14:14:19.616 E/HWY     (  594): into Hidden Menu
02-13 14:14:19.616 E/HWY     (  594): reboot now
02-13 14:14:19.656 D/AlarmManager(  256): +++Alarm set:type=0 com.google.android.gsf  Trigger after:391988ms
02-13 14:14:19.666 D/MediaScannerService(  517): start scanning volume internal
02-13 14:14:19.666 E/lights  (  256):   g_haveAmberLed=0
02-13 14:14:19.666 E/lights  (  256):   red=0
02-13 14:14:19.666 E/lights  (  256):   green=255
02-13 14:14:19.666 E/lights  (  256):   blink=1
02-13 14:14:19.696 D/KeyguardViewMediator(  256): setHidden false
02-13 14:14:19.716 D/KeyguardViewMediator(  256): setHidden false
02-13 14:14:19.746 D/Launcher(  364): onSaveInstanceState
02-13 14:14:19.756 D/Launcher(  364): Dissmis Preview for view :null ID:2131230735
02-13 14:14:19.756 D/Launcher(  364): Dissmis Preview for view :null ID:2131230736
02-13 14:14:19.756 D/Launcher(  364): Dissmis Preview for view :null ID:2131230739
02-13 14:14:19.756 D/Launcher(  364): Dissmis Preview for view :null ID:2131230741
02-13 14:14:19.756 D/KeyguardViewMediator(  256): setHidden false
02-13 14:14:19.756 I/hubo    (  256): Activity {com.google.android.gsf/com.google.android.gsf.update.SystemUpdateInstallDialog}
02-13 14:14:19.806 D/Mms:app (  579): in getIconResourceId cmasNo =0
02-13 14:14:19.806 D/Mms:app (  579): in getIconResourceId cmasNo = 0, cancel(notificationId)
02-13 14:14:19.826 E/lights  (  256):   g_haveAmberLed=0
02-13 14:14:19.836 D/KeyguardViewMediator(  256): setHidden false
02-13 14:14:19.836 E/lights  (  256):   red=0
02-13 14:14:19.836 E/lights  (  256):   green=0
02-13 14:14:19.836 E/lights  (  256):   blink=0
02-13 14:14:19.836 D/KeyguardViewMediator(  256): setHidden false
02-13 14:14:19.916 E/lights  (  256):   g_haveAmberLed=0
02-13 14:14:19.916 E/lights  (  256):   red=0
02-13 14:14:19.916 E/lights  (  256):   green=255
02-13 14:14:19.916 E/lights  (  256):   blink=1
02-13 14:14:19.966 D/androidNlpServiceThread(  378): updateState: shouldBeEnabled false shouldBeRunning false
02-13 14:14:19.976 D/KeyguardViewMediator(  256): setHidden false
02-13 14:14:19.976 D/androidNlpServiceThread(  378): updateState: shouldBeEnabled false shouldBeRunning false
02-13 14:14:19.986 D/KeyguardViewMediator(  256): setHidden false
02-13 14:14:19.986 I/hubo    (  256): Activity {com.android.launcher/com.android.launcher2.Launcher}
02-13 14:14:19.996 D/KeyguardViewMediator(  256): setHidden false
02-13 14:14:19.996 D/KeyguardViewMediator(  256): setHidden false
02-13 14:14:20.036 D/Warhol  (  364): A pack appears to be installed -- skipping Installer
02-13 14:14:20.036 D/KeyguardViewMediator(  256): setHidden false
02-13 14:14:20.046 I/ActivityManager(  256): Displayed com.android.launcher/com.android.launcher2.Launcher: +10s955ms
02-13 14:14:20.076 D/androidNlpServiceThread(  378): updateState: shouldBeEnabled false shouldBeRunning false
02-13 14:14:20.106 D/SmsReceiverService(  579): unreadPresidentialCursor.getCount() =0
02-13 14:14:20.116 D/androidNlpServiceThread(  378): updateState: shouldBeEnabled false shouldBeRunning false
02-13 14:14:20.126 D/androidNlpServiceThread(  378): updateState: shouldBeEnabled false shouldBeRunning false
02-13 14:14:20.166 D/androidNlpServiceThread(  378): updateState: shouldBeEnabled false shouldBeRunning false
02-13 14:14:20.337 I/MediaScanner(  517): doScanFile the temppath: /system/media/audio/alarms/Alarm_Beep_01.ogg
02-13 14:14:20.367 I/MediaScanner(  517): doScanFile the temppath: /system/media/audio/alarms/Alarm_Beep_02.ogg
02-13 14:14:20.367 I/MediaScanner(  517): doScanFile the temppath: /system/media/audio/alarms/Alarm_Beep_03.ogg
02-13 14:14:20.377 I/MediaScanner(  517): doScanFile the temppath: /system/media/audio/alarms/Alarm_Buzzer.ogg
02-13 14:14:20.377 I/MediaScanner(  517): doScanFile the temppath: /system/media/audio/alarms/Alarm_Classic.ogg
02-13 14:14:20.377 I/MediaScanner(  517): doScanFile the temppath: /system/media/audio/alarms/Alarm_Rooster_02.ogg
02-13 14:14:20.387 I/MediaScanner(  517): doScanFile the temppath: /system/media/audio/notifications/Beat_Box_Android.ogg
02-13 14:14:20.397 I/MediaScanner(  517): doScanFile the temppath: /system/media/audio/notifications/CaffeineSnake.ogg
02-13 14:14:20.397 I/MediaScanner(  517): doScanFile the temppath: /system/media/audio/notifications/DearDeer.ogg
02-13 14:14:20.397 I/MediaScanner(  517): doScanFile the temppath: /system/media/audio/notifications/DontPanic.ogg
02-13 14:14:20.397 I/MediaScanner(  517): doScanFile the temppath: /system/media/audio/notifications/F1_MissedCall.ogg
02-13 14:14:20.397 I/MediaScanner(  517): doScanFile the temppath: /system/media/audio/notifications/F1_New_MMS.ogg
02-13 14:14:20.397 I/MediaScanner(  517): doScanFile the temppath: /system/media/audio/notifications/F1_New_SMS.ogg
02-13 14:14:20.397 I/MediaScanner(  517): doScanFile the temppath: /system/media/audio/notifications/Heaven.ogg
02-13 14:14:20.397 I/MediaScanner(  517): doScanFile the temppath: /system/media/audio/notifications/Highwire.ogg
02-13 14:14:20.397 I/MediaScanner(  517): doScanFile the temppath: /system/media/audio/notifications/KzurbSonar.ogg
02-13 14:14:20.397 I/MediaScanner(  517): doScanFile the temppath: /system/media/audio/notifications/OnTheHunt.ogg
02-13 14:14:20.397 I/MediaScanner(  517): doScanFile the temppath: /system/media/audio/notifications/TaDa.ogg
02-13 14:14:20.397 I/MediaScanner(  517): doScanFile the temppath: /system/media/audio/notifications/Tinkerbell.ogg
02-13 14:14:20.397 I/MediaScanner(  517): doScanFile the temppath: /system/media/audio/notifications/Voila.ogg
02-13 14:14:20.407 I/MediaScanner(  517): doScanFile the temppath: /system/media/audio/ringtones/BeatPlucker.ogg
02-13 14:14:20.407 I/MediaScanner(  517): doScanFile the temppath: /system/media/audio/ringtones/BentleyDubs.ogg
02-13 14:14:20.407 I/MediaScanner(  517): doScanFile the temppath: /system/media/audio/ringtones/BirdLoop.ogg
02-13 14:14:20.407 I/MediaScanner(  517): doScanFile the temppath: /system/media/audio/ringtones/CaribbeanIce.ogg
02-13 14:14:20.407 I/MediaScanner(  517): doScanFile the temppath: /system/media/audio/ringtones/CrazyDream.ogg
02-13 14:14:20.407 I/MediaScanner(  517): doScanFile the temppath: /system/media/audio/ringtones/CurveBall.ogg
02-13 14:14:20.407 I/MediaScanner(  517): doScanFile the temppath: /system/media/audio/ringtones/DreamTheme.ogg
02-13 14:14:20.407 I/MediaScanner(  517): doScanFile the temppath: /system/media/audio/ringtones/EtherShake.ogg
02-13 14:14:20.407 I/MediaScanner(  517): doScanFile the temppath: /system/media/audio/ringtones/FriendlyGhost.ogg
02-13 14:14:20.407 I/MediaScanner(  517): doScanFile the temppath: /system/media/audio/ringtones/GameOverGuitar.ogg
02-13 14:14:20.497 I/MediaScanner(  517): doScanFile the temppath: /system/media/audio/ringtones/Growl.ogg
02-13 14:14:20.497 I/MediaScanner(  517): doScanFile the temppath: /system/media/audio/ringtones/InsertCoin.ogg
02-13 14:14:20.497 I/MediaScanner(  517): doScanFile the temppath: /system/media/audio/ringtones/LoopyLounge.ogg
02-13 14:14:20.507 I/MediaScanner(  517): doScanFile the temppath: /system/media/audio/ringtones/LoveFlute.ogg
02-13 14:14:20.507 I/MediaScanner(  517): doScanFile the temppath: /system/media/audio/ringtones/MidEvilJaunt.ogg
02-13 14:14:20.507 I/MediaScanner(  517): doScanFile the temppath: /system/media/audio/ringtones/MildlyAlarming.ogg
02-13 14:14:20.507 I/MediaScanner(  517): doScanFile the temppath: /system/media/audio/ringtones/NewPlayer.ogg
02-13 14:14:20.507 I/MediaScanner(  517): doScanFile the temppath: /system/media/audio/ringtones/Noises1.ogg
02-13 14:14:20.507 I/MediaScanner(  517): doScanFile the temppath: /system/media/audio/ringtones/Noises2.ogg
02-13 14:14:20.517 I/MediaScanner(  517): doScanFile the temppath: /system/media/audio/ringtones/Noises3.ogg
02-13 14:14:20.517 I/MediaScanner(  517): doScanFile the temppath: /system/media/audio/ringtones/OrganDub.ogg
02-13 14:14:20.517 I/MediaScanner(  517): doScanFile the temppath: /system/media/audio/ringtones/Ring_Classic_02.ogg
02-13 14:14:20.517 I/MediaScanner(  517): doScanFile the temppath: /system/media/audio/ringtones/Ring_Digital_02.ogg
02-13 14:14:20.517 I/MediaScanner(  517): doScanFile the temppath: /system/media/audio/ringtones/Ring_Synth_02.ogg
02-13 14:14:20.517 I/MediaScanner(  517): doScanFile the temppath: /system/media/audio/ringtones/Ring_Synth_04.ogg
02-13 14:14:20.517 I/MediaScanner(  517): doScanFile the temppath: /system/media/audio/ringtones/RomancingTheTone.ogg
02-13 14:14:20.517 I/MediaScanner(  517): doScanFile the temppath: /system/media/audio/ringtones/SitarVsSitar.ogg
