02-13 14:15:19.464 I/ActivityThread(  811): Pub com.android.mms.SuggestionsProvider: com.android.mms.SuggestionsProvider
02-13 14:15:19.474 E/MmsCustom(  811): Mms,MmsCustom
02-13 14:15:19.474 E/MmsCustom(  811): Init before calling function of doPreSotred()
02-13 14:15:19.474 E/MmsCustom(  811): mms config have been prestored before
02-13 14:15:19.474 E/MmsConfig(  811): mUaProfUrl=http://device.sprintpcs.com/ZTE/ZTEN850KT/N850V1.0.0B10.rdf
02-13 14:15:19.544 D/Mms     (  811): [12] Conversation get() RECIPIENT==: 1
02-13 14:15:19.544 D/Mms     (  811): [12] Conversation get() DATE==: 1329164002000
02-13 14:15:19.554 I/Mms     (  811): parseMmsAddress number=9137446943, length=10
02-13 14:15:19.564 I/ContactsProvider(  408): query: content://com.android.contacts/data
02-13 14:15:19.564 E/ContactsProvider(  408): 101123 isCallerRegisterNeedSIMProc callerPid:811, acorePid:408
02-13 14:15:19.564 I/ContactsProvider(  408): query isCallerRegistered= true
02-13 14:15:19.564 I/ContactsProvider(  408): query forOnlyOneContactString= 0
02-13 14:15:19.574 I/ContactsProvider(  408): query: content://com.android.contacts/contacts/223/photo
02-13 14:15:19.574 E/ContactsProvider(  408): 101123 isCallerRegisterNeedSIMProc callerPid:811, acorePid:408
02-13 14:15:19.574 I/ContactsProvider(  408): query isCallerRegistered= true
02-13 14:15:19.574 I/ContactsProvider(  408): query forOnlyOneContactString= 0
02-13 14:15:19.594 E/TransactionService(  811): onStart: #1: Bundle[mParcelledData.dataSize=88] intent=Intent { act=android.intent.action.ACTION_ONALARM flg=0x4 cmp=com.android.mms/.transaction.TransactionService (has extras) }
02-13 14:15:19.594 E/TransactionService(  811):     networkAvailable=true
02-13 14:15:19.604 E/TransactionService(  811): onStart: cursor.count=0
02-13 14:15:19.604 E/TransactionService(  811): onStart: no pending messages. Stopping service.
02-13 14:15:19.624 D/MmsSystemEventReceiver(  811): unRegisterForConnectionStateChanges
02-13 14:15:19.644 D/Mms     (  811): currentRoamingStatus:1
02-13 14:15:19.644 D/Mms     (  811): mAutoSendHandler sendEmptyMessageDelayed
02-13 14:15:19.644 D/TransactionService(  811): Handle DATA_STATE_CHANGED event: NetworkInfo: type: mobile[CDMA - EvDo rev. A], state: CONNECTED/CONNECTED, reason: radioTechnologyChanged, extra: (none), roaming: false, failover: false, isAvailable: true, isIpv4Connected: true, isIpv6Connected: false, ipv4Name: rmnet0, ipv6Name: null
02-13 14:15:19.644 D/TransactionService(  811):    type is not TYPE_MOBILE_MMS, fail
02-13 14:15:19.644 D/TransactionService(  811): luowenping --------------------CALL_STATE_IDLE
02-13 14:15:19.654 E/TransactionService(  811): lwp enter releaseWakeLock
02-13 14:15:19.734 E/rmt_storage(  154): [MyTag]open: fd=-1
02-13 14:15:19.734 E/rmt_storage(  154): block rmt_storage client thread
02-13 14:15:22.077 D/DATA    (  344): [DSST(0)] pollstate() : reason = data network state changed
02-13 14:15:22.137 D/MobileDataStateTracker(  256): [hipri]  MobileDataStateReceiver onReceive(): Entry.
02-13 14:15:22.137 D/MobileDataStateTracker(  256): [hipri]  intent.getAction()= android.intent.action.SERVICE_STATE
02-13 14:15:22.137 D/MobileDataStateTracker(  256): [hipri]  mEnabled = false
02-13 14:15:22.137 D/MobileDataStateTracker(  256): [dun]  MobileDataStateReceiver onReceive(): Entry.
02-13 14:15:22.137 D/MobileDataStateTracker(  256): [dun]  intent.getAction()= android.intent.action.SERVICE_STATE
02-13 14:15:22.137 D/MobileDataStateTracker(  256): [dun]  mEnabled = false
02-13 14:15:22.137 D/MobileDataStateTracker(  256): [supl]  MobileDataStateReceiver onReceive(): Entry.
02-13 14:15:22.137 D/MobileDataStateTracker(  256): [supl]  intent.getAction()= android.intent.action.SERVICE_STATE
02-13 14:15:22.137 D/MobileDataStateTracker(  256): [supl]  mEnabled = false
02-13 14:15:22.137 D/MobileDataStateTracker(  256): [mms]  MobileDataStateReceiver onReceive(): Entry.
02-13 14:15:22.137 D/MobileDataStateTracker(  256): [mms]  intent.getAction()= android.intent.action.SERVICE_STATE
02-13 14:15:22.137 D/MobileDataStateTracker(  256): [mms]  mEnabled = false
02-13 14:15:22.147 D/MobileDataStateTracker(  256): [default]  MobileDataStateReceiver onReceive(): Entry.
02-13 14:15:22.147 D/MobileDataStateTracker(  256): [default]  intent.getAction()= android.intent.action.SERVICE_STATE
02-13 14:15:22.147 D/MobileDataStateTracker(  256): [default]  mEnabled = true
02-13 14:15:22.147 D/DATA    (  344): [DSST(0)]  registrationState = 1  radioTechnology = 8 reasonForDenial = 0
02-13 14:15:22.147 D/DATA    (  344): [DSST(0)]  set mNewDataConnectionState = 0
02-13 14:15:22.147 D/DATA    (  344): [DSST(0)]  mNewDataConnectionState : 0  mDataConnectionState : 0
02-13 14:15:22.147 D/DATA    (  344): [DSST(0)] Poll ServiceState done: oldSS=[0 home null null null  EvDo rev. A CSS not supported -1 -1RoamInd: -1RoamStatus(sprint): -1DefRoamInd: -1EmergOnly: false] newSS=[0 home null null null  EvDo rev. A CSS not supported -1 -1RoamInd: -1RoamStatus(sprint): -1DefRoamInd: -1EmergOnly: false]
02-13 14:15:22.157 D/DATA    (  344): [DSST(0)]  mDataConnectionState = 0
02-13 14:15:22.157 D/CallManager(  344):  handleMessage (EVENT_SERVICE_STATE_CHANGED)
02-13 14:15:22.157 E/BT HS/HF(  344): SERVICE_STATE_CHANGED called
02-13 14:15:22.157 E/BT HS/HF(  344): updateServiceState called, sendUpdate:false  ServiceState:0 home Sprint  310099  EvDo rev. A CSS not supported 41 4139RoamInd: 1RoamStatus(sprint): 1DefRoamInd: 160EmergOnly: false
02-13 14:15:22.157 E/BT HS/HF(  344): service:1 mService:1
02-13 14:15:22.157 D/Mms     (  811): currentRoamingStatus:1
02-13 14:15:22.988 D/PowerManagerService(  256): acquireWakeLock flags=0x1000001a tag=keyguard
02-13 14:15:22.988 D/PowerManagerService(  256): UnPartial  wakeLock  reactivate ,flags=0x1000001a tag=keyguard
02-13 14:15:23.048 D/KeyguardViewMediator(  256): keyguardDone(true)
02-13 14:15:23.068 D/KeyguardViewMediator(  256): handleKeyguardDone
02-13 14:15:23.068 D/KeyguardViewMediator(  256): handleHide
02-13 14:15:23.068 D/KeyguardViewMediator(  256): adjustUserActivityLocked mShowing: false mHidden: false
02-13 14:15:23.068 D/PowerManagerService(  256): UnPartial  wakeLock  reactivate ,flags=0x1000001a tag=keyguard
02-13 14:15:23.068 D/PowerManagerService(  256): releaseWakeLock flags=0x1000001a tag=keyguard
02-13 14:15:23.078 D/KeyguardViewMediator(  256): setHidden false
02-13 14:15:23.078 D/KeyguardViewMediator(  256): setHidden false
02-13 14:15:23.088 D/KeyguardViewMediator(  256): setHidden false
02-13 14:15:23.108 D/KeyguardViewMediator(  256): setHidden false
02-13 14:15:23.118 D/KeyguardViewMediator(  256): setHidden false
02-13 14:15:23.138 D/KeyguardViewMediator(  256): setHidden false
02-13 14:15:23.158 D/KeyguardViewMediator(  256): setHidden false
02-13 14:15:23.168 D/KeyguardViewMediator(  256): setHidden false
02-13 14:15:23.188 D/KeyguardViewMediator(  256): setHidden false
02-13 14:15:23.198 D/KeyguardViewMediator(  256): setHidden false
02-13 14:15:23.218 D/KeyguardViewMediator(  256): setHidden false
02-13 14:15:23.238 D/KeyguardViewMediator(  256): setHidden false
02-13 14:15:23.248 D/KeyguardViewMediator(  256): setHidden false
02-13 14:15:23.268 D/KeyguardViewMediator(  256): setHidden false
02-13 14:15:23.288 D/KeyguardViewMediator(  256): setHidden false
02-13 14:15:23.298 D/KeyguardViewMediator(  256): setHidden false
02-13 14:15:23.318 D/KeyguardViewMediator(  256): setHidden false
02-13 14:15:23.328 D/KeyguardViewMediator(  256): setHidden false
02-13 14:15:23.348 D/KeyguardViewMediator(  256): setHidden false
02-13 14:15:23.368 D/KeyguardViewMediator(  256): setHidden false
02-13 14:15:23.378 D/KeyguardViewMediator(  256): setHidden false
02-13 14:15:23.398 D/KeyguardViewMediator(  256): setHidden false
02-13 14:15:23.408 D/KeyguardViewMediator(  256): setHidden false
02-13 14:15:23.428 D/KeyguardViewMediator(  256): setHidden false
02-13 14:15:23.448 D/KeyguardViewMediator(  256): setHidden false
02-13 14:15:23.458 D/KeyguardViewMediator(  256): setHidden false
02-13 14:15:23.478 D/KeyguardViewMediator(  256): setHidden false
02-13 14:15:23.488 D/KeyguardViewMediator(  256): setHidden false
02-13 14:15:23.498 D/KeyguardViewMediator(  256): setHidden false
02-13 14:15:23.538 E/lights  (  256):   g_haveAmberLed=0
02-13 14:15:23.538 E/lights  (  256):   red=0
02-13 14:15:23.538 E/lights  (  256):   green=0
02-13 14:15:23.538 E/lights  (  256):   blink=0
02-13 14:15:23.558 D/KeyguardViewMediator(  256): setHidden false
02-13 14:15:23.578 D/KeyguardViewMediator(  256): setHidden false
02-13 14:15:23.638 D/KeyguardViewMediator(  256): setHidden false
02-13 14:15:23.648 D/KeyguardViewMediator(  256): setHidden false
02-13 14:15:23.658 D/KeyguardViewMediator(  256): setHidden false
02-13 14:15:23.668 D/KeyguardViewMediator(  256): setHidden false
02-13 14:15:23.668 D/KeyguardViewMediator(  256): setHidden false
02-13 14:15:23.678 D/KeyguardViewMediator(  256): setHidden false
02-13 14:15:23.678 D/KeyguardViewMediator(  256): setHidden false
02-13 14:15:23.698 D/KeyguardViewMediator(  256): setHidden false
02-13 14:15:23.708 D/KeyguardViewMediator(  256): setHidden false
02-13 14:15:23.718 D/KeyguardViewMediator(  256): setHidden false
02-13 14:15:23.728 D/KeyguardViewMediator(  256): setHidden false
02-13 14:15:23.728 D/KeyguardViewMediator(  256): setHidden false
02-13 14:15:23.748 D/KeyguardViewMediator(  256): setHidden false
02-13 14:15:23.798 D/KeyguardViewMediator(  256): setHidden false
02-13 14:15:23.798 D/KeyguardViewMediator(  256): setHidden false
02-13 14:15:23.808 D/KeyguardViewMediator(  256): setHidden false
02-13 14:15:23.818 D/KeyguardViewMediator(  256): setHidden false
02-13 14:15:23.838 D/KeyguardViewMediator(  256): setHidden false
02-13 14:15:23.848 D/KeyguardViewMediator(  256): setHidden false
02-13 14:15:24.649 D/KeyguardViewMediator(  256): setHidden false
02-13 14:15:24.659 D/KeyguardViewMediator(  256): setHidden false
02-13 14:15:24.659 D/KeyguardViewMediator(  256): setHidden false
02-13 14:15:24.669 D/KeyguardViewMediator(  256): setHidden false
02-13 14:15:24.679 D/KeyguardViewMediator(  256): setHidden false
02-13 14:15:24.679 D/KeyguardViewMediator(  256): setHidden false
02-13 14:15:24.689 D/KeyguardViewMediator(  256): setHidden false
02-13 14:15:24.699 D/KeyguardViewMediator(  256): setHidden false
02-13 14:15:24.699 D/KeyguardViewMediator(  256): setHidden false
02-13 14:15:24.709 D/Mms     (  811): doAutoSend
02-13 14:15:24.709 D/KeyguardViewMediator(  256): setHidden false
02-13 14:15:24.719 D/KeyguardViewMediator(  256): setHidden false
02-13 14:15:24.729 D/KeyguardViewMediator(  256): setHidden false
02-13 14:15:24.739 D/KeyguardViewMediator(  256): setHidden false
02-13 14:15:24.749 D/KeyguardViewMediator(  256): setHidden false
02-13 14:15:24.759 D/KeyguardViewMediator(  256): setHidden false
02-13 14:15:24.769 D/KeyguardViewMediator(  256): setHidden false
02-13 14:15:24.779 D/KeyguardViewMediator(  256): setHidden false
02-13 14:15:24.779 D/KeyguardViewMediator(  256): setHidden false
02-13 14:15:24.799 D/KeyguardViewMediator(  256): setHidden false
02-13 14:15:24.799 D/KeyguardViewMediator(  256): setHidden false
02-13 14:15:24.809 D/KeyguardViewMediator(  256): setHidden false
02-13 14:15:24.819 D/KeyguardViewMediator(  256): setHidden false
02-13 14:15:24.829 D/KeyguardViewMediator(  256): setHidden false
02-13 14:15:24.829 D/KeyguardViewMediator(  256): setHidden false
02-13 14:15:24.849 D/KeyguardViewMediator(  256): setHidden false
02-13 14:15:24.849 D/KeyguardViewMediator(  256): setHidden false
02-13 14:15:24.859 D/KeyguardViewMediator(  256): setHidden false
02-13 14:15:24.869 D/KeyguardViewMediator(  256): setHidden false
02-13 14:15:24.880 D/KeyguardViewMediator(  256): setHidden false
02-13 14:15:24.880 D/KeyguardViewMediator(  256): setHidden false
02-13 14:15:24.890 I/Mms:app (  811): pengzhe updateDownloadFailedNotification getDownloadFailedMessageCount =0
02-13 14:15:27.993 D/KeyguardViewMediator(  256): handleTimeout
02-13 14:15:32.347 D/DATA    (  344): [DSST(0)] pollstate() : reason = data network state changed
02-13 14:15:32.407 D/MobileDataStateTracker(  256): [hipri]  MobileDataStateReceiver onReceive(): Entry.
02-13 14:15:32.407 D/MobileDataStateTracker(  256): [hipri]  intent.getAction()= android.intent.action.SERVICE_STATE
02-13 14:15:32.407 D/MobileDataStateTracker(  256): [hipri]  mEnabled = false
02-13 14:15:32.407 D/MobileDataStateTracker(  256): [dun]  MobileDataStateReceiver onReceive(): Entry.
02-13 14:15:32.407 D/MobileDataStateTracker(  256): [dun]  intent.getAction()= android.intent.action.SERVICE_STATE
02-13 14:15:32.407 D/MobileDataStateTracker(  256): [dun]  mEnabled = false
02-13 14:15:32.417 D/MobileDataStateTracker(  256): [supl]  MobileDataStateReceiver onReceive(): Entry.
02-13 14:15:32.417 D/MobileDataStateTracker(  256): [supl]  intent.getAction()= android.intent.action.SERVICE_STATE
02-13 14:15:32.417 D/MobileDataStateTracker(  256): [supl]  mEnabled = false
02-13 14:15:32.417 D/MobileDataStateTracker(  256): [mms]  MobileDataStateReceiver onReceive(): Entry.
02-13 14:15:32.417 D/MobileDataStateTracker(  256): [mms]  intent.getAction()= android.intent.action.SERVICE_STATE
02-13 14:15:32.417 D/MobileDataStateTracker(  256): [mms]  mEnabled = false
02-13 14:15:32.417 D/MobileDataStateTracker(  256): [default]  MobileDataStateReceiver onReceive(): Entry.
02-13 14:15:32.417 D/MobileDataStateTracker(  256): [default]  intent.getAction()= android.intent.action.SERVICE_STATE
02-13 14:15:32.417 D/MobileDataStateTracker(  256): [default]  mEnabled = true
02-13 14:15:32.417 D/DATA    (  344): [DSST(0)]  registrationState = 1  radioTechnology = 8 reasonForDenial = 0
02-13 14:15:32.417 D/DATA    (  344): [DSST(0)]  set mNewDataConnectionState = 0
02-13 14:15:32.417 D/DATA    (  344): [DSST(0)]  mNewDataConnectionState : 0  mDataConnectionState : 0
02-13 14:15:32.417 D/DATA    (  344): [DSST(0)] Poll ServiceState done: oldSS=[0 home null null null  EvDo rev. A CSS not supported -1 -1RoamInd: -1RoamStatus(sprint): -1DefRoamInd: -1EmergOnly: false] newSS=[0 home null null null  EvDo rev. A CSS not supported -1 -1RoamInd: -1RoamStatus(sprint): -1DefRoamInd: -1EmergOnly: false]
02-13 14:15:32.417 D/DATA    (  344): [DSST(0)]  mDataConnectionState = 0
02-13 14:15:32.417 D/CallManager(  344):  handleMessage (EVENT_SERVICE_STATE_CHANGED)
02-13 14:15:32.417 E/BT HS/HF(  344): SERVICE_STATE_CHANGED called
02-13 14:15:32.417 E/BT HS/HF(  344): updateServiceState called, sendUpdate:false  ServiceState:0 home Sprint  310099  EvDo rev. A CSS not supported 41 4139RoamInd: 1RoamStatus(sprint): 1DefRoamInd: 160EmergOnly: false
02-13 14:15:32.417 E/BT HS/HF(  344): service:1 mService:1
02-13 14:15:32.437 D/Mms     (  811): currentRoamingStatus:1
02-13 14:15:37.422 D/DATA    (  344): [DSST(0)] pollstate() : reason = data network state changed
02-13 14:15:37.462 D/MobileDataStateTracker(  256): [hipri]  MobileDataStateReceiver onReceive(): Entry.
02-13 14:15:37.462 D/MobileDataStateTracker(  256): [hipri]  intent.getAction()= android.intent.action.SERVICE_STATE
02-13 14:15:37.462 D/MobileDataStateTracker(  256): [hipri]  mEnabled = false
02-13 14:15:37.462 D/MobileDataStateTracker(  256): [dun]  MobileDataStateReceiver onReceive(): Entry.
02-13 14:15:37.462 D/MobileDataStateTracker(  256): [dun]  intent.getAction()= android.intent.action.SERVICE_STATE
02-13 14:15:37.462 D/MobileDataStateTracker(  256): [dun]  mEnabled = false
02-13 14:15:37.462 D/MobileDataStateTracker(  256): [supl]  MobileDataStateReceiver onReceive(): Entry.
02-13 14:15:37.462 D/MobileDataStateTracker(  256): [supl]  intent.getAction()= android.intent.action.SERVICE_STATE
02-13 14:15:37.472 D/MobileDataStateTracker(  256): [supl]  mEnabled = false
02-13 14:15:37.472 D/MobileDataStateTracker(  256): [mms]  MobileDataStateReceiver onReceive(): Entry.
02-13 14:15:37.472 D/MobileDataStateTracker(  256): [mms]  intent.getAction()= android.intent.action.SERVICE_STATE
02-13 14:15:37.472 D/MobileDataStateTracker(  256): [mms]  mEnabled = false
02-13 14:15:37.472 D/MobileDataStateTracker(  256): [default]  MobileDataStateReceiver onReceive(): Entry.
02-13 14:15:37.472 D/MobileDataStateTracker(  256): [default]  intent.getAction()= android.intent.action.SERVICE_STATE
02-13 14:15:37.472 D/MobileDataStateTracker(  256): [default]  mEnabled = true
02-13 14:15:37.482 D/CallManager(  344):  handleMessage (EVENT_SERVICE_STATE_CHANGED)
02-13 14:15:37.482 E/BT HS/HF(  344): SERVICE_STATE_CHANGED called
02-13 14:15:37.482 E/BT HS/HF(  344): updateServiceState called, sendUpdate:false  ServiceState:0 home Sprint  310099  EvDo rev. A CSS not supported 41 4139RoamInd: 1RoamStatus(sprint): 1DefRoamInd: 160EmergOnly: false
02-13 14:15:37.482 E/BT HS/HF(  344): service:1 mService:1
02-13 14:15:37.482 D/DATA    (  344): [DSST(0)]  registrationState = 1  radioTechnology = 8 reasonForDenial = 0
02-13 14:15:37.482 D/DATA    (  344): [DSST(0)]  set mNewDataConnectionState = 0
02-13 14:15:37.482 D/DATA    (  344): [DSST(0)]  mNewDataConnectionState : 0  mDataConnectionState : 0
02-13 14:15:37.482 D/DATA    (  344): [DSST(0)] Poll ServiceState done: oldSS=[0 home null null null  EvDo rev. A CSS not supported -1 -1RoamInd: -1RoamStatus(sprint): -1DefRoamInd: -1EmergOnly: false] newSS=[0 home null null null  EvDo rev. A CSS not supported -1 -1RoamInd: -1RoamStatus(sprint): -1DefRoamInd: -1EmergOnly: false]
02-13 14:15:37.502 D/DATA    (  344): [DSST(0)]  mDataConnectionState = 0
02-13 14:15:37.532 D/Mms     (  811): currentRoamingStatus:1
02-13 14:15:39.704 I/DATA    (  344): [DCT(0) ] onDataCallListChanged:
02-13 14:15:39.704 I/DATA    (  344): [DCT(0) ] ---dc state list---
02-13 14:15:39.704 I/DATA    (  344): [DCT(0) ] DataCallState: { cid: 0, active: 2, type: , apn: , address: 174.156.234.163 }
02-13 14:15:39.704 I/DATA    (  344): [DCT(0) ] ---dc list---
02-13 14:15:39.704 I/DATA    (  344): [DCT(0) ] cid = 0, state = DcActiveState, bearerType = IP, ipaddress = 174.156.234.163, gw=174.156.234.161, dns=[68.28.67.132, 68.28.68.132]
02-13 14:15:41.386 I/dun_service(  124): The value returned from dun_getusbmodemstate_fromsys is 2 
02-13 14:15:41.406 D/KeyguardUpdateMonitor(  256): received broadcast android.intent.action.BATTERY_CHANGED
02-13 14:15:41.406 D/KeyguardUpdateMonitor(  256): handleBatteryUpdate
02-13 14:15:42.697 D/DATA    (  344): [DSST(0)] pollstate() : reason = data network state changed
02-13 14:15:42.757 D/MobileDataStateTracker(  256): [hipri]  MobileDataStateReceiver onReceive(): Entry.
02-13 14:15:42.757 D/MobileDataStateTracker(  256): [hipri]  intent.getAction()= android.intent.action.SERVICE_STATE
02-13 14:15:42.757 D/MobileDataStateTracker(  256): [hipri]  mEnabled = false
02-13 14:15:42.757 D/MobileDataStateTracker(  256): [dun]  MobileDataStateReceiver onReceive(): Entry.
02-13 14:15:42.757 D/MobileDataStateTracker(  256): [dun]  intent.getAction()= android.intent.action.SERVICE_STATE
02-13 14:15:42.757 D/MobileDataStateTracker(  256): [dun]  mEnabled = false
02-13 14:15:42.757 D/MobileDataStateTracker(  256): [supl]  MobileDataStateReceiver onReceive(): Entry.
02-13 14:15:42.757 D/MobileDataStateTracker(  256): [supl]  intent.getAction()= android.intent.action.SERVICE_STATE
02-13 14:15:42.757 D/MobileDataStateTracker(  256): [supl]  mEnabled = false
02-13 14:15:42.767 D/MobileDataStateTracker(  256): [mms]  MobileDataStateReceiver onReceive(): Entry.
02-13 14:15:42.767 D/MobileDataStateTracker(  256): [mms]  intent.getAction()= android.intent.action.SERVICE_STATE
02-13 14:15:42.767 D/MobileDataStateTracker(  256): [mms]  mEnabled = false
02-13 14:15:42.767 D/MobileDataStateTracker(  256): [default]  MobileDataStateReceiver onReceive(): Entry.
02-13 14:15:42.767 D/MobileDataStateTracker(  256): [default]  intent.getAction()= android.intent.action.SERVICE_STATE
02-13 14:15:42.767 D/MobileDataStateTracker(  256): [default]  mEnabled = true
02-13 14:15:42.777 D/CallManager(  344):  handleMessage (EVENT_SERVICE_STATE_CHANGED)
02-13 14:15:42.777 E/BT HS/HF(  344): SERVICE_STATE_CHANGED called
02-13 14:15:42.777 E/BT HS/HF(  344): updateServiceState called, sendUpdate:false  ServiceState:0 home Sprint  310099  EvDo rev. A CSS not supported 41 4139RoamInd: 1RoamStatus(sprint): 1DefRoamInd: 160EmergOnly: false
02-13 14:15:42.777 E/BT HS/HF(  344): service:1 mService:1
02-13 14:15:42.787 D/DATA    (  344): [DSST(0)]  registrationState = 1  radioTechnology = 8 reasonForDenial = 0
02-13 14:15:42.787 D/DATA    (  344): [DSST(0)]  set mNewDataConnectionState = 0
02-13 14:15:42.787 D/DATA    (  344): [DSST(0)]  mNewDataConnectionState : 0  mDataConnectionState : 0
02-13 14:15:42.787 D/DATA    (  344): [DSST(0)] Poll ServiceState done: oldSS=[0 home null null null  EvDo rev. A CSS not supported -1 -1RoamInd: -1RoamStatus(sprint): -1DefRoamInd: -1EmergOnly: false] newSS=[0 home null null null  EvDo rev. A CSS not supported -1 -1RoamInd: -1RoamStatus(sprint): -1DefRoamInd: -1EmergOnly: false]
02-13 14:15:42.787 D/DATA    (  344): [DSST(0)]  mDataConnectionState = 0
02-13 14:15:42.797 D/Mms     (  811): currentRoamingStatus:1
02-13 14:15:44.679 D/DATA    (  344): [DSST(0)] pollstate() : reason = data network state changed
02-13 14:15:44.729 D/MobileDataStateTracker(  256): [hipri]  MobileDataStateReceiver onReceive(): Entry.
02-13 14:15:44.729 D/MobileDataStateTracker(  256): [hipri]  intent.getAction()= android.intent.action.SERVICE_STATE
02-13 14:15:44.729 D/MobileDataStateTracker(  256): [hipri]  mEnabled = false
02-13 14:15:44.729 D/MobileDataStateTracker(  256): [dun]  MobileDataStateReceiver onReceive(): Entry.
02-13 14:15:44.729 D/MobileDataStateTracker(  256): [dun]  intent.getAction()= android.intent.action.SERVICE_STATE
02-13 14:15:44.729 D/MobileDataStateTracker(  256): [dun]  mEnabled = false
02-13 14:15:44.729 D/MobileDataStateTracker(  256): [supl]  MobileDataStateReceiver onReceive(): Entry.
02-13 14:15:44.729 D/MobileDataStateTracker(  256): [supl]  intent.getAction()= android.intent.action.SERVICE_STATE
02-13 14:15:44.729 D/MobileDataStateTracker(  256): [supl]  mEnabled = false
02-13 14:15:44.739 D/MobileDataStateTracker(  256): [mms]  MobileDataStateReceiver onReceive(): Entry.
02-13 14:15:44.739 D/MobileDataStateTracker(  256): [mms]  intent.getAction()= android.intent.action.SERVICE_STATE
02-13 14:15:44.739 D/MobileDataStateTracker(  256): [mms]  mEnabled = false
02-13 14:15:44.739 D/MobileDataStateTracker(  256): [default]  MobileDataStateReceiver onReceive(): Entry.
02-13 14:15:44.739 D/MobileDataStateTracker(  256): [default]  intent.getAction()= android.intent.action.SERVICE_STATE
02-13 14:15:44.739 D/MobileDataStateTracker(  256): [default]  mEnabled = true
02-13 14:15:44.749 D/CallManager(  344):  handleMessage (EVENT_SERVICE_STATE_CHANGED)
02-13 14:15:44.749 E/BT HS/HF(  344): SERVICE_STATE_CHANGED called
02-13 14:15:44.749 E/BT HS/HF(  344): updateServiceState called, sendUpdate:false  ServiceState:0 home Sprint  310099  EvDo rev. A CSS not supported 41 4139RoamInd: 1RoamStatus(sprint): 1DefRoamInd: 160EmergOnly: false
02-13 14:15:44.749 E/BT HS/HF(  344): service:1 mService:1
02-13 14:15:44.749 D/DATA    (  344): [DSST(0)]  registrationState = 1  radioTechnology = 8 reasonForDenial = 0
02-13 14:15:44.759 D/DATA    (  344): [DSST(0)]  set mNewDataConnectionState = 0
02-13 14:15:44.759 D/DATA    (  344): [DSST(0)]  mNewDataConnectionState : 0  mDataConnectionState : 0
02-13 14:15:44.759 D/DATA    (  344): [DSST(0)] Poll ServiceState done: oldSS=[0 home null null null  EvDo rev. A CSS not supported -1 -1RoamInd: -1RoamStatus(sprint): -1DefRoamInd: -1EmergOnly: false] newSS=[0 home null null null  EvDo rev. A CSS not supported -1 -1RoamInd: -1RoamStatus(sprint): -1DefRoamInd: -1EmergOnly: false]
02-13 14:15:44.759 D/DATA    (  344): [DSST(0)]  mDataConnectionState = 0
02-13 14:15:44.759 D/Mms     (  811): currentRoamingStatus:1
02-13 14:15:47.712 D/DATA    (  344): [DSST(0)] pollstate() : reason = data network state changed
02-13 14:15:47.772 D/CallManager(  344):  handleMessage (EVENT_SERVICE_STATE_CHANGED)
02-13 14:15:47.772 E/BT HS/HF(  344): SERVICE_STATE_CHANGED called
02-13 14:15:47.772 E/BT HS/HF(  344): updateServiceState called, sendUpdate:false  ServiceState:0 home Sprint  310099  EvDo rev. A CSS not supported 41 4139RoamInd: 1RoamStatus(sprint): 1DefRoamInd: 160EmergOnly: false
02-13 14:15:47.772 E/BT HS/HF(  344): service:1 mService:1
02-13 14:15:47.772 D/DATA    (  344): [DSST(0)]  registrationState = 1  radioTechnology = 8 reasonForDenial = 0
02-13 14:15:47.772 D/DATA    (  344): [DSST(0)]  set mNewDataConnectionState = 0
02-13 14:15:47.772 D/DATA    (  344): [DSST(0)]  mNewDataConnectionState : 0  mDataConnectionState : 0
02-13 14:15:47.772 D/DATA    (  344): [DSST(0)] Poll ServiceState done: oldSS=[0 home null null null  EvDo rev. A CSS not supported -1 -1RoamInd: -1RoamStatus(sprint): -1DefRoamInd: -1EmergOnly: false] newSS=[0 home null null null  EvDo rev. A CSS not supported -1 -1RoamInd: -1RoamStatus(sprint): -1DefRoamInd: -1EmergOnly: false]
02-13 14:15:47.772 D/DATA    (  344): [DSST(0)]  mDataConnectionState = 0
02-13 14:15:47.782 D/MobileDataStateTracker(  256): [hipri]  MobileDataStateReceiver onReceive(): Entry.
02-13 14:15:47.782 D/MobileDataStateTracker(  256): [hipri]  intent.getAction()= android.intent.action.SERVICE_STATE
02-13 14:15:47.782 D/MobileDataStateTracker(  256): [hipri]  mEnabled = false
02-13 14:15:47.782 D/MobileDataStateTracker(  256): [dun]  MobileDataStateReceiver onReceive(): Entry.
02-13 14:15:47.782 D/MobileDataStateTracker(  256): [dun]  intent.getAction()= android.intent.action.SERVICE_STATE
02-13 14:15:47.782 D/MobileDataStateTracker(  256): [dun]  mEnabled = false
02-13 14:15:47.782 D/MobileDataStateTracker(  256): [supl]  MobileDataStateReceiver onReceive(): Entry.
02-13 14:15:47.782 D/MobileDataStateTracker(  256): [supl]  intent.getAction()= android.intent.action.SERVICE_STATE
02-13 14:15:47.782 D/MobileDataStateTracker(  256): [supl]  mEnabled = false
02-13 14:15:47.782 D/MobileDataStateTracker(  256): [mms]  MobileDataStateReceiver onReceive(): Entry.
02-13 14:15:47.782 D/MobileDataStateTracker(  256): [mms]  intent.getAction()= android.intent.action.SERVICE_STATE
02-13 14:15:47.792 D/MobileDataStateTracker(  256): [mms]  mEnabled = false
02-13 14:15:47.792 D/MobileDataStateTracker(  256): [default]  MobileDataStateReceiver onReceive(): Entry.
02-13 14:15:47.792 D/MobileDataStateTracker(  256): [default]  intent.getAction()= android.intent.action.SERVICE_STATE
02-13 14:15:47.792 D/MobileDataStateTracker(  256): [default]  mEnabled = true
02-13 14:15:47.802 D/Mms     (  811): currentRoamingStatus:1
02-13 14:15:50.855 I/DATA    (  344): [DCT(0) ] onDataCallListChanged:
02-13 14:15:50.855 I/DATA    (  344): [DCT(0) ] ---dc state list---
02-13 14:15:50.855 I/DATA    (  344): [DCT(0) ] DataCallState: { cid: 0, active: 1, type: , apn: , address: 174.156.234.163 }
02-13 14:15:50.855 I/DATA    (  344): [DCT(0) ] ---dc list---
02-13 14:15:50.855 I/DATA    (  344): [DCT(0) ] cid = 0, state = DcActiveState, bearerType = IP, ipaddress = 174.156.234.163, gw=174.156.234.161, dns=[68.28.67.132, 68.28.68.132]
02-13 14:15:52.767 D/DATA    (  344): [DSST(0)] pollstate() : reason = data network state changed
02-13 14:15:52.837 D/MobileDataStateTracker(  256): [hipri]  MobileDataStateReceiver onReceive(): Entry.
02-13 14:15:52.837 D/MobileDataStateTracker(  256): [hipri]  intent.getAction()= android.intent.action.SERVICE_STATE
02-13 14:15:52.837 D/MobileDataStateTracker(  256): [hipri]  mEnabled = false
02-13 14:15:52.837 D/MobileDataStateTracker(  256): [dun]  MobileDataStateReceiver onReceive(): Entry.
02-13 14:15:52.837 D/MobileDataStateTracker(  256): [dun]  intent.getAction()= android.intent.action.SERVICE_STATE
02-13 14:15:52.837 D/MobileDataStateTracker(  256): [dun]  mEnabled = false
02-13 14:15:52.837 D/MobileDataStateTracker(  256): [supl]  MobileDataStateReceiver onReceive(): Entry.
02-13 14:15:52.837 D/MobileDataStateTracker(  256): [supl]  intent.getAction()= android.intent.action.SERVICE_STATE
02-13 14:15:52.837 D/MobileDataStateTracker(  256): [supl]  mEnabled = false
02-13 14:15:52.847 D/MobileDataStateTracker(  256): [mms]  MobileDataStateReceiver onReceive(): Entry.
02-13 14:15:52.847 D/MobileDataStateTracker(  256): [mms]  intent.getAction()= android.intent.action.SERVICE_STATE
02-13 14:15:52.847 D/MobileDataStateTracker(  256): [mms]  mEnabled = false
02-13 14:15:52.847 D/MobileDataStateTracker(  256): [default]  MobileDataStateReceiver onReceive(): Entry.
02-13 14:15:52.847 D/MobileDataStateTracker(  256): [default]  intent.getAction()= android.intent.action.SERVICE_STATE
02-13 14:15:52.847 D/MobileDataStateTracker(  256): [default]  mEnabled = true
02-13 14:15:52.847 D/CallManager(  344):  handleMessage (EVENT_SERVICE_STATE_CHANGED)
02-13 14:15:52.847 E/BT HS/HF(  344): SERVICE_STATE_CHANGED called
02-13 14:15:52.847 E/BT HS/HF(  344): updateServiceState called, sendUpdate:false  ServiceState:0 home Sprint  310099  EvDo rev. A CSS not supported 41 4139RoamInd: 1RoamStatus(sprint): 1DefRoamInd: 160EmergOnly: false
02-13 14:15:52.847 E/BT HS/HF(  344): service:1 mService:1
02-13 14:15:52.847 D/DATA    (  344): [DSST(0)]  registrationState = 1  radioTechnology = 8 reasonForDenial = 0
02-13 14:15:52.847 D/DATA    (  344): [DSST(0)]  set mNewDataConnectionState = 0
02-13 14:15:52.847 D/DATA    (  344): [DSST(0)]  mNewDataConnectionState : 0  mDataConnectionState : 0
02-13 14:15:52.847 D/DATA    (  344): [DSST(0)] Poll ServiceState done: oldSS=[0 home null null null  EvDo rev. A CSS not supported -1 -1RoamInd: -1RoamStatus(sprint): -1DefRoamInd: -1EmergOnly: false] newSS=[0 home null null null  EvDo rev. A CSS not supported -1 -1RoamInd: -1RoamStatus(sprint): -1DefRoamInd: -1EmergOnly: false]
02-13 14:15:52.847 D/DATA    (  344): [DSST(0)]  mDataConnectionState = 0
02-13 14:15:52.867 D/Mms     (  811): currentRoamingStatus:1
02-13 14:15:57.381 I/dun_service(  124): The value returned from dun_getusbmodemstate_fromsys is 2 
02-13 14:15:57.401 D/KeyguardUpdateMonitor(  256): received broadcast android.intent.action.BATTERY_CHANGED
02-13 14:15:57.421 D/KeyguardUpdateMonitor(  256): handleBatteryUpdate
02-13 14:15:57.932 D/DATA    (  344): [DSST(0)] pollstate() : reason = data network state changed
02-13 14:15:57.982 D/MobileDataStateTracker(  256): [hipri]  MobileDataStateReceiver onReceive(): Entry.
02-13 14:15:57.982 D/MobileDataStateTracker(  256): [hipri]  intent.getAction()= android.intent.action.SERVICE_STATE
02-13 14:15:57.982 D/MobileDataStateTracker(  256): [hipri]  mEnabled = false
02-13 14:15:57.982 D/MobileDataStateTracker(  256): [dun]  MobileDataStateReceiver onReceive(): Entry.
02-13 14:15:57.982 D/MobileDataStateTracker(  256): [dun]  intent.getAction()= android.intent.action.SERVICE_STATE
02-13 14:15:57.982 D/MobileDataStateTracker(  256): [dun]  mEnabled = false
02-13 14:15:57.982 D/MobileDataStateTracker(  256): [supl]  MobileDataStateReceiver onReceive(): Entry.
02-13 14:15:57.982 D/MobileDataStateTracker(  256): [supl]  intent.getAction()= android.intent.action.SERVICE_STATE
02-13 14:15:57.982 D/MobileDataStateTracker(  256): [supl]  mEnabled = false
02-13 14:15:57.992 D/MobileDataStateTracker(  256): [mms]  MobileDataStateReceiver onReceive(): Entry.
02-13 14:15:57.992 D/MobileDataStateTracker(  256): [mms]  intent.getAction()= android.intent.action.SERVICE_STATE
02-13 14:15:57.992 D/MobileDataStateTracker(  256): [mms]  mEnabled = false
02-13 14:15:57.992 D/MobileDataStateTracker(  256): [default]  MobileDataStateReceiver onReceive(): Entry.
02-13 14:15:57.992 D/MobileDataStateTracker(  256): [default]  intent.getAction()= android.intent.action.SERVICE_STATE
02-13 14:15:57.992 D/MobileDataStateTracker(  256): [default]  mEnabled = true
02-13 14:15:57.992 D/CallManager(  344):  handleMessage (EVENT_SERVICE_STATE_CHANGED)
02-13 14:15:57.992 E/BT HS/HF(  344): SERVICE_STATE_CHANGED called
02-13 14:15:57.992 E/BT HS/HF(  344): updateServiceState called, sendUpdate:false  ServiceState:0 home Sprint  310099  EvDo rev. A CSS not supported 41 4139RoamInd: 1RoamStatus(sprint): 1DefRoamInd: 160EmergOnly: false
02-13 14:15:57.992 E/BT HS/HF(  344): service:1 mService:1
02-13 14:15:58.002 D/DATA    (  344): [DSST(0)]  registrationState = 1  radioTechnology = 8 reasonForDenial = 0
02-13 14:15:58.002 D/DATA    (  344): [DSST(0)]  set mNewDataConnectionState = 0
02-13 14:15:58.002 D/DATA    (  344): [DSST(0)]  mNewDataConnectionState : 0  mDataConnectionState : 0
02-13 14:15:58.002 D/DATA    (  344): [DSST(0)] Poll ServiceState done: oldSS=[0 home null null null  EvDo rev. A CSS not supported -1 -1RoamInd: -1RoamStatus(sprint): -1DefRoamInd: -1EmergOnly: false] newSS=[0 home null null null  EvDo rev. A CSS not supported -1 -1RoamInd: -1RoamStatus(sprint): -1DefRoamInd: -1EmergOnly: false]
02-13 14:15:58.002 D/DATA    (  344): [DSST(0)]  mDataConnectionState = 0
02-13 14:15:58.012 D/Mms     (  811): currentRoamingStatus:1
02-13 14:16:00.014 D/KeyguardUpdateMonitor(  256): received broadcast android.intent.action.TIME_TICK
02-13 14:16:00.014 D/KeyguardUpdateMonitor(  256): handleTimeUpdate
02-13 14:16:03.007 D/DATA    (  344): [DSST(0)] pollstate() : reason = data network state changed
02-13 14:16:03.047 D/MobileDataStateTracker(  256): [hipri]  MobileDataStateReceiver onReceive(): Entry.
02-13 14:16:03.047 D/MobileDataStateTracker(  256): [hipri]  intent.getAction()= android.intent.action.SERVICE_STATE
02-13 14:16:03.047 D/MobileDataStateTracker(  256): [hipri]  mEnabled = false
02-13 14:16:03.057 D/MobileDataStateTracker(  256): [dun]  MobileDataStateReceiver onReceive(): Entry.
02-13 14:16:03.057 D/MobileDataStateTracker(  256): [dun]  intent.getAction()= android.intent.action.SERVICE_STATE
02-13 14:16:03.057 D/MobileDataStateTracker(  256): [dun]  mEnabled = false
02-13 14:16:03.057 D/MobileDataStateTracker(  256): [supl]  MobileDataStateReceiver onReceive(): Entry.
02-13 14:16:03.057 D/MobileDataStateTracker(  256): [supl]  intent.getAction()= android.intent.action.SERVICE_STATE
02-13 14:16:03.057 D/MobileDataStateTracker(  256): [supl]  mEnabled = false
02-13 14:16:03.057 D/MobileDataStateTracker(  256): [mms]  MobileDataStateReceiver onReceive(): Entry.
02-13 14:16:03.057 D/MobileDataStateTracker(  256): [mms]  intent.getAction()= android.intent.action.SERVICE_STATE
02-13 14:16:03.057 D/MobileDataStateTracker(  256): [mms]  mEnabled = false
02-13 14:16:03.067 D/MobileDataStateTracker(  256): [default]  MobileDataStateReceiver onReceive(): Entry.
02-13 14:16:03.067 D/MobileDataStateTracker(  256): [default]  intent.getAction()= android.intent.action.SERVICE_STATE
02-13 14:16:03.067 D/MobileDataStateTracker(  256): [default]  mEnabled = true
02-13 14:16:03.067 D/CallManager(  344):  handleMessage (EVENT_SERVICE_STATE_CHANGED)
02-13 14:16:03.067 E/BT HS/HF(  344): SERVICE_STATE_CHANGED called
02-13 14:16:03.067 E/BT HS/HF(  344): updateServiceState called, sendUpdate:false  ServiceState:0 home Sprint  310099  EvDo rev. A CSS not supported 41 4139RoamInd: 1RoamStatus(sprint): 1DefRoamInd: 160EmergOnly: false
02-13 14:16:03.067 E/BT HS/HF(  344): service:1 mService:1
02-13 14:16:03.067 D/DATA    (  344): [DSST(0)]  registrationState = 1  radioTechnology = 8 reasonForDenial = 0
02-13 14:16:03.067 D/DATA    (  344): [DSST(0)]  set mNewDataConnectionState = 0
02-13 14:16:03.067 D/DATA    (  344): [DSST(0)]  mNewDataConnectionState : 0  mDataConnectionState : 0
02-13 14:16:03.067 D/DATA    (  344): [DSST(0)] Poll ServiceState done: oldSS=[0 home null null null  EvDo rev. A CSS not supported -1 -1RoamInd: -1RoamStatus(sprint): -1DefRoamInd: -1EmergOnly: false] newSS=[0 home null null null  EvDo rev. A CSS not supported -1 -1RoamInd: -1RoamStatus(sprint): -1DefRoamInd: -1EmergOnly: false]
02-13 14:16:03.067 D/DATA    (  344): [DSST(0)]  mDataConnectionState = 0
02-13 14:16:03.087 D/Mms     (  811): currentRoamingStatus:1
02-13 14:16:08.242 D/DATA    (  344): [DSST(0)] pollstate() : reason = data network state changed
02-13 14:16:08.302 D/MobileDataStateTracker(  256): [hipri]  MobileDataStateReceiver onReceive(): Entry.
02-13 14:16:08.302 D/MobileDataStateTracker(  256): [hipri]  intent.getAction()= android.intent.action.SERVICE_STATE
02-13 14:16:08.302 D/MobileDataStateTracker(  256): [hipri]  mEnabled = false
02-13 14:16:08.302 D/MobileDataStateTracker(  256): [dun]  MobileDataStateReceiver onReceive(): Entry.
02-13 14:16:08.302 D/MobileDataStateTracker(  256): [dun]  intent.getAction()= android.intent.action.SERVICE_STATE
02-13 14:16:08.302 D/MobileDataStateTracker(  256): [dun]  mEnabled = false
02-13 14:16:08.302 D/MobileDataStateTracker(  256): [supl]  MobileDataStateReceiver onReceive(): Entry.
02-13 14:16:08.302 D/MobileDataStateTracker(  256): [supl]  intent.getAction()= android.intent.action.SERVICE_STATE
02-13 14:16:08.302 D/MobileDataStateTracker(  256): [supl]  mEnabled = false
02-13 14:16:08.302 D/MobileDataStateTracker(  256): [mms]  MobileDataStateReceiver onReceive(): Entry.
02-13 14:16:08.302 D/MobileDataStateTracker(  256): [mms]  intent.getAction()= android.intent.action.SERVICE_STATE
02-13 14:16:08.302 D/MobileDataStateTracker(  256): [mms]  mEnabled = false
02-13 14:16:08.312 D/MobileDataStateTracker(  256): [default]  MobileDataStateReceiver onReceive(): Entry.
02-13 14:16:08.312 D/MobileDataStateTracker(  256): [default]  intent.getAction()= android.intent.action.SERVICE_STATE
02-13 14:16:08.312 D/MobileDataStateTracker(  256): [default]  mEnabled = true
02-13 14:16:08.322 D/DATA    (  344): [DSST(0)]  registrationState = 1  radioTechnology = 8 reasonForDenial = 0
02-13 14:16:08.322 D/DATA    (  344): [DSST(0)]  set mNewDataConnectionState = 0
02-13 14:16:08.322 D/DATA    (  344): [DSST(0)]  mNewDataConnectionState : 0  mDataConnectionState : 0
02-13 14:16:08.322 D/DATA    (  344): [DSST(0)] Poll ServiceState done: oldSS=[0 home null null null  EvDo rev. A CSS not supported -1 -1RoamInd: -1RoamStatus(sprint): -1DefRoamInd: -1EmergOnly: false] newSS=[0 home null null null  EvDo rev. A CSS not supported -1 -1RoamInd: -1RoamStatus(sprint): -1DefRoamInd: -1EmergOnly: false]
02-13 14:16:08.322 D/DATA    (  344): [DSST(0)]  mDataConnectionState = 0
02-13 14:16:08.322 D/CallManager(  344):  handleMessage (EVENT_SERVICE_STATE_CHANGED)
02-13 14:16:08.322 E/BT HS/HF(  344): SERVICE_STATE_CHANGED called
02-13 14:16:08.322 E/BT HS/HF(  344): updateServiceState called, sendUpdate:false  ServiceState:0 home Sprint  310099  EvDo rev. A CSS not supported 41 4139RoamInd: 1RoamStatus(sprint): 1DefRoamInd: 160EmergOnly: false
02-13 14:16:08.322 E/BT HS/HF(  344): service:1 mService:1
02-13 14:16:08.322 D/Mms     (  811): currentRoamingStatus:1
02-13 14:16:13.247 D/DATA    (  344): [DSST(0)] pollstate() : reason = data network state changed
02-13 14:16:13.297 D/CallManager(  344):  handleMessage (EVENT_SERVICE_STATE_CHANGED)
02-13 14:16:13.297 E/BT HS/HF(  344): SERVICE_STATE_CHANGED called
02-13 14:16:13.297 E/BT HS/HF(  344): updateServiceState called, sendUpdate:false  ServiceState:0 home Sprint  310099  EvDo rev. A CSS not supported 41 4139RoamInd: 1RoamStatus(sprint): 1DefRoamInd: 160EmergOnly: false
02-13 14:16:13.297 E/BT HS/HF(  344): service:1 mService:1
02-13 14:16:13.307 D/DATA    (  344): [DSST(0)]  registrationState = 1  radioTechnology = 8 reasonForDenial = 0
02-13 14:16:13.307 D/DATA    (  344): [DSST(0)]  set mNewDataConnectionState = 0
02-13 14:16:13.307 D/DATA    (  344): [DSST(0)]  mNewDataConnectionState : 0  mDataConnectionState : 0
02-13 14:16:13.307 D/DATA    (  344): [DSST(0)] Poll ServiceState done: oldSS=[0 home null null null  EvDo rev. A CSS not supported -1 -1RoamInd: -1RoamStatus(sprint): -1DefRoamInd: -1EmergOnly: false] newSS=[0 home null null null  EvDo rev. A CSS not supported -1 -1RoamInd: -1RoamStatus(sprint): -1DefRoamInd: -1EmergOnly: false]
02-13 14:16:13.307 D/DATA    (  344): [DSST(0)]  mDataConnectionState = 0
02-13 14:16:13.317 D/MobileDataStateTracker(  256): [hipri]  MobileDataStateReceiver onReceive(): Entry.
02-13 14:16:13.317 D/MobileDataStateTracker(  256): [hipri]  intent.getAction()= android.intent.action.SERVICE_STATE
02-13 14:16:13.317 D/MobileDataStateTracker(  256): [hipri]  mEnabled = false
02-13 14:16:13.317 D/MobileDataStateTracker(  256): [dun]  MobileDataStateReceiver onReceive(): Entry.
02-13 14:16:13.317 D/MobileDataStateTracker(  256): [dun]  intent.getAction()= android.intent.action.SERVICE_STATE
02-13 14:16:13.317 D/MobileDataStateTracker(  256): [dun]  mEnabled = false
02-13 14:16:13.317 D/MobileDataStateTracker(  256): [supl]  MobileDataStateReceiver onReceive(): Entry.
02-13 14:16:13.317 D/MobileDataStateTracker(  256): [supl]  intent.getAction()= android.intent.action.SERVICE_STATE
02-13 14:16:13.317 D/MobileDataStateTracker(  256): [supl]  mEnabled = false
02-13 14:16:13.317 D/MobileDataStateTracker(  256): [mms]  MobileDataStateReceiver onReceive(): Entry.
02-13 14:16:13.317 D/MobileDataStateTracker(  256): [mms]  intent.getAction()= android.intent.action.SERVICE_STATE
02-13 14:16:13.317 D/MobileDataStateTracker(  256): [mms]  mEnabled = false
02-13 14:16:13.317 D/MobileDataStateTracker(  256): [default]  MobileDataStateReceiver onReceive(): Entry.
02-13 14:16:13.317 D/MobileDataStateTracker(  256): [default]  intent.getAction()= android.intent.action.SERVICE_STATE
02-13 14:16:13.327 D/MobileDataStateTracker(  256): [default]  mEnabled = true
02-13 14:16:13.337 D/Mms     (  811): currentRoamingStatus:1
02-13 14:16:18.412 D/DATA    (  344): [DSST(0)] pollstate() : reason = data network state changed
02-13 14:16:18.472 D/MobileDataStateTracker(  256): [hipri]  MobileDataStateReceiver onReceive(): Entry.
02-13 14:16:18.472 D/MobileDataStateTracker(  256): [hipri]  intent.getAction()= android.intent.action.SERVICE_STATE
02-13 14:16:18.472 D/MobileDataStateTracker(  256): [hipri]  mEnabled = false
02-13 14:16:18.482 D/MobileDataStateTracker(  256): [dun]  MobileDataStateReceiver onReceive(): Entry.
02-13 14:16:18.482 D/MobileDataStateTracker(  256): [dun]  intent.getAction()= android.intent.action.SERVICE_STATE
02-13 14:16:18.482 D/MobileDataStateTracker(  256): [dun]  mEnabled = false
02-13 14:16:18.482 D/MobileDataStateTracker(  256): [supl]  MobileDataStateReceiver onReceive(): Entry.
02-13 14:16:18.482 D/MobileDataStateTracker(  256): [supl]  intent.getAction()= android.intent.action.SERVICE_STATE
02-13 14:16:18.482 D/MobileDataStateTracker(  256): [supl]  mEnabled = false
02-13 14:16:18.482 D/MobileDataStateTracker(  256): [mms]  MobileDataStateReceiver onReceive(): Entry.
02-13 14:16:18.482 D/MobileDataStateTracker(  256): [mms]  intent.getAction()= android.intent.action.SERVICE_STATE
02-13 14:16:18.482 D/MobileDataStateTracker(  256): [mms]  mEnabled = false
02-13 14:16:18.482 D/MobileDataStateTracker(  256): [default]  MobileDataStateReceiver onReceive(): Entry.
02-13 14:16:18.482 D/MobileDataStateTracker(  256): [default]  intent.getAction()= android.intent.action.SERVICE_STATE
02-13 14:16:18.482 D/MobileDataStateTracker(  256): [default]  mEnabled = true
02-13 14:16:18.492 D/CallManager(  344):  handleMessage (EVENT_SERVICE_STATE_CHANGED)
02-13 14:16:18.492 E/BT HS/HF(  344): SERVICE_STATE_CHANGED called
02-13 14:16:18.492 E/BT HS/HF(  344): updateServiceState called, sendUpdate:false  ServiceState:0 home Sprint  310099  EvDo rev. A CSS not supported 41 4139RoamInd: 1RoamStatus(sprint): 1DefRoamInd: 160EmergOnly: false
02-13 14:16:18.492 E/BT HS/HF(  344): service:1 mService:1
02-13 14:16:18.492 D/DATA    (  344): [DSST(0)]  registrationState = 1  radioTechnology = 8 reasonForDenial = 0
02-13 14:16:18.492 D/DATA    (  344): [DSST(0)]  set mNewDataConnectionState = 0
02-13 14:16:18.492 D/DATA    (  344): [DSST(0)]  mNewDataConnectionState : 0  mDataConnectionState : 0
02-13 14:16:18.492 D/DATA    (  344): [DSST(0)] Poll ServiceState done: oldSS=[0 home null null null  EvDo rev. A CSS not supported -1 -1RoamInd: -1RoamStatus(sprint): -1DefRoamInd: -1EmergOnly: false] newSS=[0 home null null null  EvDo rev. A CSS not supported -1 -1RoamInd: -1RoamStatus(sprint): -1DefRoamInd: -1EmergOnly: false]
02-13 14:16:18.492 D/DATA    (  344): [DSST(0)]  mDataConnectionState = 0
02-13 14:16:18.512 D/Mms     (  811): currentRoamingStatus:1
02-13 14:16:23.497 D/DATA    (  344): [DSST(0)] pollstate() : reason = data network state changed
02-13 14:16:23.537 D/MobileDataStateTracker(  256): [hipri]  MobileDataStateReceiver onReceive(): Entry.
02-13 14:16:23.537 D/MobileDataStateTracker(  256): [hipri]  intent.getAction()= android.intent.action.SERVICE_STATE
02-13 14:16:23.537 D/MobileDataStateTracker(  256): [hipri]  mEnabled = false
02-13 14:16:23.537 D/MobileDataStateTracker(  256): [dun]  MobileDataStateReceiver onReceive(): Entry.
02-13 14:16:23.537 D/MobileDataStateTracker(  256): [dun]  intent.getAction()= android.intent.action.SERVICE_STATE
02-13 14:16:23.537 D/MobileDataStateTracker(  256): [dun]  mEnabled = false
02-13 14:16:23.537 D/MobileDataStateTracker(  256): [supl]  MobileDataStateReceiver onReceive(): Entry.
02-13 14:16:23.537 D/MobileDataStateTracker(  256): [supl]  intent.getAction()= android.intent.action.SERVICE_STATE
02-13 14:16:23.537 D/MobileDataStateTracker(  256): [supl]  mEnabled = false
02-13 14:16:23.547 D/MobileDataStateTracker(  256): [mms]  MobileDataStateReceiver onReceive(): Entry.
02-13 14:16:23.547 D/MobileDataStateTracker(  256): [mms]  intent.getAction()= android.intent.action.SERVICE_STATE
02-13 14:16:23.547 D/MobileDataStateTracker(  256): [mms]  mEnabled = false
02-13 14:16:23.547 D/MobileDataStateTracker(  256): [default]  MobileDataStateReceiver onReceive(): Entry.
02-13 14:16:23.547 D/MobileDataStateTracker(  256): [default]  intent.getAction()= android.intent.action.SERVICE_STATE
02-13 14:16:23.547 D/MobileDataStateTracker(  256): [default]  mEnabled = true
02-13 14:16:23.547 D/CallManager(  344):  handleMessage (EVENT_SERVICE_STATE_CHANGED)
02-13 14:16:23.547 E/BT HS/HF(  344): SERVICE_STATE_CHANGED called
02-13 14:16:23.547 E/BT HS/HF(  344): updateServiceState called, sendUpdate:false  ServiceState:0 home Sprint  310099  EvDo rev. A CSS not supported 41 4139RoamInd: 1RoamStatus(sprint): 1DefRoamInd: 160EmergOnly: false
02-13 14:16:23.547 E/BT HS/HF(  344): service:1 mService:1
02-13 14:16:23.557 D/DATA    (  344): [DSST(0)]  registrationState = 1  radioTechnology = 8 reasonForDenial = 0
02-13 14:16:23.557 D/DATA    (  344): [DSST(0)]  set mNewDataConnectionState = 0
02-13 14:16:23.557 D/DATA    (  344): [DSST(0)]  mNewDataConnectionState : 0  mDataConnectionState : 0
02-13 14:16:23.557 D/DATA    (  344): [DSST(0)] Poll ServiceState done: oldSS=[0 home null null null  EvDo rev. A CSS not supported -1 -1RoamInd: -1RoamStatus(sprint): -1DefRoamInd: -1EmergOnly: false] newSS=[0 home null null null  EvDo rev. A CSS not supported -1 -1RoamInd: -1RoamStatus(sprint): -1DefRoamInd: -1EmergOnly: false]
02-13 14:16:23.557 D/DATA    (  344): [DSST(0)]  mDataConnectionState = 0
02-13 14:16:23.567 D/Mms     (  811): currentRoamingStatus:1
02-13 14:16:23.797 W/KeyCharacterMap(  364): Can't open keycharmap file
02-13 14:16:23.797 W/KeyCharacterMap(  364): Error loading keycharmap file '/system/usr/keychars/synaptics-rmi4-ts.kcm.bin'. hw.keyboards.262146.devname='synaptics-rmi4-ts'
02-13 14:16:23.797 W/KeyCharacterMap(  364): Using default keymap: /system/usr/keychars/qwerty.kcm.bin
02-13 14:16:23.797 I/vDM     (  467): KeyCode = 4
02-13 14:16:23.797 I/vDM     (  467): Vdmc getInstance
02-13 14:16:23.797 I/vDM     (  467): Vdmc getInstance
02-13 14:16:23.797 D/DMC     (  467): MyCIMMI getInstance
02-13 14:16:23.797 I/vDM     (  467): Vdmc getInstance
02-13 14:16:23.897 I/vDM     (  467): KeyCode = 4
02-13 14:16:23.897 D/Launcher(  364): Dissmis Preview for view :null ID:2131230735
02-13 14:16:23.897 D/Launcher(  364): Dissmis Preview for view :null ID:2131230736
02-13 14:16:23.917 I/vDM     (  467): Vdmc getInstance
02-13 14:16:23.917 I/vDM     (  467): Vdmc getInstance
02-13 14:16:23.917 D/DMC     (  467): MyCIMMI getInstance
02-13 14:16:23.917 I/vDM     (  467): Vdmc getInstance
02-13 14:16:28.652 D/DATA    (  344): [DSST(0)] pollstate() : reason = data network state changed
02-13 14:16:28.722 D/MobileDataStateTracker(  256): [hipri]  MobileDataStateReceiver onReceive(): Entry.
02-13 14:16:28.722 D/MobileDataStateTracker(  256): [hipri]  intent.getAction()= android.intent.action.SERVICE_STATE
02-13 14:16:28.722 D/MobileDataStateTracker(  256): [hipri]  mEnabled = false
02-13 14:16:28.722 D/MobileDataStateTracker(  256): [dun]  MobileDataStateReceiver onReceive(): Entry.
02-13 14:16:28.722 D/MobileDataStateTracker(  256): [dun]  intent.getAction()= android.intent.action.SERVICE_STATE
02-13 14:16:28.722 D/MobileDataStateTracker(  256): [dun]  mEnabled = false
02-13 14:16:28.722 D/MobileDataStateTracker(  256): [supl]  MobileDataStateReceiver onReceive(): Entry.
02-13 14:16:28.722 D/MobileDataStateTracker(  256): [supl]  intent.getAction()= android.intent.action.SERVICE_STATE
02-13 14:16:28.722 D/MobileDataStateTracker(  256): [supl]  mEnabled = false
02-13 14:16:28.732 D/MobileDataStateTracker(  256): [mms]  MobileDataStateReceiver onReceive(): Entry.
02-13 14:16:28.732 D/MobileDataStateTracker(  256): [mms]  intent.getAction()= android.intent.action.SERVICE_STATE
02-13 14:16:28.732 D/MobileDataStateTracker(  256): [mms]  mEnabled = false
02-13 14:16:28.732 D/MobileDataStateTracker(  256): [default]  MobileDataStateReceiver onReceive(): Entry.
02-13 14:16:28.732 D/MobileDataStateTracker(  256): [default]  intent.getAction()= android.intent.action.SERVICE_STATE
02-13 14:16:28.732 D/MobileDataStateTracker(  256): [default]  mEnabled = true
02-13 14:16:28.732 D/CallManager(  344):  handleMessage (EVENT_SERVICE_STATE_CHANGED)
02-13 14:16:28.732 E/BT HS/HF(  344): SERVICE_STATE_CHANGED called
