02-13 14:17:11.083 D/PhoneApp(  344): updateProximitySensorMode: lock already released.
02-13 14:17:11.093 D/KeyguardViewMediator(  256): setHidden false
02-13 14:17:11.093 D/KeyguardViewMediator(  256): setHidden false
02-13 14:17:11.103 D/KeyguardViewMediator(  256): setHidden false
02-13 14:17:11.103 D/KeyguardViewMediator(  256): setHidden false
02-13 14:17:11.113 D/KeyguardViewMediator(  256): setHidden false
02-13 14:17:11.123 E/OverlayLIB(  256): setPosition failed
02-13 14:17:11.123 E/Overlay (  256): int setPositionHandleState(overlay_control_context_t*, overlay_object*, overlay_rect&, int, int, uint32_t, uint32_t):Failed for channel 0
02-13 14:17:11.123 D/KeyguardViewMediator(  256): setHidden false
02-13 14:17:11.123 D/KeyguardViewMediator(  256): setHidden false
02-13 14:17:11.133 D/KeyguardViewMediator(  256): setHidden false
02-13 14:17:11.133 D/KeyguardViewMediator(  256): setHidden false
02-13 14:17:11.133 E/OverlayLIB(  256): setPosition failed
02-13 14:17:11.133 E/Overlay (  256): int setPositionHandleState(overlay_control_context_t*, overlay_object*, overlay_rect&, int, int, uint32_t, uint32_t):Failed for channel 0
02-13 14:17:11.143 D/KeyguardViewMediator(  256): setHidden false
02-13 14:17:11.143 D/KeyguardViewMediator(  256): setHidden false
02-13 14:17:11.153 D/KeyguardViewMediator(  256): setHidden false
02-13 14:17:11.153 E/OverlayLIB(  256): setPosition failed
02-13 14:17:11.153 E/Overlay (  256): int setPositionHandleState(overlay_control_context_t*, overlay_object*, overlay_rect&, int, int, uint32_t, uint32_t):Failed for channel 0
02-13 14:17:11.163 D/KeyguardViewMediator(  256): setHidden false
02-13 14:17:11.163 D/KeyguardViewMediator(  256): setHidden false
02-13 14:17:11.173 D/KeyguardViewMediator(  256): setHidden false
02-13 14:17:11.173 E/OverlayLIB(  256): setPosition failed
02-13 14:17:11.173 E/Overlay (  256): int setPositionHandleState(overlay_control_context_t*, overlay_object*, overlay_rect&, int, int, uint32_t, uint32_t):Failed for channel 0
02-13 14:17:11.173 D/KeyguardViewMediator(  256): setHidden false
02-13 14:17:11.183 D/OmaDrmReceiver(  571): android.intent.action.CONFIGURATION_CHANGED
02-13 14:17:11.193 I/OmaDrmService(  571): Language changed!!!!!!
02-13 14:17:11.193 D/KeyguardViewMediator(  256): setHidden false
02-13 14:17:11.193 D/KeyguardViewMediator(  256): setHidden false
02-13 14:17:11.203 D/KeyguardViewMediator(  256): setHidden false
02-13 14:17:11.213 D/KeyguardViewMediator(  256): setHidden false
02-13 14:17:11.213 D/KeyguardViewMediator(  256): setHidden false
02-13 14:17:12.024 E/MediaPlayer(  845): getCurrentPosition sec = 8909
02-13 14:17:12.024 E/MediaPlayer(  845): getDuration_l mDuration = 828961
02-13 14:17:13.035 E/MediaPlayer(  845): getCurrentPosition sec = 8909
02-13 14:17:13.035 E/MediaPlayer(  845): getDuration_l mDuration = 828961
02-13 14:17:13.195 E/OverlayLIB(  256): setPosition failed
02-13 14:17:13.195 E/Overlay (  256): int setPositionHandleState(overlay_control_context_t*, overlay_object*, overlay_rect&, int, int, uint32_t, uint32_t):Failed for channel 0
02-13 14:17:13.205 D/PhoneApp(  344): updateProximitySensorMode: state = IDLE
02-13 14:17:13.205 D/PhoneApp(  344): updateProximitySensorMode: lock already released.
02-13 14:17:13.215 E/OverlayLIB(  256): setPosition failed
02-13 14:17:13.215 E/Overlay (  256): int setPositionHandleState(overlay_control_context_t*, overlay_object*, overlay_rect&, int, int, uint32_t, uint32_t):Failed for channel 0
02-13 14:17:13.235 D/KeyguardViewMediator(  256): setHidden false
02-13 14:17:13.245 D/KeyguardViewMediator(  256): setHidden false
02-13 14:17:13.255 E/OverlayLIB(  256): setPosition failed
02-13 14:17:13.255 E/Overlay (  256): int setPositionHandleState(overlay_control_context_t*, overlay_object*, overlay_rect&, int, int, uint32_t, uint32_t):Failed for channel 0
02-13 14:17:13.265 D/KeyguardViewMediator(  256): setHidden false
02-13 14:17:13.265 D/KeyguardViewMediator(  256): setHidden false
02-13 14:17:13.265 D/KeyguardViewMediator(  256): setHidden false
02-13 14:17:13.275 D/OmaDrmReceiver(  571): android.intent.action.CONFIGURATION_CHANGED
02-13 14:17:13.275 E/OverlayLIB(  256): setPosition failed
02-13 14:17:13.275 E/Overlay (  256): int setPositionHandleState(overlay_control_context_t*, overlay_object*, overlay_rect&, int, int, uint32_t, uint32_t):Failed for channel 0
02-13 14:17:13.275 D/KeyguardViewMediator(  256): setHidden false
02-13 14:17:13.275 D/KeyguardViewMediator(  256): setHidden false
02-13 14:17:13.295 D/KeyguardViewMediator(  256): setHidden false
02-13 14:17:13.295 D/KeyguardViewMediator(  256): setHidden false
02-13 14:17:13.295 E/OverlayLIB(  256): setPosition failed
02-13 14:17:13.295 E/Overlay (  256): int setPositionHandleState(overlay_control_context_t*, overlay_object*, overlay_rect&, int, int, uint32_t, uint32_t):Failed for channel 0
02-13 14:17:13.305 I/OmaDrmService(  571): Language changed!!!!!!
02-13 14:17:13.305 D/KeyguardViewMediator(  256): setHidden false
02-13 14:17:13.315 D/KeyguardViewMediator(  256): setHidden false
02-13 14:17:13.315 E/OverlayLIB(  256): setPosition failed
02-13 14:17:13.315 E/Overlay (  256): int setPositionHandleState(overlay_control_context_t*, overlay_object*, overlay_rect&, int, int, uint32_t, uint32_t):Failed for channel 0
02-13 14:17:13.315 D/KeyguardViewMediator(  256): setHidden false
02-13 14:17:13.325 D/KeyguardViewMediator(  256): setHidden false
02-13 14:17:13.335 E/OverlayLIB(  256): setPosition failed
02-13 14:17:13.335 E/Overlay (  256): int setPositionHandleState(overlay_control_context_t*, overlay_object*, overlay_rect&, int, int, uint32_t, uint32_t):Failed for channel 0
02-13 14:17:13.335 D/KeyguardViewMediator(  256): setHidden false
02-13 14:17:13.345 D/KeyguardViewMediator(  256): setHidden false
02-13 14:17:13.355 E/OverlayLIB(  256): setPosition failed
02-13 14:17:13.355 E/Overlay (  256): int setPositionHandleState(overlay_control_context_t*, overlay_object*, overlay_rect&, int, int, uint32_t, uint32_t):Failed for channel 0
02-13 14:17:13.365 D/KeyguardViewMediator(  256): setHidden false
02-13 14:17:13.365 D/KeyguardViewMediator(  256): setHidden false
02-13 14:17:13.385 D/KeyguardViewMediator(  256): setHidden false
02-13 14:17:13.385 D/KeyguardViewMediator(  256): setHidden false
02-13 14:17:13.385 D/KeyguardViewMediator(  256): setHidden false
02-13 14:17:13.395 D/KeyguardViewMediator(  256): setHidden false
02-13 14:17:14.046 E/MediaPlayer(  845): getCurrentPosition sec = 8909
02-13 14:17:14.046 E/MediaPlayer(  845): getDuration_l mDuration = 828961
02-13 14:17:15.017 D/AudioHardwareMSM7X30(  116): AudioStreamOutMSM72xx::standby()
02-13 14:17:15.017 D/AudioHardwareMSM7X30(  116): Deroute pcm out stream
02-13 14:17:15.017 D/AudioHardwareMSM7X30(  116): updateDeviceInfo: E rx_device 2 and tx_device 3
02-13 14:17:15.017 D/AudioHardwareMSM7X30(  116): No active voicecall/playback, disabling cur_rx 2
02-13 14:17:15.017 D/AudioHardwareMSM7X30(  116): value of device and enable is 2 0 ALSA dev id:3
02-13 14:17:15.027 D/AudioHardwareMSM7X30(  116): No active voicecall/recording, disabling cur_tx 3
02-13 14:17:15.027 D/AudioHardwareMSM7X30(  116): value of device and enable is 3 0 ALSA dev id:10
02-13 14:17:15.027 E/AudioHardwareMSM7X30(  116): There is no node in the routing table!
02-13 14:17:15.027 D/AudioHardwareMSM7X30(  116): updateDeviceInfo: X cur_rx 2 cur_tx 3
02-13 14:17:15.057 E/MediaPlayer(  845): getCurrentPosition sec = 8909
02-13 14:17:15.057 E/MediaPlayer(  845): getDuration_l mDuration = 828961
02-13 14:17:16.068 E/MediaPlayer(  845): getCurrentPosition sec = 8909
02-13 14:17:16.068 E/MediaPlayer(  845): getDuration_l mDuration = 828961
02-13 14:17:16.188 W/AudioTrack(  116): obtainBuffer() track 0x36f90 disabled, restarting
02-13 14:17:16.188 D/AudioFlinger(  116): start(4098), calling thread 116 session 5
02-13 14:17:16.198 D/AudioHardwareMSM7X30(  116): value of device and enable is 2 1 ALSA dev id:3
02-13 14:17:16.288 D/AudioHardwareMSM7X30(  116): msm_route_stream(PCM_PLAY,5,3,1)
02-13 14:17:16.288 W/AudioFlinger(  116): write blocked for 95 msecs, 1 delayed writes, thread 0x1b7f0
02-13 14:17:17.079 E/MediaPlayer(  845): getCurrentPosition sec = 9877
02-13 14:17:17.079 E/MediaPlayer(  845): getDuration_l mDuration = 828961
02-13 14:17:18.080 E/MediaPlayer(  845): getCurrentPosition sec = 10577
02-13 14:17:18.080 E/MediaPlayer(  845): getDuration_l mDuration = 828961
02-13 14:17:19.091 E/MediaPlayer(  845): getCurrentPosition sec = 11578
02-13 14:17:19.091 E/MediaPlayer(  845): getDuration_l mDuration = 828961
02-13 14:17:20.112 E/MediaPlayer(  845): getCurrentPosition sec = 12546
02-13 14:17:20.112 E/MediaPlayer(  845): getDuration_l mDuration = 828961
02-13 14:17:21.123 E/MediaPlayer(  845): getCurrentPosition sec = 13547
02-13 14:17:21.123 E/MediaPlayer(  845): getDuration_l mDuration = 828961
02-13 14:17:22.134 E/MediaPlayer(  845): getCurrentPosition sec = 14548
02-13 14:17:22.134 E/MediaPlayer(  845): getDuration_l mDuration = 828961
02-13 14:17:23.145 E/MediaPlayer(  845): getCurrentPosition sec = 15582
02-13 14:17:23.145 E/MediaPlayer(  845): getDuration_l mDuration = 828961
02-13 14:17:24.166 E/MediaPlayer(  845): getCurrentPosition sec = 16583
02-13 14:17:24.166 E/MediaPlayer(  845): getDuration_l mDuration = 828961
02-13 14:17:25.177 E/MediaPlayer(  845): getCurrentPosition sec = 17584
02-13 14:17:25.177 E/MediaPlayer(  845): getDuration_l mDuration = 828961
02-13 14:17:26.188 E/MediaPlayer(  845): getCurrentPosition sec = 18585
02-13 14:17:26.188 E/MediaPlayer(  845): getDuration_l mDuration = 828961
02-13 14:17:27.199 E/MediaPlayer(  845): getCurrentPosition sec = 19620
02-13 14:17:27.199 E/MediaPlayer(  845): getDuration_l mDuration = 828961
02-13 14:17:28.200 E/MediaPlayer(  845): getCurrentPosition sec = 20621
02-13 14:17:28.200 E/MediaPlayer(  845): getDuration_l mDuration = 828961
02-13 14:17:29.211 E/MediaPlayer(  845): getCurrentPosition sec = 21622
02-13 14:17:29.211 E/MediaPlayer(  845): getDuration_l mDuration = 828961
02-13 14:17:30.222 E/MediaPlayer(  845): getCurrentPosition sec = 22656
02-13 14:17:30.222 E/MediaPlayer(  845): getDuration_l mDuration = 828961
02-13 14:17:31.223 E/MediaPlayer(  845): getCurrentPosition sec = 23624
02-13 14:17:31.223 E/MediaPlayer(  845): getDuration_l mDuration = 828961
02-13 14:17:32.234 E/MediaPlayer(  845): getCurrentPosition sec = 24625
02-13 14:17:32.234 E/MediaPlayer(  845): getDuration_l mDuration = 828961
02-13 14:17:33.245 E/MediaPlayer(  845): getCurrentPosition sec = 25659
02-13 14:17:33.245 E/MediaPlayer(  845): getDuration_l mDuration = 828961
02-13 14:17:34.256 E/MediaPlayer(  845): getCurrentPosition sec = 26693
02-13 14:17:34.256 E/MediaPlayer(  845): getDuration_l mDuration = 828961
02-13 14:17:35.257 E/MediaPlayer(  845): getCurrentPosition sec = 27694
02-13 14:17:35.257 E/MediaPlayer(  845): getDuration_l mDuration = 828961
02-13 14:17:36.268 E/MediaPlayer(  845): getCurrentPosition sec = 28695
02-13 14:17:36.268 E/MediaPlayer(  845): getDuration_l mDuration = 828961
02-13 14:17:36.618 D/PhoneApp(  344): updateProximitySensorMode: state = IDLE
02-13 14:17:36.618 D/PhoneApp(  344): updateProximitySensorMode: lock already released.
02-13 14:17:36.668 D/KeyguardViewMediator(  256): setHidden false
02-13 14:17:36.668 D/KeyguardViewMediator(  256): setHidden false
02-13 14:17:36.688 D/KeyguardViewMediator(  256): setHidden false
02-13 14:17:36.688 D/KeyguardViewMediator(  256): setHidden false
02-13 14:17:36.698 D/KeyguardViewMediator(  256): setHidden false
02-13 14:17:36.708 D/OmaDrmReceiver(  571): android.intent.action.CONFIGURATION_CHANGED
02-13 14:17:36.708 E/OverlayLIB(  256): setPosition failed
02-13 14:17:36.708 E/Overlay (  256): int setPositionHandleState(overlay_control_context_t*, overlay_object*, overlay_rect&, int, int, uint32_t, uint32_t):Failed for channel 0
02-13 14:17:36.708 D/KeyguardViewMediator(  256): setHidden false
02-13 14:17:36.708 D/KeyguardViewMediator(  256): setHidden false
02-13 14:17:36.718 D/KeyguardViewMediator(  256): setHidden false
02-13 14:17:36.718 D/KeyguardViewMediator(  256): setHidden false
02-13 14:17:36.728 E/OverlayLIB(  256): setPosition failed
02-13 14:17:36.728 E/Overlay (  256): int setPositionHandleState(overlay_control_context_t*, overlay_object*, overlay_rect&, int, int, uint32_t, uint32_t):Failed for channel 0
02-13 14:17:36.728 D/KeyguardViewMediator(  256): setHidden false
02-13 14:17:36.728 I/OmaDrmService(  571): Language changed!!!!!!
02-13 14:17:36.738 D/KeyguardViewMediator(  256): setHidden false
02-13 14:17:36.748 D/KeyguardViewMediator(  256): setHidden false
02-13 14:17:36.748 E/OverlayLIB(  256): setPosition failed
02-13 14:17:36.748 E/Overlay (  256): int setPositionHandleState(overlay_control_context_t*, overlay_object*, overlay_rect&, int, int, uint32_t, uint32_t):Failed for channel 0
02-13 14:17:36.748 D/KeyguardViewMediator(  256): setHidden false
02-13 14:17:36.758 D/KeyguardViewMediator(  256): setHidden false
02-13 14:17:36.758 D/KeyguardViewMediator(  256): setHidden false
02-13 14:17:36.768 D/KeyguardViewMediator(  256): setHidden false
02-13 14:17:36.768 D/KeyguardViewMediator(  256): setHidden false
02-13 14:17:36.778 D/KeyguardViewMediator(  256): setHidden false
02-13 14:17:36.788 D/KeyguardViewMediator(  256): setHidden false
02-13 14:17:36.798 D/KeyguardViewMediator(  256): setHidden false
02-13 14:17:36.798 D/KeyguardViewMediator(  256): setHidden false
02-13 14:17:37.279 E/MediaPlayer(  845): getCurrentPosition sec = 29696
02-13 14:17:37.279 E/MediaPlayer(  845): getDuration_l mDuration = 828961
02-13 14:17:38.280 E/MediaPlayer(  845): getCurrentPosition sec = 30697
02-13 14:17:38.280 E/MediaPlayer(  845): getDuration_l mDuration = 828961
02-13 14:17:39.291 E/MediaPlayer(  845): getCurrentPosition sec = 31698
02-13 14:17:39.291 E/MediaPlayer(  845): getDuration_l mDuration = 828961
02-13 14:17:40.302 E/MediaPlayer(  845): getCurrentPosition sec = 32733
02-13 14:17:40.302 E/MediaPlayer(  845): getDuration_l mDuration = 828961
02-13 14:17:41.313 E/MediaPlayer(  845): getCurrentPosition sec = 33734
02-13 14:17:41.313 E/MediaPlayer(  845): getDuration_l mDuration = 828961
02-13 14:17:42.324 E/MediaPlayer(  845): getCurrentPosition sec = 34735
02-13 14:17:42.324 E/MediaPlayer(  845): getDuration_l mDuration = 828961
02-13 14:17:42.354 E/OverlayLIB(  256): setPosition failed
02-13 14:17:42.354 E/Overlay (  256): int setPositionHandleState(overlay_control_context_t*, overlay_object*, overlay_rect&, int, int, uint32_t, uint32_t):Failed for channel 0
02-13 14:17:42.374 E/OverlayLIB(  256): setPosition failed
02-13 14:17:42.374 E/Overlay (  256): int setPositionHandleState(overlay_control_context_t*, overlay_object*, overlay_rect&, int, int, uint32_t, uint32_t):Failed for channel 0
02-13 14:17:42.424 D/KeyguardViewMediator(  256): setHidden false
02-13 14:17:42.454 D/PhoneApp(  344): updateProximitySensorMode: state = IDLE
02-13 14:17:42.454 D/KeyguardViewMediator(  256): setHidden false
02-13 14:17:42.454 D/KeyguardViewMediator(  256): setHidden false
02-13 14:17:42.464 D/PhoneApp(  344): updateProximitySensorMode: lock already released.
02-13 14:17:42.464 D/KeyguardViewMediator(  256): setHidden false
02-13 14:17:42.464 D/KeyguardViewMediator(  256): setHidden false
02-13 14:17:42.474 E/OverlayLIB(  256): setPosition failed
02-13 14:17:42.474 E/Overlay (  256): int setPositionHandleState(overlay_control_context_t*, overlay_object*, overlay_rect&, int, int, uint32_t, uint32_t):Failed for channel 0
02-13 14:17:42.484 D/KeyguardViewMediator(  256): setHidden false
02-13 14:17:42.484 E/OverlayLIB(  256): setPosition failed
02-13 14:17:42.484 E/Overlay (  256): int setPositionHandleState(overlay_control_context_t*, overlay_object*, overlay_rect&, int, int, uint32_t, uint32_t):Failed for channel 0
02-13 14:17:42.494 D/KeyguardViewMediator(  256): setHidden false
02-13 14:17:42.494 D/KeyguardViewMediator(  256): setHidden false
02-13 14:17:42.504 E/OverlayLIB(  256): setPosition failed
02-13 14:17:42.504 E/Overlay (  256): int setPositionHandleState(overlay_control_context_t*, overlay_object*, overlay_rect&, int, int, uint32_t, uint32_t):Failed for channel 0
02-13 14:17:42.504 D/KeyguardViewMediator(  256): setHidden false
02-13 14:17:42.504 D/KeyguardViewMediator(  256): setHidden false
02-13 14:17:42.514 D/KeyguardViewMediator(  256): setHidden false
02-13 14:17:42.514 D/KeyguardViewMediator(  256): setHidden false
02-13 14:17:42.524 E/OverlayLIB(  256): setPosition failed
02-13 14:17:42.524 E/Overlay (  256): int setPositionHandleState(overlay_control_context_t*, overlay_object*, overlay_rect&, int, int, uint32_t, uint32_t):Failed for channel 0
02-13 14:17:42.524 D/KeyguardViewMediator(  256): setHidden false
02-13 14:17:42.544 D/KeyguardViewMediator(  256): setHidden false
02-13 14:17:42.544 D/KeyguardViewMediator(  256): setHidden false
02-13 14:17:42.544 D/KeyguardViewMediator(  256): setHidden false
02-13 14:17:42.564 D/KeyguardViewMediator(  256): setHidden false
02-13 14:17:42.594 D/KeyguardViewMediator(  256): setHidden false
02-13 14:17:42.604 D/OmaDrmReceiver(  571): android.intent.action.CONFIGURATION_CHANGED
02-13 14:17:42.604 I/OmaDrmService(  571): Language changed!!!!!!
02-13 14:17:43.325 E/MediaPlayer(  845): getCurrentPosition sec = 35736
02-13 14:17:43.325 E/MediaPlayer(  845): getDuration_l mDuration = 828961
02-13 14:17:44.346 E/MediaPlayer(  845): getCurrentPosition sec = 36737
02-13 14:17:44.346 E/MediaPlayer(  845): getDuration_l mDuration = 828961
02-13 14:17:44.556 D/PowerManagerService(  256): UnPartial  wakeLock  reactivate ,flags=0xa tag=KEEP_SCREEN_ON_FLAG
02-13 14:17:44.556 I/vDM     (  467): KeyCode = 4
02-13 14:17:44.556 W/KeyCharacterMap(  845): Can't open keycharmap file
02-13 14:17:44.556 W/KeyCharacterMap(  845): Error loading keycharmap file '/system/usr/keychars/synaptics-rmi4-ts.kcm.bin'. hw.keyboards.262146.devname='synaptics-rmi4-ts'
02-13 14:17:44.556 W/KeyCharacterMap(  845): Using default keymap: /system/usr/keychars/qwerty.kcm.bin
02-13 14:17:44.556 I/vDM     (  467): Vdmc getInstance
02-13 14:17:44.556 I/vDM     (  467): Vdmc getInstance
02-13 14:17:44.556 D/DMC     (  467): MyCIMMI getInstance
02-13 14:17:44.556 I/vDM     (  467): Vdmc getInstance
02-13 14:17:44.616 I/vDM     (  467): KeyCode = 4
02-13 14:17:44.626 I/vDM     (  467): Vdmc getInstance
02-13 14:17:44.636 I/vDM     (  467): Vdmc getInstance
02-13 14:17:44.636 D/DMC     (  467): MyCIMMI getInstance
02-13 14:17:44.636 I/vDM     (  467): Vdmc getInstance
02-13 14:17:44.666 D/AudioTrack(  116): stop 0x36f90
02-13 14:17:44.666 D/AudioFlinger(  116): stop(4098), calling thread 845
02-13 14:17:44.666 D/AudioTrack(  116): stop 0x36f90
02-13 14:17:44.666 W/TimedEventQueue(  116): Event 2508 was not found in the queue, already cancelled?
02-13 14:17:44.676 D/AudioFlinger(  116): remove track (4098) and delete from mixer
02-13 14:17:44.686 E/OMX-VDEC-720P(  116): 
02-13 14:17:44.686 E/OMX-VDEC-720P(  116):  send_command_proxy(): Current State 3, Expected State 2
02-13 14:17:44.686 E/OMX-VDEC-720P(  116): 
02-13 14:17:44.686 E/OMX-VDEC-720P(  116):  send_command_proxy(): OMX_CommandStateSet issued
02-13 14:17:44.686 E/OMX-VDEC-720P(  116): 
02-13 14:17:44.686 E/OMX-VDEC-720P(  116):  Current State 3, Expected State 2
02-13 14:17:44.686 E/OMX-VDEC-720P(  116): 
02-13 14:17:44.686 E/OMX-VDEC-720P(  116):  Driver flush i/p Port complete
02-13 14:17:44.686 E/OMX-VDEC-720P(  116): 
02-13 14:17:44.686 E/OMX-VDEC-720P(  116):  OMX flush i/p Port complete PenBuf(0)
02-13 14:17:44.686 E/OMX-VDEC-720P(  116): 
02-13 14:17:44.686 E/OMX-VDEC-720P(  116):  Driver flush o/p Port complete
02-13 14:17:44.686 E/OMX-VDEC-720P(  116): 
02-13 14:17:44.686 E/OMX-VDEC-720P(  116):  OMX flush o/p Port complete PenBuf(0)
02-13 14:17:44.686 E/OMX-VDEC-720P(  116): 
02-13 14:17:44.686 E/OMX-VDEC-720P(  116):  Rxd OMX_COMPONENT_GENERATE_STOP_DONE
02-13 14:17:44.686 E/OMX-VDEC-720P(  116): 
02-13 14:17:44.686 E/OMX-VDEC-720P(  116):  send_command_proxy(): Current State 2, Expected State 1
02-13 14:17:44.686 E/OMX-VDEC-720P(  116): 
02-13 14:17:44.686 E/OMX-VDEC-720P(  116):  send_command_proxy(): OMX_CommandStateSet issued
02-13 14:17:44.686 E/OMX-VDEC-720P(  116): 
02-13 14:17:44.686 E/OMX-VDEC-720P(  116):  Current State 2, Expected State 1
02-13 14:17:44.686 E/OMX-VDEC-720P(  116): 
02-13 14:17:44.686 E/OMX-VDEC-720P(  116):  ALL input buffers are freed/released
02-13 14:17:44.686 E/OMX-VDEC-720P(  116): 
02-13 14:17:44.686 E/OMX-VDEC-720P(  116):  ALL output buffers are freed/released
02-13 14:17:44.686 E/OMX-VDEC-720P(  116): 
02-13 14:17:44.686 E/OMX-VDEC-720P(  116):  OMX_CommandStateSet complete, m_state = 1
02-13 14:17:44.686 E/OMX-VDEC-720P(  116): 
02-13 14:17:44.686 E/OMX-VDEC-720P(  116):  Playback Ended - PASSED
02-13 14:17:44.686 E/OMX-VDEC-720P(  116): 
02-13 14:17:44.686 E/OMX-VDEC-720P(  116):  ALL output buffers are freed/released
02-13 14:17:44.686 E/OMX-VDEC-720P(  116): 
02-13 14:17:44.686 E/OMX-VDEC-720P(  116):  Close the driver instance
02-13 14:17:44.686 E/OMX-VDEC-720P(  116): 
02-13 14:17:44.686 E/OMX-VDEC-720P(  116):  omx_vdec::component_deinit() complete
02-13 14:17:44.686 E/OMX-VDEC-720P(  116): In OMX vdec Destructor
02-13 14:17:44.686 E/OMX-VDEC-720P(  116): Waiting on OMX Msg Thread exit
02-13 14:17:44.686 E/OMX-VDEC-720P(  116): omx_vdec: message thread stop
02-13 14:17:44.686 E/OMX-VDEC-720P(  116): Waiting on OMX Async Thread exit
02-13 14:17:44.716 E/OMX-VDEC-720P(  116): 
02-13 14:17:44.716 E/OMX-VDEC-720P(  116):  Error in ioctl read next msg
02-13 14:17:44.716 E/OMX-VDEC-720P(  116): omx_vdec: Async thread stop
02-13 14:17:44.716 E/OMX-VDEC-720P(  116): Exit OMX vdec Destructor
02-13 14:17:44.716 D/KeyguardViewMediator(  256): setHidden false
02-13 14:17:44.716 I/hubo    (  256): Activity {com.google.android.youtube/com.google.android.youtube.app.froyo.phone.HomeActivity}
02-13 14:17:44.736 D/KeyguardViewMediator(  256): setHidden false
02-13 14:17:44.736 D/PowerManagerService(  256): UnPartial  wakeLock  reactivate ,flags=0xa tag=KEEP_SCREEN_ON_FLAG
02-13 14:17:44.736 D/PowerManagerService(  256): releaseWakeLock flags=0xa tag=KEEP_SCREEN_ON_FLAG
02-13 14:17:44.756 D/KeyguardViewMediator(  256): setHidden false
02-13 14:17:44.796 D/KeyguardViewMediator(  256): setHidden false
02-13 14:17:44.836 I/vDM     (  467): KeyCode = 4
02-13 14:17:44.836 I/vDM     (  467): Vdmc getInstance
02-13 14:17:44.836 I/vDM     (  467): Vdmc getInstance
02-13 14:17:44.836 D/DMC     (  467): MyCIMMI getInstance
02-13 14:17:44.836 I/vDM     (  467): Vdmc getInstance
02-13 14:17:44.856 D/KeyguardViewMediator(  256): setHidden false
02-13 14:17:44.856 D/KeyguardViewMediator(  256): setHidden false
02-13 14:17:44.866 D/KeyguardViewMediator(  256): setHidden false
02-13 14:17:44.886 D/KeyguardViewMediator(  256): setHidden false
02-13 14:17:44.896 I/vDM     (  467): KeyCode = 4
02-13 14:17:44.896 D/KeyguardViewMediator(  256): setHidden false
02-13 14:17:44.906 I/vDM     (  467): Vdmc getInstance
02-13 14:17:44.916 D/KeyguardViewMediator(  256): setHidden false
02-13 14:17:44.916 I/vDM     (  467): Vdmc getInstance
02-13 14:17:44.916 D/DMC     (  467): MyCIMMI getInstance
02-13 14:17:44.916 I/vDM     (  467): Vdmc getInstance
02-13 14:17:44.936 D/KeyguardViewMediator(  256): setHidden false
02-13 14:17:44.936 D/KeyguardViewMediator(  256): setHidden false
02-13 14:17:44.936 D/KeyguardViewMediator(  256): setHidden false
02-13 14:17:44.946 D/KeyguardViewMediator(  256): setHidden false
02-13 14:17:44.966 D/KeyguardViewMediator(  256): setHidden false
02-13 14:17:44.986 D/KeyguardViewMediator(  256): setHidden false
02-13 14:17:44.996 D/KeyguardViewMediator(  256): setHidden false
02-13 14:17:45.016 D/KeyguardViewMediator(  256): setHidden false
02-13 14:17:45.016 D/KeyguardViewMediator(  256): setHidden false
02-13 14:17:45.026 D/KeyguardViewMediator(  256): setHidden false
02-13 14:17:45.026 I/hubo    (  256): Activity {com.android.launcher/com.android.launcher2.Launcher}
02-13 14:17:45.026 D/Warhol  (  364): A pack appears to be installed -- skipping Installer
02-13 14:17:45.066 D/KeyguardViewMediator(  256): setHidden false
02-13 14:17:45.086 D/KeyguardViewMediator(  256): setHidden false
02-13 14:17:45.096 D/KeyguardViewMediator(  256): setHidden false
02-13 14:17:45.096 W/KeyCharacterMap(  364): Can't open keycharmap file
02-13 14:17:45.096 W/KeyCharacterMap(  364): Error loading keycharmap file '/system/usr/keychars/synaptics-rmi4-ts.kcm.bin'. hw.keyboards.262146.devname='synaptics-rmi4-ts'
02-13 14:17:45.096 W/KeyCharacterMap(  364): Using default keymap: /system/usr/keychars/qwerty.kcm.bin
02-13 14:17:45.106 D/Launcher(  364): Dissmis Preview for view :null ID:2131230735
02-13 14:17:45.106 D/Launcher(  364): Dissmis Preview for view :null ID:2131230736
02-13 14:17:45.106 D/KeyguardViewMediator(  256): setHidden false
02-13 14:17:45.116 D/KeyguardViewMediator(  256): setHidden false
02-13 14:17:45.126 I/vDM     (  467): KeyCode = 4
02-13 14:17:45.126 I/vDM     (  467): Vdmc getInstance
02-13 14:17:45.136 I/vDM     (  467): Vdmc getInstance
02-13 14:17:45.136 D/KeyguardViewMediator(  256): setHidden false
02-13 14:17:45.136 D/DMC     (  467): MyCIMMI getInstance
02-13 14:17:45.136 I/vDM     (  467): Vdmc getInstance
02-13 14:17:45.136 I/vDM     (  467): KeyCode = 4
02-13 14:17:45.146 I/vDM     (  467): Vdmc getInstance
02-13 14:17:45.146 I/vDM     (  467): Vdmc getInstance
02-13 14:17:45.146 D/DMC     (  467): MyCIMMI getInstance
02-13 14:17:45.146 I/vDM     (  467): Vdmc getInstance
02-13 14:17:45.156 D/KeyguardViewMediator(  256): setHidden false
02-13 14:17:45.166 D/KeyguardViewMediator(  256): setHidden false
02-13 14:17:45.186 D/KeyguardViewMediator(  256): setHidden false
02-13 14:17:45.186 W/libutils.threads(  116): Thread (this=0x272b8): don't call waitForExit() from this Thread object's thread. It's a guaranteed deadlock!
02-13 14:17:45.196 D/KeyguardViewMediator(  256): setHidden false
02-13 14:17:45.216 D/KeyguardViewMediator(  256): setHidden false
02-13 14:17:45.236 D/KeyguardViewMediator(  256): setHidden false
02-13 14:17:45.246 D/KeyguardViewMediator(  256): setHidden false
02-13 14:17:45.266 D/KeyguardViewMediator(  256): setHidden false
02-13 14:17:45.286 D/KeyguardViewMediator(  256): setHidden false
02-13 14:17:45.296 D/KeyguardViewMediator(  256): setHidden false
02-13 14:17:45.317 D/KeyguardViewMediator(  256): setHidden false
02-13 14:17:45.327 D/KeyguardViewMediator(  256): setHidden false
02-13 14:17:45.327 D/KeyguardViewMediator(  256): setHidden false
02-13 14:17:45.347 D/KeyguardViewMediator(  256): setHidden false
02-13 14:17:45.367 D/KeyguardViewMediator(  256): setHidden false
02-13 14:17:45.377 D/KeyguardViewMediator(  256): setHidden false
02-13 14:17:45.397 D/KeyguardViewMediator(  256): setHidden false
02-13 14:17:45.407 D/KeyguardViewMediator(  256): setHidden false
02-13 14:17:45.417 D/KeyguardViewMediator(  256): setHidden false
02-13 14:17:45.437 I/AudioService(  256):  AudioFocus  abandonAudioFocus() from android.media.AudioManager@4068c208
02-13 14:17:45.437 D/KeyguardViewMediator(  256): setHidden false
02-13 14:17:45.477 D/KeyguardViewMediator(  256): setHidden false
02-13 14:17:45.527 D/KeyguardViewMediator(  256): setHidden false
02-13 14:17:45.777 I/vDM     (  467): KeyCode = 4
02-13 14:17:45.777 I/vDM     (  467): Vdmc getInstance
02-13 14:17:45.777 I/vDM     (  467): Vdmc getInstance
02-13 14:17:45.777 D/DMC     (  467): MyCIMMI getInstance
02-13 14:17:45.787 I/vDM     (  467): Vdmc getInstance
02-13 14:17:45.837 I/vDM     (  467): KeyCode = 4
02-13 14:17:45.837 I/vDM     (  467): Vdmc getInstance
02-13 14:17:45.847 I/vDM     (  467): Vdmc getInstance
02-13 14:17:45.847 D/DMC     (  467): MyCIMMI getInstance
02-13 14:17:45.847 I/vDM     (  467): Vdmc getInstance
02-13 14:17:45.857 D/Launcher(  364): Dissmis Preview for view :null ID:2131230735
02-13 14:17:45.857 D/Launcher(  364): Dissmis Preview for view :null ID:2131230736
02-13 14:17:47.659 D/AudioHardwareMSM7X30(  116): AudioStreamOutMSM72xx::standby()
02-13 14:17:47.659 D/AudioHardwareMSM7X30(  116): Deroute pcm out stream
02-13 14:17:47.659 D/AudioHardwareMSM7X30(  116): updateDeviceInfo: E rx_device 2 and tx_device 3
02-13 14:17:47.659 D/AudioHardwareMSM7X30(  116): No active voicecall/playback, disabling cur_rx 2
02-13 14:17:47.659 D/AudioHardwareMSM7X30(  116): value of device and enable is 2 0 ALSA dev id:3
02-13 14:17:47.669 D/AudioHardwareMSM7X30(  116): No active voicecall/recording, disabling cur_tx 3
02-13 14:17:47.669 D/AudioHardwareMSM7X30(  116): value of device and enable is 3 0 ALSA dev id:10
02-13 14:17:47.669 E/AudioHardwareMSM7X30(  116): There is no node in the routing table!
02-13 14:17:47.669 D/AudioHardwareMSM7X30(  116): updateDeviceInfo: X cur_rx 2 cur_tx 3
02-13 14:17:55.727 D/DATA    (  344): [DSST(0)] pollstate() : reason = data network state changed
02-13 14:17:55.787 D/MobileDataStateTracker(  256): [hipri]  MobileDataStateReceiver onReceive(): Entry.
02-13 14:17:55.787 D/MobileDataStateTracker(  256): [hipri]  intent.getAction()= android.intent.action.SERVICE_STATE
02-13 14:17:55.787 D/MobileDataStateTracker(  256): [hipri]  mEnabled = false
02-13 14:17:55.787 D/MobileDataStateTracker(  256): [dun]  MobileDataStateReceiver onReceive(): Entry.
02-13 14:17:55.787 D/MobileDataStateTracker(  256): [dun]  intent.getAction()= android.intent.action.SERVICE_STATE
02-13 14:17:55.787 D/MobileDataStateTracker(  256): [dun]  mEnabled = false
02-13 14:17:55.787 D/MobileDataStateTracker(  256): [supl]  MobileDataStateReceiver onReceive(): Entry.
02-13 14:17:55.787 D/MobileDataStateTracker(  256): [supl]  intent.getAction()= android.intent.action.SERVICE_STATE
02-13 14:17:55.787 D/MobileDataStateTracker(  256): [supl]  mEnabled = false
02-13 14:17:55.787 D/MobileDataStateTracker(  256): [mms]  MobileDataStateReceiver onReceive(): Entry.
02-13 14:17:55.787 D/MobileDataStateTracker(  256): [mms]  intent.getAction()= android.intent.action.SERVICE_STATE
02-13 14:17:55.787 D/MobileDataStateTracker(  256): [mms]  mEnabled = false
02-13 14:17:55.787 D/MobileDataStateTracker(  256): [default]  MobileDataStateReceiver onReceive(): Entry.
02-13 14:17:55.787 D/MobileDataStateTracker(  256): [default]  intent.getAction()= android.intent.action.SERVICE_STATE
02-13 14:17:55.787 D/MobileDataStateTracker(  256): [default]  mEnabled = true
02-13 14:17:55.797 D/CallManager(  344):  handleMessage (EVENT_SERVICE_STATE_CHANGED)
02-13 14:17:55.797 E/BT HS/HF(  344): SERVICE_STATE_CHANGED called
02-13 14:17:55.797 E/BT HS/HF(  344): updateServiceState called, sendUpdate:false  ServiceState:0 home Sprint  310099  EvDo rev. A CSS not supported 41 4139RoamInd: 1RoamStatus(sprint): 1DefRoamInd: 160EmergOnly: false
02-13 14:17:55.797 E/BT HS/HF(  344): service:1 mService:1
02-13 14:17:55.797 D/DATA    (  344): [DSST(0)]  registrationState = 1  radioTechnology = 8 reasonForDenial = 0
02-13 14:17:55.797 D/DATA    (  344): [DSST(0)]  set mNewDataConnectionState = 0
02-13 14:17:55.797 D/DATA    (  344): [DSST(0)]  mNewDataConnectionState : 0  mDataConnectionState : 0
02-13 14:17:55.797 D/DATA    (  344): [DSST(0)] Poll ServiceState done: oldSS=[0 home null null null  EvDo rev. A CSS not supported -1 -1RoamInd: -1RoamStatus(sprint): -1DefRoamInd: -1EmergOnly: false] newSS=[0 home null null null  EvDo rev. A CSS not supported -1 -1RoamInd: -1RoamStatus(sprint): -1DefRoamInd: -1EmergOnly: false]
02-13 14:17:55.797 D/DATA    (  344): [DSST(0)]  mDataConnectionState = 0
02-13 14:17:55.827 D/Mms     (  811): currentRoamingStatus:1
02-13 14:17:57.799 I/DATA    (  344): [DCT(0) ] onDataCallListChanged:
02-13 14:17:57.799 I/DATA    (  344): [DCT(0) ] ---dc state list---
02-13 14:17:57.799 I/DATA    (  344): [DCT(0) ] DataCallState: { cid: 0, active: 1, type: , apn: , address: 174.156.234.163 }
02-13 14:17:57.799 I/DATA    (  344): [DCT(0) ] ---dc list---
02-13 14:17:57.799 I/DATA    (  344): [DCT(0) ] cid = 0, state = DcActiveState, bearerType = IP, ipaddress = 174.156.234.163, gw=174.156.234.161, dns=[68.28.67.132, 68.28.68.132]
02-13 14:18:00.011 D/KeyguardUpdateMonitor(  256): received broadcast android.intent.action.TIME_TICK
02-13 14:18:00.011 D/KeyguardUpdateMonitor(  256): handleTimeUpdate
02-13 14:18:00.772 D/DATA    (  344): [DSST(0)] pollstate() : reason = data network state changed
02-13 14:18:00.802 D/MobileDataStateTracker(  256): [hipri]  MobileDataStateReceiver onReceive(): Entry.
02-13 14:18:00.802 D/MobileDataStateTracker(  256): [hipri]  intent.getAction()= android.intent.action.SERVICE_STATE
02-13 14:18:00.802 D/MobileDataStateTracker(  256): [hipri]  mEnabled = false
02-13 14:18:00.802 D/MobileDataStateTracker(  256): [dun]  MobileDataStateReceiver onReceive(): Entry.
02-13 14:18:00.802 D/MobileDataStateTracker(  256): [dun]  intent.getAction()= android.intent.action.SERVICE_STATE
02-13 14:18:00.802 D/MobileDataStateTracker(  256): [dun]  mEnabled = false
02-13 14:18:00.802 D/MobileDataStateTracker(  256): [supl]  MobileDataStateReceiver onReceive(): Entry.
02-13 14:18:00.802 D/MobileDataStateTracker(  256): [supl]  intent.getAction()= android.intent.action.SERVICE_STATE
02-13 14:18:00.802 D/MobileDataStateTracker(  256): [supl]  mEnabled = false
02-13 14:18:00.802 D/MobileDataStateTracker(  256): [mms]  MobileDataStateReceiver onReceive(): Entry.
02-13 14:18:00.802 D/MobileDataStateTracker(  256): [mms]  intent.getAction()= android.intent.action.SERVICE_STATE
02-13 14:18:00.802 D/MobileDataStateTracker(  256): [mms]  mEnabled = false
02-13 14:18:00.812 D/MobileDataStateTracker(  256): [default]  MobileDataStateReceiver onReceive(): Entry.
02-13 14:18:00.812 D/MobileDataStateTracker(  256): [default]  intent.getAction()= android.intent.action.SERVICE_STATE
02-13 14:18:00.812 D/MobileDataStateTracker(  256): [default]  mEnabled = true
02-13 14:18:00.812 D/CallManager(  344):  handleMessage (EVENT_SERVICE_STATE_CHANGED)
02-13 14:18:00.812 E/BT HS/HF(  344): SERVICE_STATE_CHANGED called
02-13 14:18:00.812 E/BT HS/HF(  344): updateServiceState called, sendUpdate:false  ServiceState:0 home Sprint  310099  EvDo rev. A CSS not supported 41 4139RoamInd: 1RoamStatus(sprint): 1DefRoamInd: 160EmergOnly: false
02-13 14:18:00.812 E/BT HS/HF(  344): service:1 mService:1
02-13 14:18:00.812 D/DATA    (  344): [DSST(0)]  registrationState = 1  radioTechnology = 8 reasonForDenial = 0
02-13 14:18:00.822 D/DATA    (  344): [DSST(0)]  set mNewDataConnectionState = 0
02-13 14:18:00.822 D/DATA    (  344): [DSST(0)]  mNewDataConnectionState : 0  mDataConnectionState : 0
02-13 14:18:00.822 D/DATA    (  344): [DSST(0)] Poll ServiceState done: oldSS=[0 home null null null  EvDo rev. A CSS not supported -1 -1RoamInd: -1RoamStatus(sprint): -1DefRoamInd: -1EmergOnly: false] newSS=[0 home null null null  EvDo rev. A CSS not supported -1 -1RoamInd: -1RoamStatus(sprint): -1DefRoamInd: -1EmergOnly: false]
02-13 14:18:00.822 D/DATA    (  344): [DSST(0)]  mDataConnectionState = 0
02-13 14:18:00.832 D/Mms     (  811): currentRoamingStatus:1
02-13 14:18:02.233 I/dun_service(  124): The value returned from dun_getusbmodemstate_fromsys is 2 
02-13 14:18:02.313 D/Tethering(  256): +++InitialState
02-13 14:18:02.313 D/Tethering(  256): add to avaiable list iface :usb0
02-13 14:18:02.313 D/Tethering(  256): sendTetherStateChangedBroadcast 1, 0, 0
02-13 14:18:02.313 D/Tethering(  256): interfaceAdded :usb0
02-13 14:18:02.403 D/KeyguardViewMediator(  256): setHidden false
02-13 14:18:02.403 D/KeyguardViewMediator(  256): setHidden false
02-13 14:18:02.423 I/DATA    (  344): [DCT(0) ] onDataCallListChanged:
02-13 14:18:02.423 I/DATA    (  344): [DCT(0) ] ---dc state list---
02-13 14:18:02.423 I/DATA    (  344): [DCT(0) ] DataCallState: { cid: 0, active: 2, type: , apn: , address: 174.156.234.163 }
02-13 14:18:02.423 I/DATA    (  344): [DCT(0) ] ---dc list---
02-13 14:18:02.423 I/DATA    (  344): [DCT(0) ] cid = 0, state = DcActiveState, bearerType = IP, ipaddress = 174.156.234.163, gw=174.156.234.161, dns=[68.28.67.132, 68.28.68.132]
02-13 14:18:03.384 I/dun_service(  124): The value returned from dun_getusbmodemstate_fromsys is 2 
02-13 14:18:03.384 I/dun_service(  124): The value returned from dun_getusbmodemstate_fromsys is 2 
02-13 14:18:03.504 D/KeyguardUpdateMonitor(  256): received broadcast android.intent.action.BATTERY_CHANGED
02-13 14:18:03.504 E/lights  (  256):   g_haveAmberLed=0
02-13 14:18:03.504 E/lights  (  256):   red=255
02-13 14:18:03.504 E/lights  (  256):   green=255
02-13 14:18:03.504 E/lights  (  256):   blink=0
02-13 14:18:03.514 D/KeyguardUpdateMonitor(  256): handleBatteryUpdate
02-13 14:18:03.574 D/PicasaSyncManager(  682): battery info: true
02-13 14:18:03.614 D/PicasaSyncManager(  682): reject MetadataSyncTask (*****************) for wifi connection
02-13 14:18:03.885 I/dun_service(  124): The value returned from dun_getusbmodemstate_fromsys is 2 
02-13 14:18:03.885 I/dun_service(  124): The value returned from dun_getusbmodemstate_fromsys is 2 
02-13 14:18:03.915 D/KeyguardUpdateMonitor(  256): received broadcast android.intent.action.BATTERY_CHANGED
02-13 14:18:03.915 D/KeyguardUpdateMonitor(  256): handleBatteryUpdate
02-13 14:18:05.386 I/dun_service(  124): The value returned from dun_getusbmodemstate_fromsys is 2 
02-13 14:18:05.416 D/KeyguardUpdateMonitor(  256): received broadcast android.intent.action.BATTERY_CHANGED
02-13 14:18:05.416 D/KeyguardUpdateMonitor(  256): handleBatteryUpdate
02-13 14:18:08.079 I/dun_service(  124): The value returned from dun_getusbmodemstate_fromsys is 2 
02-13 14:18:08.079 I/dun_service(  124): The value returned from dun_getusbmodemstate_fromsys is 2 
02-13 14:18:08.079 I/dun_service(  124): got usb 1 event 
02-13 14:18:08.079 I/dun_service(  124):  ustate is DUN_USBSTATE_PLUG
02-13 14:18:08.079 I/dun_service(  124): Post event 2
02-13 14:18:08.079 I/dun_service(  124): received event: DUN_EVENT_USB_PLUG 
02-13 14:18:08.079 I/dun_service(  124): received event(DUN_EVENT_USB_PLUG) in state(DUN_STATE_USB_UNPLUG)
02-13 14:18:08.079 I/dun_service(  124): The value returned from dun_getusbmodemstate_fromsys is 2 
02-13 14:18:08.089 I/dun_service(  124): Successfully opened SMD port: e, ext port: f
02-13 14:18:08.089 I/dun_service(  124): Configured external host port in RAW mode
02-13 14:18:08.089 I/dun_service(  124): Moved to state(DUN_STATE_IDLE)
02-13 14:18:08.149 D/KeyguardViewMediator(  256): setHidden false
02-13 14:18:08.159 D/Launcher(  364): onSaveInstanceState
02-13 14:18:08.159 D/Launcher(  364): Dissmis Preview for view :null ID:2131230735
02-13 14:18:08.159 D/Launcher(  364): Dissmis Preview for view :null ID:2131230736
02-13 14:18:08.159 D/Launcher(  364): Dissmis Preview for view :null ID:2131230739
02-13 14:18:08.159 D/Launcher(  364): Dissmis Preview for view :null ID:2131230741
02-13 14:18:08.179 D/KeyguardViewMediator(  256): setHidden false
02-13 14:18:08.189 E/Tethering(  256): active iface (usb0) reported as added, ignoring
02-13 14:18:08.189 I/hubo    (  256): Activity {com.android.systemui/com.android.systemui.usb.UsbStorageActivity}
02-13 14:18:08.189 D/KeyguardViewMediator(  256): setHidden false
02-13 14:18:08.189 D/KeyguardViewMediator(  256): setHidden false
02-13 14:18:08.199 D/KeyguardViewMediator(  256): setHidden false
02-13 14:18:08.219 D/KeyguardViewMediator(  256): setHidden false
02-13 14:18:08.219 D/KeyguardViewMediator(  256): setHidden false
02-13 14:18:08.239 D/KeyguardViewMediator(  256): setHidden false
02-13 14:18:08.259 D/KeyguardViewMediator(  256): setHidden false
02-13 14:18:08.269 D/KeyguardViewMediator(  256): setHidden false
02-13 14:18:08.269 D/KeyguardViewMediator(  256): setHidden false
02-13 14:18:08.269 D/KeyguardViewMediator(  256): setHidden false
02-13 14:18:08.289 D/KeyguardViewMediator(  256): setHidden false
02-13 14:18:08.299 D/KeyguardViewMediator(  256): setHidden false
02-13 14:18:08.309 D/KeyguardViewMediator(  256): setHidden false
02-13 14:18:08.319 I/dun_service(  124): modem_bits0, prev_mdm_bits 0, init = 1,
02-13 14:18:08.319 I/dun_service(  124): smdtoextctrl: ext port bits 320, smdoldstatus 0, init = 1
02-13 14:18:08.319 I/dun_service(  124): portbridge: Turning ON external port bits 140
02-13 14:18:08.319 D/KeyguardViewMediator(  256): setHidden false
02-13 14:18:08.329 D/KeyguardViewMediator(  256): setHidden false
02-13 14:18:08.329 D/KeyguardViewMediator(  256): setHidden false
02-13 14:18:08.339 D/KeyguardViewMediator(  256): setHidden false
02-13 14:18:08.339 D/KeyguardViewMediator(  256): setHidden false
02-13 14:18:08.349 D/KeyguardViewMediator(  256): setHidden false
02-13 14:18:08.369 D/KeyguardViewMediator(  256): setHidden false
02-13 14:18:08.389 D/KeyguardViewMediator(  256): setHidden false
02-13 14:18:08.399 D/KeyguardViewMediator(  256): setHidden false
02-13 14:18:08.419 D/KeyguardViewMediator(  256): setHidden false
02-13 14:18:08.439 D/KeyguardViewMediator(  256): setHidden false
02-13 14:18:08.449 D/KeyguardViewMediator(  256): setHidden false
02-13 14:18:08.469 D/KeyguardViewMediator(  256): setHidden false
02-13 14:18:08.479 D/KeyguardViewMediator(  256): setHidden false
02-13 14:18:08.499 D/KeyguardViewMediator(  256): setHidden false
02-13 14:18:08.519 D/KeyguardViewMediator(  256): setHidden false
02-13 14:18:08.529 D/KeyguardViewMediator(  256): setHidden false
02-13 14:18:08.529 I/ActivityManager(  256): Displayed com.android.systemui/.usb.UsbStorageActivity: +368ms
02-13 14:18:08.539 D/KeyguardViewMediator(  256): setHidden false
02-13 14:18:08.559 D/KeyguardViewMediator(  256): setHidden false
02-13 14:18:08.569 D/KeyguardViewMediator(  256): setHidden false
02-13 14:18:08.589 D/KeyguardViewMediator(  256): setHidden false
02-13 14:18:08.609 D/KeyguardViewMediator(  256): setHidden false
02-13 14:18:08.619 D/KeyguardViewMediator(  256): setHidden false
02-13 14:18:08.639 D/KeyguardViewMediator(  256): setHidden false
02-13 14:18:08.649 D/KeyguardViewMediator(  256): setHidden false
02-13 14:18:08.659 D/KeyguardViewMediator(  256): setHidden false
02-13 14:18:14.835 I/DATA    (  344): [DCT(0) ] onDataCallListChanged:
02-13 14:18:14.835 I/DATA    (  344): [DCT(0) ] ---dc state list---
02-13 14:18:14.835 I/DATA    (  344): [DCT(0) ] DataCallState: { cid: 0, active: 1, type: , apn: , address: 174.156.234.163 }
02-13 14:18:14.835 I/DATA    (  344): [DCT(0) ] ---dc list---
02-13 14:18:14.835 I/DATA    (  344): [DCT(0) ] cid = 0, state = DcActiveState, bearerType = IP, ipaddress = 174.156.234.163, gw=174.156.234.161, dns=[68.28.67.132, 68.28.68.132]
02-13 14:18:17.538 I/dun_service(  124): modem_bits2, prev_mdm_bits 0, init = 0,
02-13 14:18:17.938 I/dun_service(  124): modem_bits0, prev_mdm_bits 2, init = 0,
02-13 14:18:34.474 D/Bitmap  (  845): Detect unrecycled bitmap.
02-13 14:18:34.474 D/Bitmap  (  845):       Size: 85560 Bytes, Width: 230 , Height: 93 , Hash code: 1080580072
02-13 14:18:34.474 D/Bitmap  (  845):  This bimap was created in:
02-13 14:18:34.474 D/Bitmap  (  845):       android.graphics.Bitmap.<init>(Bitmap.java:136)
02-13 14:18:34.474 D/Bitmap  (  845):       android.graphics.BitmapFactory.nativeDecodeAsset(Native Method)
02-13 14:18:34.474 D/Bitmap  (  845):       android.graphics.BitmapFactory.decodeStream(BitmapFactory.java:460)
02-13 14:18:34.474 D/Bitmap  (  845):       android.graphics.BitmapFactory.decodeResourceStream(BitmapFactory.java:336)
02-13 14:18:34.474 D/Bitmap  (  845):       android.graphics.drawable.Drawable.createFromResourceStream(Drawable.java:697)
02-13 14:18:34.474 D/Bitmap  (  845):       android.content.res.Resources.loadDrawable(Resources.java:1709)
02-13 14:18:34.474 D/Bitmap  (  845):       android.content.res.Resources.getDrawable(Resources.java:581)
02-13 14:18:34.474 D/Bitmap  (  845):       android.view.View.setBackgroundResource(View.java:7533)
02-13 14:18:34.474 D/Bitmap  (  845):       com.google.android.youtube.core.player.LiveOverlay.<init>(LiveOverlay.java:69)
02-13 14:18:34.474 D/Bitmap  (  845):       com.google.android.youtube.core.player.Director.<init>(Director.java:196)
02-13 14:18:34.474 D/Bitmap  (  845):       com.google.android.youtube.app.froyo.phone.WatchActivity.onCreate(WatchActivity.java:201)
02-13 14:18:34.474 D/Bitmap  (  845):       android.app.Instrumentation.callActivityOnCreate(Instrumentation.java:1047)
02-13 14:18:34.474 D/Bitmap  (  845):       android.app.ActivityThread.performLaunchActivity(ActivityThread.java:1632)
02-13 14:18:34.474 D/Bitmap  (  845):       android.app.ActivityThread.handleLaunchActivity(ActivityThread.java:1684)
02-13 14:18:34.474 D/Bitmap  (  845):       android.app.ActivityThread.access$1500(ActivityThread.java:123)
02-13 14:18:34.474 D/Bitmap  (  845):       android.app.ActivityThread$H.handleMessage(ActivityThread.java:948)
02-13 14:18:34.474 D/Bitmap  (  845):       android.os.Handler.dispatchMessage(Handler.java:99)
02-13 14:18:34.474 D/Bitmap  (  845):       android.os.Looper.loop(Looper.java:130)
02-13 14:18:34.474 D/Bitmap  (  845):       android.app.ActivityThread.main(ActivityThread.java:3704)
02-13 14:18:34.474 D/Bitmap  (  845):       java.lang.reflect.Method.invokeNative(Native Method)
02-13 14:18:34.474 D/Bitmap  (  845):       java.lang.reflect.Method.invoke(Method.java:507)
02-13 14:18:34.474 D/Bitmap  (  845):       com.android.internal.os.ZygoteInit$MethodAndArgsCaller.run(ZygoteInit.java:875)
02-13 14:18:34.484 D/Bitmap  (  845):       com.android.internal.os.ZygoteInit.main(ZygoteInit.java:633)
02-13 14:18:34.484 D/Bitmap  (  845):       dalvik.system.NativeStart.main(Native Method)
02-13 14:18:34.484 D/Bitmap  (  845): _
02-13 14:18:34.484 D/Bitmap  (  845): Detect unrecycled bitmap.
02-13 14:18:34.484 D/Bitmap  (  845):       Size: 49284 Bytes, Width: 111 , Height: 111 , Hash code: 1079850736
02-13 14:18:34.484 D/Bitmap  (  845):  This bimap was created in:
02-13 14:18:34.484 D/Bitmap  (  845):       android.graphics.Bitmap.<init>(Bitmap.java:136)
02-13 14:18:34.484 D/Bitmap  (  845):       android.graphics.BitmapFactory.nativeDecodeAsset(Native Method)
02-13 14:18:34.484 D/Bitmap  (  845):       android.graphics.BitmapFactory.decodeStream(BitmapFactory.java:460)
02-13 14:18:34.484 D/Bitmap  (  845):       android.graphics.BitmapFactory.decodeResourceStream(BitmapFactory.java:336)
02-13 14:18:34.484 D/Bitmap  (  845):       android.graphics.drawable.Drawable.createFromResourceStream(Drawable.java:697)
02-13 14:18:34.484 D/Bitmap  (  845):       android.content.res.Resources.loadDrawable(Resources.java:1709)
02-13 14:18:34.484 D/Bitmap  (  845):       android.content.res.Resources.getDrawable(Resources.java:581)
02-13 14:18:34.484 D/Bitmap  (  845):       android.widget.ImageView.resolveUri(ImageView.java:501)
02-13 14:18:34.484 D/Bitmap  (  845):       android.widget.ImageView.setImageResource(ImageView.java:280)
02-13 14:18:34.484 D/Bitmap  (  845):       com.google.android.youtube.core.player.LiveOverlay.<init>(LiveOverlay.java:68)
02-13 14:18:34.484 D/Bitmap  (  845):       com.google.android.youtube.core.player.Director.<init>(Director.java:196)
02-13 14:18:34.484 D/Bitmap  (  845):       com.google.android.youtube.app.froyo.phone.WatchActivity.onCreate(WatchActivity.java:201)
02-13 14:18:34.484 D/Bitmap  (  845):       android.app.Instrumentation.callActivityOnCreate(Instrumentation.java:1047)
02-13 14:18:34.484 D/Bitmap  (  845):       android.app.ActivityThread.performLaunchActivity(ActivityThread.java:1632)
02-13 14:18:34.484 D/Bitmap  (  845):       android.app.ActivityThread.handleLaunchActivity(ActivityThread.java:1684)
02-13 14:18:34.484 D/Bitmap  (  845):       android.app.ActivityThread.access$1500(ActivityThread.java:123)
02-13 14:18:34.484 D/Bitmap  (  845):       android.app.ActivityThread$H.handleMessage(ActivityThread.java:948)
02-13 14:18:34.484 D/Bitmap  (  845):       android.os.Handler.dispatchMessage(Handler.java:99)
02-13 14:18:34.484 D/Bitmap  (  845):       android.os.Looper.loop(Looper.java:130)
02-13 14:18:34.484 D/Bitmap  (  845):       android.app.ActivityThread.main(ActivityThread.java:3704)
02-13 14:18:34.484 D/Bitmap  (  845):       java.lang.reflect.Method.invokeNative(Native Method)
02-13 14:18:34.484 D/Bitmap  (  845):       java.lang.reflect.Method.invoke(Method.java:507)
02-13 14:18:34.484 D/Bitmap  (  845):       com.android.internal.os.ZygoteInit$MethodAndArgsCaller.run(ZygoteInit.java:875)
02-13 14:18:34.484 D/Bitmap  (  845):       com.android.internal.os.ZygoteInit.main(ZygoteInit.java:633)
02-13 14:18:34.484 D/Bitmap  (  845):       dalvik.system.NativeStart.main(Native Method)
02-13 14:18:34.484 D/Bitmap  (  845): _
02-13 14:18:34.484 D/Bitmap  (  845): Detect unrecycled bitmap.
02-13 14:18:34.484 D/Bitmap  (  845):       Size: 157440 Bytes, Width: 320 , Height: 123 , Hash code: 1080023080
02-13 14:18:34.484 D/Bitmap  (  845):  This bimap was created in:
02-13 14:18:34.484 D/Bitmap  (  845):       android.graphics.Bitmap.<init>(Bitmap.java:136)
02-13 14:18:34.484 D/Bitmap  (  845):       android.graphics.BitmapFactory.nativeDecodeAsset(Native Method)
02-13 14:18:34.484 D/Bitmap  (  845):       android.graphics.BitmapFactory.decodeStream(BitmapFactory.java:460)
02-13 14:18:34.484 D/Bitmap  (  845):       android.graphics.BitmapFactory.decodeResourceStream(BitmapFactory.java:336)
02-13 14:18:34.484 D/Bitmap  (  845):       android.graphics.drawable.Drawable.createFromResourceStream(Drawable.java:697)
02-13 14:18:34.484 D/Bitmap  (  845):       android.content.res.Resources.loadDrawable(Resources.java:1709)
02-13 14:18:34.484 D/Bitmap  (  845):       android.content.res.Resources.getDrawable(Resources.java:581)
02-13 14:18:34.484 D/Bitmap  (  845):       android.widget.HorizontalScrollView.setOverScrollMode(HorizontalScrollView.java:1404)
02-13 14:18:34.484 D/Bitmap  (  845):       android.view.View.<init>(View.java:1879)
