02-13 14:14:26.172 D/Bitmap  (  719):       android.app.ActivityThread.handleBindApplication(ActivityThread.java:3293)
02-13 14:14:26.172 D/Bitmap  (  719):       android.app.ActivityThread.access$2200(ActivityThread.java:123)
02-13 14:14:26.172 D/Bitmap  (  719):       android.app.ActivityThread$H.handleMessage(ActivityThread.java:986)
02-13 14:14:26.172 D/Bitmap  (  719):       android.os.Handler.dispatchMessage(Handler.java:99)
02-13 14:14:26.172 D/Bitmap  (  719):       android.os.Looper.loop(Looper.java:130)
02-13 14:14:26.172 D/Bitmap  (  719):       android.app.ActivityThread.main(ActivityThread.java:3704)
02-13 14:14:26.172 D/Bitmap  (  719):       java.lang.reflect.Method.invokeNative(Native Method)
02-13 14:14:26.172 D/Bitmap  (  719):       java.lang.reflect.Method.invoke(Method.java:507)
02-13 14:14:26.172 D/Bitmap  (  719):       com.android.internal.os.ZygoteInit$MethodAndArgsCaller.run(ZygoteInit.java:875)
02-13 14:14:26.172 D/Bitmap  (  719):       com.android.internal.os.ZygoteInit.main(ZygoteInit.java:633)
02-13 14:14:26.172 D/Bitmap  (  719):       dalvik.system.NativeStart.main(Native Method)
02-13 14:14:26.172 D/Bitmap  (  719): _
02-13 14:14:26.172 D/Bitmap  (  719): Detect unrecycled bitmap.
02-13 14:14:26.172 D/Bitmap  (  719):       Size: 61504 Bytes, Width: 124 , Height: 124 , Hash code: 1079444744
02-13 14:14:26.172 D/Bitmap  (  719):  This bimap was created in:
02-13 14:14:26.172 D/Bitmap  (  719):       android.graphics.Bitmap.<init>(Bitmap.java:136)
02-13 14:14:26.172 D/Bitmap  (  719):       android.graphics.BitmapFactory.nativeDecodeByteArray(Native Method)
02-13 14:14:26.172 D/Bitmap  (  719):       android.graphics.BitmapFactory.decodeByteArray(BitmapFactory.java:405)
02-13 14:14:26.172 D/Bitmap  (  719):       android.graphics.BitmapFactory.decodeByteArray(BitmapFactory.java:418)
02-13 14:14:26.172 D/Bitmap  (  719):       com.sprint.zone.data.DbAdapter.cursorToFeature(DbAdapter.java:1305)
02-13 14:14:26.172 D/Bitmap  (  719):       com.sprint.zone.data.DbAdapter.getPageContent(DbAdapter.java:1242)
02-13 14:14:26.172 D/Bitmap  (  719):       com.sprint.zone.data.DbAdapter.loadGlobalContent(DbAdapter.java:1447)
02-13 14:14:26.172 D/Bitmap  (  719):       com.sprint.zone.data.GlobalContent.instance(GlobalContent.java:104)
02-13 14:14:26.172 D/Bitmap  (  719):       com.sprint.zone.Zone.onCreate(Zone.java:35)
02-13 14:14:26.172 D/Bitmap  (  719):       com.sprint.zone.sprint.SprintZone.onCreate(SprintZone.java:10)
02-13 14:14:26.172 D/Bitmap  (  719):       android.app.Instrumentation.callApplicationOnCreate(Instrumentation.java:969)
02-13 14:14:26.172 D/Bitmap  (  719):       android.app.ActivityThread.handleBindApplication(ActivityThread.java:3293)
02-13 14:14:26.172 D/Bitmap  (  719):       android.app.ActivityThread.access$2200(ActivityThread.java:123)
02-13 14:14:26.172 D/Bitmap  (  719):       android.app.ActivityThread$H.handleMessage(ActivityThread.java:986)
02-13 14:14:26.172 D/Bitmap  (  719):       android.os.Handler.dispatchMessage(Handler.java:99)
02-13 14:14:26.172 D/Bitmap  (  719):       android.os.Looper.loop(Looper.java:130)
02-13 14:14:26.172 D/Bitmap  (  719):       android.app.ActivityThread.main(ActivityThread.java:3704)
02-13 14:14:26.172 D/Bitmap  (  719):       java.lang.reflect.Method.invokeNative(Native Method)
02-13 14:14:26.172 D/Bitmap  (  719):       java.lang.reflect.Method.invoke(Method.java:507)
02-13 14:14:26.172 D/Bitmap  (  719):       com.android.internal.os.ZygoteInit$MethodAndArgsCaller.run(ZygoteInit.java:875)
02-13 14:14:26.172 D/Bitmap  (  719):       com.android.internal.os.ZygoteInit.main(ZygoteInit.java:633)
02-13 14:14:26.172 D/Bitmap  (  719):       dalvik.system.NativeStart.main(Native Method)
02-13 14:14:26.172 D/Bitmap  (  719): _
02-13 14:14:26.172 D/Bitmap  (  719): Detect unrecycled bitmap.
02-13 14:14:26.172 D/Bitmap  (  719):       Size: 131072 Bytes, Width: 256 , Height: 256 , Hash code: 1079482904
02-13 14:14:26.172 D/Bitmap  (  719):  This bimap was created in:
02-13 14:14:26.172 D/Bitmap  (  719):       android.graphics.Bitmap.<init>(Bitmap.java:136)
02-13 14:14:26.172 D/Bitmap  (  719):       android.graphics.BitmapFactory.nativeDecodeByteArray(Native Method)
02-13 14:14:26.172 D/Bitmap  (  719):       android.graphics.BitmapFactory.decodeByteArray(BitmapFactory.java:405)
02-13 14:14:26.172 D/Bitmap  (  719):       android.graphics.BitmapFactory.decodeByteArray(BitmapFactory.java:418)
02-13 14:14:26.172 D/Bitmap  (  719):       com.sprint.zone.data.DbAdapter.cursorToFeature(DbAdapter.java:1305)
02-13 14:14:26.172 D/Bitmap  (  719):       com.sprint.zone.data.DbAdapter.getPageContent(DbAdapter.java:1242)
02-13 14:14:26.172 D/Bitmap  (  719):       com.sprint.zone.data.DbAdapter.loadGlobalContent(DbAdapter.java:1447)
02-13 14:14:26.172 D/Bitmap  (  719):       com.sprint.zone.data.GlobalContent.instance(GlobalContent.java:104)
02-13 14:14:26.172 D/Bitmap  (  719):       com.sprint.zone.Zone.onCreate(Zone.java:35)
02-13 14:14:26.172 D/Bitmap  (  719):       com.sprint.zone.sprint.SprintZone.onCreate(SprintZone.java:10)
02-13 14:14:26.172 D/Bitmap  (  719):       android.app.Instrumentation.callApplicationOnCreate(Instrumentation.java:969)
02-13 14:14:26.172 D/Bitmap  (  719):       android.app.ActivityThread.handleBindApplication(ActivityThread.java:3293)
02-13 14:14:26.172 D/Bitmap  (  719):       android.app.ActivityThread.access$2200(ActivityThread.java:123)
02-13 14:14:26.172 D/Bitmap  (  719):       android.app.ActivityThread$H.handleMessage(ActivityThread.java:986)
02-13 14:14:26.172 D/Bitmap  (  719):       android.os.Handler.dispatchMessage(Handler.java:99)
02-13 14:14:26.172 D/Bitmap  (  719):       android.os.Looper.loop(Looper.java:130)
02-13 14:14:26.172 D/Bitmap  (  719):       android.app.ActivityThread.main(ActivityThread.java:3704)
02-13 14:14:26.172 D/Bitmap  (  719):       java.lang.reflect.Method.invokeNative(Native Method)
02-13 14:14:26.172 D/Bitmap  (  719):       java.lang.reflect.Method.invoke(Method.java:507)
02-13 14:14:26.172 D/Bitmap  (  719):       com.android.internal.os.ZygoteInit$MethodAndArgsCaller.run(ZygoteInit.java:875)
02-13 14:14:26.172 D/Bitmap  (  719):       com.android.internal.os.ZygoteInit.main(ZygoteInit.java:633)
02-13 14:14:26.172 D/Bitmap  (  719):       dalvik.system.NativeStart.main(Native Method)
02-13 14:14:26.172 D/Bitmap  (  719): _
02-13 14:14:26.172 D/Bitmap  (  719): Detect unrecycled bitmap.
02-13 14:14:26.172 D/Bitmap  (  719):       Size: 1048576 Bytes, Width: 512 , Height: 512 , Hash code: 1079709984
02-13 14:14:26.172 D/Bitmap  (  719):  This bimap was created in:
02-13 14:14:26.172 D/Bitmap  (  719):       android.graphics.Bitmap.<init>(Bitmap.java:136)
02-13 14:14:26.172 D/Bitmap  (  719):       android.graphics.BitmapFactory.nativeDecodeByteArray(Native Method)
02-13 14:14:26.172 D/Bitmap  (  719):       android.graphics.BitmapFactory.decodeByteArray(BitmapFactory.java:405)
02-13 14:14:26.172 D/Bitmap  (  719):       android.graphics.BitmapFactory.decodeByteArray(BitmapFactory.java:418)
02-13 14:14:26.172 D/Bitmap  (  719):       com.sprint.zone.data.DbAdapter.cursorToFeature(DbAdapter.java:1305)
02-13 14:14:26.172 D/Bitmap  (  719):       com.sprint.zone.data.DbAdapter.getPageContent(DbAdapter.java:1242)
02-13 14:14:26.172 D/Bitmap  (  719):       com.sprint.zone.data.DbAdapter.loadGlobalContent(DbAdapter.java:1447)
02-13 14:14:26.172 D/Bitmap  (  719):       com.sprint.zone.data.GlobalContent.instance(GlobalContent.java:104)
02-13 14:14:26.172 D/Bitmap  (  719):       com.sprint.zone.Zone.onCreate(Zone.java:35)
02-13 14:14:26.172 D/Bitmap  (  719):       com.sprint.zone.sprint.SprintZone.onCreate(SprintZone.java:10)
02-13 14:14:26.172 D/Bitmap  (  719):       android.app.Instrumentation.callApplicationOnCreate(Instrumentation.java:969)
02-13 14:14:26.172 D/Bitmap  (  719):       android.app.ActivityThread.handleBindApplication(ActivityThread.java:3293)
02-13 14:14:26.172 D/Bitmap  (  719):       android.app.ActivityThread.access$2200(ActivityThread.java:123)
02-13 14:14:26.172 D/Bitmap  (  719):       android.app.ActivityThread$H.handleMessage(ActivityThread.java:986)
02-13 14:14:26.172 D/Bitmap  (  719):       android.os.Handler.dispatchMessage(Handler.java:99)
02-13 14:14:26.172 D/Bitmap  (  719):       android.os.Looper.loop(Looper.java:130)
02-13 14:14:26.172 D/Bitmap  (  719):       android.app.ActivityThread.main(ActivityThread.java:3704)
02-13 14:14:26.172 D/Bitmap  (  719):       java.lang.reflect.Method.invokeNative(Native Method)
02-13 14:14:26.172 D/Bitmap  (  719):       java.lang.reflect.Method.invoke(Method.java:507)
02-13 14:14:26.172 D/Bitmap  (  719):       com.android.internal.os.ZygoteInit$MethodAndArgsCaller.run(ZygoteInit.java:875)
02-13 14:14:26.172 D/Bitmap  (  719):       com.android.internal.os.ZygoteInit.main(ZygoteInit.java:633)
02-13 14:14:26.172 D/Bitmap  (  719):       dalvik.system.NativeStart.main(Native Method)
02-13 14:14:26.172 D/Bitmap  (  719): _
02-13 14:14:26.172 D/Bitmap  (  719): Detect unrecycled bitmap.
02-13 14:14:26.172 D/Bitmap  (  719):       Size: 1048576 Bytes, Width: 512 , Height: 512 , Hash code: 1079188680
02-13 14:14:26.172 D/Bitmap  (  719):  This bimap was created in:
02-13 14:14:26.172 D/Bitmap  (  719):       android.graphics.Bitmap.<init>(Bitmap.java:136)
02-13 14:14:26.172 D/Bitmap  (  719):       android.graphics.BitmapFactory.nativeDecodeByteArray(Native Method)
02-13 14:14:26.172 D/Bitmap  (  719):       android.graphics.BitmapFactory.decodeByteArray(BitmapFactory.java:405)
02-13 14:14:26.172 D/Bitmap  (  719):       android.graphics.BitmapFactory.decodeByteArray(BitmapFactory.java:418)
02-13 14:14:26.172 D/Bitmap  (  719):       com.sprint.zone.data.DbAdapter.cursorToFeature(DbAdapter.java:1305)
02-13 14:14:26.172 D/Bitmap  (  719):       com.sprint.zone.data.DbAdapter.getPageContent(DbAdapter.java:1242)
02-13 14:14:26.172 D/Bitmap  (  719):       com.sprint.zone.data.DbAdapter.loadGlobalContent(DbAdapter.java:1447)
02-13 14:14:26.172 D/Bitmap  (  719):       com.sprint.zone.data.GlobalContent.instance(GlobalContent.java:104)
02-13 14:14:26.172 D/Bitmap  (  719):       com.sprint.zone.Zone.onCreate(Zone.java:35)
02-13 14:14:26.172 D/Bitmap  (  719):       com.sprint.zone.sprint.SprintZone.onCreate(SprintZone.java:10)
02-13 14:14:26.172 D/Bitmap  (  719):       android.app.Instrumentation.callApplicationOnCreate(Instrumentation.java:969)
02-13 14:14:26.172 D/Bitmap  (  719):       android.app.ActivityThread.handleBindApplication(ActivityThread.java:3293)
02-13 14:14:26.172 D/Bitmap  (  719):       android.app.ActivityThread.access$2200(ActivityThread.java:123)
02-13 14:14:26.172 D/Bitmap  (  719):       android.app.ActivityThread$H.handleMessage(ActivityThread.java:986)
02-13 14:14:26.172 D/Bitmap  (  719):       android.os.Handler.dispatchMessage(Handler.java:99)
02-13 14:14:26.172 D/Bitmap  (  719):       android.os.Looper.loop(Looper.java:130)
02-13 14:14:26.172 D/Bitmap  (  719):       android.app.ActivityThread.main(ActivityThread.java:3704)
02-13 14:14:26.172 D/Bitmap  (  719):       java.lang.reflect.Method.invokeNative(Native Method)
02-13 14:14:26.172 D/Bitmap  (  719):       java.lang.reflect.Method.invoke(Method.java:507)
02-13 14:14:26.172 D/Bitmap  (  719):       com.android.internal.os.ZygoteInit$MethodAndArgsCaller.run(ZygoteInit.java:875)
02-13 14:14:26.172 D/Bitmap  (  719):       com.android.internal.os.ZygoteInit.main(ZygoteInit.java:633)
02-13 14:14:26.172 D/Bitmap  (  719):       dalvik.system.NativeStart.main(Native Method)
02-13 14:14:26.172 D/Bitmap  (  719): _
02-13 14:14:26.172 D/Bitmap  (  719): Detect unrecycled bitmap.
02-13 14:14:26.172 D/Bitmap  (  719):       Size: 48400 Bytes, Width: 110 , Height: 110 , Hash code: 1079740024
02-13 14:14:26.172 D/Bitmap  (  719):  This bimap was created in:
02-13 14:14:26.172 D/Bitmap  (  719):       android.graphics.Bitmap.<init>(Bitmap.java:136)
02-13 14:14:26.172 D/Bitmap  (  719):       android.graphics.BitmapFactory.nativeDecodeByteArray(Native Method)
02-13 14:14:26.172 D/Bitmap  (  719):       android.graphics.BitmapFactory.decodeByteArray(BitmapFactory.java:405)
02-13 14:14:26.172 D/Bitmap  (  719):       android.graphics.BitmapFactory.decodeByteArray(BitmapFactory.java:418)
02-13 14:14:26.172 D/Bitmap  (  719):       com.sprint.zone.data.DbAdapter.cursorToFeature(DbAdapter.java:1305)
02-13 14:14:26.172 D/Bitmap  (  719):       com.sprint.zone.data.DbAdapter.getPageContent(DbAdapter.java:1242)
02-13 14:14:26.172 D/Bitmap  (  719):       com.sprint.zone.data.DbAdapter.loadGlobalContent(DbAdapter.java:1447)
02-13 14:14:26.172 D/Bitmap  (  719):       com.sprint.zone.data.GlobalContent.instance(GlobalContent.java:104)
02-13 14:14:26.172 D/Bitmap  (  719):       com.sprint.zone.Zone.onCreate(Zone.java:35)
02-13 14:14:26.172 D/Bitmap  (  719):       com.sprint.zone.sprint.SprintZone.onCreate(SprintZone.java:10)
02-13 14:14:26.172 D/Bitmap  (  719):       android.app.Instrumentation.callApplicationOnCreate(Instrumentation.java:969)
02-13 14:14:26.172 D/Bitmap  (  719):       android.app.ActivityThread.handleBindApplication(ActivityThread.java:3293)
02-13 14:14:26.172 D/Bitmap  (  719):       android.app.ActivityThread.access$2200(ActivityThread.java:123)
02-13 14:14:26.172 D/Bitmap  (  719):       android.app.ActivityThread$H.handleMessage(ActivityThread.java:986)
02-13 14:14:26.172 D/Bitmap  (  719):       android.os.Handler.dispatchMessage(Handler.java:99)
02-13 14:14:26.172 D/Bitmap  (  719):       android.os.Looper.loop(Looper.java:130)
02-13 14:14:26.172 D/Bitmap  (  719):       android.app.ActivityThread.main(ActivityThread.java:3704)
02-13 14:14:26.172 D/Bitmap  (  719):       java.lang.reflect.Method.invokeNative(Native Method)
02-13 14:14:26.172 D/Bitmap  (  719):       java.lang.reflect.Method.invoke(Method.java:507)
02-13 14:14:26.172 D/Bitmap  (  719):       com.android.internal.os.ZygoteInit$MethodAndArgsCaller.run(ZygoteInit.java:875)
02-13 14:14:26.172 D/Bitmap  (  719):       com.android.internal.os.ZygoteInit.main(ZygoteInit.java:633)
02-13 14:14:26.172 D/Bitmap  (  719):       dalvik.system.NativeStart.main(Native Method)
02-13 14:14:26.172 D/Bitmap  (  719): _
02-13 14:14:26.242 D/UploadsManager(  682): FsId changed! -399509006
02-13 14:14:26.402 D/PicasaSyncManager(  682): battery info: false
02-13 14:14:26.483 D/UploadsManager(  682): fsid not changed
02-13 14:14:26.733 D/VoiceDialerReceiver(  727): onReceive Intent { act=android.intent.action.PACKAGE_CHANGED dat=package:com.google.android.apps.maps flg=0x10000000 cmp=com.android.voicedialer/.VoiceDialerReceiver (has extras) }
02-13 14:14:26.903 I/ActivityThread(  734): Pub com.google.android.finsky.RecentSuggestionsProvider: com.google.android.finsky.providers.RecentSuggestionsProvider
02-13 14:14:27.093 D/AlarmManager(  256): +++Alarm set:type=0 com.android.providers.calendar  Trigger after:79259720ms
02-13 14:14:27.283 D/Finsky  (  734): [1] SanityChecker.run: # LocalAssets corrected : 0
02-13 14:14:27.283 D/Finsky  (  734): Sanity check took : 31 ms
02-13 14:14:27.303 D/VoiceDialerReceiver(  727): onReceive Intent { act=android.intent.action.PACKAGE_CHANGED dat=package:com.android.vending flg=0x10000000 cmp=com.android.voicedialer/.VoiceDialerReceiver (has extras) }
02-13 14:14:27.313 D/Gallery3D(  697): [BootReceiver]: Got intent with action android.intent.action.MEDIA_SCANNER_FINISHED
02-13 14:14:27.333 D/VoiceDialerReceiver(  727): onReceive Intent { act=android.intent.action.PACKAGE_CHANGED dat=package:com.google.android.apps.books flg=0x10000000 cmp=com.android.voicedialer/.VoiceDialerReceiver (has extras) }
02-13 14:14:27.654 D/Launcher(  364): onSaveInstanceState
02-13 14:14:27.654 D/Launcher(  364): Dissmis Preview for view :null ID:2131230735
02-13 14:14:27.654 D/Launcher(  364): Dissmis Preview for view :null ID:2131230736
02-13 14:14:27.654 D/Launcher(  364): Dissmis Preview for view :null ID:2131230739
02-13 14:14:27.654 D/Launcher(  364): Dissmis Preview for view :null ID:2131230741
02-13 14:14:27.694 I/MediaScanner(  517): doScanFile the temppath: /mnt/sdcard/DCIM/100SSMED/SSPX0000.3G2
02-13 14:14:27.704 D/KeyguardViewMediator(  256): setHidden false
02-13 14:14:27.704 I/hubo    (  256): Activity {com.google.android.apps.maps/com.google.googlenav.login.AndroidLoginActivitySdk5}
02-13 14:14:27.744 D/MetricsUtils(  682): [QUERY content://com.google.android.apps.plus.content.EsGooglePhotoProvider/settings query-result:1 time:154]
02-13 14:14:27.754 D/PicasaSyncManager(  682): reject MetadataSyncTask (*****************) for wifi connection
02-13 14:14:27.764 D/Finsky  (  734): [22] DownloadRecords.initializeAndPrune: Pruned 0 old downloads from the cursor.
02-13 14:14:27.804 I/MediaScanner(  517): doScanFile the temppath: /mnt/sdcard/DCIM/100SSMED/SSPX0001.3G2
02-13 14:14:27.804 I/MediaScanner(  517): doScanFile the temppath: /mnt/sdcard/DCIM/100SSMED/SSPX0002.3G2
02-13 14:14:27.804 I/MediaScanner(  517): doScanFile the temppath: /mnt/sdcard/DCIM/100SSMED/SSPX0003.3G2
02-13 14:14:27.814 I/MediaScanner(  517): doScanFile the temppath: /mnt/sdcard/DCIM/100SSMED/SSPX0004.3G2
02-13 14:14:27.834 I/MediaScanner(  517): doScanFile the temppath: /mnt/sdcard/DCIM/100SSMED/SSPX0007.3G2
02-13 14:14:27.834 I/MediaScanner(  517): doScanFile the temppath: /mnt/sdcard/DCIM/100SSMED/SSPX0008.3G2
02-13 14:14:27.844 I/MediaScanner(  517): doScanFile the temppath: /mnt/sdcard/DCIM/100SSMED/SSPX0011.JPG
02-13 14:14:27.854 I/MediaScanner(  517): doScanFile the temppath: /mnt/sdcard/DCIM/100SSMED/SSPX0012.JPG
02-13 14:14:27.854 I/MediaScanner(  517): doScanFile the temppath: /mnt/sdcard/DCIM/100SSMED/SSPX0009.3G2
02-13 14:14:27.854 I/MediaScanner(  517): doScanFile the temppath: /mnt/sdcard/DCIM/100SSMED/SSPX0010.3G2
02-13 14:14:27.854 I/MediaScanner(  517): doScanFile the temppath: /mnt/sdcard/DCIM/100SSMED/SSPX0013.JPG
02-13 14:14:27.854 I/MediaScanner(  517): doScanFile the temppath: /mnt/sdcard/DCIM/100SSMED/SSPX0014.JPG
02-13 14:14:27.854 I/MediaScanner(  517): doScanFile the temppath: /mnt/sdcard/DCIM/100SSMED/SSPX0015.JPG
02-13 14:14:27.864 I/ActivityThread(  764): Pub com.google.android.maps.LayerInfoProvider: com.google.googlenav.layer.LayerInfoProvider
02-13 14:14:27.874 I/ActivityThread(  764): Pub com.google.android.maps.TrafficAppWidgetProvider: com.google.googlenav.appwidget.traffic.TrafficAppWidgetProvider
02-13 14:14:27.874 I/ActivityThread(  764): Pub com.google.android.maps.SuggestionProvider: com.google.googlenav.suggest.android.SuggestProvider
02-13 14:14:27.894 I/ActivityThread(  764): Pub com.google.android.maps.LocalActivePlacesProvider: com.google.googlenav.provider.LocalActivePlacesProvider
02-13 14:14:27.894 I/ActivityThread(  764): Pub com.google.android.maps.StarredItemProvider: com.google.googlenav.provider.StarredItemProvider
02-13 14:14:27.924 I/MediaScanner(  517): doScanFile the temppath: /mnt/sdcard/DCIM/100SSMED/SSPX0016.JPG
02-13 14:14:27.944 I/MediaScanner(  517): doScanFile the temppath: /mnt/sdcard/DCIM/100SSMED/SSPX0017.3G2
02-13 14:14:27.974 D/KeyguardViewMediator(  256): setHidden false
02-13 14:14:27.974 I/ActivityThread(  764): Pub com.google.android.maps.LocalSuggestionProvider: com.google.googlenav.provider.LocalSuggestionProvider
02-13 14:14:27.974 I/ActivityThread(  764): Pub com.google.android.maps.SearchHistoryProvider: com.google.googlenav.provider.SearchHistoryProvider
02-13 14:14:27.974 I/ActivityThread(  764): Pub com.google.android.maps.NavigationAvailabilityProvider: com.google.googlenav.provider.NavigationAvailabilityProvider
02-13 14:14:27.984 I/MediaScanner(  517): doScanFile the temppath: /mnt/sdcard/DCIM/100SSMED/SSPX0018.JPG
02-13 14:14:27.994 D/KeyguardViewMediator(  256): setHidden false
02-13 14:14:27.994 D/Warhol  (  364): A pack appears to be installed -- skipping Installer
02-13 14:14:28.004 D/KeyguardViewMediator(  256): setHidden false
02-13 14:14:28.004 I/hubo    (  256): Activity {com.android.launcher/com.android.launcher2.Launcher}
02-13 14:14:28.014 I/MediaScanner(  517): doScanFile the temppath: /mnt/sdcard/DCIM/100SSMED/SSPX0019.JPG
02-13 14:14:28.014 I/MediaScanner(  517): doScanFile the temppath: /mnt/sdcard/DCIM/100SSMED/SSPX0020.JPG
02-13 14:14:28.014 I/MediaScanner(  517): doScanFile the temppath: /mnt/sdcard/DCIM/100SSMED/SSPX0021.3G2
02-13 14:14:28.014 I/MediaScanner(  517): doScanFile the temppath: /mnt/sdcard/DCIM/100SSMED/SSPX0022.JPG
02-13 14:14:28.014 I/MediaScanner(  517): doScanFile the temppath: /mnt/sdcard/DCIM/100SSMED/SSPX0023.JPG
02-13 14:14:28.024 I/MediaScanner(  517): doScanFile the temppath: /mnt/sdcard/DCIM/100SSMED/SSPX0024.JPG
02-13 14:14:28.024 I/MediaScanner(  517): doScanFile the temppath: /mnt/sdcard/DCIM/100SSMED/SSPX0025.JPG
02-13 14:14:28.024 I/MediaScanner(  517): doScanFile the temppath: /mnt/sdcard/DCIM/100SSMED/SSPX0026.JPG
02-13 14:14:28.024 I/MediaScanner(  517): doScanFile the temppath: /mnt/sdcard/DCIM/100SSMED/SSPX0027.JPG
02-13 14:14:28.024 I/MediaScanner(  517): doScanFile the temppath: /mnt/sdcard/DCIM/100SSMED/SSPX0028.JPG
02-13 14:14:28.024 I/MediaScanner(  517): doScanFile the temppath: /mnt/sdcard/DCIM/100SSMED/SSPX0029.JPG
02-13 14:14:28.024 I/MediaScanner(  517): doScanFile the temppath: /mnt/sdcard/DCIM/100SSMED/SSPX0030.JPG
02-13 14:14:28.024 I/MediaScanner(  517): doScanFile the temppath: /mnt/sdcard/DCIM/100SSMED/SSPX0031.JPG
02-13 14:14:28.024 I/MediaScanner(  517): doScanFile the temppath: /mnt/sdcard/DCIM/100SSMED/SSPX0032.JPG
02-13 14:14:28.024 I/MediaScanner(  517): doScanFile the temppath: /mnt/sdcard/DCIM/100SSMED/SSPX0033.JPG
02-13 14:14:28.024 I/MediaScanner(  517): doScanFile the temppath: /mnt/sdcard/DCIM/100SSMED/SSPX0034.JPG
02-13 14:14:28.024 I/MediaScanner(  517): doScanFile the temppath: /mnt/sdcard/DCIM/100SSMED/SSPX0035.JPG
02-13 14:14:28.024 I/MediaScanner(  517): doScanFile the temppath: /mnt/sdcard/DCIM/100SSMED/SSPX0036.JPG
02-13 14:14:28.034 I/MediaScanner(  517): doScanFile the temppath: /mnt/sdcard/DCIM/100SSMED/SSPX0037.JPG
02-13 14:14:28.034 I/MediaScanner(  517): doScanFile the temppath: /mnt/sdcard/DCIM/100SSMED/SSPX0038.JPG
02-13 14:14:28.034 I/MediaScanner(  517): doScanFile the temppath: /mnt/sdcard/DCIM/100SSMED/SSPX0039.JPG
02-13 14:14:28.044 I/MediaScanner(  517): doScanFile the temppath: /mnt/sdcard/DCIM/Camera/IMG_20111214_192853.jpg
02-13 14:14:28.044 I/MediaScanner(  517): doScanFile the temppath: /mnt/sdcard/DCIM/Camera/IMG_20111228_171620.jpg
02-13 14:14:28.044 I/MediaScanner(  517): doScanFile the temppath: /mnt/sdcard/DCIM/Camera/IMG_20111228_171634.jpg
02-13 14:14:28.044 I/MediaScanner(  517): doScanFile the temppath: /mnt/sdcard/DCIM/Camera/IMG_20111228_171816.jpg
02-13 14:14:28.044 I/MediaScanner(  517): doScanFile the temppath: /mnt/sdcard/DCIM/Camera/IMG_20111228_171851.jpg
02-13 14:14:28.044 I/MediaScanner(  517): doScanFile the temppath: /mnt/sdcard/DCIM/Camera/IMG_20120202_164723.jpg
02-13 14:14:28.044 I/MediaScanner(  517): doScanFile the temppath: /mnt/sdcard/DCIM/Camera/IMG_20111228_171947.jpg
02-13 14:14:28.044 I/MediaScanner(  517): doScanFile the temppath: /mnt/sdcard/DCIM/Camera/IMG_20120205_184134.jpg
02-13 14:14:28.044 I/MediaScanner(  517): doScanFile the temppath: /mnt/sdcard/DCIM/Camera/IMG_20120205_184427.jpg
02-13 14:14:28.044 I/MediaScanner(  517): doScanFile the temppath: /mnt/sdcard/DCIM/Camera/IMG_20120208_091150.jpg
02-13 14:14:28.044 I/MediaScanner(  517): doScanFile the temppath: /mnt/sdcard/DCIM/Camera/IMG_20120205_184641.jpg
02-13 14:14:28.044 I/MediaScanner(  517): doScanFile the temppath: /mnt/sdcard/DCIM/Camera/IMG_20120205_184650.jpg
02-13 14:14:28.044 I/MediaScanner(  517): doScanFile the temppath: /mnt/sdcard/DCIM/Camera/IMG_20120208_105408.jpg
02-13 14:14:28.044 I/MediaScanner(  517): doScanFile the temppath: /mnt/sdcard/DCIM/Camera/Brandon_y_u_so_QR_Droid.png
02-13 14:14:28.054 I/MediaScanner(  517): doScanFile the temppath: /mnt/sdcard/DCIM/Camera/IMG_20120206_223047.jpg
02-13 14:14:28.054 I/MediaScanner(  517): doScanFile the temppath: /mnt/sdcard/DCIM/Camera/IMG_20120208_110200.jpg
02-13 14:14:28.054 I/MediaScanner(  517): doScanFile the temppath: /mnt/sdcard/DCIM/Camera/IMG_20120208_155542.jpg
02-13 14:14:28.054 I/MediaScanner(  517): doScanFile the temppath: /mnt/sdcard/DCIM/Camera/IMG_20120209_091354.jpg
02-13 14:14:28.054 I/MediaScanner(  517): doScanFile the temppath: /mnt/sdcard/DCIM/Camera/IMG_20120213_084906.jpg
02-13 14:14:28.074 I/MediaScanner(  517): doScanFile the temppath: /mnt/sdcard/download/RecordedMessage1.amr
02-13 14:14:28.074 I/MediaScanner(  517): doScanFile the temppath: /mnt/sdcard/download/RecordedMessage2.amr
02-13 14:14:28.074 I/MediaScanner(  517): doScanFile the temppath: /mnt/sdcard/download/RecordedMessage1-1.amr
02-13 14:14:28.074 I/MediaScanner(  517): doScanFile the temppath: /mnt/sdcard/download/RecordedMessage1-2.amr
02-13 14:14:28.074 I/MediaScanner(  517): doScanFile the temppath: /mnt/sdcard/download/378964_2629079119276_1024278583_32259313_1827078327_n.jpg
02-13 14:14:28.074 I/MediaScanner(  517): doScanFile the temppath: /mnt/sdcard/download/387203_2496428683098_1024278583_32210847_1187735892_n.jpg
02-13 14:14:28.074 I/MediaScanner(  517): doScanFile the temppath: /mnt/sdcard/download/390966_10150448324446855_653361854_8441084_1378165890_n.jpg
02-13 14:14:28.074 I/MediaScanner(  517): doScanFile the temppath: /mnt/sdcard/recordings/20111216201543.amr
02-13 14:14:28.074 I/MediaScanner(  517): doScanFile the temppath: /mnt/sdcard/recordings/20120208160047.amr
02-13 14:14:28.074 I/MediaScanner(  517): doScanFile the temppath: /mnt/sdcard/Notifications/hangout_ringtone.m4a
02-13 14:14:28.084 E/PVMediaScanner(  517): processFile /mnt/sdcard/Notifications/hangout_ringtone.m4a mimeType: (null)
02-13 14:14:28.084 E/PVMediaScanner(  517): Start to test wheater the file is drm file = /mnt/sdcard/Notifications/hangout_ringtone.m4a
02-13 14:14:28.084 E/PVMediaScanner(  517): Start pfnDrmAPI_IsProtectedFile is good result =0
02-13 14:14:28.084 E/PVMediaScanner(  517): File is not a drm file.
02-13 14:14:28.084 E/PVMediaScanner(  517): parseMP4::parseMP4 returned
02-13 14:14:28.114 E/PVMediaScanner(  517): mp4 error code is (95).
02-13 14:14:28.114 E/PVMediaScanner(  517): mp4 drm brand is (1295270176).
02-13 14:14:28.114 E/PVMediaScanner(  517): mp4 drm count is (1).
02-13 14:14:28.114 E/PVMediaScanner(  517): mp4 MEDIA_TYPE_AUDIO  hasAudio.
02-13 14:14:28.114 E/PVMediaScanner(  517): mp4 error hasAudio is (1),hasVideo is 0
02-13 14:14:28.114 E/PVMediaScanner(  517): mp4 MEDIA_TYPE_VISUAL  brand = 0
02-13 14:14:28.114 E/PVMediaScanner(  517): mp4 audio/mp4 
02-13 14:14:28.114 E/MediaScanner(  517): mp4 drm  setMimeType mimeType is (audio/mp4).
02-13 14:14:28.114 E/MediaScanner(  517): mp4 drm  setMimeType ret is (1).
02-13 14:14:28.114 E/PVMediaScanner(  517): mp4 result is 1 
02-13 14:14:28.234 I/MediaScanner(  517): doScanFile the temppath: /mnt/sdcard/bluetooth/04 10,000 Reasons (Bless the Lord).mp3
02-13 14:14:28.234 I/MediaScanner(  517): doScanFile the temppath: /mnt/sdcard/bluetooth/01 FOSS.mp3
02-13 14:14:28.234 I/MediaScanner(  517): doScanFile the temppath: /mnt/sdcard/bluetooth/02 1000 miles.mp3
02-13 14:14:28.234 I/MediaScanner(  517): doScanFile the temppath: /mnt/sdcard/bluetooth/03 pink rolex.mp3
02-13 14:14:28.234 I/MediaScanner(  517): doScanFile the temppath: /mnt/sdcard/bluetooth/04 melt.mp3
02-13 14:14:28.244 I/MediaScanner(  517): doScanFile the temppath: /mnt/sdcard/bluetooth/05 tonight.mp3
02-13 14:14:28.244 I/MediaScanner(  517): doScanFile the temppath: /mnt/sdcard/bluetooth/06 polyrhythm winter.mp3
02-13 14:14:28.244 I/MediaScanner(  517): doScanFile the temppath: /mnt/sdcard/bluetooth/07 狂.mp3
02-13 14:14:28.244 I/MediaScanner(  517): doScanFile the temppath: /mnt/sdcard/bluetooth/08 eighty six.mp3
02-13 14:14:28.244 I/MediaScanner(  517): doScanFile the temppath: /mnt/sdcard/bluetooth/09 crying.mp3
02-13 14:14:28.244 I/MediaScanner(  517): doScanFile the temppath: /mnt/sdcard/bluetooth/10 mimic.mp3
02-13 14:14:28.254 I/MediaScanner(  517): doScanFile the temppath: /mnt/sdcard/bluetooth/11 1-4.mp3
02-13 14:14:28.254 I/MediaScanner(  517): doScanFile the temppath: /mnt/sdcard/bluetooth/12 GSMD.mp3
02-13 14:14:28.254 I/MediaScanner(  517): doScanFile the temppath: /mnt/sdcard/bluetooth/13 temptation.mp3
02-13 14:14:28.254 I/MediaScanner(  517): doScanFile the temppath: /mnt/sdcard/bluetooth/14 give up - 日本盤 Bonus Track -.mp3
02-13 14:14:28.254 I/MediaScanner(  517): doScanFile the temppath: /mnt/sdcard/bluetooth/15 empty mind - 日本盤 Bonus Track -.mp3
02-13 14:14:28.294 I/MediaScanner(  517): doScanFile the temppath: /mnt/sdcard/media/audio/notifications/facebook_ringtone_pop.m4a
02-13 14:14:28.304 I/MediaScanner(  517): doScanFile the temppath: /mnt/sdcard/QrDroid/Brandon_y_u_so_QR_Droid.png
02-13 14:14:28.314 I/MediaScanner(  517): doScanFile the temppath: /mnt/sdcard/QrDroid/tmp/QR_Droid_86567.png
02-13 14:14:28.314 I/MediaScanner(  517): doScanFile the temppath: /mnt/sdcard/QrDroid/tmp/QR_Droid_14960.png
02-13 14:14:28.314 I/MediaScanner(  517): doScanFile the temppath: /mnt/sdcard/QrDroid/tmp/QR_Droid_78866.png
02-13 14:14:28.324 I/MediaScanner(  517): doScanFile the temppath: /mnt/sdcard/Nicholas Seron/Audio Files/Project 3.wav
02-13 14:14:28.324 I/MediaScanner(  517): doScanFile the temppath: /mnt/sdcard/Nicholas Seron/Audio Files/._Project 3.wav
02-13 14:14:28.454 I/MediaScanner(  517): doScanFile the temppath: /mnt/sdcard/JCCC Music Composition/._BlaBlaBlaHuaa.mp3
02-13 14:14:28.454 I/MediaScanner(  517): doScanFile the temppath: /mnt/sdcard/JCCC Music Composition/._Brandon Smith Project II 1.mp3
02-13 14:14:28.454 I/MediaScanner(  517): doScanFile the temppath: /mnt/sdcard/JCCC Music Composition/._Swamps of Light.mp3
02-13 14:14:28.454 I/MediaScanner(  517): doScanFile the temppath: /mnt/sdcard/JCCC Music Composition/BlaBlaBlaHuaa.mp3
02-13 14:14:28.454 I/MediaScanner(  517): doScanFile the temppath: /mnt/sdcard/JCCC Music Composition/Brandon Smith Project II 1.mp3
02-13 14:14:28.464 I/MediaScanner(  517): doScanFile the temppath: /mnt/sdcard/JCCC Music Composition/Swamps of Light.mp3
02-13 14:14:28.464 I/MediaScanner(  517): doScanFile the temppath: /mnt/sdcard/05 If you don't know what to do just -by- C418.mp3
02-13 14:14:28.464 I/MediaScanner(  517): doScanFile the temppath: /mnt/sdcard/01 Too Soon -by- Benjamin Briggs.mp3
02-13 14:14:28.464 I/MediaScanner(  517): doScanFile the temppath: /mnt/sdcard/02 Shine -by- Mint Julep.mp3
02-13 14:14:28.464 I/MediaScanner(  517): doScanFile the temppath: /mnt/sdcard/03 Seagulls Screaming Kiss Her, Kiss -by- Dead Child Star.mp3
02-13 14:14:28.464 I/MediaScanner(  517): doScanFile the temppath: /mnt/sdcard/04 A lot of People Cutting Grass on -by- Lullatone.mp3
02-13 14:14:28.464 I/MediaScanner(  517): doScanFile the temppath: /mnt/sdcard/06 Miss It So Much -by- Röyksopp.mp3
02-13 14:14:28.474 I/MediaScanner(  517): doScanFile the temppath: /mnt/sdcard/07 Invisible Waves -by- Mint Julep.mp3
02-13 14:14:28.474 I/MediaScanner(  517): doScanFile the temppath: /mnt/sdcard/08 No but Yes -by- C418.mp3
02-13 14:14:28.474 I/MediaScanner(  517): doScanFile the temppath: /mnt/sdcard/09 Ah, It Was in the Garage After Al -by- Lullatone.mp3
02-13 14:14:28.474 I/MediaScanner(  517): doScanFile the temppath: /mnt/sdcard/10 depado -by- C418.mp3
02-13 14:14:28.474 D/MediaScanner(  517):  prescan time: 1551ms
02-13 14:14:28.474 D/MediaScanner(  517):     scan time: 871ms
02-13 14:14:28.474 D/MediaScanner(  517): postscan time: 1ms
02-13 14:14:28.474 D/MediaScanner(  517):    total time: 2423ms
02-13 14:14:28.484 D/Gallery3D(  697): [BootReceiver]: Got intent with action android.intent.action.MEDIA_SCANNER_FINISHED
02-13 14:14:28.494 D/MediaScannerService(  517): done scanning volume external
02-13 14:14:28.515 D/UploadsManager(  682): FsId changed! -399509006
02-13 14:14:28.585 D/UploadsManager(  682): fsid not changed
02-13 14:14:28.605 I/MediaScanner(  517): doScanFile the temppath: /mnt/sdcard/Notifications/hangout_ringtone.m4a
02-13 14:14:28.605 E/PVMediaScanner(  517): processFile /mnt/sdcard/Notifications/hangout_ringtone.m4a mimeType: (null)
02-13 14:14:28.605 E/PVMediaScanner(  517): Start to test wheater the file is drm file = /mnt/sdcard/Notifications/hangout_ringtone.m4a
02-13 14:14:28.605 E/PVMediaScanner(  517): Start pfnDrmAPI_IsProtectedFile is good result =0
02-13 14:14:28.605 E/PVMediaScanner(  517): File is not a drm file.
02-13 14:14:28.605 E/PVMediaScanner(  517): parseMP4::parseMP4 returned
02-13 14:14:28.605 E/PVMediaScanner(  517): mp4 error code is (95).
02-13 14:14:28.605 E/PVMediaScanner(  517): mp4 drm brand is (1295270176).
02-13 14:14:28.605 E/PVMediaScanner(  517): mp4 drm count is (1).
02-13 14:14:28.605 E/PVMediaScanner(  517): mp4 MEDIA_TYPE_AUDIO  hasAudio.
02-13 14:14:28.605 E/PVMediaScanner(  517): mp4 error hasAudio is (1),hasVideo is 0
02-13 14:14:28.605 E/PVMediaScanner(  517): mp4 MEDIA_TYPE_VISUAL  brand = 0
02-13 14:14:28.605 E/PVMediaScanner(  517): mp4 audio/mp4 
02-13 14:14:28.605 E/MediaScanner(  517): mp4 drm  setMimeType mimeType is (audio/mp4).
02-13 14:14:28.605 E/MediaScanner(  517): mp4 drm  setMimeType ret is (1).
02-13 14:14:28.605 E/PVMediaScanner(  517): mp4 result is 1 
02-13 14:14:28.765 I/MediaStoreImporter(  706): Update: incremental Added music: 0 Updated music: 0 Deleted music: 0 Created playlists: 0 Updated playlists: 0 Deleted playlists: 0 Inserted playlist items: 0 Deleted playlist items: 0 Removed orphaned playlist items: 0
02-13 14:14:29.135 D/DATA    (  344): [DSST(0)] pollstate() : reason = data network state changed
02-13 14:14:29.175 D/CallManager(  344):  handleMessage (EVENT_SERVICE_STATE_CHANGED)
02-13 14:14:29.175 E/BT HS/HF(  344): SERVICE_STATE_CHANGED called
02-13 14:14:29.175 E/BT HS/HF(  344): updateServiceState called, sendUpdate:false  ServiceState:0 home Sprint  310099  1xRTT CSS not supported 41 4139RoamInd: 1RoamStatus(sprint): 1DefRoamInd: 160EmergOnly: false
02-13 14:14:29.175 E/BT HS/HF(  344): service:1 mService:1
02-13 14:14:29.175 D/DATA    (  344): [DSST(0)]  registrationState = 1  radioTechnology = 8 reasonForDenial = 0
02-13 14:14:29.175 D/DATA    (  344): [DSST(0)]  set mNewDataConnectionState = 0
02-13 14:14:29.175 D/DATA    (  344): [DSST(0)]  mNewDataConnectionState : 0  mDataConnectionState : 0
02-13 14:14:29.175 D/DATA    (  344): [DSST(0)] Poll ServiceState done: oldSS=[0 home null null null  1xRTT CSS not supported -1 -1RoamInd: -1RoamStatus(sprint): -1DefRoamInd: -1EmergOnly: false] newSS=[0 home null null null  EvDo rev. A CSS not supported -1 -1RoamInd: -1RoamStatus(sprint): -1DefRoamInd: -1EmergOnly: false]
02-13 14:14:29.175 D/DATA    (  344): [DSST(0)]  mDataConnectionState = 0
02-13 14:14:29.195 D/CallManager(  344):  handleMessage (EVENT_SERVICE_STATE_CHANGED)
02-13 14:14:29.195 E/BT HS/HF(  344): SERVICE_STATE_CHANGED called
02-13 14:14:29.195 E/BT HS/HF(  344): updateServiceState called, sendUpdate:false  ServiceState:0 home Sprint  310099  EvDo rev. A CSS not supported 41 4139RoamInd: 1RoamStatus(sprint): 1DefRoamInd: 160EmergOnly: false
02-13 14:14:29.195 E/BT HS/HF(  344): service:1 mService:1
02-13 14:14:29.195 D/Phone   (  344): [PhoneNotifier] [DefaultPhoneNotifier] : default, INET, CONNECTING
02-13 14:14:29.205 I/TelephonyRegistry(  256): notifyDataConnection: state=1 isDataConnectivityPossible=true reason=radioTechnologyChanged interfaceName=null networkType=6 apnType=default apn=null
02-13 14:14:29.205 I/TelephonyRegistry(  256): +++broadcastDataConnectionStateChanged
02-13 14:14:29.205 I/TelephonyRegistry(  256): +++sendStickyBroadcast
02-13 14:14:29.205 D/Phone   (  344): [PhoneNotifier] [DefaultPhoneNotifier] : default, INET6, DISCONNECTED
02-13 14:14:29.205 I/TelephonyRegistry(  256): notifyDataConnection: state=0 isDataConnectivityPossible=true reason=radioTechnologyChanged interfaceName=null networkType=6 apnType=default apn=null
02-13 14:14:29.205 I/TelephonyRegistry(  256): +++broadcastDataConnectionStateChanged
02-13 14:14:29.205 I/TelephonyRegistry(  256): +++sendStickyBroadcast
02-13 14:14:29.205 D/Phone   (  344): [PhoneNotifier] [DefaultPhoneNotifier] : mms, INET, DISCONNECTED
02-13 14:14:29.215 I/TelephonyRegistry(  256): notifyDataConnection: state=0 isDataConnectivityPossible=true reason=radioTechnologyChanged interfaceName=null networkType=6 apnType=mms apn=null
02-13 14:14:29.215 I/TelephonyRegistry(  256): +++broadcastDataConnectionStateChanged
02-13 14:14:29.215 I/TelephonyRegistry(  256): +++sendStickyBroadcast
02-13 14:14:29.215 D/Phone   (  344): [PhoneNotifier] [DefaultPhoneNotifier] : mms, INET6, DISCONNECTED
02-13 14:14:29.215 I/TelephonyRegistry(  256): notifyDataConnection: state=0 isDataConnectivityPossible=true reason=radioTechnologyChanged interfaceName=null networkType=6 apnType=mms apn=null
02-13 14:14:29.215 I/TelephonyRegistry(  256): +++broadcastDataConnectionStateChanged
02-13 14:14:29.215 I/TelephonyRegistry(  256): +++sendStickyBroadcast
02-13 14:14:29.215 D/Phone   (  344): [PhoneNotifier] [DefaultPhoneNotifier] : supl, INET, DISCONNECTED
02-13 14:14:29.225 D/MobileDataStateTracker(  256): [hipri]  MobileDataStateReceiver onReceive(): Entry.
02-13 14:14:29.225 D/MobileDataStateTracker(  256): [hipri]  intent.getAction()= android.intent.action.SERVICE_STATE
02-13 14:14:29.225 D/MobileDataStateTracker(  256): [hipri]  mEnabled = false
02-13 14:14:29.225 D/MobileDataStateTracker(  256): [hipri] subType changed, oldSubtype = 7new subtype = 6
02-13 14:14:29.225 D/MobileDataStateTracker(  256): [dun]  MobileDataStateReceiver onReceive(): Entry.
02-13 14:14:29.225 D/MobileDataStateTracker(  256): [dun]  intent.getAction()= android.intent.action.SERVICE_STATE
02-13 14:14:29.225 D/MobileDataStateTracker(  256): [dun]  mEnabled = false
02-13 14:14:29.225 I/TelephonyRegistry(  256): notifyDataConnection: state=0 isDataConnectivityPossible=true reason=radioTechnologyChanged interfaceName=null networkType=6 apnType=supl apn=null
02-13 14:14:29.225 I/TelephonyRegistry(  256): +++broadcastDataConnectionStateChanged
02-13 14:14:29.235 D/MobileDataStateTracker(  256): [dun] subType changed, oldSubtype = 7new subtype = 6
02-13 14:14:29.235 D/MobileDataStateTracker(  256): [supl]  MobileDataStateReceiver onReceive(): Entry.
02-13 14:14:29.235 D/MobileDataStateTracker(  256): [supl]  intent.getAction()= android.intent.action.SERVICE_STATE
02-13 14:14:29.235 D/MobileDataStateTracker(  256): [supl]  mEnabled = false
02-13 14:14:29.235 D/MobileDataStateTracker(  256): [supl] subType changed, oldSubtype = 7new subtype = 6
02-13 14:14:29.235 D/MobileDataStateTracker(  256): [mms]  MobileDataStateReceiver onReceive(): Entry.
02-13 14:14:29.235 D/MobileDataStateTracker(  256): [mms]  intent.getAction()= android.intent.action.SERVICE_STATE
02-13 14:14:29.235 D/MobileDataStateTracker(  256): [mms]  mEnabled = false
02-13 14:14:29.235 D/MobileDataStateTracker(  256): [mms] subType changed, oldSubtype = 7new subtype = 6
02-13 14:14:29.235 D/MobileDataStateTracker(  256): [default]  MobileDataStateReceiver onReceive(): Entry.
02-13 14:14:29.235 D/MobileDataStateTracker(  256): [default]  intent.getAction()= android.intent.action.SERVICE_STATE
02-13 14:14:29.235 D/MobileDataStateTracker(  256): [default]  mEnabled = true
02-13 14:14:29.245 D/MobileDataStateTracker(  256): [default] subType changed, oldSubtype = 7new subtype = 6
02-13 14:14:29.245 I/TelephonyRegistry(  256): +++sendStickyBroadcast
02-13 14:14:29.245 D/MobileDataStateTracker(  256): [hipri]  MobileDataStateReceiver onReceive(): Entry.
02-13 14:14:29.245 D/MobileDataStateTracker(  256): [hipri]  intent.getAction()= android.intent.action.ANY_DATA_STATE
02-13 14:14:29.245 D/MobileDataStateTracker(  256): [hipri]  mEnabled = false
02-13 14:14:29.245 D/MobileDataStateTracker(  256): [hipri]  apnTypeList = mms
02-13 14:14:29.245 D/MobileDataStateTracker(  256): [hipri]  unavailable = false
02-13 14:14:29.245 D/MobileDataStateTracker(  256): [hipri] Do not process intents if disabled.
02-13 14:14:29.245 D/MobileDataStateTracker(  256): [dun]  MobileDataStateReceiver onReceive(): Entry.
02-13 14:14:29.245 D/MobileDataStateTracker(  256): [dun]  intent.getAction()= android.intent.action.ANY_DATA_STATE
02-13 14:14:29.245 D/MobileDataStateTracker(  256): [dun]  mEnabled = false
02-13 14:14:29.245 D/MobileDataStateTracker(  256): [dun]  apnTypeList = mms
02-13 14:14:29.255 D/MobileDataStateTracker(  256): [dun]  unavailable = false
02-13 14:14:29.255 D/MobileDataStateTracker(  256): [dun] Do not process intents if disabled.
02-13 14:14:29.255 D/MobileDataStateTracker(  256): [supl]  MobileDataStateReceiver onReceive(): Entry.
02-13 14:14:29.255 D/MobileDataStateTracker(  256): [supl]  intent.getAction()= android.intent.action.ANY_DATA_STATE
02-13 14:14:29.255 D/MobileDataStateTracker(  256): [supl]  mEnabled = false
02-13 14:14:29.265 D/Phone   (  344): [PhoneNotifier] [DefaultPhoneNotifier] : supl, INET6, DISCONNECTED
02-13 14:14:29.265 I/TelephonyRegistry(  256): notifyDataConnection: state=0 isDataConnectivityPossible=true reason=radioTechnologyChanged interfaceName=null networkType=6 apnType=supl apn=null
02-13 14:14:29.265 I/TelephonyRegistry(  256): +++broadcastDataConnectionStateChanged
02-13 14:14:29.265 I/TelephonyRegistry(  256): +++sendStickyBroadcast
02-13 14:14:29.265 D/MobileDataStateTracker(  256): [supl]  apnTypeList = mms
02-13 14:14:29.265 D/MobileDataStateTracker(  256): [supl]  unavailable = false
02-13 14:14:29.265 D/MobileDataStateTracker(  256): [supl] Do not process intents if disabled.
02-13 14:14:29.265 D/MobileDataStateTracker(  256): [mms]  MobileDataStateReceiver onReceive(): Entry.
02-13 14:14:29.265 D/MobileDataStateTracker(  256): [mms]  intent.getAction()= android.intent.action.ANY_DATA_STATE
02-13 14:14:29.265 D/MobileDataStateTracker(  256): [mms]  mEnabled = false
02-13 14:14:29.265 D/MobileDataStateTracker(  256): [mms]  apnTypeList = mms
02-13 14:14:29.265 D/MobileDataStateTracker(  256): [mms]  unavailable = false
02-13 14:14:29.265 D/MobileDataStateTracker(  256): [mms] Do not process intents if disabled.
02-13 14:14:29.265 D/MobileDataStateTracker(  256): [default]  MobileDataStateReceiver onReceive(): Entry.
02-13 14:14:29.265 D/MobileDataStateTracker(  256): [default]  intent.getAction()= android.intent.action.ANY_DATA_STATE
02-13 14:14:29.265 D/MobileDataStateTracker(  256): [default]  mEnabled = true
02-13 14:14:29.275 D/MobileDataStateTracker(  256): [default]  apnTypeList = mms
02-13 14:14:29.275 D/MobileDataStateTracker(  256): [default]  unavailable = false
02-13 14:14:29.275 D/MobileDataStateTracker(  256): [default] not what we are looking for.
02-13 14:14:29.275 D/MobileDataStateTracker(  256): [hipri]  MobileDataStateReceiver onReceive(): Entry.
02-13 14:14:29.275 D/MobileDataStateTracker(  256): [hipri]  intent.getAction()= android.intent.action.ANY_DATA_STATE
02-13 14:14:29.275 D/MobileDataStateTracker(  256): [hipri]  mEnabled = false
02-13 14:14:29.275 D/Phone   (  344): [PhoneNotifier] [DefaultPhoneNotifier] : dun, INET, DISCONNECTED
02-13 14:14:29.275 I/TelephonyRegistry(  256): notifyDataConnection: state=0 isDataConnectivityPossible=true reason=radioTechnologyChanged interfaceName=null networkType=6 apnType=dun apn=null
02-13 14:14:29.275 I/TelephonyRegistry(  256): +++broadcastDataConnectionStateChanged
02-13 14:14:29.275 I/TelephonyRegistry(  256): +++sendStickyBroadcast
02-13 14:14:29.275 D/Phone   (  344): [PhoneNotifier] [DefaultPhoneNotifier] : dun, INET6, DISCONNECTED
02-13 14:14:29.275 I/TelephonyRegistry(  256): notifyDataConnection: state=0 isDataConnectivityPossible=true reason=radioTechnologyChanged interfaceName=null networkType=6 apnType=dun apn=null
02-13 14:14:29.275 I/TelephonyRegistry(  256): +++broadcastDataConnectionStateChanged
02-13 14:14:29.275 I/TelephonyRegistry(  256): +++sendStickyBroadcast
02-13 14:14:29.275 D/Phone   (  344): [PhoneNotifier] [DefaultPhoneNotifier] : hipri, INET, DISCONNECTED
02-13 14:14:29.285 I/TelephonyRegistry(  256): notifyDataConnection: state=0 isDataConnectivityPossible=true reason=radioTechnologyChanged interfaceName=null networkType=6 apnType=hipri apn=null
02-13 14:14:29.285 I/TelephonyRegistry(  256): +++broadcastDataConnectionStateChanged
02-13 14:14:29.285 I/TelephonyRegistry(  256): +++sendStickyBroadcast
02-13 14:14:29.285 D/MobileDataStateTracker(  256): [hipri]  apnTypeList = supl
02-13 14:14:29.285 D/MobileDataStateTracker(  256): [hipri]  unavailable = false
02-13 14:14:29.285 D/MobileDataStateTracker(  256): [hipri] Do not process intents if disabled.
02-13 14:14:29.285 D/MobileDataStateTracker(  256): [dun]  MobileDataStateReceiver onReceive(): Entry.
02-13 14:14:29.285 D/MobileDataStateTracker(  256): [dun]  intent.getAction()= android.intent.action.ANY_DATA_STATE
02-13 14:14:29.285 D/MobileDataStateTracker(  256): [dun]  mEnabled = false
02-13 14:14:29.295 D/MobileDataStateTracker(  256): [dun]  apnTypeList = supl
02-13 14:14:29.295 D/MobileDataStateTracker(  256): [dun]  unavailable = false
02-13 14:14:29.295 D/MobileDataStateTracker(  256): [dun] Do not process intents if disabled.
02-13 14:14:29.295 D/MobileDataStateTracker(  256): [supl]  MobileDataStateReceiver onReceive(): Entry.
02-13 14:14:29.295 D/MobileDataStateTracker(  256): [supl]  intent.getAction()= android.intent.action.ANY_DATA_STATE
02-13 14:14:29.295 D/MobileDataStateTracker(  256): [supl]  mEnabled = false
02-13 14:14:29.295 D/MobileDataStateTracker(  256): [supl]  apnTypeList = supl
02-13 14:14:29.295 D/MobileDataStateTracker(  256): [supl]  unavailable = false
02-13 14:14:29.295 D/MobileDataStateTracker(  256): [supl] Do not process intents if disabled.
02-13 14:14:29.295 D/MobileDataStateTracker(  256): [mms]  MobileDataStateReceiver onReceive(): Entry.
02-13 14:14:29.295 D/MobileDataStateTracker(  256): [mms]  intent.getAction()= android.intent.action.ANY_DATA_STATE
02-13 14:14:29.295 D/MobileDataStateTracker(  256): [mms]  mEnabled = false
02-13 14:14:29.295 D/MobileDataStateTracker(  256): [mms]  apnTypeList = supl
02-13 14:14:29.295 D/MobileDataStateTracker(  256): [mms]  unavailable = false
02-13 14:14:29.295 D/MobileDataStateTracker(  256): [mms] Do not process intents if disabled.
02-13 14:14:29.295 D/MobileDataStateTracker(  256): [default]  MobileDataStateReceiver onReceive(): Entry.
02-13 14:14:29.295 D/MobileDataStateTracker(  256): [default]  intent.getAction()= android.intent.action.ANY_DATA_STATE
02-13 14:14:29.295 D/MobileDataStateTracker(  256): [default]  mEnabled = true
02-13 14:14:29.295 D/MobileDataStateTracker(  256): [default]  apnTypeList = supl
02-13 14:14:29.305 D/MobileDataStateTracker(  256): [default]  unavailable = false
02-13 14:14:29.305 D/MobileDataStateTracker(  256): [default] not what we are looking for.
02-13 14:14:29.305 D/MobileDataStateTracker(  256): [hipri]  MobileDataStateReceiver onReceive(): Entry.
02-13 14:14:29.305 D/MobileDataStateTracker(  256): [hipri]  intent.getAction()= android.intent.action.ANY_DATA_STATE
02-13 14:14:29.305 D/MobileDataStateTracker(  256): [hipri]  mEnabled = false
02-13 14:14:29.305 D/MobileDataStateTracker(  256): [hipri]  apnTypeList = dun
02-13 14:14:29.305 D/MobileDataStateTracker(  256): [hipri]  unavailable = false
02-13 14:14:29.305 D/MobileDataStateTracker(  256): [hipri] Do not process intents if disabled.
02-13 14:14:29.305 D/MobileDataStateTracker(  256): [dun]  MobileDataStateReceiver onReceive(): Entry.
02-13 14:14:29.305 D/MobileDataStateTracker(  256): [dun]  intent.getAction()= android.intent.action.ANY_DATA_STATE
02-13 14:14:29.305 D/Phone   (  344): [PhoneNotifier] [DefaultPhoneNotifier] : hipri, INET6, DISCONNECTED
02-13 14:14:29.305 I/TelephonyRegistry(  256): notifyDataConnection: state=0 isDataConnectivityPossible=true reason=radioTechnologyChanged interfaceName=null networkType=6 apnType=hipri apn=null
02-13 14:14:29.305 I/TelephonyRegistry(  256): +++broadcastDataConnectionStateChanged
02-13 14:14:29.305 I/TelephonyRegistry(  256): +++sendStickyBroadcast
02-13 14:14:29.315 D/DATA    (  344): [DCT(0) ] Resetting all profiles and service states!
02-13 14:14:29.315 D/PhoneApp(  344): mReceiver: ACTION_ANY_DATA_CONNECTION_STATE_CHANGED
02-13 14:14:29.315 D/PhoneApp(  344): - state: DISCONNECTED
02-13 14:14:29.315 D/PhoneApp(  344): - reason: radioTechnologyChanged
02-13 14:14:29.315 D/PhoneApp(  344): mReceiver: ACTION_ANY_DATA_CONNECTION_STATE_CHANGED
02-13 14:14:29.315 D/PhoneApp(  344): - state: DISCONNECTED
02-13 14:14:29.315 D/PhoneApp(  344): - reason: radioTechnologyChanged
02-13 14:14:29.315 D/PhoneApp(  344): mReceiver: ACTION_ANY_DATA_CONNECTION_STATE_CHANGED
02-13 14:14:29.315 D/PhoneApp(  344): - state: DISCONNECTED
02-13 14:14:29.315 D/PhoneApp(  344): - reason: radioTechnologyChanged
02-13 14:14:29.315 D/PhoneApp(  344): mReceiver: ACTION_ANY_DATA_CONNECTION_STATE_CHANGED
02-13 14:14:29.315 D/PhoneApp(  344): - state: DISCONNECTED
02-13 14:14:29.315 D/PhoneApp(  344): - reason: radioTechnologyChanged
02-13 14:14:29.315 D/PhoneApp(  344): mReceiver: ACTION_ANY_DATA_CONNECTION_STATE_CHANGED
02-13 14:14:29.315 D/PhoneApp(  344): - state: DISCONNECTED
02-13 14:14:29.315 D/PhoneApp(  344): - reason: radioTechnologyChanged
02-13 14:14:29.315 I/DATA    (  344): [DCT(0) ] onUpdateDataConnections: reason=radioTechnologyChanged
02-13 14:14:29.315 D/MobileDataStateTracker(  256): [dun]  mEnabled = false
02-13 14:14:29.315 I/DATA    (  344): [DCT(0) ] ---dc list---
02-13 14:14:29.315 I/DATA    (  344): [DCT(0) ] cid = -1, state = DcActivatingState, bearerType = null, ipaddress = null, gw=null, dns=[null, null]
02-13 14:14:29.315 I/DATA    (  344): [DCT(0) ] ---ds list---
02-13 14:14:29.315 I/DATA    (  344): [DCT(0) ] ds= SERVICE_TYPE_DEFAULT, enabled = true, active = v4:CONNECTING v6:IDLE
02-13 14:14:29.315 I/DATA    (  344): [DCT(0) ] ds= SERVICE_TYPE_MMS, enabled = false, active = v4:IDLE v6:IDLE
