02-13 14:14:26.908 D/MobileDataStateTracker(  256): [hipri]  unavailable = true
02-13 14:14:26.908 D/MobileDataStateTracker(  256): [hipri] Do not process intents if disabled.
02-13 14:14:26.908 D/MobileDataStateTracker(  256): [dun]  MobileDataStateReceiver onReceive(): Entry.
02-13 14:14:26.908 D/MobileDataStateTracker(  256): [dun]  intent.getAction()= android.intent.action.ANY_DATA_STATE
02-13 14:14:26.908 D/MobileDataStateTracker(  256): [dun]  mEnabled = false
02-13 14:14:26.918 D/KeyguardViewMediator(  256): handleReset
02-13 14:14:26.918 D/MobileDataStateTracker(  256): [dun]  apnTypeList = default
02-13 14:14:26.918 D/MobileDataStateTracker(  256): [dun]  unavailable = true
02-13 14:14:26.918 D/MobileDataStateTracker(  256): [dun] Do not process intents if disabled.
02-13 14:14:26.918 D/MobileDataStateTracker(  256): [supl]  MobileDataStateReceiver onReceive(): Entry.
02-13 14:14:26.918 D/MobileDataStateTracker(  256): [supl]  intent.getAction()= android.intent.action.ANY_DATA_STATE
02-13 14:14:26.918 D/MobileDataStateTracker(  256): [supl]  mEnabled = false
02-13 14:14:26.918 D/MobileDataStateTracker(  256): [supl]  apnTypeList = default
02-13 14:14:26.918 D/MobileDataStateTracker(  256): [supl]  unavailable = true
02-13 14:14:26.918 D/MobileDataStateTracker(  256): [supl] Do not process intents if disabled.
02-13 14:14:26.918 D/MobileDataStateTracker(  256): [mms]  MobileDataStateReceiver onReceive(): Entry.
02-13 14:14:26.918 D/MobileDataStateTracker(  256): [mms]  intent.getAction()= android.intent.action.ANY_DATA_STATE
02-13 14:14:26.918 D/MobileDataStateTracker(  256): [mms]  mEnabled = false
02-13 14:14:26.928 D/MobileDataStateTracker(  256): [mms]  apnTypeList = default
02-13 14:14:26.928 D/MobileDataStateTracker(  256): [mms]  unavailable = true
02-13 14:14:26.928 D/MobileDataStateTracker(  256): [mms] Do not process intents if disabled.
02-13 14:14:26.928 D/MobileDataStateTracker(  256): [default]  MobileDataStateReceiver onReceive(): Entry.
02-13 14:14:26.928 D/MobileDataStateTracker(  256): [default]  intent.getAction()= android.intent.action.ANY_DATA_STATE
02-13 14:14:26.928 D/MobileDataStateTracker(  256): [default]  mEnabled = true
02-13 14:14:26.928 D/MobileDataStateTracker(  256): [default]  apnTypeList = default
02-13 14:14:26.928 D/MobileDataStateTracker(  256): [default]  unavailable = true
02-13 14:14:26.928 D/MobileDataStateTracker(  256): [default] CALL updateMobileInfoFromIntent
02-13 14:14:26.938 I/MobileDataStateTracker(  256): [default] dc state change intent received for default/INET with state  DISCONNECTED. enabled=true state change reason = dataNetworkDetached
02-13 14:14:26.938 I/MobileDataStateTracker(  256): [default] old state = DISCONNECTED
02-13 14:14:26.938 I/MobileDataStateTracker(  256): [default] no change,  just return
02-13 14:14:26.938 D/MobileDataStateTracker(  256): [default] No need to update detailed state
02-13 14:14:26.938 D/MobileDataStateTracker(  256): [hipri]  MobileDataStateReceiver onReceive(): Entry.
02-13 14:14:26.938 D/MobileDataStateTracker(  256): [hipri]  intent.getAction()= android.intent.action.ANY_DATA_STATE
02-13 14:14:26.938 D/MobileDataStateTracker(  256): [hipri]  mEnabled = false
02-13 14:14:26.938 D/MobileDataStateTracker(  256): [hipri]  apnTypeList = default
02-13 14:14:26.948 D/MobileDataStateTracker(  256): [hipri]  unavailable = true
02-13 14:14:26.948 D/MobileDataStateTracker(  256): [hipri] Do not process intents if disabled.
02-13 14:14:26.948 D/MobileDataStateTracker(  256): [dun]  MobileDataStateReceiver onReceive(): Entry.
02-13 14:14:26.948 D/MobileDataStateTracker(  256): [dun]  intent.getAction()= android.intent.action.ANY_DATA_STATE
02-13 14:14:26.948 D/MobileDataStateTracker(  256): [dun]  mEnabled = false
02-13 14:14:26.948 D/KeyguardViewMediator(  256): setHidden false
02-13 14:14:26.958 D/MobileDataStateTracker(  256): [dun]  apnTypeList = default
02-13 14:14:26.958 D/MobileDataStateTracker(  256): [dun]  unavailable = true
02-13 14:14:26.958 D/MobileDataStateTracker(  256): [dun] Do not process intents if disabled.
02-13 14:14:26.958 D/MobileDataStateTracker(  256): [supl]  MobileDataStateReceiver onReceive(): Entry.
02-13 14:14:26.958 D/MobileDataStateTracker(  256): [supl]  intent.getAction()= android.intent.action.ANY_DATA_STATE
02-13 14:14:26.958 D/MobileDataStateTracker(  256): [supl]  mEnabled = false
02-13 14:14:26.958 D/MobileDataStateTracker(  256): [supl]  apnTypeList = default
02-13 14:14:26.958 D/MobileDataStateTracker(  256): [supl]  unavailable = true
02-13 14:14:26.958 D/MobileDataStateTracker(  256): [supl] Do not process intents if disabled.
02-13 14:14:26.958 D/MobileDataStateTracker(  256): [mms]  MobileDataStateReceiver onReceive(): Entry.
02-13 14:14:26.958 D/MobileDataStateTracker(  256): [mms]  intent.getAction()= android.intent.action.ANY_DATA_STATE
02-13 14:14:26.958 D/MobileDataStateTracker(  256): [mms]  mEnabled = false
02-13 14:14:26.958 D/MobileDataStateTracker(  256): [mms]  apnTypeList = default
02-13 14:14:26.968 D/MobileDataStateTracker(  256): [mms]  unavailable = true
02-13 14:14:26.968 D/MobileDataStateTracker(  256): [mms] Do not process intents if disabled.
02-13 14:14:26.968 D/MobileDataStateTracker(  256): [default]  MobileDataStateReceiver onReceive(): Entry.
02-13 14:14:26.968 D/MobileDataStateTracker(  256): [default]  intent.getAction()= android.intent.action.ANY_DATA_STATE
02-13 14:14:26.968 D/MobileDataStateTracker(  256): [default]  mEnabled = true
02-13 14:14:26.968 D/MobileDataStateTracker(  256): [default]  apnTypeList = default
02-13 14:14:26.968 D/MobileDataStateTracker(  256): [default]  unavailable = true
02-13 14:14:26.968 D/MobileDataStateTracker(  256): [default] CALL updateMobileInfoFromIntent
02-13 14:14:26.989 I/MobileDataStateTracker(  256): [default] dc state change intent received for default/INET6 with state  DISCONNECTED. enabled=true state change reason = dataNetworkDetached
02-13 14:14:26.989 I/MobileDataStateTracker(  256): [default] old state = DISCONNECTED
02-13 14:14:26.989 I/MobileDataStateTracker(  256): [default] no change,  just return
02-13 14:14:26.989 D/MobileDataStateTracker(  256): [default] No need to update detailed state
02-13 14:14:26.989 D/MobileDataStateTracker(  256): [hipri]  MobileDataStateReceiver onReceive(): Entry.
02-13 14:14:26.989 D/MobileDataStateTracker(  256): [hipri]  intent.getAction()= android.intent.action.ANY_DATA_STATE
02-13 14:14:26.989 D/MobileDataStateTracker(  256): [hipri]  mEnabled = false
02-13 14:14:26.989 D/MobileDataStateTracker(  256): [hipri]  apnTypeList = mms
02-13 14:14:26.989 D/MobileDataStateTracker(  256): [hipri]  unavailable = true
02-13 14:14:26.989 D/MobileDataStateTracker(  256): [hipri] Do not process intents if disabled.
02-13 14:14:26.989 D/MobileDataStateTracker(  256): [dun]  MobileDataStateReceiver onReceive(): Entry.
02-13 14:14:26.989 D/MobileDataStateTracker(  256): [dun]  intent.getAction()= android.intent.action.ANY_DATA_STATE
02-13 14:14:26.999 D/MobileDataStateTracker(  256): [dun]  mEnabled = false
02-13 14:14:26.999 D/MobileDataStateTracker(  256): [dun]  apnTypeList = mms
02-13 14:14:26.999 D/MobileDataStateTracker(  256): [dun]  unavailable = true
02-13 14:14:26.999 D/MobileDataStateTracker(  256): [dun] Do not process intents if disabled.
02-13 14:14:26.999 D/MobileDataStateTracker(  256): [supl]  MobileDataStateReceiver onReceive(): Entry.
02-13 14:14:26.999 D/MobileDataStateTracker(  256): [supl]  intent.getAction()= android.intent.action.ANY_DATA_STATE
02-13 14:14:27.009 D/MobileDataStateTracker(  256): [supl]  mEnabled = false
02-13 14:14:27.009 D/MobileDataStateTracker(  256): [supl]  apnTypeList = mms
02-13 14:14:27.009 D/MobileDataStateTracker(  256): [supl]  unavailable = true
02-13 14:14:27.009 D/MobileDataStateTracker(  256): [supl] Do not process intents if disabled.
02-13 14:14:27.019 D/MobileDataStateTracker(  256): [mms]  MobileDataStateReceiver onReceive(): Entry.
02-13 14:14:27.019 D/MobileDataStateTracker(  256): [mms]  intent.getAction()= android.intent.action.ANY_DATA_STATE
02-13 14:14:27.019 D/MobileDataStateTracker(  256): [mms]  mEnabled = false
02-13 14:14:27.019 D/MobileDataStateTracker(  256): [mms]  apnTypeList = mms
02-13 14:14:27.019 D/MobileDataStateTracker(  256): [mms]  unavailable = true
02-13 14:14:27.019 D/MobileDataStateTracker(  256): [mms] Do not process intents if disabled.
02-13 14:14:27.019 D/MobileDataStateTracker(  256): [default]  MobileDataStateReceiver onReceive(): Entry.
02-13 14:14:27.019 D/MobileDataStateTracker(  256): [default]  intent.getAction()= android.intent.action.ANY_DATA_STATE
02-13 14:14:27.019 D/MobileDataStateTracker(  256): [default]  mEnabled = true
02-13 14:14:27.029 D/MobileDataStateTracker(  256): [default]  apnTypeList = mms
02-13 14:14:27.029 D/MobileDataStateTracker(  256): [default]  unavailable = true
02-13 14:14:27.029 D/MobileDataStateTracker(  256): [default] not what we are looking for.
02-13 14:14:27.029 D/MobileDataStateTracker(  256): [hipri]  MobileDataStateReceiver onReceive(): Entry.
02-13 14:14:27.029 D/MobileDataStateTracker(  256): [hipri]  intent.getAction()= android.intent.action.ANY_DATA_STATE
02-13 14:14:27.029 D/MobileDataStateTracker(  256): [hipri]  mEnabled = false
02-13 14:14:27.029 D/MobileDataStateTracker(  256): [hipri]  apnTypeList = mms
02-13 14:14:27.029 D/MobileDataStateTracker(  256): [hipri]  unavailable = true
02-13 14:14:27.029 D/MobileDataStateTracker(  256): [hipri] Do not process intents if disabled.
02-13 14:14:27.029 D/MobileDataStateTracker(  256): [dun]  MobileDataStateReceiver onReceive(): Entry.
02-13 14:14:27.029 D/MobileDataStateTracker(  256): [dun]  intent.getAction()= android.intent.action.ANY_DATA_STATE
02-13 14:14:27.029 D/MobileDataStateTracker(  256): [dun]  mEnabled = false
02-13 14:14:27.039 D/MobileDataStateTracker(  256): [dun]  apnTypeList = mms
02-13 14:14:27.039 D/MobileDataStateTracker(  256): [dun]  unavailable = true
02-13 14:14:27.039 D/MobileDataStateTracker(  256): [dun] Do not process intents if disabled.
02-13 14:14:27.039 D/MobileDataStateTracker(  256): [supl]  MobileDataStateReceiver onReceive(): Entry.
02-13 14:14:27.039 D/MobileDataStateTracker(  256): [supl]  intent.getAction()= android.intent.action.ANY_DATA_STATE
02-13 14:14:27.039 D/MobileDataStateTracker(  256): [supl]  mEnabled = false
02-13 14:14:27.039 D/MobileDataStateTracker(  256): [supl]  apnTypeList = mms
02-13 14:14:27.039 D/MobileDataStateTracker(  256): [supl]  unavailable = true
02-13 14:14:27.039 D/MobileDataStateTracker(  256): [supl] Do not process intents if disabled.
02-13 14:14:27.039 D/MobileDataStateTracker(  256): [mms]  MobileDataStateReceiver onReceive(): Entry.
02-13 14:14:27.039 D/MobileDataStateTracker(  256): [mms]  intent.getAction()= android.intent.action.ANY_DATA_STATE
02-13 14:14:27.039 D/MobileDataStateTracker(  256): [mms]  mEnabled = false
02-13 14:14:27.049 D/MobileDataStateTracker(  256): [mms]  apnTypeList = mms
02-13 14:14:27.049 D/MobileDataStateTracker(  256): [mms]  unavailable = true
02-13 14:14:27.049 D/MobileDataStateTracker(  256): [mms] Do not process intents if disabled.
02-13 14:14:27.049 D/MobileDataStateTracker(  256): [default]  MobileDataStateReceiver onReceive(): Entry.
02-13 14:14:27.049 I/DATA    (  344): [DCT(0) ] onUpdateDataConnections: reason=roamingOff
02-13 14:14:27.049 I/DATA    (  344): [DCT(0) ] ---dc list---
02-13 14:14:27.049 I/DATA    (  344): [DCT(0) ] ---ds list---
02-13 14:14:27.049 I/DATA    (  344): [DCT(0) ] ds= SERVICE_TYPE_DEFAULT, enabled = true, active = v4:IDLE v6:IDLE
02-13 14:14:27.049 I/DATA    (  344): [DCT(0) ] ds= SERVICE_TYPE_MMS, enabled = false, active = v4:IDLE v6:IDLE
02-13 14:14:27.049 I/DATA    (  344): [DCT(0) ] ds= SERVICE_TYPE_SUPL, enabled = false, active = v4:IDLE v6:IDLE
02-13 14:14:27.049 D/MobileDataStateTracker(  256): [default]  intent.getAction()= android.intent.action.ANY_DATA_STATE
02-13 14:14:27.049 D/MobileDataStateTracker(  256): [default]  mEnabled = true
02-13 14:14:27.059 D/MobileDataStateTracker(  256): [default]  apnTypeList = mms
02-13 14:14:27.059 D/MobileDataStateTracker(  256): [default]  unavailable = true
02-13 14:14:27.059 D/MobileDataStateTracker(  256): [default] not what we are looking for.
02-13 14:14:27.059 D/MobileDataStateTracker(  256): [hipri]  MobileDataStateReceiver onReceive(): Entry.
02-13 14:14:27.059 D/MobileDataStateTracker(  256): [hipri]  intent.getAction()= android.intent.action.ANY_DATA_STATE
02-13 14:14:27.059 D/MobileDataStateTracker(  256): [hipri]  mEnabled = false
02-13 14:14:27.059 D/MobileDataStateTracker(  256): [hipri]  apnTypeList = supl
02-13 14:14:27.059 D/MobileDataStateTracker(  256): [hipri]  unavailable = true
02-13 14:14:27.059 D/MobileDataStateTracker(  256): [hipri] Do not process intents if disabled.
02-13 14:14:27.059 D/MobileDataStateTracker(  256): [dun]  MobileDataStateReceiver onReceive(): Entry.
02-13 14:14:27.059 D/MobileDataStateTracker(  256): [dun]  intent.getAction()= android.intent.action.ANY_DATA_STATE
02-13 14:14:27.059 I/DATA    (  344): [DCT(0) ] ds= SERVICE_TYPE_DUN, enabled = false, active = v4:IDLE v6:IDLE
02-13 14:14:27.059 I/DATA    (  344): [DCT(0) ] ds= SERVICE_TYPE_HIPRI, enabled = false, active = v4:IDLE v6:IDLE
02-13 14:14:27.059 I/DATA    (  344): [DCT(0) ] ***** NOT Ready for data :
02-13 14:14:27.059 I/DATA    (  344): [DCT(0) ]    getDesiredPowerState() = true
02-13 14:14:27.059 I/DATA    (  344): [DCT(0) ]    mCm.getRadioState() = RADIO_ON
02-13 14:14:27.059 I/DATA    (  344): [DCT(0) ]    [DataRadioTech = RADIO_TECH_UNKNOWN, data network state = 3, mMasterDataEnabled = true, is Roaming = false, dataOnRoamingEnable = false, isPsRestricted = false, desiredPowerState  = true, mSIMRecords = , cdmaSubSource = 1/310120, mRuimRecords = , checks = true/true]
02-13 14:14:27.069 D/MobileDataStateTracker(  256): [dun]  mEnabled = false
02-13 14:14:27.069 D/MobileDataStateTracker(  256): [dun]  apnTypeList = supl
02-13 14:14:27.069 D/MobileDataStateTracker(  256): [dun]  unavailable = true
02-13 14:14:27.069 D/MobileDataStateTracker(  256): [dun] Do not process intents if disabled.
02-13 14:14:27.069 D/MobileDataStateTracker(  256): [supl]  MobileDataStateReceiver onReceive(): Entry.
02-13 14:14:27.069 D/MobileDataStateTracker(  256): [supl]  intent.getAction()= android.intent.action.ANY_DATA_STATE
02-13 14:14:27.069 D/MobileDataStateTracker(  256): [supl]  mEnabled = false
02-13 14:14:27.069 D/MobileDataStateTracker(  256): [supl]  apnTypeList = supl
02-13 14:14:27.069 D/MobileDataStateTracker(  256): [supl]  unavailable = true
02-13 14:14:27.069 D/MobileDataStateTracker(  256): [supl] Do not process intents if disabled.
02-13 14:14:27.069 D/MobileDataStateTracker(  256): [mms]  MobileDataStateReceiver onReceive(): Entry.
02-13 14:14:27.069 D/MobileDataStateTracker(  256): [mms]  intent.getAction()= android.intent.action.ANY_DATA_STATE
02-13 14:14:27.069 D/MobileDataStateTracker(  256): [mms]  mEnabled = false
02-13 14:14:27.079 D/MobileDataStateTracker(  256): [mms]  apnTypeList = supl
02-13 14:14:27.079 D/MobileDataStateTracker(  256): [mms]  unavailable = true
02-13 14:14:27.079 D/MobileDataStateTracker(  256): [mms] Do not process intents if disabled.
02-13 14:14:27.079 D/MobileDataStateTracker(  256): [default]  MobileDataStateReceiver onReceive(): Entry.
02-13 14:14:27.079 D/MobileDataStateTracker(  256): [default]  intent.getAction()= android.intent.action.ANY_DATA_STATE
02-13 14:14:27.079 D/MobileDataStateTracker(  256): [default]  mEnabled = true
02-13 14:14:27.079 D/MobileDataStateTracker(  256): [default]  apnTypeList = supl
02-13 14:14:27.079 D/MobileDataStateTracker(  256): [default]  unavailable = true
02-13 14:14:27.079 D/MobileDataStateTracker(  256): [default] not what we are looking for.
02-13 14:14:27.079 D/MobileDataStateTracker(  256): [hipri]  MobileDataStateReceiver onReceive(): Entry.
02-13 14:14:27.079 D/MobileDataStateTracker(  256): [hipri]  intent.getAction()= android.intent.action.ANY_DATA_STATE
02-13 14:14:27.079 D/MobileDataStateTracker(  256): [hipri]  mEnabled = false
02-13 14:14:27.099 D/MobileDataStateTracker(  256): [hipri]  apnTypeList = supl
02-13 14:14:27.099 D/MobileDataStateTracker(  256): [hipri]  unavailable = true
02-13 14:14:27.099 D/MobileDataStateTracker(  256): [hipri] Do not process intents if disabled.
02-13 14:14:27.099 D/MobileDataStateTracker(  256): [dun]  MobileDataStateReceiver onReceive(): Entry.
02-13 14:14:27.099 D/MobileDataStateTracker(  256): [dun]  intent.getAction()= android.intent.action.ANY_DATA_STATE
02-13 14:14:27.099 D/MobileDataStateTracker(  256): [dun]  mEnabled = false
02-13 14:14:27.099 D/MobileDataStateTracker(  256): [dun]  apnTypeList = supl
02-13 14:14:27.099 D/MobileDataStateTracker(  256): [dun]  unavailable = true
02-13 14:14:27.099 D/MobileDataStateTracker(  256): [dun] Do not process intents if disabled.
02-13 14:14:27.099 D/MobileDataStateTracker(  256): [supl]  MobileDataStateReceiver onReceive(): Entry.
02-13 14:14:27.099 D/MobileDataStateTracker(  256): [supl]  intent.getAction()= android.intent.action.ANY_DATA_STATE
02-13 14:14:27.099 D/MobileDataStateTracker(  256): [supl]  mEnabled = false
02-13 14:14:27.109 D/MobileDataStateTracker(  256): [supl]  apnTypeList = supl
02-13 14:14:27.109 D/MobileDataStateTracker(  256): [supl]  unavailable = true
02-13 14:14:27.109 D/MobileDataStateTracker(  256): [supl] Do not process intents if disabled.
02-13 14:14:27.109 D/MobileDataStateTracker(  256): [mms]  MobileDataStateReceiver onReceive(): Entry.
02-13 14:14:27.109 D/MobileDataStateTracker(  256): [mms]  intent.getAction()= android.intent.action.ANY_DATA_STATE
02-13 14:14:27.109 D/MobileDataStateTracker(  256): [mms]  mEnabled = false
02-13 14:14:27.109 D/MobileDataStateTracker(  256): [mms]  apnTypeList = supl
02-13 14:14:27.109 D/MobileDataStateTracker(  256): [mms]  unavailable = true
02-13 14:14:27.109 D/MobileDataStateTracker(  256): [mms] Do not process intents if disabled.
02-13 14:14:27.109 D/MobileDataStateTracker(  256): [default]  MobileDataStateReceiver onReceive(): Entry.
02-13 14:14:27.109 D/MobileDataStateTracker(  256): [default]  intent.getAction()= android.intent.action.ANY_DATA_STATE
02-13 14:14:27.109 D/MobileDataStateTracker(  256): [default]  mEnabled = true
02-13 14:14:27.109 D/MobileDataStateTracker(  256): [default]  apnTypeList = supl
02-13 14:14:27.109 I/ActivityThread(  408): Pub call_log: com.android.providers.contacts.CallLogProvider
02-13 14:14:27.119 D/MobileDataStateTracker(  256): [default]  unavailable = true
02-13 14:14:27.119 D/MobileDataStateTracker(  256): [default] not what we are looking for.
02-13 14:14:27.119 D/MobileDataStateTracker(  256): [hipri]  MobileDataStateReceiver onReceive(): Entry.
02-13 14:14:27.119 D/MobileDataStateTracker(  256): [hipri]  intent.getAction()= android.intent.action.ANY_DATA_STATE
02-13 14:14:27.119 D/MobileDataStateTracker(  256): [hipri]  mEnabled = false
02-13 14:14:27.129 W/CallLogProvider(  408): query: match = 1
02-13 14:14:27.139 D/NotificationMgr(  344): call log query complete.
02-13 14:14:27.139 D/NotificationMgr(  344): closing call log cursor.
02-13 14:14:27.139 D/MobileDataStateTracker(  256): [hipri]  apnTypeList = dun
02-13 14:14:27.139 D/MobileDataStateTracker(  256): [hipri]  unavailable = true
02-13 14:14:27.139 D/MobileDataStateTracker(  256): [hipri] Do not process intents if disabled.
02-13 14:14:27.139 D/MobileDataStateTracker(  256): [dun]  MobileDataStateReceiver onReceive(): Entry.
02-13 14:14:27.139 D/MobileDataStateTracker(  256): [dun]  intent.getAction()= android.intent.action.ANY_DATA_STATE
02-13 14:14:27.139 D/MobileDataStateTracker(  256): [dun]  mEnabled = false
02-13 14:14:27.139 D/MobileDataStateTracker(  256): [dun]  apnTypeList = dun
02-13 14:14:27.149 D/MobileDataStateTracker(  256): [dun]  unavailable = true
02-13 14:14:27.149 D/MobileDataStateTracker(  256): [dun] Do not process intents if disabled.
02-13 14:14:27.149 D/MobileDataStateTracker(  256): [supl]  MobileDataStateReceiver onReceive(): Entry.
02-13 14:14:27.149 D/MobileDataStateTracker(  256): [supl]  intent.getAction()= android.intent.action.ANY_DATA_STATE
02-13 14:14:27.149 D/MobileDataStateTracker(  256): [supl]  mEnabled = false
02-13 14:14:27.149 D/MobileDataStateTracker(  256): [supl]  apnTypeList = dun
02-13 14:14:27.149 D/MobileDataStateTracker(  256): [supl]  unavailable = true
02-13 14:14:27.149 D/MobileDataStateTracker(  256): [supl] Do not process intents if disabled.
02-13 14:14:27.149 D/MobileDataStateTracker(  256): [mms]  MobileDataStateReceiver onReceive(): Entry.
02-13 14:14:27.149 D/MobileDataStateTracker(  256): [mms]  intent.getAction()= android.intent.action.ANY_DATA_STATE
02-13 14:14:27.149 D/MobileDataStateTracker(  256): [mms]  mEnabled = false
02-13 14:14:27.149 D/MobileDataStateTracker(  256): [mms]  apnTypeList = dun
02-13 14:14:27.149 D/MobileDataStateTracker(  256): [mms]  unavailable = true
02-13 14:14:27.149 D/MobileDataStateTracker(  256): [mms] Do not process intents if disabled.
02-13 14:14:27.149 D/MobileDataStateTracker(  256): [default]  MobileDataStateReceiver onReceive(): Entry.
02-13 14:14:27.149 D/MobileDataStateTracker(  256): [default]  intent.getAction()= android.intent.action.ANY_DATA_STATE
02-13 14:14:27.149 D/MobileDataStateTracker(  256): [default]  mEnabled = true
02-13 14:14:27.159 D/MobileDataStateTracker(  256): [default]  apnTypeList = dun
02-13 14:14:27.159 D/MobileDataStateTracker(  256): [default]  unavailable = true
02-13 14:14:27.159 D/MobileDataStateTracker(  256): [default] not what we are looking for.
02-13 14:14:27.159 D/MobileDataStateTracker(  256): [hipri]  MobileDataStateReceiver onReceive(): Entry.
02-13 14:14:27.159 D/MobileDataStateTracker(  256): [hipri]  intent.getAction()= android.intent.action.ANY_DATA_STATE
02-13 14:14:27.159 D/MobileDataStateTracker(  256): [hipri]  mEnabled = false
02-13 14:14:27.159 D/MobileDataStateTracker(  256): [hipri]  apnTypeList = dun
02-13 14:14:27.159 D/MobileDataStateTracker(  256): [hipri]  unavailable = true
02-13 14:14:27.159 D/MobileDataStateTracker(  256): [hipri] Do not process intents if disabled.
02-13 14:14:27.159 D/MobileDataStateTracker(  256): [dun]  MobileDataStateReceiver onReceive(): Entry.
02-13 14:14:27.159 D/MobileDataStateTracker(  256): [dun]  intent.getAction()= android.intent.action.ANY_DATA_STATE
02-13 14:14:27.159 D/MobileDataStateTracker(  256): [dun]  mEnabled = false
02-13 14:14:27.159 D/MobileDataStateTracker(  256): [dun]  apnTypeList = dun
02-13 14:14:27.159 D/MobileDataStateTracker(  256): [dun]  unavailable = true
02-13 14:14:27.159 D/MobileDataStateTracker(  256): [dun] Do not process intents if disabled.
02-13 14:14:27.159 D/MobileDataStateTracker(  256): [supl]  MobileDataStateReceiver onReceive(): Entry.
02-13 14:14:27.159 D/MobileDataStateTracker(  256): [supl]  intent.getAction()= android.intent.action.ANY_DATA_STATE
02-13 14:14:27.159 D/MobileDataStateTracker(  256): [supl]  mEnabled = false
02-13 14:14:27.169 D/MobileDataStateTracker(  256): [supl]  apnTypeList = dun
02-13 14:14:27.169 D/MobileDataStateTracker(  256): [supl]  unavailable = true
02-13 14:14:27.169 D/MobileDataStateTracker(  256): [supl] Do not process intents if disabled.
02-13 14:14:27.169 D/MobileDataStateTracker(  256): [mms]  MobileDataStateReceiver onReceive(): Entry.
02-13 14:14:27.169 D/MobileDataStateTracker(  256): [mms]  intent.getAction()= android.intent.action.ANY_DATA_STATE
02-13 14:14:27.169 D/MobileDataStateTracker(  256): [mms]  mEnabled = false
02-13 14:14:27.169 D/MobileDataStateTracker(  256): [mms]  apnTypeList = dun
02-13 14:14:27.169 D/MobileDataStateTracker(  256): [mms]  unavailable = true
02-13 14:14:27.169 D/MobileDataStateTracker(  256): [mms] Do not process intents if disabled.
02-13 14:14:27.169 D/MobileDataStateTracker(  256): [default]  MobileDataStateReceiver onReceive(): Entry.
02-13 14:14:27.169 D/MobileDataStateTracker(  256): [default]  intent.getAction()= android.intent.action.ANY_DATA_STATE
02-13 14:14:27.169 D/MobileDataStateTracker(  256): [default]  mEnabled = true
02-13 14:14:27.179 D/MobileDataStateTracker(  256): [default]  apnTypeList = dun
02-13 14:14:27.179 D/MobileDataStateTracker(  256): [default]  unavailable = true
02-13 14:14:27.179 D/MobileDataStateTracker(  256): [default] not what we are looking for.
02-13 14:14:27.179 D/MobileDataStateTracker(  256): [hipri]  MobileDataStateReceiver onReceive(): Entry.
02-13 14:14:27.179 D/MobileDataStateTracker(  256): [hipri]  intent.getAction()= android.intent.action.ANY_DATA_STATE
02-13 14:14:27.179 D/MobileDataStateTracker(  256): [hipri]  mEnabled = false
02-13 14:14:27.179 D/MobileDataStateTracker(  256): [hipri]  apnTypeList = hipri
02-13 14:14:27.179 D/MobileDataStateTracker(  256): [hipri]  unavailable = true
02-13 14:14:27.179 D/MobileDataStateTracker(  256): [hipri] Do not process intents if disabled.
02-13 14:14:27.179 D/MobileDataStateTracker(  256): [dun]  MobileDataStateReceiver onReceive(): Entry.
02-13 14:14:27.179 D/MobileDataStateTracker(  256): [dun]  intent.getAction()= android.intent.action.ANY_DATA_STATE
02-13 14:14:27.179 D/MobileDataStateTracker(  256): [dun]  mEnabled = false
02-13 14:14:27.179 D/MobileDataStateTracker(  256): [dun]  apnTypeList = hipri
02-13 14:14:27.179 D/MobileDataStateTracker(  256): [dun]  unavailable = true
02-13 14:14:27.179 D/MobileDataStateTracker(  256): [dun] Do not process intents if disabled.
02-13 14:14:27.179 D/MobileDataStateTracker(  256): [supl]  MobileDataStateReceiver onReceive(): Entry.
02-13 14:14:27.179 D/MobileDataStateTracker(  256): [supl]  intent.getAction()= android.intent.action.ANY_DATA_STATE
02-13 14:14:27.179 D/MobileDataStateTracker(  256): [supl]  mEnabled = false
02-13 14:14:27.179 D/MobileDataStateTracker(  256): [supl]  apnTypeList = hipri
02-13 14:14:27.179 D/MobileDataStateTracker(  256): [supl]  unavailable = true
02-13 14:14:27.179 D/MobileDataStateTracker(  256): [supl] Do not process intents if disabled.
02-13 14:14:27.179 D/MobileDataStateTracker(  256): [mms]  MobileDataStateReceiver onReceive(): Entry.
02-13 14:14:27.179 D/MobileDataStateTracker(  256): [mms]  intent.getAction()= android.intent.action.ANY_DATA_STATE
02-13 14:14:27.179 D/MobileDataStateTracker(  256): [mms]  mEnabled = false
02-13 14:14:27.189 D/MobileDataStateTracker(  256): [mms]  apnTypeList = hipri
02-13 14:14:27.189 D/MobileDataStateTracker(  256): [mms]  unavailable = true
02-13 14:14:27.189 D/MobileDataStateTracker(  256): [mms] Do not process intents if disabled.
02-13 14:14:27.189 D/MobileDataStateTracker(  256): [default]  MobileDataStateReceiver onReceive(): Entry.
02-13 14:14:27.189 D/MobileDataStateTracker(  256): [default]  intent.getAction()= android.intent.action.ANY_DATA_STATE
02-13 14:14:27.189 D/MobileDataStateTracker(  256): [default]  mEnabled = true
02-13 14:14:27.189 D/MobileDataStateTracker(  256): [default]  apnTypeList = hipri
02-13 14:14:27.189 D/MobileDataStateTracker(  256): [default]  unavailable = true
02-13 14:14:27.189 D/MobileDataStateTracker(  256): [default] not what we are looking for.
02-13 14:14:27.189 D/MobileDataStateTracker(  256): [hipri]  MobileDataStateReceiver onReceive(): Entry.
02-13 14:14:27.189 D/MobileDataStateTracker(  256): [hipri]  intent.getAction()= android.intent.action.ANY_DATA_STATE
02-13 14:14:27.189 D/MobileDataStateTracker(  256): [hipri]  mEnabled = false
02-13 14:14:27.199 D/MobileDataStateTracker(  256): [hipri]  apnTypeList = hipri
02-13 14:14:27.199 D/MobileDataStateTracker(  256): [hipri]  unavailable = true
02-13 14:14:27.199 D/MobileDataStateTracker(  256): [hipri] Do not process intents if disabled.
02-13 14:14:27.199 D/MobileDataStateTracker(  256): [dun]  MobileDataStateReceiver onReceive(): Entry.
02-13 14:14:27.199 D/MobileDataStateTracker(  256): [dun]  intent.getAction()= android.intent.action.ANY_DATA_STATE
02-13 14:14:27.199 D/MobileDataStateTracker(  256): [dun]  mEnabled = false
02-13 14:14:27.199 D/MobileDataStateTracker(  256): [dun]  apnTypeList = hipri
02-13 14:14:27.199 D/MobileDataStateTracker(  256): [dun]  unavailable = true
02-13 14:14:27.199 D/MobileDataStateTracker(  256): [dun] Do not process intents if disabled.
02-13 14:14:27.199 D/MobileDataStateTracker(  256): [supl]  MobileDataStateReceiver onReceive(): Entry.
02-13 14:14:27.199 D/MobileDataStateTracker(  256): [supl]  intent.getAction()= android.intent.action.ANY_DATA_STATE
02-13 14:14:27.199 D/MobileDataStateTracker(  256): [supl]  mEnabled = false
02-13 14:14:27.199 D/MobileDataStateTracker(  256): [supl]  apnTypeList = hipri
02-13 14:14:27.199 D/MobileDataStateTracker(  256): [supl]  unavailable = true
02-13 14:14:27.199 D/MobileDataStateTracker(  256): [supl] Do not process intents if disabled.
02-13 14:14:27.199 D/MobileDataStateTracker(  256): [mms]  MobileDataStateReceiver onReceive(): Entry.
02-13 14:14:27.199 D/MobileDataStateTracker(  256): [mms]  intent.getAction()= android.intent.action.ANY_DATA_STATE
02-13 14:14:27.199 D/MobileDataStateTracker(  256): [mms]  mEnabled = false
02-13 14:14:27.199 D/MobileDataStateTracker(  256): [mms]  apnTypeList = hipri
02-13 14:14:27.199 D/MobileDataStateTracker(  256): [mms]  unavailable = true
02-13 14:14:27.199 D/MobileDataStateTracker(  256): [mms] Do not process intents if disabled.
02-13 14:14:27.199 D/MobileDataStateTracker(  256): [default]  MobileDataStateReceiver onReceive(): Entry.
02-13 14:14:27.199 D/MobileDataStateTracker(  256): [default]  intent.getAction()= android.intent.action.ANY_DATA_STATE
02-13 14:14:27.199 D/MobileDataStateTracker(  256): [default]  mEnabled = true
02-13 14:14:27.209 D/MobileDataStateTracker(  256): [default]  apnTypeList = hipri
02-13 14:14:27.209 D/MobileDataStateTracker(  256): [default]  unavailable = true
02-13 14:14:27.209 D/MobileDataStateTracker(  256): [default] not what we are looking for.
02-13 14:14:27.209 D/KeyguardUpdateMonitor(  256): received broadcast android.provider.Telephony.SPN_STRINGS_UPDATED
02-13 14:14:27.209 D/KeyguardUpdateMonitor(  256): Received SPN update on sub :0
02-13 14:14:27.209 D/KeyguardUpdateMonitor(  256): handleCarrierInfoUpdate: plmn = (No service), spn = null, subscription = 0
02-13 14:14:27.209 D/LockScreen(  256): onRefreshCarrierInfo((No service), null)
02-13 14:14:27.209 D/LockScreen(  256): updateLayout: status=Normalsubscription=0
02-13 14:14:27.209 D/LockScreen(  256): Updating Lock Screen text to Ruim
02-13 14:14:27.219 D/MobileDataStateTracker(  256): [hipri]  MobileDataStateReceiver onReceive(): Entry.
02-13 14:14:27.219 D/MobileDataStateTracker(  256): [hipri]  intent.getAction()= android.intent.action.SERVICE_STATE
02-13 14:14:27.219 D/MobileDataStateTracker(  256): [hipri]  mEnabled = false
02-13 14:14:27.219 D/MobileDataStateTracker(  256): [dun]  MobileDataStateReceiver onReceive(): Entry.
02-13 14:14:27.219 D/MobileDataStateTracker(  256): [dun]  intent.getAction()= android.intent.action.SERVICE_STATE
02-13 14:14:27.219 D/MobileDataStateTracker(  256): [dun]  mEnabled = false
02-13 14:14:27.219 D/MobileDataStateTracker(  256): [supl]  MobileDataStateReceiver onReceive(): Entry.
02-13 14:14:27.219 D/MobileDataStateTracker(  256): [supl]  intent.getAction()= android.intent.action.SERVICE_STATE
02-13 14:14:27.219 D/MobileDataStateTracker(  256): [supl]  mEnabled = false
02-13 14:14:27.219 D/MobileDataStateTracker(  256): [mms]  MobileDataStateReceiver onReceive(): Entry.
02-13 14:14:27.229 D/MobileDataStateTracker(  256): [mms]  intent.getAction()= android.intent.action.SERVICE_STATE
02-13 14:14:27.229 D/MobileDataStateTracker(  256): [mms]  mEnabled = false
02-13 14:14:27.229 D/MobileDataStateTracker(  256): [default]  MobileDataStateReceiver onReceive(): Entry.
02-13 14:14:27.229 D/MobileDataStateTracker(  256): [default]  intent.getAction()= android.intent.action.SERVICE_STATE
02-13 14:14:27.229 D/MobileDataStateTracker(  256): [default]  mEnabled = true
02-13 14:14:27.259 E/WallpaperManager(  256): 
02-13 14:14:27.259 E/WallpaperManager(  256): This file may have been altered and cannot be opened.
02-13 14:14:27.269 D/Warhol  (  364): A pack appears to be installed -- skipping Installer
02-13 14:14:27.269 D/CallManager(  344):  handleMessage (EVENT_SUBSCRIPTION_INFO_READY)
02-13 14:14:27.319 D/DATA    (  344): [DSST(0)]  registrationState = 0  radioTechnology = 0 reasonForDenial = 0
02-13 14:14:27.319 D/DATA    (  344): [DSST(0)]  set mNewDataConnectionState = 1
02-13 14:14:27.319 D/DATA    (  344): [DSST(0)]  mNewDataConnectionState : 1  mDataConnectionState : 1
02-13 14:14:27.319 D/DATA    (  344): [DSST(0)] Poll ServiceState done: oldSS=[3 home null null null  Unknown CSS not supported -1 -1RoamInd: -1RoamStatus(sprint): -1DefRoamInd: -1EmergOnly: false] newSS=[1 home null null null  Unknown CSS not supported -1 -1RoamInd: -1RoamStatus(sprint): -1DefRoamInd: -1EmergOnly: false]
02-13 14:14:27.319 D/DATA    (  344): [DSST(0)]  mDataConnectionState = 1
02-13 14:14:27.469 D/KeyguardViewMediator(  256): setHidden false
02-13 14:14:27.479 D/Launcher.Model(  364): going to save icon bitmap for info=ShortcutInfo(title=Email)
02-13 14:14:27.479 D/Bitmap  (  364): Detect unrecycled bitmap.
02-13 14:14:27.489 D/Bitmap  (  364):       Size: 157440 Bytes, Width: 320 , Height: 123 , Hash code: 1079243232
02-13 14:14:27.489 D/Bitmap  (  364):  This bimap was created in:
02-13 14:14:27.489 D/Bitmap  (  364):       android.graphics.Bitmap.<init>(Bitmap.java:136)
02-13 14:14:27.489 D/Bitmap  (  364):       android.graphics.BitmapFactory.nativeDecodeAsset(Native Method)
02-13 14:14:27.489 D/Bitmap  (  364):       android.graphics.BitmapFactory.decodeStream(BitmapFactory.java:460)
02-13 14:14:27.489 D/Bitmap  (  364):       android.graphics.BitmapFactory.decodeResourceStream(BitmapFactory.java:336)
02-13 14:14:27.489 D/Bitmap  (  364):       android.graphics.drawable.Drawable.createFromResourceStream(Drawable.java:697)
02-13 14:14:27.489 D/Bitmap  (  364):       android.content.res.Resources.loadDrawable(Resources.java:1709)
02-13 14:14:27.489 D/Bitmap  (  364):       android.content.res.Resources.getDrawable(Resources.java:581)
02-13 14:14:27.489 D/Bitmap  (  364):       android.widget.AbsListView.setOverScrollMode(AbsListView.java:655)
02-13 14:14:27.489 D/Bitmap  (  364):       android.view.View.<init>(View.java:1879)
02-13 14:14:27.489 D/Bitmap  (  364):       android.view.View.<init>(View.java:1921)
02-13 14:14:27.489 D/Bitmap  (  364):       android.view.ViewGroup.<init>(ViewGroup.java:292)
02-13 14:14:27.489 D/Bitmap  (  364):       android.widget.AdapterView.<init>(AdapterView.java:228)
02-13 14:14:27.489 D/Bitmap  (  364):       android.widget.AbsListView.<init>(AbsListView.java:592)
02-13 14:14:27.489 D/Bitmap  (  364):       android.widget.GridView.<init>(GridView.java:72)
02-13 14:14:27.489 D/Bitmap  (  364):       android.widget.GridView.<init>(GridView.java:68)
02-13 14:14:27.489 D/Bitmap  (  364):       java.lang.reflect.Constructor.constructNative(Native Method)
02-13 14:14:27.489 D/Bitmap  (  364):       java.lang.reflect.Constructor.newInstance(Constructor.java:415)
02-13 14:14:27.489 D/Bitmap  (  364):       android.view.LayoutInflater.createView(LayoutInflater.java:505)
02-13 14:14:27.489 D/Bitmap  (  364):       com.android.internal.policy.impl.PhoneLayoutInflater.onCreateView(PhoneLayoutInflater.java:56)
02-13 14:14:27.489 D/Bitmap  (  364):       android.view.LayoutInflater.createViewFromTag(LayoutInflater.java:568)
02-13 14:14:27.489 D/Bitmap  (  364):       android.view.LayoutInflater.rInflate(LayoutInflater.java:623)
02-13 14:14:27.489 D/Bitmap  (  364):       android.view.LayoutInflater.parseInclude(LayoutInflater.java:707)
02-13 14:14:27.489 D/Bitmap  (  364):       android.view.LayoutInflater.rInflate(LayoutInflater.java:619)
02-13 14:14:27.489 D/Bitmap  (  364):       android.view.LayoutInflater.parseInclude(LayoutInflater.java:682)
02-13 14:14:27.489 D/Bitmap  (  364):       android.view.LayoutInflater.rInflate(LayoutInflater.java:619)
02-13 14:14:27.489 D/Bitmap  (  364):       android.view.LayoutInflater.inflate(LayoutInflater.java:408)
02-13 14:14:27.489 D/Bitmap  (  364):       android.view.LayoutInflater.inflate(LayoutInflater.java:320)
02-13 14:14:27.489 D/Bitmap  (  364):       android.view.LayoutInflater.inflate(LayoutInflater.java:276)
02-13 14:14:27.489 D/Bitmap  (  364):       com.android.internal.policy.impl.PhoneWindow.setContentView(PhoneWindow.java:207)
02-13 14:14:27.489 D/Bitmap  (  364):       android.app.Activity.setContentView(Activity.java:1657)
02-13 14:14:27.489 D/Bitmap  (  364):       com.android.launcher2.Launcher.onCreate(Launcher.java:257)
02-13 14:14:27.489 D/Bitmap  (  364):       android.app.Instrumentation.callActivityOnCreate(Instrumentation.java:1047)
02-13 14:14:27.489 D/Bitmap  (  364):       android.app.ActivityThread.performLaunchActivity(ActivityThread.java:1632)
02-13 14:14:27.489 D/Bitmap  (  364):       android.app.ActivityThread.handleLaunchActivity(ActivityThread.java:1684)
02-13 14:14:27.489 D/Bitmap  (  364):       android.app.ActivityThread.access$1500(ActivityThread.java:123)
02-13 14:14:27.489 D/KeyguardViewMediator(  256): setHidden false
02-13 14:14:27.499 D/KeyguardViewMediator(  256): setHidden false
02-13 14:14:27.499 D/Bitmap  (  364):       android.app.ActivityThread$H.handleMessage(ActivityThread.java:948)
02-13 14:14:27.499 D/Bitmap  (  364):       android.os.Handler.dispatchMessage(Handler.java:99)
02-13 14:14:27.499 D/Bitmap  (  364):       android.os.Looper.loop(Looper.java:130)
02-13 14:14:27.499 D/Bitmap  (  364):       android.app.ActivityThread.main(ActivityThread.java:3704)
02-13 14:14:27.499 D/Bitmap  (  364):       java.lang.reflect.Method.invokeNative(Native Method)
02-13 14:14:27.499 D/Bitmap  (  364):       java.lang.reflect.Method.invoke(Method.java:507)
02-13 14:14:27.499 D/Bitmap  (  364):       com.android.internal.os.ZygoteInit$MethodAndArgsCaller.run(ZygoteInit.java:875)
02-13 14:14:27.499 D/Bitmap  (  364):       com.android.internal.os.ZygoteInit.main(ZygoteInit.java:633)
02-13 14:14:27.499 D/Bitmap  (  364):       dalvik.system.NativeStart.main(Native Method)
02-13 14:14:27.499 D/Bitmap  (  364): _
02-13 14:14:27.509 D/MobileDataStateTracker(  256): [hipri]  MobileDataStateReceiver onReceive(): Entry.
02-13 14:14:27.509 D/MobileDataStateTracker(  256): [hipri]  intent.getAction()= android.intent.action.SERVICE_STATE
02-13 14:14:27.509 D/MobileDataStateTracker(  256): [hipri]  mEnabled = false
02-13 14:14:27.509 D/MobileDataStateTracker(  256): [dun]  MobileDataStateReceiver onReceive(): Entry.
02-13 14:14:27.509 D/MobileDataStateTracker(  256): [dun]  intent.getAction()= android.intent.action.SERVICE_STATE
02-13 14:14:27.509 D/MobileDataStateTracker(  256): [dun]  mEnabled = false
02-13 14:14:27.519 D/MobileDataStateTracker(  256): [supl]  MobileDataStateReceiver onReceive(): Entry.
02-13 14:14:27.519 D/MobileDataStateTracker(  256): [supl]  intent.getAction()= android.intent.action.SERVICE_STATE
02-13 14:14:27.519 D/MobileDataStateTracker(  256): [supl]  mEnabled = false
02-13 14:14:27.529 D/KeyguardViewMediator(  256): setHidden false
02-13 14:14:12.500 D/Launcher.Model(  364): going to save icon bitmap for info=ShortcutInfo(title=Contacts)
02-13 14:14:12.510 D/CallManager(  344):  handleMessage (EVENT_SERVICE_STATE_CHANGED)
02-13 14:14:12.510 E/BT HS/HF(  344): SERVICE_STATE_CHANGED called
02-13 14:14:12.510 E/BT HS/HF(  344): updateServiceState called, sendUpdate:false  ServiceState:3 home null null null  Unknown CSS not supported -1 -1RoamInd: -1RoamStatus(sprint): -1DefRoamInd: -1EmergOnly: false
02-13 14:14:12.510 E/BT HS/HF(  344): service:0 mService:0
02-13 14:14:12.520 D/MobileDataStateTracker(  256): [mms]  MobileDataStateReceiver onReceive(): Entry.
02-13 14:14:12.520 D/MobileDataStateTracker(  256): [mms]  intent.getAction()= android.intent.action.SERVICE_STATE
02-13 14:14:12.520 D/MobileDataStateTracker(  256): [mms]  mEnabled = false
02-13 14:14:12.520 D/MobileDataStateTracker(  256): [default]  MobileDataStateReceiver onReceive(): Entry.
02-13 14:14:12.520 D/MobileDataStateTracker(  256): [default]  intent.getAction()= android.intent.action.SERVICE_STATE
02-13 14:14:12.520 D/MobileDataStateTracker(  256): [default]  mEnabled = true
02-13 14:14:12.530 W/dalvikvm(  430): Refusing to reopen boot DEX '/system/framework/qcnvitems.jar'
02-13 14:14:12.530 W/dalvikvm(  430): Refusing to reopen boot DEX '/system/framework/qcrilhook.jar'
02-13 14:14:12.580 D/KeyguardViewMediator(  256): setHidden false
02-13 14:14:12.590 D/KeyguardUpdateMonitor(  256): received broadcast android.provider.Telephony.SPN_STRINGS_UPDATED
02-13 14:14:12.590 D/KeyguardUpdateMonitor(  256): Received SPN update on sub :0
02-13 14:14:12.590 D/KeyguardUpdateMonitor(  256): handleCarrierInfoUpdate: plmn = Searching for Service, spn = null, subscription = 0
02-13 14:14:12.590 D/LockScreen(  256): onRefreshCarrierInfo(Searching for Service, null)
02-13 14:14:12.590 D/LockScreen(  256): updateLayout: status=Normalsubscription=0
02-13 14:14:12.590 D/Launcher.Model(  364): going to save icon bitmap for info=ShortcutInfo(title=Messaging)
02-13 14:14:12.600 D/LockScreen(  256): Updating Lock Screen text to Ruim
02-13 14:14:12.630 I/BluetoothService(  256):  Received BOOT_COMPLETED message
02-13 14:14:12.640 D/DATA    (  344): [DSST(0)] pollstate() : reason = icc status changed
02-13 14:14:12.650 D/PROXY   (  344): ProxyManager EVENT_ICC_CHANGED for non DSDS m3gppIndex::-1 m3gpp2Index::-1
02-13 14:14:12.650 D/KeyguardViewMediator(  256): setHidden false
02-13 14:14:12.650 D/KeyguardViewMediator(  256): setHidden false
02-13 14:14:12.680 D/MccTable(  344): updateMccMncConfiguration: mcc=310, mnc=120
02-13 14:14:12.680 D/MccTable(  344): locale set to en_us
02-13 14:14:12.680 D/MccTable(  344): WIFI_NUM_ALLOWED_CHANNELS set to 11
02-13 14:14:12.690 D/KeyguardViewMediator(  256): setHidden false
02-13 14:14:12.720 D/DATA    (  344): [DSST(0)] pollstate() : reason = data network state changed
02-13 14:14:12.730 E/Tethering(  256): attempting to remove unknown iface (usb0), ignoring
02-13 14:14:12.740 D/Launcher.Model(  364): going to save icon bitmap for info=ShortcutInfo(title=Market)
02-13 14:14:12.760 D/MobileDataStateTracker(  256): [hipri]  MobileDataStateReceiver onReceive(): Entry.
02-13 14:14:12.760 D/MobileDataStateTracker(  256): [hipri]  intent.getAction()= android.intent.action.SERVICE_STATE
02-13 14:14:12.760 D/MobileDataStateTracker(  256): [hipri]  mEnabled = false
02-13 14:14:12.760 D/MobileDataStateTracker(  256): [dun]  MobileDataStateReceiver onReceive(): Entry.
02-13 14:14:12.760 D/MobileDataStateTracker(  256): [dun]  intent.getAction()= android.intent.action.SERVICE_STATE
02-13 14:14:12.760 D/MobileDataStateTracker(  256): [dun]  mEnabled = false
02-13 14:14:12.760 D/MobileDataStateTracker(  256): [supl]  MobileDataStateReceiver onReceive(): Entry.
02-13 14:14:12.760 D/MobileDataStateTracker(  256): [supl]  intent.getAction()= android.intent.action.SERVICE_STATE
02-13 14:14:12.760 D/MobileDataStateTracker(  256): [supl]  mEnabled = false
02-13 14:14:12.770 D/MobileDataStateTracker(  256): [mms]  MobileDataStateReceiver onReceive(): Entry.
02-13 14:14:12.770 D/MobileDataStateTracker(  256): [mms]  intent.getAction()= android.intent.action.SERVICE_STATE
02-13 14:14:12.770 D/MobileDataStateTracker(  256): [mms]  mEnabled = false
02-13 14:14:12.770 D/MobileDataStateTracker(  256): [default]  MobileDataStateReceiver onReceive(): Entry.
02-13 14:14:12.770 D/MobileDataStateTracker(  256): [default]  intent.getAction()= android.intent.action.SERVICE_STATE
02-13 14:14:12.770 D/MobileDataStateTracker(  256): [default]  mEnabled = true
02-13 14:14:12.810 E/MediaPlayerService(  116): ident is:1399285583, buf is:OggS
02-13 14:14:12.810 E/MediaPlayerService(  116):  create VorbisPlayer
02-13 14:14:12.860 E/MediaPlayerService(  116): ident is:1399285583, buf is:OggS
02-13 14:14:12.860 E/MediaPlayerService(  116):  create VorbisPlayer
02-13 14:14:12.860 D/CallManager(  344):  handleMessage (EVENT_SERVICE_STATE_CHANGED)
02-13 14:14:12.860 E/BT HS/HF(  344): SERVICE_STATE_CHANGED called
02-13 14:14:12.870 E/BT HS/HF(  344): updateServiceState called, sendUpdate:false  ServiceState:1 home Searching for Service null null  Unknown CSS not supported 0 0RoamInd: 2RoamStatus(sprint): 0DefRoamInd: 0EmergOnly: false
02-13 14:14:12.870 E/BT HS/HF(  344): service:0 mService:0
02-13 14:14:12.880 E/MediaPlayerService(  116): ident is:1399285583, buf is:OggS
02-13 14:14:12.880 E/MediaPlayerService(  116):  create VorbisPlayer
02-13 14:14:12.910 I/SearchManagerService(  256): Building list of searchable activities
02-13 14:14:12.920 E/MediaPlayerService(  116): ident is:1399285583, buf is:OggS
02-13 14:14:12.920 E/MediaPlayerService(  116):  create VorbisPlayer
02-13 14:14:12.970 E/MediaPlayerService(  116): ident is:1399285583, buf is:OggS
02-13 14:14:12.970 E/MediaPlayerService(  116):  create VorbisPlayer
02-13 14:14:13.120 D/DATA    (  344): [DSST(0)]  registrationState = 1  radioTechnology = 4 reasonForDenial = 0
02-13 14:14:13.120 D/DATA    (  344): [DSST(0)]  set mNewDataConnectionState = 0
02-13 14:14:13.120 D/DATA    (  344): [DSST(0)]  mNewDataConnectionState : 0  mDataConnectionState : 1
02-13 14:14:13.120 D/DATA    (  344): [DSST(0)]  cancel oos timer 
02-13 14:14:13.120 D/DATA    (  344): [DSST(0)] Poll ServiceState done: oldSS=[1 home null null null  Unknown CSS not supported -1 -1RoamInd: -1RoamStatus(sprint): -1DefRoamInd: -1EmergOnly: false] newSS=[0 home null null null  IS95A CSS not supported -1 -1RoamInd: -1RoamStatus(sprint): -1DefRoamInd: -1EmergOnly: false]
02-13 14:14:13.130 D/DATA    (  344): [DSST(0)]  mDataConnectionState = 0
02-13 14:14:13.140 D/PhoneApp(  344): old phone type:2, New Phone type:2
02-13 14:14:13.150 D/KeyguardUpdateMonitor(  256): received broadcast android.provider.Telephony.SPN_STRINGS_UPDATED
02-13 14:14:13.150 D/KeyguardUpdateMonitor(  256): Received SPN update on sub :0
02-13 14:14:13.150 D/KeyguardUpdateMonitor(  256): handleCarrierInfoUpdate: plmn = Sprint, spn = null, subscription = 0
02-13 14:14:13.150 D/LockScreen(  256): onRefreshCarrierInfo(Sprint, null)
02-13 14:14:13.150 D/LockScreen(  256): updateLayout: status=Normalsubscription=0
02-13 14:14:13.150 D/LockScreen(  256): Updating Lock Screen text to Ruim
02-13 14:14:13.160 D/MobileDataStateTracker(  256): [hipri]  MobileDataStateReceiver onReceive(): Entry.
02-13 14:14:13.160 D/MobileDataStateTracker(  256): [hipri]  intent.getAction()= android.intent.action.SERVICE_STATE
02-13 14:14:13.160 D/MobileDataStateTracker(  256): [hipri]  mEnabled = false
02-13 14:14:13.180 D/MobileDataStateTracker(  256): [hipri] subType changed, oldSubtype = 0new subtype = 4
02-13 14:14:13.180 D/MobileDataStateTracker(  256): [dun]  MobileDataStateReceiver onReceive(): Entry.
02-13 14:14:13.180 D/MobileDataStateTracker(  256): [dun]  intent.getAction()= android.intent.action.SERVICE_STATE
02-13 14:14:13.180 D/MobileDataStateTracker(  256): [dun]  mEnabled = false
02-13 14:14:13.180 D/MobileDataStateTracker(  256): [dun] subType changed, oldSubtype = 0new subtype = 4
02-13 14:14:13.180 D/MobileDataStateTracker(  256): [supl]  MobileDataStateReceiver onReceive(): Entry.
02-13 14:14:13.180 D/MobileDataStateTracker(  256): [supl]  intent.getAction()= android.intent.action.SERVICE_STATE
02-13 14:14:13.180 D/MobileDataStateTracker(  256): [supl]  mEnabled = false
02-13 14:14:13.180 D/MobileDataStateTracker(  256): [supl] subType changed, oldSubtype = 0new subtype = 4
02-13 14:14:13.180 D/MobileDataStateTracker(  256): [mms]  MobileDataStateReceiver onReceive(): Entry.
02-13 14:14:13.180 D/MobileDataStateTracker(  256): [mms]  intent.getAction()= android.intent.action.SERVICE_STATE
02-13 14:14:13.180 D/MobileDataStateTracker(  256): [mms]  mEnabled = false
02-13 14:14:13.180 D/MobileDataStateTracker(  256): [mms] subType changed, oldSubtype = 0new subtype = 4
02-13 14:14:13.200 D/MobileDataStateTracker(  256): [default]  MobileDataStateReceiver onReceive(): Entry.
02-13 14:14:13.200 D/MobileDataStateTracker(  256): [default]  intent.getAction()= android.intent.action.SERVICE_STATE
02-13 14:14:13.200 D/MobileDataStateTracker(  256): [default]  mEnabled = true
02-13 14:14:13.200 D/MobileDataStateTracker(  256): [default] subType changed, oldSubtype = 0new subtype = 4
02-13 14:14:13.200 D/DATA    (  344): [DSST(0)] pollstate() : reason = data network state changed
02-13 14:14:13.200 D/CallManager(  344):  handleMessage (EVENT_SERVICE_STATE_CHANGED)
02-13 14:14:13.200 E/BT HS/HF(  344): SERVICE_STATE_CHANGED called
02-13 14:14:13.200 E/BT HS/HF(  344): updateServiceState called, sendUpdate:false  ServiceState:0 home Sprint  310099  IS95A CSS not supported 41 4139RoamInd: 1RoamStatus(sprint): 1DefRoamInd: 160EmergOnly: false
02-13 14:14:13.210 E/BT HS/HF(  344): service:1 mService:0
02-13 14:14:13.210 D/CallManager(  344):  handleMessage (EVENT_SERVICE_STATE_CHANGED)
02-13 14:14:13.210 E/BT HS/HF(  344): SERVICE_STATE_CHANGED called
02-13 14:14:13.210 E/BT HS/HF(  344): updateServiceState called, sendUpdate:false  ServiceState:0 home Sprint  310099  IS95A CSS not supported 41 4139RoamInd: 1RoamStatus(sprint): 1DefRoamInd: 160EmergOnly: false
02-13 14:14:13.210 E/BT HS/HF(  344): service:1 mService:1
02-13 14:14:13.250 D/Phone   (  344): [PhoneNotifier] [DefaultPhoneNotifier] : default, INET, DISCONNECTED
02-13 14:14:13.260 I/TelephonyRegistry(  256): notifyDataConnection: state=0 isDataConnectivityPossible=true reason=dataNetworkAttached interfaceName=null networkType=4 apnType=default apn=null
02-13 14:14:13.260 I/TelephonyRegistry(  256): +++broadcastDataConnectionStateChanged
02-13 14:14:13.290 I/TelephonyRegistry(  256): +++sendStickyBroadcast
02-13 14:14:13.330 D/KeyguardViewMediator(  256): setHidden false
02-13 14:14:13.330 D/KeyguardViewMediator(  256): setHidden false
