02-13 14:14:13.390 D/MobileDataStateTracker(  256): [hipri]  MobileDataStateReceiver onReceive(): Entry.
02-13 14:14:13.390 D/MobileDataStateTracker(  256): [hipri]  intent.getAction()= android.intent.action.ANY_DATA_STATE
02-13 14:14:13.390 D/MobileDataStateTracker(  256): [hipri]  mEnabled = false
02-13 14:14:13.410 D/Phone   (  344): [PhoneNotifier] [DefaultPhoneNotifier] : default, INET6, DISCONNECTED
02-13 14:14:13.440 I/ContactsProvider(  408): query: content://com.android.contacts/contacts
02-13 14:14:13.440 I/TelephonyRegistry(  256): notifyDataConnection: state=0 isDataConnectivityPossible=true reason=dataNetworkAttached interfaceName=null networkType=4 apnType=default apn=null
02-13 14:14:13.440 I/TelephonyRegistry(  256): +++broadcastDataConnectionStateChanged
02-13 14:14:13.450 I/TelephonyRegistry(  256): +++sendStickyBroadcast
02-13 14:14:13.450 I/ActivityThread(  459): Pub com.google.android.partnersetup.rlzprovider: com.google.android.partnersetup.RlzProvider
02-13 14:14:13.460 D/Phone   (  344): [PhoneNotifier] [DefaultPhoneNotifier] : mms, INET, DISCONNECTED
02-13 14:14:13.460 D/MobileDataStateTracker(  256): [hipri]  apnTypeList = default
02-13 14:14:13.460 D/MobileDataStateTracker(  256): [hipri]  unavailable = false
02-13 14:14:13.460 D/MobileDataStateTracker(  256): [hipri] Do not process intents if disabled.
02-13 14:14:13.460 D/MobileDataStateTracker(  256): [dun]  MobileDataStateReceiver onReceive(): Entry.
02-13 14:14:13.460 D/MobileDataStateTracker(  256): [dun]  intent.getAction()= android.intent.action.ANY_DATA_STATE
02-13 14:14:13.460 D/MobileDataStateTracker(  256): [dun]  mEnabled = false
02-13 14:14:13.460 D/MobileDataStateTracker(  256): [dun]  apnTypeList = default
02-13 14:14:13.460 D/MobileDataStateTracker(  256): [dun]  unavailable = false
02-13 14:14:13.460 D/MobileDataStateTracker(  256): [dun] Do not process intents if disabled.
02-13 14:14:13.460 D/MobileDataStateTracker(  256): [supl]  MobileDataStateReceiver onReceive(): Entry.
02-13 14:14:13.460 D/MobileDataStateTracker(  256): [supl]  intent.getAction()= android.intent.action.ANY_DATA_STATE
02-13 14:14:13.460 D/MobileDataStateTracker(  256): [supl]  mEnabled = false
02-13 14:14:13.470 D/MobileDataStateTracker(  256): [supl]  apnTypeList = default
02-13 14:14:13.470 D/MobileDataStateTracker(  256): [supl]  unavailable = false
02-13 14:14:13.470 D/MobileDataStateTracker(  256): [supl] Do not process intents if disabled.
02-13 14:14:13.470 D/MobileDataStateTracker(  256): [mms]  MobileDataStateReceiver onReceive(): Entry.
02-13 14:14:13.470 D/MobileDataStateTracker(  256): [mms]  intent.getAction()= android.intent.action.ANY_DATA_STATE
02-13 14:14:13.470 D/MobileDataStateTracker(  256): [mms]  mEnabled = false
02-13 14:14:13.470 I/ActivityThread(  459): Pub com.google.android.partnersetup.rlzappprovider: com.google.android.partnersetup.RlzAppProvider
02-13 14:14:13.470 D/MobileDataStateTracker(  256): [mms]  apnTypeList = default
02-13 14:14:13.470 D/MobileDataStateTracker(  256): [mms]  unavailable = false
02-13 14:14:13.470 D/MobileDataStateTracker(  256): [mms] Do not process intents if disabled.
02-13 14:14:13.470 D/MobileDataStateTracker(  256): [default]  MobileDataStateReceiver onReceive(): Entry.
02-13 14:14:13.470 D/MobileDataStateTracker(  256): [default]  intent.getAction()= android.intent.action.ANY_DATA_STATE
02-13 14:14:13.470 D/MobileDataStateTracker(  256): [default]  mEnabled = true
02-13 14:14:13.470 D/MobileDataStateTracker(  256): [default]  apnTypeList = default
02-13 14:14:13.470 D/MobileDataStateTracker(  256): [default]  unavailable = false
02-13 14:14:13.470 D/MobileDataStateTracker(  256): [default] CALL updateMobileInfoFromIntent
02-13 14:14:13.480 I/MobileDataStateTracker(  256): [default] dc state change intent received for default/INET with state  DISCONNECTED. enabled=true state change reason = dataNetworkAttached
02-13 14:14:13.480 I/MobileDataStateTracker(  256): [default] old state = DISCONNECTED
02-13 14:14:13.480 I/MobileDataStateTracker(  256): [default] no change,  just return
02-13 14:14:13.480 D/MobileDataStateTracker(  256): [default] No need to update detailed state
02-13 14:14:13.480 D/MobileDataStateTracker(  256): [hipri]  MobileDataStateReceiver onReceive(): Entry.
02-13 14:14:13.480 D/MobileDataStateTracker(  256): [hipri]  intent.getAction()= android.intent.action.ANY_DATA_STATE
02-13 14:14:13.480 D/MobileDataStateTracker(  256): [hipri]  mEnabled = false
02-13 14:14:13.490 D/MobileDataStateTracker(  256): [hipri]  apnTypeList = default
02-13 14:14:13.490 D/MobileDataStateTracker(  256): [hipri]  unavailable = false
02-13 14:14:13.490 D/MobileDataStateTracker(  256): [hipri] Do not process intents if disabled.
02-13 14:14:13.490 D/MobileDataStateTracker(  256): [dun]  MobileDataStateReceiver onReceive(): Entry.
02-13 14:14:13.490 D/MobileDataStateTracker(  256): [dun]  intent.getAction()= android.intent.action.ANY_DATA_STATE
02-13 14:14:13.490 D/MobileDataStateTracker(  256): [dun]  mEnabled = false
02-13 14:14:13.490 D/MobileDataStateTracker(  256): [dun]  apnTypeList = default
02-13 14:14:13.490 D/MobileDataStateTracker(  256): [dun]  unavailable = false
02-13 14:14:13.490 D/MobileDataStateTracker(  256): [dun] Do not process intents if disabled.
02-13 14:14:13.490 D/MobileDataStateTracker(  256): [supl]  MobileDataStateReceiver onReceive(): Entry.
02-13 14:14:13.490 D/MobileDataStateTracker(  256): [supl]  intent.getAction()= android.intent.action.ANY_DATA_STATE
02-13 14:14:13.490 D/MobileDataStateTracker(  256): [supl]  mEnabled = false
02-13 14:14:13.490 I/TelephonyRegistry(  256): notifyDataConnection: state=0 isDataConnectivityPossible=true reason=dataNetworkAttached interfaceName=null networkType=4 apnType=mms apn=null
02-13 14:14:13.490 I/TelephonyRegistry(  256): +++broadcastDataConnectionStateChanged
02-13 14:14:13.500 I/TelephonyRegistry(  256): +++sendStickyBroadcast
02-13 14:14:13.500 D/Phone   (  344): [PhoneNotifier] [DefaultPhoneNotifier] : mms, INET6, DISCONNECTED
02-13 14:14:13.500 D/MobileDataStateTracker(  256): [supl]  apnTypeList = default
02-13 14:14:13.500 D/MobileDataStateTracker(  256): [supl]  unavailable = false
02-13 14:14:13.500 D/MobileDataStateTracker(  256): [supl] Do not process intents if disabled.
02-13 14:14:13.500 D/MobileDataStateTracker(  256): [mms]  MobileDataStateReceiver onReceive(): Entry.
02-13 14:14:13.500 D/MobileDataStateTracker(  256): [mms]  intent.getAction()= android.intent.action.ANY_DATA_STATE
02-13 14:14:13.500 D/MobileDataStateTracker(  256): [mms]  mEnabled = false
02-13 14:14:13.510 D/MobileDataStateTracker(  256): [mms]  apnTypeList = default
02-13 14:14:13.510 D/MobileDataStateTracker(  256): [mms]  unavailable = false
02-13 14:14:13.510 D/MobileDataStateTracker(  256): [mms] Do not process intents if disabled.
02-13 14:14:13.510 D/MobileDataStateTracker(  256): [default]  MobileDataStateReceiver onReceive(): Entry.
02-13 14:14:13.510 D/MobileDataStateTracker(  256): [default]  intent.getAction()= android.intent.action.ANY_DATA_STATE
02-13 14:14:13.510 D/MobileDataStateTracker(  256): [default]  mEnabled = true
02-13 14:14:13.510 D/MobileDataStateTracker(  256): [default]  apnTypeList = default
02-13 14:14:13.510 D/MobileDataStateTracker(  256): [default]  unavailable = false
02-13 14:14:13.510 D/MobileDataStateTracker(  256): [default] CALL updateMobileInfoFromIntent
02-13 14:14:13.510 I/MobileDataStateTracker(  256): [default] dc state change intent received for default/INET6 with state  DISCONNECTED. enabled=true state change reason = dataNetworkAttached
02-13 14:14:13.510 I/MobileDataStateTracker(  256): [default] old state = DISCONNECTED
02-13 14:14:13.510 I/MobileDataStateTracker(  256): [default] no change,  just return
02-13 14:14:13.510 I/TelephonyRegistry(  256): notifyDataConnection: state=0 isDataConnectivityPossible=true reason=dataNetworkAttached interfaceName=null networkType=4 apnType=mms apn=null
02-13 14:14:13.510 I/TelephonyRegistry(  256): +++broadcastDataConnectionStateChanged
02-13 14:14:13.510 I/TelephonyRegistry(  256): +++sendStickyBroadcast
02-13 14:14:13.510 D/Phone   (  344): [PhoneNotifier] [DefaultPhoneNotifier] : supl, INET, DISCONNECTED
02-13 14:14:13.520 D/MobileDataStateTracker(  256): [default] No need to update detailed state
02-13 14:14:13.520 D/MobileDataStateTracker(  256): [hipri]  MobileDataStateReceiver onReceive(): Entry.
02-13 14:14:13.520 D/MobileDataStateTracker(  256): [hipri]  intent.getAction()= android.intent.action.ANY_DATA_STATE
02-13 14:14:13.520 D/MobileDataStateTracker(  256): [hipri]  mEnabled = false
02-13 14:14:13.520 I/TelephonyRegistry(  256): notifyDataConnection: state=0 isDataConnectivityPossible=true reason=dataNetworkAttached interfaceName=null networkType=4 apnType=supl apn=null
02-13 14:14:13.520 I/TelephonyRegistry(  256): +++broadcastDataConnectionStateChanged
02-13 14:14:13.520 I/TelephonyRegistry(  256): +++sendStickyBroadcast
02-13 14:14:13.530 D/MobileDataStateTracker(  256): [hipri]  apnTypeList = mms
02-13 14:14:13.530 D/MobileDataStateTracker(  256): [hipri]  unavailable = false
02-13 14:14:13.530 D/MobileDataStateTracker(  256): [hipri] Do not process intents if disabled.
02-13 14:14:13.530 D/MobileDataStateTracker(  256): [dun]  MobileDataStateReceiver onReceive(): Entry.
02-13 14:14:13.530 D/MobileDataStateTracker(  256): [dun]  intent.getAction()= android.intent.action.ANY_DATA_STATE
02-13 14:14:13.530 D/MobileDataStateTracker(  256): [dun]  mEnabled = false
02-13 14:14:13.530 D/MobileDataStateTracker(  256): [dun]  apnTypeList = mms
02-13 14:14:13.530 D/MobileDataStateTracker(  256): [dun]  unavailable = false
02-13 14:14:13.530 D/MobileDataStateTracker(  256): [dun] Do not process intents if disabled.
02-13 14:14:13.530 D/MobileDataStateTracker(  256): [supl]  MobileDataStateReceiver onReceive(): Entry.
02-13 14:14:13.530 D/MobileDataStateTracker(  256): [supl]  intent.getAction()= android.intent.action.ANY_DATA_STATE
02-13 14:14:13.530 D/MobileDataStateTracker(  256): [supl]  mEnabled = false
02-13 14:14:13.530 D/MobileDataStateTracker(  256): [supl]  apnTypeList = mms
02-13 14:14:13.530 D/MobileDataStateTracker(  256): [supl]  unavailable = false
02-13 14:14:13.530 D/MobileDataStateTracker(  256): [supl] Do not process intents if disabled.
02-13 14:14:13.530 D/MobileDataStateTracker(  256): [mms]  MobileDataStateReceiver onReceive(): Entry.
02-13 14:14:13.530 D/MobileDataStateTracker(  256): [mms]  intent.getAction()= android.intent.action.ANY_DATA_STATE
02-13 14:14:13.530 D/MobileDataStateTracker(  256): [mms]  mEnabled = false
02-13 14:14:13.530 D/Phone   (  344): [PhoneNotifier] [DefaultPhoneNotifier] : supl, INET6, DISCONNECTED
02-13 14:14:13.540 I/TelephonyRegistry(  256): notifyDataConnection: state=0 isDataConnectivityPossible=true reason=dataNetworkAttached interfaceName=null networkType=4 apnType=supl apn=null
02-13 14:14:13.540 I/TelephonyRegistry(  256): +++broadcastDataConnectionStateChanged
02-13 14:14:13.540 I/TelephonyRegistry(  256): +++sendStickyBroadcast
02-13 14:14:13.540 D/Phone   (  344): [PhoneNotifier] [DefaultPhoneNotifier] : dun, INET, DISCONNECTED
02-13 14:14:13.540 D/MobileDataStateTracker(  256): [mms]  apnTypeList = mms
02-13 14:14:13.540 D/MobileDataStateTracker(  256): [mms]  unavailable = false
02-13 14:14:13.540 D/MobileDataStateTracker(  256): [mms] Do not process intents if disabled.
02-13 14:14:13.540 D/MobileDataStateTracker(  256): [default]  MobileDataStateReceiver onReceive(): Entry.
02-13 14:14:13.540 D/MobileDataStateTracker(  256): [default]  intent.getAction()= android.intent.action.ANY_DATA_STATE
02-13 14:14:13.540 D/MobileDataStateTracker(  256): [default]  mEnabled = true
02-13 14:14:13.550 D/MobileDataStateTracker(  256): [default]  apnTypeList = mms
02-13 14:14:13.550 D/MobileDataStateTracker(  256): [default]  unavailable = false
02-13 14:14:13.550 D/MobileDataStateTracker(  256): [default] not what we are looking for.
02-13 14:14:13.550 D/MobileDataStateTracker(  256): [hipri]  MobileDataStateReceiver onReceive(): Entry.
02-13 14:14:13.550 D/MobileDataStateTracker(  256): [hipri]  intent.getAction()= android.intent.action.ANY_DATA_STATE
02-13 14:14:13.550 D/MobileDataStateTracker(  256): [hipri]  mEnabled = false
02-13 14:14:13.560 I/TelephonyRegistry(  256): notifyDataConnection: state=0 isDataConnectivityPossible=true reason=dataNetworkAttached interfaceName=null networkType=4 apnType=dun apn=null
02-13 14:14:13.560 I/TelephonyRegistry(  256): +++broadcastDataConnectionStateChanged
02-13 14:14:13.560 I/TelephonyRegistry(  256): +++sendStickyBroadcast
02-13 14:14:13.560 D/MobileDataStateTracker(  256): [hipri]  apnTypeList = mms
02-13 14:14:13.560 D/MobileDataStateTracker(  256): [hipri]  unavailable = false
02-13 14:14:13.560 D/MobileDataStateTracker(  256): [hipri] Do not process intents if disabled.
02-13 14:14:13.560 D/MobileDataStateTracker(  256): [dun]  MobileDataStateReceiver onReceive(): Entry.
02-13 14:14:13.560 D/MobileDataStateTracker(  256): [dun]  intent.getAction()= android.intent.action.ANY_DATA_STATE
02-13 14:14:13.560 D/MobileDataStateTracker(  256): [dun]  mEnabled = false
02-13 14:14:13.560 D/MobileDataStateTracker(  256): [dun]  apnTypeList = mms
02-13 14:14:13.560 D/MobileDataStateTracker(  256): [dun]  unavailable = false
02-13 14:14:13.560 D/MobileDataStateTracker(  256): [dun] Do not process intents if disabled.
02-13 14:14:13.560 D/MobileDataStateTracker(  256): [supl]  MobileDataStateReceiver onReceive(): Entry.
02-13 14:14:13.560 D/MobileDataStateTracker(  256): [supl]  intent.getAction()= android.intent.action.ANY_DATA_STATE
02-13 14:14:13.560 D/MobileDataStateTracker(  256): [supl]  mEnabled = false
02-13 14:14:13.570 D/Phone   (  344): [PhoneNotifier] [DefaultPhoneNotifier] : dun, INET6, DISCONNECTED
02-13 14:14:13.570 I/TelephonyRegistry(  256): notifyDataConnection: state=0 isDataConnectivityPossible=true reason=dataNetworkAttached interfaceName=null networkType=4 apnType=dun apn=null
02-13 14:14:13.570 I/TelephonyRegistry(  256): +++broadcastDataConnectionStateChanged
02-13 14:14:13.570 I/TelephonyRegistry(  256): +++sendStickyBroadcast
02-13 14:14:13.570 D/Phone   (  344): [PhoneNotifier] [DefaultPhoneNotifier] : hipri, INET, DISCONNECTED
02-13 14:14:13.580 D/MobileDataStateTracker(  256): [supl]  apnTypeList = mms
02-13 14:14:13.580 D/MobileDataStateTracker(  256): [supl]  unavailable = false
02-13 14:14:13.580 D/MobileDataStateTracker(  256): [supl] Do not process intents if disabled.
02-13 14:14:13.580 D/MobileDataStateTracker(  256): [mms]  MobileDataStateReceiver onReceive(): Entry.
02-13 14:14:13.580 D/MobileDataStateTracker(  256): [mms]  intent.getAction()= android.intent.action.ANY_DATA_STATE
02-13 14:14:13.580 D/MobileDataStateTracker(  256): [mms]  mEnabled = false
02-13 14:14:13.580 D/MobileDataStateTracker(  256): [mms]  apnTypeList = mms
02-13 14:14:13.580 D/MobileDataStateTracker(  256): [mms]  unavailable = false
02-13 14:14:13.580 D/MobileDataStateTracker(  256): [mms] Do not process intents if disabled.
02-13 14:14:13.580 D/MobileDataStateTracker(  256): [default]  MobileDataStateReceiver onReceive(): Entry.
02-13 14:14:13.580 D/MobileDataStateTracker(  256): [default]  intent.getAction()= android.intent.action.ANY_DATA_STATE
02-13 14:14:13.580 D/MobileDataStateTracker(  256): [default]  mEnabled = true
02-13 14:14:13.590 I/TelephonyRegistry(  256): notifyDataConnection: state=0 isDataConnectivityPossible=true reason=dataNetworkAttached interfaceName=null networkType=4 apnType=hipri apn=null
02-13 14:14:13.590 I/TelephonyRegistry(  256): +++broadcastDataConnectionStateChanged
02-13 14:14:13.590 I/TelephonyRegistry(  256): +++sendStickyBroadcast
02-13 14:14:13.590 D/MobileDataStateTracker(  256): [default]  apnTypeList = mms
02-13 14:14:13.590 D/MobileDataStateTracker(  256): [default]  unavailable = false
02-13 14:14:13.590 D/MobileDataStateTracker(  256): [default] not what we are looking for.
02-13 14:14:13.590 D/MobileDataStateTracker(  256): [hipri]  MobileDataStateReceiver onReceive(): Entry.
02-13 14:14:13.590 D/MobileDataStateTracker(  256): [hipri]  intent.getAction()= android.intent.action.ANY_DATA_STATE
02-13 14:14:13.590 D/MobileDataStateTracker(  256): [hipri]  mEnabled = false
02-13 14:14:13.600 D/MobileDataStateTracker(  256): [hipri]  apnTypeList = supl
02-13 14:14:13.600 D/MobileDataStateTracker(  256): [hipri]  unavailable = false
02-13 14:14:13.600 D/MobileDataStateTracker(  256): [hipri] Do not process intents if disabled.
02-13 14:14:13.600 D/MobileDataStateTracker(  256): [dun]  MobileDataStateReceiver onReceive(): Entry.
02-13 14:14:13.600 D/MobileDataStateTracker(  256): [dun]  intent.getAction()= android.intent.action.ANY_DATA_STATE
02-13 14:14:13.600 D/MobileDataStateTracker(  256): [dun]  mEnabled = false
02-13 14:14:13.600 D/Phone   (  344): [PhoneNotifier] [DefaultPhoneNotifier] : hipri, INET6, DISCONNECTED
02-13 14:14:13.600 I/TelephonyRegistry(  256): notifyDataConnection: state=0 isDataConnectivityPossible=true reason=dataNetworkAttached interfaceName=null networkType=4 apnType=hipri apn=null
02-13 14:14:13.600 I/TelephonyRegistry(  256): +++broadcastDataConnectionStateChanged
02-13 14:14:13.600 I/TelephonyRegistry(  256): +++sendStickyBroadcast
02-13 14:14:13.610 D/MobileDataStateTracker(  256): [dun]  apnTypeList = supl
02-13 14:14:13.610 D/MobileDataStateTracker(  256): [dun]  unavailable = false
02-13 14:14:13.610 D/MobileDataStateTracker(  256): [dun] Do not process intents if disabled.
02-13 14:14:13.610 D/MobileDataStateTracker(  256): [supl]  MobileDataStateReceiver onReceive(): Entry.
02-13 14:14:13.610 D/MobileDataStateTracker(  256): [supl]  intent.getAction()= android.intent.action.ANY_DATA_STATE
02-13 14:14:13.610 D/MobileDataStateTracker(  256): [supl]  mEnabled = false
02-13 14:14:13.610 D/Phone   (  344): [PhoneNotifier] [DefaultPhoneNotifier] : default, INET, DISCONNECTED
02-13 14:14:13.610 D/MobileDataStateTracker(  256): [supl]  apnTypeList = supl
02-13 14:14:13.610 D/MobileDataStateTracker(  256): [supl]  unavailable = false
02-13 14:14:13.610 D/MobileDataStateTracker(  256): [supl] Do not process intents if disabled.
02-13 14:14:13.610 D/MobileDataStateTracker(  256): [mms]  MobileDataStateReceiver onReceive(): Entry.
02-13 14:14:13.610 D/MobileDataStateTracker(  256): [mms]  intent.getAction()= android.intent.action.ANY_DATA_STATE
02-13 14:14:13.610 D/MobileDataStateTracker(  256): [mms]  mEnabled = false
02-13 14:14:13.610 D/MobileDataStateTracker(  256): [mms]  apnTypeList = supl
02-13 14:14:13.610 D/MobileDataStateTracker(  256): [mms]  unavailable = false
02-13 14:14:13.610 D/MobileDataStateTracker(  256): [mms] Do not process intents if disabled.
02-13 14:14:13.610 D/MobileDataStateTracker(  256): [default]  MobileDataStateReceiver onReceive(): Entry.
02-13 14:14:13.610 D/MobileDataStateTracker(  256): [default]  intent.getAction()= android.intent.action.ANY_DATA_STATE
02-13 14:14:13.610 D/MobileDataStateTracker(  256): [default]  mEnabled = true
02-13 14:14:13.620 D/MobileDataStateTracker(  256): [default]  apnTypeList = supl
02-13 14:14:13.620 I/TelephonyRegistry(  256): notifyDataConnection: state=0 isDataConnectivityPossible=true reason=radioTechnologyChanged interfaceName=null networkType=4 apnType=default apn=null
02-13 14:14:13.620 I/TelephonyRegistry(  256): +++broadcastDataConnectionStateChanged
02-13 14:14:13.620 I/TelephonyRegistry(  256): +++sendStickyBroadcast
02-13 14:14:13.630 D/androidNlpServiceThread(  378): updateState: shouldBeEnabled false shouldBeRunning false
02-13 14:14:13.630 D/Phone   (  344): [PhoneNotifier] [DefaultPhoneNotifier] : default, INET6, DISCONNECTED
02-13 14:14:13.650 D/MobileDataStateTracker(  256): [default]  unavailable = false
02-13 14:14:13.650 D/MobileDataStateTracker(  256): [default] not what we are looking for.
02-13 14:14:13.650 D/MobileDataStateTracker(  256): [hipri]  MobileDataStateReceiver onReceive(): Entry.
02-13 14:14:13.650 D/MobileDataStateTracker(  256): [hipri]  intent.getAction()= android.intent.action.ANY_DATA_STATE
02-13 14:14:13.650 D/MobileDataStateTracker(  256): [hipri]  mEnabled = false
02-13 14:14:13.650 I/TelephonyRegistry(  256): notifyDataConnection: state=0 isDataConnectivityPossible=true reason=radioTechnologyChanged interfaceName=null networkType=4 apnType=default apn=null
02-13 14:14:13.650 I/TelephonyRegistry(  256): +++broadcastDataConnectionStateChanged
02-13 14:14:13.650 D/MobileDataStateTracker(  256): [hipri]  apnTypeList = supl
02-13 14:14:13.650 D/MobileDataStateTracker(  256): [hipri]  unavailable = false
02-13 14:14:13.650 D/MobileDataStateTracker(  256): [hipri] Do not process intents if disabled.
02-13 14:14:13.650 D/MobileDataStateTracker(  256): [dun]  MobileDataStateReceiver onReceive(): Entry.
02-13 14:14:13.650 D/MobileDataStateTracker(  256): [dun]  intent.getAction()= android.intent.action.ANY_DATA_STATE
02-13 14:14:13.650 D/MobileDataStateTracker(  256): [dun]  mEnabled = false
02-13 14:14:13.650 D/MobileDataStateTracker(  256): [dun]  apnTypeList = supl
02-13 14:14:13.650 D/MobileDataStateTracker(  256): [dun]  unavailable = false
02-13 14:14:13.650 D/MobileDataStateTracker(  256): [dun] Do not process intents if disabled.
02-13 14:14:13.650 D/Phone   (  344): [PhoneNotifier] [DefaultPhoneNotifier] : mms, INET, DISCONNECTED
02-13 14:14:13.650 I/TelephonyRegistry(  256): notifyDataConnection: state=0 isDataConnectivityPossible=true reason=radioTechnologyChanged interfaceName=null networkType=4 apnType=mms apn=null
02-13 14:14:13.650 I/TelephonyRegistry(  256): +++broadcastDataConnectionStateChanged
02-13 14:14:13.650 I/TelephonyRegistry(  256): +++sendStickyBroadcast
02-13 14:14:13.650 I/TelephonyRegistry(  256): +++sendStickyBroadcast
02-13 14:14:13.660 D/MobileDataStateTracker(  256): [supl]  MobileDataStateReceiver onReceive(): Entry.
02-13 14:14:13.660 D/MobileDataStateTracker(  256): [supl]  intent.getAction()= android.intent.action.ANY_DATA_STATE
02-13 14:14:13.660 D/MobileDataStateTracker(  256): [supl]  mEnabled = false
02-13 14:14:13.670 D/Phone   (  344): [PhoneNotifier] [DefaultPhoneNotifier] : mms, INET6, DISCONNECTED
02-13 14:14:13.670 I/TelephonyRegistry(  256): notifyDataConnection: state=0 isDataConnectivityPossible=true reason=radioTechnologyChanged interfaceName=null networkType=4 apnType=mms apn=null
02-13 14:14:13.670 I/TelephonyRegistry(  256): +++broadcastDataConnectionStateChanged
02-13 14:14:13.670 D/MobileDataStateTracker(  256): [supl]  apnTypeList = supl
02-13 14:14:13.670 D/MobileDataStateTracker(  256): [supl]  unavailable = false
02-13 14:14:13.670 D/MobileDataStateTracker(  256): [supl] Do not process intents if disabled.
02-13 14:14:13.670 D/MobileDataStateTracker(  256): [mms]  MobileDataStateReceiver onReceive(): Entry.
02-13 14:14:13.670 D/MobileDataStateTracker(  256): [mms]  intent.getAction()= android.intent.action.ANY_DATA_STATE
02-13 14:14:13.670 D/MobileDataStateTracker(  256): [mms]  mEnabled = false
02-13 14:14:13.670 D/MobileDataStateTracker(  256): [mms]  apnTypeList = supl
02-13 14:14:13.670 D/MobileDataStateTracker(  256): [mms]  unavailable = false
02-13 14:14:13.670 D/MobileDataStateTracker(  256): [mms] Do not process intents if disabled.
02-13 14:14:13.670 D/MobileDataStateTracker(  256): [default]  MobileDataStateReceiver onReceive(): Entry.
02-13 14:14:13.670 D/MobileDataStateTracker(  256): [default]  intent.getAction()= android.intent.action.ANY_DATA_STATE
02-13 14:14:13.670 D/MobileDataStateTracker(  256): [default]  mEnabled = true
02-13 14:14:13.670 D/MobileDataStateTracker(  256): [default]  apnTypeList = supl
02-13 14:14:13.670 D/MobileDataStateTracker(  256): [default]  unavailable = false
02-13 14:14:13.670 D/MobileDataStateTracker(  256): [default] not what we are looking for.
02-13 14:14:13.670 D/MobileDataStateTracker(  256): [hipri]  MobileDataStateReceiver onReceive(): Entry.
02-13 14:14:13.670 D/MobileDataStateTracker(  256): [hipri]  intent.getAction()= android.intent.action.ANY_DATA_STATE
02-13 14:14:13.680 D/MobileDataStateTracker(  256): [hipri]  mEnabled = false
02-13 14:14:13.680 I/TelephonyRegistry(  256): +++sendStickyBroadcast
02-13 14:14:13.680 D/Phone   (  344): [PhoneNotifier] [DefaultPhoneNotifier] : supl, INET, DISCONNECTED
02-13 14:14:13.680 I/TelephonyRegistry(  256): notifyDataConnection: state=0 isDataConnectivityPossible=true reason=radioTechnologyChanged interfaceName=null networkType=4 apnType=supl apn=null
02-13 14:14:13.680 I/TelephonyRegistry(  256): +++broadcastDataConnectionStateChanged
02-13 14:14:13.690 D/androidNlpServiceThread(  378): updateState: shouldBeEnabled false shouldBeRunning false
02-13 14:14:13.700 D/MobileDataStateTracker(  256): [hipri]  apnTypeList = dun
02-13 14:14:13.700 D/MobileDataStateTracker(  256): [hipri]  unavailable = false
02-13 14:14:13.700 D/MobileDataStateTracker(  256): [hipri] Do not process intents if disabled.
02-13 14:14:13.700 D/MobileDataStateTracker(  256): [dun]  MobileDataStateReceiver onReceive(): Entry.
02-13 14:14:13.700 D/MobileDataStateTracker(  256): [dun]  intent.getAction()= android.intent.action.ANY_DATA_STATE
02-13 14:14:13.700 D/MobileDataStateTracker(  256): [dun]  mEnabled = false
02-13 14:14:13.700 D/MobileDataStateTracker(  256): [dun]  apnTypeList = dun
02-13 14:14:13.700 D/MobileDataStateTracker(  256): [dun]  unavailable = false
02-13 14:14:13.700 D/MobileDataStateTracker(  256): [dun] Do not process intents if disabled.
02-13 14:14:13.700 D/MobileDataStateTracker(  256): [supl]  MobileDataStateReceiver onReceive(): Entry.
02-13 14:14:13.700 D/MobileDataStateTracker(  256): [supl]  intent.getAction()= android.intent.action.ANY_DATA_STATE
02-13 14:14:13.700 D/MobileDataStateTracker(  256): [supl]  mEnabled = false
02-13 14:14:13.700 I/TelephonyRegistry(  256): +++sendStickyBroadcast
02-13 14:14:13.700 D/Phone   (  344): [PhoneNotifier] [DefaultPhoneNotifier] : supl, INET6, DISCONNECTED
02-13 14:14:13.700 I/TelephonyRegistry(  256): notifyDataConnection: state=0 isDataConnectivityPossible=true reason=radioTechnologyChanged interfaceName=null networkType=4 apnType=supl apn=null
02-13 14:14:13.700 I/TelephonyRegistry(  256): +++broadcastDataConnectionStateChanged
02-13 14:14:13.700 I/TelephonyRegistry(  256): +++sendStickyBroadcast
02-13 14:14:13.710 D/MobileDataStateTracker(  256): [supl]  apnTypeList = dun
02-13 14:14:13.710 D/MobileDataStateTracker(  256): [supl]  unavailable = false
02-13 14:14:13.710 D/MobileDataStateTracker(  256): [supl] Do not process intents if disabled.
02-13 14:14:13.710 D/MobileDataStateTracker(  256): [mms]  MobileDataStateReceiver onReceive(): Entry.
02-13 14:14:13.710 D/MobileDataStateTracker(  256): [mms]  intent.getAction()= android.intent.action.ANY_DATA_STATE
02-13 14:14:13.710 D/MobileDataStateTracker(  256): [mms]  mEnabled = false
02-13 14:14:13.720 D/Phone   (  344): [PhoneNotifier] [DefaultPhoneNotifier] : dun, INET, DISCONNECTED
02-13 14:14:13.720 I/TelephonyRegistry(  256): notifyDataConnection: state=0 isDataConnectivityPossible=true reason=radioTechnologyChanged interfaceName=null networkType=4 apnType=dun apn=null
02-13 14:14:13.720 I/TelephonyRegistry(  256): +++broadcastDataConnectionStateChanged
02-13 14:14:13.720 D/MobileDataStateTracker(  256): [mms]  apnTypeList = dun
02-13 14:14:13.720 D/MobileDataStateTracker(  256): [mms]  unavailable = false
02-13 14:14:13.720 D/MobileDataStateTracker(  256): [mms] Do not process intents if disabled.
02-13 14:14:13.720 D/MobileDataStateTracker(  256): [default]  MobileDataStateReceiver onReceive(): Entry.
02-13 14:14:13.720 D/MobileDataStateTracker(  256): [default]  intent.getAction()= android.intent.action.ANY_DATA_STATE
02-13 14:14:13.720 D/MobileDataStateTracker(  256): [default]  mEnabled = true
02-13 14:14:13.720 D/MobileDataStateTracker(  256): [default]  apnTypeList = dun
02-13 14:14:13.720 D/MobileDataStateTracker(  256): [default]  unavailable = false
02-13 14:14:13.720 D/MobileDataStateTracker(  256): [default] not what we are looking for.
02-13 14:14:13.720 D/MobileDataStateTracker(  256): [hipri]  MobileDataStateReceiver onReceive(): Entry.
02-13 14:14:13.720 D/MobileDataStateTracker(  256): [hipri]  intent.getAction()= android.intent.action.ANY_DATA_STATE
02-13 14:14:13.720 D/MobileDataStateTracker(  256): [hipri]  mEnabled = false
02-13 14:14:13.720 D/MobileDataStateTracker(  256): [hipri]  apnTypeList = dun
02-13 14:14:13.730 I/TelephonyRegistry(  256): +++sendStickyBroadcast
02-13 14:14:13.730 D/Phone   (  344): [PhoneNotifier] [DefaultPhoneNotifier] : dun, INET6, DISCONNECTED
02-13 14:14:13.730 I/TelephonyRegistry(  256): notifyDataConnection: state=0 isDataConnectivityPossible=true reason=radioTechnologyChanged interfaceName=null networkType=4 apnType=dun apn=null
02-13 14:14:13.730 I/TelephonyRegistry(  256): +++broadcastDataConnectionStateChanged
02-13 14:14:13.730 I/TelephonyRegistry(  256): +++sendStickyBroadcast
02-13 14:14:13.730 D/MobileDataStateTracker(  256): [hipri]  unavailable = false
02-13 14:14:13.730 D/MobileDataStateTracker(  256): [hipri] Do not process intents if disabled.
02-13 14:14:13.730 D/MobileDataStateTracker(  256): [dun]  MobileDataStateReceiver onReceive(): Entry.
02-13 14:14:13.730 D/MobileDataStateTracker(  256): [dun]  intent.getAction()= android.intent.action.ANY_DATA_STATE
02-13 14:14:13.730 D/MobileDataStateTracker(  256): [dun]  mEnabled = false
02-13 14:14:13.740 D/MobileDataStateTracker(  256): [dun]  apnTypeList = dun
02-13 14:14:13.740 D/MobileDataStateTracker(  256): [dun]  unavailable = false
02-13 14:14:13.740 D/MobileDataStateTracker(  256): [dun] Do not process intents if disabled.
02-13 14:14:13.740 D/MobileDataStateTracker(  256): [supl]  MobileDataStateReceiver onReceive(): Entry.
02-13 14:14:13.740 D/MobileDataStateTracker(  256): [supl]  intent.getAction()= android.intent.action.ANY_DATA_STATE
02-13 14:14:13.740 D/MobileDataStateTracker(  256): [supl]  mEnabled = false
02-13 14:14:13.740 D/Phone   (  344): [PhoneNotifier] [DefaultPhoneNotifier] : hipri, INET, DISCONNECTED
02-13 14:14:13.740 D/MobileDataStateTracker(  256): [supl]  apnTypeList = dun
02-13 14:14:13.740 D/MobileDataStateTracker(  256): [supl]  unavailable = false
02-13 14:14:13.740 D/MobileDataStateTracker(  256): [supl] Do not process intents if disabled.
02-13 14:14:13.740 D/MobileDataStateTracker(  256): [mms]  MobileDataStateReceiver onReceive(): Entry.
02-13 14:14:13.740 D/MobileDataStateTracker(  256): [mms]  intent.getAction()= android.intent.action.ANY_DATA_STATE
02-13 14:14:13.740 D/MobileDataStateTracker(  256): [mms]  mEnabled = false
02-13 14:14:13.740 D/MobileDataStateTracker(  256): [mms]  apnTypeList = dun
02-13 14:14:13.740 D/MobileDataStateTracker(  256): [mms]  unavailable = false
02-13 14:14:13.740 D/MobileDataStateTracker(  256): [mms] Do not process intents if disabled.
02-13 14:14:13.740 D/MobileDataStateTracker(  256): [default]  MobileDataStateReceiver onReceive(): Entry.
02-13 14:14:13.740 D/MobileDataStateTracker(  256): [default]  intent.getAction()= android.intent.action.ANY_DATA_STATE
02-13 14:14:13.740 D/MobileDataStateTracker(  256): [default]  mEnabled = true
02-13 14:14:13.750 I/TelephonyRegistry(  256): notifyDataConnection: state=0 isDataConnectivityPossible=true reason=radioTechnologyChanged interfaceName=null networkType=4 apnType=hipri apn=null
02-13 14:14:13.750 I/TelephonyRegistry(  256): +++broadcastDataConnectionStateChanged
02-13 14:14:13.750 I/TelephonyRegistry(  256): +++sendStickyBroadcast
02-13 14:14:13.750 D/Phone   (  344): [PhoneNotifier] [DefaultPhoneNotifier] : hipri, INET6, DISCONNECTED
02-13 14:14:13.750 I/TelephonyRegistry(  256): notifyDataConnection: state=0 isDataConnectivityPossible=true reason=radioTechnologyChanged interfaceName=null networkType=4 apnType=hipri apn=null
02-13 14:14:13.750 I/TelephonyRegistry(  256): +++broadcastDataConnectionStateChanged
02-13 14:14:13.750 I/TelephonyRegistry(  256): +++sendStickyBroadcast
02-13 14:14:13.760 D/MobileDataStateTracker(  256): [default]  apnTypeList = dun
02-13 14:14:13.760 D/MobileDataStateTracker(  256): [default]  unavailable = false
02-13 14:14:13.760 D/MobileDataStateTracker(  256): [default] not what we are looking for.
02-13 14:14:13.760 D/MobileDataStateTracker(  256): [hipri]  MobileDataStateReceiver onReceive(): Entry.
02-13 14:14:13.760 D/MobileDataStateTracker(  256): [hipri]  intent.getAction()= android.intent.action.ANY_DATA_STATE
02-13 14:14:13.760 D/MobileDataStateTracker(  256): [hipri]  mEnabled = false
02-13 14:14:13.760 D/DATA    (  344): [DCT(0) ] Resetting all profiles and service states!
02-13 14:14:13.760 D/PhoneApp(  344): old phone type:2, New Phone type:2
02-13 14:14:13.760 D/androidNlpServiceThread(  378): updateState: shouldBeEnabled false shouldBeRunning false
02-13 14:14:13.770 D/MobileDataStateTracker(  256): [hipri]  apnTypeList = hipri
02-13 14:14:13.770 D/MobileDataStateTracker(  256): [hipri]  unavailable = false
02-13 14:14:13.770 D/MobileDataStateTracker(  256): [hipri] Do not process intents if disabled.
02-13 14:14:13.770 D/MobileDataStateTracker(  256): [dun]  MobileDataStateReceiver onReceive(): Entry.
02-13 14:14:13.770 D/MobileDataStateTracker(  256): [dun]  intent.getAction()= android.intent.action.ANY_DATA_STATE
02-13 14:14:13.770 D/MobileDataStateTracker(  256): [dun]  mEnabled = false
02-13 14:14:13.780 D/MobileDataStateTracker(  256): [dun]  apnTypeList = hipri
02-13 14:14:13.780 D/MobileDataStateTracker(  256): [dun]  unavailable = false
02-13 14:14:13.780 D/MobileDataStateTracker(  256): [dun] Do not process intents if disabled.
02-13 14:14:13.780 D/MobileDataStateTracker(  256): [supl]  MobileDataStateReceiver onReceive(): Entry.
02-13 14:14:13.780 D/MobileDataStateTracker(  256): [supl]  intent.getAction()= android.intent.action.ANY_DATA_STATE
02-13 14:14:13.780 D/MobileDataStateTracker(  256): [supl]  mEnabled = false
02-13 14:14:13.780 D/MobileDataStateTracker(  256): [supl]  apnTypeList = hipri
02-13 14:14:13.780 D/MobileDataStateTracker(  256): [supl]  unavailable = false
02-13 14:14:13.780 D/MobileDataStateTracker(  256): [supl] Do not process intents if disabled.
02-13 14:14:13.780 D/MobileDataStateTracker(  256): [mms]  MobileDataStateReceiver onReceive(): Entry.
02-13 14:14:13.780 D/MobileDataStateTracker(  256): [mms]  intent.getAction()= android.intent.action.ANY_DATA_STATE
02-13 14:14:13.780 D/MobileDataStateTracker(  256): [mms]  mEnabled = false
02-13 14:14:13.790 D/MobileDataStateTracker(  256): [mms]  apnTypeList = hipri
02-13 14:14:13.790 D/MobileDataStateTracker(  256): [mms]  unavailable = false
02-13 14:14:13.790 D/MobileDataStateTracker(  256): [mms] Do not process intents if disabled.
02-13 14:14:13.790 D/MobileDataStateTracker(  256): [default]  MobileDataStateReceiver onReceive(): Entry.
02-13 14:14:13.790 D/MobileDataStateTracker(  256): [default]  intent.getAction()= android.intent.action.ANY_DATA_STATE
02-13 14:14:13.790 D/MobileDataStateTracker(  256): [default]  mEnabled = true
02-13 14:14:13.790 D/MobileDataStateTracker(  256): [default]  apnTypeList = hipri
02-13 14:14:13.790 D/MobileDataStateTracker(  256): [default]  unavailable = false
02-13 14:14:13.790 D/MobileDataStateTracker(  256): [default] not what we are looking for.
02-13 14:14:13.790 D/MobileDataStateTracker(  256): [hipri]  MobileDataStateReceiver onReceive(): Entry.
02-13 14:14:13.790 D/MobileDataStateTracker(  256): [hipri]  intent.getAction()= android.intent.action.ANY_DATA_STATE
02-13 14:14:13.800 D/MobileDataStateTracker(  256): [hipri]  mEnabled = false
02-13 14:14:13.800 D/androidNlpServiceThread(  378): updateState: shouldBeEnabled false shouldBeRunning false
02-13 14:14:13.810 D/MobileDataStateTracker(  256): [hipri]  apnTypeList = hipri
02-13 14:14:13.810 D/MobileDataStateTracker(  256): [hipri]  unavailable = false
02-13 14:14:13.810 D/MobileDataStateTracker(  256): [hipri] Do not process intents if disabled.
02-13 14:14:13.810 D/MobileDataStateTracker(  256): [dun]  MobileDataStateReceiver onReceive(): Entry.
02-13 14:14:13.810 D/MobileDataStateTracker(  256): [dun]  intent.getAction()= android.intent.action.ANY_DATA_STATE
02-13 14:14:13.810 D/MobileDataStateTracker(  256): [dun]  mEnabled = false
02-13 14:14:13.810 D/MobileDataStateTracker(  256): [dun]  apnTypeList = hipri
02-13 14:14:13.810 D/MobileDataStateTracker(  256): [dun]  unavailable = false
02-13 14:14:13.810 D/MobileDataStateTracker(  256): [dun] Do not process intents if disabled.
02-13 14:14:13.810 D/MobileDataStateTracker(  256): [supl]  MobileDataStateReceiver onReceive(): Entry.
02-13 14:14:13.810 D/MobileDataStateTracker(  256): [supl]  intent.getAction()= android.intent.action.ANY_DATA_STATE
02-13 14:14:13.810 D/MobileDataStateTracker(  256): [supl]  mEnabled = false
02-13 14:14:13.820 D/MobileDataStateTracker(  256): [supl]  apnTypeList = hipri
02-13 14:14:13.820 D/MobileDataStateTracker(  256): [supl]  unavailable = false
02-13 14:14:13.820 D/MobileDataStateTracker(  256): [supl] Do not process intents if disabled.
02-13 14:14:13.820 D/MobileDataStateTracker(  256): [mms]  MobileDataStateReceiver onReceive(): Entry.
02-13 14:14:13.820 D/MobileDataStateTracker(  256): [mms]  intent.getAction()= android.intent.action.ANY_DATA_STATE
02-13 14:14:13.820 D/MobileDataStateTracker(  256): [mms]  mEnabled = false
02-13 14:14:13.820 D/DATA    (  344): [DSST(0)]  registrationState = 1  radioTechnology = 6 reasonForDenial = 0
02-13 14:14:13.820 D/DATA    (  344): [DSST(0)]  set mNewDataConnectionState = 0
02-13 14:14:13.820 D/DATA    (  344): [DSST(0)]  mNewDataConnectionState : 0  mDataConnectionState : 0
02-13 14:14:13.820 D/DATA    (  344): [DSST(0)] Poll ServiceState done: oldSS=[0 home null null null  IS95A CSS not supported -1 -1RoamInd: -1RoamStatus(sprint): -1DefRoamInd: -1EmergOnly: false] newSS=[0 home null null null  1xRTT CSS not supported -1 -1RoamInd: -1RoamStatus(sprint): -1DefRoamInd: -1EmergOnly: false]
02-13 14:14:13.820 D/DATA    (  344): [DSST(0)]  mDataConnectionState = 0
02-13 14:14:13.830 E/ContactsProvider(  408): 101123 isCallerRegisterNeedSIMProc callerPid:339, acorePid:408
02-13 14:14:13.830 D/PhoneApp(  344): mReceiver: ACTION_ANY_DATA_CONNECTION_STATE_CHANGED
02-13 14:14:13.830 D/PhoneApp(  344): - state: DISCONNECTED
02-13 14:14:13.830 D/PhoneApp(  344): - reason: dataNetworkAttached
02-13 14:14:13.830 D/PhoneApp(  344): mReceiver: ACTION_ANY_DATA_CONNECTION_STATE_CHANGED
02-13 14:14:13.830 D/MobileDataStateTracker(  256): [mms] subType changed, oldSubtype = 4new subtype = 7
02-13 14:14:13.830 D/MobileDataStateTracker(  256): [mms]  apnTypeList = hipri
02-13 14:14:13.830 D/MobileDataStateTracker(  256): [mms]  unavailable = false
02-13 14:14:13.830 D/MobileDataStateTracker(  256): [mms] Do not process intents if disabled.
02-13 14:14:13.830 D/MobileDataStateTracker(  256): [default]  MobileDataStateReceiver onReceive(): Entry.
02-13 14:14:13.830 D/MobileDataStateTracker(  256): [default]  intent.getAction()= android.intent.action.ANY_DATA_STATE
02-13 14:14:13.830 D/MobileDataStateTracker(  256): [default]  mEnabled = true
02-13 14:14:13.840 D/MobileDataStateTracker(  256): [default] subType changed, oldSubtype = 4new subtype = 7
02-13 14:14:13.840 D/androidNlpServiceThread(  378): updateState: shouldBeEnabled false shouldBeRunning false
02-13 14:14:13.840 D/androidNlpServiceThread(  378): updateState: shouldBeEnabled false shouldBeRunning false
02-13 14:14:13.850 D/PhoneApp(  344): - state: DISCONNECTED
02-13 14:14:13.850 D/PhoneApp(  344): - reason: dataNetworkAttached
02-13 14:14:13.850 D/PhoneApp(  344): mReceiver: ACTION_ANY_DATA_CONNECTION_STATE_CHANGED
02-13 14:14:13.850 D/PhoneApp(  344): - state: DISCONNECTED
02-13 14:14:13.850 D/PhoneApp(  344): - reason: dataNetworkAttached
02-13 14:14:13.850 D/PhoneApp(  344): mReceiver: ACTION_ANY_DATA_CONNECTION_STATE_CHANGED
02-13 14:14:13.850 D/PhoneApp(  344): - state: DISCONNECTED
02-13 14:14:13.850 D/PhoneApp(  344): - reason: dataNetworkAttached
02-13 14:14:13.850 D/PhoneApp(  344): mReceiver: ACTION_ANY_DATA_CONNECTION_STATE_CHANGED
02-13 14:14:13.850 D/MobileDataStateTracker(  256): [default]  apnTypeList = hipri
02-13 14:14:13.850 D/MobileDataStateTracker(  256): [default]  unavailable = false
02-13 14:14:13.850 D/MobileDataStateTracker(  256): [default] not what we are looking for.
02-13 14:14:13.850 D/MobileDataStateTracker(  256): [hipri]  MobileDataStateReceiver onReceive(): Entry.
02-13 14:14:13.860 D/MobileDataStateTracker(  256): [hipri]  intent.getAction()= android.intent.action.ANY_DATA_STATE
02-13 14:14:13.860 D/MobileDataStateTracker(  256): [hipri]  mEnabled = false
02-13 14:14:13.860 D/MobileDataStateTracker(  256): [hipri] subType changed, oldSubtype = 4new subtype = 7
02-13 14:14:13.860 D/MobileDataStateTracker(  256): [hipri]  apnTypeList = default
02-13 14:14:13.860 D/MobileDataStateTracker(  256): [hipri]  unavailable = false
02-13 14:14:13.860 D/MobileDataStateTracker(  256): [hipri] Do not process intents if disabled.
02-13 14:14:13.860 D/MobileDataStateTracker(  256): [dun]  MobileDataStateReceiver onReceive(): Entry.
02-13 14:14:13.860 D/MobileDataStateTracker(  256): [dun]  intent.getAction()= android.intent.action.ANY_DATA_STATE
02-13 14:14:13.860 D/MobileDataStateTracker(  256): [dun]  mEnabled = false
02-13 14:14:13.860 D/MobileDataStateTracker(  256): [dun] subType changed, oldSubtype = 4new subtype = 7
02-13 14:14:13.860 D/MobileDataStateTracker(  256): [dun]  apnTypeList = default
02-13 14:14:13.860 D/MobileDataStateTracker(  256): [dun]  unavailable = false
02-13 14:14:13.860 D/MobileDataStateTracker(  256): [dun] Do not process intents if disabled.
02-13 14:14:13.860 D/PhoneApp(  344): - state: DISCONNECTED
02-13 14:14:13.860 D/PhoneApp(  344): - reason: dataNetworkAttached
02-13 14:14:13.860 D/PhoneApp(  344): mReceiver: ACTION_ANY_DATA_CONNECTION_STATE_CHANGED
02-13 14:14:13.860 D/PhoneApp(  344): - state: DISCONNECTED
02-13 14:14:13.860 D/PhoneApp(  344): - reason: dataNetworkAttached
02-13 14:14:13.860 D/PhoneApp(  344): mReceiver: ACTION_ANY_DATA_CONNECTION_STATE_CHANGED
02-13 14:14:13.860 D/PhoneApp(  344): - state: DISCONNECTED
02-13 14:14:13.860 D/PhoneApp(  344): - reason: dataNetworkAttached
02-13 14:14:13.860 D/PhoneApp(  344): mReceiver: ACTION_ANY_DATA_CONNECTION_STATE_CHANGED
02-13 14:14:13.860 D/PhoneApp(  344): - state: DISCONNECTED
02-13 14:14:13.870 D/MobileDataStateTracker(  256): [supl]  MobileDataStateReceiver onReceive(): Entry.
02-13 14:14:13.870 D/MobileDataStateTracker(  256): [supl]  intent.getAction()= android.intent.action.ANY_DATA_STATE
02-13 14:14:13.870 D/MobileDataStateTracker(  256): [supl]  mEnabled = false
02-13 14:14:13.870 D/MobileDataStateTracker(  256): [supl] subType changed, oldSubtype = 4new subtype = 7
02-13 14:14:13.870 D/MobileDataStateTracker(  256): [supl]  apnTypeList = default
02-13 14:14:13.870 D/MobileDataStateTracker(  256): [supl]  unavailable = false
02-13 14:14:13.870 D/MobileDataStateTracker(  256): [supl] Do not process intents if disabled.
02-13 14:14:13.870 D/MobileDataStateTracker(  256): [mms]  MobileDataStateReceiver onReceive(): Entry.
02-13 14:14:13.870 D/MobileDataStateTracker(  256): [mms]  intent.getAction()= android.intent.action.ANY_DATA_STATE
02-13 14:14:13.870 D/MobileDataStateTracker(  256): [mms]  mEnabled = false
02-13 14:14:13.870 D/MobileDataStateTracker(  256): [mms]  apnTypeList = default
02-13 14:14:13.870 D/MobileDataStateTracker(  256): [mms]  unavailable = false
02-13 14:14:13.870 D/PhoneApp(  344): - reason: dataNetworkAttached
02-13 14:14:13.870 D/PhoneApp(  344): mReceiver: ACTION_ANY_DATA_CONNECTION_STATE_CHANGED
02-13 14:14:13.870 D/PhoneApp(  344): - state: DISCONNECTED
02-13 14:14:13.870 D/PhoneApp(  344): - reason: dataNetworkAttached
02-13 14:14:13.870 D/PhoneApp(  344): mReceiver: ACTION_ANY_DATA_CONNECTION_STATE_CHANGED
02-13 14:14:13.870 D/PhoneApp(  344): - state: DISCONNECTED
02-13 14:14:13.870 D/PhoneApp(  344): - reason: dataNetworkAttached
02-13 14:14:13.870 I/DATA    (  344): [DCT(0) ] onUpdateDataConnections [ignored] : reason=dataNetworkAttached
02-13 14:14:13.870 I/DATA    (  344): [DCT(0) ] wait for the dc disconnect to complete
02-13 14:14:13.870 D/PhoneApp(  344): mReceiver: ACTION_ANY_DATA_CONNECTION_STATE_CHANGED
02-13 14:14:13.870 D/PhoneApp(  344): - state: DISCONNECTED
02-13 14:14:13.870 D/PhoneApp(  344): - reason: radioTechnologyChanged
02-13 14:14:13.870 D/PhoneApp(  344): mReceiver: ACTION_ANY_DATA_CONNECTION_STATE_CHANGED
02-13 14:14:13.870 D/PhoneApp(  344): - state: DISCONNECTED
02-13 14:14:13.870 D/PhoneApp(  344): - reason: radioTechnologyChanged
02-13 14:14:13.870 D/PhoneApp(  344): mReceiver: ACTION_ANY_DATA_CONNECTION_STATE_CHANGED
02-13 14:14:13.870 D/PhoneApp(  344): - state: DISCONNECTED
02-13 14:14:13.870 D/PhoneApp(  344): - reason: radioTechnologyChanged
02-13 14:14:13.880 D/PhoneApp(  344): mReceiver: ACTION_ANY_DATA_CONNECTION_STATE_CHANGED
02-13 14:14:13.880 D/PhoneApp(  344): - state: DISCONNECTED
02-13 14:14:13.880 D/PhoneApp(  344): - reason: radioTechnologyChanged
02-13 14:14:13.880 D/PhoneApp(  344): mReceiver: ACTION_ANY_DATA_CONNECTION_STATE_CHANGED
02-13 14:14:13.880 D/PhoneApp(  344): - state: DISCONNECTED
02-13 14:14:13.880 D/PhoneApp(  344): - reason: radioTechnologyChanged
02-13 14:14:13.880 D/PhoneApp(  344): mReceiver: ACTION_ANY_DATA_CONNECTION_STATE_CHANGED
02-13 14:14:13.880 D/PhoneApp(  344): - state: DISCONNECTED
02-13 14:14:13.880 D/PhoneApp(  344): - reason: radioTechnologyChanged
02-13 14:14:13.880 D/PhoneApp(  344): mReceiver: ACTION_ANY_DATA_CONNECTION_STATE_CHANGED
02-13 14:14:13.880 D/PhoneApp(  344): - state: DISCONNECTED
02-13 14:14:13.880 D/PhoneApp(  344): - reason: radioTechnologyChanged
02-13 14:14:13.880 D/PhoneApp(  344): mReceiver: ACTION_ANY_DATA_CONNECTION_STATE_CHANGED
02-13 14:14:13.880 D/PhoneApp(  344): - state: DISCONNECTED
02-13 14:14:13.880 D/PhoneApp(  344): - reason: radioTechnologyChanged
02-13 14:14:13.880 D/PhoneApp(  344): mReceiver: ACTION_ANY_DATA_CONNECTION_STATE_CHANGED
02-13 14:14:13.880 D/PhoneApp(  344): - state: DISCONNECTED
02-13 14:14:13.880 D/PhoneApp(  344): - reason: radioTechnologyChanged
02-13 14:14:13.880 D/PhoneApp(  344): mReceiver: ACTION_ANY_DATA_CONNECTION_STATE_CHANGED
02-13 14:14:13.880 D/PhoneApp(  344): - state: DISCONNECTED
02-13 14:14:13.880 D/PhoneApp(  344): - reason: radioTechnologyChanged
02-13 14:14:13.880 I/DATA    (  344): [DCT(0) ] onUpdateDataConnections: reason=radioTechnologyChanged
02-13 14:14:13.880 I/DATA    (  344): [DCT(0) ] ---dc list---
02-13 14:14:13.880 I/DATA    (  344): [DCT(0) ] ---ds list---
02-13 14:14:13.880 I/DATA    (  344): [DCT(0) ] ds= SERVICE_TYPE_DEFAULT, enabled = true, active = v4:IDLE v6:IDLE
02-13 14:14:13.880 I/DATA    (  344): [DCT(0) ] ds= SERVICE_TYPE_MMS, enabled = false, active = v4:IDLE v6:IDLE
02-13 14:14:13.880 I/DATA    (  344): [DCT(0) ] ds= SERVICE_TYPE_SUPL, enabled = false, active = v4:IDLE v6:IDLE
02-13 14:14:13.880 I/DATA    (  344): [DCT(0) ] ds= SERVICE_TYPE_DUN, enabled = false, active = v4:IDLE v6:IDLE
02-13 14:14:13.880 I/DATA    (  344): [DCT(0) ] ds= SERVICE_TYPE_HIPRI, enabled = false, active = v4:IDLE v6:IDLE
02-13 14:14:13.880 I/DATA    (  344): [DCT(0) ] Ready for data : 
02-13 14:14:13.880 I/DATA    (  344): [DCT(0) ]    getDesiredPowerState() = true
02-13 14:14:13.880 I/DATA    (  344): [DCT(0) ]    mCm.getRadioState() = RADIO_ON
02-13 14:14:13.880 I/DATA    (  344): [DCT(0) ]    [DataRadioTech = RADIO_TECH_1xRTT, data network state = 0, mMasterDataEnabled = true, is Roaming = false, dataOnRoamingEnable = false, isPsRestricted = false, desiredPowerState  = true, mSIMRecords = , cdmaSubSource = 1/310120, mRuimRecords = , checks = true/true]
02-13 14:14:13.880 I/DATA    (  344): [DCT(0) ] trySetupDataCall : ds=SERVICE_TYPE_DEFAULT, ipv=INET, reason=radioTechnologyChanged
02-13 14:14:13.880 I/DATA    (  344): [SERVICE_TYPE_DEFAULT] Data Profile Chosen:PROFILE_TYPE_3GPP2_NAI
02-13 14:14:13.880 I/DATA    (  344): [DCT(0) ] **choose data profile : [dpt=PROFILE_TYPE_3GPP2_NAI, active=false, 
02-13 14:14:13.880 I/DATA    (  344): [DCT(0) ] disconnectOneLowPriorityDataCall
02-13 14:14:13.880 E/DST     (  344): Error parsing service priority string, ignoring 
02-13 14:14:13.880 E/DST     (  344): Error parsing service priority string, ignoring 
02-13 14:14:13.880 E/DST     (  344): Error parsing service priority string, ignoring 
02-13 14:14:13.880 E/DST     (  344): Error parsing service priority string, ignoring 
02-13 14:14:13.880 I/DATA    (  344): [SERVICE_TYPE_DEFAULT] set newState =  CONNECTINGoldState =  IDLE
02-13 14:14:13.880 D/Phone   (  344): [PhoneNotifier] [DefaultPhoneNotifier] : default, INET, CONNECTING
02-13 14:14:13.890 I/TelephonyRegistry(  256): notifyDataConnection: state=1 isDataConnectivityPossible=true reason=radioTechnologyChanged interfaceName=null networkType=7 apnType=default apn=null
02-13 14:14:13.890 I/TelephonyRegistry(  256): +++broadcastDataConnectionStateChanged
02-13 14:14:13.890 I/TelephonyRegistry(  256): +++sendStickyBroadcast
02-13 14:14:13.890 D/MobileDataStateTracker(  256): [mms] Do not process intents if disabled.
02-13 14:14:13.890 D/MobileDataStateTracker(  256): [default]  MobileDataStateReceiver onReceive(): Entry.
02-13 14:14:13.890 D/MobileDataStateTracker(  256): [default]  intent.getAction()= android.intent.action.ANY_DATA_STATE
02-13 14:14:13.890 D/MobileDataStateTracker(  256): [default]  mEnabled = true
02-13 14:14:13.900 D/MobileDataStateTracker(  256): [default]  apnTypeList = default
02-13 14:14:13.900 D/MobileDataStateTracker(  256): [default]  unavailable = false
02-13 14:14:13.900 D/MobileDataStateTracker(  256): [default] CALL updateMobileInfoFromIntent
02-13 14:14:13.900 I/MobileDataStateTracker(  256): [default] dc state change intent received for default/INET with state  DISCONNECTED. enabled=true state change reason = radioTechnologyChanged
