02-13 14:14:14.271 D/MobileDataStateTracker(  256): [supl]  intent.getAction()= android.intent.action.ANY_DATA_STATE
02-13 14:14:14.271 D/MobileDataStateTracker(  256): [supl]  mEnabled = false
02-13 14:14:14.271 D/MobileDataStateTracker(  256): [supl]  apnTypeList = default
02-13 14:14:14.271 D/MobileDataStateTracker(  256): [supl]  unavailable = false
02-13 14:14:14.271 D/MobileDataStateTracker(  256): [supl] Do not process intents if disabled.
02-13 14:14:14.271 D/MobileDataStateTracker(  256): [mms]  MobileDataStateReceiver onReceive(): Entry.
02-13 14:14:14.271 D/MobileDataStateTracker(  256): [mms]  intent.getAction()= android.intent.action.ANY_DATA_STATE
02-13 14:14:14.271 D/MobileDataStateTracker(  256): [mms]  mEnabled = false
02-13 14:14:14.271 D/MobileDataStateTracker(  256): [mms]  apnTypeList = default
02-13 14:14:14.271 D/MobileDataStateTracker(  256): [mms]  unavailable = false
02-13 14:14:14.271 D/MobileDataStateTracker(  256): [mms] Do not process intents if disabled.
02-13 14:14:14.271 D/MobileDataStateTracker(  256): [default]  MobileDataStateReceiver onReceive(): Entry.
02-13 14:14:14.271 D/MobileDataStateTracker(  256): [default]  intent.getAction()= android.intent.action.ANY_DATA_STATE
02-13 14:14:14.271 D/MobileDataStateTracker(  256): [default]  mEnabled = true
02-13 14:14:14.291 D/MobileDataStateTracker(  256): [default]  apnTypeList = default
02-13 14:14:14.291 D/MobileDataStateTracker(  256): [default]  unavailable = false
02-13 14:14:14.291 D/MobileDataStateTracker(  256): [default] CALL updateMobileInfoFromIntent
02-13 14:14:14.291 I/MobileDataStateTracker(  256): [default] dc state change intent received for default/INET6 with state  DISCONNECTED. enabled=true state change reason = radioTechnologyChanged
02-13 14:14:14.291 I/MobileDataStateTracker(  256): [default] old state = DISCONNECTED
02-13 14:14:14.291 I/MobileDataStateTracker(  256): [default] no change,  just return
02-13 14:14:14.291 D/MobileDataStateTracker(  256): [default] No need to update detailed state
02-13 14:14:14.291 D/MobileDataStateTracker(  256): [hipri]  MobileDataStateReceiver onReceive(): Entry.
02-13 14:14:14.291 D/MobileDataStateTracker(  256): [hipri]  intent.getAction()= android.intent.action.ANY_DATA_STATE
02-13 14:14:14.291 D/MobileDataStateTracker(  256): [hipri]  mEnabled = false
02-13 14:14:14.291 D/MobileDataStateTracker(  256): [hipri]  apnTypeList = mms
02-13 14:14:14.291 D/MobileDataStateTracker(  256): [hipri]  unavailable = false
02-13 14:14:14.291 D/MobileDataStateTracker(  256): [hipri] Do not process intents if disabled.
02-13 14:14:14.291 D/MobileDataStateTracker(  256): [dun]  MobileDataStateReceiver onReceive(): Entry.
02-13 14:14:14.291 D/MobileDataStateTracker(  256): [dun]  intent.getAction()= android.intent.action.ANY_DATA_STATE
02-13 14:14:14.291 D/MobileDataStateTracker(  256): [dun]  mEnabled = false
02-13 14:14:14.291 D/MobileDataStateTracker(  256): [dun]  apnTypeList = mms
02-13 14:14:14.291 D/MobileDataStateTracker(  256): [dun]  unavailable = false
02-13 14:14:14.291 D/MobileDataStateTracker(  256): [dun] Do not process intents if disabled.
02-13 14:14:14.291 D/MobileDataStateTracker(  256): [supl]  MobileDataStateReceiver onReceive(): Entry.
02-13 14:14:14.291 D/MobileDataStateTracker(  256): [supl]  intent.getAction()= android.intent.action.ANY_DATA_STATE
02-13 14:14:14.291 D/MobileDataStateTracker(  256): [supl]  mEnabled = false
02-13 14:14:14.291 D/MobileDataStateTracker(  256): [supl]  apnTypeList = mms
02-13 14:14:14.301 D/DATA    (  344): [DSST(0)]  registrationState = 1  radioTechnology = 6 reasonForDenial = 0
02-13 14:14:14.301 D/DATA    (  344): [DSST(0)]  set mNewDataConnectionState = 0
02-13 14:14:14.301 D/DATA    (  344): [DSST(0)]  mNewDataConnectionState : 0  mDataConnectionState : 0
02-13 14:14:14.301 D/DATA    (  344): [DSST(0)] Poll ServiceState done: oldSS=[0 home null null null  1xRTT CSS not supported -1 -1RoamInd: -1RoamStatus(sprint): -1DefRoamInd: -1EmergOnly: false] newSS=[0 home null null null  1xRTT CSS not supported -1 -1RoamInd: -1RoamStatus(sprint): -1DefRoamInd: -1EmergOnly: false]
02-13 14:14:14.301 D/DATA    (  344): [DSST(0)]  mDataConnectionState = 0
02-13 14:14:14.301 D/PhoneApp(  344): old phone type:2, New Phone type:2
02-13 14:14:14.301 D/NotificationMgr(  344): hideDataDisconnectedRoaming()...
02-13 14:14:14.301 D/PhoneApp(  344): old phone type:2, New Phone type:2
02-13 14:14:14.301 D/NotificationMgr(  344): hideDataDisconnectedRoaming()...
02-13 14:14:14.301 D/PhoneApp(  344): old phone type:2, New Phone type:2
02-13 14:14:14.301 D/NotificationMgr(  344): hideDataDisconnectedRoaming()...
02-13 14:14:14.311 D/PhoneApp(  344): old phone type:2, New Phone type:2
02-13 14:14:14.311 D/MobileDataStateTracker(  256): [supl]  unavailable = false
02-13 14:14:14.311 D/MobileDataStateTracker(  256): [supl] Do not process intents if disabled.
02-13 14:14:14.311 D/MobileDataStateTracker(  256): [mms]  MobileDataStateReceiver onReceive(): Entry.
02-13 14:14:14.311 D/MobileDataStateTracker(  256): [mms]  intent.getAction()= android.intent.action.ANY_DATA_STATE
02-13 14:14:14.311 D/MobileDataStateTracker(  256): [mms]  mEnabled = false
02-13 14:14:14.311 D/MobileDataStateTracker(  256): [mms]  apnTypeList = mms
02-13 14:14:14.311 D/MobileDataStateTracker(  256): [mms]  unavailable = false
02-13 14:14:14.311 D/MobileDataStateTracker(  256): [mms] Do not process intents if disabled.
02-13 14:14:14.311 D/MobileDataStateTracker(  256): [default]  MobileDataStateReceiver onReceive(): Entry.
02-13 14:14:14.311 D/MobileDataStateTracker(  256): [default]  intent.getAction()= android.intent.action.ANY_DATA_STATE
02-13 14:14:14.311 D/MobileDataStateTracker(  256): [default]  mEnabled = true
02-13 14:14:14.311 D/MobileDataStateTracker(  256): [default]  apnTypeList = mms
02-13 14:14:14.311 D/MobileDataStateTracker(  256): [default]  unavailable = false
02-13 14:14:14.311 D/MobileDataStateTracker(  256): [default] not what we are looking for.
02-13 14:14:14.311 D/MobileDataStateTracker(  256): [hipri]  MobileDataStateReceiver onReceive(): Entry.
02-13 14:14:14.311 D/MobileDataStateTracker(  256): [hipri]  intent.getAction()= android.intent.action.ANY_DATA_STATE
02-13 14:14:14.311 D/MobileDataStateTracker(  256): [hipri]  mEnabled = false
02-13 14:14:14.311 D/MobileDataStateTracker(  256): [hipri]  apnTypeList = mms
02-13 14:14:14.311 D/MobileDataStateTracker(  256): [hipri]  unavailable = false
02-13 14:14:14.311 D/MobileDataStateTracker(  256): [hipri] Do not process intents if disabled.
02-13 14:14:14.311 D/MobileDataStateTracker(  256): [dun]  MobileDataStateReceiver onReceive(): Entry.
02-13 14:14:14.311 D/MobileDataStateTracker(  256): [dun]  intent.getAction()= android.intent.action.ANY_DATA_STATE
02-13 14:14:14.311 D/MobileDataStateTracker(  256): [dun]  mEnabled = false
02-13 14:14:14.321 D/NotificationMgr(  344): hideDataDisconnectedRoaming()...
02-13 14:14:14.321 D/PhoneApp(  344): old phone type:2, New Phone type:2
02-13 14:14:14.321 D/NotificationMgr(  344): hideDataDisconnectedRoaming()...
02-13 14:14:14.321 D/PhoneApp(  344): old phone type:2, New Phone type:2
02-13 14:14:14.321 D/NotificationMgr(  344): hideDataDisconnectedRoaming()...
02-13 14:14:14.321 D/PhoneApp(  344): old phone type:2, New Phone type:2
02-13 14:14:14.321 D/NotificationMgr(  344): hideDataDisconnectedRoaming()...
02-13 14:14:14.321 D/PhoneApp(  344): old phone type:2, New Phone type:2
02-13 14:14:14.321 D/NotificationMgr(  344): hideDataDisconnectedRoaming()...
02-13 14:14:14.321 D/PhoneApp(  344): old phone type:2, New Phone type:2
02-13 14:14:14.321 D/NotificationMgr(  344): hideDataDisconnectedRoaming()...
02-13 14:14:14.321 D/MobileDataStateTracker(  256): [dun]  apnTypeList = mms
02-13 14:14:14.321 D/MobileDataStateTracker(  256): [dun]  unavailable = false
02-13 14:14:14.321 D/MobileDataStateTracker(  256): [dun] Do not process intents if disabled.
02-13 14:14:14.321 D/MobileDataStateTracker(  256): [supl]  MobileDataStateReceiver onReceive(): Entry.
02-13 14:14:14.321 D/MobileDataStateTracker(  256): [supl]  intent.getAction()= android.intent.action.ANY_DATA_STATE
02-13 14:14:14.321 D/MobileDataStateTracker(  256): [supl]  mEnabled = false
02-13 14:14:14.321 D/MobileDataStateTracker(  256): [supl]  apnTypeList = mms
02-13 14:14:14.321 D/MobileDataStateTracker(  256): [supl]  unavailable = false
02-13 14:14:14.321 D/MobileDataStateTracker(  256): [supl] Do not process intents if disabled.
02-13 14:14:14.321 D/MobileDataStateTracker(  256): [mms]  MobileDataStateReceiver onReceive(): Entry.
02-13 14:14:14.321 D/MobileDataStateTracker(  256): [mms]  intent.getAction()= android.intent.action.ANY_DATA_STATE
02-13 14:14:14.321 D/MobileDataStateTracker(  256): [mms]  mEnabled = false
02-13 14:14:14.331 D/MobileDataStateTracker(  256): [mms]  apnTypeList = mms
02-13 14:14:14.331 D/MobileDataStateTracker(  256): [mms]  unavailable = false
02-13 14:14:14.331 D/MobileDataStateTracker(  256): [mms] Do not process intents if disabled.
02-13 14:14:14.331 D/MobileDataStateTracker(  256): [default]  MobileDataStateReceiver onReceive(): Entry.
02-13 14:14:14.331 D/MobileDataStateTracker(  256): [default]  intent.getAction()= android.intent.action.ANY_DATA_STATE
02-13 14:14:14.331 D/MobileDataStateTracker(  256): [default]  mEnabled = true
02-13 14:14:14.331 D/PhoneApp(  344): old phone type:2, New Phone type:2
02-13 14:14:14.331 D/NotificationMgr(  344): hideDataDisconnectedRoaming()...
02-13 14:14:14.331 D/CallManager(  344):  handleMessage (EVENT_SERVICE_STATE_CHANGED)
02-13 14:14:14.331 E/BT HS/HF(  344): SERVICE_STATE_CHANGED called
02-13 14:14:14.331 E/BT HS/HF(  344): updateServiceState called, sendUpdate:false  ServiceState:0 home Sprint  310099  1xRTT CSS not supported 41 4139RoamInd: 1RoamStatus(sprint): 1DefRoamInd: 160EmergOnly: false
02-13 14:14:14.331 E/BT HS/HF(  344): service:1 mService:1
02-13 14:14:14.331 D/MobileDataStateTracker(  256): [default]  apnTypeList = mms
02-13 14:14:14.331 D/MobileDataStateTracker(  256): [default]  unavailable = false
02-13 14:14:14.331 D/MobileDataStateTracker(  256): [default] not what we are looking for.
02-13 14:14:14.331 D/MobileDataStateTracker(  256): [hipri]  MobileDataStateReceiver onReceive(): Entry.
02-13 14:14:14.331 D/MobileDataStateTracker(  256): [hipri]  intent.getAction()= android.intent.action.ANY_DATA_STATE
02-13 14:14:14.331 D/MobileDataStateTracker(  256): [hipri]  mEnabled = false
02-13 14:14:14.331 D/MobileDataStateTracker(  256): [hipri]  apnTypeList = supl
02-13 14:14:14.331 D/MobileDataStateTracker(  256): [hipri]  unavailable = false
02-13 14:14:14.331 D/MobileDataStateTracker(  256): [hipri] Do not process intents if disabled.
02-13 14:14:14.331 D/MobileDataStateTracker(  256): [dun]  MobileDataStateReceiver onReceive(): Entry.
02-13 14:14:14.341 D/MobileDataStateTracker(  256): [dun]  intent.getAction()= android.intent.action.ANY_DATA_STATE
02-13 14:14:14.341 D/MobileDataStateTracker(  256): [dun]  mEnabled = false
02-13 14:14:14.341 D/MobileDataStateTracker(  256): [dun]  apnTypeList = supl
02-13 14:14:14.341 D/MobileDataStateTracker(  256): [dun]  unavailable = false
02-13 14:14:14.341 D/MobileDataStateTracker(  256): [dun] Do not process intents if disabled.
02-13 14:14:14.341 D/MobileDataStateTracker(  256): [supl]  MobileDataStateReceiver onReceive(): Entry.
02-13 14:14:14.341 D/MobileDataStateTracker(  256): [supl]  intent.getAction()= android.intent.action.ANY_DATA_STATE
02-13 14:14:14.341 D/MobileDataStateTracker(  256): [supl]  mEnabled = false
02-13 14:14:14.341 D/MobileDataStateTracker(  256): [supl]  apnTypeList = supl
02-13 14:14:14.341 D/MobileDataStateTracker(  256): [supl]  unavailable = false
02-13 14:14:14.341 D/MobileDataStateTracker(  256): [supl] Do not process intents if disabled.
02-13 14:14:14.341 D/MobileDataStateTracker(  256): [mms]  MobileDataStateReceiver onReceive(): Entry.
02-13 14:14:14.341 D/MobileDataStateTracker(  256): [mms]  intent.getAction()= android.intent.action.ANY_DATA_STATE
02-13 14:14:14.341 D/MobileDataStateTracker(  256): [mms]  mEnabled = false
02-13 14:14:14.351 D/MobileDataStateTracker(  256): [mms]  apnTypeList = supl
02-13 14:14:14.351 D/MobileDataStateTracker(  256): [mms]  unavailable = false
02-13 14:14:14.351 D/MobileDataStateTracker(  256): [mms] Do not process intents if disabled.
02-13 14:14:14.351 D/MobileDataStateTracker(  256): [default]  MobileDataStateReceiver onReceive(): Entry.
02-13 14:14:14.351 D/MobileDataStateTracker(  256): [default]  intent.getAction()= android.intent.action.ANY_DATA_STATE
02-13 14:14:14.351 D/MobileDataStateTracker(  256): [default]  mEnabled = true
02-13 14:14:14.361 D/MobileDataStateTracker(  256): [default]  apnTypeList = supl
02-13 14:14:14.361 D/MobileDataStateTracker(  256): [default]  unavailable = false
02-13 14:14:14.361 D/MobileDataStateTracker(  256): [default] not what we are looking for.
02-13 14:14:14.361 D/MobileDataStateTracker(  256): [hipri]  MobileDataStateReceiver onReceive(): Entry.
02-13 14:14:14.361 D/MobileDataStateTracker(  256): [hipri]  intent.getAction()= android.intent.action.ANY_DATA_STATE
02-13 14:14:14.361 D/MobileDataStateTracker(  256): [hipri]  mEnabled = false
02-13 14:14:14.361 D/MobileDataStateTracker(  256): [hipri]  apnTypeList = supl
02-13 14:14:14.361 D/MobileDataStateTracker(  256): [hipri]  unavailable = false
02-13 14:14:14.361 D/MobileDataStateTracker(  256): [hipri] Do not process intents if disabled.
02-13 14:14:14.361 D/MobileDataStateTracker(  256): [dun]  MobileDataStateReceiver onReceive(): Entry.
02-13 14:14:14.361 D/MobileDataStateTracker(  256): [dun]  intent.getAction()= android.intent.action.ANY_DATA_STATE
02-13 14:14:14.361 D/MobileDataStateTracker(  256): [dun]  mEnabled = false
02-13 14:14:14.361 D/MobileDataStateTracker(  256): [dun]  apnTypeList = supl
02-13 14:14:14.361 D/MobileDataStateTracker(  256): [dun]  unavailable = false
02-13 14:14:14.361 D/MobileDataStateTracker(  256): [dun] Do not process intents if disabled.
02-13 14:14:14.361 D/MobileDataStateTracker(  256): [supl]  MobileDataStateReceiver onReceive(): Entry.
02-13 14:14:14.361 D/MobileDataStateTracker(  256): [supl]  intent.getAction()= android.intent.action.ANY_DATA_STATE
02-13 14:14:14.361 D/MobileDataStateTracker(  256): [supl]  mEnabled = false
02-13 14:14:14.361 D/MobileDataStateTracker(  256): [supl]  apnTypeList = supl
02-13 14:14:14.361 D/MobileDataStateTracker(  256): [supl]  unavailable = false
02-13 14:14:14.361 D/MobileDataStateTracker(  256): [supl] Do not process intents if disabled.
02-13 14:14:14.361 D/MobileDataStateTracker(  256): [mms]  MobileDataStateReceiver onReceive(): Entry.
02-13 14:14:14.361 D/MobileDataStateTracker(  256): [mms]  intent.getAction()= android.intent.action.ANY_DATA_STATE
02-13 14:14:14.361 D/MobileDataStateTracker(  256): [mms]  mEnabled = false
02-13 14:14:14.371 D/MobileDataStateTracker(  256): [mms]  apnTypeList = supl
02-13 14:14:14.371 D/MobileDataStateTracker(  256): [mms]  unavailable = false
02-13 14:14:14.371 D/MobileDataStateTracker(  256): [mms] Do not process intents if disabled.
02-13 14:14:14.371 D/MobileDataStateTracker(  256): [default]  MobileDataStateReceiver onReceive(): Entry.
02-13 14:14:14.371 D/MobileDataStateTracker(  256): [default]  intent.getAction()= android.intent.action.ANY_DATA_STATE
02-13 14:14:14.371 D/MobileDataStateTracker(  256): [default]  mEnabled = true
02-13 14:14:14.371 D/MobileDataStateTracker(  256): [default]  apnTypeList = supl
02-13 14:14:14.371 D/MobileDataStateTracker(  256): [default]  unavailable = false
02-13 14:14:14.371 D/MobileDataStateTracker(  256): [default] not what we are looking for.
02-13 14:14:14.371 D/MobileDataStateTracker(  256): [hipri]  MobileDataStateReceiver onReceive(): Entry.
02-13 14:14:14.371 D/MobileDataStateTracker(  256): [hipri]  intent.getAction()= android.intent.action.ANY_DATA_STATE
02-13 14:14:14.371 D/MobileDataStateTracker(  256): [hipri]  mEnabled = false
02-13 14:14:14.381 D/MobileDataStateTracker(  256): [hipri]  apnTypeList = dun
02-13 14:14:14.381 D/MobileDataStateTracker(  256): [hipri]  unavailable = false
02-13 14:14:14.381 D/MobileDataStateTracker(  256): [hipri] Do not process intents if disabled.
02-13 14:14:14.381 D/MobileDataStateTracker(  256): [dun]  MobileDataStateReceiver onReceive(): Entry.
02-13 14:14:14.381 D/MobileDataStateTracker(  256): [dun]  intent.getAction()= android.intent.action.ANY_DATA_STATE
02-13 14:14:14.381 D/MobileDataStateTracker(  256): [dun]  mEnabled = false
02-13 14:14:14.381 D/MobileDataStateTracker(  256): [dun]  apnTypeList = dun
02-13 14:14:14.381 D/MobileDataStateTracker(  256): [dun]  unavailable = false
02-13 14:14:14.381 D/MobileDataStateTracker(  256): [dun] Do not process intents if disabled.
02-13 14:14:14.381 D/MobileDataStateTracker(  256): [supl]  MobileDataStateReceiver onReceive(): Entry.
02-13 14:14:14.381 D/MobileDataStateTracker(  256): [supl]  intent.getAction()= android.intent.action.ANY_DATA_STATE
02-13 14:14:14.381 D/MobileDataStateTracker(  256): [supl]  mEnabled = false
02-13 14:14:14.431 I/ActivityThread(  476): Pub com.google.android.googlequicksearchbox.shortcuts: com.google.android.googlequicksearchbox.WebHistoryProvider
02-13 14:14:14.431 I/ActivityThread(  476): Pub com.google.android.googlequicksearchbox.google: com.google.android.googlequicksearchbox.google.GoogleSuggestionProvider
02-13 14:14:14.431 D/MobileDataStateTracker(  256): [supl]  apnTypeList = dun
02-13 14:14:14.431 D/MobileDataStateTracker(  256): [supl]  unavailable = false
02-13 14:14:14.431 D/MobileDataStateTracker(  256): [supl] Do not process intents if disabled.
02-13 14:14:14.431 D/MobileDataStateTracker(  256): [mms]  MobileDataStateReceiver onReceive(): Entry.
02-13 14:14:14.431 D/MobileDataStateTracker(  256): [mms]  intent.getAction()= android.intent.action.ANY_DATA_STATE
02-13 14:14:14.431 D/MobileDataStateTracker(  256): [mms]  mEnabled = false
02-13 14:14:14.441 D/MobileDataStateTracker(  256): [mms]  apnTypeList = dun
02-13 14:14:14.441 D/MobileDataStateTracker(  256): [mms]  unavailable = false
02-13 14:14:14.441 D/MobileDataStateTracker(  256): [mms] Do not process intents if disabled.
02-13 14:14:14.441 D/MobileDataStateTracker(  256): [default]  MobileDataStateReceiver onReceive(): Entry.
02-13 14:14:14.441 D/MobileDataStateTracker(  256): [default]  intent.getAction()= android.intent.action.ANY_DATA_STATE
02-13 14:14:14.441 D/MobileDataStateTracker(  256): [default]  mEnabled = true
02-13 14:14:14.441 D/MobileDataStateTracker(  256): [default]  apnTypeList = dun
02-13 14:14:14.441 D/MobileDataStateTracker(  256): [default]  unavailable = false
02-13 14:14:14.441 D/MobileDataStateTracker(  256): [default] not what we are looking for.
02-13 14:14:14.441 D/MobileDataStateTracker(  256): [hipri]  MobileDataStateReceiver onReceive(): Entry.
02-13 14:14:14.441 D/MobileDataStateTracker(  256): [hipri]  intent.getAction()= android.intent.action.ANY_DATA_STATE
02-13 14:14:14.441 D/MobileDataStateTracker(  256): [hipri]  mEnabled = false
02-13 14:14:14.441 D/MobileDataStateTracker(  256): [hipri]  apnTypeList = dun
02-13 14:14:14.441 D/MobileDataStateTracker(  256): [hipri]  unavailable = false
02-13 14:14:14.441 D/MobileDataStateTracker(  256): [hipri] Do not process intents if disabled.
02-13 14:14:14.441 D/MobileDataStateTracker(  256): [dun]  MobileDataStateReceiver onReceive(): Entry.
02-13 14:14:14.441 D/MobileDataStateTracker(  256): [dun]  intent.getAction()= android.intent.action.ANY_DATA_STATE
02-13 14:14:14.441 D/MobileDataStateTracker(  256): [dun]  mEnabled = false
02-13 14:14:14.441 D/MobileDataStateTracker(  256): [dun]  apnTypeList = dun
02-13 14:14:14.441 D/MobileDataStateTracker(  256): [dun]  unavailable = false
02-13 14:14:14.441 D/MobileDataStateTracker(  256): [dun] Do not process intents if disabled.
02-13 14:14:14.441 D/MobileDataStateTracker(  256): [supl]  MobileDataStateReceiver onReceive(): Entry.
02-13 14:14:14.451 D/MobileDataStateTracker(  256): [supl]  intent.getAction()= android.intent.action.ANY_DATA_STATE
02-13 14:14:14.451 D/MobileDataStateTracker(  256): [supl]  mEnabled = false
02-13 14:14:14.451 D/MobileDataStateTracker(  256): [supl]  apnTypeList = dun
02-13 14:14:14.451 D/MobileDataStateTracker(  256): [supl]  unavailable = false
02-13 14:14:14.451 D/MobileDataStateTracker(  256): [supl] Do not process intents if disabled.
02-13 14:14:14.451 D/MobileDataStateTracker(  256): [mms]  MobileDataStateReceiver onReceive(): Entry.
02-13 14:14:14.451 D/MobileDataStateTracker(  256): [mms]  intent.getAction()= android.intent.action.ANY_DATA_STATE
02-13 14:14:14.451 D/MobileDataStateTracker(  256): [mms]  mEnabled = false
02-13 14:14:14.451 D/MobileDataStateTracker(  256): [mms]  apnTypeList = dun
02-13 14:14:14.451 D/MobileDataStateTracker(  256): [mms]  unavailable = false
02-13 14:14:14.451 D/MobileDataStateTracker(  256): [mms] Do not process intents if disabled.
02-13 14:14:14.451 D/MobileDataStateTracker(  256): [default]  MobileDataStateReceiver onReceive(): Entry.
02-13 14:14:14.451 D/MobileDataStateTracker(  256): [default]  intent.getAction()= android.intent.action.ANY_DATA_STATE
02-13 14:14:14.451 D/MobileDataStateTracker(  256): [default]  mEnabled = true
02-13 14:14:14.451 D/MobileDataStateTracker(  256): [default]  apnTypeList = dun
02-13 14:14:14.451 D/MobileDataStateTracker(  256): [default]  unavailable = false
02-13 14:14:14.451 D/MobileDataStateTracker(  256): [default] not what we are looking for.
02-13 14:14:14.451 D/MobileDataStateTracker(  256): [hipri]  MobileDataStateReceiver onReceive(): Entry.
02-13 14:14:14.471 D/MobileDataStateTracker(  256): [hipri]  intent.getAction()= android.intent.action.ANY_DATA_STATE
02-13 14:14:14.471 D/MobileDataStateTracker(  256): [hipri]  mEnabled = false
02-13 14:14:14.481 D/MobileDataStateTracker(  256): [hipri]  apnTypeList = hipri
02-13 14:14:14.481 D/MobileDataStateTracker(  256): [hipri]  unavailable = false
02-13 14:14:14.481 D/MobileDataStateTracker(  256): [hipri] Do not process intents if disabled.
02-13 14:14:14.481 D/MobileDataStateTracker(  256): [dun]  MobileDataStateReceiver onReceive(): Entry.
02-13 14:14:14.481 D/MobileDataStateTracker(  256): [dun]  intent.getAction()= android.intent.action.ANY_DATA_STATE
02-13 14:14:14.481 D/MobileDataStateTracker(  256): [dun]  mEnabled = false
02-13 14:14:14.481 D/MobileDataStateTracker(  256): [dun]  apnTypeList = hipri
02-13 14:14:14.481 D/MobileDataStateTracker(  256): [dun]  unavailable = false
02-13 14:14:14.481 D/MobileDataStateTracker(  256): [dun] Do not process intents if disabled.
02-13 14:14:14.481 D/MobileDataStateTracker(  256): [supl]  MobileDataStateReceiver onReceive(): Entry.
02-13 14:14:14.481 D/MobileDataStateTracker(  256): [supl]  intent.getAction()= android.intent.action.ANY_DATA_STATE
02-13 14:14:14.481 D/MobileDataStateTracker(  256): [supl]  mEnabled = false
02-13 14:14:14.491 D/MobileDataStateTracker(  256): [supl]  apnTypeList = hipri
02-13 14:14:14.491 D/MobileDataStateTracker(  256): [supl]  unavailable = false
02-13 14:14:14.491 D/MobileDataStateTracker(  256): [supl] Do not process intents if disabled.
02-13 14:14:14.491 D/MobileDataStateTracker(  256): [mms]  MobileDataStateReceiver onReceive(): Entry.
02-13 14:14:14.491 D/MobileDataStateTracker(  256): [mms]  intent.getAction()= android.intent.action.ANY_DATA_STATE
02-13 14:14:14.491 D/MobileDataStateTracker(  256): [mms]  mEnabled = false
02-13 14:14:14.491 D/MobileDataStateTracker(  256): [mms]  apnTypeList = hipri
02-13 14:14:14.491 D/MobileDataStateTracker(  256): [mms]  unavailable = false
02-13 14:14:14.491 D/MobileDataStateTracker(  256): [mms] Do not process intents if disabled.
02-13 14:14:14.491 D/MobileDataStateTracker(  256): [default]  MobileDataStateReceiver onReceive(): Entry.
02-13 14:14:14.491 D/MobileDataStateTracker(  256): [default]  intent.getAction()= android.intent.action.ANY_DATA_STATE
02-13 14:14:14.491 D/MobileDataStateTracker(  256): [default]  mEnabled = true
02-13 14:14:14.491 D/MobileDataStateTracker(  256): [default]  apnTypeList = hipri
02-13 14:14:14.491 D/MobileDataStateTracker(  256): [default]  unavailable = false
02-13 14:14:14.491 D/MobileDataStateTracker(  256): [default] not what we are looking for.
02-13 14:14:14.491 D/MobileDataStateTracker(  256): [hipri]  MobileDataStateReceiver onReceive(): Entry.
02-13 14:14:14.491 D/MobileDataStateTracker(  256): [hipri]  intent.getAction()= android.intent.action.ANY_DATA_STATE
02-13 14:14:14.491 D/MobileDataStateTracker(  256): [hipri]  mEnabled = false
02-13 14:14:14.491 D/MobileDataStateTracker(  256): [hipri]  apnTypeList = hipri
02-13 14:14:14.491 D/MobileDataStateTracker(  256): [hipri]  unavailable = false
02-13 14:14:14.491 D/MobileDataStateTracker(  256): [hipri] Do not process intents if disabled.
02-13 14:14:14.491 D/MobileDataStateTracker(  256): [dun]  MobileDataStateReceiver onReceive(): Entry.
02-13 14:14:14.491 D/MobileDataStateTracker(  256): [dun]  intent.getAction()= android.intent.action.ANY_DATA_STATE
02-13 14:14:14.491 D/MobileDataStateTracker(  256): [dun]  mEnabled = false
02-13 14:14:14.501 D/MobileDataStateTracker(  256): [dun]  apnTypeList = hipri
02-13 14:14:14.501 D/MobileDataStateTracker(  256): [dun]  unavailable = false
02-13 14:14:14.501 D/MobileDataStateTracker(  256): [dun] Do not process intents if disabled.
02-13 14:14:14.501 D/MobileDataStateTracker(  256): [supl]  MobileDataStateReceiver onReceive(): Entry.
02-13 14:14:14.501 D/MobileDataStateTracker(  256): [supl]  intent.getAction()= android.intent.action.ANY_DATA_STATE
02-13 14:14:14.501 D/MobileDataStateTracker(  256): [supl]  mEnabled = false
02-13 14:14:14.501 D/MobileDataStateTracker(  256): [supl]  apnTypeList = hipri
02-13 14:14:14.501 D/MobileDataStateTracker(  256): [supl]  unavailable = false
02-13 14:14:14.501 D/MobileDataStateTracker(  256): [supl] Do not process intents if disabled.
02-13 14:14:14.501 D/MobileDataStateTracker(  256): [mms]  MobileDataStateReceiver onReceive(): Entry.
02-13 14:14:14.501 D/MobileDataStateTracker(  256): [mms]  intent.getAction()= android.intent.action.ANY_DATA_STATE
02-13 14:14:14.501 D/MobileDataStateTracker(  256): [mms]  mEnabled = false
02-13 14:14:14.501 D/MobileDataStateTracker(  256): [mms]  apnTypeList = hipri
02-13 14:14:14.501 D/MobileDataStateTracker(  256): [mms]  unavailable = false
02-13 14:14:14.501 D/MobileDataStateTracker(  256): [mms] Do not process intents if disabled.
02-13 14:14:14.501 D/MobileDataStateTracker(  256): [default]  MobileDataStateReceiver onReceive(): Entry.
02-13 14:14:14.501 D/MobileDataStateTracker(  256): [default]  intent.getAction()= android.intent.action.ANY_DATA_STATE
02-13 14:14:14.501 D/MobileDataStateTracker(  256): [default]  mEnabled = true
02-13 14:14:14.511 D/MobileDataStateTracker(  256): [default]  apnTypeList = hipri
02-13 14:14:14.511 D/MobileDataStateTracker(  256): [default]  unavailable = false
02-13 14:14:14.511 D/MobileDataStateTracker(  256): [default] not what we are looking for.
02-13 14:14:14.511 D/MobileDataStateTracker(  256): [hipri]  MobileDataStateReceiver onReceive(): Entry.
02-13 14:14:14.511 D/MobileDataStateTracker(  256): [hipri]  intent.getAction()= android.intent.action.SERVICE_STATE
02-13 14:14:14.511 D/MobileDataStateTracker(  256): [hipri]  mEnabled = false
02-13 14:14:14.511 D/MobileDataStateTracker(  256): [dun]  MobileDataStateReceiver onReceive(): Entry.
02-13 14:14:14.511 D/MobileDataStateTracker(  256): [dun]  intent.getAction()= android.intent.action.SERVICE_STATE
02-13 14:14:14.511 D/MobileDataStateTracker(  256): [dun]  mEnabled = false
02-13 14:14:14.511 D/MobileDataStateTracker(  256): [supl]  MobileDataStateReceiver onReceive(): Entry.
02-13 14:14:14.511 D/MobileDataStateTracker(  256): [supl]  intent.getAction()= android.intent.action.SERVICE_STATE
02-13 14:14:14.511 D/MobileDataStateTracker(  256): [supl]  mEnabled = false
02-13 14:14:14.521 D/MobileDataStateTracker(  256): [mms]  MobileDataStateReceiver onReceive(): Entry.
02-13 14:14:14.521 D/MobileDataStateTracker(  256): [mms]  intent.getAction()= android.intent.action.SERVICE_STATE
02-13 14:14:14.521 D/MobileDataStateTracker(  256): [mms]  mEnabled = false
02-13 14:14:14.521 D/MobileDataStateTracker(  256): [default]  MobileDataStateReceiver onReceive(): Entry.
02-13 14:14:14.521 D/MobileDataStateTracker(  256): [default]  intent.getAction()= android.intent.action.SERVICE_STATE
02-13 14:14:14.521 D/MobileDataStateTracker(  256): [default]  mEnabled = true
02-13 14:14:14.681 D/qcom_priv_settings(  487): setprop(net.http.threads) = [10]
02-13 14:14:14.681 D/qcom_priv_settings(  487): setprop(net.http.idle_cache.size) = [40]
02-13 14:14:14.681 D/qcom_priv_settings(  487): setprop(net.http.idle_cache.shutdown) = [true]
02-13 14:14:14.681 D/qcom_priv_settings(  487): setprop(net.webkit.cache.size) = [12582912]
02-13 14:14:14.681 D/qcom_priv_settings(  487): setprop(net.webkit.cache.mindeadsize) = [4194304]
02-13 14:14:14.681 D/qcom_priv_settings(  487): setprop(net.webkit.cache.maxdeadsize) = [4194304]
02-13 14:14:14.681 D/qcom_priv_settings(  487): setprop(net.nw.cache.prioadvstep) = [86400000]
02-13 14:14:14.681 D/qcom_priv_settings(  487): setprop(net.nw.cache.weightadvstep) = [3600000]
02-13 14:14:14.691 D/qcom_priv_settings(  487): setprop(net.nw.cache.orderby) = [weight]
02-13 14:14:14.731 I/ActivityThread(  494): Pub com.cooliris.picasa.contentprovider: com.cooliris.picasa.PicasaContentProvider
02-13 14:14:14.811 I/ContactsProvider(  408): query isCallerRegistered= false
02-13 14:14:14.821 I/ContactsProvider(  408): query forOnlyOneContactString= 0
02-13 14:14:14.841 D/Gallery3D(  494): [BootReceiver]: Got intent with action android.intent.action.BOOT_COMPLETED
02-13 14:14:14.851 I/VdmcBroadcastReceiver(  467): ACTION=android.intent.action.BOOT_COMPLETED
02-13 14:14:14.851 I/DMC     (  467): VdmcBroadcastReceiver start vdmc service
02-13 14:14:14.871 I/RecoverySystem(  256): No recovery log file
02-13 14:14:14.871 I/vDM     (  467): onCreate
02-13 14:14:14.871 I/vDM     (  467): onStart
02-13 14:14:14.891 I/DMC     (  467): Vdmc onStart sleep 8s
02-13 14:14:14.971 I/ActivityThread(  503): Pub zte.com.cn.alarmclock: zte.com.cn.alarmclock.AlarmProvider
02-13 14:14:15.051 D/KeyguardUpdateMonitor(  256): received broadcast android.intent.action.ALARM_CHANGED
02-13 14:14:15.051 D/KeyguardUpdateMonitor(  256): onReceive ACTION_ALARM_CHANGED -  alarmSet:false
02-13 14:14:15.051 D/KeyguardUpdateMonitor(  256): handleAlarmStateChanged(false)
02-13 14:14:15.121 I/ActivityThread(  510): Pub com.sprint.zone.provider.ZoneProvider: com.sprint.zone.data.ZoneProvider
02-13 14:14:15.202 D/ContactsProvider(  408):  query CONTACTS MODE_ID=PHONE_UNLOCK
02-13 14:14:15.222 I/ActivityThread(  517): Pub media: com.android.providers.media.MediaProvider
02-13 14:14:15.272 I/ActivityThread(  517): Pub downloads: com.android.providers.downloads.DownloadProvider
02-13 14:14:15.312 I/ActivityThread(  517): Pub drm: com.android.providers.drm.DrmProvider
02-13 14:14:15.322 E/WifiHW  (  256): wifi_connect_to_supplicant() +
02-13 14:14:15.322 E/WifiHW  (  256): ctrl ifname = /data/misc/wifi/wpa_supplicant/wlan0
02-13 14:14:15.462 E/WifiHW  (  256): ifname /data/misc/wifi/wpa_supplicant/wlan0 is ready to read/write cnt=160
02-13 14:14:15.472 D/WifiStateTracker(  256): EVENT_SUPPLICANT_CONNECTION--->resetNotificationTimer()
02-13 14:14:15.482 D/NetworkStateTracker(  256): setDetailed state, old =IDLE and new state=IDLE
02-13 14:14:15.492 W/NetworkStateTracker(  256): ### removeDefaultRoute. do nothing 
02-13 14:14:15.492 D/Tethering(  256): MasterInitialState.processMessage what=3
02-13 14:14:15.622 I/BluetoothService(  256): Received BT_BOOTUP message
02-13 14:14:15.662 W/dalvikvm(  527): Refusing to reopen boot DEX '/system/framework/OmaDrmClient.jar'
02-13 14:14:15.712 D/GpsLocationProvider(  256): updateNetworkState unavailable info: NetworkInfo: type: WIFI[], state: DISCONNECTED/IDLE, reason: (unspecified), extra: (none), roaming: false, failover: false, isAvailable: false, isIpv4Connected: false, isIpv6Connected: false, ipv4Name: null, ipv6Name: null
02-13 14:14:15.822 I/ActivityThread(  527): Pub com.zte.zmail.security.provider: com.zte.zmail.security.provider.SecurityProvider
02-13 14:14:15.832 I/ActivityThread(  527): Pub com.android.email.provider: com.android.email.provider.EmailProvider
02-13 14:14:15.852 I/ActivityThread(  527): Pub com.android.email.searchsuggestionprovider: com.android.email.provider.SearchSuggestionProvider
02-13 14:14:15.852 I/ActivityThread(  527): Pub com.android.email.attachmentprovider: com.android.email.provider.AttachmentProvider
02-13 14:14:15.852 I/ActivityThread(  527): Pub com.android.exchange.provider: com.android.exchange.provider.ExchangeProvider
02-13 14:14:16.042 E/BluetoothEasPolicy.java(  256): bluetooth EAS key=AllowBluetooth
02-13 14:14:16.042 E/BluetoothEasPolicy.java(  256): bluetooth EAS value=2
02-13 14:14:16.293 D/Bitmap  (  510): Detect unrecycled bitmap.
02-13 14:14:16.293 D/Bitmap  (  510):       Size: 47432 Bytes, Width: 154 , Height: 154 , Hash code: 1079161432
02-13 14:14:16.293 D/Bitmap  (  510):  This bimap was created in:
02-13 14:14:16.293 D/Bitmap  (  510):       android.graphics.Bitmap.<init>(Bitmap.java:136)
02-13 14:14:16.293 D/Bitmap  (  510):       android.graphics.BitmapFactory.nativeDecodeByteArray(Native Method)
02-13 14:14:16.293 D/Bitmap  (  510):       android.graphics.BitmapFactory.decodeByteArray(BitmapFactory.java:405)
02-13 14:14:16.293 D/Bitmap  (  510):       android.graphics.BitmapFactory.decodeByteArray(BitmapFactory.java:418)
02-13 14:14:16.293 D/Bitmap  (  510):       com.sprint.zone.data.DbAdapter.cursorToFeature(DbAdapter.java:1305)
02-13 14:14:16.293 D/Bitmap  (  510):       com.sprint.zone.data.DbAdapter.getPageContent(DbAdapter.java:1242)
02-13 14:14:16.293 D/Bitmap  (  510):       com.sprint.zone.data.DbAdapter.loadGlobalContent(DbAdapter.java:1447)
02-13 14:14:16.293 D/Bitmap  (  510):       com.sprint.zone.data.GlobalContent.instance(GlobalContent.java:104)
02-13 14:14:16.293 D/Bitmap  (  510):       com.sprint.zone.Zone.onCreate(Zone.java:35)
02-13 14:14:16.293 D/Bitmap  (  510):       com.sprint.zone.sprint.SprintZone.onCreate(SprintZone.java:10)
02-13 14:14:16.293 D/Bitmap  (  510):       android.app.Instrumentation.callApplicationOnCreate(Instrumentation.java:969)
02-13 14:14:16.293 D/Bitmap  (  510):       android.app.ActivityThread.handleBindApplication(ActivityThread.java:3293)
02-13 14:14:16.293 D/Bitmap  (  510):       android.app.ActivityThread.access$2200(ActivityThread.java:123)
02-13 14:14:16.293 D/Bitmap  (  510):       android.app.ActivityThread$H.handleMessage(ActivityThread.java:986)
02-13 14:14:16.293 D/Bitmap  (  510):       android.os.Handler.dispatchMessage(Handler.java:99)
02-13 14:14:16.293 D/Bitmap  (  510):       android.os.Looper.loop(Looper.java:130)
02-13 14:14:16.293 D/Bitmap  (  510):       android.app.ActivityThread.main(ActivityThread.java:3704)
02-13 14:14:16.293 D/Bitmap  (  510):       java.lang.reflect.Method.invokeNative(Native Method)
02-13 14:14:16.293 D/Bitmap  (  510):       java.lang.reflect.Method.invoke(Method.java:507)
02-13 14:14:16.293 D/Bitmap  (  510):       com.android.internal.os.ZygoteInit$MethodAndArgsCaller.run(ZygoteInit.java:875)
02-13 14:14:16.293 D/Bitmap  (  510):       com.android.internal.os.ZygoteInit.main(ZygoteInit.java:633)
02-13 14:14:16.293 D/Bitmap  (  510):       dalvik.system.NativeStart.main(Native Method)
02-13 14:14:16.293 D/Bitmap  (  510): _
02-13 14:14:16.293 D/Bitmap  (  510): Detect unrecycled bitmap.
02-13 14:14:16.293 D/Bitmap  (  510):       Size: 181476 Bytes, Width: 213 , Height: 213 , Hash code: 1079112872
02-13 14:14:16.293 D/Bitmap  (  510):  This bimap was created in:
02-13 14:14:16.293 D/Bitmap  (  510):       android.graphics.Bitmap.<init>(Bitmap.java:136)
02-13 14:14:16.293 D/Bitmap  (  510):       android.graphics.BitmapFactory.nativeDecodeByteArray(Native Method)
02-13 14:14:16.293 D/Bitmap  (  510):       android.graphics.BitmapFactory.decodeByteArray(BitmapFactory.java:405)
02-13 14:14:16.293 D/Bitmap  (  510):       android.graphics.BitmapFactory.decodeByteArray(BitmapFactory.java:418)
02-13 14:14:16.293 D/Bitmap  (  510):       com.sprint.zone.data.DbAdapter.cursorToFeature(DbAdapter.java:1305)
02-13 14:14:16.293 D/Bitmap  (  510):       com.sprint.zone.data.DbAdapter.getPageContent(DbAdapter.java:1242)
02-13 14:14:16.293 D/Bitmap  (  510):       com.sprint.zone.data.DbAdapter.loadGlobalContent(DbAdapter.java:1447)
02-13 14:14:16.293 D/Bitmap  (  510):       com.sprint.zone.data.GlobalContent.instance(GlobalContent.java:104)
02-13 14:14:16.293 D/Bitmap  (  510):       com.sprint.zone.Zone.onCreate(Zone.java:35)
02-13 14:14:16.293 D/Bitmap  (  510):       com.sprint.zone.sprint.SprintZone.onCreate(SprintZone.java:10)
02-13 14:14:16.293 D/Bitmap  (  510):       android.app.Instrumentation.callApplicationOnCreate(Instrumentation.java:969)
02-13 14:14:16.293 D/Bitmap  (  510):       android.app.ActivityThread.handleBindApplication(ActivityThread.java:3293)
02-13 14:14:16.293 D/Bitmap  (  510):       android.app.ActivityThread.access$2200(ActivityThread.java:123)
02-13 14:14:16.293 D/Bitmap  (  510):       android.app.ActivityThread$H.handleMessage(ActivityThread.java:986)
02-13 14:14:16.293 D/Bitmap  (  510):       android.os.Handler.dispatchMessage(Handler.java:99)
02-13 14:14:16.293 D/Bitmap  (  510):       android.os.Looper.loop(Looper.java:130)
02-13 14:14:16.293 D/Bitmap  (  510):       android.app.ActivityThread.main(ActivityThread.java:3704)
02-13 14:14:16.293 D/Bitmap  (  510):       java.lang.reflect.Method.invokeNative(Native Method)
02-13 14:14:16.303 D/Bitmap  (  510):       java.lang.reflect.Method.invoke(Method.java:507)
02-13 14:14:16.303 D/Bitmap  (  510):       com.android.internal.os.ZygoteInit$MethodAndArgsCaller.run(ZygoteInit.java:875)
02-13 14:14:16.303 D/Bitmap  (  510):       com.android.internal.os.ZygoteInit.main(ZygoteInit.java:633)
02-13 14:14:16.303 D/Bitmap  (  510):       dalvik.system.NativeStart.main(Native Method)
02-13 14:14:16.303 D/Bitmap  (  510): _
02-13 14:14:16.303 D/Bitmap  (  510): Detect unrecycled bitmap.
02-13 14:14:16.303 D/Bitmap  (  510):       Size: 262144 Bytes, Width: 256 , Height: 256 , Hash code: 1079302352
02-13 14:14:16.303 D/Bitmap  (  510):  This bimap was created in:
02-13 14:14:16.303 D/Bitmap  (  510):       android.graphics.Bitmap.<init>(Bitmap.java:136)
02-13 14:14:16.303 D/Bitmap  (  510):       android.graphics.BitmapFactory.nativeDecodeByteArray(Native Method)
02-13 14:14:16.303 D/Bitmap  (  510):       android.graphics.BitmapFactory.decodeByteArray(BitmapFactory.java:405)
02-13 14:14:16.303 D/Bitmap  (  510):       android.graphics.BitmapFactory.decodeByteArray(BitmapFactory.java:418)
02-13 14:14:16.303 D/Bitmap  (  510):       com.sprint.zone.data.DbAdapter.cursorToFeature(DbAdapter.java:1305)
02-13 14:14:16.303 D/Bitmap  (  510):       com.sprint.zone.data.DbAdapter.getPageContent(DbAdapter.java:1242)
02-13 14:14:16.303 D/Bitmap  (  510):       com.sprint.zone.data.DbAdapter.loadGlobalContent(DbAdapter.java:1447)
02-13 14:14:16.303 D/Bitmap  (  510):       com.sprint.zone.data.GlobalContent.instance(GlobalContent.java:104)
02-13 14:14:16.303 D/Bitmap  (  510):       com.sprint.zone.Zone.onCreate(Zone.java:35)
02-13 14:14:16.303 D/Bitmap  (  510):       com.sprint.zone.sprint.SprintZone.onCreate(SprintZone.java:10)
02-13 14:14:16.303 D/Bitmap  (  510):       android.app.Instrumentation.callApplicationOnCreate(Instrumentation.java:969)
02-13 14:14:16.303 D/Bitmap  (  510):       android.app.ActivityThread.handleBindApplication(ActivityThread.java:3293)
02-13 14:14:16.303 D/Bitmap  (  510):       android.app.ActivityThread.access$2200(ActivityThread.java:123)
02-13 14:14:16.303 D/Bitmap  (  510):       android.app.ActivityThread$H.handleMessage(ActivityThread.java:986)
02-13 14:14:16.303 D/Bitmap  (  510):       android.os.Handler.dispatchMessage(Handler.java:99)
02-13 14:14:16.303 D/Bitmap  (  510):       android.os.Looper.loop(Looper.java:130)
02-13 14:14:16.303 D/Bitmap  (  510):       android.app.ActivityThread.main(ActivityThread.java:3704)
02-13 14:14:16.303 D/Bitmap  (  510):       java.lang.reflect.Method.invokeNative(Native Method)
02-13 14:14:16.303 D/Bitmap  (  510):       java.lang.reflect.Method.invoke(Method.java:507)
02-13 14:14:16.303 D/Bitmap  (  510):       com.android.internal.os.ZygoteInit$MethodAndArgsCaller.run(ZygoteInit.java:875)
02-13 14:14:16.303 D/Bitmap  (  510):       com.android.internal.os.ZygoteInit.main(ZygoteInit.java:633)
02-13 14:14:16.303 D/Bitmap  (  510):       dalvik.system.NativeStart.main(Native Method)
02-13 14:14:16.303 D/Bitmap  (  510): _
02-13 14:14:16.303 D/Bitmap  (  510): Detect unrecycled bitmap.
02-13 14:14:16.303 D/Bitmap  (  510):       Size: 168100 Bytes, Width: 205 , Height: 205 , Hash code: 1079312000
02-13 14:14:16.303 D/Bitmap  (  510):  This bimap was created in:
02-13 14:14:16.303 D/Bitmap  (  510):       android.graphics.Bitmap.<init>(Bitmap.java:136)
02-13 14:14:16.303 D/Bitmap  (  510):       android.graphics.BitmapFactory.nativeDecodeByteArray(Native Method)
02-13 14:14:16.303 D/Bitmap  (  510):       android.graphics.BitmapFactory.decodeByteArray(BitmapFactory.java:405)
02-13 14:14:16.303 D/Bitmap  (  510):       android.graphics.BitmapFactory.decodeByteArray(BitmapFactory.java:418)
02-13 14:14:16.303 D/Bitmap  (  510):       com.sprint.zone.data.DbAdapter.cursorToFeature(DbAdapter.java:1305)
02-13 14:14:16.303 D/Bitmap  (  510):       com.sprint.zone.data.DbAdapter.getPageContent(DbAdapter.java:1242)
02-13 14:14:16.303 D/Bitmap  (  510):       com.sprint.zone.data.DbAdapter.loadGlobalContent(DbAdapter.java:1447)
02-13 14:14:16.303 D/Bitmap  (  510):       com.sprint.zone.data.GlobalContent.instance(GlobalContent.java:104)
02-13 14:14:16.303 D/Bitmap  (  510):       com.sprint.zone.Zone.onCreate(Zone.java:35)
02-13 14:14:16.303 D/Bitmap  (  510):       com.sprint.zone.sprint.SprintZone.onCreate(SprintZone.java:10)
02-13 14:14:16.303 D/Bitmap  (  510):       android.app.Instrumentation.callApplicationOnCreate(Instrumentation.java:969)
02-13 14:14:16.303 D/Bitmap  (  510):       android.app.ActivityThread.handleBindApplication(ActivityThread.java:3293)
02-13 14:14:16.303 D/Bitmap  (  510):       android.app.ActivityThread.access$2200(ActivityThread.java:123)
02-13 14:14:16.303 D/Bitmap  (  510):       android.app.ActivityThread$H.handleMessage(ActivityThread.java:986)
02-13 14:14:16.303 D/Bitmap  (  510):       android.os.Handler.dispatchMessage(Handler.java:99)
02-13 14:14:16.303 D/Bitmap  (  510):       android.os.Looper.loop(Looper.java:130)
02-13 14:14:16.303 D/Bitmap  (  510):       android.app.ActivityThread.main(ActivityThread.java:3704)
02-13 14:14:16.303 D/Bitmap  (  510):       java.lang.reflect.Method.invokeNative(Native Method)
02-13 14:14:16.303 D/Bitmap  (  510):       java.lang.reflect.Method.invoke(Method.java:507)
02-13 14:14:16.303 D/Bitmap  (  510):       com.android.internal.os.ZygoteInit$MethodAndArgsCaller.run(ZygoteInit.java:875)
02-13 14:14:16.303 D/Bitmap  (  510):       com.android.internal.os.ZygoteInit.main(ZygoteInit.java:633)
02-13 14:14:16.303 D/Bitmap  (  510):       dalvik.system.NativeStart.main(Native Method)
02-13 14:14:16.303 D/Bitmap  (  510): _
02-13 14:14:16.303 D/Bitmap  (  510): Detect unrecycled bitmap.
02-13 14:14:16.303 D/Bitmap  (  510):       Size: 47432 Bytes, Width: 154 , Height: 154 , Hash code: 1079198960
02-13 14:14:16.303 D/Bitmap  (  510):  This bimap was created in:
02-13 14:14:16.303 D/Bitmap  (  510):       android.graphics.Bitmap.<init>(Bitmap.java:136)
02-13 14:14:16.303 D/Bitmap  (  510):       android.graphics.BitmapFactory.nativeDecodeByteArray(Native Method)
02-13 14:14:16.303 D/Bitmap  (  510):       android.graphics.BitmapFactory.decodeByteArray(BitmapFactory.java:405)
02-13 14:14:16.303 D/Bitmap  (  510):       android.graphics.BitmapFactory.decodeByteArray(BitmapFactory.java:418)
02-13 14:14:16.303 D/Bitmap  (  510):       com.sprint.zone.data.DbAdapter.cursorToFeature(DbAdapter.java:1305)
02-13 14:14:16.303 D/Bitmap  (  510):       com.sprint.zone.data.DbAdapter.getPageContent(DbAdapter.java:1242)
02-13 14:14:16.303 D/Bitmap  (  510):       com.sprint.zone.data.DbAdapter.loadGlobalContent(DbAdapter.java:1447)
02-13 14:14:16.303 D/Bitmap  (  510):       com.sprint.zone.data.GlobalContent.instance(GlobalContent.java:104)
02-13 14:14:16.303 D/Bitmap  (  510):       com.sprint.zone.Zone.onCreate(Zone.java:35)
02-13 14:14:16.303 D/Bitmap  (  510):       com.sprint.zone.sprint.SprintZone.onCreate(SprintZone.java:10)
02-13 14:14:16.303 D/Bitmap  (  510):       android.app.Instrumentation.callApplicationOnCreate(Instrumentation.java:969)
02-13 14:14:16.303 D/Bitmap  (  510):       android.app.ActivityThread.handleBindApplication(ActivityThread.java:3293)
02-13 14:14:16.303 D/Bitmap  (  510):       android.app.ActivityThread.access$2200(ActivityThread.java:123)
02-13 14:14:16.303 D/Bitmap  (  510):       android.app.ActivityThread$H.handleMessage(ActivityThread.java:986)
02-13 14:14:16.303 D/Bitmap  (  510):       android.os.Handler.dispatchMessage(Handler.java:99)
02-13 14:14:16.303 D/Bitmap  (  510):       android.os.Looper.loop(Looper.java:130)
02-13 14:14:16.303 D/Bitmap  (  510):       android.app.ActivityThread.main(ActivityThread.java:3704)
02-13 14:14:16.303 D/Bitmap  (  510):       java.lang.reflect.Method.invokeNative(Native Method)
02-13 14:14:16.303 D/Bitmap  (  510):       java.lang.reflect.Method.invoke(Method.java:507)
02-13 14:14:16.303 D/Bitmap  (  510):       com.android.internal.os.ZygoteInit$MethodAndArgsCaller.run(ZygoteInit.java:875)
02-13 14:14:16.303 D/Bitmap  (  510):       com.android.internal.os.ZygoteInit.main(ZygoteInit.java:633)
02-13 14:14:16.303 D/Bitmap  (  510):       dalvik.system.NativeStart.main(Native Method)
02-13 14:14:16.303 D/Bitmap  (  510): _
02-13 14:14:16.303 D/Bitmap  (  510): Detect unrecycled bitmap.
02-13 14:14:16.303 D/Bitmap  (  510):       Size: 262144 Bytes, Width: 256 , Height: 256 , Hash code: 1079199304
02-13 14:14:16.303 D/Bitmap  (  510):  This bimap was created in:
02-13 14:14:16.303 D/Bitmap  (  510):       android.graphics.Bitmap.<init>(Bitmap.java:136)
02-13 14:14:16.303 D/Bitmap  (  510):       android.graphics.BitmapFactory.nativeDecodeByteArray(Native Method)
02-13 14:14:16.303 D/Bitmap  (  510):       android.graphics.BitmapFactory.decodeByteArray(BitmapFactory.java:405)
02-13 14:14:16.303 D/Bitmap  (  510):       android.graphics.BitmapFactory.decodeByteArray(BitmapFactory.java:418)
02-13 14:14:16.303 D/Bitmap  (  510):       com.sprint.zone.data.DbAdapter.cursorToFeature(DbAdapter.java:1305)
02-13 14:14:16.303 D/Bitmap  (  510):       com.sprint.zone.data.DbAdapter.getPageContent(DbAdapter.java:1242)
02-13 14:14:16.303 D/Bitmap  (  510):       com.sprint.zone.data.DbAdapter.loadGlobalContent(DbAdapter.java:1447)
02-13 14:14:16.303 D/Bitmap  (  510):       com.sprint.zone.data.GlobalContent.instance(GlobalContent.java:104)
02-13 14:14:16.303 D/Bitmap  (  510):       com.sprint.zone.Zone.onCreate(Zone.java:35)
02-13 14:14:16.303 D/Bitmap  (  510):       com.sprint.zone.sprint.SprintZone.onCreate(SprintZone.java:10)
02-13 14:14:16.303 D/Bitmap  (  510):       android.app.Instrumentation.callApplicationOnCreate(Instrumentation.java:969)
02-13 14:14:16.303 D/Bitmap  (  510):       android.app.ActivityThread.handleBindApplication(ActivityThread.java:3293)
02-13 14:14:16.303 D/Bitmap  (  510):       android.app.ActivityThread.access$2200(ActivityThread.java:123)
02-13 14:14:16.303 D/Bitmap  (  510):       android.app.ActivityThread$H.handleMessage(ActivityThread.java:986)
02-13 14:14:16.303 D/Bitmap  (  510):       android.os.Handler.dispatchMessage(Handler.java:99)
02-13 14:14:16.303 D/Bitmap  (  510):       android.os.Looper.loop(Looper.java:130)
02-13 14:14:16.303 D/Bitmap  (  510):       android.app.ActivityThread.main(ActivityThread.java:3704)
02-13 14:14:16.303 D/Bitmap  (  510):       java.lang.reflect.Method.invokeNative(Native Method)
02-13 14:14:16.303 D/Bitmap  (  510):       java.lang.reflect.Method.invoke(Method.java:507)
02-13 14:14:16.303 D/Bitmap  (  510):       com.android.internal.os.ZygoteInit$MethodAndArgsCaller.run(ZygoteInit.java:875)
02-13 14:14:16.303 D/Bitmap  (  510):       com.android.internal.os.ZygoteInit.main(ZygoteInit.java:633)
02-13 14:14:16.303 D/Bitmap  (  510):       dalvik.system.NativeStart.main(Native Method)
02-13 14:14:16.303 D/Bitmap  (  510): _
02-13 14:14:16.303 D/Bitmap  (  510): Detect unrecycled bitmap.
02-13 14:14:16.303 D/Bitmap  (  510):       Size: 61504 Bytes, Width: 124 , Height: 124 , Hash code: 1079236280
02-13 14:14:16.303 D/Bitmap  (  510):  This bimap was created in:
02-13 14:14:16.303 D/Bitmap  (  510):       android.graphics.Bitmap.<init>(Bitmap.java:136)
02-13 14:14:16.303 D/Bitmap  (  510):       android.graphics.BitmapFactory.nativeDecodeByteArray(Native Method)
02-13 14:14:16.303 D/Bitmap  (  510):       android.graphics.BitmapFactory.decodeByteArray(BitmapFactory.java:405)
02-13 14:14:16.303 D/Bitmap  (  510):       android.graphics.BitmapFactory.decodeByteArray(BitmapFactory.java:418)
02-13 14:14:16.303 D/Bitmap  (  510):       com.sprint.zone.data.DbAdapter.cursorToFeature(DbAdapter.java:1305)
02-13 14:14:16.303 D/Bitmap  (  510):       com.sprint.zone.data.DbAdapter.getPageContent(DbAdapter.java:1242)
02-13 14:14:16.303 D/Bitmap  (  510):       com.sprint.zone.data.DbAdapter.loadGlobalContent(DbAdapter.java:1447)
02-13 14:14:16.303 D/Bitmap  (  510):       com.sprint.zone.data.GlobalContent.instance(GlobalContent.java:104)
02-13 14:14:16.303 D/Bitmap  (  510):       com.sprint.zone.Zone.onCreate(Zone.java:35)
