02-13 18:42:53.578 I/RILC    (  113): qmi_ril(0/113): [main] qcril_qmi_nas_request_operator .. nam             
02-13 18:42:53.578 I/RILC    (  113): qmi_ril(0/113): [main] qcril_qmi_nas_request_operator .. res long             
02-13 18:42:53.578 I/RILC    (  113): qmi_ril(0/113): [main] qcril_qmi_nas_request_operator .. res short 
02-13 18:42:53.578 I/RILC    (  113): qmi_ril(0/113): [main] qcril_qmi_nas_request_operator .. res mcc_mnc 310099
02-13 18:42:53.578 I/RILC    (  113): qmi_ril(0/113): [main] qcril_qmi_nas_request_operator qcril_qmi_nas_request_operator long             
02-13 18:42:53.578 I/RILC    (  113): qmi_ril(0/113): [main] qcril_qmi_nas_request_operator qcril_qmi_nas_request_operator short 
02-13 18:42:53.578 I/RILC    (  113): qmi_ril(0/113): [main] qcril_qmi_nas_request_operator qcril_qmi_nas_request_operator mcc_mnc 310099
02-13 18:42:53.578 I/RILC    (  113): qmi_ril(0/113): [main] qcril_reqlist_find [RID 0] Not found ReqList entry : token id 80
02-13 18:42:53.578 D/RILC    (  113): qmi_ril(0/113): [main] qcril_send_request_response UI <--- RIL_REQUEST_OPERATOR (22) Complete --- RIL [RID 0, Token 80, Success, Len 12 ]
02-13 18:42:53.578 I/RILC    (  113): qmi_ril(0/113): [main] qcril_qmi_nas_request_operator qcril_qmi_nas_request_operator complete with 0
02-13 18:42:53.578 D/RILC    (  113): qmi_ril(0/113): [main] onRequest UI --- RIL_REQUEST_REGISTRATION_STATE (20) ---> RIL [RID 0, token id 81, data len 0]
02-13 18:42:53.578 I/RILC    (  113): qmi_ril(0/113): [main] qcril_qmi_nas_request_registration_state qcril_qmi_nas_request_registration_state entered
02-13 18:42:53.578 I/RILC    (  113): qmi_ril(0/113): [main] qcril_qmi_nas_is_in_service_of_technology qcril_qmi_nas_is_in_service_of_technology entered
02-13 18:42:53.578 I/RILC    (  113): qmi_ril(0/113): [main] qcril_qmi_nas_is_in_service_of_technology qcril_qmi_nas_is_in_service_of_technology completed with 0
02-13 18:42:53.578 I/RILC    (  113): qmi_ril(0/113): [main] qcril_qmi_nas_is_in_service_of_technology qcril_qmi_nas_is_in_service_of_technology entered
02-13 18:42:53.578 I/RILC    (  113): qmi_ril(0/113): [main] qcril_qmi_nas_is_in_service_of_technology qcril_qmi_nas_is_in_service_of_technology completed with 1
02-13 18:42:53.578 I/RILC    (  113): qmi_ril(0/113): [main] qcril_qmi_nas_request_registration_state qcril_qmi_nas_request_registration_state cache subrequest need 1
02-13 18:42:53.578 D/RILJ    (  337): [0080]< OPERATOR {            , , 310099}
02-13 18:42:53.588 I/RILC    (  113): qmi_ril(0/113): [main] qcril_qmi_util_convert_qmi_response_codes_to_ril_result_ex qcril_qmi_util_convert_qmi_response_codes_to_ril_result_ex ctx check 0
02-13 18:42:53.588 I/RILC    (  113): qmi_ril(0/113): [main] qcril_qmi_voice_technology_updated qcril_qmi_voice_technology_updated entered
02-13 18:42:53.588 I/RILC    (  113): qmi_ril(0/113): [main] qcril_qmi_voice_technology_updated ..nas_cached_info.serving_system valid 1
02-13 18:42:53.588 I/RILC    (  113): qmi_ril(0/113): [main] qcril_qmi_voice_technology_updated .. selected NW 1
02-13 18:42:53.588 I/RILC    (  113): qmi_ril(0/113): [main] qcril_qmi_voice_technology_updated .. NW state 1
02-13 18:42:53.588 I/RILC    (  113): qmi_ril(0/113): [main] qcril_qmi_mgr_voice_technology_updated qcril_qmi_mgr_voice_technology_updated entered
02-13 18:42:53.588 I/RILC    (  113): qmi_ril(0/113): [main] qcril_qmi_mgr_voice_technology_updated qcril_qmi_mgr_voice_technology_updated left 2
02-13 18:42:53.588 I/RILC    (  113): qmi_ril(0/113): [main] qcril_qmi_voice_technology_updated qcril_qmi_voice_technology_updated completed for 2
02-13 18:42:53.588 I/RILC    (  113): qmi_ril(0/113): [main] qmi_ril_nwr_update_reg_rej_legacy qmi_ril_nwr_update_reg_rej_legacy entered
02-13 18:42:53.588 I/RILC    (  113): qmi_ril(0/113): [main] qmi_ril_nwr_update_reg_rej_legacy .. ss srv reg state 1
02-13 18:42:53.588 I/RILC    (  113): qmi_ril(0/113): [main] qmi_ril_nwr_update_reg_rej_legacy .. reje CS cs_rejected 0
02-13 18:42:53.588 I/RILC    (  113): qmi_ril(0/113): [main] qmi_ril_nwr_update_reg_rej_legacy .. reje CS cs_reject_cause 0
02-13 18:42:53.588 I/RILC    (  113): qmi_ril(0/113): [main] qmi_ril_nwr_update_reg_rej_legacy .. reje PS ps_rejected 0
02-13 18:42:53.588 I/RILC    (  113): qmi_ril(0/113): [main] qmi_ril_nwr_update_reg_rej_legacy .. reje PS ps_reject_cause 0
02-13 18:42:53.588 I/RILC    (  113): qmi_ril(0/113): [main] qmi_ril_nwr_util_log_mccmnc_str .. reje mcc - 
02-13 18:42:53.588 I/RILC    (  113): qmi_ril(0/113): [main] qmi_ril_nwr_util_log_mccmnc_str .. reje mnc - 
02-13 18:42:53.588 I/RILC    (  113): qmi_ril(0/113): [main] qmi_ril_nwr_update_reg_rej_legacy qmi_ril_nwr_update_reg_rej_legacy completed
02-13 18:42:53.588 I/RILC    (  113): qmi_ril(0/113): [main] qcril_qmi_nas_fetch_serving_system_info qcril_qmi_nas_fetch_serving_system_info res 0 
02-13 18:42:53.588 I/RILC    (  113): qmi_ril(0/113): [main] qcril_qmi_util_convert_qmi_response_codes_to_ril_result_ex qcril_qmi_util_convert_qmi_response_codes_to_ril_result_ex ctx check 0
02-13 18:42:53.588 I/RILC    (  113): qmi_ril(0/113): [main] qcril_qmi_nas_update_voice_rte qcril_qmi_nas_update_voice_rte entered
02-13 18:42:53.588 I/RILC    (  113): qmi_ril(0/113): [main] qcril_qmi_nas_util_convert_nas_srv_status_to_ril_reg_status  qcril_qmi_nas_util_convert_nas_srv_status_to_ril_reg_status entered
02-13 18:42:53.588 D/RILC    (  113): qmi_ril(0/113): [main] qcril_qmi_util_retrieve_srv_status qcril_qmi_util_retrieve_srv_status completed with 2
02-13 18:42:53.588 I/RILC    (  113): qmi_ril(0/113): [main] qcril_qmi_nas_util_convert_nas_srv_status_to_ril_reg_status ... nas_srv_status 2, is_data 0, is_3gpp 0, is_hdr 0
02-13 18:42:53.588 I/RILC    (  113): qmi_ril(0/113): [main] qcril_qmi_nas_util_convert_nas_srv_status_to_ril_reg_status ... intermediate res 1 5
02-13 18:42:53.588 I/RILC    (  113): qmi_ril(0/113): [main] qcril_qmi_nas_util_convert_nas_srv_status_to_ril_reg_status ... common_sys_info 115424
02-13 18:42:53.588 I/RILC    (  113): qmi_ril(0/113): [main] qcril_qmi_nas_util_convert_nas_srv_status_to_ril_reg_status ... srv_capability_valid, srv_capability 1, 3
02-13 18:42:53.588 I/RILC    (  113): qmi_ril(0/113): [main] qcril_qmi_nas_util_convert_nas_srv_status_to_ril_reg_status ... srv_domain_valid, srv_domain 1, 3
02-13 18:42:53.588 I/RILC    (  113): qmi_ril(0/113): [main] qcril_qmi_nas_util_convert_nas_srv_status_to_ril_reg_status ... intermediate res 2 5
02-13 18:42:53.588 I/RILC    (  113): qmi_ril(0/113): [main] qcril_qmi_nas_util_convert_nas_srv_status_to_ril_reg_status ... hdr_only_sys_info 0
02-13 18:42:53.588 I/RILC    (  113): qmi_ril(0/113): [main] qcril_qmi_nas_util_convert_nas_srv_status_to_ril_reg_status ... intermediate res 3 5
02-13 18:42:53.588 I/RILC    (  113): qmi_ril(0/113): [main] qcril_qmi_nas_util_convert_nas_srv_status_to_ril_reg_status ... is_sys_forbidden_valid, is_sys_forbidden 1, 0
02-13 18:42:53.588 I/RILC    (  113): qmi_ril(0/113): [main] qcril_qmi_nas_util_convert_nas_srv_status_to_ril_reg_status qcril_qmi_nas_util_convert_nas_srv_status_to_ril_reg_status complete with 5
02-13 18:42:53.588 I/RILC    (  113): qmi_ril(0/113): [main] qcril_qmi_nas_util_convert_nas_srv_status_to_ril_reg_status  qcril_qmi_nas_util_convert_nas_srv_status_to_ril_reg_status entered
02-13 18:42:53.588 D/RILC    (  113): qmi_ril(0/113): [main] qcril_qmi_util_retrieve_srv_status qcril_qmi_util_retrieve_srv_status completed with 2
02-13 18:42:53.588 I/RILC    (  113): qmi_ril(0/113): [main] qcril_qmi_nas_util_convert_nas_srv_status_to_ril_reg_status ... nas_srv_status 2, is_data 1, is_3gpp 0, is_hdr 1
02-13 18:42:53.588 I/RILC    (  113): qmi_ril(0/113): [main] qcril_qmi_nas_util_convert_nas_srv_status_to_ril_reg_status ... intermediate res 1 1
02-13 18:42:53.588 I/RILC    (  113): qmi_ril(0/113): [main] qcril_qmi_nas_util_convert_nas_srv_status_to_ril_reg_status ... common_sys_info 87976
02-13 18:42:53.588 I/RILC    (  113): qmi_ril(0/113): [main] qcril_qmi_nas_util_convert_nas_srv_status_to_ril_reg_status ... srv_capability_valid, srv_capability 1, 2
02-13 18:42:53.588 I/RILC    (  113): qmi_ril(0/113): [main] qcril_qmi_nas_util_convert_nas_srv_status_to_ril_reg_status ... srv_domain_valid, srv_domain 1, 2
02-13 18:42:53.588 I/RILC    (  113): qmi_ril(0/113): [main] qcril_qmi_nas_util_convert_nas_srv_status_to_ril_reg_status ... intermediate res 2 1
02-13 18:42:53.588 I/RILC    (  113): qmi_ril(0/113): [main] qcril_qmi_nas_util_convert_nas_srv_status_to_ril_reg_status ... hdr_only_sys_info 88008
02-13 18:42:53.588 I/RILC    (  113): qmi_ril(0/113): [main] qcril_qmi_nas_util_convert_nas_srv_status_to_ril_reg_status ... hdr_active_prot_valid, hdr_personality_valid 1, 1
02-13 18:42:53.588 I/RILC    (  113): qmi_ril(0/113): [main] qcril_qmi_nas_util_convert_nas_srv_status_to_ril_reg_status ... intermediate res 3 1
02-13 18:42:53.588 I/RILC    (  113): qmi_ril(0/113): [main] qcril_qmi_nas_util_convert_nas_srv_status_to_ril_reg_status ... is_sys_forbidden_valid, is_sys_forbidden 1, 0
02-13 18:42:53.588 I/RILC    (  113): qmi_ril(0/113): [main] qcril_qmi_nas_util_convert_nas_srv_status_to_ril_reg_status qcril_qmi_nas_util_convert_nas_srv_status_to_ril_reg_status complete with 1
02-13 18:42:53.588 I/RILC    (  113): qmi_ril(0/113): [main] qcril_qmi_nas_update_voice_rte .. 1x reg 5
02-13 18:42:53.588 I/RILC    (  113): qmi_ril(0/113): [main] qcril_qmi_nas_update_voice_rte .. gsm reg 0
02-13 18:42:53.588 I/RILC    (  113): qmi_ril(0/113): [main] qcril_qmi_nas_update_voice_rte .. wcdma reg 0
02-13 18:42:53.588 I/RILC    (  113): qmi_ril(0/113): [main] qcril_qmi_nas_update_voice_rte .. lte reg 0
02-13 18:42:53.588 I/RILC    (  113): qmi_ril(0/113): [main] qcril_qmi_nas_update_voice_rte .. hdr reg 1
02-13 18:42:53.588 I/RILC    (  113): qmi_ril(0/113): [main] qcril_qmi_nas_update_voice_rte qcril_qmi_nas_update_voice_rte completed, new vrte 1
02-13 18:42:53.588 I/RILC    (  113): qmi_ril(0/113): [main] qcril_qmi_voice_technology_updated qcril_qmi_voice_technology_updated entered
02-13 18:42:53.588 I/RILC    (  113): qmi_ril(0/113): [main] qcril_qmi_voice_technology_updated ..nas_cached_info.serving_system valid 1
02-13 18:42:53.588 I/RILC    (  113): qmi_ril(0/113): [main] qcril_qmi_voice_technology_updated .. selected NW 1
02-13 18:42:53.588 I/RILC    (  113): qmi_ril(0/113): [main] qcril_qmi_voice_technology_updated .. NW state 1
02-13 18:42:53.588 I/RILC    (  113): qmi_ril(0/113): [main] qcril_qmi_mgr_voice_technology_updated qcril_qmi_mgr_voice_technology_updated entered
02-13 18:42:53.588 I/RILC    (  113): qmi_ril(0/113): [main] qcril_qmi_mgr_voice_technology_updated qcril_qmi_mgr_voice_technology_updated left 2
02-13 18:42:53.588 I/RILC    (  113): qmi_ril(0/113): [main] qcril_qmi_voice_technology_updated qcril_qmi_voice_technology_updated completed for 2
02-13 18:42:53.588 I/RILC    (  113): qmi_ril(0/113): [main] qmi_ril_nwr_update_reg_rej_from_sys_info qmi_ril_nwr_update_reg_rej_from_sys_info entered
02-13 18:42:53.588 I/RILC    (  113): qmi_ril(0/113): [main] qcril_qmi_nas_util_convert_nas_srv_status_to_ril_reg_status  qcril_qmi_nas_util_convert_nas_srv_status_to_ril_reg_status entered
02-13 18:42:53.588 D/RILC    (  113): qmi_ril(0/113): [main] qcril_qmi_util_retrieve_srv_status qcril_qmi_util_retrieve_srv_status completed with 2
02-13 18:42:53.588 I/RILC    (  113): qmi_ril(0/113): [main] qcril_qmi_nas_util_convert_nas_srv_status_to_ril_reg_status ... nas_srv_status 2, is_data 0, is_3gpp 0, is_hdr 0
02-13 18:42:53.588 I/RILC    (  113): qmi_ril(0/113): [main] qcril_qmi_nas_util_convert_nas_srv_status_to_ril_reg_status ... intermediate res 1 5
02-13 18:42:53.588 I/RILC    (  113): qmi_ril(0/113): [main] qcril_qmi_nas_util_convert_nas_srv_status_to_ril_reg_status ... common_sys_info 115424
02-13 18:42:53.588 I/RILC    (  113): qmi_ril(0/113): [main] qcril_qmi_nas_util_convert_nas_srv_status_to_ril_reg_status ... srv_capability_valid, srv_capability 1, 3
02-13 18:42:53.588 I/RILC    (  113): qmi_ril(0/113): [main] qcril_qmi_nas_util_convert_nas_srv_status_to_ril_reg_status ... srv_domain_valid, srv_domain 1, 3
02-13 18:42:53.588 I/RILC    (  113): qmi_ril(0/113): [main] qcril_qmi_nas_util_convert_nas_srv_status_to_ril_reg_status ... intermediate res 2 5
02-13 18:42:53.588 I/RILC    (  113): qmi_ril(0/113): [main] qcril_qmi_nas_util_convert_nas_srv_status_to_ril_reg_status ... hdr_only_sys_info 0
02-13 18:42:53.588 I/RILC    (  113): qmi_ril(0/113): [main] qcril_qmi_nas_util_convert_nas_srv_status_to_ril_reg_status ... intermediate res 3 5
02-13 18:42:53.588 I/RILC    (  113): qmi_ril(0/113): [main] qcril_qmi_nas_util_convert_nas_srv_status_to_ril_reg_status ... is_sys_forbidden_valid, is_sys_forbidden 1, 0
02-13 18:42:53.588 I/RILC    (  113): qmi_ril(0/113): [main] qcril_qmi_nas_util_convert_nas_srv_status_to_ril_reg_status qcril_qmi_nas_util_convert_nas_srv_status_to_ril_reg_status complete with 5
02-13 18:42:53.588 I/RILC    (  113): qmi_ril(0/113): [main] qcril_qmi_nas_util_convert_nas_srv_status_to_ril_reg_status  qcril_qmi_nas_util_convert_nas_srv_status_to_ril_reg_status entered
02-13 18:42:53.588 D/RILC    (  113): qmi_ril(0/113): [main] qcril_qmi_util_retrieve_srv_status qcril_qmi_util_retrieve_srv_status completed with 2
02-13 18:42:53.588 I/RILC    (  113): qmi_ril(0/113): [main] qcril_qmi_nas_util_convert_nas_srv_status_to_ril_reg_status ... nas_srv_status 2, is_data 0, is_3gpp 0, is_hdr 1
02-13 18:42:53.588 I/RILC    (  113): qmi_ril(0/113): [main] qcril_qmi_nas_util_convert_nas_srv_status_to_ril_reg_status ... intermediate res 1 1
02-13 18:42:53.588 I/RILC    (  113): qmi_ril(0/113): [main] qcril_qmi_nas_util_convert_nas_srv_status_to_ril_reg_status ... common_sys_info 87976
02-13 18:42:53.588 I/RILC    (  113): qmi_ril(0/113): [main] qcril_qmi_nas_util_convert_nas_srv_status_to_ril_reg_status ... srv_capability_valid, srv_capability 1, 2
02-13 18:42:53.588 I/RILC    (  113): qmi_ril(0/113): [main] qcril_qmi_nas_util_convert_nas_srv_status_to_ril_reg_status ... srv_domain_valid, srv_domain 1, 2
02-13 18:42:53.588 I/RILC    (  113): qmi_ril(0/113): [main] qcril_qmi_nas_util_convert_nas_srv_status_to_ril_reg_status ... intermediate res 2 0
02-13 18:42:53.588 I/RILC    (  113): qmi_ril(0/113): [main] qcril_qmi_nas_util_convert_nas_srv_status_to_ril_reg_status ... hdr_only_sys_info 88008
02-13 18:42:53.588 I/RILC    (  113): qmi_ril(0/113): [main] qcril_qmi_nas_util_convert_nas_srv_status_to_ril_reg_status ... intermediate res 3 0
02-13 18:42:53.588 I/RILC    (  113): qmi_ril(0/113): [main] qcril_qmi_nas_util_convert_nas_srv_status_to_ril_reg_status ... is_sys_forbidden_valid, is_sys_forbidden 1, 0
02-13 18:42:53.588 I/RILC    (  113): qmi_ril(0/113): [main] qcril_qmi_nas_util_convert_nas_srv_status_to_ril_reg_status qcril_qmi_nas_util_convert_nas_srv_status_to_ril_reg_status complete with 0
02-13 18:42:53.588 I/RILC    (  113): qmi_ril(0/113): [main] qmi_ril_nwr_update_reg_rej_from_sys_info .. 1x reg 5
02-13 18:42:53.588 I/RILC    (  113): qmi_ril(0/113): [main] qmi_ril_nwr_update_reg_rej_from_sys_info .. gsm reg 0
02-13 18:42:53.588 I/RILC    (  113): qmi_ril(0/113): [main] qmi_ril_nwr_update_reg_rej_from_sys_info .. wcdma reg 0
02-13 18:42:53.588 I/RILC    (  113): qmi_ril(0/113): [main] qmi_ril_nwr_update_reg_rej_from_sys_info .. lte reg 0
02-13 18:42:53.588 I/RILC    (  113): qmi_ril(0/113): [main] qmi_ril_nwr_update_reg_rej_from_sys_info .. hdr reg 0
02-13 18:42:53.588 I/RILC    (  113): qmi_ril(0/113): [main] qmi_ril_nwr_update_reg_rej_from_sys_info .. ext info is_reject_case 0, is_managed_roaming 0, reject_cause 0
02-13 18:42:53.588 I/RILC    (  113): qmi_ril(0/113): [main] qmi_ril_nwr_update_reg_rej_from_sys_info .. rte 1 reje CS cs_rejected 0
02-13 18:42:53.588 I/RILC    (  113): qmi_ril(0/113): [main] qmi_ril_nwr_update_reg_rej_from_sys_info .. rte 1 reje CS cs_reject_cause 0
02-13 18:42:53.588 I/RILC    (  113): qmi_ril(0/113): [main] qmi_ril_nwr_util_log_mccmnc_str .. reje mcc - 
02-13 18:42:53.588 I/RILC    (  113): qmi_ril(0/113): [main] qmi_ril_nwr_util_log_mccmnc_str .. reje mnc - 
02-13 18:42:53.588 I/RILC    (  113): qmi_ril(0/113): [main] qmi_ril_nwr_update_reg_rej_from_sys_info .. ext info is_reject_case 0, is_managed_roaming 0, reject_cause 0
02-13 18:42:53.588 I/RILC    (  113): qmi_ril(0/113): [main] qmi_ril_nwr_update_reg_rej_from_sys_info .. rte 2 reje CS cs_rejected 0
02-13 18:42:53.588 I/RILC    (  113): qmi_ril(0/113): [main] qmi_ril_nwr_update_reg_rej_from_sys_info .. rte 2 reje CS cs_reject_cause 0
02-13 18:42:53.588 I/RILC    (  113): qmi_ril(0/113): [main] qmi_ril_nwr_util_log_mccmnc_str .. reje mcc - 
02-13 18:42:53.588 I/RILC    (  113): qmi_ril(0/113): [main] qmi_ril_nwr_util_log_mccmnc_str .. reje mnc - 
02-13 18:42:53.588 I/RILC    (  113): qmi_ril(0/113): [main] qmi_ril_nwr_update_reg_rej_from_sys_info .. ext info is_reject_case 0, is_managed_roaming 0, reject_cause 0
02-13 18:42:53.588 I/RILC    (  113): qmi_ril(0/113): [main] qmi_ril_nwr_update_reg_rej_from_sys_info .. rte 3 reje CS cs_rejected 0
02-13 18:42:53.588 I/RILC    (  113): qmi_ril(0/113): [main] qmi_ril_nwr_update_reg_rej_from_sys_info .. rte 3 reje CS cs_reject_cause 0
02-13 18:42:53.588 I/RILC    (  113): qmi_ril(0/113): [main] qmi_ril_nwr_util_log_mccmnc_str .. reje mcc - 
02-13 18:42:53.588 I/RILC    (  113): qmi_ril(0/113): [main] qmi_ril_nwr_util_log_mccmnc_str .. reje mnc - 
02-13 18:42:53.588 I/RILC    (  113): qmi_ril(0/113): [main] qmi_ril_nwr_update_reg_rej_from_sys_info .. ext info is_reject_case 0, is_managed_roaming 0, reject_cause 0
02-13 18:42:53.588 I/RILC    (  113): qmi_ril(0/113): [main] qmi_ril_nwr_update_reg_rej_from_sys_info .. rte 4 reje CS cs_rejected 0
02-13 18:42:53.588 I/RILC    (  113): qmi_ril(0/113): [main] qmi_ril_nwr_update_reg_rej_from_sys_info .. rte 4 reje CS cs_reject_cause 0
02-13 18:42:53.588 I/RILC    (  113): qmi_ril(0/113): [main] qmi_ril_nwr_util_log_mccmnc_str .. reje mcc - 
02-13 18:42:53.588 I/RILC    (  113): qmi_ril(0/113): [main] qmi_ril_nwr_util_log_mccmnc_str .. reje mnc - 
02-13 18:42:53.588 I/RILC    (  113): qmi_ril(0/113): [main] qmi_ril_nwr_update_reg_rej_from_sys_info .. ext info is_reject_case 0, is_managed_roaming 0, reject_cause 0
02-13 18:42:53.588 I/RILC    (  113): qmi_ril(0/113): [main] qmi_ril_nwr_update_reg_rej_from_sys_info .. rte 5 reje CS cs_rejected 0
02-13 18:42:53.588 I/RILC    (  113): qmi_ril(0/113): [main] qmi_ril_nwr_update_reg_rej_from_sys_info .. rte 5 reje CS cs_reject_cause 0
02-13 18:42:53.588 I/RILC    (  113): qmi_ril(0/113): [main] qmi_ril_nwr_util_log_mccmnc_str .. reje mcc - 
02-13 18:42:53.588 I/RILC    (  113): qmi_ril(0/113): [main] qmi_ril_nwr_util_log_mccmnc_str .. reje mnc - 
02-13 18:42:53.588 I/RILC    (  113): qmi_ril(0/113): [main] qcril_qmi_nas_util_convert_nas_srv_status_to_ril_reg_status  qcril_qmi_nas_util_convert_nas_srv_status_to_ril_reg_status entered
02-13 18:42:53.588 D/RILC    (  113): qmi_ril(0/113): [main] qcril_qmi_util_retrieve_srv_status qcril_qmi_util_retrieve_srv_status completed with 2
02-13 18:42:53.588 I/RILC    (  113): qmi_ril(0/113): [main] qcril_qmi_nas_util_convert_nas_srv_status_to_ril_reg_status ... nas_srv_status 2, is_data 1, is_3gpp 0, is_hdr 0
02-13 18:42:53.588 I/RILC    (  113): qmi_ril(0/113): [main] qcril_qmi_nas_util_convert_nas_srv_status_to_ril_reg_status ... intermediate res 1 5
02-13 18:42:53.588 I/RILC    (  113): qmi_ril(0/113): [main] qcril_qmi_nas_util_convert_nas_srv_status_to_ril_reg_status ... common_sys_info 115424
02-13 18:42:53.588 I/RILC    (  113): qmi_ril(0/113): [main] qcril_qmi_nas_util_convert_nas_srv_status_to_ril_reg_status ... srv_capability_valid, srv_capability 1, 3
02-13 18:42:53.588 I/RILC    (  113): qmi_ril(0/113): [main] qcril_qmi_nas_util_convert_nas_srv_status_to_ril_reg_status ... srv_domain_valid, srv_domain 1, 3
02-13 18:42:53.588 I/RILC    (  113): qmi_ril(0/113): [main] qcril_qmi_nas_util_convert_nas_srv_status_to_ril_reg_status ... intermediate res 2 5
02-13 18:42:53.588 I/RILC    (  113): qmi_ril(0/113): [main] qcril_qmi_nas_util_convert_nas_srv_status_to_ril_reg_status ... hdr_only_sys_info 0
02-13 18:42:53.588 I/RILC    (  113): qmi_ril(0/113): [main] qcril_qmi_nas_util_convert_nas_srv_status_to_ril_reg_status ... intermediate res 3 5
02-13 18:42:53.588 I/RILC    (  113): qmi_ril(0/113): [main] qcril_qmi_nas_util_convert_nas_srv_status_to_ril_reg_status ... is_sys_forbidden_valid, is_sys_forbidden 1, 0
02-13 18:42:53.588 I/RILC    (  113): qmi_ril(0/113): [main] qcril_qmi_nas_util_convert_nas_srv_status_to_ril_reg_status qcril_qmi_nas_util_convert_nas_srv_status_to_ril_reg_status complete with 5
02-13 18:42:53.588 I/RILC    (  113): qmi_ril(0/113): [main] qcril_qmi_nas_util_convert_nas_srv_status_to_ril_reg_status  qcril_qmi_nas_util_convert_nas_srv_status_to_ril_reg_status entered
02-13 18:42:53.588 D/RILC    (  113): qmi_ril(0/113): [main] qcril_qmi_util_retrieve_srv_status qcril_qmi_util_retrieve_srv_status completed with 2
02-13 18:42:53.588 I/RILC    (  113): qmi_ril(0/113): [main] qcril_qmi_nas_util_convert_nas_srv_status_to_ril_reg_status ... nas_srv_status 2, is_data 1, is_3gpp 0, is_hdr 1
02-13 18:42:53.588 I/RILC    (  113): qmi_ril(0/113): [main] qcril_qmi_nas_util_convert_nas_srv_status_to_ril_reg_status ... intermediate res 1 1
02-13 18:42:53.588 I/RILC    (  113): qmi_ril(0/113): [main] qcril_qmi_nas_util_convert_nas_srv_status_to_ril_reg_status ... common_sys_info 87976
02-13 18:42:53.588 I/RILC    (  113): qmi_ril(0/113): [main] qcril_qmi_nas_util_convert_nas_srv_status_to_ril_reg_status ... srv_capability_valid, srv_capability 1, 2
02-13 18:42:53.588 I/RILC    (  113): qmi_ril(0/113): [main] qcril_qmi_nas_util_convert_nas_srv_status_to_ril_reg_status ... srv_domain_valid, srv_domain 1, 2
02-13 18:42:53.588 I/RILC    (  113): qmi_ril(0/113): [main] qcril_qmi_nas_util_convert_nas_srv_status_to_ril_reg_status ... intermediate res 2 1
02-13 18:42:53.588 I/RILC    (  113): qmi_ril(0/113): [main] qcril_qmi_nas_util_convert_nas_srv_status_to_ril_reg_status ... hdr_only_sys_info 88008
02-13 18:42:53.588 I/RILC    (  113): qmi_ril(0/113): [main] qcril_qmi_nas_util_convert_nas_srv_status_to_ril_reg_status ... hdr_active_prot_valid, hdr_personality_valid 1, 1
02-13 18:42:53.588 I/RILC    (  113): qmi_ril(0/113): [main] qcril_qmi_nas_util_convert_nas_srv_status_to_ril_reg_status ... intermediate res 3 1
02-13 18:42:53.588 I/RILC    (  113): qmi_ril(0/113): [main] qcril_qmi_nas_util_convert_nas_srv_status_to_ril_reg_status ... is_sys_forbidden_valid, is_sys_forbidden 1, 0
02-13 18:42:53.588 I/RILC    (  113): qmi_ril(0/113): [main] qcril_qmi_nas_util_convert_nas_srv_status_to_ril_reg_status qcril_qmi_nas_util_convert_nas_srv_status_to_ril_reg_status complete with 1
02-13 18:42:53.588 I/RILC    (  113): qmi_ril(0/113): [main] qmi_ril_nwr_update_reg_rej_from_sys_info .. 1x reg data 5
02-13 18:42:53.588 I/RILC    (  113): qmi_ril(0/113): [main] qmi_ril_nwr_update_reg_rej_from_sys_info .. gsm reg data 0
02-13 18:42:53.588 I/RILC    (  113): qmi_ril(0/113): [main] qmi_ril_nwr_update_reg_rej_from_sys_info .. wcdma reg data  0
02-13 18:42:53.588 I/RILC    (  113): qmi_ril(0/113): [main] qmi_ril_nwr_update_reg_rej_from_sys_info .. lte reg data 0
02-13 18:42:53.588 I/RILC    (  113): qmi_ril(0/113): [main] qmi_ril_nwr_update_reg_rej_from_sys_info .. hdr reg data 1
02-13 18:42:53.588 I/RILC    (  113): qmi_ril(0/113): [main] qmi_ril_nwr_update_reg_rej_from_sys_info .. rte 1 reje PS ps_rejected 0
02-13 18:42:53.588 I/RILC    (  113): qmi_ril(0/113): [main] qmi_ril_nwr_update_reg_rej_from_sys_info .. rte 1 reje PS ps_reject_cause 0
02-13 18:42:53.588 I/RILC    (  113): qmi_ril(0/113): [main] qmi_ril_nwr_util_log_mccmnc_str .. data reje mcc - 
02-13 18:42:53.588 I/RILC    (  113): qmi_ril(0/113): [main] qmi_ril_nwr_util_log_mccmnc_str .. data reje mnc - 
02-13 18:42:53.588 I/RILC    (  113): qmi_ril(0/113): [main] qmi_ril_nwr_update_reg_rej_from_sys_info .. rte 2 reje PS ps_rejected 0
02-13 18:42:53.588 I/RILC    (  113): qmi_ril(0/113): [main] qmi_ril_nwr_update_reg_rej_from_sys_info .. rte 2 reje PS ps_reject_cause 0
02-13 18:42:53.588 I/RILC    (  113): qmi_ril(0/113): [main] qmi_ril_nwr_util_log_mccmnc_str .. data reje mcc - 
02-13 18:42:53.588 I/RILC    (  113): qmi_ril(0/113): [main] qmi_ril_nwr_util_log_mccmnc_str .. data reje mnc - 
02-13 18:42:53.588 I/RILC    (  113): qmi_ril(0/113): [main] qmi_ril_nwr_update_reg_rej_from_sys_info .. rte 3 reje PS ps_rejected 0
02-13 18:42:53.588 I/RILC    (  113): qmi_ril(0/113): [main] qmi_ril_nwr_update_reg_rej_from_sys_info .. rte 3 reje PS ps_reject_cause 0
02-13 18:42:53.588 I/RILC    (  113): qmi_ril(0/113): [main] qmi_ril_nwr_util_log_mccmnc_str .. data reje mcc - 
02-13 18:42:53.588 I/RILC    (  113): qmi_ril(0/113): [main] qmi_ril_nwr_util_log_mccmnc_str .. data reje mnc - 
02-13 18:42:53.588 I/RILC    (  113): qmi_ril(0/113): [main] qmi_ril_nwr_update_reg_rej_from_sys_info .. rte 4 reje PS ps_rejected 0
02-13 18:42:53.588 I/RILC    (  113): qmi_ril(0/113): [main] qmi_ril_nwr_update_reg_rej_from_sys_info .. rte 4 reje PS ps_reject_cause 0
02-13 18:42:53.588 I/RILC    (  113): qmi_ril(0/113): [main] qmi_ril_nwr_util_log_mccmnc_str .. data reje mcc - 
02-13 18:42:53.588 I/RILC    (  113): qmi_ril(0/113): [main] qmi_ril_nwr_util_log_mccmnc_str .. data reje mnc - 
02-13 18:42:53.588 I/RILC    (  113): qmi_ril(0/113): [main] qmi_ril_nwr_update_reg_rej_from_sys_info .. rte 5 reje PS ps_rejected 0
02-13 18:42:53.588 I/RILC    (  113): qmi_ril(0/113): [main] qmi_ril_nwr_update_reg_rej_from_sys_info .. rte 5 reje PS ps_reject_cause 0
02-13 18:42:53.588 I/RILC    (  113): qmi_ril(0/113): [main] qmi_ril_nwr_util_log_mccmnc_str .. data reje mcc - 
02-13 18:42:53.588 I/RILC    (  113): qmi_ril(0/113): [main] qmi_ril_nwr_util_log_mccmnc_str .. data reje mnc - 
02-13 18:42:53.588 I/RILC    (  113): qmi_ril(0/113): [main] qmi_ril_nwr_update_reg_rej_from_sys_info qmi_ril_nwr_update_reg_rej_from_sys_info completed
02-13 18:42:53.588 I/RILC    (  113): qmi_ril(0/113): [main] qcril_qmi_nas_fetch_sys_info qcril_qmi_nas_fetch_sys_info res 0 
02-13 18:42:53.588 I/RILC    (  113): qmi_ril(0/113): [main] qcril_qmi_nas_request_registration_state qcril_qmi_nas_request_registration_state forming response
02-13 18:42:53.588 I/RILC    (  113): qmi_ril(0/113): [main] qcril_qmi_nas_request_registration_state ***zyj*** qcril_qmi_nas_request_registration_state nas_cached_info.serving_system->registration_state=1
02-13 18:42:53.588 I/RILC    (  113): qmi_ril(0/113): [main] qcril_qmi_nas_request_registration_state pre - cur reg state 1
02-13 18:42:53.588 I/RILC    (  113): qmi_ril(0/113): [main] qcril_qmi_nas_request_registration_state qcril_qmi_nas_request_registration_state cur reg state 1
02-13 18:42:53.588 I/RILC    (  113): qmi_ril(0/113): [main] qcril_qmi_nas_is_in_service_of_technology qcril_qmi_nas_is_in_service_of_technology entered
02-13 18:42:53.588 I/RILC    (  113): qmi_ril(0/113): [main] qcril_qmi_nas_is_in_service_of_technology qcril_qmi_nas_is_in_service_of_technology completed with 0
02-13 18:42:53.588 I/RILC    (  113): qmi_ril(0/113): [main] qcril_qmi_nas_is_in_service_of_technology qcril_qmi_nas_is_in_service_of_technology entered
02-13 18:42:53.588 I/RILC    (  113): qmi_ril(0/113): [main] qcril_qmi_nas_is_in_service_of_technology qcril_qmi_nas_is_in_service_of_technology completed with 0
02-13 18:42:53.588 I/RILC    (  113): qmi_ril(0/113): [main] qcril_qmi_nas_request_registration_state .. cdma p_rev valid 1
02-13 18:42:53.588 I/RILC    (  113): qmi_ril(0/113): [main] qcril_qmi_nas_request_registration_state .. cdma p_rev 6
02-13 18:42:53.588 I/RILC    (  113): qmi_ril(0/113): [main] qcril_qmi_nas_is_in_service_of_technology qcril_qmi_nas_is_in_service_of_technology entered
02-13 18:42:53.588 I/RILC    (  113): qmi_ril(0/113): [main] qcril_qmi_nas_is_in_service_of_technology qcril_qmi_nas_is_in_service_of_technology completed with 1
02-13 18:42:53.588 I/RILC    (  113): qmi_ril(0/113): [main] qcril_qmi_nas_request_registration_state .. rg 0 - 1
02-13 18:42:53.588 I/RILC    (  113): qmi_ril(0/113): [main] qcril_qmi_nas_request_registration_state .. rg 1 - 
02-13 18:42:53.588 I/RILC    (  113): qmi_ril(0/113): [main] qcril_qmi_nas_request_registration_state .. rg 2 - 
02-13 18:42:53.588 I/RILC    (  113): qmi_ril(0/113): [main] qcril_qmi_nas_request_registration_state .. rg 3 - 6
02-13 18:42:53.588 I/RILC    (  113): qmi_ril(0/113): [main] qcril_qmi_nas_request_registration_state .. rg 4 - 2961
02-13 18:42:53.588 I/RILC    (  113): qmi_ril(0/113): [main] qcril_qmi_nas_request_registration_state .. rg 5 - 560020
02-13 18:42:53.588 I/RILC    (  113): qmi_ril(0/113): [main] qcril_qmi_nas_request_registration_state .. rg 6 - -1363633
02-13 18:42:53.588 I/RILC    (  113): qmi_ril(0/113): [main] qcril_qmi_nas_request_registration_state .. rg 7 - 0
02-13 18:42:53.588 I/RILC    (  113): qmi_ril(0/113): [main] qcril_qmi_nas_request_registration_state .. rg 8 - 4139
02-13 18:42:53.588 I/RILC    (  113): qmi_ril(0/113): [main] qcril_qmi_nas_request_registration_state .. rg 9 - 41
02-13 18:42:53.588 I/RILC    (  113): qmi_ril(0/113): [main] qcril_qmi_nas_request_registration_state .. rg 10 - 1
02-13 18:42:53.588 I/RILC    (  113): qmi_ril(0/113): [main] qcril_qmi_nas_request_registration_state .. rg 11 - 1
02-13 18:42:53.588 I/RILC    (  113): qmi_ril(0/113): [main] qcril_qmi_nas_request_registration_state .. rg 12 - 160
02-13 18:42:53.588 I/RILC    (  113): qmi_ril(0/113): [main] qcril_qmi_nas_request_registration_state .. rg 13 - 0
02-13 18:42:53.588 I/RILC    (  113): qmi_ril(0/113): [main] qcril_qmi_nas_request_registration_state .. rg 14 - 0
02-13 18:42:53.588 I/RILC    (  113): qmi_ril(0/113): [main] qcril_reqlist_find [RID 0] Not found ReqList entry : token id 81
02-13 18:42:53.588 D/RILC    (  113): qmi_ril(0/113): [main] qcril_send_request_response UI <--- RIL_REQUEST_REGISTRATION_STATE (20) Complete --- RIL [RID 0, Token 81, Success, Len 60 ]
02-13 18:42:53.588 D/RILJ    (  337): [0081]< REGISTRATION_STATE {1,null,null,6,2961,560020,-1363633,0,4139,41,1,1,160,0,0}
02-13 18:42:53.588 D/CDMA    (  337): [CdmaServiceStateTracker] ***zyj*** roamingstaus:1
02-13 18:42:53.588 D/CDMA    (  337): [CdmaServiceStateTracker] ***zyj*** namMatch && mIsInPrll
02-13 18:42:53.588 D/CDMA    (  337): [CdmaServiceStateTracker] ***zyj*** ind <=2 set ind off
02-13 18:42:53.588 D/CDMA    (  337): [CdmaServiceStateTracker] Set CDMA Roaming Indicator to: 1. mCdmaRoaming = false, isPrlLoaded = true. namMatch = true , mIsInPrl = true, mRoamingIndicator = 1, mDefaultRoamingIndicator= 160
02-13 18:42:53.588 D/CDMA    (  337): [CdmaServiceStateTracker] Poll ServiceState done: oldSS=[0 home Sprint  310099  1xRTT CSS not supported 41 4139RoamInd: 1RoamStatus(sprint): 1DefRoamInd: 160EmergOnly: false] newSS=[0 home null  310099  1xRTT CSS not supported 41 4139RoamInd: 1RoamStatus(sprint): 1DefRoamInd: 160EmergOnly: false]
02-13 18:42:53.598 I/RILC    (  113): qmi_ril(0/113): [main] qcril_qmi_nas_request_registration_state .. need to report cs/ps bar 0
02-13 18:42:53.598 I/RILC    (  113): qmi_ril(0/113): [main] qcril_qmi_nas_request_registration_state qcril_qmi_nas_request_registration_state completed with 0
02-13 18:42:53.598 D/RILC    (  113): qmi_ril(0/113): [main] onRequest UI --- RIL_REQUEST_DATA_REGISTRATION_STATE (21) ---> RIL [RID 0, token id 82, data len 0]
02-13 18:42:53.598 I/RILC    (  113): qmi_ril(0/113): [main] qcril_qmi_nas_request_data_registration_state qcril_qmi_nas_request_data_registration_state entered
02-13 18:42:53.598 I/RILC    (  113): qmi_ril(0/113): [main] qcril_qmi_nas_is_in_service_of_technology qcril_qmi_nas_is_in_service_of_technology entered
02-13 18:42:53.598 I/RILC    (  113): qmi_ril(0/113): [main] qcril_qmi_nas_is_in_service_of_technology qcril_qmi_nas_is_in_service_of_technology completed with 0
02-13 18:42:53.598 I/RILC    (  113): qmi_ril(0/113): [main] qcril_qmi_nas_is_in_service_of_technology qcril_qmi_nas_is_in_service_of_technology entered
02-13 18:42:53.598 I/RILC    (  113): qmi_ril(0/113): [main] qcril_qmi_nas_is_in_service_of_technology qcril_qmi_nas_is_in_service_of_technology completed with 1
02-13 18:42:53.598 I/RILC    (  113): qmi_ril(0/113): [main] qcril_qmi_nas_request_data_registration_state  ... QMI NAS reg_state 1
02-13 18:42:53.598 I/RILC    (  113): qmi_ril(0/113): [main] qcril_qmi_nas_request_data_registration_state  ... cache valid for data_caps 1
02-13 18:42:53.598 I/RILC    (  113): qmi_ril(0/113): [main] qcril_qmi_nas_request_data_registration_state  ... cache valid for data_caps_len 2
02-13 18:42:53.598 I/RILC    (  113): qmi_ril(0/113): [main] qcril_qmi_nas_request_data_registration_state  ... ps attach state 1
02-13 18:42:53.598 I/RILC    (  113): qmi_ril(0/113): [main] qcril_qmi_nas_request_data_registration_state Xinjingqcril_qmi_nas_request_data_registration_state cur reg state 1
02-13 18:42:53.598 I/RILC    (  113): qmi_ril(0/113): [main] qcril_qmi_nas_request_data_registration_state .. pre  cur reg state 1
02-13 18:42:53.598 I/RILC    (  113): qmi_ril(0/113): [main] qcril_qmi_nas_request_data_registration_state qcril_qmi_nas_request_data_registration_state cur reg state 1
02-13 18:42:53.598 I/RILC    (  113): qmi_ril(0/113): [main] qcril_qmi_nas_is_in_service_of_technology qcril_qmi_nas_is_in_service_of_technology entered
02-13 18:42:53.598 I/RILC    (  113): qmi_ril(0/113): [main] qcril_qmi_nas_is_in_service_of_technology qcril_qmi_nas_is_in_service_of_technology completed with 0
02-13 18:42:53.598 I/RILC    (  113): qmi_ril(0/113): [main] qcril_qmi_nas_is_in_service_of_technology qcril_qmi_nas_is_in_service_of_technology entered
02-13 18:42:53.598 I/RILC    (  113): qmi_ril(0/113): [main] qcril_qmi_nas_is_in_service_of_technology qcril_qmi_nas_is_in_service_of_technology completed with 0
02-13 18:42:53.598 I/RILC    (  113): qmi_ril(0/113): [main] qcril_qmi_nas_request_data_registration_state .. data caps 1, 2
02-13 18:42:53.598 I/RILC    (  113): qmi_ril(0/113): [main] qcril_qmi_nas_request_data_registration_state .. detailed info val 1
02-13 18:42:53.598 I/RILC    (  113): qmi_ril(0/113): [main] qcril_qmi_nas_request_data_registration_state .. detailed info srv_cap 3
02-13 18:42:53.598 I/RILC    (  113): qmi_ril(0/113): [main] qcril_qmi_nas_request_data_registration_state .. legacy data cap 6
02-13 18:42:53.598 I/RILC    (  113): qmi_ril(0/113): [main] qcril_qmi_nas_request_data_registration_state .. final legacy data cap 8
02-13 18:42:53.598 I/RILC    (  113): qmi_ril(0/113): [main] qcril_qmi_nas_request_data_registration_state .. ehrpd adjustment check 8
02-13 18:42:53.598 I/RILC    (  113): qmi_ril(0/113): [main] qcril_qmi_nas_request_data_registration_state .. detailed_service_info val, nas_cached_info.hdr_personality val  1, 1
02-13 18:42:53.598 I/RILC    (  113): qmi_ril(0/113): [main] qcril_qmi_nas_request_data_registration_state .. hdr status, hdr_hybrid  2, 1
02-13 18:42:53.598 I/RILC    (  113): qmi_ril(0/113): [main] qcril_qmi_nas_request_data_registration_state .. hdr_personality check 1
02-13 18:42:53.598 I/RILC    (  113): qmi_ril(0/113): [main] qcril_qmi_nas_request_data_registration_state .. rg 0 - 1
02-13 18:42:53.598 I/RILC    (  113): qmi_ril(0/113): [main] qcril_qmi_nas_request_data_registration_state .. rg 1 - 
02-13 18:42:53.598 I/RILC    (  113): qmi_ril(0/113): [main] qcril_qmi_nas_request_data_registration_state .. rg 2 - 
02-13 18:42:53.598 I/RILC    (  113): qmi_ril(0/113): [main] qcril_qmi_nas_request_data_registration_state .. rg 3 - 8
02-13 18:42:53.598 I/RILC    (  113): qmi_ril(0/113): [main] qcril_qmi_nas_request_data_registration_state .. rg 4 - 0
02-13 18:42:53.598 I/RILC    (  113): qmi_ril(0/113): [main] qcril_qmi_nas_request_data_registration_state .. rg 5 - 20
02-13 18:42:53.598 I/RILC    (  113): qmi_ril(0/113): [main] qcril_reqlist_find [RID 0] Not found ReqList entry : token id 82
02-13 18:42:53.598 D/RILC    (  113): qmi_ril(0/113): [main] qcril_send_request_response UI <--- RIL_REQUEST_DATA_REGISTRATION_STATE (21) Complete --- RIL [RID 0, Token 82, Success, Len 24 ]
02-13 18:42:53.598 D/RILJ    (  337): [0082]< DATA_REGISTRATION_STATE {1,null,null,8,0,20}
02-13 18:42:53.598 I/RILC    (  113): qmi_ril(0/113): [main] qcril_qmi_nas_request_data_registration_state qcril_qmi_nas_request_data_registration_state complete with 0
02-13 18:42:53.598 D/RILC    (  113): qmi_ril(0/113): [main] onRequest UI --- RIL_REQUEST_SCREEN_STATE (61) ---> RIL [RID 0, token id 83, data len 4]
02-13 18:42:53.598 I/RILC    (  113): qmi_ril(0/113): [main] qcril_qmi_nas_request_screen_state qcril_qmi_nas_request_screen_state entered 
02-13 18:42:53.598 I/RILC    (  113): qmi_ril(0/113): [main] qcril_qmi_util_enable_networking_indications qcril_qmi_util_enable_networking_indications, param 0 
02-13 18:42:53.609 I/RILC    (  113): qmi_ril(0/113): [main] qcril_qmi_util_convert_qmi_response_codes_to_ril_result_ex qcril_qmi_util_convert_qmi_response_codes_to_ril_result_ex ctx check 0
02-13 18:42:53.609 I/RILC    (  113): qmi_ril(0/113): [main] qcril_qmi_util_enable_networking_indications .. requested nas event report 0, 0
02-13 18:42:53.609 I/RILC    (  113): qmi_ril(0/113): [main] qcril_qmi_util_convert_qmi_response_codes_to_ril_result_ex qcril_qmi_util_convert_qmi_response_codes_to_ril_result_ex ctx check 0
02-13 18:42:53.609 I/RILC    (  113): qmi_ril(0/113): [main] qcril_qmi_util_enable_networking_indications .. requested nas indication reports 0, 0
02-13 18:42:53.609 I/RILC    (  113): qmi_ril(0/113): [main] qcril_qmi_util_enable_networking_indications qcril_qmi_util_enable_networking_indications completed with 0
02-13 18:42:53.609 I/RILC    (  113): qmi_ril(0/113): [main] qcril_data_toggle_dormancy_indications >>>>>> LOCK QCRIL_DATA MUTEX 80211c14
02-13 18:42:53.609 I/RILC    (  113): qmi_ril(0/113): [main] qcril_data_toggle_dormancy_indications LOCK QCRIL_DATA MUTEX 80211c14 result=0
02-13 18:42:53.609 D/RILC    (  113): qmi_ril(0/113): [main] qcril_data_toggle_dormancy_indications Switch ON/OFF dormancy indications on all active interfaces
02-13 18:42:53.609 D/RILC    (  113): qmi_ril(0/113): [main] qcril_data_toggle_dormancy_indications selected index = 0
02-13 18:42:53.609 D/RILC    (  113): qmi_ril(0/113): [main] qcril_data_iface_ioctl setting dormancy event report on wds client [196864]
02-13 18:42:53.629 I/RILC    (  113): qmi_ril(0/113): [main] qcril_data_toggle_dormancy_indications <<<<<< UNLOCK QCRIL_DATA MUTEX 80211c14
02-13 18:42:53.629 I/RILC    (  113): qmi_ril(0/113): [main] qcril_data_toggle_dormancy_indications UNLOCK QCRIL_DATA MUTEX 80211c14 result=0
02-13 18:42:53.629 I/RILC    (  113): qmi_ril(0/113): [main] qcril_data_toggle_dormancy_indications qcril_data_toggle_dormancy_indications: EXIT with SUCCESS
02-13 18:42:53.629 I/RILC    (  113): qmi_ril(0/113): [main] qcril_qmi_nas_request_screen_state .. data dormancy req 1, 0
02-13 18:42:53.629 I/RILC    (  113): qmi_ril(0/113): [main] qcril_reqlist_find [RID 0] Not found ReqList entry : token id 83
02-13 18:42:53.629 D/RILC    (  113): qmi_ril(0/113): [main] qcril_send_request_response UI <--- RIL_REQUEST_SCREEN_STATE (61) Complete --- RIL [RID 0, Token 83, Success, Len 0 ]
02-13 18:42:53.629 D/RILJ    (  337): [0083]< SCREEN_STATE 
02-13 18:42:53.629 I/RILC    (  113): qmi_ril(0/113): [main] qcril_qmi_nas_request_screen_state qcril_qmi_nas_request_screen_state complete with 0
02-13 18:43:26.260 I/RILC    (  113): qmi_ril(0/113): [qmi_cb] qcril_qmi_sms_unsol_ind_cb qcril_qmi_sms_unsol_ind_cb for msg_id 1 (QMI_WMS_EVENT_REPORT_IND)
02-13 18:43:26.260 I/RILC    (  113): qmi_ril(0/113): [qmi_cb] qcril_qmi_sms_unsol_ind_cb .. operational state 3
02-13 18:43:26.260 I/RILC    (  113): qmi_ril(0/113): [qmi_cb] qcril_sms_process_event_report_ind qcril_sms_process_event_report_ind entered
02-13 18:43:26.260 I/RILC    (  113): qmi_ril(0/113): [qmi_cb] qcril_sms_process_event_report_ind .. transfer_route_mt_message_valid 1
02-13 18:43:26.260 I/RILC    (  113): qmi_ril(0/113): [qmi_cb] qcril_sms_process_event_report_ind .. transfer_route_mt_message.format 0
02-13 18:43:26.260 D/RILC    (  113): qmi_ril(0/113): [qmi_cb] qcril_send_unsol_response UI <--- RIL_UNSOL_RESPONSE_CDMA_NEW_SMS (1020) --- RIL [RID 0, Len 372, (null)]
02-13 18:43:26.270 D/RILJ    (  337): [UNSL]< UNSOL_RESPONSE_CDMA_NEW_SMS
02-13 18:43:26.270 D/SMS     (  337): EVENT_NEW_SMS phone id :0
02-13 18:43:26.270 D/SMS     (  337): New SMS Message Received
02-13 18:43:26.270 I/RILC    (  113): qmi_ril(0/113): [qmi_cb] qcril_sms_process_event_report_ind qcril_sms_process_event_report_ind completed
02-13 18:43:26.330 D/RILJ    (  337): [0084]> RIL_REQUEST_CDMA_SMS_ACKNOWLEDGE true 0
02-13 18:43:26.330 D/RILC    (  113): qmi_ril(0/113): [main] onRequest UI --- RIL_REQUEST_CDMA_SMS_ACKNOWLEDGE (88) ---> RIL [RID 0, token id 84, data len 8]
02-13 18:43:26.330 I/RILC    (  113): qmi_ril(0/113): [main] qcril_reqlist_find [RID 0] Not found ReqList entry : token id 84
02-13 18:43:26.330 I/RILC    (  113): qmi_ril(0/113): [main] qcril_reqlist_new_all [RID 0] Event RIL_REQUEST_CDMA_SMS_ACKNOWLEDGE(88), token id 84 [ 0x15b58], req id 7 : 
02-13 18:43:26.330 I/RILC    (  113): qmi_ril(0/113): [main] qcril_reqlist_new_all                        MID 0, pending receipt of <none>, state QCRIL_REQ_AWAITING_CALLBACK(2)
02-13 18:43:26.330 D/RILC    (  113): qmi_ril(0/113): [main] qcril_reqlist_print_all [RID 0] ReqList entries :
02-13 18:43:26.330 D/RILC    (  113): qmi_ril(0/113): [main] qcril_reqlist_print_all     RIL_REQUEST_CDMA_SMS_ACKNOWLEDGE (88), token id 84
02-13 18:43:26.340 W/CDMA    (  533): getProtocolIdentifier: is not supported in CDMA mode.
02-13 18:43:26.340 W/CDMA    (  533): isReplace: is not supported in CDMA mode.
02-13 18:43:26.340 W/CDMA    (  533): getProtocolIdentifier: is not supported in CDMA mode.
02-13 18:43:26.340 W/CDMA    (  533): isReplyPathPresent: is not supported in CDMA mode.
02-13 18:43:26.581 I/RILC    (  113): qmi_ril(0/113): [qmi_cb] qcril_qmi_sms_command_cb qcril_qmi_sms_command_cb for msg_id 55 (QMI_WMS_SEND_ACK_REQ)
02-13 18:43:26.581 I/RILC    (  113): qmi_ril(0/113): [qmi_cb] qcril_reqlist_find_by_req_id [RID 0] Found ReqList entry : RIL_REQUEST_CDMA_SMS_ACKNOWLEDGE(88), token id 84
02-13 18:43:26.581 I/RILC    (  113): qmi_ril(0/113): [qmi_cb] qcril_ack_cb QMI_WMS_SEND_ACK_RESP received: SUCCESS
02-13 18:43:26.581 I/RILC    (  113): qmi_ril(0/113): [qmi_cb] qcril_reqlist_find [RID 0] Found ReqList entry : RIL_REQUEST_CDMA_SMS_ACKNOWLEDGE(88), token id 84
02-13 18:43:26.581 I/RILC    (  113): qmi_ril(0/113): [qmi_cb] qcril_reqlist_free [RID 0] Deleted ReqList entry : token id 84 [0x15b58]
02-13 18:43:26.581 D/RILC    (  113): qmi_ril(0/113): [qmi_cb] qcril_reqlist_print_all [RID 0] ReqList entries : Empty 
02-13 18:43:26.581 D/RILC    (  113): qmi_ril(0/113): [qmi_cb] qcril_send_request_response UI <--- RIL_REQUEST_CDMA_SMS_ACKNOWLEDGE (88) Complete --- RIL [RID 0, Token 84, Success, Len 0 ]
02-13 18:43:26.601 D/RILJ    (  337): [0084]< RIL_REQUEST_CDMA_SMS_ACKNOWLEDGE 
02-13 18:44:06.870 D/RILJ    (  337): [0085]> SCREEN_STATE: true
02-13 18:44:06.880 D/RILC    (  113): qmi_ril(0/113): [main] onRequest UI --- RIL_REQUEST_SCREEN_STATE (61) ---> RIL [RID 0, token id 85, data len 4]
02-13 18:44:06.880 I/RILC    (  113): qmi_ril(0/113): [main] qcril_qmi_nas_request_screen_state qcril_qmi_nas_request_screen_state entered 
02-13 18:44:06.880 I/RILC    (  113): qmi_ril(0/113): [main] qcril_qmi_util_enable_networking_indications qcril_qmi_util_enable_networking_indications, param 1 
02-13 18:44:06.880 I/RILC    (  113): qmi_ril(0/113): [main] qcril_qmi_util_convert_qmi_response_codes_to_ril_result_ex qcril_qmi_util_convert_qmi_response_codes_to_ril_result_ex ctx check 0
02-13 18:44:06.880 I/RILC    (  113): qmi_ril(0/113): [main] qcril_qmi_util_enable_networking_indications .. requested nas event report 0, 0
02-13 18:44:06.880 I/RILC    (  113): qmi_ril(0/113): [main] qcril_qmi_util_convert_qmi_response_codes_to_ril_result_ex qcril_qmi_util_convert_qmi_response_codes_to_ril_result_ex ctx check 0
02-13 18:44:06.880 I/RILC    (  113): qmi_ril(0/113): [main] qcril_qmi_util_enable_networking_indications .. requested nas indication reports 0, 0
02-13 18:44:06.880 I/RILC    (  113): qmi_ril(0/113): [main] qcril_qmi_nas_drop_nw_info_cache  qcril_qmi_nas_drop_nw_info_cache entry 
02-13 18:44:06.880 I/RILC    (  113): qmi_ril(0/113): [main] qcril_qmi_nas_drop_nw_info_cache qcril_qmi_nas_drop_nw_info_cache complete 
02-13 18:44:06.880 I/RILC    (  113): qmi_ril(0/113): [main] qcril_qmi_util_convert_qmi_response_codes_to_ril_result_ex qcril_qmi_util_convert_qmi_response_codes_to_ril_result_ex ctx check 0
02-13 18:44:06.880 I/RILC    (  113): qmi_ril(0/113): [main] qcril_qmi_voice_technology_updated qcril_qmi_voice_technology_updated entered
02-13 18:44:06.880 I/RILC    (  113): qmi_ril(0/113): [main] qcril_qmi_voice_technology_updated ..nas_cached_info.serving_system valid 1
02-13 18:44:06.880 I/RILC    (  113): qmi_ril(0/113): [main] qcril_qmi_voice_technology_updated .. selected NW 1
02-13 18:44:06.880 I/RILC    (  113): qmi_ril(0/113): [main] qcril_qmi_voice_technology_updated .. NW state 1
02-13 18:44:06.880 I/RILC    (  113): qmi_ril(0/113): [main] qcril_qmi_mgr_voice_technology_updated qcril_qmi_mgr_voice_technology_updated entered
02-13 18:44:06.880 I/RILC    (  113): qmi_ril(0/113): [main] qcril_qmi_mgr_voice_technology_updated qcril_qmi_mgr_voice_technology_updated left 2
02-13 18:44:06.880 I/RILC    (  113): qmi_ril(0/113): [main] qcril_qmi_voice_technology_updated qcril_qmi_voice_technology_updated completed for 2
02-13 18:44:06.880 I/RILC    (  113): qmi_ril(0/113): [main] qmi_ril_nwr_update_reg_rej_legacy qmi_ril_nwr_update_reg_rej_legacy entered
02-13 18:44:06.880 I/RILC    (  113): qmi_ril(0/113): [main] qmi_ril_nwr_update_reg_rej_legacy .. ss srv reg state 1
02-13 18:44:06.880 I/RILC    (  113): qmi_ril(0/113): [main] qmi_ril_nwr_update_reg_rej_legacy .. reje CS cs_rejected 0
02-13 18:44:06.880 I/RILC    (  113): qmi_ril(0/113): [main] qmi_ril_nwr_update_reg_rej_legacy .. reje CS cs_reject_cause 0
02-13 18:44:06.880 I/RILC    (  113): qmi_ril(0/113): [main] qmi_ril_nwr_update_reg_rej_legacy .. reje PS ps_rejected 0
02-13 18:44:06.880 I/RILC    (  113): qmi_ril(0/113): [main] qmi_ril_nwr_update_reg_rej_legacy .. reje PS ps_reject_cause 0
02-13 18:44:06.880 I/RILC    (  113): qmi_ril(0/113): [main] qmi_ril_nwr_util_log_mccmnc_str .. reje mcc - 
02-13 18:44:06.880 I/RILC    (  113): qmi_ril(0/113): [main] qmi_ril_nwr_util_log_mccmnc_str .. reje mnc - 
02-13 18:44:06.880 I/RILC    (  113): qmi_ril(0/113): [main] qmi_ril_nwr_update_reg_rej_legacy qmi_ril_nwr_update_reg_rej_legacy completed
02-13 18:44:06.880 I/RILC    (  113): qmi_ril(0/113): [main] qcril_qmi_nas_fetch_serving_system_info qcril_qmi_nas_fetch_serving_system_info res 0 
02-13 18:44:06.880 I/RILC    (  113): qmi_ril(0/113): [main] qcril_qmi_nas_fetch_signal_strength_observations qcril_qmi_nas_fetch_signal_strength_observations entered
02-13 18:44:06.880 I/RILC    (  113): qmi_ril(0/113): [main] qcril_qmi_nas_fetch_signal_strength_observations ..req mask 115
02-13 18:44:06.880 I/RILC    (  113): qmi_ril(0/113): [main] qcril_qmi_nas_fetch_signal_strength_observations qcril_qmi_nas_request_signal_strength entered IF 115
02-13 18:44:06.880 I/RILC    (  113): qmi_ril(0/113): [main] qcril_qmi_nas_fetch_signal_strength_observations qcril_qmi_nas_request_signal_strength entered RIL_REQ_RES qmi_request.request__mask = 51
02-13 18:44:06.880 I/RILC    (  113): qmi_ril(0/113): [main] qcril_qmi_nas_fetch_signal_strength_observations qcril_qmi_nas_request_signal_strength entered IF QMI RESPONSE 115
02-13 18:44:06.880 I/RILC    (  113): qmi_ril(0/113): [main] qcril_qmi_util_convert_qmi_response_codes_to_ril_result_ex qcril_qmi_util_convert_qmi_response_codes_to_ril_result_ex ctx check 0
02-13 18:44:06.880 I/RILC    (  113): qmi_ril(0/113): [main] qcril_qmi_nas_fetch_signal_strength_observations qcril_qmi_nas_request_signal_strength entered IF UTIL_RES = SUCCESS 115
02-13 18:44:06.880 I/RILC    (  113): qmi_ril(0/113): [main] qcril_qmi_nas_fetch_signal_strength_observations qcril_qmi_nas_fetch_signal_strength_observations completed 0
02-13 18:44:06.880 I/RILC    (  113): qmi_ril(0/113): [main] qcril_qmi_util_enable_networking_indications .. new / old rte 2 / 2
02-13 18:44:06.880 D/RILC    (  113): qmi_ril(0/113): [main] qcril_send_unsol_response UI <--- RIL_UNSOL_RESPONSE_NETWORK_STATE_CHANGED (1002) --- RIL [RID 0, Len 0, (null)]
02-13 18:44:06.880 D/RILJ    (  337): [UNSL]< UNSOL_RESPONSE_NETWORK_STATE_CHANGED
02-13 18:44:06.880 D/RILC    (  113): qmi_ril(0/113): [main] qcril_send_unsol_response UI <--- RIL_UNSOL_RESPONSE_DATA_NETWORK_STATE_CHANGED (1037) --- RIL [RID 0, Len 0, (null)]
02-13 18:44:06.880 I/RILC    (  113): qmi_ril(0/113): [main] qcril_qmi_util_enable_networking_indications .. restrict status info 0
02-13 18:44:06.880 I/RILC    (  113): qmi_ril(0/113): [main] qcril_qmi_nas_fill_up_restricted_state_details  .. restricted_state_changed_local, restricted_state_details_local 0, 0
02-13 18:44:06.880 D/RILC    (  113): qmi_ril(0/113): [main] qcril_event_queue Event [<Unknown event> ?, 655370] data was NULL!
02-13 18:44:06.880 D/RILC    (  113): qmi_ril(0/113): [event] qcril_event_main qcril_event_main(): 1 items on queue
02-13 18:44:06.880 D/RILC    (  113): qmi_ril(0/113): [event] qcril_event_main RID 0 MID 0 De-queued event <Unknown event> ? (655370)
02-13 18:44:06.880 D/RILC    (  113): qmi_ril(0/113): [event] qcril_process_event RIL <=== <Unknown event> ?(655370), RID 0, MID 0 === AMSS
02-13 18:44:06.880 I/RILC    (  113): qmi_ril(0/113): [event] qcril_qmi_trigger_propagate_known_signal_strength_ind qcril_qmi_trigger_propagate_known_signal_strength_ind received
