02-13 18:41:07.535 D/KeyguardViewMediator(  258): setHidden false
02-13 18:41:07.545 D/KeyguardViewMediator(  258): setHidden false
02-13 18:41:07.555 D/KeyguardViewMediator(  258): setHidden false
02-13 18:41:07.555 D/KeyguardViewMediator(  258): setHidden false
02-13 18:41:07.565 D/KeyguardViewMediator(  258): setHidden false
02-13 18:41:07.665 I/Mms/compose(  533): SLIDESHOW updateSendButtonState enable = true
02-13 18:41:07.665 I/Mms/compose(  533): SLIDESHOW setSendButtonText isMms = false
02-13 18:41:07.665 I/Mms/compose(  533): SLIDESHOW setSendButtonText isMms = false
02-13 18:41:07.685 D/KeyguardViewMediator(  258): setHidden false
02-13 18:41:07.705 D/KeyguardViewMediator(  258): setHidden false
02-13 18:41:07.715 D/KeyguardViewMediator(  258): setHidden false
02-13 18:41:07.735 D/KeyguardViewMediator(  258): setHidden false
02-13 18:41:07.755 D/KeyguardViewMediator(  258): setHidden false
02-13 18:41:07.775 D/KeyguardViewMediator(  258): setHidden false
02-13 18:41:07.785 D/KeyguardViewMediator(  258): setHidden false
02-13 18:41:07.785 D/KeyguardViewMediator(  258): setHidden false
02-13 18:41:09.377 D/KeyguardViewMediator(  258): setHidden false
02-13 18:41:09.397 D/KeyguardViewMediator(  258): setHidden false
02-13 18:41:09.407 D/KeyguardViewMediator(  258): setHidden false
02-13 18:41:09.527 D/KeyguardViewMediator(  258): setHidden false
02-13 18:41:09.537 D/PhoneApp(  337): updateProximitySensorMode: state = IDLE
02-13 18:41:09.547 D/PhoneApp(  337): updateProximitySensorMode: lock already released.
02-13 18:41:09.557 D/KeyguardViewMediator(  258): setHidden false
02-13 18:41:09.557 D/KeyguardViewMediator(  258): setHidden false
02-13 18:41:09.557 D/KeyguardViewMediator(  258): setHidden false
02-13 18:41:09.567 D/KeyguardViewMediator(  258): setHidden false
02-13 18:41:09.597 D/KeyguardViewMediator(  258): setHidden false
02-13 18:41:09.617 D/KeyguardViewMediator(  258): setHidden false
02-13 18:41:09.617 D/KeyguardViewMediator(  258): setHidden false
02-13 18:41:09.717 D/PhoneApp(  337): updateProximitySensorMode: state = IDLE
02-13 18:41:09.727 D/PhoneApp(  337): updateProximitySensorMode: lock already released.
02-13 18:41:09.737 D/KeyguardViewMediator(  258): setHidden false
02-13 18:41:09.747 I/Mms/compose(  533): SLIDESHOW updateSendButtonState enable = true
02-13 18:41:09.747 I/Mms/compose(  533): SLIDESHOW setSendButtonText isMms = false
02-13 18:41:09.767 D/KeyguardViewMediator(  258): setHidden false
02-13 18:41:09.767 D/KeyguardViewMediator(  258): setHidden false
02-13 18:41:09.767 D/KeyguardViewMediator(  258): setHidden false
02-13 18:41:09.777 I/Mms/compose(  533): SLIDESHOW setSendButtonText isMms = false
02-13 18:41:09.777 D/KeyguardViewMediator(  258): setHidden false
02-13 18:41:09.797 D/KeyguardViewMediator(  258): setHidden false
02-13 18:41:09.797 D/KeyguardViewMediator(  258): setHidden false
02-13 18:41:09.797 D/KeyguardViewMediator(  258): setHidden false
02-13 18:41:09.807 D/OmaDrmReceiver(  583): android.intent.action.CONFIGURATION_CHANGED
02-13 18:41:09.817 D/KeyguardViewMediator(  258): setHidden false
02-13 18:41:09.837 D/KeyguardViewMediator(  258): setHidden false
02-13 18:41:09.857 D/KeyguardViewMediator(  258): setHidden false
02-13 18:41:09.937 D/Bitmap  (  332): Detect unrecycled bitmap.
02-13 18:41:09.937 D/Bitmap  (  332):       Size: 270080 Bytes, Width: 320 , Height: 211 , Hash code: 1079835704
02-13 18:41:09.937 D/Bitmap  (  332):  This bimap was created in:
02-13 18:41:09.937 D/Bitmap  (  332):       android.graphics.Bitmap.<init>(Bitmap.java:136)
02-13 18:41:09.937 D/Bitmap  (  332):       android.graphics.Bitmap.nativeCreate(Native Method)
02-13 18:41:09.947 D/Bitmap  (  332):       android.graphics.Bitmap.createBitmap(Bitmap.java:547)
02-13 18:41:09.947 D/Bitmap  (  332):       com.android.inputmethod.latin.LatinKeyboardBaseView.onBufferDraw(LatinKeyboardBaseView.java:775)
02-13 18:41:09.947 D/Bitmap  (  332):       com.android.inputmethod.latin.LatinKeyboardBaseView.onDraw(LatinKeyboardBaseView.java:763)
02-13 18:41:09.947 D/Bitmap  (  332):       android.view.View.draw(View.java:6880)
02-13 18:41:09.947 D/Bitmap  (  332):       com.android.inputmethod.latin.LatinKeyboardView.draw(LatinKeyboardView.java:353)
02-13 18:41:09.947 D/Bitmap  (  332):       android.view.ViewGroup.drawChild(ViewGroup.java:1649)
02-13 18:41:09.947 D/Bitmap  (  332):       android.view.ViewGroup.dispatchDraw(ViewGroup.java:1376)
02-13 18:41:09.947 D/Bitmap  (  332):       android.view.ViewGroup.drawChild(ViewGroup.java:1647)
02-13 18:41:09.947 D/Bitmap  (  332):       android.view.ViewGroup.dispatchDraw(ViewGroup.java:1376)
02-13 18:41:09.947 D/Bitmap  (  332):       android.view.ViewGroup.drawChild(ViewGroup.java:1647)
02-13 18:41:09.947 D/Bitmap  (  332):       android.view.ViewGroup.dispatchDraw(ViewGroup.java:1376)
02-13 18:41:09.947 D/Bitmap  (  332):       android.view.ViewGroup.drawChild(ViewGroup.java:1647)
02-13 18:41:09.947 D/Bitmap  (  332):       android.view.ViewGroup.dispatchDraw(ViewGroup.java:1376)
02-13 18:41:09.947 D/Bitmap  (  332):       android.view.View.draw(View.java:6883)
02-13 18:41:09.947 D/Bitmap  (  332):       android.widget.FrameLayout.draw(FrameLayout.java:357)
02-13 18:41:09.947 D/Bitmap  (  332):       com.android.internal.policy.impl.PhoneWindow$DecorView.draw(PhoneWindow.java:1866)
02-13 18:41:09.947 D/Bitmap  (  332):       android.view.ViewRoot.draw(ViewRoot.java:1526)
02-13 18:41:09.947 D/Bitmap  (  332):       android.view.ViewRoot.performTraversals(ViewRoot.java:1262)
02-13 18:41:09.947 D/Bitmap  (  332):       android.view.ViewRoot.handleMessage(ViewRoot.java:1864)
02-13 18:41:09.947 D/Bitmap  (  332):       android.os.Handler.dispatchMessage(Handler.java:99)
02-13 18:41:09.947 D/Bitmap  (  332):       android.os.Looper.loop(Looper.java:130)
02-13 18:41:09.947 D/Bitmap  (  332):       android.app.ActivityThread.main(ActivityThread.java:3704)
02-13 18:41:09.947 D/Bitmap  (  332):       java.lang.reflect.Method.invokeNative(Native Method)
02-13 18:41:09.947 D/Bitmap  (  332):       java.lang.reflect.Method.invoke(Method.java:507)
02-13 18:41:09.947 D/Bitmap  (  332):       com.android.internal.os.ZygoteInit$MethodAndArgsCaller.run(ZygoteInit.java:875)
02-13 18:41:09.947 D/Bitmap  (  332):       com.android.internal.os.ZygoteInit.main(ZygoteInit.java:633)
02-13 18:41:09.947 D/Bitmap  (  332):       dalvik.system.NativeStart.main(Native Method)
02-13 18:41:09.947 D/Bitmap  (  332): _
02-13 18:41:10.007 D/KeyguardViewMediator(  258): setHidden false
02-13 18:41:10.017 D/KeyguardViewMediator(  258): setHidden false
02-13 18:41:10.017 D/OmaDrmReceiver(  583): android.intent.action.CONFIGURATION_CHANGED
02-13 18:41:10.027 I/OmaDrmService(  583): Language changed!!!!!!
02-13 18:41:10.027 I/OmaDrmService(  583): Language changed!!!!!!
02-13 18:41:10.037 D/KeyguardViewMediator(  258): setHidden false
02-13 18:41:10.037 D/KeyguardViewMediator(  258): setHidden false
02-13 18:41:10.047 D/KeyguardViewMediator(  258): setHidden false
02-13 18:41:10.047 D/KeyguardViewMediator(  258): setHidden false
02-13 18:41:10.138 D/KeyguardViewMediator(  258): setHidden false
02-13 18:41:10.158 D/KeyguardViewMediator(  258): setHidden false
02-13 18:41:10.278 I/V3Client(  658): Handling push registration
02-13 18:41:10.278 I/V3Client(  658): setting push registration id
02-13 18:41:10.278 I/V3Client(  658): sending push id to server
02-13 18:41:10.438 D/Bitmap  (  332): Detect unrecycled bitmap.
02-13 18:41:10.438 D/Bitmap  (  332):       Size: 213760 Bytes, Width: 320 , Height: 167 , Hash code: 1079791824
02-13 18:41:10.438 D/Bitmap  (  332):  This bimap was created in:
02-13 18:41:10.438 D/Bitmap  (  332):       android.graphics.Bitmap.<init>(Bitmap.java:136)
02-13 18:41:10.438 D/Bitmap  (  332):       android.graphics.Bitmap.nativeCreate(Native Method)
02-13 18:41:10.438 D/Bitmap  (  332):       android.graphics.Bitmap.createBitmap(Bitmap.java:547)
02-13 18:41:10.438 D/Bitmap  (  332):       com.android.inputmethod.latin.LatinKeyboardBaseView.onBufferDraw(LatinKeyboardBaseView.java:775)
02-13 18:41:10.438 D/Bitmap  (  332):       com.android.inputmethod.latin.LatinKeyboardBaseView.onDraw(LatinKeyboardBaseView.java:763)
02-13 18:41:10.438 D/Bitmap  (  332):       android.view.View.draw(View.java:6880)
02-13 18:41:10.438 D/Bitmap  (  332):       com.android.inputmethod.latin.LatinKeyboardView.draw(LatinKeyboardView.java:353)
02-13 18:41:10.438 D/Bitmap  (  332):       android.view.ViewGroup.drawChild(ViewGroup.java:1649)
02-13 18:41:10.438 D/Bitmap  (  332):       android.view.ViewGroup.dispatchDraw(ViewGroup.java:1376)
02-13 18:41:10.438 D/Bitmap  (  332):       android.view.ViewGroup.drawChild(ViewGroup.java:1647)
02-13 18:41:10.438 D/Bitmap  (  332):       android.view.ViewGroup.dispatchDraw(ViewGroup.java:1376)
02-13 18:41:10.438 D/Bitmap  (  332):       android.view.ViewGroup.drawChild(ViewGroup.java:1647)
02-13 18:41:10.438 D/Bitmap  (  332):       android.view.ViewGroup.dispatchDraw(ViewGroup.java:1376)
02-13 18:41:10.438 D/Bitmap  (  332):       android.view.ViewGroup.drawChild(ViewGroup.java:1647)
02-13 18:41:10.438 D/Bitmap  (  332):       android.view.ViewGroup.dispatchDraw(ViewGroup.java:1376)
02-13 18:41:10.438 D/Bitmap  (  332):       android.view.View.draw(View.java:6883)
02-13 18:41:10.438 D/Bitmap  (  332):       android.widget.FrameLayout.draw(FrameLayout.java:357)
02-13 18:41:10.438 D/Bitmap  (  332):       com.android.internal.policy.impl.PhoneWindow$DecorView.draw(PhoneWindow.java:1866)
02-13 18:41:10.438 D/Bitmap  (  332):       android.view.ViewRoot.draw(ViewRoot.java:1526)
02-13 18:41:10.438 D/Bitmap  (  332):       android.view.ViewRoot.performTraversals(ViewRoot.java:1262)
02-13 18:41:10.438 D/Bitmap  (  332):       android.view.ViewRoot.handleMessage(ViewRoot.java:1864)
02-13 18:41:10.438 D/Bitmap  (  332):       android.os.Handler.dispatchMessage(Handler.java:99)
02-13 18:41:10.438 D/Bitmap  (  332):       android.os.Looper.loop(Looper.java:130)
02-13 18:41:10.438 D/Bitmap  (  332):       android.app.ActivityThread.main(ActivityThread.java:3704)
02-13 18:41:10.438 D/Bitmap  (  332):       java.lang.reflect.Method.invokeNative(Native Method)
02-13 18:41:10.438 D/Bitmap  (  332):       java.lang.reflect.Method.invoke(Method.java:507)
02-13 18:41:10.438 D/Bitmap  (  332):       com.android.internal.os.ZygoteInit$MethodAndArgsCaller.run(ZygoteInit.java:875)
02-13 18:41:10.438 D/Bitmap  (  332):       com.android.internal.os.ZygoteInit.main(ZygoteInit.java:633)
02-13 18:41:10.438 D/Bitmap  (  332):       dalvik.system.NativeStart.main(Native Method)
02-13 18:41:10.438 D/Bitmap  (  332): _
02-13 18:41:10.488 D/KeyguardViewMediator(  258): setHidden false
02-13 18:41:10.488 D/KeyguardViewMediator(  258): setHidden false
02-13 18:41:10.508 D/KeyguardViewMediator(  258): setHidden false
02-13 18:41:10.588 D/Bitmap  (  332): Detect unrecycled bitmap.
02-13 18:41:10.588 D/Bitmap  (  332):       Size: 270080 Bytes, Width: 320 , Height: 211 , Hash code: 1079784096
02-13 18:41:10.588 D/Bitmap  (  332):  This bimap was created in:
02-13 18:41:10.588 D/Bitmap  (  332):       android.graphics.Bitmap.<init>(Bitmap.java:136)
02-13 18:41:10.588 D/Bitmap  (  332):       android.graphics.Bitmap.nativeCreate(Native Method)
02-13 18:41:10.588 D/Bitmap  (  332):       android.graphics.Bitmap.createBitmap(Bitmap.java:547)
02-13 18:41:10.588 D/Bitmap  (  332):       com.android.inputmethod.latin.LatinKeyboardBaseView.onBufferDraw(LatinKeyboardBaseView.java:775)
02-13 18:41:10.588 D/Bitmap  (  332):       com.android.inputmethod.latin.LatinKeyboardBaseView.onDraw(LatinKeyboardBaseView.java:763)
02-13 18:41:10.588 D/Bitmap  (  332):       android.view.View.draw(View.java:6880)
02-13 18:41:10.588 D/Bitmap  (  332):       com.android.inputmethod.latin.LatinKeyboardView.draw(LatinKeyboardView.java:353)
02-13 18:41:10.588 D/Bitmap  (  332):       android.view.ViewGroup.drawChild(ViewGroup.java:1649)
02-13 18:41:10.588 D/Bitmap  (  332):       android.view.ViewGroup.dispatchDraw(ViewGroup.java:1376)
02-13 18:41:10.588 D/Bitmap  (  332):       android.view.ViewGroup.drawChild(ViewGroup.java:1647)
02-13 18:41:10.588 D/Bitmap  (  332):       android.view.ViewGroup.dispatchDraw(ViewGroup.java:1376)
02-13 18:41:10.588 D/Bitmap  (  332):       android.view.ViewGroup.drawChild(ViewGroup.java:1647)
02-13 18:41:10.588 D/Bitmap  (  332):       android.view.ViewGroup.dispatchDraw(ViewGroup.java:1376)
02-13 18:41:10.588 D/Bitmap  (  332):       android.view.ViewGroup.drawChild(ViewGroup.java:1647)
02-13 18:41:10.588 D/Bitmap  (  332):       android.view.ViewGroup.dispatchDraw(ViewGroup.java:1376)
02-13 18:41:10.588 D/Bitmap  (  332):       android.view.View.draw(View.java:6883)
02-13 18:41:10.588 D/Bitmap  (  332):       android.widget.FrameLayout.draw(FrameLayout.java:357)
02-13 18:41:10.588 D/Bitmap  (  332):       com.android.internal.policy.impl.PhoneWindow$DecorView.draw(PhoneWindow.java:1866)
02-13 18:41:10.588 D/Bitmap  (  332):       android.view.ViewRoot.draw(ViewRoot.java:1526)
02-13 18:41:10.588 D/Bitmap  (  332):       android.view.ViewRoot.performTraversals(ViewRoot.java:1262)
02-13 18:41:10.588 D/Bitmap  (  332):       android.view.ViewRoot.handleMessage(ViewRoot.java:1864)
02-13 18:41:10.588 D/Bitmap  (  332):       android.os.Handler.dispatchMessage(Handler.java:99)
02-13 18:41:10.588 D/Bitmap  (  332):       android.os.Looper.loop(Looper.java:130)
02-13 18:41:10.588 D/Bitmap  (  332):       android.app.ActivityThread.main(ActivityThread.java:3704)
02-13 18:41:10.588 D/Bitmap  (  332):       java.lang.reflect.Method.invokeNative(Native Method)
02-13 18:41:10.588 D/Bitmap  (  332):       java.lang.reflect.Method.invoke(Method.java:507)
02-13 18:41:10.588 D/Bitmap  (  332):       com.android.internal.os.ZygoteInit$MethodAndArgsCaller.run(ZygoteInit.java:875)
02-13 18:41:10.588 D/Bitmap  (  332):       com.android.internal.os.ZygoteInit.main(ZygoteInit.java:633)
02-13 18:41:10.588 D/Bitmap  (  332):       dalvik.system.NativeStart.main(Native Method)
02-13 18:41:10.588 D/Bitmap  (  332): _
02-13 18:41:12.510 D/KeyguardViewMediator(  258): setHidden false
02-13 18:41:12.530 D/KeyguardViewMediator(  258): setHidden false
02-13 18:41:12.550 D/KeyguardViewMediator(  258): setHidden false
02-13 18:41:12.620 D/KeyguardViewMediator(  258): setHidden false
02-13 18:41:12.640 D/KeyguardViewMediator(  258): setHidden false
02-13 18:41:12.650 D/KeyguardViewMediator(  258): setHidden false
02-13 18:41:12.670 D/KeyguardViewMediator(  258): setHidden false
02-13 18:41:12.690 D/KeyguardViewMediator(  258): setHidden false
02-13 18:41:12.700 D/KeyguardViewMediator(  258): setHidden false
02-13 18:41:12.720 D/KeyguardViewMediator(  258): setHidden false
02-13 18:41:12.730 D/KeyguardViewMediator(  258): setHidden false
02-13 18:41:13.791 D/KeyguardViewMediator(  258): setHidden false
02-13 18:41:13.811 D/KeyguardViewMediator(  258): setHidden false
02-13 18:41:13.841 D/KeyguardViewMediator(  258): setHidden false
02-13 18:41:13.911 I/Mms/compose(  533): SLIDESHOW updateSendButtonState enable = true
02-13 18:41:13.911 I/Mms/compose(  533): SLIDESHOW setSendButtonText isMms = false
02-13 18:41:13.921 I/Mms/compose(  533): SLIDESHOW setSendButtonText isMms = false
02-13 18:41:13.931 D/KeyguardViewMediator(  258): setHidden false
02-13 18:41:13.941 D/KeyguardViewMediator(  258): setHidden false
02-13 18:41:13.971 D/KeyguardViewMediator(  258): setHidden false
02-13 18:41:13.981 D/KeyguardViewMediator(  258): setHidden false
02-13 18:41:14.001 D/KeyguardViewMediator(  258): setHidden false
02-13 18:41:14.001 D/KeyguardViewMediator(  258): setHidden false
02-13 18:41:14.021 D/KeyguardViewMediator(  258): setHidden false
02-13 18:41:14.021 D/KeyguardViewMediator(  258): setHidden false
02-13 18:41:14.452 D/PhoneApp(  337): updateProximitySensorMode: state = IDLE
02-13 18:41:14.452 D/PhoneApp(  337): updateProximitySensorMode: lock already released.
02-13 18:41:14.482 D/KeyguardViewMediator(  258): setHidden false
02-13 18:41:14.492 D/KeyguardViewMediator(  258): setHidden false
02-13 18:41:14.492 D/KeyguardViewMediator(  258): setHidden false
02-13 18:41:14.502 D/KeyguardViewMediator(  258): setHidden false
02-13 18:41:14.522 D/KeyguardViewMediator(  258): setHidden false
02-13 18:41:14.522 D/KeyguardViewMediator(  258): setHidden false
02-13 18:41:14.552 D/KeyguardViewMediator(  258): setHidden false
02-13 18:41:14.562 D/KeyguardViewMediator(  258): setHidden false
02-13 18:41:14.562 D/KeyguardViewMediator(  258): setHidden false
02-13 18:41:14.592 D/KeyguardViewMediator(  258): setHidden false
02-13 18:41:14.602 D/KeyguardViewMediator(  258): setHidden false
02-13 18:41:14.712 D/Bitmap  (  332): Detect unrecycled bitmap.
02-13 18:41:14.712 D/Bitmap  (  332):       Size: 270080 Bytes, Width: 320 , Height: 211 , Hash code: 1079823096
02-13 18:41:14.712 D/Bitmap  (  332):  This bimap was created in:
02-13 18:41:14.712 D/Bitmap  (  332):       android.graphics.Bitmap.<init>(Bitmap.java:136)
02-13 18:41:14.712 D/Bitmap  (  332):       android.graphics.Bitmap.nativeCreate(Native Method)
02-13 18:41:14.712 D/Bitmap  (  332):       android.graphics.Bitmap.createBitmap(Bitmap.java:547)
02-13 18:41:14.712 D/Bitmap  (  332):       com.android.inputmethod.latin.LatinKeyboardBaseView.onBufferDraw(LatinKeyboardBaseView.java:775)
02-13 18:41:14.712 D/Bitmap  (  332):       com.android.inputmethod.latin.LatinKeyboardBaseView.onDraw(LatinKeyboardBaseView.java:763)
02-13 18:41:14.712 D/Bitmap  (  332):       android.view.View.draw(View.java:6880)
02-13 18:41:14.712 D/Bitmap  (  332):       com.android.inputmethod.latin.LatinKeyboardView.draw(LatinKeyboardView.java:353)
02-13 18:41:14.712 D/Bitmap  (  332):       android.view.ViewGroup.drawChild(ViewGroup.java:1649)
02-13 18:41:14.712 D/Bitmap  (  332):       android.view.ViewGroup.dispatchDraw(ViewGroup.java:1376)
02-13 18:41:14.712 D/Bitmap  (  332):       android.view.ViewGroup.drawChild(ViewGroup.java:1647)
02-13 18:41:14.712 D/Bitmap  (  332):       android.view.ViewGroup.dispatchDraw(ViewGroup.java:1376)
02-13 18:41:14.712 D/Bitmap  (  332):       android.view.ViewGroup.drawChild(ViewGroup.java:1647)
02-13 18:41:14.712 D/Bitmap  (  332):       android.view.ViewGroup.dispatchDraw(ViewGroup.java:1376)
02-13 18:41:14.712 D/Bitmap  (  332):       android.view.ViewGroup.drawChild(ViewGroup.java:1647)
02-13 18:41:14.712 D/Bitmap  (  332):       android.view.ViewGroup.dispatchDraw(ViewGroup.java:1376)
02-13 18:41:14.712 D/Bitmap  (  332):       android.view.View.draw(View.java:6883)
02-13 18:41:14.712 D/Bitmap  (  332):       android.widget.FrameLayout.draw(FrameLayout.java:357)
02-13 18:41:14.712 D/Bitmap  (  332):       com.android.internal.policy.impl.PhoneWindow$DecorView.draw(PhoneWindow.java:1866)
02-13 18:41:14.712 D/Bitmap  (  332):       android.view.ViewRoot.draw(ViewRoot.java:1526)
02-13 18:41:14.712 D/Bitmap  (  332):       android.view.ViewRoot.performTraversals(ViewRoot.java:1262)
02-13 18:41:14.712 D/Bitmap  (  332):       android.view.ViewRoot.handleMessage(ViewRoot.java:1864)
02-13 18:41:14.712 D/Bitmap  (  332):       android.os.Handler.dispatchMessage(Handler.java:99)
02-13 18:41:14.712 D/Bitmap  (  332):       android.os.Looper.loop(Looper.java:130)
02-13 18:41:14.712 D/Bitmap  (  332):       android.app.ActivityThread.main(ActivityThread.java:3704)
02-13 18:41:14.712 D/Bitmap  (  332):       java.lang.reflect.Method.invokeNative(Native Method)
02-13 18:41:14.712 D/Bitmap  (  332):       java.lang.reflect.Method.invoke(Method.java:507)
02-13 18:41:14.712 D/Bitmap  (  332):       com.android.internal.os.ZygoteInit$MethodAndArgsCaller.run(ZygoteInit.java:875)
02-13 18:41:14.712 D/Bitmap  (  332):       com.android.internal.os.ZygoteInit.main(ZygoteInit.java:633)
02-13 18:41:14.712 D/Bitmap  (  332):       dalvik.system.NativeStart.main(Native Method)
02-13 18:41:14.712 D/Bitmap  (  332): _
02-13 18:41:14.782 D/KeyguardViewMediator(  258): setHidden false
02-13 18:41:14.792 D/OmaDrmReceiver(  583): android.intent.action.CONFIGURATION_CHANGED
02-13 18:41:14.792 I/OmaDrmService(  583): Language changed!!!!!!
02-13 18:41:14.802 D/KeyguardViewMediator(  258): setHidden false
02-13 18:41:14.802 D/KeyguardViewMediator(  258): setHidden false
02-13 18:41:14.832 D/KeyguardViewMediator(  258): setHidden false
02-13 18:41:14.832 D/KeyguardViewMediator(  258): setHidden false
02-13 18:41:14.912 D/KeyguardViewMediator(  258): setHidden false
02-13 18:41:14.982 D/KeyguardViewMediator(  258): setHidden false
02-13 18:41:15.032 I/Mms/compose(  533): SLIDESHOW updateSendButtonState enable = true
02-13 18:41:15.032 I/Mms/compose(  533): SLIDESHOW setSendButtonText isMms = false
02-13 18:41:15.032 I/Mms/compose(  533): SLIDESHOW setSendButtonText isMms = false
02-13 18:41:16.173 D/PhoneApp(  337): updateProximitySensorMode: state = IDLE
02-13 18:41:16.173 D/PhoneApp(  337): updateProximitySensorMode: lock already released.
02-13 18:41:16.183 I/Mms/compose(  533): SLIDESHOW updateSendButtonState enable = true
02-13 18:41:16.183 I/Mms/compose(  533): SLIDESHOW setSendButtonText isMms = false
02-13 18:41:16.183 I/Mms/compose(  533): SLIDESHOW setSendButtonText isMms = false
02-13 18:41:16.203 D/KeyguardViewMediator(  258): setHidden false
02-13 18:41:16.223 D/KeyguardViewMediator(  258): setHidden false
02-13 18:41:16.223 D/KeyguardViewMediator(  258): setHidden false
02-13 18:41:16.234 D/KeyguardViewMediator(  258): setHidden false
02-13 18:41:16.234 D/KeyguardViewMediator(  258): setHidden false
02-13 18:41:16.244 D/KeyguardViewMediator(  258): setHidden false
02-13 18:41:16.254 D/KeyguardViewMediator(  258): setHidden false
02-13 18:41:16.264 D/KeyguardViewMediator(  258): setHidden false
02-13 18:41:16.294 D/KeyguardViewMediator(  258): setHidden false
02-13 18:41:16.304 D/KeyguardViewMediator(  258): setHidden false
02-13 18:41:16.364 D/KeyguardViewMediator(  258): setHidden false
02-13 18:41:16.374 D/Bitmap  (  332): Detect unrecycled bitmap.
02-13 18:41:16.374 D/Bitmap  (  332):       Size: 320640 Bytes, Width: 480 , Height: 167 , Hash code: 1079050496
02-13 18:41:16.374 D/Bitmap  (  332):  This bimap was created in:
02-13 18:41:16.374 D/Bitmap  (  332):       android.graphics.Bitmap.<init>(Bitmap.java:136)
02-13 18:41:16.374 D/Bitmap  (  332):       android.graphics.Bitmap.nativeCreate(Native Method)
02-13 18:41:16.374 D/Bitmap  (  332):       android.graphics.Bitmap.createBitmap(Bitmap.java:547)
02-13 18:41:16.374 D/Bitmap  (  332):       com.android.inputmethod.latin.LatinKeyboardBaseView.onBufferDraw(LatinKeyboardBaseView.java:775)
02-13 18:41:16.374 D/Bitmap  (  332):       com.android.inputmethod.latin.LatinKeyboardBaseView.onDraw(LatinKeyboardBaseView.java:763)
02-13 18:41:16.374 D/Bitmap  (  332):       android.view.View.draw(View.java:6880)
02-13 18:41:16.374 D/Bitmap  (  332):       com.android.inputmethod.latin.LatinKeyboardView.draw(LatinKeyboardView.java:353)
02-13 18:41:16.374 D/Bitmap  (  332):       android.view.ViewGroup.drawChild(ViewGroup.java:1649)
02-13 18:41:16.374 D/Bitmap  (  332):       android.view.ViewGroup.dispatchDraw(ViewGroup.java:1376)
02-13 18:41:16.374 D/Bitmap  (  332):       android.view.ViewGroup.drawChild(ViewGroup.java:1647)
02-13 18:41:16.374 D/Bitmap  (  332):       android.view.ViewGroup.dispatchDraw(ViewGroup.java:1376)
02-13 18:41:16.374 D/Bitmap  (  332):       android.view.ViewGroup.drawChild(ViewGroup.java:1647)
02-13 18:41:16.374 D/Bitmap  (  332):       android.view.ViewGroup.dispatchDraw(ViewGroup.java:1376)
02-13 18:41:16.374 D/Bitmap  (  332):       android.view.ViewGroup.drawChild(ViewGroup.java:1647)
02-13 18:41:16.374 D/Bitmap  (  332):       android.view.ViewGroup.dispatchDraw(ViewGroup.java:1376)
02-13 18:41:16.374 D/Bitmap  (  332):       android.view.View.draw(View.java:6883)
02-13 18:41:16.374 D/Bitmap  (  332):       android.widget.FrameLayout.draw(FrameLayout.java:357)
02-13 18:41:16.374 D/Bitmap  (  332):       com.android.internal.policy.impl.PhoneWindow$DecorView.draw(PhoneWindow.java:1866)
02-13 18:41:16.374 D/Bitmap  (  332):       android.view.ViewRoot.draw(ViewRoot.java:1526)
02-13 18:41:16.374 D/Bitmap  (  332):       android.view.ViewRoot.performTraversals(ViewRoot.java:1262)
02-13 18:41:16.374 D/Bitmap  (  332):       android.view.ViewRoot.handleMessage(ViewRoot.java:1864)
02-13 18:41:16.374 D/Bitmap  (  332):       android.os.Handler.dispatchMessage(Handler.java:99)
02-13 18:41:16.374 D/Bitmap  (  332):       android.os.Looper.loop(Looper.java:130)
02-13 18:41:16.374 D/Bitmap  (  332):       android.app.ActivityThread.main(ActivityThread.java:3704)
02-13 18:41:16.374 D/Bitmap  (  332):       java.lang.reflect.Method.invokeNative(Native Method)
02-13 18:41:16.374 D/Bitmap  (  332):       java.lang.reflect.Method.invoke(Method.java:507)
02-13 18:41:16.374 D/Bitmap  (  332):       com.android.internal.os.ZygoteInit$MethodAndArgsCaller.run(ZygoteInit.java:875)
02-13 18:41:16.374 D/Bitmap  (  332):       com.android.internal.os.ZygoteInit.main(ZygoteInit.java:633)
02-13 18:41:16.374 D/Bitmap  (  332):       dalvik.system.NativeStart.main(Native Method)
02-13 18:41:16.374 D/Bitmap  (  332): _
02-13 18:41:16.374 D/Bitmap  (  332): Detect unrecycled bitmap.
02-13 18:41:16.374 D/Bitmap  (  332):       Size: 320640 Bytes, Width: 480 , Height: 167 , Hash code: 1079790592
02-13 18:41:16.374 D/Bitmap  (  332):  This bimap was created in:
02-13 18:41:16.374 D/Bitmap  (  332):       android.graphics.Bitmap.<init>(Bitmap.java:136)
02-13 18:41:16.374 D/Bitmap  (  332):       android.graphics.Bitmap.nativeCreate(Native Method)
02-13 18:41:16.374 D/Bitmap  (  332):       android.graphics.Bitmap.createBitmap(Bitmap.java:547)
02-13 18:41:16.374 D/Bitmap  (  332):       com.android.inputmethod.latin.LatinKeyboardBaseView.onBufferDraw(LatinKeyboardBaseView.java:775)
02-13 18:41:16.374 D/Bitmap  (  332):       com.android.inputmethod.latin.LatinKeyboardBaseView.onDraw(LatinKeyboardBaseView.java:763)
02-13 18:41:16.374 D/Bitmap  (  332):       android.view.View.draw(View.java:6880)
02-13 18:41:16.374 D/Bitmap  (  332):       com.android.inputmethod.latin.LatinKeyboardView.draw(LatinKeyboardView.java:353)
02-13 18:41:16.374 D/Bitmap  (  332):       android.view.ViewGroup.drawChild(ViewGroup.java:1649)
02-13 18:41:16.374 D/Bitmap  (  332):       android.view.ViewGroup.dispatchDraw(ViewGroup.java:1376)
02-13 18:41:16.374 D/Bitmap  (  332):       android.view.ViewGroup.drawChild(ViewGroup.java:1647)
02-13 18:41:16.374 D/Bitmap  (  332):       android.view.ViewGroup.dispatchDraw(ViewGroup.java:1376)
02-13 18:41:16.374 D/Bitmap  (  332):       android.view.ViewGroup.drawChild(ViewGroup.java:1647)
02-13 18:41:16.374 D/Bitmap  (  332):       android.view.ViewGroup.dispatchDraw(ViewGroup.java:1376)
02-13 18:41:16.374 D/Bitmap  (  332):       android.view.ViewGroup.drawChild(ViewGroup.java:1647)
02-13 18:41:16.374 D/Bitmap  (  332):       android.view.ViewGroup.dispatchDraw(ViewGroup.java:1376)
02-13 18:41:16.374 D/Bitmap  (  332):       android.view.View.draw(View.java:6883)
02-13 18:41:16.374 D/Bitmap  (  332):       android.widget.FrameLayout.draw(FrameLayout.java:357)
02-13 18:41:16.374 D/Bitmap  (  332):       com.android.internal.policy.impl.PhoneWindow$DecorView.draw(PhoneWindow.java:1866)
02-13 18:41:16.374 D/Bitmap  (  332):       android.view.ViewRoot.draw(ViewRoot.java:1526)
02-13 18:41:16.374 D/Bitmap  (  332):       android.view.ViewRoot.performTraversals(ViewRoot.java:1262)
02-13 18:41:16.374 D/Bitmap  (  332):       android.view.ViewRoot.handleMessage(ViewRoot.java:1864)
02-13 18:41:16.374 D/Bitmap  (  332):       android.os.Handler.dispatchMessage(Handler.java:99)
02-13 18:41:16.374 D/Bitmap  (  332):       android.os.Looper.loop(Looper.java:130)
02-13 18:41:16.374 D/Bitmap  (  332):       android.app.ActivityThread.main(ActivityThread.java:3704)
02-13 18:41:16.374 D/Bitmap  (  332):       java.lang.reflect.Method.invokeNative(Native Method)
02-13 18:41:16.374 D/Bitmap  (  332):       java.lang.reflect.Method.invoke(Method.java:507)
02-13 18:41:16.374 D/Bitmap  (  332):       com.android.internal.os.ZygoteInit$MethodAndArgsCaller.run(ZygoteInit.java:875)
02-13 18:41:16.374 D/Bitmap  (  332):       com.android.internal.os.ZygoteInit.main(ZygoteInit.java:633)
02-13 18:41:16.374 D/Bitmap  (  332):       dalvik.system.NativeStart.main(Native Method)
02-13 18:41:16.374 D/Bitmap  (  332): _
02-13 18:41:16.554 D/OmaDrmReceiver(  583): android.intent.action.CONFIGURATION_CHANGED
02-13 18:41:16.564 D/KeyguardViewMediator(  258): setHidden false
02-13 18:41:16.564 I/OmaDrmService(  583): Language changed!!!!!!
02-13 18:41:16.574 D/KeyguardViewMediator(  258): setHidden false
02-13 18:41:16.574 D/KeyguardViewMediator(  258): setHidden false
02-13 18:41:16.604 D/KeyguardViewMediator(  258): setHidden false
02-13 18:41:16.604 D/KeyguardViewMediator(  258): setHidden false
02-13 18:41:16.634 D/KeyguardViewMediator(  258): setHidden false
02-13 18:41:16.714 D/KeyguardViewMediator(  258): setHidden false
02-13 18:41:18.265 W/KeyCharacterMap(  533): No keyboard for id 0
02-13 18:41:18.265 W/KeyCharacterMap(  533): Using default keymap: /system/usr/keychars/qwerty.kcm.bin
02-13 18:41:18.265 I/Mms/compose(  533): SLIDESHOW updateSendButtonState enable = true
02-13 18:41:18.265 I/Mms/compose(  533): SLIDESHOW setSendButtonText isMms = false
02-13 18:41:18.275 I/Mms/compose(  533): SLIDESHOW setSendButtonText isMms = false
02-13 18:41:18.275 D/KeyguardViewMediator(  258): setHidden false
02-13 18:41:18.286 D/KeyguardViewMediator(  258): setHidden false
02-13 18:41:18.306 D/KeyguardViewMediator(  258): setHidden false
02-13 18:41:18.416 D/KeyguardViewMediator(  258): setHidden false
02-13 18:41:18.436 D/KeyguardViewMediator(  258): setHidden false
02-13 18:41:18.456 D/KeyguardViewMediator(  258): setHidden false
02-13 18:41:18.476 D/KeyguardViewMediator(  258): setHidden false
02-13 18:41:18.486 D/KeyguardViewMediator(  258): setHidden false
02-13 18:41:18.506 D/KeyguardViewMediator(  258): setHidden false
02-13 18:41:18.516 D/KeyguardViewMediator(  258): setHidden false
02-13 18:41:18.526 D/KeyguardViewMediator(  258): setHidden false
02-13 18:41:19.707 D/KeyguardViewMediator(  258): setHidden false
02-13 18:41:19.727 D/KeyguardViewMediator(  258): setHidden false
02-13 18:41:19.727 D/KeyguardViewMediator(  258): setHidden false
02-13 18:41:19.747 D/KeyguardViewMediator(  258): setHidden false
02-13 18:41:19.757 D/KeyguardViewMediator(  258): setHidden false
02-13 18:41:19.777 D/KeyguardViewMediator(  258): setHidden false
02-13 18:41:19.787 D/KeyguardViewMediator(  258): setHidden false
02-13 18:41:19.807 D/KeyguardViewMediator(  258): setHidden false
02-13 18:41:19.827 D/KeyguardViewMediator(  258): setHidden false
02-13 18:41:19.837 D/KeyguardViewMediator(  258): setHidden false
02-13 18:41:19.857 D/KeyguardViewMediator(  258): setHidden false
02-13 18:41:19.867 D/KeyguardViewMediator(  258): setHidden false
02-13 18:41:19.887 D/KeyguardViewMediator(  258): setHidden false
02-13 18:41:19.907 D/KeyguardViewMediator(  258): setHidden false
02-13 18:41:19.917 D/KeyguardViewMediator(  258): setHidden false
02-13 18:41:19.937 D/KeyguardViewMediator(  258): setHidden false
02-13 18:41:19.947 D/KeyguardViewMediator(  258): setHidden false
02-13 18:41:19.967 D/KeyguardViewMediator(  258): setHidden false
02-13 18:41:19.987 D/KeyguardViewMediator(  258): setHidden false
02-13 18:41:19.997 D/KeyguardViewMediator(  258): setHidden false
02-13 18:41:20.027 D/KeyguardViewMediator(  258): setHidden false
02-13 18:41:20.037 D/KeyguardViewMediator(  258): setHidden false
02-13 18:41:20.057 D/KeyguardViewMediator(  258): setHidden false
02-13 18:41:20.067 D/KeyguardViewMediator(  258): setHidden false
02-13 18:41:20.087 D/KeyguardViewMediator(  258): setHidden false
02-13 18:41:20.107 D/KeyguardViewMediator(  258): setHidden false
02-13 18:41:20.127 D/KeyguardViewMediator(  258): setHidden false
02-13 18:41:20.137 D/KeyguardViewMediator(  258): setHidden false
02-13 18:41:20.157 D/KeyguardViewMediator(  258): setHidden false
02-13 18:41:20.678 D/KeyguardViewMediator(  258): setHidden false
02-13 18:41:21.629 I/Mms/compose(  533): SLIDESHOW updateSendButtonState enable = true
02-13 18:41:21.629 I/Mms/compose(  533): SLIDESHOW setSendButtonText isMms = false
02-13 18:41:21.629 I/Mms/compose(  533): SLIDESHOW setSendButtonText isMms = false
02-13 18:41:21.649 D/KeyguardViewMediator(  258): setHidden false
02-13 18:41:21.679 D/KeyguardViewMediator(  258): setHidden false
02-13 18:41:21.689 D/KeyguardViewMediator(  258): setHidden false
02-13 18:41:21.699 D/KeyguardViewMediator(  258): setHidden false
02-13 18:41:21.709 D/KeyguardViewMediator(  258): setHidden false
02-13 18:41:21.729 D/KeyguardViewMediator(  258): setHidden false
02-13 18:41:21.739 D/KeyguardViewMediator(  258): setHidden false
02-13 18:41:21.759 D/KeyguardViewMediator(  258): setHidden false
02-13 18:41:21.759 D/KeyguardViewMediator(  258): setHidden false
02-13 18:41:21.779 D/KeyguardViewMediator(  258): setHidden false
02-13 18:41:21.789 D/KeyguardViewMediator(  258): setHidden false
02-13 18:41:21.809 D/KeyguardViewMediator(  258): setHidden false
02-13 18:41:21.829 D/KeyguardViewMediator(  258): setHidden false
02-13 18:41:21.839 D/KeyguardViewMediator(  258): setHidden false
02-13 18:41:21.859 D/KeyguardViewMediator(  258): setHidden false
02-13 18:41:21.869 D/KeyguardViewMediator(  258): setHidden false
02-13 18:41:21.879 D/KeyguardViewMediator(  258): setHidden false
02-13 18:41:21.889 D/KeyguardViewMediator(  258): setHidden false
02-13 18:41:21.909 D/KeyguardViewMediator(  258): setHidden false
02-13 18:41:21.929 D/KeyguardViewMediator(  258): setHidden false
02-13 18:41:21.939 D/KeyguardViewMediator(  258): setHidden false
02-13 18:41:21.959 D/KeyguardViewMediator(  258): setHidden false
02-13 18:41:21.979 D/KeyguardViewMediator(  258): setHidden false
02-13 18:41:21.999 D/KeyguardViewMediator(  258): setHidden false
02-13 18:41:22.049 D/KeyguardViewMediator(  258): setHidden false
02-13 18:41:22.059 D/KeyguardViewMediator(  258): setHidden false
02-13 18:41:22.089 D/KeyguardViewMediator(  258): setHidden false
02-13 18:41:22.099 D/KeyguardViewMediator(  258): setHidden false
02-13 18:41:22.119 D/KeyguardViewMediator(  258): setHidden false
02-13 18:41:22.279 D/KeyguardViewMediator(  258): setHidden false
02-13 18:41:22.390 I/Mms/compose(  533): SLIDESHOW updateSendButtonState enable = true
02-13 18:41:22.390 I/Mms/compose(  533): SLIDESHOW setSendButtonText isMms = false
02-13 18:41:22.400 I/Mms/compose(  533): SLIDESHOW setSendButtonText isMms = false
02-13 18:41:22.410 D/KeyguardViewMediator(  258): setHidden false
02-13 18:41:22.420 D/KeyguardViewMediator(  258): setHidden false
02-13 18:41:22.440 D/KeyguardViewMediator(  258): setHidden false
02-13 18:41:22.450 D/KeyguardViewMediator(  258): setHidden false
02-13 18:41:22.470 D/KeyguardViewMediator(  258): setHidden false
02-13 18:41:22.490 D/KeyguardViewMediator(  258): setHidden false
02-13 18:41:22.500 D/KeyguardViewMediator(  258): setHidden false
02-13 18:41:22.510 D/KeyguardViewMediator(  258): setHidden false
02-13 18:41:23.030 D/KeyguardViewMediator(  258): setHidden false
02-13 18:41:23.040 D/KeyguardViewMediator(  258): setHidden false
02-13 18:41:23.040 D/KeyguardViewMediator(  258): setHidden false
02-13 18:41:23.060 D/KeyguardViewMediator(  258): setHidden false
02-13 18:41:23.070 D/KeyguardViewMediator(  258): setHidden false
02-13 18:41:23.090 D/KeyguardViewMediator(  258): setHidden false
02-13 18:41:23.110 D/KeyguardViewMediator(  258): setHidden false
02-13 18:41:23.120 D/KeyguardViewMediator(  258): setHidden false
02-13 18:41:23.140 D/KeyguardViewMediator(  258): setHidden false
02-13 18:41:23.160 D/KeyguardViewMediator(  258): setHidden false
02-13 18:41:23.170 D/KeyguardViewMediator(  258): setHidden false
02-13 18:41:23.190 D/KeyguardViewMediator(  258): setHidden false
02-13 18:41:23.200 D/KeyguardViewMediator(  258): setHidden false
02-13 18:41:23.220 D/KeyguardViewMediator(  258): setHidden false
02-13 18:41:23.240 D/KeyguardViewMediator(  258): setHidden false
02-13 18:41:23.250 D/KeyguardViewMediator(  258): setHidden false
02-13 18:41:23.270 D/KeyguardViewMediator(  258): setHidden false
02-13 18:41:23.290 D/KeyguardViewMediator(  258): setHidden false
02-13 18:41:23.300 D/KeyguardViewMediator(  258): setHidden false
02-13 18:41:23.320 D/KeyguardViewMediator(  258): setHidden false
02-13 18:41:23.330 D/KeyguardViewMediator(  258): setHidden false
02-13 18:41:23.350 D/KeyguardViewMediator(  258): setHidden false
02-13 18:41:23.370 D/KeyguardViewMediator(  258): setHidden false
02-13 18:41:23.380 D/KeyguardViewMediator(  258): setHidden false
02-13 18:41:23.400 D/KeyguardViewMediator(  258): setHidden false
02-13 18:41:23.421 D/KeyguardViewMediator(  258): setHidden false
02-13 18:41:23.431 D/KeyguardViewMediator(  258): setHidden false
02-13 18:41:23.451 D/KeyguardViewMediator(  258): setHidden false
02-13 18:41:23.461 D/KeyguardViewMediator(  258): setHidden false
02-13 18:41:23.641 I/DATA    (  337): [DCT(0) ] onDataCallListChanged:
02-13 18:41:23.641 I/DATA    (  337): [DCT(0) ] ---dc state list---
02-13 18:41:23.641 I/DATA    (  337): [DCT(0) ] DataCallState: { cid: 0, active: 1, type: , apn: , address: 173.155.101.96 }
02-13 18:41:23.641 I/DATA    (  337): [DCT(0) ] ---dc list---
02-13 18:41:23.651 I/DATA    (  337): [DCT(0) ] cid = 0, state = DcActiveState, bearerType = IP, ipaddress = 173.155.101.96, gw=173.155.101.97, dns=[68.28.67.132, 68.28.68.132]
02-13 18:41:24.071 D/KeyguardViewMediator(  258): setHidden false
02-13 18:41:24.081 D/KeyguardViewMediator(  258): setHidden false
02-13 18:41:24.101 D/KeyguardViewMediator(  258): setHidden false
02-13 18:41:24.171 I/Mms/compose(  533): SLIDESHOW updateSendButtonState enable = true
02-13 18:41:24.171 I/Mms/compose(  533): SLIDESHOW setSendButtonText isMms = false
02-13 18:41:24.181 D/KeyguardViewMediator(  258): setHidden false
02-13 18:41:24.181 I/Mms/compose(  533): SLIDESHOW setSendButtonText isMms = false
02-13 18:41:24.191 D/KeyguardViewMediator(  258): setHidden false
02-13 18:41:24.201 D/KeyguardViewMediator(  258): setHidden false
02-13 18:41:24.211 D/KeyguardViewMediator(  258): setHidden false
02-13 18:41:24.241 D/KeyguardViewMediator(  258): setHidden false
02-13 18:41:24.241 D/KeyguardViewMediator(  258): setHidden false
02-13 18:41:24.261 D/KeyguardViewMediator(  258): setHidden false
02-13 18:41:24.281 D/KeyguardViewMediator(  258): setHidden false
02-13 18:41:24.281 D/KeyguardViewMediator(  258): setHidden false
02-13 18:41:24.291 D/KeyguardViewMediator(  258): setHidden false
02-13 18:41:24.311 D/KeyguardViewMediator(  258): setHidden false
02-13 18:41:24.321 D/KeyguardViewMediator(  258): setHidden false
02-13 18:41:24.341 D/KeyguardViewMediator(  258): setHidden false
02-13 18:41:24.361 D/KeyguardViewMediator(  258): setHidden false
02-13 18:41:24.371 D/KeyguardViewMediator(  258): setHidden false
02-13 18:41:24.391 D/KeyguardViewMediator(  258): setHidden false
02-13 18:41:24.391 D/KeyguardViewMediator(  258): setHidden false
02-13 18:41:24.401 D/KeyguardViewMediator(  258): setHidden false
02-13 18:41:24.411 D/KeyguardViewMediator(  258): setHidden false
02-13 18:41:24.421 D/KeyguardViewMediator(  258): setHidden false
02-13 18:41:24.442 D/KeyguardViewMediator(  258): setHidden false
02-13 18:41:24.452 D/KeyguardViewMediator(  258): setHidden false
02-13 18:41:24.472 D/KeyguardViewMediator(  258): setHidden false
02-13 18:41:24.502 D/KeyguardViewMediator(  258): setHidden false
02-13 18:41:24.502 D/KeyguardViewMediator(  258): setHidden false
02-13 18:41:24.522 D/KeyguardViewMediator(  258): setHidden false
02-13 18:41:24.522 D/KeyguardViewMediator(  258): setHidden false
02-13 18:41:24.572 D/KeyguardViewMediator(  258): setHidden false
02-13 18:41:24.582 I/Mms/compose(  533): SLIDESHOW updateSendButtonState enable = true
02-13 18:41:24.582 I/Mms/compose(  533): SLIDESHOW setSendButtonText isMms = false
02-13 18:41:24.582 I/Mms/compose(  533): SLIDESHOW setSendButtonText isMms = false
02-13 18:41:24.582 D/KeyguardViewMediator(  258): setHidden false
02-13 18:41:24.602 D/KeyguardViewMediator(  258): setHidden false
02-13 18:41:24.622 D/KeyguardViewMediator(  258): setHidden false
02-13 18:41:24.632 D/KeyguardViewMediator(  258): setHidden false
02-13 18:41:24.642 D/KeyguardViewMediator(  258): setHidden false
02-13 18:41:24.652 D/KeyguardViewMediator(  258): setHidden false
02-13 18:41:24.652 D/KeyguardViewMediator(  258): setHidden false
02-13 18:41:24.662 D/KeyguardViewMediator(  258): setHidden false
02-13 18:41:24.802 D/KeyguardViewMediator(  258): setHidden false
02-13 18:41:24.812 I/Mms/compose(  533): SLIDESHOW updateSendButtonState enable = true
02-13 18:41:24.812 I/Mms/compose(  533): SLIDESHOW setSendButtonText isMms = false
02-13 18:41:24.812 I/Mms/compose(  533): SLIDESHOW setSendButtonText isMms = false
02-13 18:41:24.822 D/KeyguardViewMediator(  258): setHidden false
02-13 18:41:24.832 D/KeyguardViewMediator(  258): setHidden false
02-13 18:41:24.852 D/KeyguardViewMediator(  258): setHidden false
02-13 18:41:24.872 D/KeyguardViewMediator(  258): setHidden false
02-13 18:41:24.882 D/KeyguardViewMediator(  258): setHidden false
02-13 18:41:24.892 D/KeyguardViewMediator(  258): setHidden false
02-13 18:41:24.902 D/KeyguardViewMediator(  258): setHidden false
02-13 18:41:24.902 D/KeyguardViewMediator(  258): setHidden false
02-13 18:41:24.932 D/KeyguardViewMediator(  258): setHidden false
02-13 18:41:24.942 D/KeyguardViewMediator(  258): setHidden false
02-13 18:41:25.052 D/KeyguardViewMediator(  258): setHidden false
02-13 18:41:25.062 I/Mms/compose(  533): SLIDESHOW updateSendButtonState enable = true
02-13 18:41:25.062 I/Mms/compose(  533): SLIDESHOW setSendButtonText isMms = false
02-13 18:41:25.062 I/Mms/compose(  533): SLIDESHOW setSendButtonText isMms = false
02-13 18:41:25.062 D/KeyguardViewMediator(  258): setHidden false
02-13 18:41:25.082 D/KeyguardViewMediator(  258): setHidden false
02-13 18:41:25.102 D/KeyguardViewMediator(  258): setHidden false
02-13 18:41:25.112 D/KeyguardViewMediator(  258): setHidden false
02-13 18:41:25.122 D/KeyguardViewMediator(  258): setHidden false
02-13 18:41:25.142 D/KeyguardViewMediator(  258): setHidden false
02-13 18:41:25.142 D/KeyguardViewMediator(  258): setHidden false
02-13 18:41:25.162 D/KeyguardViewMediator(  258): setHidden false
02-13 18:41:25.172 D/KeyguardViewMediator(  258): setHidden false
02-13 18:41:25.232 D/KeyguardViewMediator(  258): setHidden false
02-13 18:41:25.232 I/Mms/compose(  533): SLIDESHOW updateSendButtonState enable = true
02-13 18:41:25.232 I/Mms/compose(  533): SLIDESHOW setSendButtonText isMms = false
02-13 18:41:25.242 I/Mms/compose(  533): SLIDESHOW setSendButtonText isMms = false
02-13 18:41:25.252 D/KeyguardViewMediator(  258): setHidden false
02-13 18:41:25.272 D/KeyguardViewMediator(  258): setHidden false
02-13 18:41:25.292 D/KeyguardViewMediator(  258): setHidden false
02-13 18:41:25.302 D/KeyguardViewMediator(  258): setHidden false
02-13 18:41:25.322 D/KeyguardViewMediator(  258): setHidden false
02-13 18:41:25.332 D/KeyguardViewMediator(  258): setHidden false
02-13 18:41:25.332 D/KeyguardViewMediator(  258): setHidden false
02-13 18:41:25.382 D/KeyguardViewMediator(  258): setHidden false
02-13 18:41:25.392 D/KeyguardViewMediator(  258): setHidden false
02-13 18:41:25.402 D/KeyguardViewMediator(  258): setHidden false
02-13 18:41:25.503 D/KeyguardViewMediator(  258): setHidden false
02-13 18:41:25.513 I/Mms/compose(  533): SLIDESHOW updateSendButtonState enable = true
02-13 18:41:25.513 I/Mms/compose(  533): SLIDESHOW setSendButtonText isMms = false
02-13 18:41:25.523 D/KeyguardViewMediator(  258): setHidden false
02-13 18:41:25.523 I/Mms/compose(  533): SLIDESHOW setSendButtonText isMms = false
02-13 18:41:25.533 D/KeyguardViewMediator(  258): setHidden false
02-13 18:41:25.553 D/KeyguardViewMediator(  258): setHidden false
02-13 18:41:25.563 D/KeyguardViewMediator(  258): setHidden false
02-13 18:41:25.583 D/KeyguardViewMediator(  258): setHidden false
02-13 18:41:25.603 D/KeyguardViewMediator(  258): setHidden false
02-13 18:41:25.603 D/KeyguardViewMediator(  258): setHidden false
02-13 18:41:25.963 D/KeyguardViewMediator(  258): setHidden false
02-13 18:41:25.973 D/KeyguardViewMediator(  258): setHidden false
02-13 18:41:25.983 D/KeyguardViewMediator(  258): setHidden false
02-13 18:41:26.003 D/KeyguardViewMediator(  258): setHidden false
02-13 18:41:26.113 I/Mms/compose(  533): SLIDESHOW updateSendButtonState enable = true
02-13 18:41:26.113 I/Mms/compose(  533): SLIDESHOW setSendButtonText isMms = false
02-13 18:41:26.113 I/Mms/compose(  533): SLIDESHOW setSendButtonText isMms = false
02-13 18:41:26.123 D/KeyguardViewMediator(  258): setHidden false
02-13 18:41:26.143 D/KeyguardViewMediator(  258): setHidden false
02-13 18:41:26.163 D/KeyguardViewMediator(  258): setHidden false
02-13 18:41:26.183 D/KeyguardViewMediator(  258): setHidden false
02-13 18:41:26.193 D/KeyguardViewMediator(  258): setHidden false
02-13 18:41:26.213 D/KeyguardViewMediator(  258): setHidden false
02-13 18:41:26.223 D/KeyguardViewMediator(  258): setHidden false
02-13 18:41:26.233 D/KeyguardViewMediator(  258): setHidden false
02-13 18:41:26.243 I/Mms/compose(  533): SLIDESHOW updateSendButtonState enable = true
02-13 18:41:26.243 I/Mms/compose(  533): SLIDESHOW setSendButtonText isMms = false
02-13 18:41:26.243 I/Mms/compose(  533): SLIDESHOW setSendButtonText isMms = false
02-13 18:41:26.263 D/KeyguardViewMediator(  258): setHidden false
02-13 18:41:26.273 D/KeyguardViewMediator(  258): setHidden false
02-13 18:41:26.293 D/KeyguardViewMediator(  258): setHidden false
02-13 18:41:26.333 D/KeyguardViewMediator(  258): setHidden false
02-13 18:41:26.353 D/KeyguardViewMediator(  258): setHidden false
02-13 18:41:26.363 D/KeyguardViewMediator(  258): setHidden false
02-13 18:41:26.393 D/KeyguardViewMediator(  258): setHidden false
02-13 18:41:26.403 D/KeyguardViewMediator(  258): setHidden false
02-13 18:41:26.403 I/Mms/compose(  533): SLIDESHOW updateSendButtonState enable = true
02-13 18:41:26.403 I/Mms/compose(  533): SLIDESHOW setSendButtonText isMms = false
02-13 18:41:26.403 I/Mms/compose(  533): SLIDESHOW setSendButtonText isMms = false
02-13 18:41:26.423 D/KeyguardViewMediator(  258): setHidden false
02-13 18:41:26.433 D/KeyguardViewMediator(  258): setHidden false
02-13 18:41:26.433 D/KeyguardViewMediator(  258): setHidden false
02-13 18:41:26.443 D/KeyguardViewMediator(  258): setHidden false
02-13 18:41:26.463 D/KeyguardViewMediator(  258): setHidden false
02-13 18:41:26.534 D/KeyguardViewMediator(  258): setHidden false
02-13 18:41:26.554 D/KeyguardViewMediator(  258): setHidden false
02-13 18:41:26.574 D/KeyguardViewMediator(  258): setHidden false
02-13 18:41:26.594 D/KeyguardViewMediator(  258): setHidden false
02-13 18:41:26.604 I/Mms/compose(  533): SLIDESHOW updateSendButtonState enable = true
02-13 18:41:26.604 I/Mms/compose(  533): SLIDESHOW setSendButtonText isMms = false
02-13 18:41:26.604 D/KeyguardViewMediator(  258): setHidden false
02-13 18:41:26.614 I/Mms/compose(  533): SLIDESHOW setSendButtonText isMms = false
02-13 18:41:26.624 D/KeyguardViewMediator(  258): setHidden false
02-13 18:41:26.624 D/KeyguardViewMediator(  258): setHidden false
02-13 18:41:26.634 D/KeyguardViewMediator(  258): setHidden false
02-13 18:41:26.634 D/KeyguardViewMediator(  258): setHidden false
02-13 18:41:26.644 D/KeyguardViewMediator(  258): setHidden false
02-13 18:41:26.654 D/KeyguardViewMediator(  258): setHidden false
02-13 18:41:26.744 D/KeyguardViewMediator(  258): setHidden false
02-13 18:41:26.754 D/KeyguardViewMediator(  258): setHidden false
02-13 18:41:26.774 D/KeyguardViewMediator(  258): setHidden false
02-13 18:41:26.784 D/KeyguardViewMediator(  258): setHidden false
02-13 18:41:26.804 D/KeyguardViewMediator(  258): setHidden false
02-13 18:41:26.824 D/KeyguardViewMediator(  258): setHidden false
02-13 18:41:26.834 D/KeyguardViewMediator(  258): setHidden false
02-13 18:41:26.844 D/KeyguardViewMediator(  258): setHidden false
02-13 18:41:26.994 D/KeyguardViewMediator(  258): setHidden false
02-13 18:41:26.994 I/Mms/compose(  533): SLIDESHOW updateSendButtonState enable = true
02-13 18:41:26.994 I/Mms/compose(  533): SLIDESHOW setSendButtonText isMms = false
02-13 18:41:26.994 I/Mms/compose(  533): SLIDESHOW setSendButtonText isMms = false
02-13 18:41:27.004 D/KeyguardViewMediator(  258): setHidden false
02-13 18:41:27.024 D/KeyguardViewMediator(  258): setHidden false
02-13 18:41:27.154 D/KeyguardViewMediator(  258): setHidden false
02-13 18:41:27.164 D/KeyguardViewMediator(  258): setHidden false
02-13 18:41:27.184 D/KeyguardViewMediator(  258): setHidden false
02-13 18:41:27.204 D/KeyguardViewMediator(  258): setHidden false
02-13 18:41:27.214 D/KeyguardViewMediator(  258): setHidden false
02-13 18:41:27.234 D/KeyguardViewMediator(  258): setHidden false
02-13 18:41:27.244 D/KeyguardViewMediator(  258): setHidden false
02-13 18:41:27.254 D/KeyguardViewMediator(  258): setHidden false
02-13 18:41:27.384 D/KeyguardViewMediator(  258): setHidden false
02-13 18:41:27.394 D/KeyguardViewMediator(  258): setHidden false
02-13 18:41:27.414 D/KeyguardViewMediator(  258): setHidden false
02-13 18:41:27.484 D/KeyguardViewMediator(  258): setHidden false
02-13 18:41:27.494 D/KeyguardViewMediator(  258): setHidden false
02-13 18:41:27.525 D/KeyguardViewMediator(  258): setHidden false
02-13 18:41:27.535 D/KeyguardViewMediator(  258): setHidden false
02-13 18:41:27.555 D/KeyguardViewMediator(  258): setHidden false
02-13 18:41:27.565 D/KeyguardViewMediator(  258): setHidden false
02-13 18:41:27.585 D/KeyguardViewMediator(  258): setHidden false
02-13 18:41:27.585 D/KeyguardViewMediator(  258): setHidden false
