02-13 18:40:28.242 D/Bitmap  (  258):       android.graphics.BitmapFactory.decodeResourceStream(BitmapFactory.java:336)
02-13 18:40:28.242 D/Bitmap  (  258):       android.graphics.drawable.Drawable.createFromResourceStream(Drawable.java:697)
02-13 18:40:28.242 D/Bitmap  (  258):       android.content.res.Resources.loadDrawable(Resources.java:1709)
02-13 18:40:28.242 D/Bitmap  (  258):       android.content.res.Resources.getDrawable(Resources.java:581)
02-13 18:40:28.242 D/Bitmap  (  258):       android.graphics.drawable.StateListDrawable.inflate(StateListDrawable.java:162)
02-13 18:40:28.242 D/Bitmap  (  258):       android.graphics.drawable.Drawable.createFromXmlInner(Drawable.java:787)
02-13 18:40:28.242 D/Bitmap  (  258):       android.graphics.drawable.Drawable.createFromXml(Drawable.java:728)
02-13 18:40:28.242 D/Bitmap  (  258):       android.content.res.Resources.loadDrawable(Resources.java:1694)
02-13 18:40:28.242 D/Bitmap  (  258):       android.content.res.Resources.getDrawable(Resources.java:581)
02-13 18:40:28.242 D/Bitmap  (  258):       android.view.View.setBackgroundResource(View.java:7533)
02-13 18:40:28.242 D/Bitmap  (  258):       com.android.internal.widget.SlidingTab$Slider.<init>(SlidingTab.java:192)
02-13 18:40:28.262 D/Bitmap  (  258):       com.android.internal.widget.SlidingTab.<init>(SlidingTab.java:462)
02-13 18:40:28.262 D/Bitmap  (  258):       java.lang.reflect.Constructor.constructNative(Native Method)
02-13 18:40:28.262 D/Bitmap  (  258):       java.lang.reflect.Constructor.newInstance(Constructor.java:415)
02-13 18:40:28.262 D/Bitmap  (  258):       android.view.LayoutInflater.createView(LayoutInflater.java:505)
02-13 18:40:28.262 D/Bitmap  (  258):       android.view.LayoutInflater.createViewFromTag(LayoutInflater.java:570)
02-13 18:40:28.262 D/Bitmap  (  258):       android.view.LayoutInflater.rInflate(LayoutInflater.java:623)
02-13 18:40:28.262 D/Bitmap  (  258):       android.view.LayoutInflater.inflate(LayoutInflater.java:408)
02-13 18:40:28.262 D/Bitmap  (  258):       android.view.LayoutInflater.inflate(LayoutInflater.java:320)
02-13 18:40:28.262 D/Bitmap  (  258):       com.android.internal.policy.impl.LockScreen.<init>(LockScreen.java:328)
02-13 18:40:28.262 D/Bitmap  (  258):       com.android.internal.policy.impl.LockPatternKeyguardView.createLockScreen(LockPatternKeyguardView.java:821)
02-13 18:40:28.262 D/Bitmap  (  258):       com.android.internal.policy.impl.LockPatternKeyguardView.<init>(LockPatternKeyguardView.java:429)
02-13 18:40:28.262 D/Bitmap  (  258):       com.android.internal.policy.impl.LockPatternKeyguardViewProperties.createKeyguardView(LockPatternKeyguardViewProperties.java:49)
02-13 18:40:28.262 D/Bitmap  (  258):       com.android.internal.policy.impl.KeyguardViewManager.show(KeyguardViewManager.java:125)
02-13 18:40:28.262 D/Bitmap  (  258):       com.android.internal.policy.impl.KeyguardViewMediator.handleShow(KeyguardViewMediator.java:1064)
02-13 18:40:28.262 D/Bitmap  (  258):       com.android.internal.policy.impl.KeyguardViewMediator.access$700(KeyguardViewMediator.java:103)
02-13 18:40:28.262 D/Bitmap  (  258):       com.android.internal.policy.impl.KeyguardViewMediator$2.handleMessage(KeyguardViewMediator.java:931)
02-13 18:40:28.262 D/Bitmap  (  258):       android.os.Handler.dispatchMessage(Handler.java:99)
02-13 18:40:28.262 D/Bitmap  (  258):       android.os.Looper.loop(Looper.java:130)
02-13 18:40:28.262 D/Bitmap  (  258):       com.android.server.WindowManagerService$PolicyThread.run(WindowManagerService.java:613)
02-13 18:40:28.262 D/Bitmap  (  258): _
02-13 18:40:28.262 D/Bitmap  (  258): Detect unrecycled bitmap.
02-13 18:40:28.262 D/Bitmap  (  258):       Size: 39744 Bytes, Width: 108 , Height: 92 , Hash code: 1080743864
02-13 18:40:28.262 D/Bitmap  (  258):  This bimap was created in:
02-13 18:40:28.262 D/Bitmap  (  258):       android.graphics.Bitmap.<init>(Bitmap.java:136)
02-13 18:40:28.262 D/Bitmap  (  258):       android.graphics.BitmapFactory.nativeDecodeAsset(Native Method)
02-13 18:40:28.262 D/Bitmap  (  258):       android.graphics.BitmapFactory.decodeStream(BitmapFactory.java:460)
02-13 18:40:28.262 D/Bitmap  (  258):       android.graphics.BitmapFactory.decodeResourceStream(BitmapFactory.java:336)
02-13 18:40:28.262 D/Bitmap  (  258):       android.graphics.drawable.Drawable.createFromResourceStream(Drawable.java:697)
02-13 18:40:28.262 D/Bitmap  (  258):       android.content.res.Resources.loadDrawable(Resources.java:1709)
02-13 18:40:28.262 D/Bitmap  (  258):       android.content.res.Resources.getDrawable(Resources.java:581)
02-13 18:40:28.262 D/Bitmap  (  258):       android.graphics.drawable.StateListDrawable.inflate(StateListDrawable.java:162)
02-13 18:40:28.262 D/Bitmap  (  258):       android.graphics.drawable.Drawable.createFromXmlInner(Drawable.java:787)
02-13 18:40:28.262 D/Bitmap  (  258):       android.graphics.drawable.Drawable.createFromXml(Drawable.java:728)
02-13 18:40:28.262 D/Bitmap  (  258):       android.content.res.Resources.loadDrawable(Resources.java:1694)
02-13 18:40:28.262 D/Bitmap  (  258):       android.content.res.Resources.getDrawable(Resources.java:581)
02-13 18:40:28.262 D/Bitmap  (  258):       android.view.View.setBackgroundResource(View.java:7533)
02-13 18:40:28.262 D/Bitmap  (  258):       com.android.internal.widget.SlidingTab$Slider.<init>(SlidingTab.java:192)
02-13 18:40:28.262 D/Bitmap  (  258):       com.android.internal.widget.SlidingTab.<init>(SlidingTab.java:462)
02-13 18:40:28.262 D/Bitmap  (  258):       java.lang.reflect.Constructor.constructNative(Native Method)
02-13 18:40:28.262 D/Bitmap  (  258):       java.lang.reflect.Constructor.newInstance(Constructor.java:415)
02-13 18:40:28.262 D/Bitmap  (  258):       android.view.LayoutInflater.createView(LayoutInflater.java:505)
02-13 18:40:28.262 D/Bitmap  (  258):       android.view.LayoutInflater.createViewFromTag(LayoutInflater.java:570)
02-13 18:40:28.262 D/Bitmap  (  258):       android.view.LayoutInflater.rInflate(LayoutInflater.java:623)
02-13 18:40:28.262 D/Bitmap  (  258):       android.view.LayoutInflater.inflate(LayoutInflater.java:408)
02-13 18:40:28.272 D/Warhol  (  351): Adding *WARHOL* hotseat...
02-13 18:40:28.272 D/Warhol  (  351): Warhol uri = intent:#Intent;action=android.intent.action.MAIN;launchFlags=0x10200000;component=com.sprint.w.installer/.ServicePackSwitcher;end
02-13 18:40:28.272 D/Launcher(  351): loadHotseats: hotseat 1 final intent=[intent:#Intent;action=android.intent.action.MAIN;component=com.sprint.w.installer/.ServicePackSwitcher;end] label=[Pick your ID]
02-13 18:40:28.282 I/ActivityThread(  391): Pub num_location: com.android.providers.contacts.NumberLocatorContentProvider
02-13 18:40:28.282 D/Bitmap  (  258):       android.view.LayoutInflater.inflate(LayoutInflater.java:320)
02-13 18:40:28.282 D/Bitmap  (  258):       com.android.internal.policy.impl.LockScreen.<init>(LockScreen.java:328)
02-13 18:40:28.282 D/Bitmap  (  258):       com.android.internal.policy.impl.LockPatternKeyguardView.createLockScreen(LockPatternKeyguardView.java:821)
02-13 18:40:28.282 D/Bitmap  (  258):       com.android.internal.policy.impl.LockPatternKeyguardView.<init>(LockPatternKeyguardView.java:429)
02-13 18:40:28.282 D/Bitmap  (  258):       com.android.internal.policy.impl.LockPatternKeyguardViewProperties.createKeyguardView(LockPatternKeyguardViewProperties.java:49)
02-13 18:40:28.282 D/Bitmap  (  258):       com.android.internal.policy.impl.KeyguardViewManager.show(KeyguardViewManager.java:125)
02-13 18:40:28.282 D/Bitmap  (  258):       com.android.internal.policy.impl.KeyguardViewMediator.handleShow(KeyguardViewMediator.java:1064)
02-13 18:40:28.282 D/Bitmap  (  258):       com.android.internal.policy.impl.KeyguardViewMediator.access$700(KeyguardViewMediator.java:103)
02-13 18:40:28.282 D/Bitmap  (  258):       com.android.internal.policy.impl.KeyguardViewMediator$2.handleMessage(KeyguardViewMediator.java:931)
02-13 18:40:28.282 D/Bitmap  (  258):       android.os.Handler.dispatchMessage(Handler.java:99)
02-13 18:40:28.282 D/Bitmap  (  258):       android.os.Looper.loop(Looper.java:130)
02-13 18:40:28.282 D/Bitmap  (  258):       com.android.server.WindowManagerService$PolicyThread.run(WindowManagerService.java:613)
02-13 18:40:28.282 D/Bitmap  (  258): _
02-13 18:40:28.282 D/Bitmap  (  258): Detect unrecycled bitmap.
02-13 18:40:28.282 D/Bitmap  (  258):       Size: 39744 Bytes, Width: 108 , Height: 92 , Hash code: 1081131312
02-13 18:40:28.282 D/Bitmap  (  258):  This bimap was created in:
02-13 18:40:28.282 D/Bitmap  (  258):       android.graphics.Bitmap.<init>(Bitmap.java:136)
02-13 18:40:28.282 D/Bitmap  (  258):       android.graphics.BitmapFactory.nativeDecodeAsset(Native Method)
02-13 18:40:28.282 D/Bitmap  (  258):       android.graphics.BitmapFactory.decodeStream(BitmapFactory.java:460)
02-13 18:40:28.282 D/Bitmap  (  258):       android.graphics.BitmapFactory.decodeResourceStream(BitmapFactory.java:336)
02-13 18:40:28.282 D/Bitmap  (  258):       android.graphics.drawable.Drawable.createFromResourceStream(Drawable.java:697)
02-13 18:40:28.282 D/Bitmap  (  258):       android.content.res.Resources.loadDrawable(Resources.java:1709)
02-13 18:40:28.282 D/Bitmap  (  258):       android.content.res.Resources.getDrawable(Resources.java:581)
02-13 18:40:28.282 D/Bitmap  (  258):       android.graphics.drawable.StateListDrawable.inflate(StateListDrawable.java:162)
02-13 18:40:28.282 D/Bitmap  (  258):       android.graphics.drawable.Drawable.createFromXmlInner(Drawable.java:787)
02-13 18:40:28.282 D/Bitmap  (  258):       android.graphics.drawable.Drawable.createFromXml(Drawable.java:728)
02-13 18:40:28.282 D/Bitmap  (  258):       android.content.res.Resources.loadDrawable(Resources.java:1694)
02-13 18:40:28.282 D/Bitmap  (  258):       android.content.res.Resources.getDrawable(Resources.java:581)
02-13 18:40:28.282 D/Bitmap  (  258):       android.view.View.setBackgroundResource(View.java:7533)
02-13 18:40:28.282 D/Bitmap  (  258):       com.android.internal.widget.SlidingTab$Slider.<init>(SlidingTab.java:192)
02-13 18:40:28.282 D/Bitmap  (  258):       com.android.internal.widget.SlidingTab.<init>(SlidingTab.java:458)
02-13 18:40:28.282 D/Bitmap  (  258):       java.lang.reflect.Constructor.constructNative(Native Method)
02-13 18:40:28.282 D/Bitmap  (  258):       java.lang.reflect.Constructor.newInstance(Constructor.java:415)
02-13 18:40:28.282 D/Bitmap  (  258):       android.view.LayoutInflater.createView(LayoutInflater.java:505)
02-13 18:40:28.282 D/Bitmap  (  258):       android.view.LayoutInflater.createViewFromTag(LayoutInflater.java:570)
02-13 18:40:28.312 D/CAT     (  337): CatService: CatService on 0Is running
02-13 18:40:28.322 E/DST     (  337): Error parsing service priority string, ignoring 
02-13 18:40:28.322 E/DST     (  337): Error parsing service priority string, ignoring 
02-13 18:40:28.322 E/DST     (  337): Error parsing service priority string, ignoring 
02-13 18:40:28.322 E/DST     (  337): Error parsing service priority string, ignoring 
02-13 18:40:28.342 D/Bitmap  (  258):       android.view.LayoutInflater.rInflate(LayoutInflater.java:623)
02-13 18:40:28.342 D/Bitmap  (  258):       android.view.LayoutInflater.inflate(LayoutInflater.java:408)
02-13 18:40:28.342 D/Bitmap  (  258):       android.view.LayoutInflater.inflate(LayoutInflater.java:320)
02-13 18:40:28.342 D/Bitmap  (  258):       com.android.internal.policy.impl.LockScreen.<init>(LockScreen.java:328)
02-13 18:40:28.342 D/Bitmap  (  258):       com.android.internal.policy.impl.LockPatternKeyguardView.createLockScreen(LockPatternKeyguardView.java:821)
02-13 18:40:28.342 D/Bitmap  (  258):       com.android.internal.policy.impl.LockPatternKeyguardView.<init>(LockPatternKeyguardView.java:429)
02-13 18:40:28.342 D/Bitmap  (  258):       com.android.internal.policy.impl.LockPatternKeyguardViewProperties.createKeyguardView(LockPatternKeyguardViewProperties.java:49)
02-13 18:40:28.342 D/Bitmap  (  258):       com.android.internal.policy.impl.KeyguardViewManager.show(KeyguardViewManager.java:125)
02-13 18:40:28.342 D/Bitmap  (  258):       com.android.internal.policy.impl.KeyguardViewMediator.handleShow(KeyguardViewMediator.java:1064)
02-13 18:40:28.342 D/Bitmap  (  258):       com.android.internal.policy.impl.KeyguardViewMediator.access$700(KeyguardViewMediator.java:103)
02-13 18:40:28.342 D/Bitmap  (  258):       com.android.internal.policy.impl.KeyguardViewMediator$2.handleMessage(KeyguardViewMediator.java:931)
02-13 18:40:28.342 D/Bitmap  (  258):       android.os.Handler.dispatchMessage(Handler.java:99)
02-13 18:40:28.342 D/Bitmap  (  258):       android.os.Looper.loop(Looper.java:130)
02-13 18:40:28.342 D/Bitmap  (  258):       com.android.server.WindowManagerService$PolicyThread.run(WindowManagerService.java:613)
02-13 18:40:28.342 D/Bitmap  (  258): _
02-13 18:40:28.342 D/Bitmap  (  258): Detect unrecycled bitmap.
02-13 18:40:28.342 D/Bitmap  (  258):       Size: 39744 Bytes, Width: 108 , Height: 92 , Hash code: 1081461264
02-13 18:40:28.342 D/Bitmap  (  258):  This bimap was created in:
02-13 18:40:28.342 D/Bitmap  (  258):       android.graphics.Bitmap.<init>(Bitmap.java:136)
02-13 18:40:28.342 D/Bitmap  (  258):       android.graphics.BitmapFactory.nativeDecodeAsset(Native Method)
02-13 18:40:28.342 D/Bitmap  (  258):       android.graphics.BitmapFactory.decodeStream(BitmapFactory.java:460)
02-13 18:40:28.342 D/Bitmap  (  258):       android.graphics.BitmapFactory.decodeResourceStream(BitmapFactory.java:336)
02-13 18:40:28.342 D/Bitmap  (  258):       android.graphics.drawable.Drawable.createFromResourceStream(Drawable.java:697)
02-13 18:40:28.342 D/Bitmap  (  258):       android.content.res.Resources.loadDrawable(Resources.java:1709)
02-13 18:40:28.342 D/Bitmap  (  258):       android.content.res.Resources.getDrawable(Resources.java:581)
02-13 18:40:28.342 D/Bitmap  (  258):       android.graphics.drawable.StateListDrawable.inflate(StateListDrawable.java:162)
02-13 18:40:28.342 D/Bitmap  (  258):       android.graphics.drawable.Drawable.createFromXmlInner(Drawable.java:787)
02-13 18:40:28.342 D/Bitmap  (  258):       android.graphics.drawable.Drawable.createFromXml(Drawable.java:728)
02-13 18:40:28.342 D/Bitmap  (  258):       android.content.res.Resources.loadDrawable(Resources.java:1694)
02-13 18:40:28.342 D/Bitmap  (  258):       android.content.res.Resources.getDrawable(Resources.java:581)
02-13 18:40:28.342 D/Bitmap  (  258):       android.view.View.setBackgroundResource(View.java:7533)
02-13 18:40:28.342 D/Bitmap  (  258):       com.android.internal.widget.SlidingTab$Slider.<init>(SlidingTab.java:192)
02-13 18:40:28.342 D/Bitmap  (  258):       com.android.internal.widget.SlidingTab.<init>(SlidingTab.java:458)
02-13 18:40:28.342 D/Bitmap  (  258):       java.lang.reflect.Constructor.constructNative(Native Method)
02-13 18:40:28.342 D/Bitmap  (  258):       java.lang.reflect.Constructor.newInstance(Constructor.java:415)
02-13 18:40:28.342 D/Bitmap  (  258):       android.view.LayoutInflater.createView(LayoutInflater.java:505)
02-13 18:40:28.342 D/Bitmap  (  258):       android.view.LayoutInflater.createViewFromTag(LayoutInflater.java:570)
02-13 18:40:28.342 D/Bitmap  (  258):       android.view.LayoutInflater.rInflate(LayoutInflater.java:623)
02-13 18:40:28.342 D/Bitmap  (  258):       android.view.LayoutInflater.inflate(LayoutInflater.java:408)
02-13 18:40:28.342 D/Bitmap  (  258):       android.view.LayoutInflater.inflate(LayoutInflater.java:320)
02-13 18:40:28.342 D/Bitmap  (  258):       com.android.internal.policy.impl.LockScreen.<init>(LockScreen.java:328)
02-13 18:40:28.342 D/Bitmap  (  258):       com.android.internal.policy.impl.LockPatternKeyguardView.createLockScreen(LockPatternKeyguardView.java:821)
02-13 18:40:28.342 D/Bitmap  (  258):       com.android.internal.policy.impl.LockPatternKeyguardView.<init>(LockPatternKeyguardView.java:429)
02-13 18:40:28.342 D/Bitmap  (  258):       com.android.internal.policy.impl.LockPatternKeyguardViewProperties.createKeyguardView(LockPatternKeyguardViewProperties.java:49)
02-13 18:40:28.342 D/Bitmap  (  258):       com.android.internal.policy.impl.KeyguardViewManager.show(KeyguardViewManager.java:125)
02-13 18:40:28.342 D/Bitmap  (  258):       com.android.internal.policy.impl.KeyguardViewMediator.handleShow(KeyguardViewMediator.java:1064)
02-13 18:40:28.342 D/Bitmap  (  258):       com.android.internal.policy.impl.KeyguardViewMediator.access$700(KeyguardViewMediator.java:103)
02-13 18:40:28.342 D/Bitmap  (  258):       com.android.internal.policy.impl.KeyguardViewMediator$2.handleMessage(KeyguardViewMediator.java:931)
02-13 18:40:28.342 D/Bitmap  (  258):       android.os.Handler.dispatchMessage(Handler.java:99)
02-13 18:40:28.342 D/Bitmap  (  258):       android.os.Looper.loop(Looper.java:130)
02-13 18:40:28.342 D/Bitmap  (  258):       com.android.server.WindowManagerService$PolicyThread.run(WindowManagerService.java:613)
02-13 18:40:28.342 D/Bitmap  (  258): _
02-13 18:40:28.342 D/Bitmap  (  258): Detect unrecycled bitmap.
02-13 18:40:28.342 D/Bitmap  (  258):       Size: 39744 Bytes, Width: 108 , Height: 92 , Hash code: 1081472240
02-13 18:40:28.342 D/Bitmap  (  258):  This bimap was created in:
02-13 18:40:28.342 D/Bitmap  (  258):       android.graphics.Bitmap.<init>(Bitmap.java:136)
02-13 18:40:28.342 D/Bitmap  (  258):       android.graphics.BitmapFactory.nativeDecodeAsset(Native Method)
02-13 18:40:28.342 D/Bitmap  (  258):       android.graphics.BitmapFactory.decodeStream(BitmapFactory.java:460)
02-13 18:40:28.342 D/Bitmap  (  258):       android.graphics.BitmapFactory.decodeResourceStream(BitmapFactory.java:336)
02-13 18:40:28.342 D/Bitmap  (  258):       android.graphics.drawable.Drawable.createFromResourceStream(Drawable.java:697)
02-13 18:40:28.342 D/Bitmap  (  258):       android.content.res.Resources.loadDrawable(Resources.java:1709)
02-13 18:40:28.342 D/Bitmap  (  258):       android.content.res.Resources.getDrawable(Resources.java:581)
02-13 18:40:28.342 D/Bitmap  (  258):       android.graphics.drawable.StateListDrawable.inflate(StateListDrawable.java:162)
02-13 18:40:28.342 D/Bitmap  (  258):       android.graphics.drawable.Drawable.createFromXmlInner(Drawable.java:787)
02-13 18:40:28.342 D/Bitmap  (  258):       android.graphics.drawable.Drawable.createFromXml(Drawable.java:728)
02-13 18:40:28.342 D/Bitmap  (  258):       android.content.res.Resources.loadDrawable(Resources.java:1694)
02-13 18:40:28.342 D/Bitmap  (  258):       android.content.res.Resources.getDrawable(Resources.java:581)
02-13 18:40:28.342 D/Bitmap  (  258):       android.view.View.setBackgroundResource(View.java:7533)
02-13 18:40:28.342 D/Bitmap  (  258):       com.android.internal.widget.SlidingTab$Slider.<init>(SlidingTab.java:192)
02-13 18:40:28.342 D/Bitmap  (  258):       com.android.internal.widget.SlidingTab.<init>(SlidingTab.java:458)
02-13 18:40:28.342 D/Bitmap  (  258):       java.lang.reflect.Constructor.constructNative(Native Method)
02-13 18:40:28.352 D/Bitmap  (  258):       java.lang.reflect.Constructor.newInstance(Constructor.java:415)
02-13 18:40:28.352 D/Bitmap  (  258):       android.view.LayoutInflater.createView(LayoutInflater.java:505)
02-13 18:40:28.352 D/Bitmap  (  258):       android.view.LayoutInflater.createViewFromTag(LayoutInflater.java:570)
02-13 18:40:28.352 D/Bitmap  (  258):       android.view.LayoutInflater.rInflate(LayoutInflater.java:623)
02-13 18:40:28.352 D/Bitmap  (  258):       android.view.LayoutInflater.inflate(LayoutInflater.java:408)
02-13 18:40:28.352 D/Bitmap  (  258):       android.view.LayoutInflater.inflate(LayoutInflater.java:320)
02-13 18:40:28.352 D/Bitmap  (  258):       com.android.internal.policy.impl.LockScreen.<init>(LockScreen.java:328)
02-13 18:40:28.352 D/Bitmap  (  258):       com.android.internal.policy.impl.LockPatternKeyguardView.createLockScreen(LockPatternKeyguardView.java:821)
02-13 18:40:28.352 D/Bitmap  (  258):       com.android.internal.policy.impl.LockPatternKeyguardView.<init>(LockPatternKeyguardView.java:429)
02-13 18:40:28.352 D/Bitmap  (  258):       com.android.internal.policy.impl.LockPatternKeyguardViewProperties.createKeyguardView(LockPatternKeyguardViewProperties.java:49)
02-13 18:40:28.352 D/Bitmap  (  258):       com.android.internal.policy.impl.KeyguardViewManager.show(KeyguardViewManager.java:125)
02-13 18:40:28.352 D/Bitmap  (  258):       com.android.internal.policy.impl.KeyguardViewMediator.handleShow(KeyguardViewMediator.java:1064)
02-13 18:40:28.352 D/Bitmap  (  258):       com.android.internal.policy.impl.KeyguardViewMediator.access$700(KeyguardViewMediator.java:103)
02-13 18:40:28.352 D/Bitmap  (  258):       com.android.internal.policy.impl.KeyguardViewMediator$2.handleMessage(KeyguardViewMediator.java:931)
02-13 18:40:28.352 D/Bitmap  (  258):       android.os.Handler.dispatchMessage(Handler.java:99)
02-13 18:40:28.352 D/Bitmap  (  258):       android.os.Looper.loop(Looper.java:130)
02-13 18:40:28.352 D/Bitmap  (  258):       com.android.server.WindowManagerService$PolicyThread.run(WindowManagerService.java:613)
02-13 18:40:28.352 D/Bitmap  (  258): _
02-13 18:40:28.352 E/DST     (  337): Error parsing service priority string, ignoring 
02-13 18:40:28.382 D/LockPatternKeyguardView(  258): createUnlockScreenFor(Pattern): mEnableFallback=false
02-13 18:40:28.442 D/KeyguardViewMediator(  258): adjustUserActivityLocked mShowing: true mHidden: false
02-13 18:40:28.442 E/NumberLocatorContentProvider(  391): db.query ex:no such table: location: , while compiling: SELECT location.uuid as phonenum, city_zone.city as cityname, card.card as cardtype, city_zone.zone as areacode FROM location,city_zone,card WHERE location.uuid='1300000' and location.city=city_zone.uuid and location.card = card.uuid
02-13 18:40:28.452 D/KeyguardViewMediator(  258): onScreenTurnedOn, seq = 1
02-13 18:40:28.452 D/KeyguardViewMediator(  258): notifyScreenOnLocked
02-13 18:40:28.452 E/Sensors (  258): [HAL]ready to call enable(Accelerometer,1),AAAAAAAA
02-13 18:40:28.452 E/Sensors (  258): [HAL]mEnabled = 0;ready to open /dev/akm8962_aot
02-13 18:40:28.452 E/Sensors (  258): [HAL]ECS_IOCTL_APP_SET_AFLAG 	success,flags = 1
02-13 18:40:28.452 E/Sensors (  258): [HAL]After {mEnabled &= ~(1<<what)},mEnabled = 0
02-13 18:40:28.452 E/Sensors (  258): [HAL]After {(newState)<<what)},mEnabled = 1
02-13 18:40:28.462 W/System.err(  391): java.io.FileNotFoundException: /system/etc/customize/location.db (No such file or directory)
02-13 18:40:28.462 W/System.err(  391): 	at org.apache.harmony.luni.platform.OSFileSystem.open(Native Method)
02-13 18:40:28.472 I/DATA    (  337): [SERVICE_TYPE_DEFAULT] set enabled = true
02-13 18:40:28.482 W/System.err(  391): 	at dalvik.system.BlockGuard$WrappedFileSystem.open(BlockGuard.java:232)
02-13 18:40:28.482 W/System.err(  391): 	at java.io.FileInputStream.<init>(FileInputStream.java:80)
02-13 18:40:28.482 W/System.err(  391): 	at com.android.providers.contacts.NumberLocatorContentProvider.copyDatabaseToDataPath(NumberLocatorContentProvider.java:115)
02-13 18:40:28.482 W/System.err(  391): 	at com.android.providers.contacts.NumberLocatorContentProvider.onCreate(NumberLocatorContentProvider.java:160)
02-13 18:40:28.482 W/System.err(  391): 	at android.content.ContentProvider.attachInfo(ContentProvider.java:829)
02-13 18:40:28.482 W/System.err(  391): 	at android.app.ActivityThread.installProvider(ActivityThread.java:3575)
02-13 18:40:28.482 W/System.err(  391): 	at android.app.ActivityThread.installContentProviders(ActivityThread.java:3330)
02-13 18:40:28.482 W/System.err(  391): 	at android.app.ActivityThread.handleBindApplication(ActivityThread.java:3286)
02-13 18:40:28.482 W/System.err(  391): 	at android.app.ActivityThread.access$2200(ActivityThread.java:123)
02-13 18:40:28.482 W/System.err(  391): 	at android.app.ActivityThread$H.handleMessage(ActivityThread.java:986)
02-13 18:40:28.482 W/System.err(  391): 	at android.os.Handler.dispatchMessage(Handler.java:99)
02-13 18:40:28.482 W/System.err(  391): 	at android.os.Looper.loop(Looper.java:130)
02-13 18:40:28.482 W/System.err(  391): 	at android.app.ActivityThread.main(ActivityThread.java:3704)
02-13 18:40:28.482 W/System.err(  391): 	at java.lang.reflect.Method.invokeNative(Native Method)
02-13 18:40:28.482 W/System.err(  391): 	at java.lang.reflect.Method.invoke(Method.java:507)
02-13 18:40:28.482 I/DATA    (  337): [DCT ] SUPPORT_IPV4 = true
02-13 18:40:28.482 I/DATA    (  337): [DCT ] SUPPORT_IPV6 = false
02-13 18:40:28.492 I/DATA    (  337): [DCT ] SUPPORT_MPDN = false
02-13 18:40:28.492 I/DATA    (  337): [DCT ] SUPPORT_MPDN_SERVICE_ARBITRATION = false
02-13 18:40:28.492 W/System.err(  391): 	at com.android.internal.os.ZygoteInit$MethodAndArgsCaller.run(ZygoteInit.java:875)
02-13 18:40:28.492 W/System.err(  391): 	at com.android.internal.os.ZygoteInit.main(ZygoteInit.java:633)
02-13 18:40:28.492 W/System.err(  391): 	at dalvik.system.NativeStart.main(Native Method)
02-13 18:40:28.492 E/NumberLocatorContentProvider(  391): copyDatabaseToDataPath ex:/system/etc/customize/location.db (No such file or directory)
02-13 18:40:28.492 I/ActivityThread(  391): Pub user_dictionary: com.android.providers.userdictionary.UserDictionaryProvider
02-13 18:40:28.492 I/DATA    (  337): [DCT ] SUPPORT_OMH = false
02-13 18:40:28.492 I/DATA    (  337): [DCT ] PROPERTY_SUPPORT_EHRPD = false
02-13 18:40:28.492 I/DATA    (  337): [DCT ] PROPERTY_SUPPORT_SVLTE1X = false
02-13 18:40:28.492 I/DATA    (  337): [DCT ] SUPPORT_OOS_IS_DISCONNECT = true
02-13 18:40:28.522 I/ActivityThread(  391): Pub com.android.social: com.android.providers.contacts.SocialProvider
02-13 18:40:28.522 I/ActivityThread(  391): Pub applications: com.android.providers.applications.ApplicationsProvider
02-13 18:40:28.542 D/KeyguardViewMediator(  258): setHidden false
02-13 18:40:28.552 D/KeyguardViewMediator(  258): setHidden false
02-13 18:40:28.592 D/KeyguardUpdateMonitor(  258): handleBatteryUpdate
02-13 18:40:28.602 D/LockScreen(  258): onRefreshBatteryInfo(true, true)
02-13 18:40:28.602 D/KeyguardUpdateMonitor(  258): handleRingerModeChange(1)
02-13 18:40:28.602 D/KeyguardViewMediator(  258): handleNotifyScreenOn
02-13 18:40:28.602 I/LockPatternKeyguardView(  258): updateLockscreenBackground
02-13 18:40:28.602 I/LockPatternKeyguardView(  258): setBackgroundDrawable
02-13 18:40:28.602 I/LockPatternKeyguardView(  258): file not found: etc/customize/default_lockscreen
02-13 18:40:28.602 D/LockScreen(  258): updateLayout: status=SimMissingsubscription=0
02-13 18:40:28.602 D/LockScreen(  258): Updating Lock Screen text to Ruim
02-13 18:40:28.652 D/MccTable(  337): updateMccMncConfiguration: mcc=310, mnc=120
02-13 18:40:28.662 D/MccTable(  337): locale set to en_us
02-13 18:40:28.662 D/MccTable(  337): WIFI_NUM_ALLOWED_CHANNELS set to 11
02-13 18:40:28.672 I/dun_service(  123): process rmnet event
02-13 18:40:28.672 I/dun_service(  123): Post event 3
02-13 18:40:28.672 I/dun_service(  123): received event: DUN_EVENT_RMNET_DOWN 
02-13 18:40:28.672 I/dun_service(  123): received event(DUN_EVENT_RMNET_DOWN) in state(DUN_STATE_USB_UNPLUG)
02-13 18:40:28.672 I/dun_service(  123): Ignoring the event DUN_EVENT_RMNET_DOWN in USB_UNPLUG_STATE
02-13 18:40:28.672 I/dun_service(  123): Moved to state(DUN_STATE_USB_UNPLUG)
02-13 18:40:28.692 D/KeyguardViewMediator(  258): setHidden false
02-13 18:40:28.732 I/ActivityThread(  391): Pub contacts;com.android.contacts: com.android.providers.contacts.ContactsProvider2
02-13 18:40:28.762 D/PROXY   (  337): In ProxyManager getInstance
02-13 18:40:28.782 D/PROXY   (  337): Creating ProxyManager
02-13 18:40:28.792 D/KeyguardViewMediator(  258): setHidden false
02-13 18:40:28.812 I/ActivityThread(  406): Pub com.google.settings: com.google.android.gsf.settings.GoogleSettingsProvider
02-13 18:40:28.822 D/OtaUtils(  337): CdmaOtaConfigData constructor!
02-13 18:40:28.822 D/KeyguardViewMediator(  258): setHidden false
02-13 18:40:28.822 D/KeyguardViewMediator(  258): setHidden false
02-13 18:40:28.852 D/OtaUtils(  337): CdmaOtaInCallScreenState: constructor init to UNDEFINED
02-13 18:40:28.863 I/ActivityThread(  406): Pub subscribedfeeds: com.google.android.gsf.subscribedfeeds.SubscribedFeedsProvider
02-13 18:40:28.873 D/KeyguardViewMediator(  258): setHidden false
02-13 18:40:28.893 D/CallManager(  337): registerPhone(CDMA Handler{4057b620})
02-13 18:40:28.893 D/NotificationMgr(  337): updateNotificationsAtStartup()...
02-13 18:40:28.913 D/NotificationMgr(  337): - start call log query...
02-13 18:40:28.933 I/ActivityThread(  406): Pub com.google.android.gsf.gservices: com.google.android.gsf.gservices.GservicesProvider
02-13 18:40:28.953 I/GservicesProvider(  406): Gservices pushing to system: true; secure: true
02-13 18:40:28.953 I/ActivityThread(  406): Pub com.google.android.providers.talk: com.google.android.gsf.talk.TalkProvider
02-13 18:40:28.953 D/NotificationMgr(  337): - updating in-call notification at startup...
02-13 18:40:28.953 D/NotificationMgr(  337): updateInCallNotification()...
02-13 18:40:28.953 D/NotificationMgr(  337): cancelInCall()...
02-13 18:40:28.953 D/PhoneInterfaceManager(  337):  Registering for UNSOL OEM HOOK Responses to deliver external apps
02-13 18:40:29.003 D/AudioTrack(  337): Request AudioFlinger to create track
02-13 18:40:29.013 E/AudioFlinger(  115): processConfigEvents() remaining events 1
02-13 18:40:29.013 D/KeyguardViewMediator(  258): setHidden false
02-13 18:40:29.033 D/AudioFlinger(  115): createTrack() lSessionId: 3
02-13 18:40:29.033 D/AudioFlinger(  115): Track constructor name 4096, calling thread 337
02-13 18:40:29.043 E/BT HS/HF(  337): updateServiceState called, sendUpdate:false  ServiceState:1 home null null null  Unknown CSS not supported 0 0RoamInd: 0RoamStatus(sprint): 0DefRoamInd: 0EmergOnly: false
02-13 18:40:29.043 E/BT HS/HF(  337): service:0 mService:0
02-13 18:40:29.043 D/BT HS/HF(  337): updatePhoneState()
02-13 18:40:29.043 D/BT HS/HF(  337): Foreground call state : IDLE
02-13 18:40:29.043 D/KeyguardViewMediator(  258): setHidden false
02-13 18:40:29.053 D/BT HS/HF(  337): Ringing call state : IDLE
02-13 18:40:29.053 D/BT HS/HF(  337): Background call state : IDLE
02-13 18:40:29.053 E/BT HS/HF(  337): prev mIsCdmaFirstConnectionHeld  is false
02-13 18:40:29.053 E/BT HS/HF(  337): current mIsCdmaFirstConnectionHeld is false
02-13 18:40:29.053 D/BT HS/HF(  337): CallSetup: 0
02-13 18:40:29.053 D/BT HS/HF(  337): Call: 0
02-13 18:40:29.053 D/BT HS/HF(  337): CallHeld: 0
02-13 18:40:29.073 D/BT HS/HF(  337): configureVirtualCallFromProperty: mVirtualCallEnabled:true
02-13 18:40:29.073 D/BT HS/HF(  337): cdmaSetSecondCallState: Setting mCdmaIsSecondCallActive to false
02-13 18:40:29.083 D/PhoneApp(  337): onCreate: mProximityWakeLock: WakeLock{4053e5c8 held=false, refCount=0}
02-13 18:40:29.123 D/AudioTrack(  337): Request AudioFlinger to create track
02-13 18:40:29.123 D/AudioFlinger(  115): createTrack() lSessionId: 4
02-13 18:40:29.123 D/AudioFlinger(  115): Track constructor name 4097, calling thread 337
02-13 18:40:29.123 D/CallNotifier(  337): getPhoneStateListener: SUBSCRIPTION == 0
02-13 18:40:29.133 D/PhoneUtils(  337): Extended NW bindService IExtendedNetworkService
02-13 18:40:29.143 D/PhoneUtils(  337): setAudioMode()...IDLE
02-13 18:40:29.153 D/PhoneUtils(  337): setAudioMode() no change: MODE_NORMAL
02-13 18:40:29.153 D/PhoneApp(  337): +++getFirstBoot
02-13 18:40:29.153 D/PhoneApp(  337): getFirstBoot :  false
02-13 18:40:29.153 D/DATA    (  337): [DPT(0)] DataProfileTracker,handleMessage:{ what=1 when=-755ms }
02-13 18:40:29.153 D/DATA    (  337): [DPT(0)] add tethered data profile 
02-13 18:40:29.233 E/WifiHW  (  258): wifi_load_driver() OK!
02-13 18:40:29.233 E/WifiHW  (  258): wifi_load_driver() -
02-13 18:40:29.233 E/WifiHW  (  258): wifi_start_supplicant()
02-13 18:40:29.253 D/DATA    (  337): [DSST] pollstate() : reason = radio state changed
02-13 18:40:29.253 D/DATA    (  337): [DSST] Poll ServiceState done: oldSS=[1 home null null null  Unknown CSS not supported 0 0RoamInd: 0RoamStatus(sprint): 0DefRoamInd: 0EmergOnly: false] newSS=[3 home null null null  Unknown CSS not supported -1 -1RoamInd: -1RoamStatus(sprint): -1DefRoamInd: -1EmergOnly: false]
02-13 18:40:29.253 D/DATA    (  337): [DSST]  mDataConnectionState = 1
02-13 18:40:29.253 D/DATA    (  337): [DSST] pollstate() : reason = icc status changed
02-13 18:40:29.253 D/DATA    (  337): [DSST] Poll ServiceState done: oldSS=[3 home null null null  Unknown CSS not supported -1 -1RoamInd: -1RoamStatus(sprint): -1DefRoamInd: -1EmergOnly: false] newSS=[3 home null null null  Unknown CSS not supported -1 -1RoamInd: -1RoamStatus(sprint): -1DefRoamInd: -1EmergOnly: false]
02-13 18:40:29.253 D/DATA    (  337): [DSST]  mDataConnectionState = 1
02-13 18:40:29.253 D/DATA    (  337): [DCT ] onRadioOn : register for roaming on/off
02-13 18:40:29.253 D/Phone   (  337): [PhoneNotifier] [DefaultPhoneNotifier] : default, INET, DISCONNECTED
02-13 18:40:29.283 E/WifiHW  (  258): wifi_start_supplicant() supplicant is running
02-13 18:40:29.283 I/TelephonyRegistry(  258): notifyDataConnection: state=0 isDataConnectivityPossible=false reason=dataNetworkDetached interfaceName=null networkType=0 apnType=default apn=null
02-13 18:40:29.283 I/TelephonyRegistry(  258): +++broadcastDataConnectionStateChanged
02-13 18:40:29.293 D/SyncManager(  258): setSyncAutomatically: , provider subscribedfeeds -> true
02-13 18:40:29.293 D/SyncManager(  258): setSyncAutomatically: already set to true, doing nothing
02-13 18:40:29.293 E/WifiHW  (  258): wifi_connect_to_supplicant() +
02-13 18:40:29.293 E/WifiHW  (  258): ctrl ifname = /data/misc/wifi/wpa_supplicant/wlan0
02-13 18:40:29.303 I/TelephonyRegistry(  258): +++sendStickyBroadcast
02-13 18:40:29.303 D/Phone   (  337): [PhoneNotifier] [DefaultPhoneNotifier] : default, INET6, DISCONNECTED
02-13 18:40:29.303 I/TelephonyRegistry(  258): notifyDataConnection: state=0 isDataConnectivityPossible=false reason=dataNetworkDetached interfaceName=null networkType=0 apnType=default apn=null
02-13 18:40:29.303 I/TelephonyRegistry(  258): +++broadcastDataConnectionStateChanged
02-13 18:40:29.303 I/TelephonyRegistry(  258): +++sendStickyBroadcast
02-13 18:40:29.303 D/Phone   (  337): [PhoneNotifier] [DefaultPhoneNotifier] : mms, INET, DISCONNECTED
02-13 18:40:29.303 I/TelephonyRegistry(  258): notifyDataConnection: state=0 isDataConnectivityPossible=false reason=dataNetworkDetached interfaceName=null networkType=0 apnType=mms apn=null
02-13 18:40:29.303 I/TelephonyRegistry(  258): +++broadcastDataConnectionStateChanged
02-13 18:40:29.303 I/TelephonyRegistry(  258): +++sendStickyBroadcast
02-13 18:40:29.313 D/Phone   (  337): [PhoneNotifier] [DefaultPhoneNotifier] : mms, INET6, DISCONNECTED
02-13 18:40:29.313 I/TelephonyRegistry(  258): notifyDataConnection: state=0 isDataConnectivityPossible=false reason=dataNetworkDetached interfaceName=null networkType=0 apnType=mms apn=null
02-13 18:40:29.313 I/TelephonyRegistry(  258): +++broadcastDataConnectionStateChanged
02-13 18:40:29.313 I/TelephonyRegistry(  258): +++sendStickyBroadcast
02-13 18:40:29.353 D/Phone   (  337): [PhoneNotifier] [DefaultPhoneNotifier] : supl, INET, DISCONNECTED
02-13 18:40:29.353 I/TelephonyRegistry(  258): notifyDataConnection: state=0 isDataConnectivityPossible=false reason=dataNetworkDetached interfaceName=null networkType=0 apnType=supl apn=null
02-13 18:40:29.353 I/TelephonyRegistry(  258): +++broadcastDataConnectionStateChanged
02-13 18:40:29.353 I/TelephonyRegistry(  258): +++sendStickyBroadcast
02-13 18:40:29.353 D/Phone   (  337): [PhoneNotifier] [DefaultPhoneNotifier] : supl, INET6, DISCONNECTED
02-13 18:40:29.353 I/TelephonyRegistry(  258): notifyDataConnection: state=0 isDataConnectivityPossible=false reason=dataNetworkDetached interfaceName=null networkType=0 apnType=supl apn=null
02-13 18:40:29.353 I/TelephonyRegistry(  258): +++broadcastDataConnectionStateChanged
02-13 18:40:29.353 I/TelephonyRegistry(  258): +++sendStickyBroadcast
02-13 18:40:29.363 D/Phone   (  337): [PhoneNotifier] [DefaultPhoneNotifier] : dun, INET, DISCONNECTED
02-13 18:40:29.363 I/TelephonyRegistry(  258): notifyDataConnection: state=0 isDataConnectivityPossible=false reason=dataNetworkDetached interfaceName=null networkType=0 apnType=dun apn=null
02-13 18:40:29.363 I/TelephonyRegistry(  258): +++broadcastDataConnectionStateChanged
02-13 18:40:29.363 I/TelephonyRegistry(  258): +++sendStickyBroadcast
02-13 18:40:29.363 D/Phone   (  337): [PhoneNotifier] [DefaultPhoneNotifier] : dun, INET6, DISCONNECTED
02-13 18:40:29.363 I/TelephonyRegistry(  258): notifyDataConnection: state=0 isDataConnectivityPossible=false reason=dataNetworkDetached interfaceName=null networkType=0 apnType=dun apn=null
02-13 18:40:29.363 I/TelephonyRegistry(  258): +++broadcastDataConnectionStateChanged
02-13 18:40:29.373 I/TelephonyRegistry(  258): +++sendStickyBroadcast
02-13 18:40:29.373 D/Phone   (  337): [PhoneNotifier] [DefaultPhoneNotifier] : hipri, INET, DISCONNECTED
02-13 18:40:29.373 I/TelephonyRegistry(  258): notifyDataConnection: state=0 isDataConnectivityPossible=false reason=dataNetworkDetached interfaceName=null networkType=0 apnType=hipri apn=null
02-13 18:40:29.373 I/TelephonyRegistry(  258): +++broadcastDataConnectionStateChanged
02-13 18:40:29.373 I/TelephonyRegistry(  258): +++sendStickyBroadcast
02-13 18:40:29.383 D/Phone   (  337): [PhoneNotifier] [DefaultPhoneNotifier] : hipri, INET6, DISCONNECTED
02-13 18:40:29.383 I/dun_service(  123): process rmnet event
02-13 18:40:29.383 I/dun_service(  123): Post event 3
02-13 18:40:29.383 I/dun_service(  123): received event: DUN_EVENT_RMNET_DOWN 
02-13 18:40:29.383 I/dun_service(  123): received event(DUN_EVENT_RMNET_DOWN) in state(DUN_STATE_USB_UNPLUG)
02-13 18:40:29.383 I/dun_service(  123): Ignoring the event DUN_EVENT_RMNET_DOWN in USB_UNPLUG_STATE
02-13 18:40:29.383 I/dun_service(  123): Moved to state(DUN_STATE_USB_UNPLUG)
02-13 18:40:29.383 I/TelephonyRegistry(  258): notifyDataConnection: state=0 isDataConnectivityPossible=false reason=dataNetworkDetached interfaceName=null networkType=0 apnType=hipri apn=null
02-13 18:40:29.383 I/TelephonyRegistry(  258): +++broadcastDataConnectionStateChanged
02-13 18:40:29.383 I/TelephonyRegistry(  258): +++sendStickyBroadcast
02-13 18:40:29.393 I/DATA    (  337): [DCT ] intent received :android.net.wifi.WIFI_STATE_CHANGED
02-13 18:40:29.433 I/dun_service(  123): process rmnet event
02-13 18:40:29.433 I/dun_service(  123): Post event 3
02-13 18:40:29.433 I/dun_service(  123): received event: DUN_EVENT_RMNET_DOWN 
02-13 18:40:29.433 I/dun_service(  123): received event(DUN_EVENT_RMNET_DOWN) in state(DUN_STATE_USB_UNPLUG)
02-13 18:40:29.433 I/dun_service(  123): Ignoring the event DUN_EVENT_RMNET_DOWN in USB_UNPLUG_STATE
02-13 18:40:29.433 I/dun_service(  123): Moved to state(DUN_STATE_USB_UNPLUG)
02-13 18:40:29.443 D/PhoneApp(  337): updateProximitySensorMode: state = IDLE
02-13 18:40:29.453 D/PhoneApp(  337): updateProximitySensorMode: lock already released.
02-13 18:40:29.453 D/PROXY   (  337): ProxyManager EVENT_ICC_CHANGED for non DSDS m3gppIndex::99999 m3gpp2Index::99999
02-13 18:40:29.453 D/MccTable(  337): updateMccMncConfiguration: mcc=310, mnc=120
02-13 18:40:29.453 D/MccTable(  337): locale set to en_us
02-13 18:40:29.463 D/MccTable(  337): WIFI_NUM_ALLOWED_CHANNELS set to 11
02-13 18:40:29.463 D/KeyguardViewMediator(  258): setHidden false
02-13 18:40:29.473 D/PhoneApp(  337): old phone type:2, New Phone type:2
02-13 18:40:29.483 E/WifiHW  (  258): ifname /data/misc/wifi/wpa_supplicant/wlan0 is ready to read/write cnt=160
02-13 18:40:29.483 E/WifiHW  (  258): WIFI: Unable to open connection to supplicant on "/data/misc/wifi/wpa_supplicant/wlan0": Connection refused
02-13 18:40:29.503 D/Warhol  (  351): A pack appears to be installed -- skipping Installer
02-13 18:40:29.503 D/Launcher(  351): onSaveInstanceState
02-13 18:40:29.503 D/Launcher(  351): Dissmis Preview for view :null ID:2131230735
02-13 18:40:29.503 D/Launcher(  351): Dissmis Preview for view :null ID:2131230736
02-13 18:40:29.503 D/Launcher(  351): Dissmis Preview for view :null ID:2131230739
02-13 18:40:29.503 D/Launcher(  351): Dissmis Preview for view :null ID:2131230741
02-13 18:40:29.513 D/Launcher(  351): onRetainNonConfigurationInstance
02-13 18:40:29.513 D/Launcher(  351): onDestroy ()
02-13 18:40:29.513 D/BT HSHFP(  337): Starting BluetoothHeadsetService
02-13 18:40:29.513 D/CallNotifier(  337): onMwiChanged(): false
02-13 18:40:29.513 D/NotificationMgr(  337): updateMwi(): false
02-13 18:40:29.523 D/CallNotifier(  337): onCfiChanged(): false
02-13 18:40:29.523 D/NotificationMgr(  337): updateCfi(): falsesub = 0
02-13 18:40:29.523 D/Launcher(  351): Dissmis Preview for view :null ID:2131230735
02-13 18:40:29.523 D/Launcher(  351): Dissmis Preview for view :null ID:2131230736
02-13 18:40:29.523 D/Launcher(  351): Dissmis Preview for view :null ID:2131230739
02-13 18:40:29.523 D/Launcher(  351): Dissmis Preview for view :null ID:2131230741
02-13 18:40:29.523 I/DATA    (  337): [DCT(0) ] onDataProfileListChanged: call disconnectAllConnections reason = apnChanged
02-13 18:40:29.523 I/DATA    (  337): [DCT(0) ] intent received :android.net.wifi.WIFI_STATE_CHANGED
02-13 18:40:29.523 D/PhoneApp(  337): mReceiver: ACTION_ANY_DATA_CONNECTION_STATE_CHANGED
02-13 18:40:29.523 D/PhoneApp(  337): - state: DISCONNECTED
02-13 18:40:29.523 D/PhoneApp(  337): - reason: dataNetworkDetached
02-13 18:40:29.523 D/PhoneApp(  337): mReceiver: ACTION_ANY_DATA_CONNECTION_STATE_CHANGED
02-13 18:40:29.523 D/PhoneApp(  337): - state: DISCONNECTED
02-13 18:40:29.533 D/PhoneApp(  337): - reason: dataNetworkDetached
02-13 18:40:29.533 D/PhoneApp(  337): mReceiver: ACTION_ANY_DATA_CONNECTION_STATE_CHANGED
02-13 18:40:29.533 D/KeyguardViewMediator(  258): setHidden false
02-13 18:40:29.533 D/PhoneApp(  337): - state: DISCONNECTED
02-13 18:40:29.543 D/PhoneApp(  337): - reason: dataNetworkDetached
02-13 18:40:29.543 D/PhoneApp(  337): mReceiver: ACTION_ANY_DATA_CONNECTION_STATE_CHANGED
02-13 18:40:29.543 D/PhoneApp(  337): - state: DISCONNECTED
02-13 18:40:29.543 D/PhoneApp(  337): - reason: dataNetworkDetached
02-13 18:40:29.543 I/wpa_supplicant(  418): State: DISCONNECTED -> SCANNING
02-13 18:40:29.543 I/wpa_supplicant(  418): CTRL-EVENT-STATE-CHANGE id=-1 state=2 BSSID=00:00:00:00:00:00
02-13 18:40:29.543 E/wpa_supplicant(  418): ioctl[SIOCGIWSCAN]: 11
02-13 18:40:29.553 D/PhoneApp(  337): mReceiver: ACTION_ANY_DATA_CONNECTION_STATE_CHANGED
02-13 18:40:29.553 D/PhoneApp(  337): - state: DISCONNECTED
02-13 18:40:29.553 D/PhoneApp(  337): - reason: dataNetworkDetached
02-13 18:40:29.553 D/PhoneApp(  337): mReceiver: ACTION_ANY_DATA_CONNECTION_STATE_CHANGED
02-13 18:40:29.553 D/PhoneApp(  337): - state: DISCONNECTED
02-13 18:40:29.553 D/PhoneApp(  337): - reason: dataNetworkDetached
02-13 18:40:29.553 D/PhoneApp(  337): mReceiver: ACTION_ANY_DATA_CONNECTION_STATE_CHANGED
02-13 18:40:29.553 D/PhoneApp(  337): - state: DISCONNECTED
02-13 18:40:29.553 D/PhoneApp(  337): - reason: dataNetworkDetached
02-13 18:40:29.553 D/PhoneApp(  337): mReceiver: ACTION_ANY_DATA_CONNECTION_STATE_CHANGED
02-13 18:40:29.553 D/PhoneApp(  337): - state: DISCONNECTED
02-13 18:40:29.553 D/PhoneApp(  337): - reason: dataNetworkDetached
02-13 18:40:29.553 D/PhoneApp(  337): mReceiver: ACTION_ANY_DATA_CONNECTION_STATE_CHANGED
02-13 18:40:29.553 D/PhoneApp(  337): - state: DISCONNECTED
02-13 18:40:29.553 D/PhoneApp(  337): - reason: dataNetworkDetached
02-13 18:40:29.553 D/PhoneApp(  337): mReceiver: ACTION_ANY_DATA_CONNECTION_STATE_CHANGED
02-13 18:40:29.553 D/PhoneApp(  337): - state: DISCONNECTED
02-13 18:40:29.573 D/PhoneApp(  337): - reason: dataNetworkDetached
02-13 18:40:29.573 I/DATA    (  337): [DCT(0) ] onUpdateDataConnections [ignored] : reason=roamingOff
02-13 18:40:29.573 I/DATA    (  337): [DCT(0) ] wait for the dc disconnect to complete
02-13 18:40:29.573 D/CallManager(  337):  handleMessage (EVENT_SERVICE_STATE_CHANGED)
02-13 18:40:29.573 E/BT HS/HF(  337): SERVICE_STATE_CHANGED called
02-13 18:40:29.573 E/BT HS/HF(  337): updateServiceState called, sendUpdate:false  ServiceState:3 home null null null  Unknown CSS not supported -1 -1RoamInd: -1RoamStatus(sprint): -1DefRoamInd: -1EmergOnly: false
02-13 18:40:29.573 E/BT HS/HF(  337): service:0 mService:0
02-13 18:40:29.583 D/Warhol  (  351): Adding *PHONE* hotseat ...
02-13 18:40:29.603 D/Launcher(  351): loadHotseats: hotseat 0 final intent=[intent:#Intent;action=android.intent.action.MAIN;component=com.android.contacts/.DialtactsActivity;end] label=[Dialer]
02-13 18:40:29.603 D/Warhol  (  351): Adding *WARHOL* hotseat...
02-13 18:40:29.603 D/Warhol  (  351): Warhol uri = intent:#Intent;action=android.intent.action.MAIN;launchFlags=0x10200000;component=com.sprint.w.installer/.ServicePackSwitcher;end
02-13 18:40:29.603 I/DATA    (  337): [DCT(0) ] onUpdateDataConnections: reason=apnChanged
02-13 18:40:29.603 I/DATA    (  337): [DCT(0) ] ---dc list---
02-13 18:40:29.603 I/DATA    (  337): [DCT(0) ] ---ds list---
02-13 18:40:29.603 I/DATA    (  337): [DCT(0) ] ds= SERVICE_TYPE_DEFAULT, enabled = true, active = v4:IDLE v6:IDLE
02-13 18:40:29.603 I/DATA    (  337): [DCT(0) ] ds= SERVICE_TYPE_MMS, enabled = false, active = v4:IDLE v6:IDLE
02-13 18:40:29.603 I/DATA    (  337): [DCT(0) ] ds= SERVICE_TYPE_SUPL, enabled = false, active = v4:IDLE v6:IDLE
02-13 18:40:29.603 I/DATA    (  337): [DCT(0) ] ds= SERVICE_TYPE_DUN, enabled = false, active = v4:IDLE v6:IDLE
02-13 18:40:29.603 I/DATA    (  337): [DCT(0) ] ds= SERVICE_TYPE_HIPRI, enabled = false, active = v4:IDLE v6:IDLE
02-13 18:40:29.603 I/DATA    (  337): [DCT(0) ] ***** NOT Ready for data :
02-13 18:40:29.603 I/DATA    (  337): [DCT(0) ]    getDesiredPowerState() = true
02-13 18:40:29.613 I/DATA    (  337): [DCT(0) ]    mCm.getRadioState() = RADIO_ON
02-13 18:40:29.613 D/Launcher(  351): loadHotseats: hotseat 1 final intent=[intent:#Intent;action=android.intent.action.MAIN;component=com.sprint.w.installer/.ServicePackSwitcher;end] label=[Pick your ID]
02-13 18:40:29.613 I/DATA    (  337): [DCT(0) ]    [DataRadioTech = RADIO_TECH_UNKNOWN, data network state = 3, mMasterDataEnabled = true, is Roaming = false, dataOnRoamingEnable = false, isPsRestricted = false, desiredPowerState  = true, mSIMRecords = , cdmaSubSource = 1/310120, mRuimRecords = , checks = true/true]
02-13 18:40:29.613 D/PhoneApp(  337): old phone type:2, New Phone type:2
02-13 18:40:29.613 D/NotificationMgr(  337): hideDataDisconnectedRoaming()...
02-13 18:40:29.613 D/PhoneApp(  337): old phone type:2, New Phone type:2
02-13 18:40:29.613 D/NotificationMgr(  337): hideDataDisconnectedRoaming()...
02-13 18:40:29.613 D/PhoneApp(  337): old phone type:2, New Phone type:2
02-13 18:40:29.613 D/NotificationMgr(  337): hideDataDisconnectedRoaming()...
02-13 18:40:29.613 D/PhoneApp(  337): old phone type:2, New Phone type:2
02-13 18:40:29.613 D/NotificationMgr(  337): hideDataDisconnectedRoaming()...
02-13 18:40:29.613 D/PhoneApp(  337): old phone type:2, New Phone type:2
02-13 18:40:29.613 D/NotificationMgr(  337): hideDataDisconnectedRoaming()...
02-13 18:40:29.613 D/PhoneApp(  337): old phone type:2, New Phone type:2
02-13 18:40:29.613 D/NotificationMgr(  337): hideDataDisconnectedRoaming()...
02-13 18:40:29.623 D/PhoneApp(  337): old phone type:2, New Phone type:2
02-13 18:40:29.623 D/NotificationMgr(  337): hideDataDisconnectedRoaming()...
02-13 18:40:29.623 D/PhoneApp(  337): old phone type:2, New Phone type:2
02-13 18:40:29.623 D/NotificationMgr(  337): hideDataDisconnectedRoaming()...
02-13 18:40:29.623 D/PhoneApp(  337): old phone type:2, New Phone type:2
02-13 18:40:29.623 D/NotificationMgr(  337): hideDataDisconnectedRoaming()...
02-13 18:40:29.623 D/DATA    (  337): [DSST(0)] pollstate() : reason = radio state changed
02-13 18:40:29.643 D/DATA    (  337): [DCT(0) ] onRadioOn : register for roaming on/off
02-13 18:40:29.693 E/TelephonyProvider(  337): Failed setting numeric '310120' to the current operator
02-13 18:40:29.693 E/TelephonyProvider(  337): Failed setting numeric '310120' to the current operator
02-13 18:40:29.703 D/DATA    (  337): [DSST(0)] pollstate() : reason = data network state changed
02-13 18:40:29.703 D/PhoneApp(  337): old phone type:2, New Phone type:2
02-13 18:40:29.703 D/NotificationMgr(  337): hideDataDisconnectedRoaming()...
02-13 18:40:29.703 I/DATA    (  337): [DCT(0) ] onUpdateDataConnections [ignored] : reason=radioOn
02-13 18:40:29.703 I/DATA    (  337): [DCT(0) ] wait for the dc disconnect to complete
02-13 18:40:29.743 I/ActivityThread(  391): Pub call_log: com.android.providers.contacts.CallLogProvider
02-13 18:40:29.753 W/CallLogProvider(  391): query: match = 1
02-13 18:40:29.783 I/DATA    (  337): [DCT(0) ] onUpdateDataConnections: reason=roamingOff
02-13 18:40:29.783 I/DATA    (  337): [DCT(0) ] ---dc list---
02-13 18:40:29.783 I/DATA    (  337): [DCT(0) ] ---ds list---
02-13 18:40:29.783 I/DATA    (  337): [DCT(0) ] ds= SERVICE_TYPE_DEFAULT, enabled = true, active = v4:IDLE v6:IDLE
02-13 18:40:29.793 I/DATA    (  337): [DCT(0) ] ds= SERVICE_TYPE_MMS, enabled = false, active = v4:IDLE v6:IDLE
02-13 18:40:29.793 I/DATA    (  337): [DCT(0) ] ds= SERVICE_TYPE_SUPL, enabled = false, active = v4:IDLE v6:IDLE
02-13 18:40:29.793 I/DATA    (  337): [DCT(0) ] ds= SERVICE_TYPE_DUN, enabled = false, active = v4:IDLE v6:IDLE
02-13 18:40:29.793 I/DATA    (  337): [DCT(0) ] ds= SERVICE_TYPE_HIPRI, enabled = false, active = v4:IDLE v6:IDLE
02-13 18:40:29.793 I/DATA    (  337): [DCT(0) ] ***** NOT Ready for data :
02-13 18:40:29.793 I/DATA    (  337): [DCT(0) ]    getDesiredPowerState() = true
02-13 18:40:29.793 I/DATA    (  337): [DCT(0) ]    mCm.getRadioState() = RADIO_ON
