02-13 18:40:52.520 D/Bitmap  (  332):       android.view.ViewGroup.dispatchDraw(ViewGroup.java:1376)
02-13 18:40:52.520 D/Bitmap  (  332):       android.view.ViewGroup.drawChild(ViewGroup.java:1647)
02-13 18:40:52.520 D/Bitmap  (  332):       android.view.ViewGroup.dispatchDraw(ViewGroup.java:1376)
02-13 18:40:52.520 D/Bitmap  (  332):       android.view.ViewGroup.drawChild(ViewGroup.java:1647)
02-13 18:40:52.520 D/Bitmap  (  332):       android.view.ViewGroup.dispatchDraw(ViewGroup.java:1376)
02-13 18:40:52.520 D/Bitmap  (  332):       android.view.ViewGroup.drawChild(ViewGroup.java:1647)
02-13 18:40:52.520 D/Bitmap  (  332):       android.view.ViewGroup.dispatchDraw(ViewGroup.java:1376)
02-13 18:40:52.520 D/Bitmap  (  332):       android.view.View.draw(View.java:6883)
02-13 18:40:52.520 D/Bitmap  (  332):       android.widget.FrameLayout.draw(FrameLayout.java:357)
02-13 18:40:52.520 D/Bitmap  (  332):       com.android.internal.policy.impl.PhoneWindow$DecorView.draw(PhoneWindow.java:1866)
02-13 18:40:52.520 D/Bitmap  (  332):       android.view.ViewRoot.draw(ViewRoot.java:1526)
02-13 18:40:52.520 D/Bitmap  (  332):       android.view.ViewRoot.performTraversals(ViewRoot.java:1262)
02-13 18:40:52.520 D/Bitmap  (  332):       android.view.ViewRoot.handleMessage(ViewRoot.java:1864)
02-13 18:40:52.520 D/Bitmap  (  332):       android.os.Handler.dispatchMessage(Handler.java:99)
02-13 18:40:52.520 D/Bitmap  (  332):       android.os.Looper.loop(Looper.java:130)
02-13 18:40:52.520 D/Bitmap  (  332):       android.app.ActivityThread.main(ActivityThread.java:3704)
02-13 18:40:52.520 D/Bitmap  (  332):       java.lang.reflect.Method.invokeNative(Native Method)
02-13 18:40:52.520 D/Bitmap  (  332):       java.lang.reflect.Method.invoke(Method.java:507)
02-13 18:40:52.520 D/Bitmap  (  332):       com.android.internal.os.ZygoteInit$MethodAndArgsCaller.run(ZygoteInit.java:875)
02-13 18:40:52.520 D/Bitmap  (  332):       com.android.internal.os.ZygoteInit.main(ZygoteInit.java:633)
02-13 18:40:52.520 D/Bitmap  (  332):       dalvik.system.NativeStart.main(Native Method)
02-13 18:40:52.520 D/Bitmap  (  332): _
02-13 18:40:52.570 D/KeyguardViewMediator(  258): setHidden false
02-13 18:40:52.590 D/KeyguardViewMediator(  258): setHidden false
02-13 18:40:52.600 D/KeyguardViewMediator(  258): setHidden false
02-13 18:40:52.620 D/KeyguardViewMediator(  258): setHidden false
02-13 18:40:52.630 D/KeyguardViewMediator(  258): setHidden false
02-13 18:40:52.661 D/KeyguardViewMediator(  258): setHidden false
02-13 18:40:52.681 D/KeyguardViewMediator(  258): setHidden false
02-13 18:40:52.761 D/Bitmap  (  332): Detect unrecycled bitmap.
02-13 18:40:52.761 D/Bitmap  (  332):       Size: 213760 Bytes, Width: 320 , Height: 167 , Hash code: 1079702256
02-13 18:40:52.761 D/Bitmap  (  332):  This bimap was created in:
02-13 18:40:52.761 D/Bitmap  (  332):       android.graphics.Bitmap.<init>(Bitmap.java:136)
02-13 18:40:52.761 D/Bitmap  (  332):       android.graphics.Bitmap.nativeCreate(Native Method)
02-13 18:40:52.761 D/Bitmap  (  332):       android.graphics.Bitmap.createBitmap(Bitmap.java:547)
02-13 18:40:52.761 D/Bitmap  (  332):       com.android.inputmethod.latin.LatinKeyboardBaseView.onBufferDraw(LatinKeyboardBaseView.java:775)
02-13 18:40:52.761 D/Bitmap  (  332):       com.android.inputmethod.latin.LatinKeyboardBaseView.onDraw(LatinKeyboardBaseView.java:763)
02-13 18:40:52.761 D/Bitmap  (  332):       android.view.View.draw(View.java:6880)
02-13 18:40:52.761 D/Bitmap  (  332):       com.android.inputmethod.latin.LatinKeyboardView.draw(LatinKeyboardView.java:353)
02-13 18:40:52.761 D/Bitmap  (  332):       android.view.ViewGroup.drawChild(ViewGroup.java:1649)
02-13 18:40:52.761 D/Bitmap  (  332):       android.view.ViewGroup.dispatchDraw(ViewGroup.java:1376)
02-13 18:40:52.761 D/Bitmap  (  332):       android.view.ViewGroup.drawChild(ViewGroup.java:1647)
02-13 18:40:52.761 D/Bitmap  (  332):       android.view.ViewGroup.dispatchDraw(ViewGroup.java:1376)
02-13 18:40:52.761 D/Bitmap  (  332):       android.view.ViewGroup.drawChild(ViewGroup.java:1647)
02-13 18:40:52.761 D/Bitmap  (  332):       android.view.ViewGroup.dispatchDraw(ViewGroup.java:1376)
02-13 18:40:52.761 D/Bitmap  (  332):       android.view.ViewGroup.drawChild(ViewGroup.java:1647)
02-13 18:40:52.761 D/Bitmap  (  332):       android.view.ViewGroup.dispatchDraw(ViewGroup.java:1376)
02-13 18:40:52.761 D/Bitmap  (  332):       android.view.View.draw(View.java:6883)
02-13 18:40:52.761 D/Bitmap  (  332):       android.widget.FrameLayout.draw(FrameLayout.java:357)
02-13 18:40:52.761 D/Bitmap  (  332):       com.android.internal.policy.impl.PhoneWindow$DecorView.draw(PhoneWindow.java:1866)
02-13 18:40:52.761 D/Bitmap  (  332):       android.view.ViewRoot.draw(ViewRoot.java:1526)
02-13 18:40:52.761 D/Bitmap  (  332):       android.view.ViewRoot.performTraversals(ViewRoot.java:1262)
02-13 18:40:52.761 D/Bitmap  (  332):       android.view.ViewRoot.handleMessage(ViewRoot.java:1864)
02-13 18:40:52.761 D/Bitmap  (  332):       android.os.Handler.dispatchMessage(Handler.java:99)
02-13 18:40:52.761 D/Bitmap  (  332):       android.os.Looper.loop(Looper.java:130)
02-13 18:40:52.761 D/Bitmap  (  332):       android.app.ActivityThread.main(ActivityThread.java:3704)
02-13 18:40:52.761 D/Bitmap  (  332):       java.lang.reflect.Method.invokeNative(Native Method)
02-13 18:40:52.761 D/Bitmap  (  332):       java.lang.reflect.Method.invoke(Method.java:507)
02-13 18:40:52.761 D/Bitmap  (  332):       com.android.internal.os.ZygoteInit$MethodAndArgsCaller.run(ZygoteInit.java:875)
02-13 18:40:52.761 D/Bitmap  (  332):       com.android.internal.os.ZygoteInit.main(ZygoteInit.java:633)
02-13 18:40:52.761 D/Bitmap  (  332):       dalvik.system.NativeStart.main(Native Method)
02-13 18:40:52.761 D/Bitmap  (  332): _
02-13 18:40:52.821 D/OmaDrmReceiver(  583): android.intent.action.CONFIGURATION_CHANGED
02-13 18:40:52.821 I/OmaDrmService(  583): Language changed!!!!!!
02-13 18:40:53.011 D/KeyguardViewMediator(  258): setHidden false
02-13 18:40:53.021 D/KeyguardViewMediator(  258): setHidden false
02-13 18:40:53.091 D/KeyguardViewMediator(  258): setHidden false
02-13 18:40:53.091 D/KeyguardViewMediator(  258): setHidden false
02-13 18:40:53.101 D/KeyguardViewMediator(  258): setHidden false
02-13 18:40:53.111 D/KeyguardViewMediator(  258): setHidden false
02-13 18:40:53.141 D/Bitmap  (  332): Detect unrecycled bitmap.
02-13 18:40:53.141 D/Bitmap  (  332):       Size: 270080 Bytes, Width: 320 , Height: 211 , Hash code: 1079235904
02-13 18:40:53.141 D/Bitmap  (  332):  This bimap was created in:
02-13 18:40:53.141 D/Bitmap  (  332):       android.graphics.Bitmap.<init>(Bitmap.java:136)
02-13 18:40:53.141 D/Bitmap  (  332):       android.graphics.Bitmap.nativeCreate(Native Method)
02-13 18:40:53.141 D/Bitmap  (  332):       android.graphics.Bitmap.createBitmap(Bitmap.java:547)
02-13 18:40:53.141 D/Bitmap  (  332):       com.android.inputmethod.latin.LatinKeyboardBaseView.onBufferDraw(LatinKeyboardBaseView.java:775)
02-13 18:40:53.141 D/Bitmap  (  332):       com.android.inputmethod.latin.LatinKeyboardBaseView.onDraw(LatinKeyboardBaseView.java:763)
02-13 18:40:53.141 D/Bitmap  (  332):       android.view.View.draw(View.java:6880)
02-13 18:40:53.141 D/Bitmap  (  332):       com.android.inputmethod.latin.LatinKeyboardView.draw(LatinKeyboardView.java:353)
02-13 18:40:53.141 D/Bitmap  (  332):       android.view.ViewGroup.drawChild(ViewGroup.java:1649)
02-13 18:40:53.141 D/Bitmap  (  332):       android.view.ViewGroup.dispatchDraw(ViewGroup.java:1376)
02-13 18:40:53.141 D/Bitmap  (  332):       android.view.ViewGroup.drawChild(ViewGroup.java:1647)
02-13 18:40:53.141 D/Bitmap  (  332):       android.view.ViewGroup.dispatchDraw(ViewGroup.java:1376)
02-13 18:40:53.141 D/Bitmap  (  332):       android.view.ViewGroup.drawChild(ViewGroup.java:1647)
02-13 18:40:53.141 D/Bitmap  (  332):       android.view.ViewGroup.dispatchDraw(ViewGroup.java:1376)
02-13 18:40:53.141 D/Bitmap  (  332):       android.view.ViewGroup.drawChild(ViewGroup.java:1647)
02-13 18:40:53.141 D/Bitmap  (  332):       android.view.ViewGroup.dispatchDraw(ViewGroup.java:1376)
02-13 18:40:53.141 D/Bitmap  (  332):       android.view.View.draw(View.java:6883)
02-13 18:40:53.141 D/Bitmap  (  332):       android.widget.FrameLayout.draw(FrameLayout.java:357)
02-13 18:40:53.141 D/Bitmap  (  332):       com.android.internal.policy.impl.PhoneWindow$DecorView.draw(PhoneWindow.java:1866)
02-13 18:40:53.141 D/Bitmap  (  332):       android.view.ViewRoot.draw(ViewRoot.java:1526)
02-13 18:40:53.141 D/Bitmap  (  332):       android.view.ViewRoot.performTraversals(ViewRoot.java:1262)
02-13 18:40:53.141 D/Bitmap  (  332):       android.view.ViewRoot.handleMessage(ViewRoot.java:1864)
02-13 18:40:53.141 D/Bitmap  (  332):       android.os.Handler.dispatchMessage(Handler.java:99)
02-13 18:40:53.141 D/Bitmap  (  332):       android.os.Looper.loop(Looper.java:130)
02-13 18:40:53.141 D/Bitmap  (  332):       android.app.ActivityThread.main(ActivityThread.java:3704)
02-13 18:40:53.141 D/Bitmap  (  332):       java.lang.reflect.Method.invokeNative(Native Method)
02-13 18:40:53.141 D/Bitmap  (  332):       java.lang.reflect.Method.invoke(Method.java:507)
02-13 18:40:53.141 D/Bitmap  (  332):       com.android.internal.os.ZygoteInit$MethodAndArgsCaller.run(ZygoteInit.java:875)
02-13 18:40:53.141 D/Bitmap  (  332):       com.android.internal.os.ZygoteInit.main(ZygoteInit.java:633)
02-13 18:40:53.141 D/Bitmap  (  332):       dalvik.system.NativeStart.main(Native Method)
02-13 18:40:53.141 D/Bitmap  (  332): _
02-13 18:40:53.171 I/Mms/compose(  533): SLIDESHOW updateSendButtonState enable = true
02-13 18:40:53.171 I/Mms/compose(  533): SLIDESHOW setSendButtonText isMms = false
02-13 18:40:53.181 I/Mms/compose(  533): SLIDESHOW setSendButtonText isMms = false
02-13 18:40:54.212 D/KeyguardViewMediator(  258): setHidden false
02-13 18:40:54.232 D/KeyguardViewMediator(  258): setHidden false
02-13 18:40:54.242 D/KeyguardViewMediator(  258): setHidden false
02-13 18:40:54.672 D/KeyguardViewMediator(  258): setHidden false
02-13 18:40:54.702 D/KeyguardViewMediator(  258): setHidden false
02-13 18:40:54.713 D/KeyguardViewMediator(  258): setHidden false
02-13 18:40:54.713 D/KeyguardViewMediator(  258): setHidden false
02-13 18:40:54.733 D/KeyguardViewMediator(  258): setHidden false
02-13 18:40:54.743 D/KeyguardViewMediator(  258): setHidden false
02-13 18:40:54.773 D/KeyguardViewMediator(  258): setHidden false
02-13 18:40:54.783 D/KeyguardViewMediator(  258): setHidden false
02-13 18:40:54.793 D/KeyguardViewMediator(  258): setHidden false
02-13 18:40:54.823 D/KeyguardViewMediator(  258): setHidden false
02-13 18:40:54.823 D/KeyguardViewMediator(  258): setHidden false
02-13 18:40:54.903 I/Mms/compose(  533): SLIDESHOW updateSendButtonState enable = true
02-13 18:40:54.903 I/Mms/compose(  533): SLIDESHOW setSendButtonText isMms = false
02-13 18:40:54.913 I/Mms/compose(  533): SLIDESHOW setSendButtonText isMms = false
02-13 18:40:54.923 D/KeyguardViewMediator(  258): setHidden false
02-13 18:40:54.943 D/KeyguardViewMediator(  258): setHidden false
02-13 18:40:54.953 D/KeyguardViewMediator(  258): setHidden false
02-13 18:40:54.973 D/KeyguardViewMediator(  258): setHidden false
02-13 18:40:55.003 D/KeyguardViewMediator(  258): setHidden false
02-13 18:40:55.003 D/KeyguardViewMediator(  258): setHidden false
02-13 18:40:55.033 D/KeyguardViewMediator(  258): setHidden false
02-13 18:40:55.033 D/KeyguardViewMediator(  258): setHidden false
02-13 18:40:55.303 D/KeyguardViewMediator(  258): setHidden false
02-13 18:40:55.313 D/KeyguardViewMediator(  258): setHidden false
02-13 18:40:55.333 D/KeyguardViewMediator(  258): setHidden false
02-13 18:40:55.433 I/Mms/compose(  533): SLIDESHOW updateSendButtonState enable = true
02-13 18:40:55.433 I/Mms/compose(  533): SLIDESHOW setSendButtonText isMms = false
02-13 18:40:55.443 I/Mms/compose(  533): SLIDESHOW setSendButtonText isMms = false
02-13 18:40:55.453 D/KeyguardViewMediator(  258): setHidden false
02-13 18:40:55.473 D/KeyguardViewMediator(  258): setHidden false
02-13 18:40:55.483 D/KeyguardViewMediator(  258): setHidden false
02-13 18:40:55.503 D/KeyguardViewMediator(  258): setHidden false
02-13 18:40:55.523 D/KeyguardViewMediator(  258): setHidden false
02-13 18:40:55.533 D/KeyguardViewMediator(  258): setHidden false
02-13 18:40:55.553 D/KeyguardViewMediator(  258): setHidden false
02-13 18:40:55.553 D/KeyguardViewMediator(  258): setHidden false
02-13 18:40:55.794 D/KeyguardViewMediator(  258): setHidden false
02-13 18:40:55.814 D/KeyguardViewMediator(  258): setHidden false
02-13 18:40:55.824 D/KeyguardViewMediator(  258): setHidden false
02-13 18:40:55.844 D/CallNotifier(  337): onMwiChanged(): true
02-13 18:40:55.844 D/NotificationMgr(  337): updateMwi(): true
02-13 18:40:55.854 D/NotificationMgr(  337): - got vm number: '9132005928' on Subscription: 0
02-13 18:40:55.854 D/NotificationMgr(  337): shouldVibrate = true
02-13 18:40:55.854 D/NotificationMgr(  337): isVoiceMailBlink
02-13 18:40:55.904 D/KeyguardViewMediator(  258): setHidden false
02-13 18:40:55.904 D/KeyguardViewMediator(  258): setHidden false
02-13 18:40:55.924 I/Mms/compose(  533): SLIDESHOW updateSendButtonState enable = true
02-13 18:40:55.924 I/Mms/compose(  533): SLIDESHOW setSendButtonText isMms = false
02-13 18:40:55.924 I/Mms/compose(  533): SLIDESHOW setSendButtonText isMms = false
02-13 18:40:55.944 D/KeyguardViewMediator(  258): setHidden false
02-13 18:40:55.964 D/KeyguardViewMediator(  258): setHidden false
02-13 18:40:55.974 D/PhoneApp(  337): updateProximitySensorMode: state = IDLE
02-13 18:40:55.974 D/KeyguardViewMediator(  258): setHidden false
02-13 18:40:55.984 D/PhoneApp(  337): updateProximitySensorMode: lock already released.
02-13 18:40:56.004 I/Mms/compose(  533): SLIDESHOW updateSendButtonState enable = true
02-13 18:40:56.004 I/Mms/compose(  533): SLIDESHOW setSendButtonText isMms = false
02-13 18:40:56.014 I/Mms/compose(  533): SLIDESHOW setSendButtonText isMms = false
02-13 18:40:56.024 D/KeyguardViewMediator(  258): setHidden false
02-13 18:40:56.024 D/KeyguardViewMediator(  258): setHidden false
02-13 18:40:56.024 D/KeyguardViewMediator(  258): setHidden false
02-13 18:40:56.024 D/KeyguardViewMediator(  258): setHidden false
02-13 18:40:56.034 D/KeyguardViewMediator(  258): setHidden false
02-13 18:40:56.044 D/KeyguardViewMediator(  258): setHidden false
02-13 18:40:56.054 D/KeyguardViewMediator(  258): setHidden false
02-13 18:40:56.064 D/KeyguardViewMediator(  258): setHidden false
02-13 18:40:56.064 D/KeyguardViewMediator(  258): setHidden false
02-13 18:40:56.084 D/KeyguardViewMediator(  258): setHidden false
02-13 18:40:56.094 D/KeyguardViewMediator(  258): setHidden false
02-13 18:40:56.094 D/KeyguardViewMediator(  258): setHidden false
02-13 18:40:56.124 D/PhoneApp(  337): updateProximitySensorMode: state = IDLE
02-13 18:40:56.134 D/PhoneApp(  337): updateProximitySensorMode: lock already released.
02-13 18:40:56.134 D/KeyguardViewMediator(  258): setHidden false
02-13 18:40:56.164 D/KeyguardViewMediator(  258): setHidden false
02-13 18:40:56.164 D/KeyguardViewMediator(  258): setHidden false
02-13 18:40:56.174 D/KeyguardViewMediator(  258): setHidden false
02-13 18:40:56.184 D/KeyguardViewMediator(  258): setHidden false
02-13 18:40:56.194 D/KeyguardViewMediator(  258): setHidden false
02-13 18:40:56.204 D/KeyguardViewMediator(  258): setHidden false
02-13 18:40:56.214 D/KeyguardViewMediator(  258): setHidden false
02-13 18:40:56.224 D/KeyguardViewMediator(  258): setHidden false
02-13 18:40:56.244 D/KeyguardViewMediator(  258): setHidden false
02-13 18:40:56.264 D/KeyguardViewMediator(  258): setHidden false
02-13 18:40:56.434 D/Bitmap  (  332): Detect unrecycled bitmap.
02-13 18:40:56.434 D/Bitmap  (  332):       Size: 91392 Bytes, Width: 224 , Height: 102 , Hash code: 1079543696
02-13 18:40:56.434 D/Bitmap  (  332):  This bimap was created in:
02-13 18:40:56.434 D/Bitmap  (  332):       android.graphics.Bitmap.<init>(Bitmap.java:136)
02-13 18:40:56.434 D/Bitmap  (  332):       android.graphics.Bitmap.nativeCreate(Native Method)
02-13 18:40:56.434 D/Bitmap  (  332):       android.graphics.Bitmap.createBitmap(Bitmap.java:547)
02-13 18:40:56.434 D/Bitmap  (  332):       com.android.inputmethod.latin.LatinKeyboardBaseView.onBufferDraw(LatinKeyboardBaseView.java:775)
02-13 18:40:56.434 D/Bitmap  (  332):       com.android.inputmethod.latin.LatinKeyboardBaseView.onDraw(LatinKeyboardBaseView.java:763)
02-13 18:40:56.434 D/Bitmap  (  332):       android.view.View.draw(View.java:6880)
02-13 18:40:56.434 D/Bitmap  (  332):       android.view.ViewGroup.drawChild(ViewGroup.java:1649)
02-13 18:40:56.434 D/Bitmap  (  332):       android.view.ViewGroup.dispatchDraw(ViewGroup.java:1376)
02-13 18:40:56.434 D/Bitmap  (  332):       android.view.View.draw(View.java:6883)
02-13 18:40:56.434 D/Bitmap  (  332):       android.view.ViewRoot.draw(ViewRoot.java:1526)
02-13 18:40:56.434 D/Bitmap  (  332):       android.view.ViewRoot.performTraversals(ViewRoot.java:1262)
02-13 18:40:56.434 D/Bitmap  (  332):       android.view.ViewRoot.handleMessage(ViewRoot.java:1864)
02-13 18:40:56.434 D/Bitmap  (  332):       android.os.Handler.dispatchMessage(Handler.java:99)
02-13 18:40:56.434 D/Bitmap  (  332):       android.os.Looper.loop(Looper.java:130)
02-13 18:40:56.434 D/Bitmap  (  332):       android.app.ActivityThread.main(ActivityThread.java:3704)
02-13 18:40:56.434 D/Bitmap  (  332):       java.lang.reflect.Method.invokeNative(Native Method)
02-13 18:40:56.434 D/Bitmap  (  332):       java.lang.reflect.Method.invoke(Method.java:507)
02-13 18:40:56.434 D/Bitmap  (  332):       com.android.internal.os.ZygoteInit$MethodAndArgsCaller.run(ZygoteInit.java:875)
02-13 18:40:56.434 D/Bitmap  (  332):       com.android.internal.os.ZygoteInit.main(ZygoteInit.java:633)
02-13 18:40:56.434 D/Bitmap  (  332):       dalvik.system.NativeStart.main(Native Method)
02-13 18:40:56.434 D/Bitmap  (  332): _
02-13 18:40:56.434 D/Bitmap  (  332): Detect unrecycled bitmap.
02-13 18:40:56.434 D/Bitmap  (  332):       Size: 270080 Bytes, Width: 320 , Height: 211 , Hash code: 1079701776
02-13 18:40:56.434 D/Bitmap  (  332):  This bimap was created in:
02-13 18:40:56.434 D/Bitmap  (  332):       android.graphics.Bitmap.<init>(Bitmap.java:136)
02-13 18:40:56.434 D/Bitmap  (  332):       android.graphics.Bitmap.nativeCreate(Native Method)
02-13 18:40:56.434 D/Bitmap  (  332):       android.graphics.Bitmap.createBitmap(Bitmap.java:547)
02-13 18:40:56.434 D/Bitmap  (  332):       com.android.inputmethod.latin.LatinKeyboardBaseView.onBufferDraw(LatinKeyboardBaseView.java:775)
02-13 18:40:56.434 D/Bitmap  (  332):       com.android.inputmethod.latin.LatinKeyboardBaseView.onDraw(LatinKeyboardBaseView.java:763)
02-13 18:40:56.434 D/Bitmap  (  332):       android.view.View.draw(View.java:6880)
02-13 18:40:56.434 D/Bitmap  (  332):       com.android.inputmethod.latin.LatinKeyboardView.draw(LatinKeyboardView.java:353)
02-13 18:40:56.434 D/Bitmap  (  332):       android.view.ViewGroup.drawChild(ViewGroup.java:1649)
02-13 18:40:56.434 D/Bitmap  (  332):       android.view.ViewGroup.dispatchDraw(ViewGroup.java:1376)
02-13 18:40:56.434 D/Bitmap  (  332):       android.view.ViewGroup.drawChild(ViewGroup.java:1647)
02-13 18:40:56.434 D/Bitmap  (  332):       android.view.ViewGroup.dispatchDraw(ViewGroup.java:1376)
02-13 18:40:56.434 D/Bitmap  (  332):       android.view.ViewGroup.drawChild(ViewGroup.java:1647)
02-13 18:40:56.434 D/Bitmap  (  332):       android.view.ViewGroup.dispatchDraw(ViewGroup.java:1376)
02-13 18:40:56.434 D/Bitmap  (  332):       android.view.ViewGroup.drawChild(ViewGroup.java:1647)
02-13 18:40:56.434 D/Bitmap  (  332):       android.view.ViewGroup.dispatchDraw(ViewGroup.java:1376)
02-13 18:40:56.434 D/Bitmap  (  332):       android.view.View.draw(View.java:6883)
02-13 18:40:56.434 D/Bitmap  (  332):       android.widget.FrameLayout.draw(FrameLayout.java:357)
02-13 18:40:56.434 D/Bitmap  (  332):       com.android.internal.policy.impl.PhoneWindow$DecorView.draw(PhoneWindow.java:1866)
02-13 18:40:56.434 D/Bitmap  (  332):       android.view.ViewRoot.draw(ViewRoot.java:1526)
02-13 18:40:56.434 D/Bitmap  (  332):       android.view.ViewRoot.performTraversals(ViewRoot.java:1262)
02-13 18:40:56.434 D/Bitmap  (  332):       android.view.ViewRoot.handleMessage(ViewRoot.java:1864)
02-13 18:40:56.434 D/Bitmap  (  332):       android.os.Handler.dispatchMessage(Handler.java:99)
02-13 18:40:56.434 D/Bitmap  (  332):       android.os.Looper.loop(Looper.java:130)
02-13 18:40:56.434 D/Bitmap  (  332):       android.app.ActivityThread.main(ActivityThread.java:3704)
02-13 18:40:56.434 D/Bitmap  (  332):       java.lang.reflect.Method.invokeNative(Native Method)
02-13 18:40:56.434 D/Bitmap  (  332):       java.lang.reflect.Method.invoke(Method.java:507)
02-13 18:40:56.434 D/Bitmap  (  332):       com.android.internal.os.ZygoteInit$MethodAndArgsCaller.run(ZygoteInit.java:875)
02-13 18:40:56.434 D/Bitmap  (  332):       com.android.internal.os.ZygoteInit.main(ZygoteInit.java:633)
02-13 18:40:56.434 D/Bitmap  (  332):       dalvik.system.NativeStart.main(Native Method)
02-13 18:40:56.434 D/Bitmap  (  332): _
02-13 18:40:56.454 D/OmaDrmReceiver(  583): android.intent.action.CONFIGURATION_CHANGED
02-13 18:40:56.474 D/OmaDrmReceiver(  583): android.intent.action.CONFIGURATION_CHANGED
02-13 18:40:56.474 I/OmaDrmService(  583): Language changed!!!!!!
02-13 18:40:56.474 I/OmaDrmService(  583): Language changed!!!!!!
02-13 18:40:56.604 D/KeyguardViewMediator(  258): setHidden false
02-13 18:40:56.634 D/KeyguardViewMediator(  258): setHidden false
02-13 18:40:56.634 D/KeyguardViewMediator(  258): setHidden false
02-13 18:40:56.694 D/KeyguardViewMediator(  258): setHidden false
02-13 18:40:56.694 D/KeyguardViewMediator(  258): setHidden false
02-13 18:40:56.744 D/KeyguardViewMediator(  258): setHidden false
02-13 18:40:56.935 D/Bitmap  (  332): Detect unrecycled bitmap.
02-13 18:40:56.935 D/Bitmap  (  332):       Size: 213760 Bytes, Width: 320 , Height: 167 , Hash code: 1079669464
02-13 18:40:56.935 D/Bitmap  (  332):  This bimap was created in:
02-13 18:40:56.935 D/Bitmap  (  332):       android.graphics.Bitmap.<init>(Bitmap.java:136)
02-13 18:40:56.935 D/Bitmap  (  332):       android.graphics.Bitmap.nativeCreate(Native Method)
02-13 18:40:56.935 D/Bitmap  (  332):       android.graphics.Bitmap.createBitmap(Bitmap.java:547)
02-13 18:40:56.935 D/Bitmap  (  332):       com.android.inputmethod.latin.LatinKeyboardBaseView.onBufferDraw(LatinKeyboardBaseView.java:775)
02-13 18:40:56.935 D/Bitmap  (  332):       com.android.inputmethod.latin.LatinKeyboardBaseView.onDraw(LatinKeyboardBaseView.java:763)
02-13 18:40:56.935 D/Bitmap  (  332):       android.view.View.draw(View.java:6880)
02-13 18:40:56.935 D/Bitmap  (  332):       com.android.inputmethod.latin.LatinKeyboardView.draw(LatinKeyboardView.java:353)
02-13 18:40:56.935 D/Bitmap  (  332):       android.view.ViewGroup.drawChild(ViewGroup.java:1649)
02-13 18:40:56.935 D/Bitmap  (  332):       android.view.ViewGroup.dispatchDraw(ViewGroup.java:1376)
02-13 18:40:56.935 D/Bitmap  (  332):       android.view.ViewGroup.drawChild(ViewGroup.java:1647)
02-13 18:40:56.935 D/Bitmap  (  332):       android.view.ViewGroup.dispatchDraw(ViewGroup.java:1376)
02-13 18:40:56.935 D/Bitmap  (  332):       android.view.ViewGroup.drawChild(ViewGroup.java:1647)
02-13 18:40:56.935 D/Bitmap  (  332):       android.view.ViewGroup.dispatchDraw(ViewGroup.java:1376)
02-13 18:40:56.935 D/Bitmap  (  332):       android.view.ViewGroup.drawChild(ViewGroup.java:1647)
02-13 18:40:56.935 D/Bitmap  (  332):       android.view.ViewGroup.dispatchDraw(ViewGroup.java:1376)
02-13 18:40:56.935 D/Bitmap  (  332):       android.view.View.draw(View.java:6883)
02-13 18:40:56.935 D/Bitmap  (  332):       android.widget.FrameLayout.draw(FrameLayout.java:357)
02-13 18:40:56.935 D/Bitmap  (  332):       com.android.internal.policy.impl.PhoneWindow$DecorView.draw(PhoneWindow.java:1866)
02-13 18:40:56.935 D/Bitmap  (  332):       android.view.ViewRoot.draw(ViewRoot.java:1526)
02-13 18:40:56.935 D/Bitmap  (  332):       android.view.ViewRoot.performTraversals(ViewRoot.java:1262)
02-13 18:40:56.935 D/Bitmap  (  332):       android.view.ViewRoot.handleMessage(ViewRoot.java:1864)
02-13 18:40:56.945 D/Bitmap  (  332):       android.os.Handler.dispatchMessage(Handler.java:99)
02-13 18:40:56.945 D/Bitmap  (  332):       android.os.Looper.loop(Looper.java:130)
02-13 18:40:56.945 D/Bitmap  (  332):       android.app.ActivityThread.main(ActivityThread.java:3704)
02-13 18:40:56.945 D/Bitmap  (  332):       java.lang.reflect.Method.invokeNative(Native Method)
02-13 18:40:56.945 D/Bitmap  (  332):       java.lang.reflect.Method.invoke(Method.java:507)
02-13 18:40:56.945 D/Bitmap  (  332):       com.android.internal.os.ZygoteInit$MethodAndArgsCaller.run(ZygoteInit.java:875)
02-13 18:40:56.945 D/Bitmap  (  332):       com.android.internal.os.ZygoteInit.main(ZygoteInit.java:633)
02-13 18:40:56.945 D/Bitmap  (  332):       dalvik.system.NativeStart.main(Native Method)
02-13 18:40:56.945 D/Bitmap  (  332): _
02-13 18:40:56.965 D/KeyguardViewMediator(  258): setHidden false
02-13 18:40:56.995 D/KeyguardViewMediator(  258): setHidden false
02-13 18:40:57.015 D/KeyguardViewMediator(  258): setHidden false
02-13 18:40:57.015 D/KeyguardViewMediator(  258): setHidden false
02-13 18:40:57.045 D/KeyguardViewMediator(  258): setHidden false
02-13 18:40:57.055 D/KeyguardViewMediator(  258): setHidden false
02-13 18:40:57.095 D/Bitmap  (  332): Detect unrecycled bitmap.
02-13 18:40:57.095 D/Bitmap  (  332):       Size: 270080 Bytes, Width: 320 , Height: 211 , Hash code: 1079427296
02-13 18:40:57.095 D/Bitmap  (  332):  This bimap was created in:
02-13 18:40:57.095 D/Bitmap  (  332):       android.graphics.Bitmap.<init>(Bitmap.java:136)
02-13 18:40:57.095 D/Bitmap  (  332):       android.graphics.Bitmap.nativeCreate(Native Method)
02-13 18:40:57.095 D/Bitmap  (  332):       android.graphics.Bitmap.createBitmap(Bitmap.java:547)
02-13 18:40:57.095 D/Bitmap  (  332):       com.android.inputmethod.latin.LatinKeyboardBaseView.onBufferDraw(LatinKeyboardBaseView.java:775)
02-13 18:40:57.095 D/Bitmap  (  332):       com.android.inputmethod.latin.LatinKeyboardBaseView.onDraw(LatinKeyboardBaseView.java:763)
02-13 18:40:57.095 D/Bitmap  (  332):       android.view.View.draw(View.java:6880)
02-13 18:40:57.095 D/Bitmap  (  332):       com.android.inputmethod.latin.LatinKeyboardView.draw(LatinKeyboardView.java:353)
02-13 18:40:57.095 D/Bitmap  (  332):       android.view.ViewGroup.drawChild(ViewGroup.java:1649)
02-13 18:40:57.095 D/Bitmap  (  332):       android.view.ViewGroup.dispatchDraw(ViewGroup.java:1376)
02-13 18:40:57.095 D/Bitmap  (  332):       android.view.ViewGroup.drawChild(ViewGroup.java:1647)
02-13 18:40:57.095 D/Bitmap  (  332):       android.view.ViewGroup.dispatchDraw(ViewGroup.java:1376)
02-13 18:40:57.095 D/Bitmap  (  332):       android.view.ViewGroup.drawChild(ViewGroup.java:1647)
02-13 18:40:57.095 D/Bitmap  (  332):       android.view.ViewGroup.dispatchDraw(ViewGroup.java:1376)
02-13 18:40:57.095 D/Bitmap  (  332):       android.view.ViewGroup.drawChild(ViewGroup.java:1647)
02-13 18:40:57.095 D/Bitmap  (  332):       android.view.ViewGroup.dispatchDraw(ViewGroup.java:1376)
02-13 18:40:57.095 D/Bitmap  (  332):       android.view.View.draw(View.java:6883)
02-13 18:40:57.095 D/Bitmap  (  332):       android.widget.FrameLayout.draw(FrameLayout.java:357)
02-13 18:40:57.095 D/Bitmap  (  332):       com.android.internal.policy.impl.PhoneWindow$DecorView.draw(PhoneWindow.java:1866)
02-13 18:40:57.095 D/Bitmap  (  332):       android.view.ViewRoot.draw(ViewRoot.java:1526)
02-13 18:40:57.095 D/Bitmap  (  332):       android.view.ViewRoot.performTraversals(ViewRoot.java:1262)
02-13 18:40:57.095 D/Bitmap  (  332):       android.view.ViewRoot.handleMessage(ViewRoot.java:1864)
02-13 18:40:57.095 D/Bitmap  (  332):       android.os.Handler.dispatchMessage(Handler.java:99)
02-13 18:40:57.095 D/Bitmap  (  332):       android.os.Looper.loop(Looper.java:130)
02-13 18:40:57.095 D/Bitmap  (  332):       android.app.ActivityThread.main(ActivityThread.java:3704)
02-13 18:40:57.095 D/Bitmap  (  332):       java.lang.reflect.Method.invokeNative(Native Method)
02-13 18:40:57.095 D/Bitmap  (  332):       java.lang.reflect.Method.invoke(Method.java:507)
02-13 18:40:57.095 D/Bitmap  (  332):       com.android.internal.os.ZygoteInit$MethodAndArgsCaller.run(ZygoteInit.java:875)
02-13 18:40:57.095 D/Bitmap  (  332):       com.android.internal.os.ZygoteInit.main(ZygoteInit.java:633)
02-13 18:40:57.095 D/Bitmap  (  332):       dalvik.system.NativeStart.main(Native Method)
02-13 18:40:57.095 D/Bitmap  (  332): _
02-13 18:40:58.376 I/SprintUpdater(  568): Scheduling retry in 1780 min
02-13 18:40:58.376 D/AlarmManager(  258): +++Alarm set:type=0 com.sprint.ce.updater  Trigger after:106814216ms
02-13 18:40:58.867 D/KeyguardViewMediator(  258): setHidden false
02-13 18:40:58.887 D/KeyguardViewMediator(  258): setHidden false
02-13 18:40:58.897 D/KeyguardViewMediator(  258): setHidden false
02-13 18:40:58.907 I/Mms/compose(  533): SLIDESHOW updateSendButtonState enable = true
02-13 18:40:58.907 I/Mms/compose(  533): SLIDESHOW setSendButtonText isMms = false
02-13 18:40:58.907 I/Mms/compose(  533): SLIDESHOW setSendButtonText isMms = false
02-13 18:40:58.927 D/KeyguardViewMediator(  258): setHidden false
02-13 18:40:58.937 D/KeyguardViewMediator(  258): setHidden false
02-13 18:40:58.957 D/KeyguardViewMediator(  258): setHidden false
02-13 18:40:58.967 D/KeyguardViewMediator(  258): setHidden false
02-13 18:40:58.987 D/KeyguardViewMediator(  258): setHidden false
02-13 18:40:59.007 D/KeyguardViewMediator(  258): setHidden false
02-13 18:40:59.027 D/KeyguardViewMediator(  258): setHidden false
02-13 18:40:59.037 D/KeyguardViewMediator(  258): setHidden false
02-13 18:40:59.517 D/KeyguardViewMediator(  258): setHidden false
02-13 18:40:59.527 D/KeyguardViewMediator(  258): setHidden false
02-13 18:40:59.547 D/KeyguardViewMediator(  258): setHidden false
02-13 18:40:59.607 I/Mms/compose(  533): SLIDESHOW updateSendButtonState enable = true
02-13 18:40:59.607 I/Mms/compose(  533): SLIDESHOW setSendButtonText isMms = false
02-13 18:40:59.617 I/Mms/compose(  533): SLIDESHOW setSendButtonText isMms = false
02-13 18:40:59.627 D/KeyguardViewMediator(  258): setHidden false
02-13 18:40:59.647 D/KeyguardViewMediator(  258): setHidden false
02-13 18:40:59.657 D/KeyguardViewMediator(  258): setHidden false
02-13 18:40:59.677 D/KeyguardViewMediator(  258): setHidden false
02-13 18:40:59.697 D/KeyguardViewMediator(  258): setHidden false
02-13 18:40:59.717 D/KeyguardViewMediator(  258): setHidden false
02-13 18:40:59.727 D/KeyguardViewMediator(  258): setHidden false
02-13 18:40:59.727 D/KeyguardViewMediator(  258): setHidden false
02-13 18:41:00.008 D/KeyguardUpdateMonitor(  258): received broadcast android.intent.action.TIME_TICK
02-13 18:41:00.018 D/KeyguardUpdateMonitor(  258): handleTimeUpdate
02-13 18:41:00.078 D/KeyguardViewMediator(  258): setHidden false
02-13 18:41:00.098 D/KeyguardViewMediator(  258): setHidden false
02-13 18:41:00.108 D/KeyguardViewMediator(  258): setHidden false
02-13 18:41:00.178 I/Mms/compose(  533): SLIDESHOW updateSendButtonState enable = true
02-13 18:41:00.178 I/Mms/compose(  533): SLIDESHOW setSendButtonText isMms = false
02-13 18:41:00.178 I/Mms/compose(  533): SLIDESHOW setSendButtonText isMms = false
02-13 18:41:00.198 D/KeyguardViewMediator(  258): setHidden false
02-13 18:41:00.208 D/KeyguardViewMediator(  258): setHidden false
02-13 18:41:00.228 D/KeyguardViewMediator(  258): setHidden false
02-13 18:41:00.238 D/KeyguardViewMediator(  258): setHidden false
02-13 18:41:00.258 D/KeyguardViewMediator(  258): setHidden false
02-13 18:41:00.278 D/KeyguardViewMediator(  258): setHidden false
02-13 18:41:00.288 D/KeyguardViewMediator(  258): setHidden false
02-13 18:41:00.298 D/KeyguardViewMediator(  258): setHidden false
02-13 18:41:00.298 D/KeyguardViewMediator(  258): setHidden false
02-13 18:41:00.328 D/KeyguardViewMediator(  258): setHidden false
02-13 18:41:00.338 D/KeyguardViewMediator(  258): setHidden false
02-13 18:41:00.378 I/Mms/compose(  533): SLIDESHOW updateSendButtonState enable = true
02-13 18:41:00.378 I/Mms/compose(  533): SLIDESHOW setSendButtonText isMms = false
02-13 18:41:00.378 I/Mms/compose(  533): SLIDESHOW setSendButtonText isMms = false
02-13 18:41:00.398 D/KeyguardViewMediator(  258): setHidden false
02-13 18:41:00.408 D/KeyguardViewMediator(  258): setHidden false
02-13 18:41:00.428 D/KeyguardViewMediator(  258): setHidden false
02-13 18:41:00.448 D/KeyguardViewMediator(  258): setHidden false
02-13 18:41:00.458 D/KeyguardViewMediator(  258): setHidden false
02-13 18:41:00.478 D/KeyguardViewMediator(  258): setHidden false
02-13 18:41:00.498 D/KeyguardViewMediator(  258): setHidden false
02-13 18:41:00.498 D/KeyguardViewMediator(  258): setHidden false
02-13 18:41:00.498 D/KeyguardViewMediator(  258): setHidden false
02-13 18:41:00.518 D/KeyguardViewMediator(  258): setHidden false
02-13 18:41:00.528 D/KeyguardViewMediator(  258): setHidden false
02-13 18:41:00.588 I/Mms/compose(  533): SLIDESHOW updateSendButtonState enable = true
02-13 18:41:00.588 I/Mms/compose(  533): SLIDESHOW setSendButtonText isMms = false
02-13 18:41:00.598 I/Mms/compose(  533): SLIDESHOW setSendButtonText isMms = false
02-13 18:41:00.608 D/KeyguardViewMediator(  258): setHidden false
02-13 18:41:00.628 D/KeyguardViewMediator(  258): setHidden false
02-13 18:41:00.648 D/KeyguardViewMediator(  258): setHidden false
02-13 18:41:00.658 D/KeyguardViewMediator(  258): setHidden false
02-13 18:41:00.678 D/KeyguardViewMediator(  258): setHidden false
02-13 18:41:00.688 D/KeyguardViewMediator(  258): setHidden false
02-13 18:41:00.708 D/KeyguardViewMediator(  258): setHidden false
02-13 18:41:00.728 D/KeyguardViewMediator(  258): setHidden false
02-13 18:41:01.119 D/KeyguardViewMediator(  258): setHidden false
02-13 18:41:01.129 D/KeyguardViewMediator(  258): setHidden false
02-13 18:41:01.139 D/KeyguardViewMediator(  258): setHidden false
02-13 18:41:01.249 I/Mms/compose(  533): SLIDESHOW updateSendButtonState enable = true
02-13 18:41:01.249 I/Mms/compose(  533): SLIDESHOW setSendButtonText isMms = false
02-13 18:41:01.249 I/Mms/compose(  533): SLIDESHOW setSendButtonText isMms = false
02-13 18:41:01.259 D/KeyguardViewMediator(  258): setHidden false
02-13 18:41:01.279 D/KeyguardViewMediator(  258): setHidden false
02-13 18:41:01.299 D/KeyguardViewMediator(  258): setHidden false
02-13 18:41:01.309 D/KeyguardViewMediator(  258): setHidden false
02-13 18:41:01.329 D/KeyguardViewMediator(  258): setHidden false
02-13 18:41:01.339 D/KeyguardViewMediator(  258): setHidden false
02-13 18:41:01.369 D/KeyguardViewMediator(  258): setHidden false
02-13 18:41:01.379 D/KeyguardViewMediator(  258): setHidden false
02-13 18:41:01.439 W/AlarmManager(  258): +++Alarm  wakeup phone ,pkg=com.locationlabs.v3client
02-13 18:41:01.459 I/V3Client(  658): AccountService.onStartup
02-13 18:41:01.479 I/V3Client(  658): Re-registering for push services. email:v3client@location-labs.com
02-13 18:41:01.659 I/V3Client(  658): stopping scheduling feed now
02-13 18:41:01.679 W/AlarmManager(  258): +++alarm onSendFinished ,action=com.locationlabs.action.DO_STARTUP
02-13 18:41:01.709 I/V3Client(  658): FeatSvc create
02-13 18:41:01.709 I/V3Client(  658): FeatSvc RES
02-13 18:41:01.719 I/V3Client(  658): FeatureService initial state thread
02-13 18:41:01.759 D/KeyguardViewMediator(  258): setHidden false
02-13 18:41:01.779 D/KeyguardViewMediator(  258): setHidden false
02-13 18:41:01.789 I/V3Client(  658): claimed number is '9132005928'
02-13 18:41:01.789 D/KeyguardViewMediator(  258): setHidden false
02-13 18:41:01.799 D/AlarmManager(  258): +++Alarm set:type=2 com.locationlabs.v3client  Trigger after:536344138ms
02-13 18:41:01.799 I/V3Client(  658): next heartbeat scheduled for Sun Feb 19 23:40:05 CST 2012
02-13 18:41:01.900 I/Mms/compose(  533): SLIDESHOW updateSendButtonState enable = true
02-13 18:41:01.900 I/Mms/compose(  533): SLIDESHOW setSendButtonText isMms = false
02-13 18:41:01.900 I/Mms/compose(  533): SLIDESHOW setSendButtonText isMms = false
02-13 18:41:01.920 D/KeyguardViewMediator(  258): setHidden false
02-13 18:41:01.930 D/KeyguardViewMediator(  258): setHidden false
02-13 18:41:01.950 D/KeyguardViewMediator(  258): setHidden false
02-13 18:41:01.960 D/KeyguardViewMediator(  258): setHidden false
02-13 18:41:01.980 D/KeyguardViewMediator(  258): setHidden false
02-13 18:41:01.990 D/KeyguardViewMediator(  258): setHidden false
02-13 18:41:02.000 D/KeyguardViewMediator(  258): setHidden false
02-13 18:41:02.000 D/KeyguardViewMediator(  258): setHidden false
02-13 18:41:02.010 D/KeyguardViewMediator(  258): setHidden false
02-13 18:41:02.020 D/KeyguardViewMediator(  258): setHidden false
02-13 18:41:02.040 I/V3Client(  658): HTTP req: POST https://sparkle.locationlabs.com/client/v3/notifications
02-13 18:41:02.120 I/Mms/compose(  533): SLIDESHOW updateSendButtonState enable = true
02-13 18:41:02.120 I/Mms/compose(  533): SLIDESHOW setSendButtonText isMms = false
02-13 18:41:02.120 I/Mms/compose(  533): SLIDESHOW setSendButtonText isMms = false
02-13 18:41:02.120 I/Mms/compose(  533): SLIDESHOW updateSendButtonState enable = true
02-13 18:41:02.120 I/Mms/compose(  533): SLIDESHOW setSendButtonText isMms = false
02-13 18:41:02.120 I/Mms/compose(  533): SLIDESHOW setSendButtonText isMms = false
02-13 18:41:02.140 D/KeyguardViewMediator(  258): setHidden false
02-13 18:41:02.150 D/KeyguardViewMediator(  258): setHidden false
02-13 18:41:02.170 D/KeyguardViewMediator(  258): setHidden false
02-13 18:41:02.190 D/KeyguardViewMediator(  258): setHidden false
02-13 18:41:02.200 D/KeyguardViewMediator(  258): setHidden false
02-13 18:41:02.220 D/KeyguardViewMediator(  258): setHidden false
02-13 18:41:02.230 D/KeyguardViewMediator(  258): setHidden false
02-13 18:41:02.240 D/KeyguardViewMediator(  258): setHidden false
02-13 18:41:02.440 D/KeyguardViewMediator(  258): setHidden false
02-13 18:41:02.450 D/KeyguardViewMediator(  258): setHidden false
02-13 18:41:02.470 D/KeyguardViewMediator(  258): setHidden false
02-13 18:41:02.560 I/Mms/compose(  533): SLIDESHOW updateSendButtonState enable = true
02-13 18:41:02.560 I/Mms/compose(  533): SLIDESHOW setSendButtonText isMms = false
02-13 18:41:02.570 I/Mms/compose(  533): SLIDESHOW setSendButtonText isMms = false
02-13 18:41:02.580 D/KeyguardViewMediator(  258): setHidden false
02-13 18:41:02.600 D/KeyguardViewMediator(  258): setHidden false
02-13 18:41:02.610 D/KeyguardViewMediator(  258): setHidden false
02-13 18:41:02.630 D/KeyguardViewMediator(  258): setHidden false
02-13 18:41:02.650 D/KeyguardViewMediator(  258): setHidden false
02-13 18:41:02.660 D/KeyguardViewMediator(  258): setHidden false
02-13 18:41:02.670 D/KeyguardViewMediator(  258): setHidden false
02-13 18:41:02.680 D/KeyguardViewMediator(  258): setHidden false
02-13 18:41:02.680 D/KeyguardViewMediator(  258): setHidden false
02-13 18:41:02.690 D/KeyguardViewMediator(  258): setHidden false
02-13 18:41:02.700 D/KeyguardViewMediator(  258): setHidden false
02-13 18:41:02.780 I/Mms/compose(  533): SLIDESHOW updateSendButtonState enable = true
02-13 18:41:02.780 I/Mms/compose(  533): SLIDESHOW setSendButtonText isMms = false
02-13 18:41:02.780 I/Mms/compose(  533): SLIDESHOW setSendButtonText isMms = false
02-13 18:41:02.800 D/KeyguardViewMediator(  258): setHidden false
02-13 18:41:02.810 D/KeyguardViewMediator(  258): setHidden false
02-13 18:41:02.830 D/KeyguardViewMediator(  258): setHidden false
02-13 18:41:02.850 D/KeyguardViewMediator(  258): setHidden false
02-13 18:41:02.860 D/KeyguardViewMediator(  258): setHidden false
02-13 18:41:02.880 D/KeyguardViewMediator(  258): setHidden false
02-13 18:41:02.890 D/KeyguardViewMediator(  258): setHidden false
02-13 18:41:02.900 D/KeyguardViewMediator(  258): setHidden false
02-13 18:41:03.061 D/KeyguardViewMediator(  258): setHidden false
02-13 18:41:03.071 D/KeyguardViewMediator(  258): setHidden false
02-13 18:41:03.081 D/KeyguardViewMediator(  258): setHidden false
02-13 18:41:03.181 I/Mms/compose(  533): SLIDESHOW updateSendButtonState enable = true
02-13 18:41:03.181 I/Mms/compose(  533): SLIDESHOW setSendButtonText isMms = false
02-13 18:41:03.181 I/Mms/compose(  533): SLIDESHOW setSendButtonText isMms = false
02-13 18:41:03.191 D/KeyguardViewMediator(  258): setHidden false
02-13 18:41:03.211 D/KeyguardViewMediator(  258): setHidden false
02-13 18:41:03.231 D/KeyguardViewMediator(  258): setHidden false
02-13 18:41:03.231 D/KeyguardViewMediator(  258): setHidden false
02-13 18:41:03.251 D/KeyguardViewMediator(  258): setHidden false
02-13 18:41:03.271 D/KeyguardViewMediator(  258): setHidden false
02-13 18:41:03.281 D/KeyguardViewMediator(  258): setHidden false
02-13 18:41:03.281 D/KeyguardViewMediator(  258): setHidden false
02-13 18:41:03.461 D/KeyguardViewMediator(  258): setHidden false
02-13 18:41:03.481 D/KeyguardViewMediator(  258): setHidden false
02-13 18:41:03.491 D/KeyguardViewMediator(  258): setHidden false
02-13 18:41:03.551 I/Mms/compose(  533): SLIDESHOW updateSendButtonState enable = true
02-13 18:41:03.551 I/Mms/compose(  533): SLIDESHOW setSendButtonText isMms = false
02-13 18:41:03.551 I/Mms/compose(  533): SLIDESHOW setSendButtonText isMms = false
02-13 18:41:03.571 D/KeyguardViewMediator(  258): setHidden false
02-13 18:41:03.581 D/KeyguardViewMediator(  258): setHidden false
02-13 18:41:03.601 D/KeyguardViewMediator(  258): setHidden false
02-13 18:41:03.611 D/KeyguardViewMediator(  258): setHidden false
02-13 18:41:03.641 D/KeyguardViewMediator(  258): setHidden false
02-13 18:41:03.651 D/KeyguardViewMediator(  258): setHidden false
02-13 18:41:03.671 D/KeyguardViewMediator(  258): setHidden false
02-13 18:41:03.681 D/KeyguardViewMediator(  258): setHidden false
02-13 18:41:03.701 I/V3Client(  658): HTTP resp: 200 OK
02-13 18:41:03.761 I/V3Client(  658): claimed number is '9132005928'
02-13 18:41:03.761 D/AlarmManager(  258): +++Alarm set:type=2 com.locationlabs.v3client  Trigger after:536342150ms
02-13 18:41:03.761 I/V3Client(  658): next heartbeat scheduled for Sun Feb 19 23:40:05 CST 2012
02-13 18:41:03.791 I/V3Client(  658): HTTP req: POST https://sparkle.locationlabs.com/client/v3/notifications
02-13 18:41:04.702 D/KeyguardViewMediator(  258): setHidden false
02-13 18:41:04.722 D/KeyguardViewMediator(  258): setHidden false
02-13 18:41:04.722 D/KeyguardViewMediator(  258): setHidden false
02-13 18:41:04.742 D/KeyguardViewMediator(  258): setHidden false
02-13 18:41:04.752 D/KeyguardViewMediator(  258): setHidden false
02-13 18:41:04.782 D/KeyguardViewMediator(  258): setHidden false
02-13 18:41:04.802 D/KeyguardViewMediator(  258): setHidden false
02-13 18:41:04.802 D/KeyguardViewMediator(  258): setHidden false
02-13 18:41:04.822 I/V3Client(  658): HTTP resp: 200 OK
02-13 18:41:04.822 D/KeyguardViewMediator(  258): setHidden false
02-13 18:41:04.842 D/KeyguardViewMediator(  258): setHidden false
02-13 18:41:04.852 D/KeyguardViewMediator(  258): setHidden false
02-13 18:41:04.872 D/KeyguardViewMediator(  258): setHidden false
02-13 18:41:04.892 D/KeyguardViewMediator(  258): setHidden false
02-13 18:41:04.912 D/KeyguardViewMediator(  258): setHidden false
02-13 18:41:04.932 D/KeyguardViewMediator(  258): setHidden false
02-13 18:41:04.932 D/KeyguardViewMediator(  258): setHidden false
02-13 18:41:04.963 D/KeyguardViewMediator(  258): setHidden false
02-13 18:41:04.973 D/KeyguardViewMediator(  258): setHidden false
02-13 18:41:04.983 D/KeyguardViewMediator(  258): setHidden false
02-13 18:41:05.013 D/KeyguardViewMediator(  258): setHidden false
02-13 18:41:05.013 D/KeyguardViewMediator(  258): setHidden false
02-13 18:41:05.043 D/KeyguardViewMediator(  258): setHidden false
02-13 18:41:05.053 D/KeyguardViewMediator(  258): setHidden false
02-13 18:41:05.063 D/KeyguardViewMediator(  258): setHidden false
02-13 18:41:05.093 D/KeyguardViewMediator(  258): setHidden false
02-13 18:41:05.103 D/KeyguardViewMediator(  258): setHidden false
02-13 18:41:05.113 D/KeyguardViewMediator(  258): setHidden false
02-13 18:41:05.143 D/KeyguardViewMediator(  258): setHidden false
02-13 18:41:05.153 D/KeyguardViewMediator(  258): setHidden false
02-13 18:41:05.383 W/KeyCharacterMap(  533): No keyboard for id 0
02-13 18:41:05.383 W/KeyCharacterMap(  533): Using default keymap: /system/usr/keychars/qwerty.kcm.bin
02-13 18:41:05.383 I/Mms/compose(  533): SLIDESHOW updateSendButtonState enable = true
02-13 18:41:05.383 D/KeyguardViewMediator(  258): setHidden false
02-13 18:41:05.393 I/Mms/compose(  533): SLIDESHOW setSendButtonText isMms = false
02-13 18:41:05.393 I/Mms/compose(  533): SLIDESHOW setSendButtonText isMms = false
02-13 18:41:05.403 D/KeyguardViewMediator(  258): setHidden false
02-13 18:41:05.413 D/KeyguardViewMediator(  258): setHidden false
02-13 18:41:05.423 D/KeyguardViewMediator(  258): setHidden false
02-13 18:41:05.433 D/KeyguardViewMediator(  258): setHidden false
02-13 18:41:05.463 D/KeyguardViewMediator(  258): setHidden false
02-13 18:41:05.473 D/KeyguardViewMediator(  258): setHidden false
02-13 18:41:05.483 D/KeyguardViewMediator(  258): setHidden false
02-13 18:41:05.503 D/KeyguardViewMediator(  258): setHidden false
02-13 18:41:05.513 D/KeyguardViewMediator(  258): setHidden false
02-13 18:41:05.533 D/KeyguardViewMediator(  258): setHidden false
02-13 18:41:05.543 D/KeyguardViewMediator(  258): setHidden false
02-13 18:41:05.553 D/KeyguardViewMediator(  258): setHidden false
02-13 18:41:05.563 D/KeyguardViewMediator(  258): setHidden false
02-13 18:41:05.593 D/KeyguardViewMediator(  258): setHidden false
02-13 18:41:05.603 D/KeyguardViewMediator(  258): setHidden false
02-13 18:41:05.623 D/KeyguardViewMediator(  258): setHidden false
02-13 18:41:05.643 D/KeyguardViewMediator(  258): setHidden false
02-13 18:41:05.643 D/KeyguardViewMediator(  258): setHidden false
02-13 18:41:05.643 D/KeyguardViewMediator(  258): setHidden false
02-13 18:41:05.663 D/KeyguardViewMediator(  258): setHidden false
02-13 18:41:05.683 D/KeyguardViewMediator(  258): setHidden false
02-13 18:41:05.693 D/KeyguardViewMediator(  258): setHidden false
02-13 18:41:05.713 D/KeyguardViewMediator(  258): setHidden false
02-13 18:41:05.733 D/KeyguardViewMediator(  258): setHidden false
02-13 18:41:05.753 D/KeyguardViewMediator(  258): setHidden false
02-13 18:41:05.763 D/KeyguardViewMediator(  258): setHidden false
02-13 18:41:06.014 D/KeyguardViewMediator(  258): setHidden false
02-13 18:41:06.024 D/KeyguardViewMediator(  258): setHidden false
02-13 18:41:06.044 D/KeyguardViewMediator(  258): setHidden false
02-13 18:41:06.174 I/Mms/compose(  533): SLIDESHOW updateSendButtonState enable = true
02-13 18:41:06.174 I/Mms/compose(  533): SLIDESHOW setSendButtonText isMms = false
02-13 18:41:06.174 I/Mms/compose(  533): SLIDESHOW setSendButtonText isMms = false
02-13 18:41:06.194 D/KeyguardViewMediator(  258): setHidden false
02-13 18:41:06.214 D/KeyguardViewMediator(  258): setHidden false
02-13 18:41:06.234 D/KeyguardViewMediator(  258): setHidden false
02-13 18:41:06.254 D/KeyguardViewMediator(  258): setHidden false
02-13 18:41:06.264 D/KeyguardViewMediator(  258): setHidden false
02-13 18:41:06.274 D/KeyguardViewMediator(  258): setHidden false
02-13 18:41:06.304 D/KeyguardViewMediator(  258): setHidden false
02-13 18:41:06.304 D/KeyguardViewMediator(  258): setHidden false
02-13 18:41:06.454 D/KeyguardViewMediator(  258): setHidden false
02-13 18:41:06.464 D/KeyguardViewMediator(  258): setHidden false
02-13 18:41:06.484 D/KeyguardViewMediator(  258): setHidden false
02-13 18:41:06.564 D/KeyguardViewMediator(  258): setHidden false
02-13 18:41:06.584 D/KeyguardViewMediator(  258): setHidden false
02-13 18:41:06.594 D/KeyguardViewMediator(  258): setHidden false
02-13 18:41:06.624 D/KeyguardViewMediator(  258): setHidden false
02-13 18:41:06.634 D/KeyguardViewMediator(  258): setHidden false
02-13 18:41:06.654 D/KeyguardViewMediator(  258): setHidden false
02-13 18:41:06.664 D/KeyguardViewMediator(  258): setHidden false
02-13 18:41:06.674 D/KeyguardViewMediator(  258): setHidden false
02-13 18:41:06.934 D/KeyguardViewMediator(  258): setHidden false
02-13 18:41:06.954 D/KeyguardViewMediator(  258): setHidden false
02-13 18:41:06.964 D/KeyguardViewMediator(  258): setHidden false
02-13 18:41:07.095 I/Mms/compose(  533): SLIDESHOW updateSendButtonState enable = true
02-13 18:41:07.095 I/Mms/compose(  533): SLIDESHOW setSendButtonText isMms = false
02-13 18:41:07.095 I/Mms/compose(  533): SLIDESHOW setSendButtonText isMms = false
02-13 18:41:07.145 D/KeyguardViewMediator(  258): setHidden false
02-13 18:41:07.165 D/KeyguardViewMediator(  258): setHidden false
02-13 18:41:07.185 D/KeyguardViewMediator(  258): setHidden false
02-13 18:41:07.195 D/KeyguardViewMediator(  258): setHidden false
02-13 18:41:07.215 D/KeyguardViewMediator(  258): setHidden false
02-13 18:41:07.225 D/KeyguardViewMediator(  258): setHidden false
02-13 18:41:07.255 D/KeyguardViewMediator(  258): setHidden false
02-13 18:41:07.255 D/KeyguardViewMediator(  258): setHidden false
02-13 18:41:07.355 D/KeyguardViewMediator(  258): setHidden false
02-13 18:41:07.375 D/KeyguardViewMediator(  258): setHidden false
02-13 18:41:07.385 D/KeyguardViewMediator(  258): setHidden false
02-13 18:41:07.475 D/KeyguardViewMediator(  258): setHidden false
02-13 18:41:07.485 D/KeyguardViewMediator(  258): setHidden false
02-13 18:41:07.505 D/KeyguardViewMediator(  258): setHidden false
02-13 18:41:07.515 D/KeyguardViewMediator(  258): setHidden false
