02-13 18:40:36.825 D/Bitmap  (  523):       com.sprint.zone.data.DbAdapter.getPageContent(DbAdapter.java:1242)
02-13 18:40:36.825 D/Bitmap  (  523):       com.sprint.zone.data.DbAdapter.loadGlobalContent(DbAdapter.java:1447)
02-13 18:40:36.825 D/Bitmap  (  523):       com.sprint.zone.data.GlobalContent.instance(GlobalContent.java:104)
02-13 18:40:36.825 D/Bitmap  (  523):       com.sprint.zone.Zone.onCreate(Zone.java:35)
02-13 18:40:36.825 D/Bitmap  (  523):       com.sprint.zone.sprint.SprintZone.onCreate(SprintZone.java:10)
02-13 18:40:36.825 D/Bitmap  (  523):       android.app.Instrumentation.callApplicationOnCreate(Instrumentation.java:969)
02-13 18:40:36.825 D/Bitmap  (  523):       android.app.ActivityThread.handleBindApplication(ActivityThread.java:3293)
02-13 18:40:36.825 D/Bitmap  (  523):       android.app.ActivityThread.access$2200(ActivityThread.java:123)
02-13 18:40:36.825 D/Bitmap  (  523):       android.app.ActivityThread$H.handleMessage(ActivityThread.java:986)
02-13 18:40:36.825 D/Bitmap  (  523):       android.os.Handler.dispatchMessage(Handler.java:99)
02-13 18:40:36.825 D/Bitmap  (  523):       android.os.Looper.loop(Looper.java:130)
02-13 18:40:36.825 D/Bitmap  (  523):       android.app.ActivityThread.main(ActivityThread.java:3704)
02-13 18:40:36.825 D/Bitmap  (  523):       java.lang.reflect.Method.invokeNative(Native Method)
02-13 18:40:36.825 D/Bitmap  (  523):       java.lang.reflect.Method.invoke(Method.java:507)
02-13 18:40:36.825 D/Bitmap  (  523):       com.android.internal.os.ZygoteInit$MethodAndArgsCaller.run(ZygoteInit.java:875)
02-13 18:40:36.825 D/Bitmap  (  523):       com.android.internal.os.ZygoteInit.main(ZygoteInit.java:633)
02-13 18:40:36.825 D/Bitmap  (  523):       dalvik.system.NativeStart.main(Native Method)
02-13 18:40:36.825 D/Bitmap  (  523): _
02-13 18:40:37.015 D/Bitmap  (  523): Detect unrecycled bitmap.
02-13 18:40:37.015 D/Bitmap  (  523):       Size: 47432 Bytes, Width: 154 , Height: 154 , Hash code: 1079026728
02-13 18:40:37.015 D/Bitmap  (  523):  This bimap was created in:
02-13 18:40:37.015 D/Bitmap  (  523):       android.graphics.Bitmap.<init>(Bitmap.java:136)
02-13 18:40:37.015 D/Bitmap  (  523):       android.graphics.BitmapFactory.nativeDecodeByteArray(Native Method)
02-13 18:40:37.015 D/Bitmap  (  523):       android.graphics.BitmapFactory.decodeByteArray(BitmapFactory.java:405)
02-13 18:40:37.015 D/Bitmap  (  523):       android.graphics.BitmapFactory.decodeByteArray(BitmapFactory.java:418)
02-13 18:40:37.015 D/Bitmap  (  523):       com.sprint.zone.data.DbAdapter.cursorToFeature(DbAdapter.java:1305)
02-13 18:40:37.015 D/Bitmap  (  523):       com.sprint.zone.data.DbAdapter.getPageContent(DbAdapter.java:1242)
02-13 18:40:37.015 D/Bitmap  (  523):       com.sprint.zone.data.DbAdapter.loadGlobalContent(DbAdapter.java:1447)
02-13 18:40:37.015 D/Bitmap  (  523):       com.sprint.zone.data.GlobalContent.instance(GlobalContent.java:104)
02-13 18:40:37.015 D/Bitmap  (  523):       com.sprint.zone.Zone.onCreate(Zone.java:35)
02-13 18:40:37.015 D/Bitmap  (  523):       com.sprint.zone.sprint.SprintZone.onCreate(SprintZone.java:10)
02-13 18:40:37.015 D/Bitmap  (  523):       android.app.Instrumentation.callApplicationOnCreate(Instrumentation.java:969)
02-13 18:40:37.015 D/Bitmap  (  523):       android.app.ActivityThread.handleBindApplication(ActivityThread.java:3293)
02-13 18:40:37.015 D/Bitmap  (  523):       android.app.ActivityThread.access$2200(ActivityThread.java:123)
02-13 18:40:37.015 D/Bitmap  (  523):       android.app.ActivityThread$H.handleMessage(ActivityThread.java:986)
02-13 18:40:37.015 D/Bitmap  (  523):       android.os.Handler.dispatchMessage(Handler.java:99)
02-13 18:40:37.015 D/Bitmap  (  523):       android.os.Looper.loop(Looper.java:130)
02-13 18:40:37.015 D/Bitmap  (  523):       android.app.ActivityThread.main(ActivityThread.java:3704)
02-13 18:40:37.015 D/Bitmap  (  523):       java.lang.reflect.Method.invokeNative(Native Method)
02-13 18:40:37.015 D/Bitmap  (  523):       java.lang.reflect.Method.invoke(Method.java:507)
02-13 18:40:37.015 D/Bitmap  (  523):       com.android.internal.os.ZygoteInit$MethodAndArgsCaller.run(ZygoteInit.java:875)
02-13 18:40:37.015 D/Bitmap  (  523):       com.android.internal.os.ZygoteInit.main(ZygoteInit.java:633)
02-13 18:40:37.015 D/Bitmap  (  523):       dalvik.system.NativeStart.main(Native Method)
02-13 18:40:37.015 D/Bitmap  (  523): _
02-13 18:40:37.015 D/Bitmap  (  523): Detect unrecycled bitmap.
02-13 18:40:37.015 D/Bitmap  (  523):       Size: 181476 Bytes, Width: 213 , Height: 213 , Hash code: 1079674560
02-13 18:40:37.015 D/Bitmap  (  523):  This bimap was created in:
02-13 18:40:37.015 D/Bitmap  (  523):       android.graphics.Bitmap.<init>(Bitmap.java:136)
02-13 18:40:37.015 D/Bitmap  (  523):       android.graphics.BitmapFactory.nativeDecodeByteArray(Native Method)
02-13 18:40:37.015 D/Bitmap  (  523):       android.graphics.BitmapFactory.decodeByteArray(BitmapFactory.java:405)
02-13 18:40:37.015 D/Bitmap  (  523):       android.graphics.BitmapFactory.decodeByteArray(BitmapFactory.java:418)
02-13 18:40:37.015 D/Bitmap  (  523):       com.sprint.zone.data.DbAdapter.cursorToFeature(DbAdapter.java:1305)
02-13 18:40:37.015 D/Bitmap  (  523):       com.sprint.zone.data.DbAdapter.getPageContent(DbAdapter.java:1242)
02-13 18:40:37.015 D/Bitmap  (  523):       com.sprint.zone.data.DbAdapter.loadGlobalContent(DbAdapter.java:1447)
02-13 18:40:37.015 D/Bitmap  (  523):       com.sprint.zone.data.GlobalContent.instance(GlobalContent.java:104)
02-13 18:40:37.015 D/Bitmap  (  523):       com.sprint.zone.Zone.onCreate(Zone.java:35)
02-13 18:40:37.015 D/Bitmap  (  523):       com.sprint.zone.sprint.SprintZone.onCreate(SprintZone.java:10)
02-13 18:40:37.015 D/Bitmap  (  523):       android.app.Instrumentation.callApplicationOnCreate(Instrumentation.java:969)
02-13 18:40:37.015 D/Bitmap  (  523):       android.app.ActivityThread.handleBindApplication(ActivityThread.java:3293)
02-13 18:40:37.015 D/Bitmap  (  523):       android.app.ActivityThread.access$2200(ActivityThread.java:123)
02-13 18:40:37.015 D/Bitmap  (  523):       android.app.ActivityThread$H.handleMessage(ActivityThread.java:986)
02-13 18:40:37.015 D/Bitmap  (  523):       android.os.Handler.dispatchMessage(Handler.java:99)
02-13 18:40:37.015 D/Bitmap  (  523):       android.os.Looper.loop(Looper.java:130)
02-13 18:40:37.015 D/Bitmap  (  523):       android.app.ActivityThread.main(ActivityThread.java:3704)
02-13 18:40:37.015 D/Bitmap  (  523):       java.lang.reflect.Method.invokeNative(Native Method)
02-13 18:40:37.015 D/Bitmap  (  523):       java.lang.reflect.Method.invoke(Method.java:507)
02-13 18:40:37.015 D/Bitmap  (  523):       com.android.internal.os.ZygoteInit$MethodAndArgsCaller.run(ZygoteInit.java:875)
02-13 18:40:37.015 D/Bitmap  (  523):       com.android.internal.os.ZygoteInit.main(ZygoteInit.java:633)
02-13 18:40:37.015 D/Bitmap  (  523):       dalvik.system.NativeStart.main(Native Method)
02-13 18:40:37.015 D/Bitmap  (  523): _
02-13 18:40:37.015 D/Bitmap  (  523): Detect unrecycled bitmap.
02-13 18:40:37.015 D/Bitmap  (  523):       Size: 262144 Bytes, Width: 256 , Height: 256 , Hash code: 1079661720
02-13 18:40:37.015 D/Bitmap  (  523):  This bimap was created in:
02-13 18:40:37.015 D/Bitmap  (  523):       android.graphics.Bitmap.<init>(Bitmap.java:136)
02-13 18:40:37.015 D/Bitmap  (  523):       android.graphics.BitmapFactory.nativeDecodeByteArray(Native Method)
02-13 18:40:37.015 D/Bitmap  (  523):       android.graphics.BitmapFactory.decodeByteArray(BitmapFactory.java:405)
02-13 18:40:37.015 D/Bitmap  (  523):       android.graphics.BitmapFactory.decodeByteArray(BitmapFactory.java:418)
02-13 18:40:37.015 D/Bitmap  (  523):       com.sprint.zone.data.DbAdapter.cursorToFeature(DbAdapter.java:1305)
02-13 18:40:37.015 D/Bitmap  (  523):       com.sprint.zone.data.DbAdapter.getPageContent(DbAdapter.java:1242)
02-13 18:40:37.015 D/Bitmap  (  523):       com.sprint.zone.data.DbAdapter.loadGlobalContent(DbAdapter.java:1447)
02-13 18:40:37.015 D/Bitmap  (  523):       com.sprint.zone.data.GlobalContent.instance(GlobalContent.java:104)
02-13 18:40:37.015 D/Bitmap  (  523):       com.sprint.zone.Zone.onCreate(Zone.java:35)
02-13 18:40:37.015 D/Bitmap  (  523):       com.sprint.zone.sprint.SprintZone.onCreate(SprintZone.java:10)
02-13 18:40:37.015 D/Bitmap  (  523):       android.app.Instrumentation.callApplicationOnCreate(Instrumentation.java:969)
02-13 18:40:37.015 D/Bitmap  (  523):       android.app.ActivityThread.handleBindApplication(ActivityThread.java:3293)
02-13 18:40:37.015 D/Bitmap  (  523):       android.app.ActivityThread.access$2200(ActivityThread.java:123)
02-13 18:40:37.015 D/Bitmap  (  523):       android.app.ActivityThread$H.handleMessage(ActivityThread.java:986)
02-13 18:40:37.015 D/Bitmap  (  523):       android.os.Handler.dispatchMessage(Handler.java:99)
02-13 18:40:37.025 D/Bitmap  (  523):       android.os.Looper.loop(Looper.java:130)
02-13 18:40:37.025 D/Bitmap  (  523):       android.app.ActivityThread.main(ActivityThread.java:3704)
02-13 18:40:37.025 D/Bitmap  (  523):       java.lang.reflect.Method.invokeNative(Native Method)
02-13 18:40:37.025 D/Bitmap  (  523):       java.lang.reflect.Method.invoke(Method.java:507)
02-13 18:40:37.025 D/Bitmap  (  523):       com.android.internal.os.ZygoteInit$MethodAndArgsCaller.run(ZygoteInit.java:875)
02-13 18:40:37.025 D/Bitmap  (  523):       com.android.internal.os.ZygoteInit.main(ZygoteInit.java:633)
02-13 18:40:37.025 D/Bitmap  (  523):       dalvik.system.NativeStart.main(Native Method)
02-13 18:40:37.025 D/Bitmap  (  523): _
02-13 18:40:37.025 D/Bitmap  (  523): Detect unrecycled bitmap.
02-13 18:40:37.025 D/Bitmap  (  523):       Size: 168100 Bytes, Width: 205 , Height: 205 , Hash code: 1079086544
02-13 18:40:37.025 D/Bitmap  (  523):  This bimap was created in:
02-13 18:40:37.025 D/Bitmap  (  523):       android.graphics.Bitmap.<init>(Bitmap.java:136)
02-13 18:40:37.025 D/Bitmap  (  523):       android.graphics.BitmapFactory.nativeDecodeByteArray(Native Method)
02-13 18:40:37.025 D/Bitmap  (  523):       android.graphics.BitmapFactory.decodeByteArray(BitmapFactory.java:405)
02-13 18:40:37.025 D/Bitmap  (  523):       android.graphics.BitmapFactory.decodeByteArray(BitmapFactory.java:418)
02-13 18:40:37.025 D/Bitmap  (  523):       com.sprint.zone.data.DbAdapter.cursorToFeature(DbAdapter.java:1305)
02-13 18:40:37.025 D/Bitmap  (  523):       com.sprint.zone.data.DbAdapter.getPageContent(DbAdapter.java:1242)
02-13 18:40:37.025 D/Bitmap  (  523):       com.sprint.zone.data.DbAdapter.loadGlobalContent(DbAdapter.java:1447)
02-13 18:40:37.025 D/Bitmap  (  523):       com.sprint.zone.data.GlobalContent.instance(GlobalContent.java:104)
02-13 18:40:37.025 D/Bitmap  (  523):       com.sprint.zone.Zone.onCreate(Zone.java:35)
02-13 18:40:37.025 D/Bitmap  (  523):       com.sprint.zone.sprint.SprintZone.onCreate(SprintZone.java:10)
02-13 18:40:37.025 D/Bitmap  (  523):       android.app.Instrumentation.callApplicationOnCreate(Instrumentation.java:969)
02-13 18:40:37.025 D/Bitmap  (  523):       android.app.ActivityThread.handleBindApplication(ActivityThread.java:3293)
02-13 18:40:37.025 D/Bitmap  (  523):       android.app.ActivityThread.access$2200(ActivityThread.java:123)
02-13 18:40:37.025 D/Bitmap  (  523):       android.app.ActivityThread$H.handleMessage(ActivityThread.java:986)
02-13 18:40:37.025 D/Bitmap  (  523):       android.os.Handler.dispatchMessage(Handler.java:99)
02-13 18:40:37.025 D/Bitmap  (  523):       android.os.Looper.loop(Looper.java:130)
02-13 18:40:37.025 D/Bitmap  (  523):       android.app.ActivityThread.main(ActivityThread.java:3704)
02-13 18:40:37.025 D/Bitmap  (  523):       java.lang.reflect.Method.invokeNative(Native Method)
02-13 18:40:37.025 D/Bitmap  (  523):       java.lang.reflect.Method.invoke(Method.java:507)
02-13 18:40:37.025 D/Bitmap  (  523):       com.android.internal.os.ZygoteInit$MethodAndArgsCaller.run(ZygoteInit.java:875)
02-13 18:40:37.025 D/Bitmap  (  523):       com.android.internal.os.ZygoteInit.main(ZygoteInit.java:633)
02-13 18:40:37.025 D/Bitmap  (  523):       dalvik.system.NativeStart.main(Native Method)
02-13 18:40:37.025 D/Bitmap  (  523): _
02-13 18:40:37.025 D/Bitmap  (  523): Detect unrecycled bitmap.
02-13 18:40:37.025 D/Bitmap  (  523):       Size: 47432 Bytes, Width: 154 , Height: 154 , Hash code: 1079088768
02-13 18:40:37.025 D/Bitmap  (  523):  This bimap was created in:
02-13 18:40:37.025 D/Bitmap  (  523):       android.graphics.Bitmap.<init>(Bitmap.java:136)
02-13 18:40:37.025 D/Bitmap  (  523):       android.graphics.BitmapFactory.nativeDecodeByteArray(Native Method)
02-13 18:40:37.025 D/Bitmap  (  523):       android.graphics.BitmapFactory.decodeByteArray(BitmapFactory.java:405)
02-13 18:40:37.025 D/Bitmap  (  523):       android.graphics.BitmapFactory.decodeByteArray(BitmapFactory.java:418)
02-13 18:40:37.025 D/Bitmap  (  523):       com.sprint.zone.data.DbAdapter.cursorToFeature(DbAdapter.java:1305)
02-13 18:40:37.025 D/Bitmap  (  523):       com.sprint.zone.data.DbAdapter.getPageContent(DbAdapter.java:1242)
02-13 18:40:37.025 D/Bitmap  (  523):       com.sprint.zone.data.DbAdapter.loadGlobalContent(DbAdapter.java:1447)
02-13 18:40:37.025 D/Bitmap  (  523):       com.sprint.zone.data.GlobalContent.instance(GlobalContent.java:104)
02-13 18:40:37.025 D/Bitmap  (  523):       com.sprint.zone.Zone.onCreate(Zone.java:35)
02-13 18:40:37.025 D/Bitmap  (  523):       com.sprint.zone.sprint.SprintZone.onCreate(SprintZone.java:10)
02-13 18:40:37.025 D/Bitmap  (  523):       android.app.Instrumentation.callApplicationOnCreate(Instrumentation.java:969)
02-13 18:40:37.025 D/Bitmap  (  523):       android.app.ActivityThread.handleBindApplication(ActivityThread.java:3293)
02-13 18:40:37.025 D/Bitmap  (  523):       android.app.ActivityThread.access$2200(ActivityThread.java:123)
02-13 18:40:37.025 D/Bitmap  (  523):       android.app.ActivityThread$H.handleMessage(ActivityThread.java:986)
02-13 18:40:37.025 D/Bitmap  (  523):       android.os.Handler.dispatchMessage(Handler.java:99)
02-13 18:40:37.025 D/Bitmap  (  523):       android.os.Looper.loop(Looper.java:130)
02-13 18:40:37.025 D/Bitmap  (  523):       android.app.ActivityThread.main(ActivityThread.java:3704)
02-13 18:40:37.025 D/Bitmap  (  523):       java.lang.reflect.Method.invokeNative(Native Method)
02-13 18:40:37.025 D/Bitmap  (  523):       java.lang.reflect.Method.invoke(Method.java:507)
02-13 18:40:37.025 D/Bitmap  (  523):       com.android.internal.os.ZygoteInit$MethodAndArgsCaller.run(ZygoteInit.java:875)
02-13 18:40:37.025 D/Bitmap  (  523):       com.android.internal.os.ZygoteInit.main(ZygoteInit.java:633)
02-13 18:40:37.025 D/Bitmap  (  523):       dalvik.system.NativeStart.main(Native Method)
02-13 18:40:37.025 D/Bitmap  (  523): _
02-13 18:40:37.025 D/Bitmap  (  523): Detect unrecycled bitmap.
02-13 18:40:37.025 D/Bitmap  (  523):       Size: 262144 Bytes, Width: 256 , Height: 256 , Hash code: 1079158096
02-13 18:40:37.025 D/Bitmap  (  523):  This bimap was created in:
02-13 18:40:37.025 D/Bitmap  (  523):       android.graphics.Bitmap.<init>(Bitmap.java:136)
02-13 18:40:37.025 D/Bitmap  (  523):       android.graphics.BitmapFactory.nativeDecodeByteArray(Native Method)
02-13 18:40:37.025 D/Bitmap  (  523):       android.graphics.BitmapFactory.decodeByteArray(BitmapFactory.java:405)
02-13 18:40:37.025 D/Bitmap  (  523):       android.graphics.BitmapFactory.decodeByteArray(BitmapFactory.java:418)
02-13 18:40:37.025 D/Bitmap  (  523):       com.sprint.zone.data.DbAdapter.cursorToFeature(DbAdapter.java:1305)
02-13 18:40:37.025 D/Bitmap  (  523):       com.sprint.zone.data.DbAdapter.getPageContent(DbAdapter.java:1242)
02-13 18:40:37.025 D/Bitmap  (  523):       com.sprint.zone.data.DbAdapter.loadGlobalContent(DbAdapter.java:1447)
02-13 18:40:37.025 D/Bitmap  (  523):       com.sprint.zone.data.GlobalContent.instance(GlobalContent.java:104)
02-13 18:40:37.025 D/Bitmap  (  523):       com.sprint.zone.Zone.onCreate(Zone.java:35)
02-13 18:40:37.025 D/Bitmap  (  523):       com.sprint.zone.sprint.SprintZone.onCreate(SprintZone.java:10)
02-13 18:40:37.025 D/Bitmap  (  523):       android.app.Instrumentation.callApplicationOnCreate(Instrumentation.java:969)
02-13 18:40:37.025 D/Bitmap  (  523):       android.app.ActivityThread.handleBindApplication(ActivityThread.java:3293)
02-13 18:40:37.025 D/Bitmap  (  523):       android.app.ActivityThread.access$2200(ActivityThread.java:123)
02-13 18:40:37.025 D/Bitmap  (  523):       android.app.ActivityThread$H.handleMessage(ActivityThread.java:986)
02-13 18:40:37.025 D/Bitmap  (  523):       android.os.Handler.dispatchMessage(Handler.java:99)
02-13 18:40:37.025 D/Bitmap  (  523):       android.os.Looper.loop(Looper.java:130)
02-13 18:40:37.025 D/Bitmap  (  523):       android.app.ActivityThread.main(ActivityThread.java:3704)
02-13 18:40:37.025 D/Bitmap  (  523):       java.lang.reflect.Method.invokeNative(Native Method)
02-13 18:40:37.025 D/Bitmap  (  523):       java.lang.reflect.Method.invoke(Method.java:507)
02-13 18:40:37.025 D/Bitmap  (  523):       com.android.internal.os.ZygoteInit$MethodAndArgsCaller.run(ZygoteInit.java:875)
02-13 18:40:37.025 D/Bitmap  (  523):       com.android.internal.os.ZygoteInit.main(ZygoteInit.java:633)
02-13 18:40:37.025 D/Bitmap  (  523):       dalvik.system.NativeStart.main(Native Method)
02-13 18:40:37.025 D/Bitmap  (  523): _
02-13 18:40:37.025 D/Bitmap  (  523): Detect unrecycled bitmap.
02-13 18:40:37.025 D/Bitmap  (  523):       Size: 61504 Bytes, Width: 124 , Height: 124 , Hash code: 1079450144
02-13 18:40:37.025 D/Bitmap  (  523):  This bimap was created in:
02-13 18:40:37.025 D/Bitmap  (  523):       android.graphics.Bitmap.<init>(Bitmap.java:136)
02-13 18:40:37.025 D/Bitmap  (  523):       android.graphics.BitmapFactory.nativeDecodeByteArray(Native Method)
02-13 18:40:37.025 D/Bitmap  (  523):       android.graphics.BitmapFactory.decodeByteArray(BitmapFactory.java:405)
02-13 18:40:37.025 D/Bitmap  (  523):       android.graphics.BitmapFactory.decodeByteArray(BitmapFactory.java:418)
02-13 18:40:37.025 D/Bitmap  (  523):       com.sprint.zone.data.DbAdapter.cursorToFeature(DbAdapter.java:1305)
02-13 18:40:37.025 D/Bitmap  (  523):       com.sprint.zone.data.DbAdapter.getPageContent(DbAdapter.java:1242)
02-13 18:40:37.025 D/Bitmap  (  523):       com.sprint.zone.data.DbAdapter.loadGlobalContent(DbAdapter.java:1447)
02-13 18:40:37.025 D/Bitmap  (  523):       com.sprint.zone.data.GlobalContent.instance(GlobalContent.java:104)
02-13 18:40:37.025 D/Bitmap  (  523):       com.sprint.zone.Zone.onCreate(Zone.java:35)
02-13 18:40:37.025 D/Bitmap  (  523):       com.sprint.zone.sprint.SprintZone.onCreate(SprintZone.java:10)
02-13 18:40:37.025 D/Bitmap  (  523):       android.app.Instrumentation.callApplicationOnCreate(Instrumentation.java:969)
02-13 18:40:37.025 D/Bitmap  (  523):       android.app.ActivityThread.handleBindApplication(ActivityThread.java:3293)
02-13 18:40:37.025 D/Bitmap  (  523):       android.app.ActivityThread.access$2200(ActivityThread.java:123)
02-13 18:40:37.025 D/Bitmap  (  523):       android.app.ActivityThread$H.handleMessage(ActivityThread.java:986)
02-13 18:40:37.025 D/Bitmap  (  523):       android.os.Handler.dispatchMessage(Handler.java:99)
02-13 18:40:37.025 D/Bitmap  (  523):       android.os.Looper.loop(Looper.java:130)
02-13 18:40:37.025 D/Bitmap  (  523):       android.app.ActivityThread.main(ActivityThread.java:3704)
02-13 18:40:37.025 D/Bitmap  (  523):       java.lang.reflect.Method.invokeNative(Native Method)
02-13 18:40:37.025 D/Bitmap  (  523):       java.lang.reflect.Method.invoke(Method.java:507)
02-13 18:40:37.025 D/Bitmap  (  523):       com.android.internal.os.ZygoteInit$MethodAndArgsCaller.run(ZygoteInit.java:875)
02-13 18:40:37.025 D/Bitmap  (  523):       com.android.internal.os.ZygoteInit.main(ZygoteInit.java:633)
02-13 18:40:37.025 D/Bitmap  (  523):       dalvik.system.NativeStart.main(Native Method)
02-13 18:40:37.025 D/Bitmap  (  523): _
02-13 18:40:37.025 D/Bitmap  (  523): Detect unrecycled bitmap.
02-13 18:40:37.025 D/Bitmap  (  523):       Size: 131072 Bytes, Width: 256 , Height: 256 , Hash code: 1079031432
02-13 18:40:37.025 D/Bitmap  (  523):  This bimap was created in:
02-13 18:40:37.025 D/Bitmap  (  523):       android.graphics.Bitmap.<init>(Bitmap.java:136)
02-13 18:40:37.025 D/Bitmap  (  523):       android.graphics.BitmapFactory.nativeDecodeByteArray(Native Method)
02-13 18:40:37.025 D/Bitmap  (  523):       android.graphics.BitmapFactory.decodeByteArray(BitmapFactory.java:405)
02-13 18:40:37.025 D/Bitmap  (  523):       android.graphics.BitmapFactory.decodeByteArray(BitmapFactory.java:418)
02-13 18:40:37.025 D/Bitmap  (  523):       com.sprint.zone.data.DbAdapter.cursorToFeature(DbAdapter.java:1305)
02-13 18:40:37.025 D/Bitmap  (  523):       com.sprint.zone.data.DbAdapter.getPageContent(DbAdapter.java:1242)
02-13 18:40:37.025 D/Bitmap  (  523):       com.sprint.zone.data.DbAdapter.loadGlobalContent(DbAdapter.java:1447)
02-13 18:40:37.025 D/Bitmap  (  523):       com.sprint.zone.data.GlobalContent.instance(GlobalContent.java:104)
02-13 18:40:37.025 D/Bitmap  (  523):       com.sprint.zone.Zone.onCreate(Zone.java:35)
02-13 18:40:37.025 D/Bitmap  (  523):       com.sprint.zone.sprint.SprintZone.onCreate(SprintZone.java:10)
02-13 18:40:37.025 D/Bitmap  (  523):       android.app.Instrumentation.callApplicationOnCreate(Instrumentation.java:969)
02-13 18:40:37.025 D/Bitmap  (  523):       android.app.ActivityThread.handleBindApplication(ActivityThread.java:3293)
02-13 18:40:37.025 D/Bitmap  (  523):       android.app.ActivityThread.access$2200(ActivityThread.java:123)
02-13 18:40:37.025 D/Bitmap  (  523):       android.app.ActivityThread$H.handleMessage(ActivityThread.java:986)
02-13 18:40:37.025 D/Bitmap  (  523):       android.os.Handler.dispatchMessage(Handler.java:99)
02-13 18:40:37.025 D/Bitmap  (  523):       android.os.Looper.loop(Looper.java:130)
02-13 18:40:37.025 D/Bitmap  (  523):       android.app.ActivityThread.main(ActivityThread.java:3704)
02-13 18:40:37.025 D/Bitmap  (  523):       java.lang.reflect.Method.invokeNative(Native Method)
02-13 18:40:37.035 D/Bitmap  (  523):       java.lang.reflect.Method.invoke(Method.java:507)
02-13 18:40:37.035 D/Bitmap  (  523):       com.android.internal.os.ZygoteInit$MethodAndArgsCaller.run(ZygoteInit.java:875)
02-13 18:40:37.035 D/Bitmap  (  523):       com.android.internal.os.ZygoteInit.main(ZygoteInit.java:633)
02-13 18:40:37.035 D/Bitmap  (  523):       dalvik.system.NativeStart.main(Native Method)
02-13 18:40:37.035 D/Bitmap  (  523): _
02-13 18:40:37.035 D/Bitmap  (  523): Detect unrecycled bitmap.
02-13 18:40:37.035 D/Bitmap  (  523):       Size: 1048576 Bytes, Width: 512 , Height: 512 , Hash code: 1079333480
02-13 18:40:37.035 D/Bitmap  (  523):  This bimap was created in:
02-13 18:40:37.035 D/Bitmap  (  523):       android.graphics.Bitmap.<init>(Bitmap.java:136)
02-13 18:40:37.035 D/Bitmap  (  523):       android.graphics.BitmapFactory.nativeDecodeByteArray(Native Method)
02-13 18:40:37.035 D/Bitmap  (  523):       android.graphics.BitmapFactory.decodeByteArray(BitmapFactory.java:405)
02-13 18:40:37.035 D/Bitmap  (  523):       android.graphics.BitmapFactory.decodeByteArray(BitmapFactory.java:418)
02-13 18:40:37.035 D/Bitmap  (  523):       com.sprint.zone.data.DbAdapter.cursorToFeature(DbAdapter.java:1305)
02-13 18:40:37.035 D/Bitmap  (  523):       com.sprint.zone.data.DbAdapter.getPageContent(DbAdapter.java:1242)
02-13 18:40:37.035 D/Bitmap  (  523):       com.sprint.zone.data.DbAdapter.loadGlobalContent(DbAdapter.java:1447)
02-13 18:40:37.035 D/Bitmap  (  523):       com.sprint.zone.data.GlobalContent.instance(GlobalContent.java:104)
02-13 18:40:37.035 D/Bitmap  (  523):       com.sprint.zone.Zone.onCreate(Zone.java:35)
02-13 18:40:37.035 D/Bitmap  (  523):       com.sprint.zone.sprint.SprintZone.onCreate(SprintZone.java:10)
02-13 18:40:37.035 D/Bitmap  (  523):       android.app.Instrumentation.callApplicationOnCreate(Instrumentation.java:969)
02-13 18:40:37.035 D/Bitmap  (  523):       android.app.ActivityThread.handleBindApplication(ActivityThread.java:3293)
02-13 18:40:37.035 D/Bitmap  (  523):       android.app.ActivityThread.access$2200(ActivityThread.java:123)
02-13 18:40:37.035 D/Bitmap  (  523):       android.app.ActivityThread$H.handleMessage(ActivityThread.java:986)
02-13 18:40:37.035 D/Bitmap  (  523):       android.os.Handler.dispatchMessage(Handler.java:99)
02-13 18:40:37.035 D/Bitmap  (  523):       android.os.Looper.loop(Looper.java:130)
02-13 18:40:37.035 D/Bitmap  (  523):       android.app.ActivityThread.main(ActivityThread.java:3704)
02-13 18:40:37.035 D/Bitmap  (  523):       java.lang.reflect.Method.invokeNative(Native Method)
02-13 18:40:37.035 D/Bitmap  (  523):       java.lang.reflect.Method.invoke(Method.java:507)
02-13 18:40:37.035 D/Bitmap  (  523):       com.android.internal.os.ZygoteInit$MethodAndArgsCaller.run(ZygoteInit.java:875)
02-13 18:40:37.035 D/Bitmap  (  523):       com.android.internal.os.ZygoteInit.main(ZygoteInit.java:633)
02-13 18:40:37.035 D/Bitmap  (  523):       dalvik.system.NativeStart.main(Native Method)
02-13 18:40:37.035 D/Bitmap  (  523): _
02-13 18:40:37.035 D/Bitmap  (  523): Detect unrecycled bitmap.
02-13 18:40:37.035 D/Bitmap  (  523):       Size: 1048576 Bytes, Width: 512 , Height: 512 , Hash code: 1079288264
02-13 18:40:37.035 D/Bitmap  (  523):  This bimap was created in:
02-13 18:40:37.035 D/Bitmap  (  523):       android.graphics.Bitmap.<init>(Bitmap.java:136)
02-13 18:40:37.035 D/Bitmap  (  523):       android.graphics.BitmapFactory.nativeDecodeByteArray(Native Method)
02-13 18:40:37.035 D/Bitmap  (  523):       android.graphics.BitmapFactory.decodeByteArray(BitmapFactory.java:405)
02-13 18:40:37.035 D/Bitmap  (  523):       android.graphics.BitmapFactory.decodeByteArray(BitmapFactory.java:418)
02-13 18:40:37.035 D/Bitmap  (  523):       com.sprint.zone.data.DbAdapter.cursorToFeature(DbAdapter.java:1305)
02-13 18:40:37.035 D/Bitmap  (  523):       com.sprint.zone.data.DbAdapter.getPageContent(DbAdapter.java:1242)
02-13 18:40:37.035 D/Bitmap  (  523):       com.sprint.zone.data.DbAdapter.loadGlobalContent(DbAdapter.java:1447)
02-13 18:40:37.035 D/Bitmap  (  523):       com.sprint.zone.data.GlobalContent.instance(GlobalContent.java:104)
02-13 18:40:37.035 D/Bitmap  (  523):       com.sprint.zone.Zone.onCreate(Zone.java:35)
02-13 18:40:37.035 D/Bitmap  (  523):       com.sprint.zone.sprint.SprintZone.onCreate(SprintZone.java:10)
02-13 18:40:37.035 D/Bitmap  (  523):       android.app.Instrumentation.callApplicationOnCreate(Instrumentation.java:969)
02-13 18:40:37.035 D/Bitmap  (  523):       android.app.ActivityThread.handleBindApplication(ActivityThread.java:3293)
02-13 18:40:37.035 D/Bitmap  (  523):       android.app.ActivityThread.access$2200(ActivityThread.java:123)
02-13 18:40:37.035 D/Bitmap  (  523):       android.app.ActivityThread$H.handleMessage(ActivityThread.java:986)
02-13 18:40:37.035 D/Bitmap  (  523):       android.os.Handler.dispatchMessage(Handler.java:99)
02-13 18:40:37.035 D/Bitmap  (  523):       android.os.Looper.loop(Looper.java:130)
02-13 18:40:37.035 D/Bitmap  (  523):       android.app.ActivityThread.main(ActivityThread.java:3704)
02-13 18:40:37.035 D/Bitmap  (  523):       java.lang.reflect.Method.invokeNative(Native Method)
02-13 18:40:37.035 D/Bitmap  (  523):       java.lang.reflect.Method.invoke(Method.java:507)
02-13 18:40:37.035 D/Bitmap  (  523):       com.android.internal.os.ZygoteInit$MethodAndArgsCaller.run(ZygoteInit.java:875)
02-13 18:40:37.035 D/Bitmap  (  523):       com.android.internal.os.ZygoteInit.main(ZygoteInit.java:633)
02-13 18:40:37.035 D/Bitmap  (  523):       dalvik.system.NativeStart.main(Native Method)
02-13 18:40:37.035 D/Bitmap  (  523): _
02-13 18:40:37.035 D/Bitmap  (  523): Detect unrecycled bitmap.
02-13 18:40:37.035 D/Bitmap  (  523):       Size: 48400 Bytes, Width: 110 , Height: 110 , Hash code: 1079740176
02-13 18:40:37.035 D/Bitmap  (  523):  This bimap was created in:
02-13 18:40:37.035 D/Bitmap  (  523):       android.graphics.Bitmap.<init>(Bitmap.java:136)
02-13 18:40:37.035 D/Bitmap  (  523):       android.graphics.BitmapFactory.nativeDecodeByteArray(Native Method)
02-13 18:40:37.035 D/Bitmap  (  523):       android.graphics.BitmapFactory.decodeByteArray(BitmapFactory.java:405)
02-13 18:40:37.035 D/Bitmap  (  523):       android.graphics.BitmapFactory.decodeByteArray(BitmapFactory.java:418)
02-13 18:40:37.035 D/Bitmap  (  523):       com.sprint.zone.data.DbAdapter.cursorToFeature(DbAdapter.java:1305)
02-13 18:40:37.035 D/Bitmap  (  523):       com.sprint.zone.data.DbAdapter.getPageContent(DbAdapter.java:1242)
02-13 18:40:37.035 D/Bitmap  (  523):       com.sprint.zone.data.DbAdapter.loadGlobalContent(DbAdapter.java:1447)
02-13 18:40:37.035 D/Bitmap  (  523):       com.sprint.zone.data.GlobalContent.instance(GlobalContent.java:104)
02-13 18:40:37.035 D/Bitmap  (  523):       com.sprint.zone.Zone.onCreate(Zone.java:35)
02-13 18:40:37.035 D/Bitmap  (  523):       com.sprint.zone.sprint.SprintZone.onCreate(SprintZone.java:10)
02-13 18:40:37.035 D/Bitmap  (  523):       android.app.Instrumentation.callApplicationOnCreate(Instrumentation.java:969)
02-13 18:40:37.035 D/Bitmap  (  523):       android.app.ActivityThread.handleBindApplication(ActivityThread.java:3293)
02-13 18:40:37.035 D/Bitmap  (  523):       android.app.ActivityThread.access$2200(ActivityThread.java:123)
02-13 18:40:37.035 D/Bitmap  (  523):       android.app.ActivityThread$H.handleMessage(ActivityThread.java:986)
02-13 18:40:37.035 D/Bitmap  (  523):       android.os.Handler.dispatchMessage(Handler.java:99)
02-13 18:40:37.035 D/Bitmap  (  523):       android.os.Looper.loop(Looper.java:130)
02-13 18:40:37.035 D/Bitmap  (  523):       android.app.ActivityThread.main(ActivityThread.java:3704)
02-13 18:40:37.035 D/Bitmap  (  523):       java.lang.reflect.Method.invokeNative(Native Method)
02-13 18:40:37.035 D/Bitmap  (  523):       java.lang.reflect.Method.invoke(Method.java:507)
02-13 18:40:37.035 D/Bitmap  (  523):       com.android.internal.os.ZygoteInit$MethodAndArgsCaller.run(ZygoteInit.java:875)
02-13 18:40:37.035 D/Bitmap  (  523):       com.android.internal.os.ZygoteInit.main(ZygoteInit.java:633)
02-13 18:40:37.035 D/Bitmap  (  523):       dalvik.system.NativeStart.main(Native Method)
02-13 18:40:37.035 D/Bitmap  (  523): _
02-13 18:40:37.656 D/PhoneApp(  337): updateProximitySensorMode: state = IDLE
02-13 18:40:37.666 D/PhoneApp(  337): updateProximitySensorMode: lock already released.
02-13 18:40:37.666 D/KeyguardViewMediator(  258): setHidden false
02-13 18:40:37.676 D/KeyguardViewMediator(  258): setHidden false
02-13 18:40:37.676 D/KeyguardViewMediator(  258): setHidden false
02-13 18:40:37.676 D/KeyguardViewMediator(  258): setHidden false
02-13 18:40:37.686 D/KeyguardViewMediator(  258): setHidden false
02-13 18:40:37.696 D/KeyguardViewMediator(  258): setHidden false
02-13 18:40:37.696 D/Mms     (  533): [1] Conversation get() RECIPIENT==: 1
02-13 18:40:37.696 D/Mms     (  533): [1] Conversation get() DATE==: 1329178190000
02-13 18:40:37.696 D/Mms     (  533): formatTimeStampString1 ,when = 1329178190000
02-13 18:40:37.696 D/Mms     (  533): formatTimeStampString2 ,when = 1329178190000
02-13 18:40:37.696 D/ConversationListItem(  533): bind: contacts.getDate 6:09PM
02-13 18:40:37.716 D/KeyguardViewMediator(  258): setHidden false
02-13 18:40:37.716 D/ConversationListItem(  533): updateAvatarView(),address =false
02-13 18:40:37.716 D/KeyguardViewMediator(  258): setHidden false
02-13 18:40:37.726 D/KeyguardViewMediator(  258): setHidden false
02-13 18:40:37.746 D/KeyguardViewMediator(  258): setHidden false
02-13 18:40:37.746 D/KeyguardViewMediator(  258): setHidden false
02-13 18:40:37.776 D/QC_NV_ITEMS(  523): QcNvItems instance created.
02-13 18:40:37.786 I/QC_RIL_OEM_HOOK(  523): QcRilOemHook Service Created Successfully
02-13 18:40:37.786 E/QC_NV_ITEMS(  523): ### getMipDataProfile, slot = 1
02-13 18:40:37.796 D/QC_NV_ITEMS(  523): ### doNvRead(465, 1)
02-13 18:40:37.796 D/QC_RIL_OEM_HOOK(  523): sendRilOemHookMsg: itemIdTemp-47
02-13 18:40:37.796 D/QC_NV_ITEMS(  523): Received(465,1): 011f7a7465746573746163636f756e7432323140737072696e747063732e636f6d000000000000000000000000000000000000000000000000000000000000000000000000000000000001d204000001d20400000100000000ffffffff4c591c44
02-13 18:40:37.806 D/QC_NV_ITEMS(  523): 011f7a7465746573746163636f756e7432323140737072696e747063732e636f6d000000000000000000000000000000000000000000000000000000000000000000000000000000000001d204000001d20400000100000000ffffffff4c591c44
02-13 18:40:37.806 E/QmiItemTypes(  523):  index= 1
02-13 18:40:37.806 E/QmiItemTypes(  523):  nai len= 31
02-13 18:40:37.806 E/QmiItemTypes(  523):  nai str= ztetestaccount221@sprintpcs.com
02-13 18:40:37.806 E/QmiItemTypes(  523):  mMnHaSpiSet= true
02-13 18:40:37.806 E/QmiItemTypes(  523):  mMnHaSpi= 1234
02-13 18:40:37.806 E/QmiItemTypes(  523):  mMnAaaSpiSet= true
02-13 18:40:37.806 E/QmiItemTypes(  523):  mMnAaaSpi= 1234
02-13 18:40:37.806 E/QmiItemTypes(  523):  mRvsTnl= true
02-13 18:40:37.806 E/QmiItemTypes(  523):  home_addr= 0.0.0.0
02-13 18:40:37.816 E/QmiItemTypes(  523):  primary_ha_addr= 255.255.255.255
02-13 18:40:37.816 E/QmiItemTypes(  523):  secondary_ha_addr= 68.28.89.76
02-13 18:40:37.816 D/QC_NV_ITEMS(  523): ### getMobDirNumber()
02-13 18:40:37.816 D/QC_RIL_OEM_HOOK(  523): sendRilOemHookMsg: itemIdTemp-41
02-13 18:40:37.816 D/QC_NV_ITEMS(  523): Received: 000a090103020a0a050902080000000000
02-13 18:40:37.816 E/QC_NV_ITEMS(  523): ### getMipDataProfile, slot = 1
02-13 18:40:37.816 D/QC_NV_ITEMS(  523): ### doNvRead(465, 1)
02-13 18:40:37.816 D/QC_RIL_OEM_HOOK(  523): sendRilOemHookMsg: itemIdTemp-47
02-13 18:40:37.826 D/QC_NV_ITEMS(  523): Received(465,1): 011f7a7465746573746163636f756e7432323140737072696e747063732e636f6d000000000000000000000000000000000000000000000000000000000000000000000000000000000001d204000001d20400000100000000ffffffff4c591c44
02-13 18:40:37.826 D/QC_NV_ITEMS(  523): 011f7a7465746573746163636f756e7432323140737072696e747063732e636f6d000000000000000000000000000000000000000000000000000000000000000000000000000000000001d204000001d20400000100000000ffffffff4c591c44
02-13 18:40:37.826 E/QmiItemTypes(  523):  index= 1
02-13 18:40:37.826 E/QmiItemTypes(  523):  nai len= 31
02-13 18:40:37.826 E/QmiItemTypes(  523):  nai str= ztetestaccount221@sprintpcs.com
02-13 18:40:37.826 E/QmiItemTypes(  523):  mMnHaSpiSet= true
02-13 18:40:37.826 E/QmiItemTypes(  523):  mMnHaSpi= 1234
02-13 18:40:37.826 E/QmiItemTypes(  523):  mMnAaaSpiSet= true
02-13 18:40:37.826 E/QmiItemTypes(  523):  mMnAaaSpi= 1234
02-13 18:40:37.826 E/QmiItemTypes(  523):  mRvsTnl= true
02-13 18:40:37.826 E/QmiItemTypes(  523):  home_addr= 0.0.0.0
02-13 18:40:37.826 E/QmiItemTypes(  523):  primary_ha_addr= 255.255.255.255
02-13 18:40:37.826 E/QmiItemTypes(  523):  secondary_ha_addr= 68.28.89.76
02-13 18:40:37.826 D/QC_NV_ITEMS(  523): ###getMinImsiNumber()
02-13 18:40:37.826 D/QC_RIL_OEM_HOOK(  523): sendRilOemHookMsg: itemIdTemp32
02-13 18:40:37.846 D/QC_NV_ITEMS(  523): Received: ff1f7a74656cda6b00
02-13 18:40:37.846 D/QC_RIL_OEM_HOOK(  523): sendRilOemHookMsg: itemIdTemp33
02-13 18:40:37.876 D/QC_NV_ITEMS(  523): Received: ff1f7a9103
02-13 18:40:37.876 D/QC_NV_ITEMS(  523): getMinImsiNumber() msid = 9137068268
02-13 18:40:37.876 E/QC_NV_ITEMS(  523): ### getMipDataProfile, slot = 1
02-13 18:40:37.876 D/QC_NV_ITEMS(  523): ### doNvRead(465, 1)
02-13 18:40:37.876 D/QC_RIL_OEM_HOOK(  523): sendRilOemHookMsg: itemIdTemp-47
02-13 18:40:37.886 D/QC_NV_ITEMS(  523): Received(465,1): 011f7a7465746573746163636f756e7432323140737072696e747063732e636f6d000000000000000000000000000000000000000000000000000000000000000000000000000000000001d204000001d20400000100000000ffffffff4c591c44
02-13 18:40:37.886 D/QC_NV_ITEMS(  523): 011f7a7465746573746163636f756e7432323140737072696e747063732e636f6d000000000000000000000000000000000000000000000000000000000000000000000000000000000001d204000001d20400000100000000ffffffff4c591c44
02-13 18:40:37.886 E/QmiItemTypes(  523):  index= 1
02-13 18:40:37.886 E/QmiItemTypes(  523):  nai len= 31
02-13 18:40:37.886 E/QmiItemTypes(  523):  nai str= ztetestaccount221@sprintpcs.com
02-13 18:40:37.886 E/QmiItemTypes(  523):  mMnHaSpiSet= true
02-13 18:40:37.886 E/QmiItemTypes(  523):  mMnHaSpi= 1234
02-13 18:40:37.896 E/QmiItemTypes(  523):  mMnAaaSpiSet= true
02-13 18:40:37.896 E/QmiItemTypes(  523):  mMnAaaSpi= 1234
02-13 18:40:37.896 E/QmiItemTypes(  523):  mRvsTnl= true
02-13 18:40:37.896 E/QmiItemTypes(  523):  home_addr= 0.0.0.0
02-13 18:40:37.896 E/QmiItemTypes(  523):  primary_ha_addr= 255.255.255.255
02-13 18:40:37.896 E/QmiItemTypes(  523):  secondary_ha_addr= 68.28.89.76
02-13 18:40:37.896 E/QC_NV_ITEMS(  523): ### getMipDataProfile, slot = 1
02-13 18:40:37.896 D/QC_NV_ITEMS(  523): ### doNvRead(465, 1)
02-13 18:40:37.896 D/QC_RIL_OEM_HOOK(  523): sendRilOemHookMsg: itemIdTemp-47
02-13 18:40:37.896 D/QC_NV_ITEMS(  523): Received(465,1): 011f7a7465746573746163636f756e7432323140737072696e747063732e636f6d000000000000000000000000000000000000000000000000000000000000000000000000000000000001d204000001d20400000100000000ffffffff4c591c44
02-13 18:40:37.896 D/QC_NV_ITEMS(  523): 011f7a7465746573746163636f756e7432323140737072696e747063732e636f6d000000000000000000000000000000000000000000000000000000000000000000000000000000000001d204000001d20400000100000000ffffffff4c591c44
02-13 18:40:37.896 E/QmiItemTypes(  523):  index= 1
02-13 18:40:37.896 E/QmiItemTypes(  523):  nai len= 31
02-13 18:40:37.906 E/QmiItemTypes(  523):  nai str= ztetestaccount221@sprintpcs.com
02-13 18:40:37.906 E/QmiItemTypes(  523):  mMnHaSpiSet= true
02-13 18:40:37.906 E/QmiItemTypes(  523):  mMnHaSpi= 1234
02-13 18:40:37.906 E/QmiItemTypes(  523):  mMnAaaSpiSet= true
02-13 18:40:37.906 E/QmiItemTypes(  523):  mMnAaaSpi= 1234
02-13 18:40:37.906 E/QmiItemTypes(  523):  mRvsTnl= true
02-13 18:40:37.906 E/QmiItemTypes(  523):  home_addr= 0.0.0.0
02-13 18:40:37.906 E/QmiItemTypes(  523):  primary_ha_addr= 255.255.255.255
02-13 18:40:37.906 E/QmiItemTypes(  523):  secondary_ha_addr= 68.28.89.76
02-13 18:40:37.906 D/QC_NV_ITEMS(  523): ### getMeid()
02-13 18:40:37.906 D/QC_RIL_OEM_HOOK(  523): sendRilOemHookMsg: itemIdTemp-105
02-13 18:40:37.906 D/QC_NV_ITEMS(  523): Received: bb947d200000a100
02-13 18:40:37.916 D/QC_NV_ITEMS(  523): ***zhoujing***NvMeidType::mMeid=0x0
02-13 18:40:37.916 D/QC_NV_ITEMS(  523): QcNvItems instance created.
02-13 18:40:37.916 I/QC_RIL_OEM_HOOK(  523): QcRilOemHook Service Created Successfully
02-13 18:40:37.916 D/QC_NV_ITEMS(  523): ### getPrlVersion()
02-13 18:40:37.916 D/QC_NV_ITEMS(  523): ### getRoamingList()
02-13 18:40:37.916 D/QC_RIL_OEM_HOOK(  523): sendRilOemHookMsg: itemIdTemp257
02-13 18:40:37.936 D/QC_NV_ITEMS(  523): Received: 0006ed00400000010000000000000000000000000000000000000000000000000000000000000000000000000000000000000000000000000000000000000000000000000000000000000000000000000000000000000000000000000000000000000000000000000000000000000000000000000000000000000000000000000000000000000000000000000000000000000000000000000000000000000000000000000000000000000000000000000000000000000000000000000000000000000000000000000000000000000000000000000000000000000000000000000000000000000000000000000000000000000000000000000000000000000000000000000000000000000000000000000000000000000000000000000000000000000000000000000000000000000000000000000000000000000000000000000000000000000000000000000000000000000000000000000000000000000000000000000000000000000000000000000000000000000000000000000000000000000000000000000000000000000000000000000000000000000000000000000000000000000000000000000000000000000000000000000000000000000000000000000000000000000000000000000000000000000000000000000000000000000000000000000000000000000000000000000000000000000000000000000000000000000000000000000000000000000000000000000000000000000000000000000000000000000000000000000000000000000000000000000000000000000000000000000000000000000000000000000000000000000000000000000000000000000000000000000000000000000000000000000000000000000000000000000000000000000000000000000000000000000000000000000000000000000000000000000000000000000000000000000000000000000000000000000000000000000000000000000000000000000000000000000000000000000000000000000000000000000000000000000000000000000000000000000000000000000000000000000000000000000000000000000000000000000000000000000000000000000000000000000000000000000000000000000000000000000000000000000000000000000000000000000000000000000000000000000000000000000000000000000000000000000000000000000000000000000000000000000000000000000000000000000000000000000000000000000000000000000000000000000000000000000000000000000000000000000000000000000000000000000000000000000000000000000000000000000000000000000000000000000000000000000000000000000000000000000000000000000000000000000000000000000000000000000000000000000000000000000000000000000000000000000000000000000000000000000000000000000000000000000000000000000000000000000000000000000000000000000000000000000000000000000000000000000000000000000000000000000000000000000000000000000000000000000000000000000000000000000000000000000000000000000000000000000000000000000000000000000000000000000000000000000000000000000000000000000000000000000000000000000000000000000000000000000000000000000000000000000000000000000000000000000000000000000000000000000000000000000000000000000000000000000000000000000000000000000000000000000000000000000000000000000000000000000000000000000000000000000000000000000000000000000000000000000000000000000000000000000000000000000000000000000000000000000000000000000000000000000000000000000000000000000000000000000000000000000000000000000000000000000000000000000000000000000000000000000000000000000000000000000000000000000000000000000000000000000000000000000000000000000000000000000000000000000000000000000000000000000000000000000000000000000000000000000000000000000000000000000000000000000000000000000000000000000000000000000000000000000000000000000000000000000000000000000000000000000000000000000000000000000000000000000000000000000000000000000000000000000000000000000000000000000000000000000000000000000000000000000000000000000000000000000000000000000000000000000000000000000000000000000000000000000000000000000000000000000000000000000000000000000000000000000000000000000000000000000000000000000000000000000000000000000000000000000000000000000000000000000000000000000000000000000000000000000000000000000000000000000000000000000000000000000000000000000000000000000000000000000000000000000000000000000000000000000000000000000000000000000000000000000000000000000000000000000000000000000000000000000000000000000000000000000000000000000000000000000000000000000000000000000000000000000000000000000000000000000000000000000000000000000000000000000000000000000000000000000000000000000000000000000000000000000000000000000000
02-13 18:40:37.936 D/QcNvItemTypes(  523): NvRoamingListType ilength is: 16392
02-13 18:40:37.936 D/QcNvItemTypes(  523): NvRoamingListType nam: 0 prl_version: -4858 size: 16384 valid: true
02-13 18:40:37.936 D/QC_NV_ITEMS(  523): roaming_list size = 16384 
02-13 18:40:37.936 D/QC_NV_ITEMS(  523): prlVersion: 60678
02-13 18:40:37.946 D/QC_NV_ITEMS(  523): QcNvItems instance created.
02-13 18:40:37.946 I/QC_RIL_OEM_HOOK(  523): QcRilOemHook Service Created Successfully
02-13 18:40:37.946 E/QC_NV_ITEMS(  523): ### getMipDataProfile, slot = 1
02-13 18:40:37.946 D/QC_NV_ITEMS(  523): ### doNvRead(465, 1)
02-13 18:40:37.946 D/QC_RIL_OEM_HOOK(  523): sendRilOemHookMsg: itemIdTemp-47
02-13 18:40:37.946 D/QC_NV_ITEMS(  523): Received(465,1): 011f7a7465746573746163636f756e7432323140737072696e747063732e636f6d000000000000000000000000000000000000000000000000000000000000000000000000000000000001d204000001d20400000100000000ffffffff4c591c44
02-13 18:40:37.946 D/QC_NV_ITEMS(  523): 011f7a7465746573746163636f756e7432323140737072696e747063732e636f6d000000000000000000000000000000000000000000000000000000000000000000000000000000000001d204000001d20400000100000000ffffffff4c591c44
02-13 18:40:37.946 E/QmiItemTypes(  523):  index= 1
02-13 18:40:37.946 E/QmiItemTypes(  523):  nai len= 31
02-13 18:40:37.946 E/QmiItemTypes(  523):  nai str= ztetestaccount221@sprintpcs.com
02-13 18:40:37.946 E/QmiItemTypes(  523):  mMnHaSpiSet= true
02-13 18:40:37.946 E/QmiItemTypes(  523):  mMnHaSpi= 1234
02-13 18:40:37.946 E/QmiItemTypes(  523):  mMnAaaSpiSet= true
02-13 18:40:37.946 E/QmiItemTypes(  523):  mMnAaaSpi= 1234
02-13 18:40:37.946 E/QmiItemTypes(  523):  mRvsTnl= true
02-13 18:40:37.946 E/QmiItemTypes(  523):  home_addr= 0.0.0.0
02-13 18:40:37.956 E/QmiItemTypes(  523):  primary_ha_addr= 255.255.255.255
02-13 18:40:37.956 E/QmiItemTypes(  523):  secondary_ha_addr= 68.28.89.76
02-13 18:40:37.976 I/MobileZone_Updater(  523): schedule: interval=86400000, now=1329180037989, last_update_ms=1329160968749, next_run=1329247368749
02-13 18:40:37.976 I/MobileZone_Updater(  523): scheduled the updater for every 1440 mins.
02-13 18:40:38.046 D/VoiceDialerReceiver(  553): onReceive Intent { act=android.intent.action.BOOT_COMPLETED cmp=com.android.voicedialer/.VoiceDialerReceiver }
02-13 18:40:38.256 D/Swype   (  560): SwypeDataInitializer.onReceive
02-13 18:40:38.266 I/dun_service(  123): The value returned from dun_getusbmodemstate_fromsys is 2 
02-13 18:40:38.276 D/KeyguardUpdateMonitor(  258): received broadcast android.intent.action.BATTERY_CHANGED
02-13 18:40:38.276 D/KeyguardUpdateMonitor(  258): handleBatteryUpdate
02-13 18:40:38.387 I/ActivityThread(  575): Pub com.sprint.installer: com.sprint.w.installer.ContentProvider
02-13 18:40:38.387 I/ActivityThread(  575): Pub com.sprint.w.installer.SuggestProvider: com.sprint.w.installer.SearchSuggestProvider
02-13 18:40:38.437 D/QC_NV_ITEMS(  575): QcNvItems instance created.
02-13 18:40:38.447 I/QC_RIL_OEM_HOOK(  575): QcRilOemHook Service Created Successfully
02-13 18:40:38.447 E/QC_NV_ITEMS(  575): ### getMipDataProfile, slot = 1
02-13 18:40:38.447 D/QC_NV_ITEMS(  575): ### doNvRead(465, 1)
02-13 18:40:38.447 D/QC_RIL_OEM_HOOK(  575): sendRilOemHookMsg: itemIdTemp-47
02-13 18:40:38.447 D/QC_NV_ITEMS(  575): Received(465,1): 011f7a7465746573746163636f756e7432323140737072696e747063732e636f6d000000000000000000000000000000000000000000000000000000000000000000000000000000000001d204000001d20400000100000000ffffffff4c591c44
02-13 18:40:38.447 D/QC_NV_ITEMS(  575): 011f7a7465746573746163636f756e7432323140737072696e747063732e636f6d000000000000000000000000000000000000000000000000000000000000000000000000000000000001d204000001d20400000100000000ffffffff4c591c44
02-13 18:40:38.447 E/QmiItemTypes(  575):  index= 1
02-13 18:40:38.447 E/QmiItemTypes(  575):  nai len= 31
02-13 18:40:38.457 E/QmiItemTypes(  575):  nai str= ztetestaccount221@sprintpcs.com
02-13 18:40:38.457 E/QmiItemTypes(  575):  mMnHaSpiSet= true
02-13 18:40:38.457 E/QmiItemTypes(  575):  mMnHaSpi= 1234
02-13 18:40:38.457 E/QmiItemTypes(  575):  mMnAaaSpiSet= true
02-13 18:40:38.457 E/QmiItemTypes(  575):  mMnAaaSpi= 1234
02-13 18:40:38.457 E/QmiItemTypes(  575):  mRvsTnl= true
02-13 18:40:38.457 E/QmiItemTypes(  575):  home_addr= 0.0.0.0
02-13 18:40:38.457 E/QmiItemTypes(  575):  primary_ha_addr= 255.255.255.255
02-13 18:40:38.457 E/QmiItemTypes(  575):  secondary_ha_addr= 68.28.89.76
02-13 18:40:38.467 W/dalvikvm(  469): Refusing to reopen boot DEX '/system/framework/qcrilhook.jar'
02-13 18:40:38.467 W/dalvikvm(  469): Refusing to reopen boot DEX '/system/framework/qcnvitems.jar'
02-13 18:40:38.477 I/SprintID.Util(  575): skipping the update check since it already ran recently
02-13 18:40:38.487 E/Dun Auto Boot(  469): Dun Auto Boot Started Successfully
02-13 18:40:38.507 I/Dun Service(  469): Dun Service Created Successfully
02-13 18:40:38.507 I/Dun Service(  469): Background Service Started Successfully ...
02-13 18:40:38.537 W/dalvikvm(  583): Refusing to reopen boot DEX '/system/framework/OmaDrmClient.jar'
02-13 18:40:38.547 I/ActivityThread(  583): Pub drm.oma: com.irdeto.providers.drm.OmaDrmProvider
02-13 18:40:38.547 D/OmaDrmReceiver(  583): android.intent.action.BOOT_COMPLETED
02-13 18:40:38.557 D/MmsSystemEventReceiver(  533): Intent received: Intent { act=android.intent.action.BOOT_COMPLETED cmp=com.android.mms/.transaction.MmsSystemEventReceiver }
02-13 18:40:38.567 E/MmsSystemEventReceiver(  533): ACTION_BOOT_COMPLETED wakeup at=132918003857630000
02-13 18:40:38.577 E/HQB     (  533): onReceive  action received android.intent.action.BOOT_COMPLETED
02-13 18:40:38.577 E/HQB     (  533): onReceiveWithPrivilege  action received android.intent.action.BOOT_COMPLETED
02-13 18:40:38.637 W/dalvikvm(  594): Refusing to reopen boot DEX '/system/framework/qcrilhook.jar'
02-13 18:40:38.637 W/dalvikvm(  594): Refusing to reopen boot DEX '/system/framework/qcnvitems.jar'
02-13 18:40:38.657 D/KeyguardViewMediator(  258): handleTimeout
02-13 18:40:38.697 D/QC_NV_ITEMS(  594): QcNvItems instance created.
02-13 18:40:38.697 I/QC_RIL_OEM_HOOK(  594): QcRilOemHook Service Created Successfully
02-13 18:40:38.697 E/HWY     (  594): into Hidden Menu
02-13 18:40:38.697 E/HWY     (  594): reboot now
02-13 18:40:38.727 D/MediaScannerService(  510): start scanning volume internal
02-13 18:40:38.737 D/AlarmManager(  258): +++Alarm set:type=0 com.google.android.gsf  Trigger after:614232ms
02-13 18:40:38.817 D/KeyguardViewMediator(  258): setHidden false
02-13 18:40:38.817 I/hubo    (  258): Activity {com.google.android.gsf/com.google.android.gsf.update.SystemUpdateInstallDialog}
02-13 18:40:38.897 D/SmsReceiverService(  533): unreadPresidentialCursor.getCount() =0
02-13 18:40:38.977 D/KeyguardViewMediator(  258): setHidden false
02-13 18:40:38.977 D/KeyguardViewMediator(  258): setHidden false
