02-13 18:40:41.660 D/MobileDataStateTracker(  258): [mms]  apnTypeList = dun
02-13 18:40:41.660 D/MobileDataStateTracker(  258): [mms]  unavailable = false
02-13 18:40:41.660 D/MobileDataStateTracker(  258): [mms] Do not process intents if disabled.
02-13 18:40:41.660 D/MobileDataStateTracker(  258): [default]  MobileDataStateReceiver onReceive(): Entry.
02-13 18:40:41.660 D/MobileDataStateTracker(  258): [default]  intent.getAction()= android.intent.action.ANY_DATA_STATE
02-13 18:40:41.660 D/MobileDataStateTracker(  258): [default]  mEnabled = true
02-13 18:40:41.660 D/MobileDataStateTracker(  258): [default]  apnTypeList = dun
02-13 18:40:41.660 D/MobileDataStateTracker(  258): [default]  unavailable = false
02-13 18:40:41.660 D/MobileDataStateTracker(  258): [default] not what we are looking for.
02-13 18:40:41.660 D/MobileDataStateTracker(  258): [hipri]  MobileDataStateReceiver onReceive(): Entry.
02-13 18:40:41.660 D/MobileDataStateTracker(  258): [hipri]  intent.getAction()= android.intent.action.ANY_DATA_STATE
02-13 18:40:41.660 D/MobileDataStateTracker(  258): [hipri]  mEnabled = false
02-13 18:40:41.660 D/MobileDataStateTracker(  258): [hipri]  apnTypeList = dun
02-13 18:40:41.660 D/MobileDataStateTracker(  258): [hipri]  unavailable = false
02-13 18:40:41.660 D/MobileDataStateTracker(  258): [hipri] Do not process intents if disabled.
02-13 18:40:41.660 D/MobileDataStateTracker(  258): [dun]  MobileDataStateReceiver onReceive(): Entry.
02-13 18:40:41.660 D/MobileDataStateTracker(  258): [dun]  intent.getAction()= android.intent.action.ANY_DATA_STATE
02-13 18:40:41.660 D/MobileDataStateTracker(  258): [dun]  mEnabled = false
02-13 18:40:41.660 D/MobileDataStateTracker(  258): [dun]  apnTypeList = dun
02-13 18:40:41.660 D/MobileDataStateTracker(  258): [dun]  unavailable = false
02-13 18:40:41.660 D/MobileDataStateTracker(  258): [dun] Do not process intents if disabled.
02-13 18:40:41.660 D/MobileDataStateTracker(  258): [supl]  MobileDataStateReceiver onReceive(): Entry.
02-13 18:40:41.660 D/MobileDataStateTracker(  258): [supl]  intent.getAction()= android.intent.action.ANY_DATA_STATE
02-13 18:40:41.660 D/MobileDataStateTracker(  258): [supl]  mEnabled = false
02-13 18:40:41.670 D/MobileDataStateTracker(  258): [supl]  apnTypeList = dun
02-13 18:40:41.670 D/MobileDataStateTracker(  258): [supl]  unavailable = false
02-13 18:40:41.670 D/MobileDataStateTracker(  258): [supl] Do not process intents if disabled.
02-13 18:40:41.670 D/MobileDataStateTracker(  258): [mms]  MobileDataStateReceiver onReceive(): Entry.
02-13 18:40:41.670 D/MobileDataStateTracker(  258): [mms]  intent.getAction()= android.intent.action.ANY_DATA_STATE
02-13 18:40:41.670 D/MobileDataStateTracker(  258): [mms]  mEnabled = false
02-13 18:40:41.670 D/PhoneApp(  337): old phone type:2, New Phone type:2
02-13 18:40:41.670 D/NotificationMgr(  337): hideDataDisconnectedRoaming()...
02-13 18:40:41.670 D/PhoneApp(  337): old phone type:2, New Phone type:2
02-13 18:40:41.670 D/NotificationMgr(  337): hideDataDisconnectedRoaming()...
02-13 18:40:41.670 D/PhoneApp(  337): old phone type:2, New Phone type:2
02-13 18:40:41.670 D/NotificationMgr(  337): hideDataDisconnectedRoaming()...
02-13 18:40:41.670 D/PhoneApp(  337): old phone type:2, New Phone type:2
02-13 18:40:41.670 D/NotificationMgr(  337): hideDataDisconnectedRoaming()...
02-13 18:40:41.670 D/PhoneApp(  337): old phone type:2, New Phone type:2
02-13 18:40:41.670 D/NotificationMgr(  337): hideDataDisconnectedRoaming()...
02-13 18:40:41.670 D/PhoneApp(  337): old phone type:2, New Phone type:2
02-13 18:40:41.670 D/NotificationMgr(  337): hideDataDisconnectedRoaming()...
02-13 18:40:41.670 D/PhoneApp(  337): old phone type:2, New Phone type:2
02-13 18:40:41.670 D/NotificationMgr(  337): hideDataDisconnectedRoaming()...
02-13 18:40:41.670 D/PhoneApp(  337): old phone type:2, New Phone type:2
02-13 18:40:41.670 D/NotificationMgr(  337): hideDataDisconnectedRoaming()...
02-13 18:40:41.670 D/PhoneApp(  337): old phone type:2, New Phone type:2
02-13 18:40:41.670 D/NotificationMgr(  337): hideDataDisconnectedRoaming()...
02-13 18:40:41.670 D/MobileDataStateTracker(  258): [mms]  apnTypeList = dun
02-13 18:40:41.670 D/MobileDataStateTracker(  258): [mms]  unavailable = false
02-13 18:40:41.670 D/MobileDataStateTracker(  258): [mms] Do not process intents if disabled.
02-13 18:40:41.670 D/MobileDataStateTracker(  258): [default]  MobileDataStateReceiver onReceive(): Entry.
02-13 18:40:41.670 D/MobileDataStateTracker(  258): [default]  intent.getAction()= android.intent.action.ANY_DATA_STATE
02-13 18:40:41.670 D/MobileDataStateTracker(  258): [default]  mEnabled = true
02-13 18:40:41.680 D/MobileDataStateTracker(  258): [default]  apnTypeList = dun
02-13 18:40:41.680 D/MobileDataStateTracker(  258): [default]  unavailable = false
02-13 18:40:41.680 D/MobileDataStateTracker(  258): [default] not what we are looking for.
02-13 18:40:41.680 D/MobileDataStateTracker(  258): [hipri]  MobileDataStateReceiver onReceive(): Entry.
02-13 18:40:41.680 D/MobileDataStateTracker(  258): [hipri]  intent.getAction()= android.intent.action.ANY_DATA_STATE
02-13 18:40:41.680 D/MobileDataStateTracker(  258): [hipri]  mEnabled = false
02-13 18:40:41.680 D/MobileDataStateTracker(  258): [hipri]  apnTypeList = hipri
02-13 18:40:41.680 D/MobileDataStateTracker(  258): [hipri]  unavailable = false
02-13 18:40:41.680 D/MobileDataStateTracker(  258): [hipri] Do not process intents if disabled.
02-13 18:40:41.680 D/MobileDataStateTracker(  258): [dun]  MobileDataStateReceiver onReceive(): Entry.
02-13 18:40:41.680 D/MobileDataStateTracker(  258): [dun]  intent.getAction()= android.intent.action.ANY_DATA_STATE
02-13 18:40:41.680 D/MobileDataStateTracker(  258): [dun]  mEnabled = false
02-13 18:40:41.680 D/MobileDataStateTracker(  258): [dun]  apnTypeList = hipri
02-13 18:40:41.680 D/MobileDataStateTracker(  258): [dun]  unavailable = false
02-13 18:40:41.680 D/MobileDataStateTracker(  258): [dun] Do not process intents if disabled.
02-13 18:40:41.680 D/MobileDataStateTracker(  258): [supl]  MobileDataStateReceiver onReceive(): Entry.
02-13 18:40:41.680 D/MobileDataStateTracker(  258): [supl]  intent.getAction()= android.intent.action.ANY_DATA_STATE
02-13 18:40:41.680 D/MobileDataStateTracker(  258): [supl]  mEnabled = false
02-13 18:40:41.690 D/MobileDataStateTracker(  258): [supl]  apnTypeList = hipri
02-13 18:40:41.690 D/MobileDataStateTracker(  258): [supl]  unavailable = false
02-13 18:40:41.690 D/MobileDataStateTracker(  258): [supl] Do not process intents if disabled.
02-13 18:40:41.690 D/MobileDataStateTracker(  258): [mms]  MobileDataStateReceiver onReceive(): Entry.
02-13 18:40:41.690 D/MobileDataStateTracker(  258): [mms]  intent.getAction()= android.intent.action.ANY_DATA_STATE
02-13 18:40:41.690 D/MobileDataStateTracker(  258): [mms]  mEnabled = false
02-13 18:40:41.690 D/MobileDataStateTracker(  258): [mms]  apnTypeList = hipri
02-13 18:40:41.690 D/MobileDataStateTracker(  258): [mms]  unavailable = false
02-13 18:40:41.690 D/MobileDataStateTracker(  258): [mms] Do not process intents if disabled.
02-13 18:40:41.690 D/MobileDataStateTracker(  258): [default]  MobileDataStateReceiver onReceive(): Entry.
02-13 18:40:41.690 D/MobileDataStateTracker(  258): [default]  intent.getAction()= android.intent.action.ANY_DATA_STATE
02-13 18:40:41.690 D/MobileDataStateTracker(  258): [default]  mEnabled = true
02-13 18:40:41.690 D/MobileDataStateTracker(  258): [default]  apnTypeList = hipri
02-13 18:40:41.690 D/MobileDataStateTracker(  258): [default]  unavailable = false
02-13 18:40:41.690 D/MobileDataStateTracker(  258): [default] not what we are looking for.
02-13 18:40:41.690 D/MobileDataStateTracker(  258): [hipri]  MobileDataStateReceiver onReceive(): Entry.
02-13 18:40:41.690 D/MobileDataStateTracker(  258): [hipri]  intent.getAction()= android.intent.action.ANY_DATA_STATE
02-13 18:40:41.690 D/MobileDataStateTracker(  258): [hipri]  mEnabled = false
02-13 18:40:41.690 D/MobileDataStateTracker(  258): [hipri]  apnTypeList = hipri
02-13 18:40:41.690 D/MobileDataStateTracker(  258): [hipri]  unavailable = false
02-13 18:40:41.690 D/MobileDataStateTracker(  258): [hipri] Do not process intents if disabled.
02-13 18:40:41.690 D/MobileDataStateTracker(  258): [dun]  MobileDataStateReceiver onReceive(): Entry.
02-13 18:40:41.690 D/MobileDataStateTracker(  258): [dun]  intent.getAction()= android.intent.action.ANY_DATA_STATE
02-13 18:40:41.690 D/MobileDataStateTracker(  258): [dun]  mEnabled = false
02-13 18:40:41.700 D/MobileDataStateTracker(  258): [dun]  apnTypeList = hipri
02-13 18:40:41.710 D/MobileDataStateTracker(  258): [dun]  unavailable = false
02-13 18:40:41.710 D/MobileDataStateTracker(  258): [dun] Do not process intents if disabled.
02-13 18:40:41.710 D/MobileDataStateTracker(  258): [supl]  MobileDataStateReceiver onReceive(): Entry.
02-13 18:40:41.710 D/MobileDataStateTracker(  258): [supl]  intent.getAction()= android.intent.action.ANY_DATA_STATE
02-13 18:40:41.710 D/MobileDataStateTracker(  258): [supl]  mEnabled = false
02-13 18:40:41.730 D/MobileDataStateTracker(  258): [supl]  apnTypeList = hipri
02-13 18:40:41.730 D/MobileDataStateTracker(  258): [supl]  unavailable = false
02-13 18:40:41.730 D/MobileDataStateTracker(  258): [supl] Do not process intents if disabled.
02-13 18:40:41.730 D/MobileDataStateTracker(  258): [mms]  MobileDataStateReceiver onReceive(): Entry.
02-13 18:40:41.730 D/MobileDataStateTracker(  258): [mms]  intent.getAction()= android.intent.action.ANY_DATA_STATE
02-13 18:40:41.730 D/MobileDataStateTracker(  258): [mms]  mEnabled = false
02-13 18:40:41.730 D/MobileDataStateTracker(  258): [mms]  apnTypeList = hipri
02-13 18:40:41.730 D/MobileDataStateTracker(  258): [mms]  unavailable = false
02-13 18:40:41.730 D/MobileDataStateTracker(  258): [mms] Do not process intents if disabled.
02-13 18:40:41.730 D/MobileDataStateTracker(  258): [default]  MobileDataStateReceiver onReceive(): Entry.
02-13 18:40:41.730 D/MobileDataStateTracker(  258): [default]  intent.getAction()= android.intent.action.ANY_DATA_STATE
02-13 18:40:41.730 D/MobileDataStateTracker(  258): [default]  mEnabled = true
02-13 18:40:41.730 D/MobileDataStateTracker(  258): [default]  apnTypeList = hipri
02-13 18:40:41.730 D/MobileDataStateTracker(  258): [default]  unavailable = false
02-13 18:40:41.730 D/MobileDataStateTracker(  258): [default] not what we are looking for.
02-13 18:40:41.790 D/OmaDrmReceiver(  583): android.intent.action.MEDIA_MOUNTED
02-13 18:40:41.810 W/dalvikvm(  634): threadid=5: spin on suspend #1 threadid=8 (pcf=0)
02-13 18:40:41.830 W/dalvikvm(  634): threadid=5: spin on suspend resolved in 1288 msec
02-13 18:40:41.830 I/ActivityThread(  677): Pub com.google.android.apps.uploader: com.google.android.apps.uploader.UploadsContentProvider
02-13 18:40:41.830 I/ActivityThread(  677): Pub com.google.photos.provider.Album: com.google.android.apps.uploader.clients.picasa.AlbumProvider
02-13 18:40:41.840 D/MediaUploader(  677): UploaderApplication.onCreate
02-13 18:40:41.850 D/MediaUploader(  677): nonWifiLimit=20971520, default=20971520
02-13 18:40:41.850 I/MediaUploader(  677): No need to wake up
02-13 18:40:41.880 D/Email   (  509): BOOT_COMPLETED
02-13 18:40:41.880 D/DrmStore(  583): EnableDrmStoreScanner=0
02-13 18:40:41.880 D/Email   (  509): BOOT_COMPLETED Time Initialication
02-13 18:40:41.880 D/Email   (  509): BOOT_COMPLETED Time Initialication end
02-13 18:40:41.880 D/Email   (  509): BOOT_COMPLETED Begin Service
02-13 18:40:41.940 D/LoadGroupService(  391): importGroups, getLoadStatus status = 1
02-13 18:40:41.940 E/LoadGroupService(  391): doPreSotred import_status =1
02-13 18:40:41.940 E/LoadGroupService(  391): groups have been imported before
02-13 18:40:41.940 D/Email   (  509): BOOT_COMPLETED End
02-13 18:40:41.950 D/EAS SyncManager(  509): !!! EAS SyncManager, onCreate
02-13 18:40:41.980 D/Calendar(  634): missed alarms found: 0
02-13 18:40:41.980 D/EAS SyncManager(  509): !!! EAS SyncManager, onStartCommand
02-13 18:40:42.000 D/EAS SyncManager(  509): !!! EAS SyncManager, stopping self
02-13 18:40:42.000 D/EAS SyncManager(  509): !!! EAS SyncManager, onDestroy
02-13 18:40:42.020 D/Calendar(  643): missed alarms found: 0
02-13 18:40:42.030 D/AlertService(  643): No fired or scheduled alerts
02-13 18:40:42.310 D/Gallery3D(  491): [BootReceiver]: Got intent with action android.intent.action.MEDIA_MOUNTED
02-13 18:40:42.421 D/MediaScannerService(  510): start scanning volume external
02-13 18:40:42.441 I/vDM     (  476): Vdmc getInstance
02-13 18:40:42.451 I/vDM     (  476): <MyATCommand.java> MyATCommand() construct
02-13 18:40:42.471 I/vDM     (  476): VdmcLawmo#checkLock
02-13 18:40:42.521 I/ActivityThread(  688): Pub com.google.android.apps.plus.content.EsProvider: com.google.android.apps.plus.content.EsProvider
02-13 18:40:42.581 I/ActivityThread(  688): Pub com.google.android.apps.plus.content.ApiProvider: com.google.android.apps.plus.content.EsApiProvider
02-13 18:40:42.601 I/ActivityThread(  688): Pub com.google.android.apps.plus.content.EsGooglePhotoProvider: com.google.android.picasasync.PicasaContentProvider
02-13 18:40:42.671 D/QC_NV_ITEMS(  476): QcNvItems instance created.
02-13 18:40:42.671 I/QC_RIL_OEM_HOOK(  476): QcRilOemHook Service Created Successfully
02-13 18:40:42.671 D/QC_NV_ITEMS(  476): ### getPhoneLocked()
02-13 18:40:42.681 D/QC_RIL_OEM_HOOK(  476): sendRilOemHookMsg: itemIdTemp81
02-13 18:40:42.691 D/QC_NV_ITEMS(  476): Received: 00
02-13 18:40:42.691 D/QC_NV_ITEMS(  476): val=0
02-13 18:40:42.691 I/vDM     (  476): VdmcLawmo#checkLock unlock
02-13 18:40:42.701 I/vDM     (  476): Vdmc none AirPlane
02-13 18:40:42.721 I/DMC     (  476): Vdmc showHfaUI
02-13 18:40:42.721 D/QC_NV_ITEMS(  476): QcNvItems instance created.
02-13 18:40:42.721 I/QC_RIL_OEM_HOOK(  476): QcRilOemHook Service Created Successfully
02-13 18:40:42.721 D/QC_NV_ITEMS(  476): ### getMeid()
02-13 18:40:42.721 D/QC_RIL_OEM_HOOK(  476): sendRilOemHookMsg: itemIdTemp-105
02-13 18:40:42.731 D/QC_NV_ITEMS(  476): Received: bb947d200000a100
02-13 18:40:42.731 D/QC_NV_ITEMS(  476): ***zhoujing***NvMeidType::mMeid=0x0
02-13 18:40:42.731 E/vDM     (  476): meidValue = A10000207D94BB
02-13 18:40:42.731 I/vDM     (  476): Vdmc getInstance
02-13 18:40:42.731 D/QC_NV_ITEMS(  476): ### getMeid()
02-13 18:40:42.731 D/QC_RIL_OEM_HOOK(  476): sendRilOemHookMsg: itemIdTemp-105
02-13 18:40:42.731 D/QC_NV_ITEMS(  476): Received: bb947d200000a100
02-13 18:40:42.731 D/QC_NV_ITEMS(  476): ***zhoujing***NvMeidType::mMeid=0x0
02-13 18:40:42.731 E/vDM     (  476): meidValue = A10000207D94BB
02-13 18:40:42.731 E/vDM     (  476): getLastFourMEID() MEID=A10000207D94BB
02-13 18:40:42.731 E/vDM     (  476): getLastFourMEID() Last4MEID=0075
02-13 18:40:42.731 I/vDM     (  476): MyTreeIoHanlder isEnterHfa
02-13 18:40:42.731 D/QC_NV_ITEMS(  476): QcNvItems instance created.
02-13 18:40:42.731 I/QC_RIL_OEM_HOOK(  476): QcRilOemHook Service Created Successfully
02-13 18:40:42.731 D/QC_NV_ITEMS(  476): ###getMinImsiNumber()
02-13 18:40:42.731 D/QC_RIL_OEM_HOOK(  476): sendRilOemHookMsg: itemIdTemp32
02-13 18:40:42.731 D/KeyguardViewMediator(  258): setHidden false
02-13 18:40:42.731 I/hubo    (  258): Activity {com.android.mms/com.android.mms.ui.ComposeMessageActivity}
02-13 18:40:42.741 D/QC_NV_ITEMS(  476): Received: ff947d20006cda6b00
02-13 18:40:42.741 D/QC_RIL_OEM_HOOK(  476): sendRilOemHookMsg: itemIdTemp33
02-13 18:40:42.761 D/QC_NV_ITEMS(  476): Received: ff947d9103
02-13 18:40:42.761 D/QC_NV_ITEMS(  476): getMinImsiNumber() msid = 9137068268
02-13 18:40:42.761 D/QC_NV_ITEMS(  476): ### getMobDirNumber()
02-13 18:40:42.761 D/QC_RIL_OEM_HOOK(  476): sendRilOemHookMsg: itemIdTemp-41
02-13 18:40:42.761 D/QC_NV_ITEMS(  476): Received: 000a090103020a0a050902080000000000
02-13 18:40:42.761 E/QC_NV_ITEMS(  476): ### getMipDataProfile, slot = 1
02-13 18:40:42.761 D/QC_NV_ITEMS(  476): ### doNvRead(465, 1)
02-13 18:40:42.761 D/QC_RIL_OEM_HOOK(  476): sendRilOemHookMsg: itemIdTemp-47
02-13 18:40:42.771 D/QC_NV_ITEMS(  476): Received(465,1): 011f7a7465746573746163636f756e7432323140737072696e747063732e636f6d000000000000000000000000000000000000000000000000000000000000000000000000000000000001d204000001d20400000100000000ffffffff4c591c44
02-13 18:40:42.771 D/QC_NV_ITEMS(  476): 011f7a7465746573746163636f756e7432323140737072696e747063732e636f6d000000000000000000000000000000000000000000000000000000000000000000000000000000000001d204000001d20400000100000000ffffffff4c591c44
02-13 18:40:42.771 E/QmiItemTypes(  476):  index= 1
02-13 18:40:42.771 E/QmiItemTypes(  476):  nai len= 31
02-13 18:40:42.771 E/QmiItemTypes(  476):  nai str= ztetestaccount221@sprintpcs.com
02-13 18:40:42.771 E/QmiItemTypes(  476):  mMnHaSpiSet= true
02-13 18:40:42.771 E/QmiItemTypes(  476):  mMnHaSpi= 1234
02-13 18:40:42.771 E/QmiItemTypes(  476):  mMnAaaSpiSet= true
02-13 18:40:42.771 E/QmiItemTypes(  476):  mMnAaaSpi= 1234
02-13 18:40:42.771 E/QmiItemTypes(  476):  mRvsTnl= true
02-13 18:40:42.771 E/QmiItemTypes(  476):  home_addr= 0.0.0.0
02-13 18:40:42.771 E/QmiItemTypes(  476):  primary_ha_addr= 255.255.255.255
02-13 18:40:42.771 E/QmiItemTypes(  476):  secondary_ha_addr= 68.28.89.76
02-13 18:40:42.771 I/DMC     (  476): get msid =9137068268
02-13 18:40:42.771 I/DMC     (  476): get mdn =9132005928
02-13 18:40:42.771 I/DMC     (  476): get nai lenth =31
02-13 18:40:42.771 I/vDM     (  476): MyTreeIoHanlder checkDeviceActive true
02-13 18:40:42.771 D/QC_NV_ITEMS(  476): ### setMipProfileEnabled()
02-13 18:40:42.771 D/QC_NV_ITEMS(  476): mEnabled[0]:true, mEnabled[1]:true 
02-13 18:40:42.771 D/QC_NV_ITEMS(  476): mEnabled[0]:true, mEnabled[1]:true 
02-13 18:40:42.771 D/QC_RIL_OEM_HOOK(  476): sendRilOemHookMsg: itemIdTemp-54
02-13 18:40:42.801 D/QC_NV_ITEMS(  476): ### getActiveMipSlot()
02-13 18:40:42.801 D/QC_RIL_OEM_HOOK(  476): sendRilOemHookMsg: itemIdTemp-48
02-13 18:40:42.871 D/QC_NV_ITEMS(  476): Received: 01
02-13 18:40:42.871 D/QC_NV_ITEMS(  476): val=1
02-13 18:40:42.871 I/vDM     (  476): getSlotParam=1
02-13 18:40:42.871 D/QC_NV_ITEMS(  476): QcNvItems instance created.
02-13 18:40:42.871 I/QC_RIL_OEM_HOOK(  476): QcRilOemHook Service Created Successfully
02-13 18:40:42.871 E/QC_NV_ITEMS(  476): ### getMipDataProfile, slot = 1
02-13 18:40:42.871 D/QC_NV_ITEMS(  476): ### doNvRead(465, 1)
02-13 18:40:42.871 D/QC_RIL_OEM_HOOK(  476): sendRilOemHookMsg: itemIdTemp-47
02-13 18:40:42.871 D/QC_NV_ITEMS(  476): Received(465,1): 011f7a7465746573746163636f756e7432323140737072696e747063732e636f6d000000000000000000000000000000000000000000000000000000000000000000000000000000000001d204000001d20400000100000000ffffffff4c591c44
02-13 18:40:42.871 D/QC_NV_ITEMS(  476): 011f7a7465746573746163636f756e7432323140737072696e747063732e636f6d000000000000000000000000000000000000000000000000000000000000000000000000000000000001d204000001d20400000100000000ffffffff4c591c44
02-13 18:40:42.871 E/QmiItemTypes(  476):  index= 1
02-13 18:40:42.871 E/QmiItemTypes(  476):  nai len= 31
02-13 18:40:42.871 E/QmiItemTypes(  476):  nai str= ztetestaccount221@sprintpcs.com
02-13 18:40:42.871 E/QmiItemTypes(  476):  mMnHaSpiSet= true
02-13 18:40:42.871 E/QmiItemTypes(  476):  mMnHaSpi= 1234
02-13 18:40:42.871 E/QmiItemTypes(  476):  mMnAaaSpiSet= true
02-13 18:40:42.871 E/QmiItemTypes(  476):  mMnAaaSpi= 1234
02-13 18:40:42.871 E/QmiItemTypes(  476):  mRvsTnl= true
02-13 18:40:42.871 E/QmiItemTypes(  476):  home_addr= 0.0.0.0
02-13 18:40:42.871 E/QmiItemTypes(  476):  primary_ha_addr= 255.255.255.255
02-13 18:40:42.871 E/QmiItemTypes(  476):  secondary_ha_addr= 68.28.89.76
02-13 18:40:42.871 I/DMC     (  476): get nai value =ztetestaccount221@sprintpcs.com
02-13 18:40:42.871 I/vDM     (  476): Vdmc getInstance
02-13 18:40:42.881 I/vDM     (  476): init
02-13 18:40:42.941 I/Vdmc    (  476): IMEI:MEID:A10000207D94BB
02-13 18:40:42.941 I/Vdmc    (  476): MEID:MEID:A10000207D94BB
02-13 18:40:42.941 I/Vdmc    (  476): MEID2:A10000207D94BB
02-13 18:40:42.941 I/Vdmc    (  476): IMSI:310009137068268
02-13 18:40:42.941 I/Vdmc    (  476): storageImsi:
02-13 18:40:42.941 I/Vdmc    (  476): Version:N850V1.0.0B10
02-13 18:40:42.941 I/DMC     (  476): model:N850
02-13 18:40:42.941 I/vDMC    (  476): FileLogger.Init
02-13 18:40:42.951 D/DMC (main) (  476): ZTE DM version 2011.07.08.13.41
02-13 18:40:42.991 I/JNI (main) (  476): Trying to load libvdmengine.so
02-13 18:40:43.051 I/ActivityThread(  688): Pub com.google.plus.platform: com.google.android.apps.plus.content.AdsProvider
02-13 18:40:43.061 I/vDM (om.redbend.vdmc)(  476): 
02-13 18:40:43.061 I/vDM (om.redbend.vdmc)(  476): ****************************  LOGGER INITIALIZED  ******************************
02-13 18:40:43.061 I/vDM (om.redbend.vdmc)(  476): 
02-13 18:40:43.061 I/vDM (om.redbend.vdmc)(  476): [00] e\core\src\vdm_api.c.  134: VDM_create: vDM version is 4.06.00.27
02-13 18:40:43.061 I/vDM (om.redbend.vdmc)(  476): [00] c\vdm_mq_scheduler.c.  191: VDM_MQ_Scheduler_setThreshold: from(0) to (999)
02-13 18:40:43.101 I/vDM     (  476): Vdmc getInstance
02-13 18:40:43.121 D/Mms     (  533): [1] Conversation get() RECIPIENT==: 1
02-13 18:40:43.121 D/Mms     (  533): [1] Conversation get() DATE==: 1329178190000
02-13 18:40:43.121 I/Mms     (  533): parseMmsAddress number=9137446943, length=10
02-13 18:40:43.121 I/ContactsProvider(  391): query: content://com.android.contacts/data
02-13 18:40:43.121 E/ContactsProvider(  391): 101123 isCallerRegisterNeedSIMProc callerPid:533, acorePid:391
02-13 18:40:43.121 I/ContactsProvider(  391): query isCallerRegistered= true
02-13 18:40:43.131 I/ContactsProvider(  391): query forOnlyOneContactString= 0
02-13 18:40:43.141 I/ContactsProvider(  391): query: content://com.android.contacts/contacts/223/photo
02-13 18:40:43.141 E/ContactsProvider(  391): 101123 isCallerRegisterNeedSIMProc callerPid:533, acorePid:391
02-13 18:40:43.141 I/ContactsProvider(  391): query isCallerRegistered= true
02-13 18:40:43.141 I/ContactsProvider(  391): query forOnlyOneContactString= 0
02-13 18:40:43.161 D/DMC (main) (  476): Using vDM version 4.06.00.27
02-13 18:40:43.171 I/JNI (main) (  476): Trying to load libvdmfumo.so
02-13 18:40:43.191 I/vDM     (  476): MyRegistry#getStringValue SOFTWARE\RedBend\vDM\FUMO\./FwUpdate/Flash/updatepkgpath : null
02-13 18:40:43.191 I/vDM (om.redbend.vdmc)(  476): rdm\tree\tree_exec.c.116: TREE_RDM_registerExecute() ./FwUpdate/Flash/Update. func=-2134890124, context=0x208c08
02-13 18:40:43.191 I/vDM (om.redbend.vdmc)(  476): rdm\tree\tree_exec.c.116: TREE_RDM_registerExecute() ./FwUpdate/Flash/Download. func=-2134890160, context=0x208c08
02-13 18:40:43.191 I/vDM (om.redbend.vdmc)(  476): rdm\tree\tree_exec.c.116: TREE_RDM_registerExecute() ./FwUpdate/Flash/DownloadAndUpdate. func=-2134890196, context=0x208c08
02-13 18:40:43.191 I/DMC     (  476): VdmcFumoHandler, getFumo
02-13 18:40:43.191 I/vDM     (  476): Vdmc getInstance
02-13 18:40:43.191 D/vDM (main) (  476): SSC: registerObserver: com.redbend.vdmc.MySessionObserver@4059b680
02-13 18:40:43.201 D/DMC     (  476): MyCpObserver
02-13 18:40:43.201 I/vDM (om.redbend.vdmc)(  476): rdm\tree\tree_exec.c.116: TREE_RDM_registerExecute() ./Ext/Interior. func=-2135435720, context=0x2
02-13 18:40:43.211 I/vDM (om.redbend.vdmc)(  476): rdm\tree\tree_exec.c.116: TREE_RDM_registerExecute() ./SecureDevice. func=-2135435720, context=0x2b
02-13 18:40:43.211 I/vDM (om.redbend.vdmc)(  476): rdm\tree\tree_exec.c.116: TREE_RDM_registerExecute() ./RemoteCommands/Command. func=-2135435720, context=0x2c
02-13 18:40:43.211 I/DMC     (  476): registerSPATree is started!
02-13 18:40:43.211 I/DMC     (  476): registerSPATree is ended!
02-13 18:40:43.211 I/vDM     (  476): Vdmc getInstance
02-13 18:40:43.211 I/vDM     (  476): UpdateAccordingTimer init
02-13 18:40:43.221 D/Mms/compose(  533): dxf:initCcAndBcc enter 
02-13 18:40:43.221 D/Mms/compose(  533): dxf:initCcAndBcc  mConversation.getCcRecipients()=[]
02-13 18:40:43.221 D/Mms/compose(  533): dxf:initCcAndBcc exit 
02-13 18:40:43.221 I/Mms/compose(  533): SLIDESHOW updateSendButtonState enable = true
02-13 18:40:43.221 I/Mms/compose(  533): SLIDESHOW setSendButtonText isMms = false
02-13 18:40:43.231 I/Mms/compose(  533): SLIDESHOW setSendButtonText isMms = false
02-13 18:40:43.231 I/Mms/compose(  533): drawBottomPanel, inputmethod
02-13 18:40:43.231 D/Mms/compose(  533): lyftest updateOtherAttachmentView
02-13 18:40:43.231 I/Mms/compose(  533): SLIDESHOW updateSendButtonState enable = true
02-13 18:40:43.231 I/Mms/compose(  533): SLIDESHOW setSendButtonText isMms = false
02-13 18:40:43.231 I/Mms/compose(  533): SLIDESHOW setSendButtonText isMms = false
02-13 18:40:43.261 I/vDM     (  476): Vdmc getInstance
02-13 18:40:43.261 I/vDM     (  476): Vdmc getInstance
02-13 18:40:43.261 I/vDM     (  476): checkUpdate exit autoupdate
02-13 18:40:43.351 I/Mms/compose(  533): SLIDESHOW setSendButtonText isMms = false
02-13 18:40:43.351 I/Mms/compose(  533): drawBottomPanel, inputmethod
02-13 18:40:43.351 D/Mms/compose(  533): lyftest updateOtherAttachmentView
02-13 18:40:43.351 I/Mms/compose(  533): SLIDESHOW updateSendButtonState enable = true
02-13 18:40:43.351 I/Mms/compose(  533): SLIDESHOW setSendButtonText isMms = false
02-13 18:40:43.351 I/DMC (main) (  476): /////// vDM Version: 4.06.00.27 ////////////
02-13 18:40:43.361 I/Mms/compose(  533): SLIDESHOW setSendButtonText isMms = false
02-13 18:40:43.361 E/Mms/compose(  533): In loadMessageContent() after drawBottomPanel()
02-13 18:40:43.411 D/KeyguardViewMediator(  258): setHidden false
02-13 18:40:43.462 D/UploadsManager(  688): load newPhotoTracker: null
02-13 18:40:43.462 D/UploadsManager(  688): load all accounts: null
02-13 18:40:43.462 D/UploadsManager(  688): load all account-album pairs: null
02-13 18:40:43.472 D/UploadsManager(  688):    settings not changed
02-13 18:40:43.472 D/Mms     (  533): formatTimeStampString1 ,when = 1329178188075
02-13 18:40:43.472 D/Mms     (  533): formatTimeStampString2 ,when = 1329178188075
02-13 18:40:43.482 I/ContactsProvider(  391): query: content://com.android.contacts/phone_lookup/9132005928
02-13 18:40:43.482 E/ContactsProvider(  391): 101123 isCallerRegisterNeedSIMProc callerPid:533, acorePid:391
02-13 18:40:43.482 I/ContactsProvider(  391): query isCallerRegistered= true
02-13 18:40:43.482 I/ContactsProvider(  391): query forOnlyOneContactString= 0
02-13 18:40:43.512 I/MediaUploader(  677): No need to wake up
02-13 18:40:43.652 D/GTalkService(  406): [RawStanzaProvidersMgr] ##### searchProvidersFromIntent
02-13 18:40:43.652 D/GTalkService(  406): [RawStanzaProvidersMgr] no intent receivers found
02-13 18:40:43.762 D/GTalkService(  406): ##### Network broadcast (connected=false) type=WIFI, state=DISCONNECTED
02-13 18:40:43.942 D/Mms     (  533): formatTimeStampString1 ,when = 1329178087233
02-13 18:40:43.942 D/Mms     (  533): formatTimeStampString2 ,when = 1329178087233
02-13 18:40:43.952 I/GTalkService(  406): [GTalkConnection.27] init: initialized presence to UNAVAILABLE
02-13 18:40:43.982 D/Mms     (  533): formatTimeStampString1 ,when = 1329178068046
02-13 18:40:43.982 D/Mms     (  533): formatTimeStampString2 ,when = 1329178068046
02-13 18:40:43.982 D/MessageItem(  533): MessageItem ,expiryDate = 0
02-13 18:40:43.992 I/ContactsProvider(  391): query: content://com.android.contacts/phone_lookup/9137446943
02-13 18:40:43.992 E/ContactsProvider(  391): 101123 isCallerRegisterNeedSIMProc callerPid:533, acorePid:391
02-13 18:40:43.992 I/ContactsProvider(  391): query isCallerRegistered= true
02-13 18:40:43.992 I/ContactsProvider(  391): query forOnlyOneContactString= 0
02-13 18:40:44.022 I/GTalkService(  406): [GTalkConnection.26] init: initialized presence to UNAVAILABLE
02-13 18:40:44.072 D/Mms     (  533): formatTimeStampString1 ,when = 1329176115363
02-13 18:40:44.072 D/Mms     (  533): formatTimeStampString2 ,when = 1329176115363
02-13 18:40:44.072 D/MessageItem(  533): MessageItem ,expiryDate = 0
02-13 18:40:44.142 D/KeyguardViewMediator(  258): setHidden false
02-13 18:40:44.152 D/KeyguardViewMediator(  258): setHidden false
02-13 18:40:44.162 D/KeyguardViewMediator(  258): setHidden false
02-13 18:40:44.162 I/ContactsProvider(  391): query: content://com.android.contacts/contacts/lookup/0r1-2AA02A902A942A922A8E2A8E2A982AA02A922A9E/1
02-13 18:40:44.162 E/ContactsProvider(  391): 101123 isCallerRegisterNeedSIMProc callerPid:533, acorePid:391
02-13 18:40:44.172 I/ContactsProvider(  391): query isCallerRegistered= true
02-13 18:40:44.172 D/KeyguardViewMediator(  258): setHidden false
02-13 18:40:44.192 D/KeyguardViewMediator(  258): setHidden false
02-13 18:40:44.202 I/ContactsProvider(  391): query forOnlyOneContactString= 0
02-13 18:40:44.212 D/KeyguardViewMediator(  258): setHidden false
02-13 18:40:44.222 I/ContactsProvider(  391): query: content://com.android.contacts/contacts/lookup/1459i70f44c610cdc0f1f/223
02-13 18:40:44.222 E/ContactsProvider(  391): 101123 isCallerRegisterNeedSIMProc callerPid:533, acorePid:391
02-13 18:40:44.232 D/KeyguardViewMediator(  258): setHidden false
02-13 18:40:44.232 I/ContactsProvider(  391): query isCallerRegistered= true
02-13 18:40:44.232 I/ContactsProvider(  391): query forOnlyOneContactString= 0
02-13 18:40:44.242 D/KeyguardViewMediator(  258): setHidden false
02-13 18:40:44.262 D/KeyguardViewMediator(  258): setHidden false
02-13 18:40:44.292 D/KeyguardViewMediator(  258): setHidden false
02-13 18:40:44.312 D/KeyguardViewMediator(  258): setHidden false
02-13 18:40:44.322 D/KeyguardViewMediator(  258): setHidden false
02-13 18:40:44.332 I/ActivityThread(  706): Pub com.google.android.music.MusicContent: com.google.android.music.store.MusicContentProvider
02-13 18:40:44.352 I/ActivityManager(  258): Displayed com.android.mms/.ui.ComposeMessageActivity: +1s623ms (total +5s536ms)
02-13 18:40:44.392 D/KeyguardViewMediator(  258): setHidden false
02-13 18:40:44.402 I/ContactsProvider(  391): query: content://com.android.contacts/data/0
02-13 18:40:44.402 E/ContactsProvider(  391): 101123 isCallerRegisterNeedSIMProc callerPid:533, acorePid:391
02-13 18:40:44.402 I/ContactsProvider(  391): query isCallerRegistered= true
02-13 18:40:44.402 I/ContactsProvider(  391): query forOnlyOneContactString= 0
02-13 18:40:44.422 D/AlarmManager(  258): +++Alarm set:type=2 com.google.android.gsf  Trigger after:17426ms
02-13 18:40:44.432 I/ContactsProvider(  391): query: content://com.android.contacts/data/1539
02-13 18:40:44.432 E/ContactsProvider(  391): 101123 isCallerRegisterNeedSIMProc callerPid:533, acorePid:391
02-13 18:40:44.432 I/ContactsProvider(  391): query isCallerRegistered= true
02-13 18:40:44.432 I/ContactsProvider(  391): query forOnlyOneContactString= 0
02-13 18:40:44.442 D/KeyguardViewMediator(  258): setHidden false
02-13 18:40:44.553 I/GTalkService(  406): [GTalkConnection.25] (WORKER THREAD) update account status
02-13 18:40:44.553 D/PicasaSync(  688): sync account database
02-13 18:40:44.553 D/GTalkService(  406): createConnection(check #2): connection exists, drop newly created connection
02-13 18:40:44.583 D/***zyj***(  337):  CdmaKpcInfo enter
02-13 18:40:44.583 D/***zyj***(  337):  fillBundle enter
02-13 18:40:44.583 E/PhoneInterfaceManager(  337): ***zyj*** name:1mask:22151168
02-13 18:40:44.583 D/PhoneInterfaceManager(  337): Broadcasting intent ACTION_UNSOL_RESPONSE_OEM_HOOK_KPC
02-13 18:40:44.623 D/MetricsUtils(  688): [QUERY content://com.google.android.apps.plus.content.EsGooglePhotoProvider/settings query-result:1 time:106]
02-13 18:40:44.793 D/MediaScannerService(  510): IMediaScannerService.scanFile: /mnt/sdcard/Notifications/hangout_ringtone.m4a mimeType: null
02-13 18:40:44.803 I/MusicStore(  706): Database version: 37
02-13 18:40:44.853 D/UploadsManager(  688): fsid not changed
02-13 18:40:44.853 I/AsyncCursor1:1(  706): Initialized for content://com.google.android.music.MusicContent/playlists, proj:_id#name, sel: 'null', args: null, order: null
02-13 18:40:44.863 D/Gallery3D(  491): [BootReceiver]: Got intent with action android.intent.action.MEDIA_SCANNER_FINISHED
02-13 18:40:44.893 I/ContactsProvider(  391): updateInTransaction: content://com.android.contacts/status_updates
02-13 18:40:45.153 I/GTalkService(  406): [GTalkConnection.25] (WORKER THREAD) update account status - done, took 599 ms
02-13 18:40:45.223 D/Mms:app (  533): mCmasCursor.getCount() =0
02-13 18:40:45.223 D/Mms:app (  533): in updateCmasNotifications--unreadCMASCursor.getCount() <= 0
02-13 18:40:45.243 I/Mms:app (  533): pengzhe updateDownloadFailedNotification getDownloadFailedMessageCount =0
02-13 18:40:45.273 I/dun_service(  123): process rmnet event
02-13 18:40:45.273 I/dun_service(  123): Post event 3
02-13 18:40:45.273 I/dun_service(  123): received event: DUN_EVENT_RMNET_DOWN 
02-13 18:40:45.273 I/dun_service(  123): received event(DUN_EVENT_RMNET_DOWN) in state(DUN_STATE_USB_UNPLUG)
02-13 18:40:45.273 I/dun_service(  123): Ignoring the event DUN_EVENT_RMNET_DOWN in USB_UNPLUG_STATE
02-13 18:40:45.273 I/dun_service(  123): Moved to state(DUN_STATE_USB_UNPLUG)
02-13 18:40:45.293 E/DHCP    (  125): +++ ifc_configure
02-13 18:40:45.293 E/DHCP    (  125):  +++ create default route
02-13 18:40:45.293 E/DHCP    (  125):  +++ set dns prop 
02-13 18:40:45.293 I/dun_service(  123): process rmnet event
02-13 18:40:45.293 I/dun_service(  123): Post event 4
02-13 18:40:45.293 I/dun_service(  123): process rmnet event
02-13 18:40:45.293 I/dun_service(  123): Post event 4
02-13 18:40:45.293 I/dun_service(  123): process rmnet event
02-13 18:40:45.293 I/dun_service(  123): Post event 4
02-13 18:40:45.293 I/dun_service(  123): received event: DUN_EVENT_RMNET_UP 
02-13 18:40:45.293 I/dun_service(  123): received event(DUN_EVENT_RMNET_UP) in state(DUN_STATE_USB_UNPLUG)
02-13 18:40:45.293 I/dun_service(  123): Ignoring the event DUN_EVENT_RMNET_UP in USB_UNPLUG_STATE
02-13 18:40:45.293 I/dun_service(  123): Moved to state(DUN_STATE_USB_UNPLUG)
02-13 18:40:45.293 I/dun_service(  123): received event: DUN_EVENT_RMNET_UP 
02-13 18:40:45.293 I/dun_service(  123): received event(DUN_EVENT_RMNET_UP) in state(DUN_STATE_USB_UNPLUG)
02-13 18:40:45.293 I/dun_service(  123): Ignoring the event DUN_EVENT_RMNET_UP in USB_UNPLUG_STATE
02-13 18:40:45.293 I/dun_service(  123): Moved to state(DUN_STATE_USB_UNPLUG)
02-13 18:40:45.293 I/dun_service(  123): received event: DUN_EVENT_RMNET_UP 
02-13 18:40:45.293 I/dun_service(  123): received event(DUN_EVENT_RMNET_UP) in state(DUN_STATE_USB_UNPLUG)
02-13 18:40:45.293 I/dun_service(  123): Ignoring the event DUN_EVENT_RMNET_UP in USB_UNPLUG_STATE
02-13 18:40:45.293 I/dun_service(  123): Moved to state(DUN_STATE_USB_UNPLUG)
02-13 18:40:45.303 I/dun_service(  123): process rmnet event
02-13 18:40:45.303 I/dun_service(  123): Post event 4
02-13 18:40:45.303 I/dun_service(  123): received event: DUN_EVENT_RMNET_UP 
02-13 18:40:45.303 I/dun_service(  123): received event(DUN_EVENT_RMNET_UP) in state(DUN_STATE_USB_UNPLUG)
02-13 18:40:45.303 I/dun_service(  123): Ignoring the event DUN_EVENT_RMNET_UP in USB_UNPLUG_STATE
02-13 18:40:45.303 I/dun_service(  123): Moved to state(DUN_STATE_USB_UNPLUG)
02-13 18:40:45.303 E/        (  113): cby, conn_id = 0, client_id = 3, service_id = 1
02-13 18:40:45.303 D/DATA    (  337): [DC cid = -1]DcActivatingState msg.what=EVENT_SETUP_DATA_CONNECTION_DONE
02-13 18:40:45.303 D/DATA    (  337): [DC cid = 0]interface=rmnet0 ipAddress=173.155.101.96 gateway=173.155.101.97 DNS1=68.28.67.132 DNS2=68.28.68.132
02-13 18:40:45.303 D/DATA    (  337): [DC cid = 0]DataConnection setup result='SUCCESS' on cid=0
02-13 18:40:45.303 D/DATA    (  337): [DC cid = 0]DcInactiveState: setEnterNoticationParams cp,cause
02-13 18:40:45.303 D/DATA    (  337): [DC cid = 0]DcActiveState: enter notifyConnectCompleted
02-13 18:40:45.303 D/DATA    (  337): [DC cid = 0]notifyConnection at 1329180045318 cause=NONE
02-13 18:40:45.303 I/DATA    (  337): [DCT(0) ] onConnectDone: set mDataCallSetupPending = false
02-13 18:40:45.303 I/DATA    (  337): [DCT(0) ] --------------------------
02-13 18:40:45.303 I/DATA    (  337): [DCT(0) ] Data call setup : SUCCESS
02-13 18:40:45.303 I/DATA    (  337): [DCT(0) ]   data profile  : CDMA NAI 0
02-13 18:40:45.303 I/DATA    (  337): [DCT(0) ]   service type  : SERVICE_TYPE_DEFAULT
02-13 18:40:45.303 I/DATA    (  337): [DCT(0) ]   data call id  : 0
02-13 18:40:45.303 I/DATA    (  337): [DCT(0) ]   ip version    : INET
02-13 18:40:45.303 I/DATA    (  337): [DCT(0) ]   ip address/gw : 173.155.101.96/173.155.101.97
02-13 18:40:45.303 I/DATA    (  337): [DCT(0) ]   dns           : [68.28.67.132, 68.28.68.132]
02-13 18:40:45.303 I/DATA    (  337): [DCT(0) ]   reason   : radioTechnologyChanged
02-13 18:40:45.303 I/DATA    (  337): [DCT(0) ] --------------------------
02-13 18:40:45.303 I/DATA    (  337): [DCT(0) ] handleConnectedDc() : Cid=0, State=DcActiveState, bearerType=IP, create=1329180045318, lastFail=-1, lastFailCause=NONE, dp=[dpt=PROFILE_TYPE_3GPP2_NAI, active=false, 
02-13 18:40:45.303 I/DATA    (  337): [SERVICE_TYPE_DEFAULT] Service is active on INET through cid=0
02-13 18:40:45.303 I/DATA    (  337): [SERVICE_TYPE_DEFAULT] set newState =  CONNECTEDoldState =  CONNECTING
02-13 18:40:45.313 D/Phone   (  337): [PhoneNotifier] [DefaultPhoneNotifier] : default, INET, CONNECTED
02-13 18:40:45.313 I/TelephonyRegistry(  258): notifyDataConnection: state=2 isDataConnectivityPossible=true reason=radioTechnologyChanged interfaceName=rmnet0 networkType=6 apnType=default apn=null
02-13 18:40:45.313 I/TelephonyRegistry(  258): +++broadcastDataConnectionStateChanged
02-13 18:40:45.333 I/TelephonyRegistry(  258): +++sendStickyBroadcast
02-13 18:40:45.343 D/KeyguardViewMediator(  258): setHidden false
02-13 18:40:45.343 I/hubo    (  258): Activity {com.google.android.apps.maps/com.google.googlenav.login.AndroidLoginActivitySdk5}
02-13 18:40:45.353 D/MobileDataStateTracker(  258): [hipri]  MobileDataStateReceiver onReceive(): Entry.
02-13 18:40:45.353 D/MobileDataStateTracker(  258): [hipri]  intent.getAction()= android.intent.action.ANY_DATA_STATE
02-13 18:40:45.353 D/MobileDataStateTracker(  258): [hipri]  mEnabled = false
02-13 18:40:45.353 D/MobileDataStateTracker(  258): [hipri]  apnTypeList = default
02-13 18:40:45.353 D/MobileDataStateTracker(  258): [hipri]  unavailable = false
02-13 18:40:45.353 D/MobileDataStateTracker(  258): [hipri] Do not process intents if disabled.
02-13 18:40:45.353 D/MobileDataStateTracker(  258): [dun]  MobileDataStateReceiver onReceive(): Entry.
02-13 18:40:45.353 D/MobileDataStateTracker(  258): [dun]  intent.getAction()= android.intent.action.ANY_DATA_STATE
02-13 18:40:45.353 D/MobileDataStateTracker(  258): [dun]  mEnabled = false
02-13 18:40:45.353 D/MobileDataStateTracker(  258): [dun]  apnTypeList = default
02-13 18:40:45.353 D/MobileDataStateTracker(  258): [dun]  unavailable = false
02-13 18:40:45.353 D/MobileDataStateTracker(  258): [dun] Do not process intents if disabled.
02-13 18:40:45.353 D/MobileDataStateTracker(  258): [supl]  MobileDataStateReceiver onReceive(): Entry.
02-13 18:40:45.353 D/MobileDataStateTracker(  258): [supl]  intent.getAction()= android.intent.action.ANY_DATA_STATE
02-13 18:40:45.353 D/MobileDataStateTracker(  258): [supl]  mEnabled = false
02-13 18:40:45.353 D/MobileDataStateTracker(  258): [supl]  apnTypeList = default
02-13 18:40:45.353 D/MobileDataStateTracker(  258): [supl]  unavailable = false
02-13 18:40:45.353 D/MobileDataStateTracker(  258): [supl] Do not process intents if disabled.
02-13 18:40:45.353 D/MobileDataStateTracker(  258): [mms]  MobileDataStateReceiver onReceive(): Entry.
02-13 18:40:45.353 D/MobileDataStateTracker(  258): [mms]  intent.getAction()= android.intent.action.ANY_DATA_STATE
02-13 18:40:45.353 D/MobileDataStateTracker(  258): [mms]  mEnabled = false
02-13 18:40:45.363 I/DATA    (  337): [SERVICE_TYPE_MMS] Service is active on INET through cid=0
02-13 18:40:45.363 I/DATA    (  337): [SERVICE_TYPE_MMS] set newState =  CONNECTEDoldState =  IDLE
02-13 18:40:45.363 D/Phone   (  337): [PhoneNotifier] [DefaultPhoneNotifier] : mms, INET, CONNECTED
02-13 18:40:45.363 I/TelephonyRegistry(  258): notifyDataConnection: state=2 isDataConnectivityPossible=true reason=radioTechnologyChanged interfaceName=rmnet0 networkType=6 apnType=mms apn=null
02-13 18:40:45.363 I/TelephonyRegistry(  258): +++broadcastDataConnectionStateChanged
02-13 18:40:45.363 D/MobileDataStateTracker(  258): [mms]  apnTypeList = default
02-13 18:40:45.373 D/MobileDataStateTracker(  258): [mms]  unavailable = false
02-13 18:40:45.373 D/MobileDataStateTracker(  258): [mms] Do not process intents if disabled.
02-13 18:40:45.373 D/MobileDataStateTracker(  258): [default]  MobileDataStateReceiver onReceive(): Entry.
02-13 18:40:45.373 D/MobileDataStateTracker(  258): [default]  intent.getAction()= android.intent.action.ANY_DATA_STATE
02-13 18:40:45.373 D/MobileDataStateTracker(  258): [default]  mEnabled = true
02-13 18:40:45.373 I/TelephonyRegistry(  258): +++sendStickyBroadcast
02-13 18:40:45.373 D/MobileDataStateTracker(  258): [default]  apnTypeList = default
02-13 18:40:45.373 D/MobileDataStateTracker(  258): [default]  unavailable = false
02-13 18:40:45.373 D/MobileDataStateTracker(  258): [default] CALL updateMobileInfoFromIntent
02-13 18:40:45.373 I/MobileDataStateTracker(  258): [default] dc state change intent received for default/INET with state  CONNECTED. enabled=true state change reason = radioTechnologyChanged
02-13 18:40:45.373 I/MobileDataStateTracker(  258): [default] old state = CONNECTING
02-13 18:40:45.373 I/MobileDataStateTracker(  258): [default] updated mobile state info for INET : [state=CONNECTED, iface=rmnet0, mApnName=null, mIpAddress=/173.155.101.96, mGateway=/173.155.101.97]
02-13 18:40:45.373 D/NetworkStateTracker(  258): setDetailed state, old =CONNECTING and new state=CONNECTED
02-13 18:40:45.383 W/NetworkStateTracker(  258): net.tcp.buffersize.evdo not found in system properties. Using defaults
02-13 18:40:45.393 I/DATA    (  337): [SERVICE_TYPE_SUPL] Service is active on INET through cid=0
02-13 18:40:45.393 I/DATA    (  337): [SERVICE_TYPE_SUPL] set newState =  CONNECTEDoldState =  IDLE
02-13 18:40:45.393 D/Phone   (  337): [PhoneNotifier] [DefaultPhoneNotifier] : supl, INET, CONNECTED
02-13 18:40:45.393 D/MobileDataStateTracker(  258): [hipri]  MobileDataStateReceiver onReceive(): Entry.
02-13 18:40:45.393 D/MobileDataStateTracker(  258): [hipri]  intent.getAction()= android.intent.action.ANY_DATA_STATE
02-13 18:40:45.393 D/MobileDataStateTracker(  258): [hipri]  mEnabled = false
02-13 18:40:45.393 I/TelephonyRegistry(  258): notifyDataConnection: state=2 isDataConnectivityPossible=true reason=radioTechnologyChanged interfaceName=rmnet0 networkType=6 apnType=supl apn=null
02-13 18:40:45.393 I/TelephonyRegistry(  258): +++broadcastDataConnectionStateChanged
02-13 18:40:45.403 W/NetworkStateTracker(  258): ### addDefaultRoute for iface rmnet0
02-13 18:40:45.403 I/NetworkStateTracker(  258): addDefaultRoute (INET) for mobile (rmnet0), GatewayAddr=173.155.101.97
02-13 18:40:45.403 I/TelephonyRegistry(  258): +++sendStickyBroadcast
02-13 18:40:45.403 D/MobileDataStateTracker(  258): [hipri]  apnTypeList = mms
02-13 18:40:45.403 D/MobileDataStateTracker(  258): [hipri]  unavailable = false
02-13 18:40:45.403 D/MobileDataStateTracker(  258): [hipri] Do not process intents if disabled.
02-13 18:40:45.403 D/MobileDataStateTracker(  258): [dun]  MobileDataStateReceiver onReceive(): Entry.
02-13 18:40:45.403 D/MobileDataStateTracker(  258): [dun]  intent.getAction()= android.intent.action.ANY_DATA_STATE
02-13 18:40:45.403 D/MobileDataStateTracker(  258): [dun]  mEnabled = false
02-13 18:40:45.403 D/MobileDataStateTracker(  258): [dun]  apnTypeList = mms
02-13 18:40:45.403 D/MobileDataStateTracker(  258): [dun]  unavailable = false
02-13 18:40:45.403 D/MobileDataStateTracker(  258): [dun] Do not process intents if disabled.
02-13 18:40:45.403 D/MobileDataStateTracker(  258): [supl]  MobileDataStateReceiver onReceive(): Entry.
02-13 18:40:45.403 D/MobileDataStateTracker(  258): [supl]  intent.getAction()= android.intent.action.ANY_DATA_STATE
02-13 18:40:45.403 D/MobileDataStateTracker(  258): [supl]  mEnabled = false
02-13 18:40:45.423 D/MobileDataStateTracker(  258): [supl]  apnTypeList = mms
02-13 18:40:45.423 D/MobileDataStateTracker(  258): [supl]  unavailable = false
02-13 18:40:45.423 D/MobileDataStateTracker(  258): [supl] Do not process intents if disabled.
02-13 18:40:45.423 D/MobileDataStateTracker(  258): [mms]  MobileDataStateReceiver onReceive(): Entry.
02-13 18:40:45.423 D/MobileDataStateTracker(  258): [mms]  intent.getAction()= android.intent.action.ANY_DATA_STATE
02-13 18:40:45.423 D/MobileDataStateTracker(  258): [mms]  mEnabled = false
02-13 18:40:45.423 D/MobileDataStateTracker(  258): [mms]  apnTypeList = mms
02-13 18:40:45.423 D/MobileDataStateTracker(  258): [mms]  unavailable = false
02-13 18:40:45.423 D/MobileDataStateTracker(  258): [mms] Do not process intents if disabled.
02-13 18:40:45.423 D/MobileDataStateTracker(  258): [default]  MobileDataStateReceiver onReceive(): Entry.
02-13 18:40:45.423 D/MobileDataStateTracker(  258): [default]  intent.getAction()= android.intent.action.ANY_DATA_STATE
02-13 18:40:45.423 D/MobileDataStateTracker(  258): [default]  mEnabled = true
02-13 18:40:45.423 D/MobileDataStateTracker(  258): [default]  apnTypeList = mms
02-13 18:40:45.423 D/MobileDataStateTracker(  258): [default]  unavailable = false
02-13 18:40:45.423 D/MobileDataStateTracker(  258): [default] not what we are looking for.
02-13 18:40:45.433 E/NatController(  742): +++child prcess pid = 742, tag = /system/bin/ip
02-13 18:40:45.433 D/KeyguardViewMediator(  258): setHidden false
02-13 18:40:45.453 I/DATA    (  337): [SERVICE_TYPE_HIPRI] Service is active on INET through cid=0
02-13 18:40:45.453 I/DATA    (  337): [SERVICE_TYPE_HIPRI] set newState =  CONNECTEDoldState =  IDLE
02-13 18:40:45.453 D/MobileDataStateTracker(  258): [hipri]  MobileDataStateReceiver onReceive(): Entry.
02-13 18:40:45.453 D/MobileDataStateTracker(  258): [hipri]  intent.getAction()= android.intent.action.ANY_DATA_STATE
02-13 18:40:45.453 D/MobileDataStateTracker(  258): [hipri]  mEnabled = false
02-13 18:40:45.453 D/Phone   (  337): [PhoneNotifier] [DefaultPhoneNotifier] : hipri, INET, CONNECTED
02-13 18:40:45.453 D/MobileDataStateTracker(  258): [hipri]  apnTypeList = supl
02-13 18:40:45.453 D/MobileDataStateTracker(  258): [hipri]  unavailable = false
02-13 18:40:45.453 D/MobileDataStateTracker(  258): [hipri] Do not process intents if disabled.
02-13 18:40:45.453 D/MobileDataStateTracker(  258): [dun]  MobileDataStateReceiver onReceive(): Entry.
02-13 18:40:45.453 D/MobileDataStateTracker(  258): [dun]  intent.getAction()= android.intent.action.ANY_DATA_STATE
02-13 18:40:45.453 D/MobileDataStateTracker(  258): [dun]  mEnabled = false
02-13 18:40:45.463 D/MobileDataStateTracker(  258): [dun]  apnTypeList = supl
02-13 18:40:45.463 D/MobileDataStateTracker(  258): [dun]  unavailable = false
02-13 18:40:45.463 D/MobileDataStateTracker(  258): [dun] Do not process intents if disabled.
02-13 18:40:45.463 D/MobileDataStateTracker(  258): [supl]  MobileDataStateReceiver onReceive(): Entry.
02-13 18:40:45.463 D/MobileDataStateTracker(  258): [supl]  intent.getAction()= android.intent.action.ANY_DATA_STATE
02-13 18:40:45.463 D/MobileDataStateTracker(  258): [supl]  mEnabled = false
02-13 18:40:45.463 D/MobileDataStateTracker(  258): [supl]  apnTypeList = supl
02-13 18:40:45.463 I/TelephonyRegistry(  258): notifyDataConnection: state=2 isDataConnectivityPossible=true reason=radioTechnologyChanged interfaceName=rmnet0 networkType=6 apnType=hipri apn=null
02-13 18:40:45.463 I/TelephonyRegistry(  258): +++broadcastDataConnectionStateChanged
02-13 18:40:45.473 D/KeyguardViewMediator(  258): setHidden false
02-13 18:40:45.473 D/MobileDataStateTracker(  258): [supl]  unavailable = false
02-13 18:40:45.473 D/MobileDataStateTracker(  258): [supl] Do not process intents if disabled.
02-13 18:40:45.473 D/MobileDataStateTracker(  258): [mms]  MobileDataStateReceiver onReceive(): Entry.
02-13 18:40:45.473 D/MobileDataStateTracker(  258): [mms]  intent.getAction()= android.intent.action.ANY_DATA_STATE
02-13 18:40:45.473 D/MobileDataStateTracker(  258): [mms]  mEnabled = false
02-13 18:40:45.473 E/NatController(  111): +++ parent2 block wait for child 742 , tag = /system/bin/ip
02-13 18:40:45.473 D/KeyguardViewMediator(  258): setHidden false
02-13 18:40:45.484 E/NatController(  111): ## waited wpid = 742
02-13 18:40:45.484 E/NatController(  111):  exit status = 0
02-13 18:40:45.484 I/TelephonyRegistry(  258): +++sendStickyBroadcast
02-13 18:40:45.484 D/MobileDataStateTracker(  258): [mms]  apnTypeList = supl
02-13 18:40:45.484 D/MobileDataStateTracker(  258): [mms]  unavailable = false
02-13 18:40:45.484 D/MobileDataStateTracker(  258): [mms] Do not process intents if disabled.
02-13 18:40:45.484 D/MobileDataStateTracker(  258): [default]  MobileDataStateReceiver onReceive(): Entry.
02-13 18:40:45.484 D/MobileDataStateTracker(  258): [default]  intent.getAction()= android.intent.action.ANY_DATA_STATE
02-13 18:40:45.484 D/MobileDataStateTracker(  258): [default]  mEnabled = true
02-13 18:40:45.484 D/KeyguardViewMediator(  258): setHidden false
02-13 18:40:45.494 D/MobileDataStateTracker(  258): [default]  apnTypeList = supl
02-13 18:40:45.494 D/MobileDataStateTracker(  258): [default]  unavailable = false
02-13 18:40:45.494 D/MobileDataStateTracker(  258): [default] not what we are looking for.
02-13 18:40:45.494 I/DATA    (  337): [DCT(0) ] onConnectDone: update dc reason = radioTechnologyChanged
02-13 18:40:45.494 I/DATA    (  337): [DCT(0) ] onDataCallListChanged:
02-13 18:40:45.494 I/DATA    (  337): [DCT(0) ] ---dc state list---
