02-13 18:40:29.793 I/DATA    (  337): [DCT(0) ]    [DataRadioTech = RADIO_TECH_UNKNOWN, data network state = 3, mMasterDataEnabled = true, is Roaming = false, dataOnRoamingEnable = false, isPsRestricted = false, desiredPowerState  = true, mSIMRecords = , cdmaSubSource = 1/310120, mRuimRecords = , checks = true/true]
02-13 18:40:29.793 D/NotificationMgr(  337): call log query complete.
02-13 18:40:29.793 D/NotificationMgr(  337): closing call log cursor.
02-13 18:40:29.873 D/CallManager(  337):  handleMessage (EVENT_SUBSCRIPTION_INFO_READY)
02-13 18:40:29.884 D/DATA    (  337): [DSST(0)]  registrationState = 0  radioTechnology = 0 reasonForDenial = 0
02-13 18:40:29.884 D/DATA    (  337): [DSST(0)]  set mNewDataConnectionState = 1
02-13 18:40:29.884 D/DATA    (  337): [DSST(0)]  mNewDataConnectionState : 1  mDataConnectionState : 1
02-13 18:40:29.884 D/DATA    (  337): [DSST(0)] Poll ServiceState done: oldSS=[3 home null null null  Unknown CSS not supported -1 -1RoamInd: -1RoamStatus(sprint): -1DefRoamInd: -1EmergOnly: false] newSS=[1 home null null null  Unknown CSS not supported -1 -1RoamInd: -1RoamStatus(sprint): -1DefRoamInd: -1EmergOnly: false]
02-13 18:40:29.884 D/DATA    (  337): [DSST(0)]  mDataConnectionState = 1
02-13 18:40:29.974 D/Launcher(  351): onRestoreInstanceState
02-13 18:40:29.994 D/Warhol  (  351): A pack appears to be installed -- skipping Installer
02-13 18:40:29.994 D/CallManager(  337):  handleMessage (EVENT_SERVICE_STATE_CHANGED)
02-13 18:40:29.994 E/BT HS/HF(  337): SERVICE_STATE_CHANGED called
02-13 18:40:30.014 E/BT HS/HF(  337): updateServiceState called, sendUpdate:false  ServiceState:3 home null null null  Unknown CSS not supported -1 -1RoamInd: -1RoamStatus(sprint): -1DefRoamInd: -1EmergOnly: false
02-13 18:40:30.014 E/BT HS/HF(  337): service:0 mService:0
02-13 18:40:30.034 D/NetworkLocationService(  406): onCreate com.google.android.location.NetworkLocationService@40552ca8
02-13 18:40:30.084 D/DATA    (  337): [DSST(0)] pollstate() : reason = icc status changed
02-13 18:40:30.084 D/NetworkLocationClient(  406): ANDROID minProtocolVersion 1 maxProtocolVersion 1 releaseVersion -1
02-13 18:40:30.084 D/NetworkLocationClient(  406): binding to Intent { act=com.google.android.location.internal.ANDROID_NLP }
02-13 18:40:30.094 D/PROXY   (  337): ProxyManager EVENT_ICC_CHANGED for non DSDS m3gppIndex::-1 m3gpp2Index::-1
02-13 18:40:30.104 D/MccTable(  337): updateMccMncConfiguration: mcc=310, mnc=120
02-13 18:40:30.104 D/MccTable(  337): locale set to en_us
02-13 18:40:30.104 D/MccTable(  337): WIFI_NUM_ALLOWED_CHANNELS set to 11
02-13 18:40:30.104 D/KeyguardViewMediator(  258): setHidden false
02-13 18:40:30.114 D/CallManager(  337):  handleMessage (EVENT_SERVICE_STATE_CHANGED)
02-13 18:40:30.114 E/BT HS/HF(  337): SERVICE_STATE_CHANGED called
02-13 18:40:30.114 E/BT HS/HF(  337): updateServiceState called, sendUpdate:false  ServiceState:1 home Searching for Service null null  Unknown CSS not supported 0 0RoamInd: 2RoamStatus(sprint): 0DefRoamInd: 0EmergOnly: false
02-13 18:40:30.114 E/BT HS/HF(  337): service:0 mService:0
02-13 18:40:30.114 D/DATA    (  337): [DSST(0)]  registrationState = 0  radioTechnology = 0 reasonForDenial = 0
02-13 18:40:30.114 D/DATA    (  337): [DSST(0)]  set mNewDataConnectionState = 1
02-13 18:40:30.114 D/DATA    (  337): [DSST(0)]  mNewDataConnectionState : 1  mDataConnectionState : 1
02-13 18:40:30.114 D/DATA    (  337): [DSST(0)] Poll ServiceState done: oldSS=[1 home null null null  Unknown CSS not supported -1 -1RoamInd: -1RoamStatus(sprint): -1DefRoamInd: -1EmergOnly: false] newSS=[1 home null null null  Unknown CSS not supported -1 -1RoamInd: -1RoamStatus(sprint): -1DefRoamInd: -1EmergOnly: false]
02-13 18:40:30.114 D/DATA    (  337): [DSST(0)]  mDataConnectionState = 1
02-13 18:40:30.114 D/PhoneApp(  337): old phone type:2, New Phone type:2
02-13 18:40:30.124 D/PhoneApp(  337): old phone type:2, New Phone type:2
02-13 18:40:30.124 D/PhoneApp(  337): old phone type:2, New Phone type:2
02-13 18:40:30.124 D/PhoneApp(  337): handleQueryTTYModeResponse: TTY enable state successfully queried.
02-13 18:40:30.124 D/PhoneApp(  337): handleQueryTTYModeResponse:ttymode=0
02-13 18:40:30.144 D/Launcher.Model(  351): going to save icon bitmap for info=ShortcutInfo(title=Email)
02-13 18:40:30.154 D/KeyguardViewMediator(  258): setHidden false
02-13 18:40:30.184 D/KeyguardViewMediator(  258): setHidden false
02-13 18:40:30.204 D/Launcher.Model(  351): going to save icon bitmap for info=ShortcutInfo(title=Contacts)
02-13 18:40:30.234 D/KeyguardViewMediator(  258): setHidden false
02-13 18:40:30.234 D/KeyguardViewMediator(  258): setHidden false
02-13 18:40:30.244 D/NetworkLocationService(  406): onBind com.google.android.location.NetworkLocationProvidercom.google.android.location.NetworkLocationService@40552ca8
02-13 18:40:30.244 D/NetworkLocationService(  406): onBind com.google.android.location.GeocodeProvidercom.google.android.location.NetworkLocationService@40552ca8
02-13 18:40:30.294 D/androidInternalNlpService(  406): onCreate com.google.android.location.internal.server.NetworkLocationService@4056f1c0
02-13 18:40:30.294 D/Launcher.Model(  351): going to save icon bitmap for info=ShortcutInfo(title=Messaging)
02-13 18:40:30.304 D/androidNlpServiceThread(  406): start monitoring enabled
02-13 18:40:30.314 D/NetworkLocationRealOs(  406): ------------------------ reading cache.cell
02-13 18:40:30.314 D/NetworkLocationRealOs(  406): no cache.cell found; not migrating
02-13 18:40:30.314 D/NetworkLocationRealOs(  406): ------------------------ reading cache.wifi
02-13 18:40:30.314 D/NetworkLocationRealOs(  406): no cache.wifi found; not migrating
02-13 18:40:30.324 D/androidNlpServiceThread(  406): ANDROID minProtocolVersion 1 maxProtocolVersion 1 releaseVersion -1
02-13 18:40:30.324 D/androidNlpServiceThread(  406): This NLP should run continuously.
02-13 18:40:30.324 D/NetworkLocationClient(  406): onServiceConnected to ComponentInfo{com.google.android.location/com.google.android.location.internal.server.NetworkLocationService}
02-13 18:40:30.334 D/Launcher.Model(  351): going to save icon bitmap for info=ShortcutInfo(title=Market)
02-13 18:40:30.354 D/androidNlpServiceThread(  406): updateState: shouldBeEnabled false shouldBeRunning false
02-13 18:40:30.354 D/androidNlpServiceThread(  406): adding listener com.google.android.location.internal.client.NetworkLocationClient$1@405589e0 with period 2147483647
02-13 18:40:30.354 D/androidNetworkLocationListeners(  406): Still have listener com.google.android.location.internal.client.NetworkLocationClient$1@405589e0
02-13 18:40:30.374 I/ContactsProvider(  391): query: content://com.android.contacts/contacts
02-13 18:40:30.384 E/ContactsProvider(  391): 101123 isCallerRegisterNeedSIMProc callerPid:332, acorePid:391
02-13 18:40:30.424 I/ContactsProvider(  391): query isCallerRegistered= false
02-13 18:40:30.434 I/ContactsProvider(  391): query forOnlyOneContactString= 0
02-13 18:40:30.434 D/ContactsProvider(  391):  query CONTACTS MODE_ID=PHONE_UNLOCK
02-13 18:40:30.494 E/wpa_supplicant(  418): ioctl[SIOCGIWSCAN]: 11
02-13 18:40:30.494 I/wpa_supplicant(  418): State: SCANNING -> INACTIVE
02-13 18:40:30.494 I/wpa_supplicant(  418): CTRL-EVENT-STATE-CHANGE id=-1 state=1 BSSID=00:00:00:00:00:00
02-13 18:40:30.494 I/dun_service(  123): process rmnet event
02-13 18:40:30.494 I/dun_service(  123): Post event 3
02-13 18:40:30.494 I/dun_service(  123): received event: DUN_EVENT_RMNET_DOWN 
02-13 18:40:30.494 I/dun_service(  123): received event(DUN_EVENT_RMNET_DOWN) in state(DUN_STATE_USB_UNPLUG)
02-13 18:40:30.494 I/dun_service(  123): Ignoring the event DUN_EVENT_RMNET_DOWN in USB_UNPLUG_STATE
02-13 18:40:30.494 I/dun_service(  123): Moved to state(DUN_STATE_USB_UNPLUG)
02-13 18:40:30.530 D/DATA    (  337): [DSST(0)] pollstate() : reason = data network state changed
02-13 18:40:30.650 D/DATA    (  337): [DSST(0)]  registrationState = 1  radioTechnology = 4 reasonForDenial = 0
02-13 18:40:30.650 D/DATA    (  337): [DSST(0)]  set mNewDataConnectionState = 0
02-13 18:40:30.650 D/DATA    (  337): [DSST(0)]  mNewDataConnectionState : 0  mDataConnectionState : 1
02-13 18:40:30.650 D/DATA    (  337): [DSST(0)]  cancel oos timer 
02-13 18:40:30.660 D/DATA    (  337): [DSST(0)] Poll ServiceState done: oldSS=[1 home null null null  Unknown CSS not supported -1 -1RoamInd: -1RoamStatus(sprint): -1DefRoamInd: -1EmergOnly: false] newSS=[0 home null null null  IS95A CSS not supported -1 -1RoamInd: -1RoamStatus(sprint): -1DefRoamInd: -1EmergOnly: false]
02-13 18:40:30.660 D/DATA    (  337): [DSST(0)]  mDataConnectionState = 0
02-13 18:40:30.680 D/CallManager(  337):  handleMessage (EVENT_SERVICE_STATE_CHANGED)
02-13 18:40:30.680 E/BT HS/HF(  337): SERVICE_STATE_CHANGED called
02-13 18:40:30.680 E/BT HS/HF(  337): updateServiceState called, sendUpdate:false  ServiceState:0 home Sprint  310099  IS95A CSS not supported 41 4139RoamInd: 1RoamStatus(sprint): 1DefRoamInd: 160EmergOnly: false
02-13 18:40:30.680 E/BT HS/HF(  337): service:1 mService:0
02-13 18:40:30.680 D/CallManager(  337):  handleMessage (EVENT_SERVICE_STATE_CHANGED)
02-13 18:40:30.680 E/BT HS/HF(  337): SERVICE_STATE_CHANGED called
02-13 18:40:30.680 E/BT HS/HF(  337): updateServiceState called, sendUpdate:false  ServiceState:0 home Sprint  310099  IS95A CSS not supported 41 4139RoamInd: 1RoamStatus(sprint): 1DefRoamInd: 160EmergOnly: false
02-13 18:40:30.680 E/BT HS/HF(  337): service:1 mService:1
02-13 18:40:30.700 D/Phone   (  337): [PhoneNotifier] [DefaultPhoneNotifier] : default, INET, DISCONNECTED
02-13 18:40:30.700 I/TelephonyRegistry(  258): notifyDataConnection: state=0 isDataConnectivityPossible=true reason=dataNetworkAttached interfaceName=null networkType=4 apnType=default apn=null
02-13 18:40:30.700 I/TelephonyRegistry(  258): +++broadcastDataConnectionStateChanged
02-13 18:40:30.710 I/TelephonyRegistry(  258): +++sendStickyBroadcast
02-13 18:40:30.710 D/Phone   (  337): [PhoneNotifier] [DefaultPhoneNotifier] : default, INET6, DISCONNECTED
02-13 18:40:30.720 I/TelephonyRegistry(  258): notifyDataConnection: state=0 isDataConnectivityPossible=true reason=dataNetworkAttached interfaceName=null networkType=4 apnType=default apn=null
02-13 18:40:30.720 I/TelephonyRegistry(  258): +++broadcastDataConnectionStateChanged
02-13 18:40:30.720 I/TelephonyRegistry(  258): +++sendStickyBroadcast
02-13 18:40:30.730 D/Phone   (  337): [PhoneNotifier] [DefaultPhoneNotifier] : mms, INET, DISCONNECTED
02-13 18:40:30.740 I/TelephonyRegistry(  258): notifyDataConnection: state=0 isDataConnectivityPossible=true reason=dataNetworkAttached interfaceName=null networkType=4 apnType=mms apn=null
02-13 18:40:30.740 I/TelephonyRegistry(  258): +++broadcastDataConnectionStateChanged
02-13 18:40:30.750 I/TelephonyRegistry(  258): +++sendStickyBroadcast
02-13 18:40:30.750 D/Phone   (  337): [PhoneNotifier] [DefaultPhoneNotifier] : mms, INET6, DISCONNECTED
02-13 18:40:30.750 I/TelephonyRegistry(  258): notifyDataConnection: state=0 isDataConnectivityPossible=true reason=dataNetworkAttached interfaceName=null networkType=4 apnType=mms apn=null
02-13 18:40:30.750 I/TelephonyRegistry(  258): +++broadcastDataConnectionStateChanged
02-13 18:40:30.750 I/TelephonyRegistry(  258): +++sendStickyBroadcast
02-13 18:40:30.750 D/Phone   (  337): [PhoneNotifier] [DefaultPhoneNotifier] : supl, INET, DISCONNECTED
02-13 18:40:30.760 I/TelephonyRegistry(  258): notifyDataConnection: state=0 isDataConnectivityPossible=true reason=dataNetworkAttached interfaceName=null networkType=4 apnType=supl apn=null
02-13 18:40:30.760 I/TelephonyRegistry(  258): +++broadcastDataConnectionStateChanged
02-13 18:40:30.760 I/TelephonyRegistry(  258): +++sendStickyBroadcast
02-13 18:40:30.770 D/Phone   (  337): [PhoneNotifier] [DefaultPhoneNotifier] : supl, INET6, DISCONNECTED
02-13 18:40:30.770 I/TelephonyRegistry(  258): notifyDataConnection: state=0 isDataConnectivityPossible=true reason=dataNetworkAttached interfaceName=null networkType=4 apnType=supl apn=null
02-13 18:40:30.770 I/TelephonyRegistry(  258): +++broadcastDataConnectionStateChanged
02-13 18:40:30.770 I/TelephonyRegistry(  258): +++sendStickyBroadcast
02-13 18:40:30.770 D/Phone   (  337): [PhoneNotifier] [DefaultPhoneNotifier] : dun, INET, DISCONNECTED
02-13 18:40:30.780 I/TelephonyRegistry(  258): notifyDataConnection: state=0 isDataConnectivityPossible=true reason=dataNetworkAttached interfaceName=null networkType=4 apnType=dun apn=null
02-13 18:40:30.780 I/TelephonyRegistry(  258): +++broadcastDataConnectionStateChanged
02-13 18:40:30.780 I/TelephonyRegistry(  258): +++sendStickyBroadcast
02-13 18:40:30.780 D/Phone   (  337): [PhoneNotifier] [DefaultPhoneNotifier] : dun, INET6, DISCONNECTED
02-13 18:40:30.780 I/TelephonyRegistry(  258): notifyDataConnection: state=0 isDataConnectivityPossible=true reason=dataNetworkAttached interfaceName=null networkType=4 apnType=dun apn=null
02-13 18:40:30.780 I/TelephonyRegistry(  258): +++broadcastDataConnectionStateChanged
02-13 18:40:30.790 I/TelephonyRegistry(  258): +++sendStickyBroadcast
02-13 18:40:30.790 D/Phone   (  337): [PhoneNotifier] [DefaultPhoneNotifier] : hipri, INET, DISCONNECTED
02-13 18:40:30.790 I/TelephonyRegistry(  258): notifyDataConnection: state=0 isDataConnectivityPossible=true reason=dataNetworkAttached interfaceName=null networkType=4 apnType=hipri apn=null
02-13 18:40:30.790 I/TelephonyRegistry(  258): +++broadcastDataConnectionStateChanged
02-13 18:40:30.800 I/TelephonyRegistry(  258): +++sendStickyBroadcast
02-13 18:40:30.800 D/Phone   (  337): [PhoneNotifier] [DefaultPhoneNotifier] : hipri, INET6, DISCONNECTED
02-13 18:40:30.810 I/TelephonyRegistry(  258): notifyDataConnection: state=0 isDataConnectivityPossible=true reason=dataNetworkAttached interfaceName=null networkType=4 apnType=hipri apn=null
02-13 18:40:30.810 I/TelephonyRegistry(  258): +++broadcastDataConnectionStateChanged
02-13 18:40:30.810 I/TelephonyRegistry(  258): +++sendStickyBroadcast
02-13 18:40:30.810 D/Phone   (  337): [PhoneNotifier] [DefaultPhoneNotifier] : default, INET, DISCONNECTED
02-13 18:40:30.820 I/TelephonyRegistry(  258): notifyDataConnection: state=0 isDataConnectivityPossible=true reason=radioTechnologyChanged interfaceName=null networkType=4 apnType=default apn=null
02-13 18:40:30.820 I/TelephonyRegistry(  258): +++broadcastDataConnectionStateChanged
02-13 18:40:30.820 I/TelephonyRegistry(  258): +++sendStickyBroadcast
02-13 18:40:30.830 D/Phone   (  337): [PhoneNotifier] [DefaultPhoneNotifier] : default, INET6, DISCONNECTED
02-13 18:40:30.830 I/TelephonyRegistry(  258): notifyDataConnection: state=0 isDataConnectivityPossible=true reason=radioTechnologyChanged interfaceName=null networkType=4 apnType=default apn=null
02-13 18:40:30.830 I/TelephonyRegistry(  258): +++broadcastDataConnectionStateChanged
02-13 18:40:30.830 I/TelephonyRegistry(  258): +++sendStickyBroadcast
02-13 18:40:30.830 D/Phone   (  337): [PhoneNotifier] [DefaultPhoneNotifier] : mms, INET, DISCONNECTED
02-13 18:40:30.830 I/TelephonyRegistry(  258): notifyDataConnection: state=0 isDataConnectivityPossible=true reason=radioTechnologyChanged interfaceName=null networkType=4 apnType=mms apn=null
02-13 18:40:30.830 I/TelephonyRegistry(  258): +++broadcastDataConnectionStateChanged
02-13 18:40:30.830 I/TelephonyRegistry(  258): +++sendStickyBroadcast
02-13 18:40:30.850 D/Phone   (  337): [PhoneNotifier] [DefaultPhoneNotifier] : mms, INET6, DISCONNECTED
02-13 18:40:30.860 I/TelephonyRegistry(  258): notifyDataConnection: state=0 isDataConnectivityPossible=true reason=radioTechnologyChanged interfaceName=null networkType=4 apnType=mms apn=null
02-13 18:40:30.860 I/TelephonyRegistry(  258): +++broadcastDataConnectionStateChanged
02-13 18:40:30.860 I/TelephonyRegistry(  258): +++sendStickyBroadcast
02-13 18:40:30.860 D/Phone   (  337): [PhoneNotifier] [DefaultPhoneNotifier] : supl, INET, DISCONNECTED
02-13 18:40:30.860 I/TelephonyRegistry(  258): notifyDataConnection: state=0 isDataConnectivityPossible=true reason=radioTechnologyChanged interfaceName=null networkType=4 apnType=supl apn=null
02-13 18:40:30.860 I/TelephonyRegistry(  258): +++broadcastDataConnectionStateChanged
02-13 18:40:30.860 I/TelephonyRegistry(  258): +++sendStickyBroadcast
02-13 18:40:30.870 D/Phone   (  337): [PhoneNotifier] [DefaultPhoneNotifier] : supl, INET6, DISCONNECTED
02-13 18:40:30.870 I/TelephonyRegistry(  258): notifyDataConnection: state=0 isDataConnectivityPossible=true reason=radioTechnologyChanged interfaceName=null networkType=4 apnType=supl apn=null
02-13 18:40:30.870 I/TelephonyRegistry(  258): +++broadcastDataConnectionStateChanged
02-13 18:40:30.870 I/TelephonyRegistry(  258): +++sendStickyBroadcast
02-13 18:40:30.880 D/Phone   (  337): [PhoneNotifier] [DefaultPhoneNotifier] : dun, INET, DISCONNECTED
02-13 18:40:30.880 I/TelephonyRegistry(  258): notifyDataConnection: state=0 isDataConnectivityPossible=true reason=radioTechnologyChanged interfaceName=null networkType=4 apnType=dun apn=null
02-13 18:40:30.880 I/TelephonyRegistry(  258): +++broadcastDataConnectionStateChanged
02-13 18:40:30.880 I/TelephonyRegistry(  258): +++sendStickyBroadcast
02-13 18:40:30.890 D/Phone   (  337): [PhoneNotifier] [DefaultPhoneNotifier] : dun, INET6, DISCONNECTED
02-13 18:40:30.890 I/TelephonyRegistry(  258): notifyDataConnection: state=0 isDataConnectivityPossible=true reason=radioTechnologyChanged interfaceName=null networkType=4 apnType=dun apn=null
02-13 18:40:30.890 I/TelephonyRegistry(  258): +++broadcastDataConnectionStateChanged
02-13 18:40:30.890 I/TelephonyRegistry(  258): +++sendStickyBroadcast
02-13 18:40:30.900 D/Phone   (  337): [PhoneNotifier] [DefaultPhoneNotifier] : hipri, INET, DISCONNECTED
02-13 18:40:30.900 I/TelephonyRegistry(  258): notifyDataConnection: state=0 isDataConnectivityPossible=true reason=radioTechnologyChanged interfaceName=null networkType=4 apnType=hipri apn=null
02-13 18:40:30.900 I/TelephonyRegistry(  258): +++broadcastDataConnectionStateChanged
02-13 18:40:30.900 I/TelephonyRegistry(  258): +++sendStickyBroadcast
02-13 18:40:30.910 D/Phone   (  337): [PhoneNotifier] [DefaultPhoneNotifier] : hipri, INET6, DISCONNECTED
02-13 18:40:30.920 I/TelephonyRegistry(  258): notifyDataConnection: state=0 isDataConnectivityPossible=true reason=radioTechnologyChanged interfaceName=null networkType=4 apnType=hipri apn=null
02-13 18:40:30.920 I/TelephonyRegistry(  258): +++broadcastDataConnectionStateChanged
02-13 18:40:30.920 I/TelephonyRegistry(  258): +++sendStickyBroadcast
02-13 18:40:30.920 D/DATA    (  337): [DCT(0) ] Resetting all profiles and service states!
02-13 18:40:30.920 D/PhoneApp(  337): mReceiver: ACTION_ANY_DATA_CONNECTION_STATE_CHANGED
02-13 18:40:30.920 D/PhoneApp(  337): - state: DISCONNECTED
02-13 18:40:30.920 D/PhoneApp(  337): - reason: dataNetworkAttached
02-13 18:40:30.920 D/PhoneApp(  337): mReceiver: ACTION_ANY_DATA_CONNECTION_STATE_CHANGED
02-13 18:40:30.920 D/PhoneApp(  337): - state: DISCONNECTED
02-13 18:40:30.920 D/PhoneApp(  337): - reason: dataNetworkAttached
02-13 18:40:30.920 D/PhoneApp(  337): mReceiver: ACTION_ANY_DATA_CONNECTION_STATE_CHANGED
02-13 18:40:30.920 D/PhoneApp(  337): - state: DISCONNECTED
02-13 18:40:30.920 D/PhoneApp(  337): - reason: dataNetworkAttached
02-13 18:40:30.920 D/PhoneApp(  337): mReceiver: ACTION_ANY_DATA_CONNECTION_STATE_CHANGED
02-13 18:40:30.930 D/PhoneApp(  337): - state: DISCONNECTED
02-13 18:40:30.930 D/PhoneApp(  337): - reason: dataNetworkAttached
02-13 18:40:30.930 D/PhoneApp(  337): mReceiver: ACTION_ANY_DATA_CONNECTION_STATE_CHANGED
02-13 18:40:30.930 D/PhoneApp(  337): - state: DISCONNECTED
02-13 18:40:30.930 D/PhoneApp(  337): - reason: dataNetworkAttached
02-13 18:40:30.930 D/PhoneApp(  337): mReceiver: ACTION_ANY_DATA_CONNECTION_STATE_CHANGED
02-13 18:40:30.930 D/PhoneApp(  337): - state: DISCONNECTED
02-13 18:40:30.930 D/PhoneApp(  337): - reason: dataNetworkAttached
02-13 18:40:30.930 D/PhoneApp(  337): mReceiver: ACTION_ANY_DATA_CONNECTION_STATE_CHANGED
02-13 18:40:30.930 D/PhoneApp(  337): - state: DISCONNECTED
02-13 18:40:30.930 D/PhoneApp(  337): - reason: dataNetworkAttached
02-13 18:40:30.930 D/PhoneApp(  337): mReceiver: ACTION_ANY_DATA_CONNECTION_STATE_CHANGED
02-13 18:40:30.930 D/PhoneApp(  337): - state: DISCONNECTED
02-13 18:40:30.930 D/PhoneApp(  337): - reason: dataNetworkAttached
02-13 18:40:30.930 D/PhoneApp(  337): mReceiver: ACTION_ANY_DATA_CONNECTION_STATE_CHANGED
02-13 18:40:30.930 D/PhoneApp(  337): - state: DISCONNECTED
02-13 18:40:30.930 D/PhoneApp(  337): - reason: dataNetworkAttached
02-13 18:40:30.930 D/PhoneApp(  337): mReceiver: ACTION_ANY_DATA_CONNECTION_STATE_CHANGED
02-13 18:40:30.930 D/PhoneApp(  337): - state: DISCONNECTED
02-13 18:40:30.930 D/PhoneApp(  337): - reason: dataNetworkAttached
02-13 18:40:30.930 I/DATA    (  337): [DCT(0) ] onUpdateDataConnections [ignored] : reason=dataNetworkAttached
02-13 18:40:30.930 I/DATA    (  337): [DCT(0) ] wait for the dc disconnect to complete
02-13 18:40:30.940 D/PhoneApp(  337): mReceiver: ACTION_ANY_DATA_CONNECTION_STATE_CHANGED
02-13 18:40:30.940 D/PhoneApp(  337): - state: DISCONNECTED
02-13 18:40:30.940 D/PhoneApp(  337): - reason: radioTechnologyChanged
02-13 18:40:30.940 D/PhoneApp(  337): mReceiver: ACTION_ANY_DATA_CONNECTION_STATE_CHANGED
02-13 18:40:30.940 D/PhoneApp(  337): - state: DISCONNECTED
02-13 18:40:30.940 D/PhoneApp(  337): - reason: radioTechnologyChanged
02-13 18:40:30.940 D/PhoneApp(  337): mReceiver: ACTION_ANY_DATA_CONNECTION_STATE_CHANGED
02-13 18:40:30.940 D/PhoneApp(  337): - state: DISCONNECTED
02-13 18:40:30.940 D/PhoneApp(  337): - reason: radioTechnologyChanged
02-13 18:40:30.940 D/PhoneApp(  337): mReceiver: ACTION_ANY_DATA_CONNECTION_STATE_CHANGED
02-13 18:40:30.940 D/PhoneApp(  337): - state: DISCONNECTED
02-13 18:40:30.940 D/PhoneApp(  337): - reason: radioTechnologyChanged
02-13 18:40:30.940 D/PhoneApp(  337): mReceiver: ACTION_ANY_DATA_CONNECTION_STATE_CHANGED
02-13 18:40:30.940 D/PhoneApp(  337): - state: DISCONNECTED
02-13 18:40:30.940 D/PhoneApp(  337): - reason: radioTechnologyChanged
02-13 18:40:30.940 D/KeyguardUpdateMonitor(  258): received broadcast android.intent.action.SIM_STATE_CHANGED
02-13 18:40:30.960 D/PhoneApp(  337): mReceiver: ACTION_ANY_DATA_CONNECTION_STATE_CHANGED
02-13 18:40:30.960 D/PhoneApp(  337): - state: DISCONNECTED
02-13 18:40:30.960 D/PhoneApp(  337): - reason: radioTechnologyChanged
02-13 18:40:30.960 D/PhoneApp(  337): mReceiver: ACTION_ANY_DATA_CONNECTION_STATE_CHANGED
02-13 18:40:30.960 D/PhoneApp(  337): - state: DISCONNECTED
02-13 18:40:30.960 D/PhoneApp(  337): - reason: radioTechnologyChanged
02-13 18:40:30.960 D/PhoneApp(  337): mReceiver: ACTION_ANY_DATA_CONNECTION_STATE_CHANGED
02-13 18:40:30.960 D/PhoneApp(  337): - state: DISCONNECTED
02-13 18:40:30.960 D/PhoneApp(  337): - reason: radioTechnologyChanged
02-13 18:40:30.960 D/PhoneApp(  337): mReceiver: ACTION_ANY_DATA_CONNECTION_STATE_CHANGED
02-13 18:40:30.960 D/PhoneApp(  337): - state: DISCONNECTED
02-13 18:40:30.960 D/PhoneApp(  337): - reason: radioTechnologyChanged
02-13 18:40:30.960 D/PhoneApp(  337): mReceiver: ACTION_ANY_DATA_CONNECTION_STATE_CHANGED
02-13 18:40:30.960 D/PhoneApp(  337): - state: DISCONNECTED
02-13 18:40:30.960 D/PhoneApp(  337): - reason: radioTechnologyChanged
02-13 18:40:30.960 I/DATA    (  337): [DCT(0) ] onUpdateDataConnections: reason=radioTechnologyChanged
02-13 18:40:30.960 I/DATA    (  337): [DCT(0) ] ---dc list---
02-13 18:40:30.960 I/DATA    (  337): [DCT(0) ] ---ds list---
02-13 18:40:30.960 I/DATA    (  337): [DCT(0) ] ds= SERVICE_TYPE_DEFAULT, enabled = true, active = v4:IDLE v6:IDLE
02-13 18:40:30.960 I/DATA    (  337): [DCT(0) ] ds= SERVICE_TYPE_MMS, enabled = false, active = v4:IDLE v6:IDLE
02-13 18:40:30.960 I/DATA    (  337): [DCT(0) ] ds= SERVICE_TYPE_SUPL, enabled = false, active = v4:IDLE v6:IDLE
02-13 18:40:30.960 I/DATA    (  337): [DCT(0) ] ds= SERVICE_TYPE_DUN, enabled = false, active = v4:IDLE v6:IDLE
02-13 18:40:30.960 I/DATA    (  337): [DCT(0) ] ds= SERVICE_TYPE_HIPRI, enabled = false, active = v4:IDLE v6:IDLE
02-13 18:40:30.970 I/DATA    (  337): [DCT(0) ] Ready for data : 
02-13 18:40:30.970 I/DATA    (  337): [DCT(0) ]    getDesiredPowerState() = true
02-13 18:40:30.970 I/DATA    (  337): [DCT(0) ]    mCm.getRadioState() = RADIO_ON
02-13 18:40:30.970 I/DATA    (  337): [DCT(0) ]    [DataRadioTech = RADIO_TECH_IS95A, data network state = 0, mMasterDataEnabled = true, is Roaming = false, dataOnRoamingEnable = false, isPsRestricted = false, desiredPowerState  = true, mSIMRecords = , cdmaSubSource = 1/310120, mRuimRecords = , checks = true/true]
02-13 18:40:30.970 I/DATA    (  337): [DCT(0) ] trySetupDataCall : ds=SERVICE_TYPE_DEFAULT, ipv=INET, reason=radioTechnologyChanged
02-13 18:40:30.970 I/DATA    (  337): [SERVICE_TYPE_DEFAULT] Data Profile Chosen:PROFILE_TYPE_3GPP2_NAI
02-13 18:40:30.970 I/DATA    (  337): [DCT(0) ] **choose data profile : [dpt=PROFILE_TYPE_3GPP2_NAI, active=false, 
02-13 18:40:30.970 I/DATA    (  337): [DCT(0) ] disconnectOneLowPriorityDataCall
02-13 18:40:30.970 E/DST     (  337): Error parsing service priority string, ignoring 
02-13 18:40:30.970 E/DST     (  337): Error parsing service priority string, ignoring 
02-13 18:40:30.970 E/DST     (  337): Error parsing service priority string, ignoring 
02-13 18:40:30.970 E/DST     (  337): Error parsing service priority string, ignoring 
02-13 18:40:30.970 I/DATA    (  337): [SERVICE_TYPE_DEFAULT] set newState =  CONNECTINGoldState =  IDLE
02-13 18:40:30.970 D/Phone   (  337): [PhoneNotifier] [DefaultPhoneNotifier] : default, INET, CONNECTING
02-13 18:40:31.010 D/KeyguardUpdateMonitor(  258): ACTION_SIM_STATE_CHANGED intent received on sub = 0
02-13 18:40:31.010 D/KeyguardUpdateMonitor(  258): handleSimStateChange: intentValue = READY state resolved to READY subscription =0
02-13 18:40:31.010 D/KeyguardViewMediator(  258): onSimStateChanged: READY
02-13 18:40:31.010 D/KeyguardViewMediator(  258): resetStateLocked
02-13 18:40:31.010 D/LockScreen(  258): onSimStateChanged(READY)
02-13 18:40:31.010 D/LockScreen(  258): updateLayout: status=Normalsubscription=0
02-13 18:40:31.010 I/TelephonyRegistry(  258): notifyDataConnection: state=1 isDataConnectivityPossible=true reason=radioTechnologyChanged interfaceName=null networkType=4 apnType=default apn=null
02-13 18:40:31.010 I/TelephonyRegistry(  258): +++broadcastDataConnectionStateChanged
02-13 18:40:31.010 D/MobileDataStateTracker(  258): [hipri]  MobileDataStateReceiver onReceive(): Entry.
02-13 18:40:31.010 D/MobileDataStateTracker(  258): [hipri]  intent.getAction()= android.intent.action.ANY_DATA_STATE
02-13 18:40:31.010 D/MobileDataStateTracker(  258): [hipri]  mEnabled = false
02-13 18:40:31.020 D/LockScreen(  258): Updating Lock Screen text to Ruim
02-13 18:40:31.020 I/TelephonyRegistry(  258): +++sendStickyBroadcast
02-13 18:40:31.030 D/PhoneApp(  337): old phone type:2, New Phone type:2
02-13 18:40:31.030 D/NotificationMgr(  337): hideDataDisconnectedRoaming()...
02-13 18:40:31.030 D/PhoneApp(  337): old phone type:2, New Phone type:2
02-13 18:40:31.030 D/NotificationMgr(  337): hideDataDisconnectedRoaming()...
02-13 18:40:31.040 D/PhoneApp(  337): old phone type:2, New Phone type:2
02-13 18:40:31.040 D/NotificationMgr(  337): hideDataDisconnectedRoaming()...
02-13 18:40:31.040 D/PhoneApp(  337): old phone type:2, New Phone type:2
02-13 18:40:31.040 D/NotificationMgr(  337): hideDataDisconnectedRoaming()...
02-13 18:40:31.040 D/PhoneApp(  337): old phone type:2, New Phone type:2
02-13 18:40:31.040 D/NotificationMgr(  337): hideDataDisconnectedRoaming()...
02-13 18:40:31.040 D/MobileDataStateTracker(  258): [hipri] subType changed, oldSubtype = 0new subtype = 4
02-13 18:40:31.040 D/KeyguardViewMediator(  258): handleReset
02-13 18:40:31.040 D/PhoneApp(  337): old phone type:2, New Phone type:2
02-13 18:40:31.040 D/NotificationMgr(  337): hideDataDisconnectedRoaming()...
02-13 18:40:31.040 D/PhoneApp(  337): old phone type:2, New Phone type:2
02-13 18:40:31.040 D/NotificationMgr(  337): hideDataDisconnectedRoaming()...
02-13 18:40:31.050 D/MobileDataStateTracker(  258): [hipri]  apnTypeList = default
02-13 18:40:31.050 D/MobileDataStateTracker(  258): [hipri]  unavailable = true
02-13 18:40:31.050 D/MobileDataStateTracker(  258): [hipri] Do not process intents if disabled.
02-13 18:40:31.050 D/MobileDataStateTracker(  258): [dun]  MobileDataStateReceiver onReceive(): Entry.
02-13 18:40:31.050 D/MobileDataStateTracker(  258): [dun]  intent.getAction()= android.intent.action.ANY_DATA_STATE
02-13 18:40:31.050 D/MobileDataStateTracker(  258): [dun]  mEnabled = false
02-13 18:40:31.050 D/PhoneApp(  337): old phone type:2, New Phone type:2
02-13 18:40:31.050 D/NotificationMgr(  337): hideDataDisconnectedRoaming()...
02-13 18:40:31.050 D/PhoneApp(  337): old phone type:2, New Phone type:2
02-13 18:40:31.050 D/NotificationMgr(  337): hideDataDisconnectedRoaming()...
02-13 18:40:31.050 D/PhoneApp(  337): old phone type:2, New Phone type:2
02-13 18:40:31.050 D/NotificationMgr(  337): hideDataDisconnectedRoaming()...
02-13 18:40:31.050 D/MobileDataStateTracker(  258): [dun] subType changed, oldSubtype = 0new subtype = 4
02-13 18:40:31.050 D/MobileDataStateTracker(  258): [dun]  apnTypeList = default
02-13 18:40:31.050 D/MobileDataStateTracker(  258): [dun]  unavailable = true
02-13 18:40:31.050 D/MobileDataStateTracker(  258): [dun] Do not process intents if disabled.
02-13 18:40:31.050 D/MobileDataStateTracker(  258): [supl]  MobileDataStateReceiver onReceive(): Entry.
02-13 18:40:31.050 D/MobileDataStateTracker(  258): [supl]  intent.getAction()= android.intent.action.ANY_DATA_STATE
02-13 18:40:31.050 D/MobileDataStateTracker(  258): [supl]  mEnabled = false
02-13 18:40:31.050 D/MobileDataStateTracker(  258): [supl] subType changed, oldSubtype = 0new subtype = 4
02-13 18:40:31.060 D/MobileDataStateTracker(  258): [supl]  apnTypeList = default
02-13 18:40:31.060 D/MobileDataStateTracker(  258): [supl]  unavailable = true
02-13 18:40:31.060 D/MobileDataStateTracker(  258): [supl] Do not process intents if disabled.
02-13 18:40:31.060 D/MobileDataStateTracker(  258): [mms]  MobileDataStateReceiver onReceive(): Entry.
02-13 18:40:31.060 D/MobileDataStateTracker(  258): [mms]  intent.getAction()= android.intent.action.ANY_DATA_STATE
02-13 18:40:31.060 D/MobileDataStateTracker(  258): [mms]  mEnabled = false
02-13 18:40:31.060 D/PhoneApp(  337): old phone type:2, New Phone type:2
02-13 18:40:31.060 D/NotificationMgr(  337): hideDataDisconnectedRoaming()...
02-13 18:40:31.060 D/PhoneApp(  337): old phone type:2, New Phone type:2
02-13 18:40:31.060 D/NotificationMgr(  337): hideDataDisconnectedRoaming()...
02-13 18:40:31.060 D/PhoneApp(  337): old phone type:2, New Phone type:2
02-13 18:40:31.060 D/NotificationMgr(  337): hideDataDisconnectedRoaming()...
02-13 18:40:31.070 D/PhoneApp(  337): old phone type:2, New Phone type:2
02-13 18:40:31.070 D/NotificationMgr(  337): hideDataDisconnectedRoaming()...
02-13 18:40:31.070 D/PhoneApp(  337): old phone type:2, New Phone type:2
02-13 18:40:31.070 D/NotificationMgr(  337): hideDataDisconnectedRoaming()...
02-13 18:40:31.070 D/PhoneApp(  337): old phone type:2, New Phone type:2
02-13 18:40:31.070 D/NotificationMgr(  337): hideDataDisconnectedRoaming()...
02-13 18:40:31.070 D/PhoneApp(  337): old phone type:2, New Phone type:2
02-13 18:40:31.070 D/NotificationMgr(  337): hideDataDisconnectedRoaming()...
02-13 18:40:31.070 D/PhoneApp(  337): old phone type:2, New Phone type:2
02-13 18:40:31.070 D/NotificationMgr(  337): hideDataDisconnectedRoaming()...
02-13 18:40:31.070 D/PhoneApp(  337): old phone type:2, New Phone type:2
02-13 18:40:31.070 D/NotificationMgr(  337): hideDataDisconnectedRoaming()...
02-13 18:40:31.070 D/MobileDataStateTracker(  258): [mms] subType changed, oldSubtype = 0new subtype = 4
02-13 18:40:31.080 D/MobileDataStateTracker(  258): [mms]  apnTypeList = default
02-13 18:40:31.080 D/MobileDataStateTracker(  258): [mms]  unavailable = true
02-13 18:40:31.080 D/MobileDataStateTracker(  258): [mms] Do not process intents if disabled.
02-13 18:40:31.080 D/MobileDataStateTracker(  258): [default]  MobileDataStateReceiver onReceive(): Entry.
02-13 18:40:31.080 D/MobileDataStateTracker(  258): [default]  intent.getAction()= android.intent.action.ANY_DATA_STATE
02-13 18:40:31.080 D/MobileDataStateTracker(  258): [default]  mEnabled = true
02-13 18:40:31.080 D/MobileDataStateTracker(  258): [default] subType changed, oldSubtype = 0new subtype = 4
02-13 18:40:31.080 D/MobileDataStateTracker(  258): [default]  apnTypeList = default
02-13 18:40:31.080 D/MobileDataStateTracker(  258): [default]  unavailable = true
02-13 18:40:31.080 D/MobileDataStateTracker(  258): [default] CALL updateMobileInfoFromIntent
02-13 18:40:31.080 I/MobileDataStateTracker(  258): [default] dc state change intent received for default/INET with state  DISCONNECTED. enabled=true state change reason = dataNetworkDetached
02-13 18:40:31.080 I/MobileDataStateTracker(  258): [default] old state = DISCONNECTED
02-13 18:40:31.080 I/MobileDataStateTracker(  258): [default] no change,  just return
02-13 18:40:31.080 D/MobileDataStateTracker(  258): [default] No need to update detailed state
02-13 18:40:31.080 D/MobileDataStateTracker(  258): [hipri]  MobileDataStateReceiver onReceive(): Entry.
02-13 18:40:31.080 D/MobileDataStateTracker(  258): [hipri]  intent.getAction()= android.intent.action.ANY_DATA_STATE
02-13 18:40:31.080 D/MobileDataStateTracker(  258): [hipri]  mEnabled = false
02-13 18:40:31.080 D/KeyguardViewMediator(  258): setHidden false
02-13 18:40:31.100 D/PhoneApp(  337): old phone type:2, New Phone type:2
02-13 18:40:31.100 D/NotificationMgr(  337): hideDataDisconnectedRoaming()...
02-13 18:40:31.100 D/PhoneApp(  337): mReceiver: ACTION_ANY_DATA_CONNECTION_STATE_CHANGED
02-13 18:40:31.100 D/PhoneApp(  337): - state: DISCONNECTED
02-13 18:40:31.100 D/PhoneApp(  337): - reason: radioTechnologyChanged
02-13 18:40:31.100 D/DATA    (  337): [DC cid = -1]DcInactiveState msg.what=EVENT_CONNECT
02-13 18:40:31.100 I/DATA    (  337): [DC cid = -1]Connecting : dataProfile = [dpt=PROFILE_TYPE_3GPP2_NAI, active=false, 
02-13 18:40:31.100 D/DATA    (  337): **NAI profile id :0
02-13 18:40:31.100 D/MobileDataStateTracker(  258): [hipri]  apnTypeList = default
02-13 18:40:31.100 D/MobileDataStateTracker(  258): [hipri]  unavailable = true
02-13 18:40:31.100 D/MobileDataStateTracker(  258): [hipri] Do not process intents if disabled.
02-13 18:40:31.100 D/MobileDataStateTracker(  258): [dun]  MobileDataStateReceiver onReceive(): Entry.
02-13 18:40:31.100 D/MobileDataStateTracker(  258): [dun]  intent.getAction()= android.intent.action.ANY_DATA_STATE
02-13 18:40:31.100 D/MobileDataStateTracker(  258): [dun]  mEnabled = false
02-13 18:40:31.110 D/MobileDataStateTracker(  258): [dun]  apnTypeList = default
02-13 18:40:31.110 D/PhoneApp(  337): old phone type:2, New Phone type:2
02-13 18:40:31.110 D/NotificationMgr(  337): hideDataDisconnectedRoaming()...
02-13 18:40:31.110 D/MobileDataStateTracker(  258): [dun]  unavailable = true
02-13 18:40:31.110 D/MobileDataStateTracker(  258): [dun] Do not process intents if disabled.
02-13 18:40:31.110 D/MobileDataStateTracker(  258): [supl]  MobileDataStateReceiver onReceive(): Entry.
02-13 18:40:31.110 D/MobileDataStateTracker(  258): [supl]  intent.getAction()= android.intent.action.ANY_DATA_STATE
02-13 18:40:31.110 D/MobileDataStateTracker(  258): [supl]  mEnabled = false
02-13 18:40:31.120 D/MobileDataStateTracker(  258): [supl]  apnTypeList = default
02-13 18:40:31.120 D/MobileDataStateTracker(  258): [supl]  unavailable = true
02-13 18:40:31.120 D/MobileDataStateTracker(  258): [supl] Do not process intents if disabled.
02-13 18:40:31.120 D/MobileDataStateTracker(  258): [mms]  MobileDataStateReceiver onReceive(): Entry.
02-13 18:40:31.120 D/MobileDataStateTracker(  258): [mms]  intent.getAction()= android.intent.action.ANY_DATA_STATE
02-13 18:40:31.120 D/MobileDataStateTracker(  258): [mms]  mEnabled = false
02-13 18:40:31.120 D/MobileDataStateTracker(  258): [mms]  apnTypeList = default
02-13 18:40:31.120 D/MobileDataStateTracker(  258): [mms]  unavailable = true
02-13 18:40:31.120 D/MobileDataStateTracker(  258): [mms] Do not process intents if disabled.
02-13 18:40:31.120 D/MobileDataStateTracker(  258): [default]  MobileDataStateReceiver onReceive(): Entry.
02-13 18:40:31.120 D/MobileDataStateTracker(  258): [default]  intent.getAction()= android.intent.action.ANY_DATA_STATE
02-13 18:40:31.120 D/MobileDataStateTracker(  258): [default]  mEnabled = true
02-13 18:40:31.120 D/MobileDataStateTracker(  258): [default]  apnTypeList = default
02-13 18:40:31.120 D/MobileDataStateTracker(  258): [default]  unavailable = true
02-13 18:40:31.130 D/MobileDataStateTracker(  258): [default] CALL updateMobileInfoFromIntent
02-13 18:40:31.130 I/MobileDataStateTracker(  258): [default] dc state change intent received for default/INET6 with state  DISCONNECTED. enabled=true state change reason = dataNetworkDetached
02-13 18:40:31.130 I/MobileDataStateTracker(  258): [default] old state = DISCONNECTED
02-13 18:40:31.130 I/MobileDataStateTracker(  258): [default] no change,  just return
02-13 18:40:31.130 D/MobileDataStateTracker(  258): [default] No need to update detailed state
02-13 18:40:31.130 D/MobileDataStateTracker(  258): [hipri]  MobileDataStateReceiver onReceive(): Entry.
02-13 18:40:31.130 D/MobileDataStateTracker(  258): [hipri]  intent.getAction()= android.intent.action.ANY_DATA_STATE
02-13 18:40:31.130 D/MobileDataStateTracker(  258): [hipri]  mEnabled = false
02-13 18:40:31.130 D/MobileDataStateTracker(  258): [hipri]  apnTypeList = mms
02-13 18:40:31.130 D/MobileDataStateTracker(  258): [hipri]  unavailable = true
02-13 18:40:31.130 D/MobileDataStateTracker(  258): [hipri] Do not process intents if disabled.
02-13 18:40:31.130 D/MobileDataStateTracker(  258): [dun]  MobileDataStateReceiver onReceive(): Entry.
02-13 18:40:31.130 D/MobileDataStateTracker(  258): [dun]  intent.getAction()= android.intent.action.ANY_DATA_STATE
02-13 18:40:31.130 D/MobileDataStateTracker(  258): [dun]  mEnabled = false
02-13 18:40:31.140 D/MobileDataStateTracker(  258): [dun]  apnTypeList = mms
02-13 18:40:31.140 D/MobileDataStateTracker(  258): [dun]  unavailable = true
02-13 18:40:31.140 D/MobileDataStateTracker(  258): [dun] Do not process intents if disabled.
02-13 18:40:31.140 D/MobileDataStateTracker(  258): [supl]  MobileDataStateReceiver onReceive(): Entry.
02-13 18:40:31.140 D/MobileDataStateTracker(  258): [supl]  intent.getAction()= android.intent.action.ANY_DATA_STATE
02-13 18:40:31.140 D/MobileDataStateTracker(  258): [supl]  mEnabled = false
02-13 18:40:31.140 D/MobileDataStateTracker(  258): [supl]  apnTypeList = mms
02-13 18:40:31.140 D/MobileDataStateTracker(  258): [supl]  unavailable = true
02-13 18:40:31.140 D/MobileDataStateTracker(  258): [supl] Do not process intents if disabled.
02-13 18:40:31.140 D/MobileDataStateTracker(  258): [mms]  MobileDataStateReceiver onReceive(): Entry.
02-13 18:40:31.140 D/MobileDataStateTracker(  258): [mms]  intent.getAction()= android.intent.action.ANY_DATA_STATE
02-13 18:40:31.140 D/MobileDataStateTracker(  258): [mms]  mEnabled = false
02-13 18:40:31.140 D/MobileDataStateTracker(  258): [mms]  apnTypeList = mms
02-13 18:40:31.140 D/MobileDataStateTracker(  258): [mms]  unavailable = true
02-13 18:40:31.140 D/MobileDataStateTracker(  258): [mms] Do not process intents if disabled.
02-13 18:40:31.140 D/MobileDataStateTracker(  258): [default]  MobileDataStateReceiver onReceive(): Entry.
02-13 18:40:31.140 D/MobileDataStateTracker(  258): [default]  intent.getAction()= android.intent.action.ANY_DATA_STATE
02-13 18:40:31.150 D/MobileDataStateTracker(  258): [default]  mEnabled = true
02-13 18:40:31.150 D/MobileDataStateTracker(  258): [default]  apnTypeList = mms
02-13 18:40:31.150 D/MobileDataStateTracker(  258): [default]  unavailable = true
02-13 18:40:31.150 D/MobileDataStateTracker(  258): [default] not what we are looking for.
02-13 18:40:31.150 D/MobileDataStateTracker(  258): [hipri]  MobileDataStateReceiver onReceive(): Entry.
02-13 18:40:31.150 D/MobileDataStateTracker(  258): [hipri]  intent.getAction()= android.intent.action.ANY_DATA_STATE
02-13 18:40:31.150 D/MobileDataStateTracker(  258): [hipri]  mEnabled = false
02-13 18:40:31.150 D/MobileDataStateTracker(  258): [hipri]  apnTypeList = mms
02-13 18:40:31.150 D/MobileDataStateTracker(  258): [hipri]  unavailable = true
02-13 18:40:31.150 D/MobileDataStateTracker(  258): [hipri] Do not process intents if disabled.
02-13 18:40:31.150 D/MobileDataStateTracker(  258): [dun]  MobileDataStateReceiver onReceive(): Entry.
02-13 18:40:31.150 D/MobileDataStateTracker(  258): [dun]  intent.getAction()= android.intent.action.ANY_DATA_STATE
02-13 18:40:31.150 D/MobileDataStateTracker(  258): [dun]  mEnabled = false
02-13 18:40:31.150 D/MobileDataStateTracker(  258): [dun]  apnTypeList = mms
02-13 18:40:31.150 D/MobileDataStateTracker(  258): [dun]  unavailable = true
02-13 18:40:31.150 D/MobileDataStateTracker(  258): [dun] Do not process intents if disabled.
02-13 18:40:31.150 D/MobileDataStateTracker(  258): [supl]  MobileDataStateReceiver onReceive(): Entry.
02-13 18:40:31.150 D/MobileDataStateTracker(  258): [supl]  intent.getAction()= android.intent.action.ANY_DATA_STATE
02-13 18:40:31.150 D/MobileDataStateTracker(  258): [supl]  mEnabled = false
02-13 18:40:31.160 D/MobileDataStateTracker(  258): [supl]  apnTypeList = mms
02-13 18:40:31.160 D/MobileDataStateTracker(  258): [supl]  unavailable = true
02-13 18:40:31.160 D/MobileDataStateTracker(  258): [supl] Do not process intents if disabled.
02-13 18:40:31.160 D/MobileDataStateTracker(  258): [mms]  MobileDataStateReceiver onReceive(): Entry.
02-13 18:40:31.160 D/MobileDataStateTracker(  258): [mms]  intent.getAction()= android.intent.action.ANY_DATA_STATE
02-13 18:40:31.160 D/MobileDataStateTracker(  258): [mms]  mEnabled = false
02-13 18:40:31.170 D/MobileDataStateTracker(  258): [mms]  apnTypeList = mms
02-13 18:40:31.170 D/MobileDataStateTracker(  258): [mms]  unavailable = true
02-13 18:40:31.170 D/MobileDataStateTracker(  258): [mms] Do not process intents if disabled.
02-13 18:40:31.170 D/MobileDataStateTracker(  258): [default]  MobileDataStateReceiver onReceive(): Entry.
02-13 18:40:31.170 D/MobileDataStateTracker(  258): [default]  intent.getAction()= android.intent.action.ANY_DATA_STATE
02-13 18:40:31.170 D/MobileDataStateTracker(  258): [default]  mEnabled = true
02-13 18:40:31.170 D/MobileDataStateTracker(  258): [default]  apnTypeList = mms
02-13 18:40:31.170 D/MobileDataStateTracker(  258): [default]  unavailable = true
02-13 18:40:31.170 D/MobileDataStateTracker(  258): [default] not what we are looking for.
02-13 18:40:31.170 D/MobileDataStateTracker(  258): [hipri]  MobileDataStateReceiver onReceive(): Entry.
02-13 18:40:31.170 D/MobileDataStateTracker(  258): [hipri]  intent.getAction()= android.intent.action.ANY_DATA_STATE
02-13 18:40:31.170 D/MobileDataStateTracker(  258): [hipri]  mEnabled = false
02-13 18:40:31.170 D/MobileDataStateTracker(  258): [hipri]  apnTypeList = supl
02-13 18:40:31.170 D/MobileDataStateTracker(  258): [hipri]  unavailable = true
02-13 18:40:31.170 D/MobileDataStateTracker(  258): [hipri] Do not process intents if disabled.
02-13 18:40:31.180 D/MobileDataStateTracker(  258): [dun]  MobileDataStateReceiver onReceive(): Entry.
02-13 18:40:31.180 D/MobileDataStateTracker(  258): [dun]  intent.getAction()= android.intent.action.ANY_DATA_STATE
02-13 18:40:31.180 D/MobileDataStateTracker(  258): [dun]  mEnabled = false
02-13 18:40:31.180 D/MobileDataStateTracker(  258): [dun]  apnTypeList = supl
02-13 18:40:31.180 D/MobileDataStateTracker(  258): [dun]  unavailable = true
02-13 18:40:31.180 D/MobileDataStateTracker(  258): [dun] Do not process intents if disabled.
02-13 18:40:31.180 D/MobileDataStateTracker(  258): [supl]  MobileDataStateReceiver onReceive(): Entry.
02-13 18:40:31.180 D/MobileDataStateTracker(  258): [supl]  intent.getAction()= android.intent.action.ANY_DATA_STATE
02-13 18:40:31.180 D/MobileDataStateTracker(  258): [supl]  mEnabled = false
02-13 18:40:31.180 D/MobileDataStateTracker(  258): [supl]  apnTypeList = supl
02-13 18:40:31.200 D/DATA    (  337): [DSST(0)] pollstate() : reason = data network state changed
02-13 18:40:31.200 D/MobileDataStateTracker(  258): [supl]  unavailable = true
02-13 18:40:31.200 D/MobileDataStateTracker(  258): [supl] Do not process intents if disabled.
02-13 18:40:31.200 D/MobileDataStateTracker(  258): [mms]  MobileDataStateReceiver onReceive(): Entry.
02-13 18:40:31.200 D/MobileDataStateTracker(  258): [mms]  intent.getAction()= android.intent.action.ANY_DATA_STATE
02-13 18:40:31.200 D/MobileDataStateTracker(  258): [mms]  mEnabled = false
02-13 18:40:31.210 D/MobileDataStateTracker(  258): [mms]  apnTypeList = supl
02-13 18:40:31.210 D/MobileDataStateTracker(  258): [mms]  unavailable = true
02-13 18:40:31.240 D/MobileDataStateTracker(  258): [mms] Do not process intents if disabled.
02-13 18:40:31.240 D/MobileDataStateTracker(  258): [default]  MobileDataStateReceiver onReceive(): Entry.
02-13 18:40:31.240 D/MobileDataStateTracker(  258): [default]  intent.getAction()= android.intent.action.ANY_DATA_STATE
02-13 18:40:31.240 D/MobileDataStateTracker(  258): [default]  mEnabled = true
02-13 18:40:31.240 D/MobileDataStateTracker(  258): [default]  apnTypeList = supl
02-13 18:40:31.240 D/MobileDataStateTracker(  258): [default]  unavailable = true
02-13 18:40:31.240 D/MobileDataStateTracker(  258): [default] not what we are looking for.
02-13 18:40:31.240 D/MobileDataStateTracker(  258): [hipri]  MobileDataStateReceiver onReceive(): Entry.
02-13 18:40:31.240 D/MobileDataStateTracker(  258): [hipri]  intent.getAction()= android.intent.action.ANY_DATA_STATE
02-13 18:40:31.240 D/MobileDataStateTracker(  258): [hipri]  mEnabled = false
02-13 18:40:31.240 D/CallManager(  337):  handleMessage (EVENT_SERVICE_STATE_CHANGED)
02-13 18:40:31.240 E/BT HS/HF(  337): SERVICE_STATE_CHANGED called
02-13 18:40:31.240 E/BT HS/HF(  337): updateServiceState called, sendUpdate:false  ServiceState:0 home Sprint  310099  IS95A CSS not supported 41 4139RoamInd: 1RoamStatus(sprint): 1DefRoamInd: 160EmergOnly: false
02-13 18:40:31.240 E/BT HS/HF(  337): service:1 mService:1
02-13 18:40:31.250 D/DATA    (  337): [DSST(0)]  registrationState = 1  radioTechnology = 6 reasonForDenial = 0
02-13 18:40:31.250 D/DATA    (  337): [DSST(0)]  set mNewDataConnectionState = 0
02-13 18:40:31.250 D/DATA    (  337): [DSST(0)]  mNewDataConnectionState : 0  mDataConnectionState : 0
02-13 18:40:31.250 D/DATA    (  337): [DSST(0)] Poll ServiceState done: oldSS=[0 home null null null  IS95A CSS not supported -1 -1RoamInd: -1RoamStatus(sprint): -1DefRoamInd: -1EmergOnly: false] newSS=[0 home null null null  1xRTT CSS not supported -1 -1RoamInd: -1RoamStatus(sprint): -1DefRoamInd: -1EmergOnly: false]
02-13 18:40:31.250 D/MobileDataStateTracker(  258): [hipri]  apnTypeList = supl
02-13 18:40:31.250 D/MobileDataStateTracker(  258): [hipri]  unavailable = true
02-13 18:40:31.250 D/MobileDataStateTracker(  258): [hipri] Do not process intents if disabled.
02-13 18:40:31.250 D/MobileDataStateTracker(  258): [dun]  MobileDataStateReceiver onReceive(): Entry.
02-13 18:40:31.250 D/MobileDataStateTracker(  258): [dun]  intent.getAction()= android.intent.action.ANY_DATA_STATE
02-13 18:40:31.250 D/MobileDataStateTracker(  258): [dun]  mEnabled = false
02-13 18:40:31.250 D/MobileDataStateTracker(  258): [dun]  apnTypeList = supl
02-13 18:40:31.250 D/MobileDataStateTracker(  258): [dun]  unavailable = true
02-13 18:40:31.250 D/MobileDataStateTracker(  258): [dun] Do not process intents if disabled.
02-13 18:40:31.250 D/MobileDataStateTracker(  258): [supl]  MobileDataStateReceiver onReceive(): Entry.
02-13 18:40:31.250 D/MobileDataStateTracker(  258): [supl]  intent.getAction()= android.intent.action.ANY_DATA_STATE
02-13 18:40:31.250 D/MobileDataStateTracker(  258): [supl]  mEnabled = false
02-13 18:40:31.260 D/MobileDataStateTracker(  258): [supl]  apnTypeList = supl
02-13 18:40:31.260 D/MobileDataStateTracker(  258): [supl]  unavailable = true
02-13 18:40:31.260 D/DATA    (  337): [DSST(0)]  mDataConnectionState = 0
02-13 18:40:31.280 D/CallManager(  337):  handleMessage (EVENT_SERVICE_STATE_CHANGED)
02-13 18:40:31.280 E/BT HS/HF(  337): SERVICE_STATE_CHANGED called
02-13 18:40:31.280 D/MobileDataStateTracker(  258): [supl] Do not process intents if disabled.
02-13 18:40:31.280 D/MobileDataStateTracker(  258): [mms]  MobileDataStateReceiver onReceive(): Entry.
02-13 18:40:31.280 D/MobileDataStateTracker(  258): [mms]  intent.getAction()= android.intent.action.ANY_DATA_STATE
02-13 18:40:31.280 D/MobileDataStateTracker(  258): [mms]  mEnabled = false
02-13 18:40:31.280 D/MobileDataStateTracker(  258): [mms] subType changed, oldSubtype = 4new subtype = 7
02-13 18:40:31.280 D/MobileDataStateTracker(  258): [mms]  apnTypeList = supl
02-13 18:40:31.280 D/MobileDataStateTracker(  258): [mms]  unavailable = true
02-13 18:40:31.280 D/MobileDataStateTracker(  258): [mms] Do not process intents if disabled.
02-13 18:40:31.280 D/MobileDataStateTracker(  258): [default]  MobileDataStateReceiver onReceive(): Entry.
02-13 18:40:31.280 D/MobileDataStateTracker(  258): [default]  intent.getAction()= android.intent.action.ANY_DATA_STATE
02-13 18:40:31.280 D/MobileDataStateTracker(  258): [default]  mEnabled = true
02-13 18:40:31.290 E/BT HS/HF(  337): updateServiceState called, sendUpdate:false  ServiceState:0 home Sprint  310099  1xRTT CSS not supported 41 4139RoamInd: 1RoamStatus(sprint): 1DefRoamInd: 160EmergOnly: false
02-13 18:40:31.290 E/BT HS/HF(  337): service:1 mService:1
