02-13 18:40:31.290 D/Phone   (  337): [PhoneNotifier] [DefaultPhoneNotifier] : default, INET, CONNECTING
02-13 18:40:31.290 D/MobileDataStateTracker(  258): [default] subType changed, oldSubtype = 4new subtype = 7
02-13 18:40:31.290 D/MobileDataStateTracker(  258): [default]  apnTypeList = supl
02-13 18:40:31.290 D/MobileDataStateTracker(  258): [default]  unavailable = true
02-13 18:40:31.290 D/MobileDataStateTracker(  258): [default] not what we are looking for.
02-13 18:40:31.290 D/MobileDataStateTracker(  258): [hipri]  MobileDataStateReceiver onReceive(): Entry.
02-13 18:40:31.290 D/MobileDataStateTracker(  258): [hipri]  intent.getAction()= android.intent.action.ANY_DATA_STATE
02-13 18:40:31.290 D/MobileDataStateTracker(  258): [hipri]  mEnabled = false
02-13 18:40:31.300 I/TelephonyRegistry(  258): notifyDataConnection: state=1 isDataConnectivityPossible=true reason=radioTechnologyChanged interfaceName=null networkType=7 apnType=default apn=null
02-13 18:40:31.300 I/TelephonyRegistry(  258): +++broadcastDataConnectionStateChanged
02-13 18:40:31.300 I/TelephonyRegistry(  258): +++sendStickyBroadcast
02-13 18:40:31.300 D/Phone   (  337): [PhoneNotifier] [DefaultPhoneNotifier] : default, INET6, DISCONNECTED
02-13 18:40:31.300 I/TelephonyRegistry(  258): notifyDataConnection: state=0 isDataConnectivityPossible=true reason=radioTechnologyChanged interfaceName=null networkType=7 apnType=default apn=null
02-13 18:40:31.300 I/TelephonyRegistry(  258): +++broadcastDataConnectionStateChanged
02-13 18:40:31.310 I/TelephonyRegistry(  258): +++sendStickyBroadcast
02-13 18:40:31.310 D/Phone   (  337): [PhoneNotifier] [DefaultPhoneNotifier] : mms, INET, DISCONNECTED
02-13 18:40:31.310 I/TelephonyRegistry(  258): notifyDataConnection: state=0 isDataConnectivityPossible=true reason=radioTechnologyChanged interfaceName=null networkType=7 apnType=mms apn=null
02-13 18:40:31.310 I/TelephonyRegistry(  258): +++broadcastDataConnectionStateChanged
02-13 18:40:31.310 I/TelephonyRegistry(  258): +++sendStickyBroadcast
02-13 18:40:31.310 D/Phone   (  337): [PhoneNotifier] [DefaultPhoneNotifier] : mms, INET6, DISCONNECTED
02-13 18:40:31.310 I/TelephonyRegistry(  258): notifyDataConnection: state=0 isDataConnectivityPossible=true reason=radioTechnologyChanged interfaceName=null networkType=7 apnType=mms apn=null
02-13 18:40:31.310 I/TelephonyRegistry(  258): +++broadcastDataConnectionStateChanged
02-13 18:40:31.310 I/TelephonyRegistry(  258): +++sendStickyBroadcast
02-13 18:40:31.310 D/Phone   (  337): [PhoneNotifier] [DefaultPhoneNotifier] : supl, INET, DISCONNECTED
02-13 18:40:31.320 I/TelephonyRegistry(  258): notifyDataConnection: state=0 isDataConnectivityPossible=true reason=radioTechnologyChanged interfaceName=null networkType=7 apnType=supl apn=null
02-13 18:40:31.320 I/TelephonyRegistry(  258): +++broadcastDataConnectionStateChanged
02-13 18:40:31.320 D/MobileDataStateTracker(  258): [hipri] subType changed, oldSubtype = 4new subtype = 7
02-13 18:40:31.320 D/MobileDataStateTracker(  258): [hipri]  apnTypeList = dun
02-13 18:40:31.320 D/MobileDataStateTracker(  258): [hipri]  unavailable = true
02-13 18:40:31.320 D/MobileDataStateTracker(  258): [hipri] Do not process intents if disabled.
02-13 18:40:31.320 D/MobileDataStateTracker(  258): [dun]  MobileDataStateReceiver onReceive(): Entry.
02-13 18:40:31.320 D/MobileDataStateTracker(  258): [dun]  intent.getAction()= android.intent.action.ANY_DATA_STATE
02-13 18:40:31.320 D/MobileDataStateTracker(  258): [dun]  mEnabled = false
02-13 18:40:31.320 D/MobileDataStateTracker(  258): [dun] subType changed, oldSubtype = 4new subtype = 7
02-13 18:40:31.330 D/MobileDataStateTracker(  258): [dun]  apnTypeList = dun
02-13 18:40:31.330 D/MobileDataStateTracker(  258): [dun]  unavailable = true
02-13 18:40:31.330 D/MobileDataStateTracker(  258): [dun] Do not process intents if disabled.
02-13 18:40:31.330 D/MobileDataStateTracker(  258): [supl]  MobileDataStateReceiver onReceive(): Entry.
02-13 18:40:31.330 D/MobileDataStateTracker(  258): [supl]  intent.getAction()= android.intent.action.ANY_DATA_STATE
02-13 18:40:31.330 D/MobileDataStateTracker(  258): [supl]  mEnabled = false
02-13 18:40:31.330 D/MobileDataStateTracker(  258): [supl] subType changed, oldSubtype = 4new subtype = 7
02-13 18:40:31.340 D/MobileDataStateTracker(  258): [supl]  apnTypeList = dun
02-13 18:40:31.340 D/MobileDataStateTracker(  258): [supl]  unavailable = true
02-13 18:40:31.340 D/MobileDataStateTracker(  258): [supl] Do not process intents if disabled.
02-13 18:40:31.340 D/MobileDataStateTracker(  258): [mms]  MobileDataStateReceiver onReceive(): Entry.
02-13 18:40:31.340 D/MobileDataStateTracker(  258): [mms]  intent.getAction()= android.intent.action.ANY_DATA_STATE
02-13 18:40:31.340 D/MobileDataStateTracker(  258): [mms]  mEnabled = false
02-13 18:40:31.340 D/MobileDataStateTracker(  258): [mms]  apnTypeList = dun
02-13 18:40:31.340 D/MobileDataStateTracker(  258): [mms]  unavailable = true
02-13 18:40:31.340 D/MobileDataStateTracker(  258): [mms] Do not process intents if disabled.
02-13 18:40:31.340 D/MobileDataStateTracker(  258): [default]  MobileDataStateReceiver onReceive(): Entry.
02-13 18:40:31.340 D/MobileDataStateTracker(  258): [default]  intent.getAction()= android.intent.action.ANY_DATA_STATE
02-13 18:40:31.340 D/MobileDataStateTracker(  258): [default]  mEnabled = true
02-13 18:40:31.340 D/MobileDataStateTracker(  258): [default]  apnTypeList = dun
02-13 18:40:31.340 D/MobileDataStateTracker(  258): [default]  unavailable = true
02-13 18:40:31.340 D/MobileDataStateTracker(  258): [default] not what we are looking for.
02-13 18:40:31.340 D/MobileDataStateTracker(  258): [hipri]  MobileDataStateReceiver onReceive(): Entry.
02-13 18:40:31.340 D/MobileDataStateTracker(  258): [hipri]  intent.getAction()= android.intent.action.ANY_DATA_STATE
02-13 18:40:31.340 D/MobileDataStateTracker(  258): [hipri]  mEnabled = false
02-13 18:40:31.340 D/MobileDataStateTracker(  258): [hipri]  apnTypeList = dun
02-13 18:40:31.340 D/MobileDataStateTracker(  258): [hipri]  unavailable = true
02-13 18:40:31.340 D/MobileDataStateTracker(  258): [hipri] Do not process intents if disabled.
02-13 18:40:31.340 D/MobileDataStateTracker(  258): [dun]  MobileDataStateReceiver onReceive(): Entry.
02-13 18:40:31.340 D/MobileDataStateTracker(  258): [dun]  intent.getAction()= android.intent.action.ANY_DATA_STATE
02-13 18:40:31.340 D/MobileDataStateTracker(  258): [dun]  mEnabled = false
02-13 18:40:31.350 D/MobileDataStateTracker(  258): [dun]  apnTypeList = dun
02-13 18:40:31.350 D/MobileDataStateTracker(  258): [dun]  unavailable = true
02-13 18:40:31.350 D/MobileDataStateTracker(  258): [dun] Do not process intents if disabled.
02-13 18:40:31.350 D/MobileDataStateTracker(  258): [supl]  MobileDataStateReceiver onReceive(): Entry.
02-13 18:40:31.350 D/MobileDataStateTracker(  258): [supl]  intent.getAction()= android.intent.action.ANY_DATA_STATE
02-13 18:40:31.350 D/MobileDataStateTracker(  258): [supl]  mEnabled = false
02-13 18:40:31.350 D/MobileDataStateTracker(  258): [supl]  apnTypeList = dun
02-13 18:40:31.350 D/MobileDataStateTracker(  258): [supl]  unavailable = true
02-13 18:40:31.350 D/MobileDataStateTracker(  258): [supl] Do not process intents if disabled.
02-13 18:40:31.350 D/MobileDataStateTracker(  258): [mms]  MobileDataStateReceiver onReceive(): Entry.
02-13 18:40:31.350 D/MobileDataStateTracker(  258): [mms]  intent.getAction()= android.intent.action.ANY_DATA_STATE
02-13 18:40:31.350 D/MobileDataStateTracker(  258): [mms]  mEnabled = false
02-13 18:40:31.350 D/MobileDataStateTracker(  258): [mms]  apnTypeList = dun
02-13 18:40:31.350 D/MobileDataStateTracker(  258): [mms]  unavailable = true
02-13 18:40:31.350 D/MobileDataStateTracker(  258): [mms] Do not process intents if disabled.
02-13 18:40:31.350 D/MobileDataStateTracker(  258): [default]  MobileDataStateReceiver onReceive(): Entry.
02-13 18:40:31.350 D/MobileDataStateTracker(  258): [default]  intent.getAction()= android.intent.action.ANY_DATA_STATE
02-13 18:40:31.350 D/MobileDataStateTracker(  258): [default]  mEnabled = true
02-13 18:40:31.360 D/MobileDataStateTracker(  258): [default]  apnTypeList = dun
02-13 18:40:31.360 D/MobileDataStateTracker(  258): [default]  unavailable = true
02-13 18:40:31.360 D/MobileDataStateTracker(  258): [default] not what we are looking for.
02-13 18:40:31.360 D/MobileDataStateTracker(  258): [hipri]  MobileDataStateReceiver onReceive(): Entry.
02-13 18:40:31.360 D/MobileDataStateTracker(  258): [hipri]  intent.getAction()= android.intent.action.ANY_DATA_STATE
02-13 18:40:31.360 D/MobileDataStateTracker(  258): [hipri]  mEnabled = false
02-13 18:40:31.360 D/MobileDataStateTracker(  258): [hipri]  apnTypeList = hipri
02-13 18:40:31.360 D/MobileDataStateTracker(  258): [hipri]  unavailable = true
02-13 18:40:31.360 D/MobileDataStateTracker(  258): [hipri] Do not process intents if disabled.
02-13 18:40:31.360 D/MobileDataStateTracker(  258): [dun]  MobileDataStateReceiver onReceive(): Entry.
02-13 18:40:31.360 D/MobileDataStateTracker(  258): [dun]  intent.getAction()= android.intent.action.ANY_DATA_STATE
02-13 18:40:31.360 D/MobileDataStateTracker(  258): [dun]  mEnabled = false
02-13 18:40:31.360 D/MobileDataStateTracker(  258): [dun]  apnTypeList = hipri
02-13 18:40:31.360 D/MobileDataStateTracker(  258): [dun]  unavailable = true
02-13 18:40:31.360 D/MobileDataStateTracker(  258): [dun] Do not process intents if disabled.
02-13 18:40:31.360 D/MobileDataStateTracker(  258): [supl]  MobileDataStateReceiver onReceive(): Entry.
02-13 18:40:31.360 D/MobileDataStateTracker(  258): [supl]  intent.getAction()= android.intent.action.ANY_DATA_STATE
02-13 18:40:31.360 D/MobileDataStateTracker(  258): [supl]  mEnabled = false
02-13 18:40:31.360 I/TelephonyRegistry(  258): +++sendStickyBroadcast
02-13 18:40:31.370 D/Phone   (  337): [PhoneNotifier] [DefaultPhoneNotifier] : supl, INET6, DISCONNECTED
02-13 18:40:31.370 I/TelephonyRegistry(  258): notifyDataConnection: state=0 isDataConnectivityPossible=true reason=radioTechnologyChanged interfaceName=null networkType=7 apnType=supl apn=null
02-13 18:40:31.370 I/TelephonyRegistry(  258): +++broadcastDataConnectionStateChanged
02-13 18:40:31.370 I/TelephonyRegistry(  258): +++sendStickyBroadcast
02-13 18:40:31.370 D/Phone   (  337): [PhoneNotifier] [DefaultPhoneNotifier] : dun, INET, DISCONNECTED
02-13 18:40:31.380 I/TelephonyRegistry(  258): notifyDataConnection: state=0 isDataConnectivityPossible=true reason=radioTechnologyChanged interfaceName=null networkType=7 apnType=dun apn=null
02-13 18:40:31.380 I/TelephonyRegistry(  258): +++broadcastDataConnectionStateChanged
02-13 18:40:31.380 I/TelephonyRegistry(  258): +++sendStickyBroadcast
02-13 18:40:31.380 D/Phone   (  337): [PhoneNotifier] [DefaultPhoneNotifier] : dun, INET6, DISCONNECTED
02-13 18:40:31.380 I/TelephonyRegistry(  258): notifyDataConnection: state=0 isDataConnectivityPossible=true reason=radioTechnologyChanged interfaceName=null networkType=7 apnType=dun apn=null
02-13 18:40:31.380 I/TelephonyRegistry(  258): +++broadcastDataConnectionStateChanged
02-13 18:40:31.380 I/TelephonyRegistry(  258): +++sendStickyBroadcast
02-13 18:40:31.390 D/Phone   (  337): [PhoneNotifier] [DefaultPhoneNotifier] : hipri, INET, DISCONNECTED
02-13 18:40:31.390 I/TelephonyRegistry(  258): notifyDataConnection: state=0 isDataConnectivityPossible=true reason=radioTechnologyChanged interfaceName=null networkType=7 apnType=hipri apn=null
02-13 18:40:31.390 I/TelephonyRegistry(  258): +++broadcastDataConnectionStateChanged
02-13 18:40:31.390 I/TelephonyRegistry(  258): +++sendStickyBroadcast
02-13 18:40:31.390 D/MobileDataStateTracker(  258): [supl]  apnTypeList = hipri
02-13 18:40:31.390 D/MobileDataStateTracker(  258): [supl]  unavailable = true
02-13 18:40:31.390 D/MobileDataStateTracker(  258): [supl] Do not process intents if disabled.
02-13 18:40:31.390 D/MobileDataStateTracker(  258): [mms]  MobileDataStateReceiver onReceive(): Entry.
02-13 18:40:31.390 D/MobileDataStateTracker(  258): [mms]  intent.getAction()= android.intent.action.ANY_DATA_STATE
02-13 18:40:31.390 D/MobileDataStateTracker(  258): [mms]  mEnabled = false
02-13 18:40:31.390 D/MobileDataStateTracker(  258): [mms]  apnTypeList = hipri
02-13 18:40:31.390 D/MobileDataStateTracker(  258): [mms]  unavailable = true
02-13 18:40:31.400 D/MobileDataStateTracker(  258): [mms] Do not process intents if disabled.
02-13 18:40:31.400 D/MobileDataStateTracker(  258): [default]  MobileDataStateReceiver onReceive(): Entry.
02-13 18:40:31.400 D/MobileDataStateTracker(  258): [default]  intent.getAction()= android.intent.action.ANY_DATA_STATE
02-13 18:40:31.400 D/MobileDataStateTracker(  258): [default]  mEnabled = true
02-13 18:40:31.400 D/MobileDataStateTracker(  258): [default]  apnTypeList = hipri
02-13 18:40:31.400 D/Phone   (  337): [PhoneNotifier] [DefaultPhoneNotifier] : hipri, INET6, DISCONNECTED
02-13 18:40:31.400 I/TelephonyRegistry(  258): notifyDataConnection: state=0 isDataConnectivityPossible=true reason=radioTechnologyChanged interfaceName=null networkType=7 apnType=hipri apn=null
02-13 18:40:31.400 I/TelephonyRegistry(  258): +++broadcastDataConnectionStateChanged
02-13 18:40:31.400 I/TelephonyRegistry(  258): +++sendStickyBroadcast
02-13 18:40:31.400 D/DATA    (  337): [DCT(0) ] Resetting all profiles and service states!
02-13 18:40:31.400 D/PhoneApp(  337): mReceiver: ACTION_ANY_DATA_CONNECTION_STATE_CHANGED
02-13 18:40:31.400 D/MobileDataStateTracker(  258): [default]  unavailable = true
02-13 18:40:31.400 D/MobileDataStateTracker(  258): [default] not what we are looking for.
02-13 18:40:31.410 D/MobileDataStateTracker(  258): [hipri]  MobileDataStateReceiver onReceive(): Entry.
02-13 18:40:31.410 D/MobileDataStateTracker(  258): [hipri]  intent.getAction()= android.intent.action.ANY_DATA_STATE
02-13 18:40:31.410 D/MobileDataStateTracker(  258): [hipri]  mEnabled = false
02-13 18:40:31.410 D/MobileDataStateTracker(  258): [hipri]  apnTypeList = hipri
02-13 18:40:31.410 D/MobileDataStateTracker(  258): [hipri]  unavailable = true
02-13 18:40:31.410 D/MobileDataStateTracker(  258): [hipri] Do not process intents if disabled.
02-13 18:40:31.410 D/MobileDataStateTracker(  258): [dun]  MobileDataStateReceiver onReceive(): Entry.
02-13 18:40:31.410 D/MobileDataStateTracker(  258): [dun]  intent.getAction()= android.intent.action.ANY_DATA_STATE
02-13 18:40:31.410 D/MobileDataStateTracker(  258): [dun]  mEnabled = false
02-13 18:40:31.410 D/MobileDataStateTracker(  258): [dun]  apnTypeList = hipri
02-13 18:40:31.410 D/MobileDataStateTracker(  258): [dun]  unavailable = true
02-13 18:40:31.410 D/MobileDataStateTracker(  258): [dun] Do not process intents if disabled.
02-13 18:40:31.410 D/MobileDataStateTracker(  258): [supl]  MobileDataStateReceiver onReceive(): Entry.
02-13 18:40:31.410 D/MobileDataStateTracker(  258): [supl]  intent.getAction()= android.intent.action.ANY_DATA_STATE
02-13 18:40:31.410 D/MobileDataStateTracker(  258): [supl]  mEnabled = false
02-13 18:40:31.410 D/MobileDataStateTracker(  258): [supl]  apnTypeList = hipri
02-13 18:40:31.410 D/MobileDataStateTracker(  258): [supl]  unavailable = true
02-13 18:40:31.410 D/MobileDataStateTracker(  258): [supl] Do not process intents if disabled.
02-13 18:40:31.410 D/MobileDataStateTracker(  258): [mms]  MobileDataStateReceiver onReceive(): Entry.
02-13 18:40:31.410 D/MobileDataStateTracker(  258): [mms]  intent.getAction()= android.intent.action.ANY_DATA_STATE
02-13 18:40:31.410 D/MobileDataStateTracker(  258): [mms]  mEnabled = false
02-13 18:40:31.410 D/MobileDataStateTracker(  258): [mms]  apnTypeList = hipri
02-13 18:40:31.410 D/MobileDataStateTracker(  258): [mms]  unavailable = true
02-13 18:40:31.410 D/MobileDataStateTracker(  258): [mms] Do not process intents if disabled.
02-13 18:40:31.420 D/PhoneApp(  337): - state: DISCONNECTED
02-13 18:40:31.420 D/PhoneApp(  337): - reason: radioTechnologyChanged
02-13 18:40:31.420 D/PhoneApp(  337): mReceiver: ACTION_ANY_DATA_CONNECTION_STATE_CHANGED
02-13 18:40:31.420 D/PhoneApp(  337): - state: DISCONNECTED
02-13 18:40:31.420 D/PhoneApp(  337): - reason: radioTechnologyChanged
02-13 18:40:31.420 D/PhoneApp(  337): mReceiver: ACTION_ANY_DATA_CONNECTION_STATE_CHANGED
02-13 18:40:31.420 D/PhoneApp(  337): - state: DISCONNECTED
02-13 18:40:31.420 D/PhoneApp(  337): - reason: radioTechnologyChanged
02-13 18:40:31.420 D/PhoneApp(  337): mReceiver: ACTION_ANY_DATA_CONNECTION_STATE_CHANGED
02-13 18:40:31.420 D/PhoneApp(  337): - state: DISCONNECTED
02-13 18:40:31.420 D/PhoneApp(  337): - reason: radioTechnologyChanged
02-13 18:40:31.420 D/PhoneApp(  337): mReceiver: ACTION_ANY_DATA_CONNECTION_STATE_CHANGED
02-13 18:40:31.420 D/PhoneApp(  337): - state: DISCONNECTED
02-13 18:40:31.420 D/PhoneApp(  337): - reason: radioTechnologyChanged
02-13 18:40:31.420 D/PhoneApp(  337): mReceiver: ACTION_ANY_DATA_CONNECTION_STATE_CHANGED
02-13 18:40:31.420 D/PhoneApp(  337): - state: DISCONNECTED
02-13 18:40:31.420 D/PhoneApp(  337): - reason: radioTechnologyChanged
02-13 18:40:31.420 D/PhoneApp(  337): mReceiver: ACTION_ANY_DATA_CONNECTION_STATE_CHANGED
02-13 18:40:31.420 D/PhoneApp(  337): - state: DISCONNECTED
02-13 18:40:31.420 D/PhoneApp(  337): - reason: radioTechnologyChanged
02-13 18:40:31.420 I/DATA    (  337): [DCT(0) ] onUpdateDataConnections: reason=radioTechnologyChanged
02-13 18:40:31.420 I/DATA    (  337): [DCT(0) ] ---dc list---
02-13 18:40:31.420 I/DATA    (  337): [DCT(0) ] cid = -1, state = DcActivatingState, bearerType = null, ipaddress = null, gw=null, dns=[null, null]
02-13 18:40:31.420 I/DATA    (  337): [DCT(0) ] ---ds list---
02-13 18:40:31.420 I/DATA    (  337): [DCT(0) ] ds= SERVICE_TYPE_DEFAULT, enabled = true, active = v4:CONNECTING v6:IDLE
02-13 18:40:31.420 I/DATA    (  337): [DCT(0) ] ds= SERVICE_TYPE_MMS, enabled = false, active = v4:IDLE v6:IDLE
02-13 18:40:31.420 I/DATA    (  337): [DCT(0) ] ds= SERVICE_TYPE_SUPL, enabled = false, active = v4:IDLE v6:IDLE
02-13 18:40:31.420 I/DATA    (  337): [DCT(0) ] ds= SERVICE_TYPE_DUN, enabled = false, active = v4:IDLE v6:IDLE
02-13 18:40:31.420 I/DATA    (  337): [DCT(0) ] ds= SERVICE_TYPE_HIPRI, enabled = false, active = v4:IDLE v6:IDLE
02-13 18:40:31.420 I/DATA    (  337): [DCT(0) ] Ready for data : 
02-13 18:40:31.420 I/DATA    (  337): [DCT(0) ]    getDesiredPowerState() = true
02-13 18:40:31.420 I/DATA    (  337): [DCT(0) ]    mCm.getRadioState() = RADIO_ON
02-13 18:40:31.420 I/DATA    (  337): [DCT(0) ]    [DataRadioTech = RADIO_TECH_1xRTT, data network state = 0, mMasterDataEnabled = true, is Roaming = false, dataOnRoamingEnable = false, isPsRestricted = false, desiredPowerState  = true, mSIMRecords = , cdmaSubSource = 1/310120, mRuimRecords = , checks = true/true]
02-13 18:40:31.420 I/DATA    (  337): [DCT(0) ] Data Call setup pending. Not trying to bring up any new data connections.
02-13 18:40:31.420 D/PhoneApp(  337): old phone type:2, New Phone type:2
02-13 18:40:31.420 D/NotificationMgr(  337): hideDataDisconnectedRoaming()...
02-13 18:40:31.420 D/PhoneApp(  337): old phone type:2, New Phone type:2
02-13 18:40:31.420 D/NotificationMgr(  337): hideDataDisconnectedRoaming()...
02-13 18:40:31.420 D/PhoneApp(  337): old phone type:2, New Phone type:2
02-13 18:40:31.420 D/NotificationMgr(  337): hideDataDisconnectedRoaming()...
02-13 18:40:31.420 D/PhoneApp(  337): old phone type:2, New Phone type:2
02-13 18:40:31.420 D/NotificationMgr(  337): hideDataDisconnectedRoaming()...
02-13 18:40:31.420 D/PhoneApp(  337): old phone type:2, New Phone type:2
02-13 18:40:31.420 D/NotificationMgr(  337): hideDataDisconnectedRoaming()...
02-13 18:40:31.430 D/PhoneApp(  337): old phone type:2, New Phone type:2
02-13 18:40:31.430 D/NotificationMgr(  337): hideDataDisconnectedRoaming()...
02-13 18:40:31.430 D/PhoneApp(  337): old phone type:2, New Phone type:2
02-13 18:40:31.430 D/NotificationMgr(  337): hideDataDisconnectedRoaming()...
02-13 18:40:31.430 D/MobileDataStateTracker(  258): [default]  MobileDataStateReceiver onReceive(): Entry.
02-13 18:40:31.430 D/MobileDataStateTracker(  258): [default]  intent.getAction()= android.intent.action.ANY_DATA_STATE
02-13 18:40:31.430 D/MobileDataStateTracker(  258): [default]  mEnabled = true
02-13 18:40:31.430 D/MobileDataStateTracker(  258): [default]  apnTypeList = hipri
02-13 18:40:31.430 D/MobileDataStateTracker(  258): [default]  unavailable = true
02-13 18:40:31.430 D/MobileDataStateTracker(  258): [default] not what we are looking for.
02-13 18:40:31.430 D/KeyguardUpdateMonitor(  258): received broadcast android.provider.Telephony.SPN_STRINGS_UPDATED
02-13 18:40:31.430 D/KeyguardUpdateMonitor(  258): Received SPN update on sub :0
02-13 18:40:31.430 D/KeyguardUpdateMonitor(  258): handleCarrierInfoUpdate: plmn = (No service), spn = null, subscription = 0
02-13 18:40:31.430 D/LockScreen(  258): onRefreshCarrierInfo((No service), null)
02-13 18:40:31.430 D/LockScreen(  258): updateLayout: status=Normalsubscription=0
02-13 18:40:31.430 D/LockScreen(  258): Updating Lock Screen text to Ruim
02-13 18:40:31.440 D/MobileDataStateTracker(  258): [hipri]  MobileDataStateReceiver onReceive(): Entry.
02-13 18:40:31.440 D/MobileDataStateTracker(  258): [hipri]  intent.getAction()= android.intent.action.SERVICE_STATE
02-13 18:40:31.440 D/MobileDataStateTracker(  258): [hipri]  mEnabled = false
02-13 18:40:31.440 D/MobileDataStateTracker(  258): [dun]  MobileDataStateReceiver onReceive(): Entry.
02-13 18:40:31.440 D/MobileDataStateTracker(  258): [dun]  intent.getAction()= android.intent.action.SERVICE_STATE
02-13 18:40:31.450 D/MobileDataStateTracker(  258): [dun]  mEnabled = false
02-13 18:40:31.450 D/MobileDataStateTracker(  258): [supl]  MobileDataStateReceiver onReceive(): Entry.
02-13 18:40:31.450 D/MobileDataStateTracker(  258): [supl]  intent.getAction()= android.intent.action.SERVICE_STATE
02-13 18:40:31.450 D/MobileDataStateTracker(  258): [supl]  mEnabled = false
02-13 18:40:31.450 D/MobileDataStateTracker(  258): [mms]  MobileDataStateReceiver onReceive(): Entry.
02-13 18:40:31.450 D/MobileDataStateTracker(  258): [mms]  intent.getAction()= android.intent.action.SERVICE_STATE
02-13 18:40:31.450 D/MobileDataStateTracker(  258): [mms]  mEnabled = false
02-13 18:40:31.450 D/MobileDataStateTracker(  258): [default]  MobileDataStateReceiver onReceive(): Entry.
02-13 18:40:31.460 D/MobileDataStateTracker(  258): [default]  intent.getAction()= android.intent.action.SERVICE_STATE
02-13 18:40:31.460 D/MobileDataStateTracker(  258): [default]  mEnabled = true
02-13 18:40:31.460 D/MobileDataStateTracker(  258): [hipri]  MobileDataStateReceiver onReceive(): Entry.
02-13 18:40:31.460 D/MobileDataStateTracker(  258): [hipri]  intent.getAction()= android.intent.action.SERVICE_STATE
02-13 18:40:31.460 D/MobileDataStateTracker(  258): [hipri]  mEnabled = false
02-13 18:40:31.470 D/MobileDataStateTracker(  258): [dun]  MobileDataStateReceiver onReceive(): Entry.
02-13 18:40:31.470 D/MobileDataStateTracker(  258): [dun]  intent.getAction()= android.intent.action.SERVICE_STATE
02-13 18:40:31.470 D/MobileDataStateTracker(  258): [dun]  mEnabled = false
02-13 18:40:31.470 D/MobileDataStateTracker(  258): [supl]  MobileDataStateReceiver onReceive(): Entry.
02-13 18:40:31.470 D/MobileDataStateTracker(  258): [supl]  intent.getAction()= android.intent.action.SERVICE_STATE
02-13 18:40:31.470 D/MobileDataStateTracker(  258): [supl]  mEnabled = false
02-13 18:40:31.470 D/MobileDataStateTracker(  258): [mms]  MobileDataStateReceiver onReceive(): Entry.
02-13 18:40:31.470 D/MobileDataStateTracker(  258): [mms]  intent.getAction()= android.intent.action.SERVICE_STATE
02-13 18:40:31.470 D/MobileDataStateTracker(  258): [mms]  mEnabled = false
02-13 18:40:31.470 D/MobileDataStateTracker(  258): [default]  MobileDataStateReceiver onReceive(): Entry.
02-13 18:40:31.470 D/MobileDataStateTracker(  258): [default]  intent.getAction()= android.intent.action.SERVICE_STATE
02-13 18:40:31.470 D/MobileDataStateTracker(  258): [default]  mEnabled = true
02-13 18:40:31.480 D/KeyguardUpdateMonitor(  258): received broadcast android.provider.Telephony.SPN_STRINGS_UPDATED
02-13 18:40:31.480 D/KeyguardUpdateMonitor(  258): Received SPN update on sub :0
02-13 18:40:31.480 D/KeyguardUpdateMonitor(  258): handleCarrierInfoUpdate: plmn = Searching for Service, spn = null, subscription = 0
02-13 18:40:31.480 D/LockScreen(  258): onRefreshCarrierInfo(Searching for Service, null)
02-13 18:40:31.480 D/LockScreen(  258): updateLayout: status=Normalsubscription=0
02-13 18:40:31.480 D/LockScreen(  258): Updating Lock Screen text to Ruim
02-13 18:40:31.480 D/MobileDataStateTracker(  258): [hipri]  MobileDataStateReceiver onReceive(): Entry.
02-13 18:40:31.480 D/MobileDataStateTracker(  258): [hipri]  intent.getAction()= android.intent.action.SERVICE_STATE
02-13 18:40:31.480 D/MobileDataStateTracker(  258): [hipri]  mEnabled = false
02-13 18:40:31.490 D/MobileDataStateTracker(  258): [dun]  MobileDataStateReceiver onReceive(): Entry.
02-13 18:40:31.490 D/MobileDataStateTracker(  258): [dun]  intent.getAction()= android.intent.action.SERVICE_STATE
02-13 18:40:31.490 D/MobileDataStateTracker(  258): [dun]  mEnabled = false
02-13 18:40:31.490 D/MobileDataStateTracker(  258): [supl]  MobileDataStateReceiver onReceive(): Entry.
02-13 18:40:31.490 D/MobileDataStateTracker(  258): [supl]  intent.getAction()= android.intent.action.SERVICE_STATE
02-13 18:40:31.490 D/MobileDataStateTracker(  258): [supl]  mEnabled = false
02-13 18:40:31.510 D/MobileDataStateTracker(  258): [mms]  MobileDataStateReceiver onReceive(): Entry.
02-13 18:40:31.510 D/MobileDataStateTracker(  258): [mms]  intent.getAction()= android.intent.action.SERVICE_STATE
02-13 18:40:31.510 D/MobileDataStateTracker(  258): [mms]  mEnabled = false
02-13 18:40:31.510 D/MobileDataStateTracker(  258): [default]  MobileDataStateReceiver onReceive(): Entry.
02-13 18:40:31.510 D/MobileDataStateTracker(  258): [default]  intent.getAction()= android.intent.action.SERVICE_STATE
02-13 18:40:31.510 D/MobileDataStateTracker(  258): [default]  mEnabled = true
02-13 18:40:31.510 I/BluetoothService(  258):  Received BOOT_COMPLETED message
02-13 18:40:31.540 E/Tethering(  258): attempting to remove unknown iface (usb0), ignoring
02-13 18:40:31.550 D/LocationProviderProxy(  258): LocationProviderProxy.onServiceConnected ComponentInfo{com.google.android.location/com.google.android.location.NetworkLocationService}
02-13 18:40:31.550 D/GeocoderProxy(  258): onServiceConnected ComponentInfo{com.google.android.location/com.google.android.location.NetworkLocationService}
02-13 18:40:31.550 D/KeyguardUpdateMonitor(  258): received broadcast android.provider.Telephony.SPN_STRINGS_UPDATED
02-13 18:40:31.550 D/KeyguardUpdateMonitor(  258): Received SPN update on sub :0
02-13 18:40:31.550 D/KeyguardUpdateMonitor(  258): handleCarrierInfoUpdate: plmn = Sprint, spn = null, subscription = 0
02-13 18:40:31.550 D/LockScreen(  258): onRefreshCarrierInfo(Sprint, null)
02-13 18:40:31.560 D/LockScreen(  258): updateLayout: status=Normalsubscription=0
02-13 18:40:31.560 D/LockScreen(  258): Updating Lock Screen text to Ruim
02-13 18:40:31.560 D/MobileDataStateTracker(  258): [hipri]  MobileDataStateReceiver onReceive(): Entry.
02-13 18:40:31.560 D/MobileDataStateTracker(  258): [hipri]  intent.getAction()= android.intent.action.SERVICE_STATE
02-13 18:40:31.560 D/MobileDataStateTracker(  258): [hipri]  mEnabled = false
02-13 18:40:31.570 D/MobileDataStateTracker(  258): [dun]  MobileDataStateReceiver onReceive(): Entry.
02-13 18:40:31.570 D/MobileDataStateTracker(  258): [dun]  intent.getAction()= android.intent.action.SERVICE_STATE
02-13 18:40:31.570 D/MobileDataStateTracker(  258): [dun]  mEnabled = false
02-13 18:40:31.570 D/MobileDataStateTracker(  258): [supl]  MobileDataStateReceiver onReceive(): Entry.
02-13 18:40:31.570 D/MobileDataStateTracker(  258): [supl]  intent.getAction()= android.intent.action.SERVICE_STATE
02-13 18:40:31.570 D/MobileDataStateTracker(  258): [supl]  mEnabled = false
02-13 18:40:31.570 D/MobileDataStateTracker(  258): [mms]  MobileDataStateReceiver onReceive(): Entry.
02-13 18:40:31.570 D/MobileDataStateTracker(  258): [mms]  intent.getAction()= android.intent.action.SERVICE_STATE
02-13 18:40:31.570 D/MobileDataStateTracker(  258): [mms]  mEnabled = false
02-13 18:40:31.580 D/MobileDataStateTracker(  258): [default]  MobileDataStateReceiver onReceive(): Entry.
02-13 18:40:31.580 D/MobileDataStateTracker(  258): [default]  intent.getAction()= android.intent.action.SERVICE_STATE
02-13 18:40:31.580 D/MobileDataStateTracker(  258): [default]  mEnabled = true
02-13 18:40:31.580 D/MobileDataStateTracker(  258): [hipri]  MobileDataStateReceiver onReceive(): Entry.
02-13 18:40:31.580 D/MobileDataStateTracker(  258): [hipri]  intent.getAction()= android.intent.action.SERVICE_STATE
02-13 18:40:31.580 D/MobileDataStateTracker(  258): [hipri]  mEnabled = false
02-13 18:40:31.580 D/MobileDataStateTracker(  258): [dun]  MobileDataStateReceiver onReceive(): Entry.
02-13 18:40:31.580 D/MobileDataStateTracker(  258): [dun]  intent.getAction()= android.intent.action.SERVICE_STATE
02-13 18:40:31.580 D/MobileDataStateTracker(  258): [dun]  mEnabled = false
02-13 18:40:31.590 D/MobileDataStateTracker(  258): [supl]  MobileDataStateReceiver onReceive(): Entry.
02-13 18:40:31.590 D/MobileDataStateTracker(  258): [supl]  intent.getAction()= android.intent.action.SERVICE_STATE
02-13 18:40:31.590 E/MediaPlayerService(  115): ident is:1399285583, buf is:OggS
02-13 18:40:31.590 E/MediaPlayerService(  115):  create VorbisPlayer
02-13 18:40:31.590 D/MobileDataStateTracker(  258): [supl]  mEnabled = false
02-13 18:40:31.590 D/MobileDataStateTracker(  258): [mms]  MobileDataStateReceiver onReceive(): Entry.
02-13 18:40:31.590 D/MobileDataStateTracker(  258): [mms]  intent.getAction()= android.intent.action.SERVICE_STATE
02-13 18:40:31.590 D/MobileDataStateTracker(  258): [mms]  mEnabled = false
02-13 18:40:31.600 D/MobileDataStateTracker(  258): [default]  MobileDataStateReceiver onReceive(): Entry.
02-13 18:40:31.600 D/MobileDataStateTracker(  258): [default]  intent.getAction()= android.intent.action.SERVICE_STATE
02-13 18:40:31.600 D/MobileDataStateTracker(  258): [default]  mEnabled = true
02-13 18:40:31.600 D/MobileDataStateTracker(  258): [hipri]  MobileDataStateReceiver onReceive(): Entry.
02-13 18:40:31.600 D/MobileDataStateTracker(  258): [hipri]  intent.getAction()= android.intent.action.SERVICE_STATE
02-13 18:40:31.600 D/MobileDataStateTracker(  258): [hipri]  mEnabled = false
02-13 18:40:31.600 D/MobileDataStateTracker(  258): [dun]  MobileDataStateReceiver onReceive(): Entry.
02-13 18:40:31.610 D/MobileDataStateTracker(  258): [dun]  intent.getAction()= android.intent.action.SERVICE_STATE
02-13 18:40:31.610 D/MobileDataStateTracker(  258): [dun]  mEnabled = false
02-13 18:40:31.660 I/SearchManagerService(  258): Building list of searchable activities
02-13 18:40:31.680 D/MobileDataStateTracker(  258): [supl]  MobileDataStateReceiver onReceive(): Entry.
02-13 18:40:31.690 D/MobileDataStateTracker(  258): [supl]  intent.getAction()= android.intent.action.SERVICE_STATE
02-13 18:40:31.690 D/MobileDataStateTracker(  258): [supl]  mEnabled = false
02-13 18:40:31.690 E/MediaPlayerService(  115): ident is:1399285583, buf is:OggS
02-13 18:40:31.690 E/MediaPlayerService(  115):  create VorbisPlayer
02-13 18:40:31.690 D/MobileDataStateTracker(  258): [mms]  MobileDataStateReceiver onReceive(): Entry.
02-13 18:40:31.690 D/MobileDataStateTracker(  258): [mms]  intent.getAction()= android.intent.action.SERVICE_STATE
02-13 18:40:31.690 D/MobileDataStateTracker(  258): [mms]  mEnabled = false
02-13 18:40:31.690 D/MobileDataStateTracker(  258): [default]  MobileDataStateReceiver onReceive(): Entry.
02-13 18:40:31.690 D/MobileDataStateTracker(  258): [default]  intent.getAction()= android.intent.action.SERVICE_STATE
02-13 18:40:31.690 D/MobileDataStateTracker(  258): [default]  mEnabled = true
02-13 18:40:31.700 E/MediaPlayerService(  115): ident is:1399285583, buf is:OggS
02-13 18:40:31.700 E/MediaPlayerService(  115):  create VorbisPlayer
02-13 18:40:31.720 E/MediaPlayerService(  115): ident is:1399285583, buf is:OggS
02-13 18:40:31.720 E/MediaPlayerService(  115):  create VorbisPlayer
02-13 18:40:31.740 E/MediaPlayerService(  115): ident is:1399285583, buf is:OggS
02-13 18:40:31.740 E/MediaPlayerService(  115):  create VorbisPlayer
02-13 18:40:31.760 D/MobileDataStateTracker(  258): [hipri]  MobileDataStateReceiver onReceive(): Entry.
02-13 18:40:31.760 D/MobileDataStateTracker(  258): [hipri]  intent.getAction()= android.intent.action.ANY_DATA_STATE
02-13 18:40:31.760 D/MobileDataStateTracker(  258): [hipri]  mEnabled = false
02-13 18:40:31.760 I/DATA    (  337): [DCT(0) ] intent received :android.intent.action.SCREEN_ON
02-13 18:40:31.780 D/MobileDataStateTracker(  258): [hipri]  apnTypeList = default
02-13 18:40:31.780 D/MobileDataStateTracker(  258): [hipri]  unavailable = false
02-13 18:40:31.780 D/MobileDataStateTracker(  258): [hipri] Do not process intents if disabled.
02-13 18:40:31.780 D/MobileDataStateTracker(  258): [dun]  MobileDataStateReceiver onReceive(): Entry.
02-13 18:40:31.780 D/MobileDataStateTracker(  258): [dun]  intent.getAction()= android.intent.action.ANY_DATA_STATE
02-13 18:40:31.780 D/MobileDataStateTracker(  258): [dun]  mEnabled = false
02-13 18:40:31.780 D/DATA    (  337): [DSST(0)] pollstate() : reason = data network state changed
02-13 18:40:31.790 D/MobileDataStateTracker(  258): [dun]  apnTypeList = default
02-13 18:40:31.790 D/MobileDataStateTracker(  258): [dun]  unavailable = false
02-13 18:40:31.790 D/MobileDataStateTracker(  258): [dun] Do not process intents if disabled.
02-13 18:40:31.790 D/MobileDataStateTracker(  258): [supl]  MobileDataStateReceiver onReceive(): Entry.
02-13 18:40:31.790 D/MobileDataStateTracker(  258): [supl]  intent.getAction()= android.intent.action.ANY_DATA_STATE
02-13 18:40:31.790 D/MobileDataStateTracker(  258): [supl]  mEnabled = false
02-13 18:40:31.790 D/MobileDataStateTracker(  258): [supl]  apnTypeList = default
02-13 18:40:31.790 D/MobileDataStateTracker(  258): [supl]  unavailable = false
02-13 18:40:31.790 D/MobileDataStateTracker(  258): [supl] Do not process intents if disabled.
02-13 18:40:31.790 D/MobileDataStateTracker(  258): [mms]  MobileDataStateReceiver onReceive(): Entry.
02-13 18:40:31.790 D/MobileDataStateTracker(  258): [mms]  intent.getAction()= android.intent.action.ANY_DATA_STATE
02-13 18:40:31.790 D/MobileDataStateTracker(  258): [mms]  mEnabled = false
02-13 18:40:31.800 E/WallpaperManager(  258): 
02-13 18:40:31.800 E/WallpaperManager(  258): This file may have been altered and cannot be opened.
02-13 18:40:31.950 D/KeyguardViewMediator(  258): setHidden false
02-13 18:40:32.000 D/KeyguardViewMediator(  258): setHidden false
02-13 18:40:32.010 D/KeyguardViewMediator(  258): setHidden false
02-13 18:40:32.010 D/MobileDataStateTracker(  258): [mms]  apnTypeList = default
02-13 18:40:32.010 D/MobileDataStateTracker(  258): [mms]  unavailable = false
02-13 18:40:32.010 D/MobileDataStateTracker(  258): [mms] Do not process intents if disabled.
02-13 18:40:32.010 D/MobileDataStateTracker(  258): [default]  MobileDataStateReceiver onReceive(): Entry.
02-13 18:40:32.010 D/MobileDataStateTracker(  258): [default]  intent.getAction()= android.intent.action.ANY_DATA_STATE
02-13 18:40:32.010 D/MobileDataStateTracker(  258): [default]  mEnabled = true
02-13 18:40:32.020 D/MobileDataStateTracker(  258): [default]  apnTypeList = default
02-13 18:40:32.020 D/MobileDataStateTracker(  258): [default]  unavailable = false
02-13 18:40:32.020 D/MobileDataStateTracker(  258): [default] CALL updateMobileInfoFromIntent
02-13 18:40:32.020 I/MobileDataStateTracker(  258): [default] dc state change intent received for default/INET with state  DISCONNECTED. enabled=true state change reason = dataNetworkAttached
02-13 18:40:32.020 I/MobileDataStateTracker(  258): [default] old state = DISCONNECTED
02-13 18:40:32.020 I/MobileDataStateTracker(  258): [default] no change,  just return
02-13 18:40:32.020 D/MobileDataStateTracker(  258): [default] No need to update detailed state
02-13 18:40:32.020 D/MobileDataStateTracker(  258): [hipri]  MobileDataStateReceiver onReceive(): Entry.
02-13 18:40:32.020 D/MobileDataStateTracker(  258): [hipri]  intent.getAction()= android.intent.action.ANY_DATA_STATE
02-13 18:40:32.020 D/MobileDataStateTracker(  258): [hipri]  mEnabled = false
02-13 18:40:32.020 D/KeyguardViewMediator(  258): setHidden false
02-13 18:40:32.050 D/KeyguardViewMediator(  258): setHidden false
02-13 18:40:32.060 D/KeyguardViewMediator(  258): setHidden false
02-13 18:40:32.071 D/KeyguardViewMediator(  258): setHidden false
02-13 18:40:32.081 D/KeyguardViewMediator(  258): setHidden false
02-13 18:40:32.081 D/KeyguardViewMediator(  258): setHidden false
02-13 18:40:32.091 D/MobileDataStateTracker(  258): [hipri]  apnTypeList = default
02-13 18:40:32.091 D/MobileDataStateTracker(  258): [hipri]  unavailable = false
02-13 18:40:32.091 D/MobileDataStateTracker(  258): [hipri] Do not process intents if disabled.
02-13 18:40:32.091 D/MobileDataStateTracker(  258): [dun]  MobileDataStateReceiver onReceive(): Entry.
02-13 18:40:32.091 D/MobileDataStateTracker(  258): [dun]  intent.getAction()= android.intent.action.ANY_DATA_STATE
02-13 18:40:32.091 D/MobileDataStateTracker(  258): [dun]  mEnabled = false
02-13 18:40:32.091 D/MobileDataStateTracker(  258): [dun]  apnTypeList = default
02-13 18:40:32.091 D/MobileDataStateTracker(  258): [dun]  unavailable = false
02-13 18:40:32.091 D/MobileDataStateTracker(  258): [dun] Do not process intents if disabled.
02-13 18:40:32.091 D/MobileDataStateTracker(  258): [supl]  MobileDataStateReceiver onReceive(): Entry.
02-13 18:40:32.091 D/MobileDataStateTracker(  258): [supl]  intent.getAction()= android.intent.action.ANY_DATA_STATE
02-13 18:40:32.091 D/MobileDataStateTracker(  258): [supl]  mEnabled = false
02-13 18:40:32.091 D/KeyguardViewMediator(  258): setHidden false
02-13 18:40:32.101 D/MobileDataStateTracker(  258): [supl]  apnTypeList = default
02-13 18:40:32.101 D/MobileDataStateTracker(  258): [supl]  unavailable = false
02-13 18:40:32.101 D/MobileDataStateTracker(  258): [supl] Do not process intents if disabled.
02-13 18:40:32.101 D/MobileDataStateTracker(  258): [mms]  MobileDataStateReceiver onReceive(): Entry.
02-13 18:40:32.101 D/MobileDataStateTracker(  258): [mms]  intent.getAction()= android.intent.action.ANY_DATA_STATE
02-13 18:40:32.101 D/MobileDataStateTracker(  258): [mms]  mEnabled = false
02-13 18:40:32.101 D/KeyguardViewMediator(  258): setHidden false
02-13 18:40:32.111 D/MobileDataStateTracker(  258): [mms]  apnTypeList = default
02-13 18:40:32.111 D/MobileDataStateTracker(  258): [mms]  unavailable = false
02-13 18:40:32.111 D/MobileDataStateTracker(  258): [mms] Do not process intents if disabled.
02-13 18:40:32.111 D/MobileDataStateTracker(  258): [default]  MobileDataStateReceiver onReceive(): Entry.
02-13 18:40:32.111 D/MobileDataStateTracker(  258): [default]  intent.getAction()= android.intent.action.ANY_DATA_STATE
02-13 18:40:32.111 D/MobileDataStateTracker(  258): [default]  mEnabled = true
02-13 18:40:32.111 D/KeyguardViewMediator(  258): setHidden false
02-13 18:40:32.121 D/MobileDataStateTracker(  258): [default]  apnTypeList = default
02-13 18:40:32.121 D/MobileDataStateTracker(  258): [default]  unavailable = false
02-13 18:40:32.121 D/MobileDataStateTracker(  258): [default] CALL updateMobileInfoFromIntent
02-13 18:40:32.121 I/MobileDataStateTracker(  258): [default] dc state change intent received for default/INET6 with state  DISCONNECTED. enabled=true state change reason = dataNetworkAttached
02-13 18:40:32.121 I/MobileDataStateTracker(  258): [default] old state = DISCONNECTED
02-13 18:40:32.121 I/MobileDataStateTracker(  258): [default] no change,  just return
02-13 18:40:32.121 D/MobileDataStateTracker(  258): [default] No need to update detailed state
02-13 18:40:32.121 D/MobileDataStateTracker(  258): [hipri]  MobileDataStateReceiver onReceive(): Entry.
02-13 18:40:32.121 D/MobileDataStateTracker(  258): [hipri]  intent.getAction()= android.intent.action.ANY_DATA_STATE
02-13 18:40:32.121 D/MobileDataStateTracker(  258): [hipri]  mEnabled = false
02-13 18:40:32.121 D/MobileDataStateTracker(  258): [hipri]  apnTypeList = mms
02-13 18:40:32.121 D/MobileDataStateTracker(  258): [hipri]  unavailable = false
02-13 18:40:32.121 D/MobileDataStateTracker(  258): [hipri] Do not process intents if disabled.
02-13 18:40:32.121 D/MobileDataStateTracker(  258): [dun]  MobileDataStateReceiver onReceive(): Entry.
02-13 18:40:32.121 D/MobileDataStateTracker(  258): [dun]  intent.getAction()= android.intent.action.ANY_DATA_STATE
02-13 18:40:32.121 D/MobileDataStateTracker(  258): [dun]  mEnabled = false
02-13 18:40:32.131 D/KeyguardViewMediator(  258): setHidden false
02-13 18:40:32.131 D/KeyguardViewMediator(  258): setHidden false
02-13 18:40:32.131 D/KeyguardViewMediator(  258): setHidden false
02-13 18:40:32.141 D/MobileDataStateTracker(  258): [dun]  apnTypeList = mms
02-13 18:40:32.141 D/MobileDataStateTracker(  258): [dun]  unavailable = false
02-13 18:40:32.141 D/MobileDataStateTracker(  258): [dun] Do not process intents if disabled.
02-13 18:40:32.141 D/MobileDataStateTracker(  258): [supl]  MobileDataStateReceiver onReceive(): Entry.
02-13 18:40:32.141 D/MobileDataStateTracker(  258): [supl]  intent.getAction()= android.intent.action.ANY_DATA_STATE
02-13 18:40:32.141 D/MobileDataStateTracker(  258): [supl]  mEnabled = false
02-13 18:40:32.141 D/MobileDataStateTracker(  258): [supl]  apnTypeList = mms
02-13 18:40:32.141 D/MobileDataStateTracker(  258): [supl]  unavailable = false
02-13 18:40:32.141 D/MobileDataStateTracker(  258): [supl] Do not process intents if disabled.
02-13 18:40:32.141 D/MobileDataStateTracker(  258): [mms]  MobileDataStateReceiver onReceive(): Entry.
02-13 18:40:32.141 D/MobileDataStateTracker(  258): [mms]  intent.getAction()= android.intent.action.ANY_DATA_STATE
02-13 18:40:32.141 D/MobileDataStateTracker(  258): [mms]  mEnabled = false
02-13 18:40:32.141 D/MobileDataStateTracker(  258): [mms]  apnTypeList = mms
02-13 18:40:32.151 D/MobileDataStateTracker(  258): [mms]  unavailable = false
02-13 18:40:32.151 D/MobileDataStateTracker(  258): [mms] Do not process intents if disabled.
02-13 18:40:32.151 D/MobileDataStateTracker(  258): [default]  MobileDataStateReceiver onReceive(): Entry.
02-13 18:40:32.151 D/MobileDataStateTracker(  258): [default]  intent.getAction()= android.intent.action.ANY_DATA_STATE
02-13 18:40:32.151 D/MobileDataStateTracker(  258): [default]  mEnabled = true
02-13 18:40:32.151 D/MobileDataStateTracker(  258): [default]  apnTypeList = mms
02-13 18:40:32.151 D/MobileDataStateTracker(  258): [default]  unavailable = false
02-13 18:40:32.151 D/MobileDataStateTracker(  258): [default] not what we are looking for.
02-13 18:40:32.151 D/KeyguardViewMediator(  258): setHidden false
02-13 18:40:32.161 D/KeyguardViewMediator(  258): setHidden false
02-13 18:40:32.161 D/MobileDataStateTracker(  258): [hipri]  MobileDataStateReceiver onReceive(): Entry.
02-13 18:40:32.161 D/MobileDataStateTracker(  258): [hipri]  intent.getAction()= android.intent.action.ANY_DATA_STATE
02-13 18:40:32.161 D/MobileDataStateTracker(  258): [hipri]  mEnabled = false
02-13 18:40:32.161 D/MobileDataStateTracker(  258): [hipri]  apnTypeList = mms
02-13 18:40:32.161 D/MobileDataStateTracker(  258): [hipri]  unavailable = false
02-13 18:40:32.161 D/MobileDataStateTracker(  258): [hipri] Do not process intents if disabled.
02-13 18:40:32.161 D/MobileDataStateTracker(  258): [dun]  MobileDataStateReceiver onReceive(): Entry.
02-13 18:40:32.161 D/MobileDataStateTracker(  258): [dun]  intent.getAction()= android.intent.action.ANY_DATA_STATE
02-13 18:40:32.161 D/MobileDataStateTracker(  258): [dun]  mEnabled = false
02-13 18:40:32.161 D/MobileDataStateTracker(  258): [dun]  apnTypeList = mms
02-13 18:40:32.171 D/KeyguardViewMediator(  258): setHidden false
02-13 18:40:32.171 D/MobileDataStateTracker(  258): [dun]  unavailable = false
02-13 18:40:32.171 D/MobileDataStateTracker(  258): [dun] Do not process intents if disabled.
02-13 18:40:32.171 D/MobileDataStateTracker(  258): [supl]  MobileDataStateReceiver onReceive(): Entry.
02-13 18:40:32.171 D/MobileDataStateTracker(  258): [supl]  intent.getAction()= android.intent.action.ANY_DATA_STATE
02-13 18:40:32.171 D/MobileDataStateTracker(  258): [supl]  mEnabled = false
02-13 18:40:32.181 D/KeyguardViewMediator(  258): setHidden false
02-13 18:40:32.191 D/KeyguardViewMediator(  258): setHidden false
02-13 18:40:32.191 D/MobileDataStateTracker(  258): [supl]  apnTypeList = mms
02-13 18:40:32.191 D/MobileDataStateTracker(  258): [supl]  unavailable = false
02-13 18:40:32.191 D/MobileDataStateTracker(  258): [supl] Do not process intents if disabled.
02-13 18:40:32.191 D/MobileDataStateTracker(  258): [mms]  MobileDataStateReceiver onReceive(): Entry.
02-13 18:40:32.191 D/MobileDataStateTracker(  258): [mms]  intent.getAction()= android.intent.action.ANY_DATA_STATE
02-13 18:40:32.191 D/MobileDataStateTracker(  258): [mms]  mEnabled = false
02-13 18:40:32.201 D/KeyguardViewMediator(  258): setHidden false
02-13 18:40:32.201 D/KeyguardViewMediator(  258): setHidden false
02-13 18:40:32.201 D/MobileDataStateTracker(  258): [mms]  apnTypeList = mms
02-13 18:40:32.201 D/MobileDataStateTracker(  258): [mms]  unavailable = false
02-13 18:40:32.201 D/MobileDataStateTracker(  258): [mms] Do not process intents if disabled.
02-13 18:40:32.201 D/MobileDataStateTracker(  258): [default]  MobileDataStateReceiver onReceive(): Entry.
02-13 18:40:32.201 D/MobileDataStateTracker(  258): [default]  intent.getAction()= android.intent.action.ANY_DATA_STATE
02-13 18:40:32.201 D/MobileDataStateTracker(  258): [default]  mEnabled = true
02-13 18:40:32.211 D/MobileDataStateTracker(  258): [default]  apnTypeList = mms
02-13 18:40:32.211 D/MobileDataStateTracker(  258): [default]  unavailable = false
02-13 18:40:32.211 D/MobileDataStateTracker(  258): [default] not what we are looking for.
02-13 18:40:32.211 D/MobileDataStateTracker(  258): [hipri]  MobileDataStateReceiver onReceive(): Entry.
02-13 18:40:32.211 D/MobileDataStateTracker(  258): [hipri]  intent.getAction()= android.intent.action.ANY_DATA_STATE
02-13 18:40:32.211 D/MobileDataStateTracker(  258): [hipri]  mEnabled = false
02-13 18:40:32.211 D/KeyguardViewMediator(  258): setHidden false
02-13 18:40:32.221 D/MobileDataStateTracker(  258): [hipri]  apnTypeList = supl
02-13 18:40:32.221 D/MobileDataStateTracker(  258): [hipri]  unavailable = false
02-13 18:40:32.221 D/MobileDataStateTracker(  258): [hipri] Do not process intents if disabled.
02-13 18:40:32.221 D/MobileDataStateTracker(  258): [dun]  MobileDataStateReceiver onReceive(): Entry.
02-13 18:40:32.221 D/MobileDataStateTracker(  258): [dun]  intent.getAction()= android.intent.action.ANY_DATA_STATE
02-13 18:40:32.221 D/MobileDataStateTracker(  258): [dun]  mEnabled = false
02-13 18:40:32.221 D/MobileDataStateTracker(  258): [dun]  apnTypeList = supl
02-13 18:40:32.221 D/MobileDataStateTracker(  258): [dun]  unavailable = false
02-13 18:40:32.221 D/MobileDataStateTracker(  258): [dun] Do not process intents if disabled.
02-13 18:40:32.221 D/MobileDataStateTracker(  258): [supl]  MobileDataStateReceiver onReceive(): Entry.
02-13 18:40:32.221 D/MobileDataStateTracker(  258): [supl]  intent.getAction()= android.intent.action.ANY_DATA_STATE
02-13 18:40:32.221 D/MobileDataStateTracker(  258): [supl]  mEnabled = false
02-13 18:40:32.221 D/MobileDataStateTracker(  258): [supl]  apnTypeList = supl
02-13 18:40:32.221 D/MobileDataStateTracker(  258): [supl]  unavailable = false
02-13 18:40:32.221 D/MobileDataStateTracker(  258): [supl] Do not process intents if disabled.
02-13 18:40:32.221 D/MobileDataStateTracker(  258): [mms]  MobileDataStateReceiver onReceive(): Entry.
02-13 18:40:32.221 D/MobileDataStateTracker(  258): [mms]  intent.getAction()= android.intent.action.ANY_DATA_STATE
02-13 18:40:32.221 D/MobileDataStateTracker(  258): [mms]  mEnabled = false
02-13 18:40:32.221 D/KeyguardViewMediator(  258): setHidden false
02-13 18:40:32.231 D/KeyguardViewMediator(  258): setHidden false
02-13 18:40:32.241 D/KeyguardViewMediator(  258): setHidden false
02-13 18:40:32.241 D/KeyguardViewMediator(  258): setHidden false
02-13 18:40:32.261 D/KeyguardViewMediator(  258): setHidden false
02-13 18:40:32.261 D/KeyguardViewMediator(  258): setHidden false
02-13 18:40:32.271 D/KeyguardViewMediator(  258): setHidden false
02-13 18:40:32.281 D/KeyguardViewMediator(  258): setHidden false
02-13 18:40:32.291 D/KeyguardViewMediator(  258): setHidden false
02-13 18:40:32.291 D/KeyguardViewMediator(  258): setHidden false
02-13 18:40:32.301 D/MobileDataStateTracker(  258): [mms]  apnTypeList = supl
02-13 18:40:32.301 D/MobileDataStateTracker(  258): [mms]  unavailable = false
02-13 18:40:32.301 D/MobileDataStateTracker(  258): [mms] Do not process intents if disabled.
02-13 18:40:32.301 D/MobileDataStateTracker(  258): [default]  MobileDataStateReceiver onReceive(): Entry.
02-13 18:40:32.301 D/MobileDataStateTracker(  258): [default]  intent.getAction()= android.intent.action.ANY_DATA_STATE
02-13 18:40:32.301 D/MobileDataStateTracker(  258): [default]  mEnabled = true
02-13 18:40:32.301 D/MobileDataStateTracker(  258): [default]  apnTypeList = supl
02-13 18:40:32.301 D/MobileDataStateTracker(  258): [default]  unavailable = false
02-13 18:40:32.301 D/MobileDataStateTracker(  258): [default] not what we are looking for.
02-13 18:40:32.301 D/MobileDataStateTracker(  258): [hipri]  MobileDataStateReceiver onReceive(): Entry.
