02-13 18:40:45.494 I/DATA    (  337): [DCT(0) ] DataCallState: { cid: 0, active: 2, type: , apn: , address: 173.155.101.96 }
02-13 18:40:45.494 I/DATA    (  337): [DCT(0) ] ---dc list---
02-13 18:40:45.494 I/DATA    (  337): [DCT(0) ] cid = 0, state = DcActiveState, bearerType = IP, ipaddress = 173.155.101.96, gw=173.155.101.97, dns=[68.28.67.132, 68.28.68.132]
02-13 18:40:45.494 D/PhoneApp(  337): mReceiver: ACTION_ANY_DATA_CONNECTION_STATE_CHANGED
02-13 18:40:45.494 D/PhoneApp(  337): - state: CONNECTED
02-13 18:40:45.494 D/PhoneApp(  337): - reason: radioTechnologyChanged
02-13 18:40:45.494 D/PhoneApp(  337): mReceiver: ACTION_ANY_DATA_CONNECTION_STATE_CHANGED
02-13 18:40:45.494 D/PhoneApp(  337): - state: CONNECTED
02-13 18:40:45.494 D/PhoneApp(  337): - reason: radioTechnologyChanged
02-13 18:40:45.504 D/MobileDataStateTracker(  258): [hipri]  MobileDataStateReceiver onReceive(): Entry.
02-13 18:40:45.504 D/MobileDataStateTracker(  258): [hipri]  intent.getAction()= android.intent.action.ANY_DATA_STATE
02-13 18:40:45.504 D/MobileDataStateTracker(  258): [hipri]  mEnabled = false
02-13 18:40:45.504 D/MobileDataStateTracker(  258): [hipri]  apnTypeList = hipri
02-13 18:40:45.504 D/MobileDataStateTracker(  258): [hipri]  unavailable = false
02-13 18:40:45.504 D/MobileDataStateTracker(  258): [hipri] Do not process intents if disabled.
02-13 18:40:45.504 D/MobileDataStateTracker(  258): [dun]  MobileDataStateReceiver onReceive(): Entry.
02-13 18:40:45.504 D/MobileDataStateTracker(  258): [dun]  intent.getAction()= android.intent.action.ANY_DATA_STATE
02-13 18:40:45.504 D/MobileDataStateTracker(  258): [dun]  mEnabled = false
02-13 18:40:45.504 D/KeyguardViewMediator(  258): setHidden false
02-13 18:40:45.504 D/MobileDataStateTracker(  258): [dun]  apnTypeList = hipri
02-13 18:40:45.504 D/MobileDataStateTracker(  258): [dun]  unavailable = false
02-13 18:40:45.504 D/MobileDataStateTracker(  258): [dun] Do not process intents if disabled.
02-13 18:40:45.504 D/MobileDataStateTracker(  258): [supl]  MobileDataStateReceiver onReceive(): Entry.
02-13 18:40:45.504 D/MobileDataStateTracker(  258): [supl]  intent.getAction()= android.intent.action.ANY_DATA_STATE
02-13 18:40:45.504 D/MobileDataStateTracker(  258): [supl]  mEnabled = false
02-13 18:40:45.514 D/MobileDataStateTracker(  258): [supl]  apnTypeList = hipri
02-13 18:40:45.514 D/MobileDataStateTracker(  258): [supl]  unavailable = false
02-13 18:40:45.514 D/MobileDataStateTracker(  258): [supl] Do not process intents if disabled.
02-13 18:40:45.514 D/MobileDataStateTracker(  258): [mms]  MobileDataStateReceiver onReceive(): Entry.
02-13 18:40:45.514 D/MobileDataStateTracker(  258): [mms]  intent.getAction()= android.intent.action.ANY_DATA_STATE
02-13 18:40:45.514 D/MobileDataStateTracker(  258): [mms]  mEnabled = false
02-13 18:40:45.514 D/MobileDataStateTracker(  258): [mms]  apnTypeList = hipri
02-13 18:40:45.514 D/MobileDataStateTracker(  258): [mms]  unavailable = false
02-13 18:40:45.514 D/MobileDataStateTracker(  258): [mms] Do not process intents if disabled.
02-13 18:40:45.514 D/MobileDataStateTracker(  258): [default]  MobileDataStateReceiver onReceive(): Entry.
02-13 18:40:45.514 D/MobileDataStateTracker(  258): [default]  intent.getAction()= android.intent.action.ANY_DATA_STATE
02-13 18:40:45.514 D/MobileDataStateTracker(  258): [default]  mEnabled = true
02-13 18:40:45.514 D/PhoneApp(  337): mReceiver: ACTION_ANY_DATA_CONNECTION_STATE_CHANGED
02-13 18:40:45.514 D/PhoneApp(  337): - state: CONNECTED
02-13 18:40:45.514 D/PhoneApp(  337): - reason: radioTechnologyChanged
02-13 18:40:45.514 I/DATA    (  337): [DCT(0) ] onUpdateDataConnections: reason=radioTechnologyChanged
02-13 18:40:45.514 I/DATA    (  337): [DCT(0) ] ---dc list---
02-13 18:40:45.514 I/DATA    (  337): [DCT(0) ] cid = 0, state = DcActiveState, bearerType = IP, ipaddress = 173.155.101.96, gw=173.155.101.97, dns=[68.28.67.132, 68.28.68.132]
02-13 18:40:45.514 I/DATA    (  337): [DCT(0) ] ---ds list---
02-13 18:40:45.514 I/DATA    (  337): [DCT(0) ] ds= SERVICE_TYPE_DEFAULT, enabled = true, active = v4:CONNECTED(0) v6:IDLE
02-13 18:40:45.514 I/DATA    (  337): [DCT(0) ] ds= SERVICE_TYPE_MMS, enabled = false, active = v4:CONNECTED(0) v6:IDLE
02-13 18:40:45.514 I/DATA    (  337): [DCT(0) ] ds= SERVICE_TYPE_SUPL, enabled = false, active = v4:CONNECTED(0) v6:IDLE
02-13 18:40:45.514 I/DATA    (  337): [DCT(0) ] ds= SERVICE_TYPE_DUN, enabled = false, active = v4:IDLE v6:IDLE
02-13 18:40:45.514 I/DATA    (  337): [DCT(0) ] ds= SERVICE_TYPE_HIPRI, enabled = false, active = v4:CONNECTED(0) v6:IDLE
02-13 18:40:45.514 I/DATA    (  337): [DCT(0) ] Ready for data : 
02-13 18:40:45.514 I/DATA    (  337): [DCT(0) ]    getDesiredPowerState() = true
02-13 18:40:45.514 I/DATA    (  337): [DCT(0) ]    mCm.getRadioState() = RADIO_ON
02-13 18:40:45.514 I/DATA    (  337): [DCT(0) ]    [DataRadioTech = RADIO_TECH_EVDO_A, data network state = 0, mMasterDataEnabled = true, is Roaming = false, dataOnRoamingEnable = false, isPsRestricted = false, desiredPowerState  = true, mSIMRecords = , cdmaSubSource = 1/310120, mRuimRecords = , checks = true/true]
02-13 18:40:45.514 D/PhoneApp(  337): mReceiver: ACTION_ANY_DATA_CONNECTION_STATE_CHANGED
02-13 18:40:45.514 D/PhoneApp(  337): - state: CONNECTED
02-13 18:40:45.514 D/PhoneApp(  337): - reason: radioTechnologyChanged
02-13 18:40:45.514 D/PhoneApp(  337): old phone type:2, New Phone type:2
02-13 18:40:45.514 D/NotificationMgr(  337): hideDataDisconnectedRoaming()...
02-13 18:40:45.514 D/KeyguardViewMediator(  258): setHidden false
02-13 18:40:45.524 E/NatController(  743): +++child prcess pid = 743, tag = /system/bin/ip
02-13 18:40:45.524 E/NatController(  111): +++ parent2 block wait for child 743 , tag = /system/bin/ip
02-13 18:40:45.524 D/MobileDataStateTracker(  258): [default]  apnTypeList = hipri
02-13 18:40:45.524 D/MobileDataStateTracker(  258): [default]  unavailable = false
02-13 18:40:45.524 D/MobileDataStateTracker(  258): [default] not what we are looking for.
02-13 18:40:45.524 D/PhoneApp(  337): old phone type:2, New Phone type:2
02-13 18:40:45.524 D/NotificationMgr(  337): hideDataDisconnectedRoaming()...
02-13 18:40:45.534 D/PhoneApp(  337): old phone type:2, New Phone type:2
02-13 18:40:45.534 D/NotificationMgr(  337): hideDataDisconnectedRoaming()...
02-13 18:40:45.534 D/PhoneApp(  337): old phone type:2, New Phone type:2
02-13 18:40:45.534 D/NotificationMgr(  337): hideDataDisconnectedRoaming()...
02-13 18:40:45.534 D/KeyguardViewMediator(  258): setHidden false
02-13 18:40:45.544 E/NatController(  111): ## waited wpid = 743
02-13 18:40:45.544 E/NatController(  111):  exit status = 0
02-13 18:40:45.544 W/NetworkStateTracker(  258): ### addDefaultRoute for iface null
02-13 18:40:45.544 W/NetworkStateTracker(  258):  skip addDefaultRoute. 
02-13 18:40:45.554 D/Tethering(  258): MasterInitialState.processMessage what=3
02-13 18:40:45.554 D/GTalkService(  406): ##### Network broadcast (connected=true) type=mobile, state=CONNECTED
02-13 18:40:45.554 D/KeyguardViewMediator(  258): setHidden false
02-13 18:40:45.564 I/GTalkService(  406): [GTalkConnection.1] setInternalNetworkState: type=0, state=CONNECTED
02-13 18:40:45.564 D/GTalkService/c(  406): [GTalkConnection.1] connect: acquire wakelock, async connect...
02-13 18:40:45.564 I/GTalkService(  406): [GTalkConnection.1] acquireAsyncWakeLock: WakeLock{405c66c0 held=true, refCount=0}
02-13 18:40:45.574 D/KeyguardViewMediator(  258): setHidden false
02-13 18:40:45.584 D/KeyguardViewMediator(  258): setHidden false
02-13 18:40:45.604 D/KeyguardViewMediator(  258): setHidden false
02-13 18:40:45.614 D/KeyguardViewMediator(  258): setHidden false
02-13 18:40:45.634 D/KeyguardViewMediator(  258): setHidden false
02-13 18:40:45.634 I/MediaUploader(  677): No need to wake up
02-13 18:40:45.644 D/KeyguardViewMediator(  258): setHidden false
02-13 18:40:45.664 D/KeyguardViewMediator(  258): setHidden false
02-13 18:40:45.684 D/KeyguardViewMediator(  258): setHidden false
02-13 18:40:45.694 D/KeyguardViewMediator(  258): setHidden false
02-13 18:40:45.704 D/GpsLocationProvider(  258): updateNetworkState available info: NetworkInfo: type: mobile[CDMA - EvDo rev. A], state: CONNECTED/CONNECTED, reason: radioTechnologyChanged, extra: (none), roaming: false, failover: false, isAvailable: true, isIpv4Connected: true, isIpv6Connected: false, ipv4Name: rmnet0, ipv6Name: null
02-13 18:40:45.714 D/KeyguardViewMediator(  258): setHidden false
02-13 18:40:45.724 D/KeyguardViewMediator(  258): setHidden false
02-13 18:40:45.744 D/KeyguardViewMediator(  258): setHidden false
02-13 18:40:45.744 D/KeyguardViewMediator(  258): setHidden false
02-13 18:40:45.764 D/KeyguardViewMediator(  258): setHidden false
02-13 18:40:45.774 D/KeyguardViewMediator(  258): setHidden false
02-13 18:40:45.784 I/GTalkService(  406): [GTalkConnection.25] (WORKER THREAD) update account status
02-13 18:40:45.794 D/KeyguardViewMediator(  258): setHidden false
02-13 18:40:45.814 D/KeyguardViewMediator(  258): setHidden false
02-13 18:40:45.824 D/KeyguardViewMediator(  258): setHidden false
02-13 18:40:45.844 D/KeyguardViewMediator(  258): setHidden false
02-13 18:40:45.854 D/KeyguardViewMediator(  258): setHidden false
02-13 18:40:45.874 D/KeyguardViewMediator(  258): setHidden false
02-13 18:40:45.894 D/KeyguardViewMediator(  258): setHidden false
02-13 18:40:45.954 D/AlarmManager(  258): +++Alarm set:type=2 android  Trigger after:67489213ms
02-13 18:40:45.964 I/ActivityThread(  732): Pub com.google.android.maps.LayerInfoProvider: com.google.googlenav.layer.LayerInfoProvider
02-13 18:40:45.994 I/ActivityThread(  732): Pub com.google.android.maps.TrafficAppWidgetProvider: com.google.googlenav.appwidget.traffic.TrafficAppWidgetProvider
02-13 18:40:45.994 I/ActivityThread(  732): Pub com.google.android.maps.SuggestionProvider: com.google.googlenav.suggest.android.SuggestProvider
02-13 18:40:46.024 I/ActivityThread(  732): Pub com.google.android.maps.LocalActivePlacesProvider: com.google.googlenav.provider.LocalActivePlacesProvider
02-13 18:40:46.024 I/ActivityThread(  732): Pub com.google.android.maps.StarredItemProvider: com.google.googlenav.provider.StarredItemProvider
02-13 18:40:46.104 D/KeyguardViewMediator(  258): setHidden false
02-13 18:40:46.114 D/KeyguardViewMediator(  258): setHidden false
02-13 18:40:46.144 D/Mms     (  533): formatTimeStampString1 ,when = 1329160934923
02-13 18:40:46.144 D/Mms     (  533): formatTimeStampString2 ,when = 1329160934923
02-13 18:40:46.144 D/MessageItem(  533): MessageItem ,expiryDate = 0
02-13 18:40:46.234 D/KeyguardViewMediator(  258): setHidden false
02-13 18:40:46.244 D/KeyguardViewMediator(  258): setHidden false
02-13 18:40:46.264 D/KeyguardViewMediator(  258): setHidden false
02-13 18:40:46.274 D/KeyguardViewMediator(  258): setHidden false
02-13 18:40:46.294 D/KeyguardViewMediator(  258): setHidden false
02-13 18:40:46.304 D/KeyguardViewMediator(  258): setHidden false
02-13 18:40:46.314 D/KeyguardViewMediator(  258): setHidden false
02-13 18:40:46.324 D/KeyguardViewMediator(  258): setHidden false
02-13 18:40:46.344 D/KeyguardViewMediator(  258): setHidden false
02-13 18:40:46.364 D/KeyguardViewMediator(  258): setHidden false
02-13 18:40:46.384 D/KeyguardViewMediator(  258): setHidden false
02-13 18:40:46.394 I/ActivityThread(  732): Pub com.google.android.maps.LocalSuggestionProvider: com.google.googlenav.provider.LocalSuggestionProvider
02-13 18:40:46.394 I/ActivityThread(  732): Pub com.google.android.maps.SearchHistoryProvider: com.google.googlenav.provider.SearchHistoryProvider
02-13 18:40:46.394 I/ActivityThread(  732): Pub com.google.android.maps.NavigationAvailabilityProvider: com.google.googlenav.provider.NavigationAvailabilityProvider
02-13 18:40:46.394 D/KeyguardViewMediator(  258): setHidden false
02-13 18:40:46.414 D/KeyguardViewMediator(  258): setHidden false
02-13 18:40:46.424 D/KeyguardViewMediator(  258): setHidden false
02-13 18:40:46.434 D/KeyguardViewMediator(  258): setHidden false
02-13 18:40:46.434 I/hubo    (  258): Activity {com.android.mms/com.android.mms.ui.ComposeMessageActivity}
02-13 18:40:46.434 D/KeyguardViewMediator(  258): setHidden false
02-13 18:40:46.454 D/AlarmManager(  258): +++Alarm set:type=0 com.google.android.gsf  Trigger after:506235497ms
02-13 18:40:46.464 D/GpsLocationProvider(  258): getAGpsConnectionInfo connType - 3
02-13 18:40:46.484 D/PicasaSync(  688): accounts in DB=1
02-13 18:40:46.484 I/ContactsProvider(  391): updateInTransaction: content://com.android.contacts/status_updates
02-13 18:40:46.494 D/PicasaSyncManager(  688): active network: NetworkInfo: type: mobile[CDMA - EvDo rev. A], state: CONNECTED/CONNECTED, reason: radioTechnologyChanged, extra: (none), roaming: false, failover: false, isAvailable: true, isIpv4Connected: true, isIpv6Connected: false, ipv4Name: rmnet0, ipv6Name: null
02-13 18:40:46.494 I/MediaScanner(  510): doScanFile the temppath: /mnt/sdcard/DCIM/100SSMED/SSPX0000.3G2
02-13 18:40:46.494 I/MediaScanner(  510): doScanFile the temppath: /mnt/sdcard/DCIM/100SSMED/SSPX0001.3G2
02-13 18:40:46.505 I/MediaScanner(  510): doScanFile the temppath: /mnt/sdcard/DCIM/100SSMED/SSPX0002.3G2
02-13 18:40:46.505 D/PicasaSyncManager(  688): background data: true
02-13 18:40:46.505 I/MediaScanner(  510): doScanFile the temppath: /mnt/sdcard/DCIM/100SSMED/SSPX0003.3G2
02-13 18:40:46.505 I/MediaScanner(  510): doScanFile the temppath: /mnt/sdcard/DCIM/100SSMED/SSPX0004.3G2
02-13 18:40:46.505 I/MediaScanner(  510): doScanFile the temppath: /mnt/sdcard/DCIM/100SSMED/SSPX0007.3G2
02-13 18:40:46.505 I/MediaScanner(  510): doScanFile the temppath: /mnt/sdcard/DCIM/100SSMED/SSPX0008.3G2
02-13 18:40:46.505 I/MediaScanner(  510): doScanFile the temppath: /mnt/sdcard/DCIM/100SSMED/SSPX0011.JPG
02-13 18:40:46.505 I/MediaScanner(  510): doScanFile the temppath: /mnt/sdcard/DCIM/100SSMED/SSPX0012.JPG
02-13 18:40:46.505 I/MediaScanner(  510): doScanFile the temppath: /mnt/sdcard/DCIM/100SSMED/SSPX0009.3G2
02-13 18:40:46.505 I/MediaScanner(  510): doScanFile the temppath: /mnt/sdcard/DCIM/100SSMED/SSPX0010.3G2
02-13 18:40:46.505 I/MediaScanner(  510): doScanFile the temppath: /mnt/sdcard/DCIM/100SSMED/SSPX0013.JPG
02-13 18:40:46.505 I/MediaScanner(  510): doScanFile the temppath: /mnt/sdcard/DCIM/100SSMED/SSPX0014.JPG
02-13 18:40:46.505 I/MediaScanner(  510): doScanFile the temppath: /mnt/sdcard/DCIM/100SSMED/SSPX0015.JPG
02-13 18:40:46.505 I/MediaScanner(  510): doScanFile the temppath: /mnt/sdcard/DCIM/100SSMED/SSPX0016.JPG
02-13 18:40:46.505 I/MediaScanner(  510): doScanFile the temppath: /mnt/sdcard/DCIM/100SSMED/SSPX0017.3G2
02-13 18:40:46.505 I/MediaScanner(  510): doScanFile the temppath: /mnt/sdcard/DCIM/100SSMED/SSPX0018.JPG
02-13 18:40:46.505 I/MediaScanner(  510): doScanFile the temppath: /mnt/sdcard/DCIM/100SSMED/SSPX0019.JPG
02-13 18:40:46.505 I/MediaScanner(  510): doScanFile the temppath: /mnt/sdcard/DCIM/100SSMED/SSPX0020.JPG
02-13 18:40:46.505 I/MediaScanner(  510): doScanFile the temppath: /mnt/sdcard/DCIM/100SSMED/SSPX0021.3G2
02-13 18:40:46.505 I/MediaScanner(  510): doScanFile the temppath: /mnt/sdcard/DCIM/100SSMED/SSPX0022.JPG
02-13 18:40:46.505 I/MediaScanner(  510): doScanFile the temppath: /mnt/sdcard/DCIM/100SSMED/SSPX0023.JPG
02-13 18:40:46.505 I/MediaScanner(  510): doScanFile the temppath: /mnt/sdcard/DCIM/100SSMED/SSPX0024.JPG
02-13 18:40:46.525 I/MediaScanner(  510): doScanFile the temppath: /mnt/sdcard/DCIM/100SSMED/SSPX0025.JPG
02-13 18:40:46.525 I/GTalkService(  406): [GTalkConnection.25] (WORKER THREAD) update account status - done, took 748 ms
02-13 18:40:46.525 I/GTalkService(  406): doConnect: start...
02-13 18:40:46.525 I/MediaScanner(  510): doScanFile the temppath: /mnt/sdcard/DCIM/100SSMED/SSPX0026.JPG
02-13 18:40:46.535 I/MediaScanner(  510): doScanFile the temppath: /mnt/sdcard/DCIM/100SSMED/SSPX0027.JPG
02-13 18:40:46.535 I/MediaScanner(  510): doScanFile the temppath: /mnt/sdcard/DCIM/100SSMED/SSPX0028.JPG
02-13 18:40:46.535 I/MediaScanner(  510): doScanFile the temppath: /mnt/sdcard/DCIM/100SSMED/SSPX0029.JPG
02-13 18:40:46.545 I/MediaScanner(  510): doScanFile the temppath: /mnt/sdcard/DCIM/100SSMED/SSPX0030.JPG
02-13 18:40:46.545 I/MediaScanner(  510): doScanFile the temppath: /mnt/sdcard/DCIM/100SSMED/SSPX0031.JPG
02-13 18:40:46.545 I/MediaScanner(  510): doScanFile the temppath: /mnt/sdcard/DCIM/100SSMED/SSPX0032.JPG
02-13 18:40:46.555 I/MediaScanner(  510): doScanFile the temppath: /mnt/sdcard/DCIM/100SSMED/SSPX0033.JPG
02-13 18:40:46.555 I/MediaScanner(  510): doScanFile the temppath: /mnt/sdcard/DCIM/100SSMED/SSPX0034.JPG
02-13 18:40:46.555 I/MediaScanner(  510): doScanFile the temppath: /mnt/sdcard/DCIM/100SSMED/SSPX0035.JPG
02-13 18:40:46.565 I/MediaScanner(  510): doScanFile the temppath: /mnt/sdcard/DCIM/100SSMED/SSPX0036.JPG
02-13 18:40:46.565 I/MediaScanner(  510): doScanFile the temppath: /mnt/sdcard/DCIM/100SSMED/SSPX0037.JPG
02-13 18:40:46.565 I/MediaScanner(  510): doScanFile the temppath: /mnt/sdcard/DCIM/100SSMED/SSPX0038.JPG
02-13 18:40:46.565 I/MediaScanner(  510): doScanFile the temppath: /mnt/sdcard/DCIM/100SSMED/SSPX0039.JPG
02-13 18:40:46.575 I/MediaScanner(  510): doScanFile the temppath: /mnt/sdcard/DCIM/Camera/IMG_20111214_192853.jpg
02-13 18:40:46.575 I/MediaScanner(  510): doScanFile the temppath: /mnt/sdcard/DCIM/Camera/IMG_20111228_171620.jpg
02-13 18:40:46.575 I/MediaScanner(  510): doScanFile the temppath: /mnt/sdcard/DCIM/Camera/IMG_20111228_171634.jpg
02-13 18:40:46.575 I/MediaScanner(  510): doScanFile the temppath: /mnt/sdcard/DCIM/Camera/IMG_20111228_171816.jpg
02-13 18:40:46.575 I/MediaScanner(  510): doScanFile the temppath: /mnt/sdcard/DCIM/Camera/IMG_20111228_171851.jpg
02-13 18:40:46.575 I/MediaScanner(  510): doScanFile the temppath: /mnt/sdcard/DCIM/Camera/IMG_20120202_164723.jpg
02-13 18:40:46.575 I/MediaScanner(  510): doScanFile the temppath: /mnt/sdcard/DCIM/Camera/IMG_20111228_171947.jpg
02-13 18:40:46.585 I/MediaScanner(  510): doScanFile the temppath: /mnt/sdcard/DCIM/Camera/IMG_20120205_184134.jpg
02-13 18:40:46.585 D/PicasaSyncManager(  688): reject MetadataSyncTask (*****************) for wifi connection
02-13 18:40:46.585 I/MediaScanner(  510): doScanFile the temppath: /mnt/sdcard/DCIM/Camera/IMG_20120205_184427.jpg
02-13 18:40:46.615 I/MediaScanner(  510): doScanFile the temppath: /mnt/sdcard/DCIM/Camera/IMG_20120208_091150.jpg
02-13 18:40:46.615 I/MediaScanner(  510): doScanFile the temppath: /mnt/sdcard/DCIM/Camera/IMG_20120205_184641.jpg
02-13 18:40:46.635 I/MediaScanner(  510): doScanFile the temppath: /mnt/sdcard/DCIM/Camera/IMG_20120205_184650.jpg
02-13 18:40:46.635 I/MediaScanner(  510): doScanFile the temppath: /mnt/sdcard/DCIM/Camera/IMG_20120208_105408.jpg
02-13 18:40:46.635 I/MediaScanner(  510): doScanFile the temppath: /mnt/sdcard/DCIM/Camera/Brandon_y_u_so_QR_Droid.png
02-13 18:40:46.635 I/MediaScanner(  510): doScanFile the temppath: /mnt/sdcard/DCIM/Camera/IMG_20120206_223047.jpg
02-13 18:40:46.635 I/MediaScanner(  510): doScanFile the temppath: /mnt/sdcard/DCIM/Camera/IMG_20120208_110200.jpg
02-13 18:40:46.645 I/MediaScanner(  510): doScanFile the temppath: /mnt/sdcard/DCIM/Camera/IMG_20120208_155542.jpg
02-13 18:40:46.645 I/MediaScanner(  510): doScanFile the temppath: /mnt/sdcard/DCIM/Camera/IMG_20120209_091354.jpg
02-13 18:40:46.645 I/MediaScanner(  510): doScanFile the temppath: /mnt/sdcard/DCIM/Camera/IMG_20120213_084906.jpg
02-13 18:40:46.665 D/PicasaSyncManager(  688): battery info: true
02-13 18:40:46.685 I/MediaScanner(  510): doScanFile the temppath: /mnt/sdcard/download/RecordedMessage1.amr
02-13 18:40:46.695 I/MediaScanner(  510): doScanFile the temppath: /mnt/sdcard/download/RecordedMessage2.amr
02-13 18:40:46.695 D/GpsLocationProvider(  258): NTP server returned: 1329180031502 (Mon Feb 13 18:40:31 CST 2012) reference: 43853 certainty: 63 system time offset: -15201
02-13 18:40:46.695 I/MediaScanner(  510): doScanFile the temppath: /mnt/sdcard/download/RecordedMessage1-1.amr
02-13 18:40:46.695 I/MediaScanner(  510): doScanFile the temppath: /mnt/sdcard/download/RecordedMessage1-2.amr
02-13 18:40:46.695 I/MediaScanner(  510): doScanFile the temppath: /mnt/sdcard/download/378964_2629079119276_1024278583_32259313_1827078327_n.jpg
02-13 18:40:46.695 D/PicasaSyncManager(  688): reject MetadataSyncTask (*****************) for wifi connection
02-13 18:40:46.695 I/MediaScanner(  510): doScanFile the temppath: /mnt/sdcard/download/387203_2496428683098_1024278583_32210847_1187735892_n.jpg
02-13 18:40:46.705 I/MediaScanner(  510): doScanFile the temppath: /mnt/sdcard/download/390966_10150448324446855_653361854_8441084_1378165890_n.jpg
02-13 18:40:46.705 I/MediaScanner(  510): doScanFile the temppath: /mnt/sdcard/recordings/20111216201543.amr
02-13 18:40:46.715 I/MediaScanner(  510): doScanFile the temppath: /mnt/sdcard/recordings/20120208160047.amr
02-13 18:40:46.715 I/MediaScanner(  510): doScanFile the temppath: /mnt/sdcard/Notifications/hangout_ringtone.m4a
02-13 18:40:46.715 E/PVMediaScanner(  510): processFile /mnt/sdcard/Notifications/hangout_ringtone.m4a mimeType: (null)
02-13 18:40:46.715 E/PVMediaScanner(  510): Start to test wheater the file is drm file = /mnt/sdcard/Notifications/hangout_ringtone.m4a
02-13 18:40:46.725 E/PVMediaScanner(  510): Start pfnDrmAPI_IsProtectedFile is good result =0
02-13 18:40:46.725 E/PVMediaScanner(  510): File is not a drm file.
02-13 18:40:46.725 E/PVMediaScanner(  510): parseMP4::parseMP4 returned
02-13 18:40:46.755 E/PVMediaScanner(  510): mp4 error code is (95).
02-13 18:40:46.755 E/PVMediaScanner(  510): mp4 drm brand is (1295270176).
02-13 18:40:46.755 E/PVMediaScanner(  510): mp4 drm count is (1).
02-13 18:40:46.755 E/PVMediaScanner(  510): mp4 MEDIA_TYPE_AUDIO  hasAudio.
02-13 18:40:46.755 E/PVMediaScanner(  510): mp4 error hasAudio is (1),hasVideo is 0
02-13 18:40:46.755 E/PVMediaScanner(  510): mp4 MEDIA_TYPE_VISUAL  brand = 0
02-13 18:40:46.755 E/PVMediaScanner(  510): mp4 audio/mp4 
02-13 18:40:46.755 E/MediaScanner(  510): mp4 drm  setMimeType mimeType is (audio/mp4).
02-13 18:40:46.755 E/MediaScanner(  510): mp4 drm  setMimeType ret is (1).
02-13 18:40:46.755 E/PVMediaScanner(  510): mp4 result is 1 
02-13 18:40:46.905 I/MediaScanner(  510): doScanFile the temppath: /mnt/sdcard/bluetooth/04 10,000 Reasons (Bless the Lord).mp3
02-13 18:40:46.905 I/MediaScanner(  510): doScanFile the temppath: /mnt/sdcard/bluetooth/01 FOSS.mp3
02-13 18:40:46.905 I/MediaScanner(  510): doScanFile the temppath: /mnt/sdcard/bluetooth/02 1000 miles.mp3
02-13 18:40:46.905 I/MediaScanner(  510): doScanFile the temppath: /mnt/sdcard/bluetooth/03 pink rolex.mp3
02-13 18:40:46.905 D/AlarmManager(  258): +++Alarm set:type=0 com.android.providers.calendar  Trigger after:79259933ms
02-13 18:40:46.905 I/MediaScanner(  510): doScanFile the temppath: /mnt/sdcard/bluetooth/04 melt.mp3
02-13 18:40:46.905 I/MediaScanner(  510): doScanFile the temppath: /mnt/sdcard/bluetooth/05 tonight.mp3
02-13 18:40:46.905 I/MediaScanner(  510): doScanFile the temppath: /mnt/sdcard/bluetooth/06 polyrhythm winter.mp3
02-13 18:40:46.905 I/MediaScanner(  510): doScanFile the temppath: /mnt/sdcard/bluetooth/07 狂.mp3
02-13 18:40:46.905 I/MediaScanner(  510): doScanFile the temppath: /mnt/sdcard/bluetooth/08 eighty six.mp3
02-13 18:40:46.905 I/MediaScanner(  510): doScanFile the temppath: /mnt/sdcard/bluetooth/09 crying.mp3
02-13 18:40:46.905 I/MediaScanner(  510): doScanFile the temppath: /mnt/sdcard/bluetooth/10 mimic.mp3
02-13 18:40:46.905 I/MediaScanner(  510): doScanFile the temppath: /mnt/sdcard/bluetooth/11 1-4.mp3
02-13 18:40:46.905 I/MediaScanner(  510): doScanFile the temppath: /mnt/sdcard/bluetooth/12 GSMD.mp3
02-13 18:40:46.915 I/MediaScanner(  510): doScanFile the temppath: /mnt/sdcard/bluetooth/13 temptation.mp3
02-13 18:40:46.925 I/MediaScanner(  510): doScanFile the temppath: /mnt/sdcard/bluetooth/14 give up - 日本盤 Bonus Track -.mp3
02-13 18:40:46.925 I/MediaScanner(  510): doScanFile the temppath: /mnt/sdcard/bluetooth/15 empty mind - 日本盤 Bonus Track -.mp3
02-13 18:40:46.935 I/MediaScanner(  510): doScanFile the temppath: /mnt/sdcard/media/audio/notifications/facebook_ringtone_pop.m4a
02-13 18:40:46.945 I/MediaScanner(  510): doScanFile the temppath: /mnt/sdcard/QrDroid/Brandon_y_u_so_QR_Droid.png
02-13 18:40:46.945 I/MediaScanner(  510): doScanFile the temppath: /mnt/sdcard/QrDroid/tmp/QR_Droid_86567.png
02-13 18:40:46.945 I/MediaScanner(  510): doScanFile the temppath: /mnt/sdcard/QrDroid/tmp/QR_Droid_14960.png
02-13 18:40:46.945 I/MediaScanner(  510): doScanFile the temppath: /mnt/sdcard/QrDroid/tmp/QR_Droid_78866.png
02-13 18:40:46.945 I/MediaScanner(  510): doScanFile the temppath: /mnt/sdcard/Nicholas Seron/Audio Files/Project 3.wav
02-13 18:40:46.955 I/MediaScanner(  510): doScanFile the temppath: /mnt/sdcard/Nicholas Seron/Audio Files/._Project 3.wav
02-13 18:40:47.005 I/MediaScanner(  510): doScanFile the temppath: /mnt/sdcard/JCCC Music Composition/._BlaBlaBlaHuaa.mp3
02-13 18:40:47.005 I/MediaScanner(  510): doScanFile the temppath: /mnt/sdcard/JCCC Music Composition/._Brandon Smith Project II 1.mp3
02-13 18:40:47.005 I/MediaScanner(  510): doScanFile the temppath: /mnt/sdcard/JCCC Music Composition/._Swamps of Light.mp3
02-13 18:40:47.005 I/MediaScanner(  510): doScanFile the temppath: /mnt/sdcard/JCCC Music Composition/BlaBlaBlaHuaa.mp3
02-13 18:40:47.005 I/MediaScanner(  510): doScanFile the temppath: /mnt/sdcard/JCCC Music Composition/Brandon Smith Project II 1.mp3
02-13 18:40:47.005 I/MediaScanner(  510): doScanFile the temppath: /mnt/sdcard/JCCC Music Composition/Swamps of Light.mp3
02-13 18:40:47.005 I/MediaScanner(  510): doScanFile the temppath: /mnt/sdcard/05 If you don't know what to do just -by- C418.mp3
02-13 18:40:47.005 I/MediaScanner(  510): doScanFile the temppath: /mnt/sdcard/01 Too Soon -by- Benjamin Briggs.mp3
02-13 18:40:47.005 I/MediaScanner(  510): doScanFile the temppath: /mnt/sdcard/02 Shine -by- Mint Julep.mp3
02-13 18:40:47.005 I/MediaScanner(  510): doScanFile the temppath: /mnt/sdcard/03 Seagulls Screaming Kiss Her, Kiss -by- Dead Child Star.mp3
02-13 18:40:47.005 I/MediaScanner(  510): doScanFile the temppath: /mnt/sdcard/04 A lot of People Cutting Grass on -by- Lullatone.mp3
02-13 18:40:47.005 I/MediaScanner(  510): doScanFile the temppath: /mnt/sdcard/06 Miss It So Much -by- Röyksopp.mp3
02-13 18:40:47.005 I/MediaScanner(  510): doScanFile the temppath: /mnt/sdcard/07 Invisible Waves -by- Mint Julep.mp3
02-13 18:40:47.005 I/MediaScanner(  510): doScanFile the temppath: /mnt/sdcard/08 No but Yes -by- C418.mp3
02-13 18:40:47.005 I/MediaScanner(  510): doScanFile the temppath: /mnt/sdcard/09 Ah, It Was in the Garage After Al -by- Lullatone.mp3
02-13 18:40:47.005 I/MediaScanner(  510): doScanFile the temppath: /mnt/sdcard/10 depado -by- C418.mp3
02-13 18:40:47.015 D/MediaScanner(  510):  prescan time: 3806ms
02-13 18:40:47.015 D/MediaScanner(  510):     scan time: 531ms
02-13 18:40:47.015 D/MediaScanner(  510): postscan time: 1ms
02-13 18:40:47.015 D/MediaScanner(  510):    total time: 4338ms
02-13 18:40:47.015 D/Gallery3D(  491): [BootReceiver]: Got intent with action android.intent.action.MEDIA_SCANNER_FINISHED
02-13 18:40:47.025 D/MediaScannerService(  510): done scanning volume external
02-13 18:40:47.045 D/UploadsManager(  688): FsId changed! -399509006
02-13 18:40:47.055 D/UploadsManager(  688): fsid not changed
02-13 18:40:47.145 I/MediaScanner(  510): doScanFile the temppath: /mnt/sdcard/Notifications/hangout_ringtone.m4a
02-13 18:40:47.145 E/PVMediaScanner(  510): processFile /mnt/sdcard/Notifications/hangout_ringtone.m4a mimeType: (null)
02-13 18:40:47.145 E/PVMediaScanner(  510): Start to test wheater the file is drm file = /mnt/sdcard/Notifications/hangout_ringtone.m4a
02-13 18:40:47.145 E/PVMediaScanner(  510): Start pfnDrmAPI_IsProtectedFile is good result =0
02-13 18:40:47.145 E/PVMediaScanner(  510): File is not a drm file.
02-13 18:40:47.145 E/PVMediaScanner(  510): parseMP4::parseMP4 returned
02-13 18:40:47.145 E/PVMediaScanner(  510): mp4 error code is (95).
02-13 18:40:47.145 E/PVMediaScanner(  510): mp4 drm brand is (1295270176).
02-13 18:40:47.145 E/PVMediaScanner(  510): mp4 drm count is (1).
02-13 18:40:47.145 E/PVMediaScanner(  510): mp4 MEDIA_TYPE_AUDIO  hasAudio.
02-13 18:40:47.145 E/PVMediaScanner(  510): mp4 error hasAudio is (1),hasVideo is 0
02-13 18:40:47.145 E/PVMediaScanner(  510): mp4 MEDIA_TYPE_VISUAL  brand = 0
02-13 18:40:47.145 E/PVMediaScanner(  510): mp4 audio/mp4 
02-13 18:40:47.145 E/MediaScanner(  510): mp4 drm  setMimeType mimeType is (audio/mp4).
02-13 18:40:47.145 E/MediaScanner(  510): mp4 drm  setMimeType ret is (1).
02-13 18:40:47.145 E/PVMediaScanner(  510): mp4 result is 1 
02-13 18:40:47.345 I/MediaStoreImporter(  706): Update: incremental Added music: 0 Updated music: 0 Deleted music: 0 Created playlists: 0 Updated playlists: 0 Deleted playlists: 0 Inserted playlist items: 0 Deleted playlist items: 0 Removed orphaned playlist items: 0
02-13 18:40:47.606 D/PicasaSyncManager(  688): reject MetadataSyncTask (*****************) for wifi connection
02-13 18:40:47.946 D/KeyguardViewMediator(  258): setHidden false
02-13 18:40:48.216 I/Mms/compose(  533): SLIDESHOW updateSendButtonState enable = true
02-13 18:40:48.216 I/Mms/compose(  533): SLIDESHOW setSendButtonText isMms = false
02-13 18:40:48.236 I/Mms/compose(  533): SLIDESHOW setSendButtonText isMms = false
02-13 18:40:48.276 D/KeyguardViewMediator(  258): setHidden false
02-13 18:40:48.296 D/KeyguardViewMediator(  258): setHidden false
02-13 18:40:48.306 D/KeyguardViewMediator(  258): setHidden false
02-13 18:40:48.316 D/KeyguardViewMediator(  258): setHidden false
02-13 18:40:48.326 D/KeyguardViewMediator(  258): setHidden false
02-13 18:40:48.346 D/KeyguardViewMediator(  258): setHidden false
02-13 18:40:48.356 D/KeyguardViewMediator(  258): setHidden false
02-13 18:40:48.356 I/Mms/compose(  533): SLIDESHOW updateSendButtonState enable = true
02-13 18:40:48.356 I/Mms/compose(  533): SLIDESHOW setSendButtonText isMms = false
02-13 18:40:48.366 I/Mms/compose(  533): SLIDESHOW setSendButtonText isMms = false
02-13 18:40:48.376 D/KeyguardViewMediator(  258): setHidden false
02-13 18:40:48.386 D/KeyguardViewMediator(  258): setHidden false
02-13 18:40:48.396 I/Mms/compose(  533): SLIDESHOW updateSendButtonState enable = true
02-13 18:40:48.396 I/Mms/compose(  533): SLIDESHOW setSendButtonText isMms = false
02-13 18:40:48.396 I/Mms/compose(  533): SLIDESHOW setSendButtonText isMms = false
02-13 18:40:48.416 D/KeyguardViewMediator(  258): setHidden false
02-13 18:40:48.416 D/KeyguardViewMediator(  258): setHidden false
02-13 18:40:48.436 D/KeyguardViewMediator(  258): setHidden false
02-13 18:40:48.446 I/Mms/compose(  533): SLIDESHOW updateSendButtonState enable = true
02-13 18:40:48.446 D/KeyguardViewMediator(  258): setHidden false
02-13 18:40:48.446 I/Mms/compose(  533): SLIDESHOW setSendButtonText isMms = false
02-13 18:40:48.456 I/Mms/compose(  533): SLIDESHOW setSendButtonText isMms = false
02-13 18:40:48.466 D/KeyguardViewMediator(  258): setHidden false
02-13 18:40:48.476 D/PhoneApp(  337): updateProximitySensorMode: state = IDLE
02-13 18:40:48.486 D/PhoneApp(  337): updateProximitySensorMode: lock already released.
02-13 18:40:48.516 D/KeyguardViewMediator(  258): setHidden false
02-13 18:40:48.516 D/KeyguardViewMediator(  258): setHidden false
02-13 18:40:48.516 D/KeyguardViewMediator(  258): setHidden false
02-13 18:40:48.526 D/KeyguardViewMediator(  258): setHidden false
02-13 18:40:48.526 D/KeyguardViewMediator(  258): setHidden false
02-13 18:40:48.536 D/KeyguardViewMediator(  258): setHidden false
02-13 18:40:48.546 I/Mms/compose(  533): SLIDESHOW updateSendButtonState enable = true
02-13 18:40:48.546 I/Mms/compose(  533): SLIDESHOW setSendButtonText isMms = false
02-13 18:40:48.546 D/KeyguardViewMediator(  258): setHidden false
02-13 18:40:48.546 I/Mms/compose(  533): SLIDESHOW setSendButtonText isMms = false
02-13 18:40:48.557 D/KeyguardViewMediator(  258): setHidden false
02-13 18:40:48.567 D/KeyguardViewMediator(  258): setHidden false
02-13 18:40:48.577 D/KeyguardViewMediator(  258): setHidden false
02-13 18:40:48.597 D/KeyguardViewMediator(  258): setHidden false
02-13 18:40:48.597 D/OmaDrmReceiver(  583): android.intent.action.CONFIGURATION_CHANGED
02-13 18:40:48.617 I/OmaDrmService(  583): Language changed!!!!!!
02-13 18:40:48.627 D/KeyguardViewMediator(  258): setHidden false
02-13 18:40:48.777 D/Bitmap  (  332): Detect unrecycled bitmap.
02-13 18:40:48.777 D/Bitmap  (  332):       Size: 270080 Bytes, Width: 320 , Height: 211 , Hash code: 1079603800
02-13 18:40:48.777 D/Bitmap  (  332):  This bimap was created in:
02-13 18:40:48.777 D/Bitmap  (  332):       android.graphics.Bitmap.<init>(Bitmap.java:136)
02-13 18:40:48.777 D/Bitmap  (  332):       android.graphics.Bitmap.nativeCreate(Native Method)
02-13 18:40:48.777 D/Bitmap  (  332):       android.graphics.Bitmap.createBitmap(Bitmap.java:547)
02-13 18:40:48.777 D/Bitmap  (  332):       com.android.inputmethod.latin.LatinKeyboardBaseView.onBufferDraw(LatinKeyboardBaseView.java:775)
02-13 18:40:48.777 D/Bitmap  (  332):       com.android.inputmethod.latin.LatinKeyboardBaseView.onDraw(LatinKeyboardBaseView.java:763)
02-13 18:40:48.777 D/Bitmap  (  332):       android.view.View.draw(View.java:6880)
02-13 18:40:48.777 D/Bitmap  (  332):       com.android.inputmethod.latin.LatinKeyboardView.draw(LatinKeyboardView.java:353)
02-13 18:40:48.777 D/Bitmap  (  332):       android.view.ViewGroup.drawChild(ViewGroup.java:1649)
02-13 18:40:48.777 D/Bitmap  (  332):       android.view.ViewGroup.dispatchDraw(ViewGroup.java:1376)
02-13 18:40:48.777 D/Bitmap  (  332):       android.view.ViewGroup.drawChild(ViewGroup.java:1647)
02-13 18:40:48.777 D/Bitmap  (  332):       android.view.ViewGroup.dispatchDraw(ViewGroup.java:1376)
02-13 18:40:48.777 D/Bitmap  (  332):       android.view.ViewGroup.drawChild(ViewGroup.java:1647)
02-13 18:40:48.777 D/Bitmap  (  332):       android.view.ViewGroup.dispatchDraw(ViewGroup.java:1376)
02-13 18:40:48.777 D/Bitmap  (  332):       android.view.ViewGroup.drawChild(ViewGroup.java:1647)
02-13 18:40:48.777 D/Bitmap  (  332):       android.view.ViewGroup.dispatchDraw(ViewGroup.java:1376)
02-13 18:40:48.777 D/Bitmap  (  332):       android.view.View.draw(View.java:6883)
02-13 18:40:48.777 D/Bitmap  (  332):       android.widget.FrameLayout.draw(FrameLayout.java:357)
02-13 18:40:48.777 D/Bitmap  (  332):       com.android.internal.policy.impl.PhoneWindow$DecorView.draw(PhoneWindow.java:1866)
02-13 18:40:48.777 D/Bitmap  (  332):       android.view.ViewRoot.draw(ViewRoot.java:1526)
02-13 18:40:48.777 D/Bitmap  (  332):       android.view.ViewRoot.performTraversals(ViewRoot.java:1262)
02-13 18:40:48.777 D/Bitmap  (  332):       android.view.ViewRoot.handleMessage(ViewRoot.java:1864)
02-13 18:40:48.777 D/Bitmap  (  332):       android.os.Handler.dispatchMessage(Handler.java:99)
02-13 18:40:48.777 D/Bitmap  (  332):       android.os.Looper.loop(Looper.java:130)
02-13 18:40:48.777 D/Bitmap  (  332):       android.app.ActivityThread.main(ActivityThread.java:3704)
02-13 18:40:48.777 D/Bitmap  (  332):       java.lang.reflect.Method.invokeNative(Native Method)
02-13 18:40:48.777 D/Bitmap  (  332):       java.lang.reflect.Method.invoke(Method.java:507)
02-13 18:40:48.777 D/Bitmap  (  332):       com.android.internal.os.ZygoteInit$MethodAndArgsCaller.run(ZygoteInit.java:875)
02-13 18:40:48.777 D/Bitmap  (  332):       com.android.internal.os.ZygoteInit.main(ZygoteInit.java:633)
02-13 18:40:48.777 D/Bitmap  (  332):       dalvik.system.NativeStart.main(Native Method)
02-13 18:40:48.777 D/Bitmap  (  332): _
02-13 18:40:48.837 D/PhoneApp(  337): updateProximitySensorMode: state = IDLE
02-13 18:40:48.847 D/PhoneApp(  337): updateProximitySensorMode: lock already released.
02-13 18:40:48.847 D/KeyguardViewMediator(  258): setHidden false
02-13 18:40:48.877 D/KeyguardViewMediator(  258): setHidden false
02-13 18:40:48.877 D/KeyguardViewMediator(  258): setHidden false
02-13 18:40:48.887 D/KeyguardViewMediator(  258): setHidden false
02-13 18:40:48.897 D/KeyguardViewMediator(  258): setHidden false
02-13 18:40:48.897 D/KeyguardViewMediator(  258): setHidden false
02-13 18:40:48.907 D/KeyguardViewMediator(  258): setHidden false
02-13 18:40:48.917 D/KeyguardViewMediator(  258): setHidden false
02-13 18:40:48.927 D/KeyguardViewMediator(  258): setHidden false
02-13 18:40:48.947 D/KeyguardViewMediator(  258): setHidden false
02-13 18:40:48.967 D/KeyguardViewMediator(  258): setHidden false
02-13 18:40:48.967 D/KeyguardViewMediator(  258): setHidden false
02-13 18:40:48.987 D/KeyguardViewMediator(  258): setHidden false
02-13 18:40:48.987 D/KeyguardViewMediator(  258): setHidden false
02-13 18:40:49.037 D/KeyguardViewMediator(  258): setHidden false
02-13 18:40:49.037 D/KeyguardViewMediator(  258): setHidden false
02-13 18:40:49.077 D/KeyguardViewMediator(  258): setHidden false
02-13 18:40:49.107 D/OmaDrmReceiver(  583): android.intent.action.CONFIGURATION_CHANGED
02-13 18:40:49.107 I/OmaDrmService(  583): Language changed!!!!!!
02-13 18:40:49.167 D/Bitmap  (  332): Detect unrecycled bitmap.
02-13 18:40:49.167 D/Bitmap  (  332):       Size: 213760 Bytes, Width: 320 , Height: 167 , Hash code: 1079435456
02-13 18:40:49.167 D/Bitmap  (  332):  This bimap was created in:
02-13 18:40:49.167 D/Bitmap  (  332):       android.graphics.Bitmap.<init>(Bitmap.java:136)
02-13 18:40:49.167 D/Bitmap  (  332):       android.graphics.Bitmap.nativeCreate(Native Method)
02-13 18:40:49.167 D/Bitmap  (  332):       android.graphics.Bitmap.createBitmap(Bitmap.java:547)
02-13 18:40:49.167 D/Bitmap  (  332):       com.android.inputmethod.latin.LatinKeyboardBaseView.onBufferDraw(LatinKeyboardBaseView.java:775)
02-13 18:40:49.167 D/Bitmap  (  332):       com.android.inputmethod.latin.LatinKeyboardBaseView.onDraw(LatinKeyboardBaseView.java:763)
02-13 18:40:49.167 D/Bitmap  (  332):       android.view.View.draw(View.java:6880)
02-13 18:40:49.167 D/Bitmap  (  332):       com.android.inputmethod.latin.LatinKeyboardView.draw(LatinKeyboardView.java:353)
02-13 18:40:49.167 D/Bitmap  (  332):       android.view.ViewGroup.drawChild(ViewGroup.java:1649)
02-13 18:40:49.167 D/Bitmap  (  332):       android.view.ViewGroup.dispatchDraw(ViewGroup.java:1376)
02-13 18:40:49.167 D/Bitmap  (  332):       android.view.ViewGroup.drawChild(ViewGroup.java:1647)
02-13 18:40:49.167 D/Bitmap  (  332):       android.view.ViewGroup.dispatchDraw(ViewGroup.java:1376)
02-13 18:40:49.167 D/Bitmap  (  332):       android.view.ViewGroup.drawChild(ViewGroup.java:1647)
02-13 18:40:49.167 D/Bitmap  (  332):       android.view.ViewGroup.dispatchDraw(ViewGroup.java:1376)
02-13 18:40:49.167 D/Bitmap  (  332):       android.view.ViewGroup.drawChild(ViewGroup.java:1647)
02-13 18:40:49.167 D/Bitmap  (  332):       android.view.ViewGroup.dispatchDraw(ViewGroup.java:1376)
02-13 18:40:49.167 D/Bitmap  (  332):       android.view.View.draw(View.java:6883)
02-13 18:40:49.167 D/Bitmap  (  332):       android.widget.FrameLayout.draw(FrameLayout.java:357)
02-13 18:40:49.167 D/Bitmap  (  332):       com.android.internal.policy.impl.PhoneWindow$DecorView.draw(PhoneWindow.java:1866)
02-13 18:40:49.167 D/Bitmap  (  332):       android.view.ViewRoot.draw(ViewRoot.java:1526)
02-13 18:40:49.167 D/Bitmap  (  332):       android.view.ViewRoot.performTraversals(ViewRoot.java:1262)
02-13 18:40:49.167 D/Bitmap  (  332):       android.view.ViewRoot.handleMessage(ViewRoot.java:1864)
02-13 18:40:49.167 D/Bitmap  (  332):       android.os.Handler.dispatchMessage(Handler.java:99)
02-13 18:40:49.167 D/Bitmap  (  332):       android.os.Looper.loop(Looper.java:130)
02-13 18:40:49.167 D/Bitmap  (  332):       android.app.ActivityThread.main(ActivityThread.java:3704)
02-13 18:40:49.167 D/Bitmap  (  332):       java.lang.reflect.Method.invokeNative(Native Method)
02-13 18:40:49.167 D/Bitmap  (  332):       java.lang.reflect.Method.invoke(Method.java:507)
02-13 18:40:49.167 D/Bitmap  (  332):       com.android.internal.os.ZygoteInit$MethodAndArgsCaller.run(ZygoteInit.java:875)
02-13 18:40:49.167 D/Bitmap  (  332):       com.android.internal.os.ZygoteInit.main(ZygoteInit.java:633)
02-13 18:40:49.167 D/Bitmap  (  332):       dalvik.system.NativeStart.main(Native Method)
02-13 18:40:49.167 D/Bitmap  (  332): _
02-13 18:40:49.417 D/KeyguardViewMediator(  258): setHidden false
02-13 18:40:49.437 D/KeyguardViewMediator(  258): setHidden false
02-13 18:40:49.527 D/KeyguardViewMediator(  258): setHidden false
02-13 18:40:49.527 D/KeyguardViewMediator(  258): setHidden false
02-13 18:40:49.527 D/KeyguardViewMediator(  258): setHidden false
02-13 18:40:49.557 D/KeyguardViewMediator(  258): setHidden false
02-13 18:40:49.598 D/Bitmap  (  332): Detect unrecycled bitmap.
02-13 18:40:49.598 D/Bitmap  (  332):       Size: 270080 Bytes, Width: 320 , Height: 211 , Hash code: 1079481120
02-13 18:40:49.598 D/Bitmap  (  332):  This bimap was created in:
02-13 18:40:49.598 D/Bitmap  (  332):       android.graphics.Bitmap.<init>(Bitmap.java:136)
02-13 18:40:49.598 D/Bitmap  (  332):       android.graphics.Bitmap.nativeCreate(Native Method)
02-13 18:40:49.598 D/Bitmap  (  332):       android.graphics.Bitmap.createBitmap(Bitmap.java:547)
02-13 18:40:49.598 D/Bitmap  (  332):       com.android.inputmethod.latin.LatinKeyboardBaseView.onBufferDraw(LatinKeyboardBaseView.java:775)
02-13 18:40:49.598 D/Bitmap  (  332):       com.android.inputmethod.latin.LatinKeyboardBaseView.onDraw(LatinKeyboardBaseView.java:763)
02-13 18:40:49.598 D/Bitmap  (  332):       android.view.View.draw(View.java:6880)
02-13 18:40:49.598 D/Bitmap  (  332):       com.android.inputmethod.latin.LatinKeyboardView.draw(LatinKeyboardView.java:353)
02-13 18:40:49.598 D/Bitmap  (  332):       android.view.ViewGroup.drawChild(ViewGroup.java:1649)
02-13 18:40:49.598 D/Bitmap  (  332):       android.view.ViewGroup.dispatchDraw(ViewGroup.java:1376)
02-13 18:40:49.598 D/Bitmap  (  332):       android.view.ViewGroup.drawChild(ViewGroup.java:1647)
02-13 18:40:49.598 D/Bitmap  (  332):       android.view.ViewGroup.dispatchDraw(ViewGroup.java:1376)
02-13 18:40:49.598 D/Bitmap  (  332):       android.view.ViewGroup.drawChild(ViewGroup.java:1647)
02-13 18:40:49.598 D/Bitmap  (  332):       android.view.ViewGroup.dispatchDraw(ViewGroup.java:1376)
02-13 18:40:49.598 D/Bitmap  (  332):       android.view.ViewGroup.drawChild(ViewGroup.java:1647)
02-13 18:40:49.598 D/Bitmap  (  332):       android.view.ViewGroup.dispatchDraw(ViewGroup.java:1376)
02-13 18:40:49.598 D/Bitmap  (  332):       android.view.View.draw(View.java:6883)
02-13 18:40:49.598 D/Bitmap  (  332):       android.widget.FrameLayout.draw(FrameLayout.java:357)
02-13 18:40:49.598 D/Bitmap  (  332):       com.android.internal.policy.impl.PhoneWindow$DecorView.draw(PhoneWindow.java:1866)
02-13 18:40:49.598 D/Bitmap  (  332):       android.view.ViewRoot.draw(ViewRoot.java:1526)
02-13 18:40:49.598 D/Bitmap  (  332):       android.view.ViewRoot.performTraversals(ViewRoot.java:1262)
02-13 18:40:49.598 D/Bitmap  (  332):       android.view.ViewRoot.handleMessage(ViewRoot.java:1864)
02-13 18:40:49.598 D/Bitmap  (  332):       android.os.Handler.dispatchMessage(Handler.java:99)
02-13 18:40:49.598 D/Bitmap  (  332):       android.os.Looper.loop(Looper.java:130)
02-13 18:40:49.598 D/Bitmap  (  332):       android.app.ActivityThread.main(ActivityThread.java:3704)
02-13 18:40:49.598 D/Bitmap  (  332):       java.lang.reflect.Method.invokeNative(Native Method)
02-13 18:40:49.598 D/Bitmap  (  332):       java.lang.reflect.Method.invoke(Method.java:507)
02-13 18:40:49.598 D/Bitmap  (  332):       com.android.internal.os.ZygoteInit$MethodAndArgsCaller.run(ZygoteInit.java:875)
02-13 18:40:49.598 D/Bitmap  (  332):       com.android.internal.os.ZygoteInit.main(ZygoteInit.java:633)
02-13 18:40:49.598 D/Bitmap  (  332):       dalvik.system.NativeStart.main(Native Method)
02-13 18:40:49.598 D/Bitmap  (  332): _
02-13 18:40:51.489 D/KeyguardViewMediator(  258): setHidden false
02-13 18:40:51.509 D/KeyguardViewMediator(  258): setHidden false
02-13 18:40:51.519 D/KeyguardViewMediator(  258): setHidden false
02-13 18:40:51.589 I/Mms/compose(  533): SLIDESHOW updateSendButtonState enable = true
02-13 18:40:51.589 I/Mms/compose(  533): SLIDESHOW setSendButtonText isMms = false
02-13 18:40:51.589 I/Mms/compose(  533): SLIDESHOW setSendButtonText isMms = false
02-13 18:40:51.650 D/KeyguardViewMediator(  258): setHidden false
02-13 18:40:51.670 D/KeyguardViewMediator(  258): setHidden false
02-13 18:40:51.680 D/KeyguardViewMediator(  258): setHidden false
02-13 18:40:51.690 D/KeyguardViewMediator(  258): setHidden false
02-13 18:40:51.700 D/KeyguardViewMediator(  258): setHidden false
02-13 18:40:51.710 D/KeyguardViewMediator(  258): setHidden false
02-13 18:40:51.730 D/KeyguardViewMediator(  258): setHidden false
02-13 18:40:51.750 D/KeyguardViewMediator(  258): setHidden false
02-13 18:40:51.750 D/KeyguardViewMediator(  258): setHidden false
02-13 18:40:51.760 I/Mms/compose(  533): SLIDESHOW updateSendButtonState enable = true
02-13 18:40:51.760 I/Mms/compose(  533): SLIDESHOW setSendButtonText isMms = false
02-13 18:40:51.760 I/Mms/compose(  533): SLIDESHOW setSendButtonText isMms = false
02-13 18:40:51.780 D/KeyguardViewMediator(  258): setHidden false
02-13 18:40:51.790 D/KeyguardViewMediator(  258): setHidden false
02-13 18:40:51.810 D/KeyguardViewMediator(  258): setHidden false
02-13 18:40:51.820 D/KeyguardViewMediator(  258): setHidden false
02-13 18:40:51.840 D/KeyguardViewMediator(  258): setHidden false
02-13 18:40:51.860 D/KeyguardViewMediator(  258): setHidden false
02-13 18:40:51.870 D/KeyguardViewMediator(  258): setHidden false
02-13 18:40:51.880 D/KeyguardViewMediator(  258): setHidden false
02-13 18:40:51.880 D/KeyguardViewMediator(  258): setHidden false
02-13 18:40:51.890 D/KeyguardViewMediator(  258): setHidden false
02-13 18:40:51.900 D/KeyguardViewMediator(  258): setHidden false
02-13 18:40:51.990 I/Mms/compose(  533): SLIDESHOW updateSendButtonState enable = true
02-13 18:40:51.990 I/Mms/compose(  533): SLIDESHOW setSendButtonText isMms = false
02-13 18:40:51.990 I/Mms/compose(  533): SLIDESHOW setSendButtonText isMms = false
02-13 18:40:52.010 D/KeyguardViewMediator(  258): setHidden false
02-13 18:40:52.020 D/KeyguardViewMediator(  258): setHidden false
02-13 18:40:52.040 D/KeyguardViewMediator(  258): setHidden false
02-13 18:40:52.050 D/KeyguardViewMediator(  258): setHidden false
02-13 18:40:52.060 D/KeyguardViewMediator(  258): setHidden false
02-13 18:40:52.060 D/KeyguardViewMediator(  258): setHidden false
02-13 18:40:52.080 D/KeyguardViewMediator(  258): setHidden false
02-13 18:40:52.100 D/PhoneApp(  337): updateProximitySensorMode: state = IDLE
02-13 18:40:52.110 D/PhoneApp(  337): updateProximitySensorMode: lock already released.
02-13 18:40:52.130 D/KeyguardViewMediator(  258): setHidden false
02-13 18:40:52.140 D/KeyguardViewMediator(  258): setHidden false
02-13 18:40:52.150 D/KeyguardViewMediator(  258): setHidden false
02-13 18:40:52.150 D/KeyguardViewMediator(  258): setHidden false
02-13 18:40:52.190 D/KeyguardViewMediator(  258): setHidden false
02-13 18:40:52.190 D/KeyguardViewMediator(  258): setHidden false
02-13 18:40:52.200 D/KeyguardViewMediator(  258): setHidden false
02-13 18:40:52.200 D/KeyguardViewMediator(  258): setHidden false
02-13 18:40:52.210 D/KeyguardViewMediator(  258): setHidden false
02-13 18:40:52.220 D/OmaDrmReceiver(  583): android.intent.action.CONFIGURATION_CHANGED
02-13 18:40:52.230 D/KeyguardViewMediator(  258): setHidden false
02-13 18:40:52.250 D/KeyguardViewMediator(  258): setHidden false
02-13 18:40:52.260 D/KeyguardViewMediator(  258): setHidden false
02-13 18:40:52.310 I/OmaDrmService(  583): Language changed!!!!!!
02-13 18:40:52.340 D/PhoneApp(  337): updateProximitySensorMode: state = IDLE
02-13 18:40:52.350 D/PhoneApp(  337): updateProximitySensorMode: lock already released.
02-13 18:40:52.360 D/KeyguardViewMediator(  258): setHidden false
02-13 18:40:52.380 D/KeyguardViewMediator(  258): setHidden false
02-13 18:40:52.380 D/KeyguardViewMediator(  258): setHidden false
02-13 18:40:52.390 D/KeyguardViewMediator(  258): setHidden false
02-13 18:40:52.390 D/KeyguardViewMediator(  258): setHidden false
02-13 18:40:52.410 D/KeyguardViewMediator(  258): setHidden false
02-13 18:40:52.410 D/KeyguardViewMediator(  258): setHidden false
02-13 18:40:52.420 D/KeyguardViewMediator(  258): setHidden false
02-13 18:40:52.440 D/KeyguardViewMediator(  258): setHidden false
02-13 18:40:52.450 D/KeyguardViewMediator(  258): setHidden false
02-13 18:40:52.490 D/KeyguardViewMediator(  258): setHidden false
02-13 18:40:52.520 D/Bitmap  (  332): Detect unrecycled bitmap.
02-13 18:40:52.520 D/Bitmap  (  332):       Size: 270080 Bytes, Width: 320 , Height: 211 , Hash code: 1079701488
02-13 18:40:52.520 D/Bitmap  (  332):  This bimap was created in:
02-13 18:40:52.520 D/Bitmap  (  332):       android.graphics.Bitmap.<init>(Bitmap.java:136)
02-13 18:40:52.520 D/Bitmap  (  332):       android.graphics.Bitmap.nativeCreate(Native Method)
02-13 18:40:52.520 D/Bitmap  (  332):       android.graphics.Bitmap.createBitmap(Bitmap.java:547)
02-13 18:40:52.520 D/Bitmap  (  332):       com.android.inputmethod.latin.LatinKeyboardBaseView.onBufferDraw(LatinKeyboardBaseView.java:775)
02-13 18:40:52.520 D/Bitmap  (  332):       com.android.inputmethod.latin.LatinKeyboardBaseView.onDraw(LatinKeyboardBaseView.java:763)
02-13 18:40:52.520 D/Bitmap  (  332):       android.view.View.draw(View.java:6880)
02-13 18:40:52.520 D/Bitmap  (  332):       com.android.inputmethod.latin.LatinKeyboardView.draw(LatinKeyboardView.java:353)
02-13 18:40:52.520 D/Bitmap  (  332):       android.view.ViewGroup.drawChild(ViewGroup.java:1649)
