02-13 18:46:15.085 D/Bitmap  (  332):       android.view.ViewGroup.drawChild(ViewGroup.java:1649)
02-13 18:46:15.085 D/Bitmap  (  332):       android.view.ViewGroup.dispatchDraw(ViewGroup.java:1376)
02-13 18:46:15.085 D/Bitmap  (  332):       android.view.ViewGroup.drawChild(ViewGroup.java:1647)
02-13 18:46:15.085 D/Bitmap  (  332):       android.view.ViewGroup.dispatchDraw(ViewGroup.java:1376)
02-13 18:46:15.085 D/Bitmap  (  332):       android.view.ViewGroup.drawChild(ViewGroup.java:1647)
02-13 18:46:15.085 D/Bitmap  (  332):       android.view.ViewGroup.dispatchDraw(ViewGroup.java:1376)
02-13 18:46:15.085 D/Bitmap  (  332):       android.view.ViewGroup.drawChild(ViewGroup.java:1647)
02-13 18:46:15.085 D/Bitmap  (  332):       android.view.ViewGroup.dispatchDraw(ViewGroup.java:1376)
02-13 18:46:15.085 D/Bitmap  (  332):       android.view.View.draw(View.java:6883)
02-13 18:46:15.085 D/Bitmap  (  332):       android.widget.FrameLayout.draw(FrameLayout.java:357)
02-13 18:46:15.085 D/Bitmap  (  332):       com.android.internal.policy.impl.PhoneWindow$DecorView.draw(PhoneWindow.java:1866)
02-13 18:46:15.085 D/Bitmap  (  332):       android.view.ViewRoot.draw(ViewRoot.java:1526)
02-13 18:46:15.085 D/Bitmap  (  332):       android.view.ViewRoot.performTraversals(ViewRoot.java:1262)
02-13 18:46:15.085 D/Bitmap  (  332):       android.view.ViewRoot.handleMessage(ViewRoot.java:1864)
02-13 18:46:15.085 D/Bitmap  (  332):       android.os.Handler.dispatchMessage(Handler.java:99)
02-13 18:46:15.085 D/Bitmap  (  332):       android.os.Looper.loop(Looper.java:130)
02-13 18:46:15.085 D/Bitmap  (  332):       android.app.ActivityThread.main(ActivityThread.java:3704)
02-13 18:46:15.085 D/Bitmap  (  332):       java.lang.reflect.Method.invokeNative(Native Method)
02-13 18:46:15.085 D/Bitmap  (  332):       java.lang.reflect.Method.invoke(Method.java:507)
02-13 18:46:15.085 D/Bitmap  (  332):       com.android.internal.os.ZygoteInit$MethodAndArgsCaller.run(ZygoteInit.java:875)
02-13 18:46:15.085 D/Bitmap  (  332):       com.android.internal.os.ZygoteInit.main(ZygoteInit.java:633)
02-13 18:46:15.085 D/Bitmap  (  332):       dalvik.system.NativeStart.main(Native Method)
02-13 18:46:15.085 D/Bitmap  (  332): _
02-13 18:46:15.095 D/Bitmap  (  332): Detect unrecycled bitmap.
02-13 18:46:15.095 D/Bitmap  (  332):       Size: 320640 Bytes, Width: 480 , Height: 167 , Hash code: 1080172368
02-13 18:46:15.095 D/Bitmap  (  332):  This bimap was created in:
02-13 18:46:15.095 D/Bitmap  (  332):       android.graphics.Bitmap.<init>(Bitmap.java:136)
02-13 18:46:15.095 D/Bitmap  (  332):       android.graphics.Bitmap.nativeCreate(Native Method)
02-13 18:46:15.095 D/Bitmap  (  332):       android.graphics.Bitmap.createBitmap(Bitmap.java:547)
02-13 18:46:15.095 D/Bitmap  (  332):       com.android.inputmethod.latin.LatinKeyboardBaseView.onBufferDraw(LatinKeyboardBaseView.java:775)
02-13 18:46:15.095 D/Bitmap  (  332):       com.android.inputmethod.latin.LatinKeyboardBaseView.onDraw(LatinKeyboardBaseView.java:763)
02-13 18:46:15.095 D/Bitmap  (  332):       android.view.View.draw(View.java:6880)
02-13 18:46:15.095 D/Bitmap  (  332):       com.android.inputmethod.latin.LatinKeyboardView.draw(LatinKeyboardView.java:353)
02-13 18:46:15.095 D/Bitmap  (  332):       android.view.ViewGroup.drawChild(ViewGroup.java:1649)
02-13 18:46:15.095 D/Bitmap  (  332):       android.view.ViewGroup.dispatchDraw(ViewGroup.java:1376)
02-13 18:46:15.095 D/Bitmap  (  332):       android.view.ViewGroup.drawChild(ViewGroup.java:1647)
02-13 18:46:15.095 D/Bitmap  (  332):       android.view.ViewGroup.dispatchDraw(ViewGroup.java:1376)
02-13 18:46:15.095 D/Bitmap  (  332):       android.view.ViewGroup.drawChild(ViewGroup.java:1647)
02-13 18:46:15.095 D/Bitmap  (  332):       android.view.ViewGroup.dispatchDraw(ViewGroup.java:1376)
02-13 18:46:15.095 D/Bitmap  (  332):       android.view.ViewGroup.drawChild(ViewGroup.java:1647)
02-13 18:46:15.095 D/Bitmap  (  332):       android.view.ViewGroup.dispatchDraw(ViewGroup.java:1376)
02-13 18:46:15.095 D/Bitmap  (  332):       android.view.View.draw(View.java:6883)
02-13 18:46:15.095 D/Bitmap  (  332):       android.widget.FrameLayout.draw(FrameLayout.java:357)
02-13 18:46:15.095 D/Bitmap  (  332):       com.android.internal.policy.impl.PhoneWindow$DecorView.draw(PhoneWindow.java:1866)
02-13 18:46:15.095 D/Bitmap  (  332):       android.view.ViewRoot.draw(ViewRoot.java:1526)
02-13 18:46:15.095 D/Bitmap  (  332):       android.view.ViewRoot.performTraversals(ViewRoot.java:1262)
02-13 18:46:15.095 D/Bitmap  (  332):       android.view.ViewRoot.handleMessage(ViewRoot.java:1864)
02-13 18:46:15.095 D/Bitmap  (  332):       android.os.Handler.dispatchMessage(Handler.java:99)
02-13 18:46:15.095 D/Bitmap  (  332):       android.os.Looper.loop(Looper.java:130)
02-13 18:46:15.095 D/Bitmap  (  332):       android.app.ActivityThread.main(ActivityThread.java:3704)
02-13 18:46:15.095 D/Bitmap  (  332):       java.lang.reflect.Method.invokeNative(Native Method)
02-13 18:46:15.095 D/Bitmap  (  332):       java.lang.reflect.Method.invoke(Method.java:507)
02-13 18:46:15.095 D/Bitmap  (  332):       com.android.internal.os.ZygoteInit$MethodAndArgsCaller.run(ZygoteInit.java:875)
02-13 18:46:15.095 D/Bitmap  (  332):       com.android.internal.os.ZygoteInit.main(ZygoteInit.java:633)
02-13 18:46:15.095 D/Bitmap  (  332):       dalvik.system.NativeStart.main(Native Method)
02-13 18:46:15.095 D/Bitmap  (  332): _
02-13 18:46:15.095 D/KeyguardViewMediator(  258): setHidden false
02-13 18:46:15.115 D/KeyguardViewMediator(  258): setHidden false
02-13 18:46:15.115 D/KeyguardViewMediator(  258): setHidden false
02-13 18:46:15.135 D/KeyguardViewMediator(  258): setHidden false
02-13 18:46:15.155 D/KeyguardViewMediator(  258): setHidden false
02-13 18:46:15.175 D/KeyguardViewMediator(  258): setHidden false
02-13 18:46:15.185 D/KeyguardViewMediator(  258): setHidden false
02-13 18:46:15.195 D/KeyguardViewMediator(  258): setHidden false
02-13 18:46:15.225 D/KeyguardViewMediator(  258): setHidden false
02-13 18:46:15.235 D/KeyguardViewMediator(  258): setHidden false
02-13 18:46:15.255 D/KeyguardViewMediator(  258): setHidden false
02-13 18:46:15.265 D/KeyguardViewMediator(  258): setHidden false
02-13 18:46:15.275 D/KeyguardViewMediator(  258): setHidden false
02-13 18:46:15.295 D/KeyguardViewMediator(  258): setHidden false
02-13 18:46:15.315 D/KeyguardViewMediator(  258): setHidden false
02-13 18:46:15.345 D/KeyguardViewMediator(  258): setHidden false
02-13 18:46:15.355 I/V3Client(  658): notf'n?
02-13 18:46:15.365 D/KeyguardViewMediator(  258): setHidden false
02-13 18:46:15.375 I/V3Client(  658): !control 0
02-13 18:46:15.385 D/KeyguardViewMediator(  258): setHidden false
02-13 18:46:15.395 E/HQB     (  533): onReceiveWithPrivilege  action received android.provider.Telephony.SMS_RECEIVED
02-13 18:46:15.405 D/SmsReceiverService(  533): isSelfRegSMS-teleService = 4098
02-13 18:46:15.405 D/SmsReceiverService(  533): first =0
02-13 18:46:15.405 D/SmsReceiverService(  533): possibleIndex =null
02-13 18:46:15.405 D/SmsReceiverService(  533): processed indexString =null
02-13 18:46:15.405 D/SmsReceiverService(  533): first =0
02-13 18:46:15.405 D/SmsReceiverService(  533): possibleIndex =null
02-13 18:46:15.405 D/SmsReceiverService(  533): processed indexString =null
02-13 18:46:15.415 D/MmsSmsProvider(  337): getThreadId:enter cursor.toAddressIds.size=1
02-13 18:46:15.415 D/MmsSmsProvider(  337): getThreadId:enter cursor.getCount()=1
02-13 18:46:15.415 D/MmsSmsProvider(  337): getThreadId:enter cursorAddr.getCount()=1needNewThread=false
02-13 18:46:15.425 I/ContactsProvider(  391): query: content://contacts/phones/filter/9137446943
02-13 18:46:15.425 E/ContactsProvider(  391): 101123 isCallerRegisterNeedSIMProc callerPid:337, acorePid:391
02-13 18:46:15.425 I/ContactsProvider(  391): query isCallerRegistered= true
02-13 18:46:15.425 I/ContactsProvider(  391): query forOnlyOneContactString= 0
02-13 18:46:15.475 D/Mms     (  533): formatTimeStampString1 ,when = 1329160934923
02-13 18:46:15.475 D/Mms     (  533): formatTimeStampString2 ,when = 1329160934923
02-13 18:46:15.475 D/MessageItem(  533): MessageItem ,expiryDate = 0
02-13 18:46:15.505 D/Mms     (  533): formatTimeStampString1 ,when = 1329180375417
02-13 18:46:15.505 D/Mms     (  533): formatTimeStampString2 ,when = 1329180375417
02-13 18:46:15.505 D/MessageItem(  533): MessageItem ,expiryDate = 0
02-13 18:46:15.505 D/Mms     (  533): formatTimeStampString1 ,when = 1329180316879
02-13 18:46:15.505 D/Mms     (  533): formatTimeStampString2 ,when = 1329180316879
02-13 18:46:15.515 D/Mms     (  533): formatTimeStampString1 ,when = 1329180206343
02-13 18:46:15.515 D/Mms     (  533): formatTimeStampString2 ,when = 1329180206343
02-13 18:46:15.515 D/MessageItem(  533): MessageItem ,expiryDate = 0
02-13 18:46:15.536 D/Mms     (  533): formatTimeStampString1 ,when = 1329160934923
02-13 18:46:15.536 D/Mms     (  533): formatTimeStampString2 ,when = 1329160934923
02-13 18:46:15.536 D/MessageItem(  533): MessageItem ,expiryDate = 0
02-13 18:46:15.546 D/Mms     (  533): formatTimeStampString1 ,when = 1329180375417
02-13 18:46:15.546 D/Mms     (  533): formatTimeStampString2 ,when = 1329180375417
02-13 18:46:15.546 D/MessageItem(  533): MessageItem ,expiryDate = 0
02-13 18:46:15.546 D/Mms     (  533): formatTimeStampString1 ,when = 1329180316879
02-13 18:46:15.546 D/Mms     (  533): formatTimeStampString2 ,when = 1329180316879
02-13 18:46:15.556 D/Mms     (  533): formatTimeStampString1 ,when = 1329180206343
02-13 18:46:15.556 D/Mms     (  533): formatTimeStampString2 ,when = 1329180206343
02-13 18:46:15.556 D/MessageItem(  533): MessageItem ,expiryDate = 0
02-13 18:46:15.596 D/Mms:app (  533): in getIconResourceId cmasNo =0
02-13 18:46:15.596 D/Mms:app (  533): in getIconResourceId cmasNo = 0, cancel(notificationId)
02-13 18:46:15.616 I/Mms     (  533): parseMmsAddress number=9137446943, length=10
02-13 18:46:15.616 I/ContactsProvider(  391): query: content://com.android.contacts/data
02-13 18:46:15.616 E/ContactsProvider(  391): 101123 isCallerRegisterNeedSIMProc callerPid:533, acorePid:391
02-13 18:46:15.616 I/ContactsProvider(  391): query isCallerRegistered= true
02-13 18:46:15.616 I/ContactsProvider(  391): query forOnlyOneContactString= 0
02-13 18:46:15.626 I/ContactsProvider(  391): query: content://com.android.contacts/contacts/223/photo
02-13 18:46:15.626 E/ContactsProvider(  391): 101123 isCallerRegisterNeedSIMProc callerPid:533, acorePid:391
02-13 18:46:15.626 I/ContactsProvider(  391): query isCallerRegistered= true
02-13 18:46:15.626 I/ContactsProvider(  391): query forOnlyOneContactString= 0
02-13 18:46:15.666 E/lights  (  258):   g_haveAmberLed=0
02-13 18:46:15.666 E/lights  (  258):   red=0
02-13 18:46:15.666 E/lights  (  258):   green=255
02-13 18:46:15.666 E/lights  (  258):   blink=1
02-13 18:46:15.696 D/KeyguardViewMediator(  258): setHidden false
02-13 18:46:15.696 D/KeyguardViewMediator(  258): setHidden false
02-13 18:46:15.816 D/DATA    (  337): [DSST(0)] pollstate() : reason = data network state changed
02-13 18:46:15.876 D/MobileDataStateTracker(  258): [hipri]  MobileDataStateReceiver onReceive(): Entry.
02-13 18:46:15.876 D/MobileDataStateTracker(  258): [hipri]  intent.getAction()= android.intent.action.SERVICE_STATE
02-13 18:46:15.876 D/MobileDataStateTracker(  258): [hipri]  mEnabled = false
02-13 18:46:15.876 D/MobileDataStateTracker(  258): [dun]  MobileDataStateReceiver onReceive(): Entry.
02-13 18:46:15.876 D/MobileDataStateTracker(  258): [dun]  intent.getAction()= android.intent.action.SERVICE_STATE
02-13 18:46:15.876 D/MobileDataStateTracker(  258): [dun]  mEnabled = false
02-13 18:46:15.876 D/Mms     (  533): currentRoamingStatus:1
02-13 18:46:15.876 D/MobileDataStateTracker(  258): [supl]  MobileDataStateReceiver onReceive(): Entry.
02-13 18:46:15.876 D/MobileDataStateTracker(  258): [supl]  intent.getAction()= android.intent.action.SERVICE_STATE
02-13 18:46:15.876 D/MobileDataStateTracker(  258): [supl]  mEnabled = false
02-13 18:46:15.886 D/MobileDataStateTracker(  258): [mms]  MobileDataStateReceiver onReceive(): Entry.
02-13 18:46:15.886 D/MobileDataStateTracker(  258): [mms]  intent.getAction()= android.intent.action.SERVICE_STATE
02-13 18:46:15.886 D/MobileDataStateTracker(  258): [mms]  mEnabled = false
02-13 18:46:15.886 D/MobileDataStateTracker(  258): [default]  MobileDataStateReceiver onReceive(): Entry.
02-13 18:46:15.886 D/MobileDataStateTracker(  258): [default]  intent.getAction()= android.intent.action.SERVICE_STATE
02-13 18:46:15.886 D/MobileDataStateTracker(  258): [default]  mEnabled = true
02-13 18:46:15.886 D/CallManager(  337):  handleMessage (EVENT_SERVICE_STATE_CHANGED)
02-13 18:46:15.886 E/BT HS/HF(  337): SERVICE_STATE_CHANGED called
02-13 18:46:15.886 E/BT HS/HF(  337): updateServiceState called, sendUpdate:false  ServiceState:0 home Sprint  310099  EvDo rev. A CSS not supported 41 4139RoamInd: 1RoamStatus(sprint): 1DefRoamInd: 160EmergOnly: false
02-13 18:46:15.886 E/BT HS/HF(  337): service:1 mService:1
02-13 18:46:15.896 D/DATA    (  337): [DSST(0)]  registrationState = 1  radioTechnology = 8 reasonForDenial = 0
02-13 18:46:15.896 D/DATA    (  337): [DSST(0)]  set mNewDataConnectionState = 0
02-13 18:46:15.896 D/DATA    (  337): [DSST(0)]  mNewDataConnectionState : 0  mDataConnectionState : 0
02-13 18:46:15.896 D/DATA    (  337): [DSST(0)] Poll ServiceState done: oldSS=[0 home null null null  EvDo rev. A CSS not supported -1 -1RoamInd: -1RoamStatus(sprint): -1DefRoamInd: -1EmergOnly: false] newSS=[0 home null null null  EvDo rev. A CSS not supported -1 -1RoamInd: -1RoamStatus(sprint): -1DefRoamInd: -1EmergOnly: false]
02-13 18:46:15.896 D/DATA    (  337): [DSST(0)]  mDataConnectionState = 0
02-13 18:46:16.937 I/vDM     (  476): KeyCode = 4
02-13 18:46:16.937 I/vDM     (  476): Vdmc getInstance
02-13 18:46:16.947 I/vDM     (  476): Vdmc getInstance
02-13 18:46:16.947 D/DMC     (  476): MyCIMMI getInstance
02-13 18:46:16.947 I/vDM     (  476): Vdmc getInstance
02-13 18:46:17.077 I/vDM     (  476): KeyCode = 4
02-13 18:46:17.087 D/KeyguardViewMediator(  258): setHidden false
02-13 18:46:17.087 D/DATA    (  337): [DSST(0)] pollstate() : reason = data network state changed
02-13 18:46:17.107 D/KeyguardViewMediator(  258): setHidden false
02-13 18:46:17.117 D/MobileDataStateTracker(  258): [hipri]  MobileDataStateReceiver onReceive(): Entry.
02-13 18:46:17.117 D/MobileDataStateTracker(  258): [hipri]  intent.getAction()= android.intent.action.SERVICE_STATE
02-13 18:46:17.117 D/MobileDataStateTracker(  258): [hipri]  mEnabled = false
02-13 18:46:17.117 D/KeyguardViewMediator(  258): setHidden false
02-13 18:46:17.127 D/MobileDataStateTracker(  258): [dun]  MobileDataStateReceiver onReceive(): Entry.
02-13 18:46:17.127 D/MobileDataStateTracker(  258): [dun]  intent.getAction()= android.intent.action.SERVICE_STATE
02-13 18:46:17.127 D/MobileDataStateTracker(  258): [dun]  mEnabled = false
02-13 18:46:17.127 D/MobileDataStateTracker(  258): [supl]  MobileDataStateReceiver onReceive(): Entry.
02-13 18:46:17.127 D/MobileDataStateTracker(  258): [supl]  intent.getAction()= android.intent.action.SERVICE_STATE
02-13 18:46:17.127 D/MobileDataStateTracker(  258): [supl]  mEnabled = false
02-13 18:46:17.127 D/MobileDataStateTracker(  258): [mms]  MobileDataStateReceiver onReceive(): Entry.
02-13 18:46:17.127 D/MobileDataStateTracker(  258): [mms]  intent.getAction()= android.intent.action.SERVICE_STATE
02-13 18:46:17.127 D/MobileDataStateTracker(  258): [mms]  mEnabled = false
02-13 18:46:17.137 D/MobileDataStateTracker(  258): [default]  MobileDataStateReceiver onReceive(): Entry.
02-13 18:46:17.137 D/MobileDataStateTracker(  258): [default]  intent.getAction()= android.intent.action.SERVICE_STATE
02-13 18:46:17.137 D/MobileDataStateTracker(  258): [default]  mEnabled = true
02-13 18:46:17.137 D/Mms     (  533): currentRoamingStatus:1
02-13 18:46:17.137 D/KeyguardViewMediator(  258): setHidden false
02-13 18:46:17.147 D/DATA    (  337): [DSST(0)]  registrationState = 1  radioTechnology = 8 reasonForDenial = 0
02-13 18:46:17.147 D/DATA    (  337): [DSST(0)]  set mNewDataConnectionState = 0
02-13 18:46:17.147 D/DATA    (  337): [DSST(0)]  mNewDataConnectionState : 0  mDataConnectionState : 0
02-13 18:46:17.147 D/DATA    (  337): [DSST(0)] Poll ServiceState done: oldSS=[0 home null null null  EvDo rev. A CSS not supported -1 -1RoamInd: -1RoamStatus(sprint): -1DefRoamInd: -1EmergOnly: false] newSS=[0 home null null null  EvDo rev. A CSS not supported -1 -1RoamInd: -1RoamStatus(sprint): -1DefRoamInd: -1EmergOnly: false]
02-13 18:46:17.147 D/DATA    (  337): [DSST(0)]  mDataConnectionState = 0
02-13 18:46:17.147 D/CallManager(  337):  handleMessage (EVENT_SERVICE_STATE_CHANGED)
02-13 18:46:17.147 E/BT HS/HF(  337): SERVICE_STATE_CHANGED called
02-13 18:46:17.147 E/BT HS/HF(  337): updateServiceState called, sendUpdate:false  ServiceState:0 home Sprint  310099  EvDo rev. A CSS not supported 41 4139RoamInd: 1RoamStatus(sprint): 1DefRoamInd: 160EmergOnly: false
02-13 18:46:17.147 E/BT HS/HF(  337): service:1 mService:1
02-13 18:46:17.157 D/KeyguardViewMediator(  258): setHidden false
02-13 18:46:17.157 I/vDM     (  476): Vdmc getInstance
02-13 18:46:17.157 I/vDM     (  476): Vdmc getInstance
02-13 18:46:17.157 D/DMC     (  476): MyCIMMI getInstance
02-13 18:46:17.157 I/vDM     (  476): Vdmc getInstance
02-13 18:46:17.167 D/KeyguardViewMediator(  258): setHidden false
02-13 18:46:17.187 D/KeyguardViewMediator(  258): setHidden false
02-13 18:46:17.207 D/KeyguardViewMediator(  258): setHidden false
02-13 18:46:17.227 D/KeyguardViewMediator(  258): setHidden false
02-13 18:46:17.237 D/KeyguardViewMediator(  258): setHidden false
02-13 18:46:17.247 D/KeyguardViewMediator(  258): setHidden false
02-13 18:46:19.119 D/DATA    (  337): [DSST(0)] pollstate() : reason = data network state changed
02-13 18:46:19.169 D/MobileDataStateTracker(  258): [hipri]  MobileDataStateReceiver onReceive(): Entry.
02-13 18:46:19.169 D/MobileDataStateTracker(  258): [hipri]  intent.getAction()= android.intent.action.SERVICE_STATE
02-13 18:46:19.169 D/MobileDataStateTracker(  258): [hipri]  mEnabled = false
02-13 18:46:19.179 D/MobileDataStateTracker(  258): [dun]  MobileDataStateReceiver onReceive(): Entry.
02-13 18:46:19.179 D/MobileDataStateTracker(  258): [dun]  intent.getAction()= android.intent.action.SERVICE_STATE
02-13 18:46:19.179 D/MobileDataStateTracker(  258): [dun]  mEnabled = false
02-13 18:46:19.179 D/Mms     (  533): currentRoamingStatus:1
02-13 18:46:19.179 D/MobileDataStateTracker(  258): [supl]  MobileDataStateReceiver onReceive(): Entry.
02-13 18:46:19.179 D/MobileDataStateTracker(  258): [supl]  intent.getAction()= android.intent.action.SERVICE_STATE
02-13 18:46:19.179 D/MobileDataStateTracker(  258): [supl]  mEnabled = false
02-13 18:46:19.179 D/MobileDataStateTracker(  258): [mms]  MobileDataStateReceiver onReceive(): Entry.
02-13 18:46:19.179 D/MobileDataStateTracker(  258): [mms]  intent.getAction()= android.intent.action.SERVICE_STATE
02-13 18:46:19.179 D/MobileDataStateTracker(  258): [mms]  mEnabled = false
02-13 18:46:19.179 D/MobileDataStateTracker(  258): [default]  MobileDataStateReceiver onReceive(): Entry.
02-13 18:46:19.189 D/MobileDataStateTracker(  258): [default]  intent.getAction()= android.intent.action.SERVICE_STATE
02-13 18:46:19.189 D/MobileDataStateTracker(  258): [default]  mEnabled = true
02-13 18:46:19.189 D/CallManager(  337):  handleMessage (EVENT_SERVICE_STATE_CHANGED)
02-13 18:46:19.189 E/BT HS/HF(  337): SERVICE_STATE_CHANGED called
02-13 18:46:19.189 E/BT HS/HF(  337): updateServiceState called, sendUpdate:false  ServiceState:0 home Sprint  310099  EvDo rev. A CSS not supported 41 4139RoamInd: 1RoamStatus(sprint): 1DefRoamInd: 160EmergOnly: false
02-13 18:46:19.189 E/BT HS/HF(  337): service:1 mService:1
02-13 18:46:19.199 D/DATA    (  337): [DSST(0)]  registrationState = 1  radioTechnology = 8 reasonForDenial = 0
02-13 18:46:19.199 D/DATA    (  337): [DSST(0)]  set mNewDataConnectionState = 0
02-13 18:46:19.199 D/DATA    (  337): [DSST(0)]  mNewDataConnectionState : 0  mDataConnectionState : 0
02-13 18:46:19.199 D/DATA    (  337): [DSST(0)] Poll ServiceState done: oldSS=[0 home null null null  EvDo rev. A CSS not supported -1 -1RoamInd: -1RoamStatus(sprint): -1DefRoamInd: -1EmergOnly: false] newSS=[0 home null null null  EvDo rev. A CSS not supported -1 -1RoamInd: -1RoamStatus(sprint): -1DefRoamInd: -1EmergOnly: false]
02-13 18:46:19.199 D/DATA    (  337): [DSST(0)]  mDataConnectionState = 0
02-13 18:46:20.050 E/lights  (  258):   g_haveAmberLed=0
02-13 18:46:20.050 E/lights  (  258):   red=255
02-13 18:46:20.050 E/lights  (  258):   green=255
02-13 18:46:20.050 E/lights  (  258):   blink=0
02-13 18:46:20.060 D/KeyguardViewMediator(  258): setHidden false
02-13 18:46:20.090 D/KeyguardViewMediator(  258): setHidden false
02-13 18:46:20.170 D/KeyguardViewMediator(  258): setHidden false
02-13 18:46:20.170 D/KeyguardViewMediator(  258): setHidden false
02-13 18:46:20.200 D/KeyguardViewMediator(  258): setHidden false
02-13 18:46:20.210 D/KeyguardViewMediator(  258): setHidden false
02-13 18:46:20.220 D/KeyguardViewMediator(  258): setHidden false
02-13 18:46:20.240 D/KeyguardViewMediator(  258): setHidden false
02-13 18:46:20.240 D/KeyguardViewMediator(  258): setHidden false
02-13 18:46:20.270 D/KeyguardViewMediator(  258): setHidden false
02-13 18:46:20.270 D/KeyguardViewMediator(  258): setHidden false
02-13 18:46:20.280 D/KeyguardViewMediator(  258): setHidden false
02-13 18:46:20.290 D/KeyguardViewMediator(  258): setHidden false
02-13 18:46:21.051 D/KeyguardViewMediator(  258): setHidden false
02-13 18:46:21.051 D/KeyguardViewMediator(  258): setHidden false
02-13 18:46:21.061 D/KeyguardViewMediator(  258): setHidden false
02-13 18:46:21.071 D/DATA    (  337): [DSST(0)] pollstate() : reason = data network state changed
02-13 18:46:21.091 D/KeyguardViewMediator(  258): setHidden false
02-13 18:46:21.131 D/MobileDataStateTracker(  258): [hipri]  MobileDataStateReceiver onReceive(): Entry.
02-13 18:46:21.131 D/MobileDataStateTracker(  258): [hipri]  intent.getAction()= android.intent.action.SERVICE_STATE
02-13 18:46:21.131 D/MobileDataStateTracker(  258): [hipri]  mEnabled = false
02-13 18:46:21.131 D/MobileDataStateTracker(  258): [dun]  MobileDataStateReceiver onReceive(): Entry.
02-13 18:46:21.131 D/MobileDataStateTracker(  258): [dun]  intent.getAction()= android.intent.action.SERVICE_STATE
02-13 18:46:21.131 D/MobileDataStateTracker(  258): [dun]  mEnabled = false
02-13 18:46:21.141 D/KeyguardViewMediator(  258): setHidden false
02-13 18:46:21.141 D/MobileDataStateTracker(  258): [supl]  MobileDataStateReceiver onReceive(): Entry.
02-13 18:46:21.141 D/MobileDataStateTracker(  258): [supl]  intent.getAction()= android.intent.action.SERVICE_STATE
02-13 18:46:21.141 D/MobileDataStateTracker(  258): [supl]  mEnabled = false
02-13 18:46:21.141 D/CallManager(  337):  handleMessage (EVENT_SERVICE_STATE_CHANGED)
02-13 18:46:21.141 E/BT HS/HF(  337): SERVICE_STATE_CHANGED called
02-13 18:46:21.141 E/BT HS/HF(  337): updateServiceState called, sendUpdate:false  ServiceState:0 home Sprint  310099  EvDo rev. A CSS not supported 41 4139RoamInd: 1RoamStatus(sprint): 1DefRoamInd: 160EmergOnly: false
02-13 18:46:21.141 E/BT HS/HF(  337): service:1 mService:1
02-13 18:46:21.141 D/DATA    (  337): [DSST(0)]  registrationState = 1  radioTechnology = 8 reasonForDenial = 0
02-13 18:46:21.141 D/DATA    (  337): [DSST(0)]  set mNewDataConnectionState = 0
02-13 18:46:21.141 D/DATA    (  337): [DSST(0)]  mNewDataConnectionState : 0  mDataConnectionState : 0
02-13 18:46:21.141 D/DATA    (  337): [DSST(0)] Poll ServiceState done: oldSS=[0 home null null null  EvDo rev. A CSS not supported -1 -1RoamInd: -1RoamStatus(sprint): -1DefRoamInd: -1EmergOnly: false] newSS=[0 home null null null  EvDo rev. A CSS not supported -1 -1RoamInd: -1RoamStatus(sprint): -1DefRoamInd: -1EmergOnly: false]
02-13 18:46:21.141 D/DATA    (  337): [DSST(0)]  mDataConnectionState = 0
02-13 18:46:21.151 D/Mms     (  533): currentRoamingStatus:1
02-13 18:46:21.151 D/MobileDataStateTracker(  258): [mms]  MobileDataStateReceiver onReceive(): Entry.
02-13 18:46:21.151 D/MobileDataStateTracker(  258): [mms]  intent.getAction()= android.intent.action.SERVICE_STATE
02-13 18:46:21.151 D/MobileDataStateTracker(  258): [mms]  mEnabled = false
02-13 18:46:21.161 D/MobileDataStateTracker(  258): [default]  MobileDataStateReceiver onReceive(): Entry.
02-13 18:46:21.161 D/MobileDataStateTracker(  258): [default]  intent.getAction()= android.intent.action.SERVICE_STATE
02-13 18:46:21.161 D/MobileDataStateTracker(  258): [default]  mEnabled = true
02-13 18:46:21.161 D/KeyguardViewMediator(  258): setHidden false
02-13 18:46:21.171 D/KeyguardViewMediator(  258): setHidden false
02-13 18:46:21.181 D/KeyguardViewMediator(  258): setHidden false
02-13 18:46:21.191 D/KeyguardViewMediator(  258): setHidden false
02-13 18:46:21.201 D/KeyguardViewMediator(  258): setHidden false
02-13 18:46:21.211 D/KeyguardViewMediator(  258): setHidden false
02-13 18:46:21.251 D/Mms     (  533): [61] markAsRead: update read/seen for thread uri: content://mms-sms/conversations/1
02-13 18:46:21.261 E/Database(  337): Error updating seen=1 read=1 using UPDATE threads SET seen=?, read=? WHERE _id=1
02-13 18:46:21.301 I/Mms:app (  533): pengzhe updateDownloadFailedNotification getDownloadFailedMessageCount =0
02-13 18:46:21.321 D/Mms:app (  533): mCmasCursor.getCount() =0
02-13 18:46:21.321 D/Mms:app (  533): in updateCmasNotifications--unreadCMASCursor.getCount() <= 0
02-13 18:46:21.341 D/Mms     (  533): formatTimeStampString1 ,when = 1329180375417
02-13 18:46:21.341 D/Mms     (  533): formatTimeStampString2 ,when = 1329180375417
02-13 18:46:21.341 D/MessageItem(  533): MessageItem ,expiryDate = 0
02-13 18:46:21.351 D/Mms     (  533): formatTimeStampString1 ,when = 1329180316879
02-13 18:46:21.351 D/Mms     (  533): formatTimeStampString2 ,when = 1329180316879
02-13 18:46:21.401 I/Mms:app (  533): pengzhe updateDownloadFailedNotification getDownloadFailedMessageCount =0
02-13 18:46:21.411 D/Mms     (  533): formatTimeStampString1 ,when = 1329180206343
02-13 18:46:21.411 D/Mms     (  533): formatTimeStampString2 ,when = 1329180206343
02-13 18:46:21.411 D/MessageItem(  533): MessageItem ,expiryDate = 0
02-13 18:46:21.441 D/Mms     (  533): formatTimeStampString1 ,when = 1329180375417
02-13 18:46:21.441 D/Mms     (  533): formatTimeStampString2 ,when = 1329180375417
02-13 18:46:21.441 D/MessageItem(  533): MessageItem ,expiryDate = 0
02-13 18:46:21.481 D/Mms     (  533): formatTimeStampString1 ,when = 1329180316879
02-13 18:46:21.481 D/Mms     (  533): formatTimeStampString2 ,when = 1329180316879
02-13 18:46:21.491 D/Mms     (  533): formatTimeStampString1 ,when = 1329180206343
02-13 18:46:21.491 D/Mms     (  533): formatTimeStampString2 ,when = 1329180206343
02-13 18:46:21.491 D/MessageItem(  533): MessageItem ,expiryDate = 0
02-13 18:46:21.531 D/Mms     (  533): formatTimeStampString1 ,when = 1329180375417
02-13 18:46:21.531 D/Mms     (  533): formatTimeStampString2 ,when = 1329180375417
02-13 18:46:21.531 D/MessageItem(  533): MessageItem ,expiryDate = 0
02-13 18:46:21.541 D/Mms     (  533): formatTimeStampString1 ,when = 1329180316879
02-13 18:46:21.541 D/Mms     (  533): formatTimeStampString2 ,when = 1329180316879
02-13 18:46:21.571 D/Mms     (  533): formatTimeStampString1 ,when = 1329180206343
02-13 18:46:21.571 D/Mms     (  533): formatTimeStampString2 ,when = 1329180206343
02-13 18:46:21.571 D/MessageItem(  533): MessageItem ,expiryDate = 0
02-13 18:46:23.433 D/DATA    (  337): [DSST(0)] pollstate() : reason = data network state changed
02-13 18:46:23.493 D/MobileDataStateTracker(  258): [hipri]  MobileDataStateReceiver onReceive(): Entry.
02-13 18:46:23.493 D/MobileDataStateTracker(  258): [hipri]  intent.getAction()= android.intent.action.SERVICE_STATE
02-13 18:46:23.493 D/MobileDataStateTracker(  258): [hipri]  mEnabled = false
02-13 18:46:23.493 D/MobileDataStateTracker(  258): [dun]  MobileDataStateReceiver onReceive(): Entry.
02-13 18:46:23.493 D/MobileDataStateTracker(  258): [dun]  intent.getAction()= android.intent.action.SERVICE_STATE
02-13 18:46:23.493 D/MobileDataStateTracker(  258): [dun]  mEnabled = false
02-13 18:46:23.493 D/Mms     (  533): currentRoamingStatus:1
02-13 18:46:23.493 D/MobileDataStateTracker(  258): [supl]  MobileDataStateReceiver onReceive(): Entry.
02-13 18:46:23.493 D/MobileDataStateTracker(  258): [supl]  intent.getAction()= android.intent.action.SERVICE_STATE
02-13 18:46:23.493 D/MobileDataStateTracker(  258): [supl]  mEnabled = false
02-13 18:46:23.503 D/MobileDataStateTracker(  258): [mms]  MobileDataStateReceiver onReceive(): Entry.
02-13 18:46:23.503 D/MobileDataStateTracker(  258): [mms]  intent.getAction()= android.intent.action.SERVICE_STATE
02-13 18:46:23.503 D/MobileDataStateTracker(  258): [mms]  mEnabled = false
02-13 18:46:23.503 D/MobileDataStateTracker(  258): [default]  MobileDataStateReceiver onReceive(): Entry.
02-13 18:46:23.503 D/CallManager(  337):  handleMessage (EVENT_SERVICE_STATE_CHANGED)
02-13 18:46:23.503 E/BT HS/HF(  337): SERVICE_STATE_CHANGED called
02-13 18:46:23.503 E/BT HS/HF(  337): updateServiceState called, sendUpdate:false  ServiceState:0 home Sprint  310099  EvDo rev. A CSS not supported 41 4139RoamInd: 1RoamStatus(sprint): 1DefRoamInd: 160EmergOnly: false
02-13 18:46:23.503 D/MobileDataStateTracker(  258): [default]  intent.getAction()= android.intent.action.SERVICE_STATE
02-13 18:46:23.503 D/MobileDataStateTracker(  258): [default]  mEnabled = true
02-13 18:46:23.503 E/BT HS/HF(  337): service:1 mService:1
02-13 18:46:23.503 D/DATA    (  337): [DSST(0)]  registrationState = 1  radioTechnology = 8 reasonForDenial = 0
02-13 18:46:23.503 D/DATA    (  337): [DSST(0)]  set mNewDataConnectionState = 0
02-13 18:46:23.513 D/DATA    (  337): [DSST(0)]  mNewDataConnectionState : 0  mDataConnectionState : 0
02-13 18:46:23.513 D/DATA    (  337): [DSST(0)] Poll ServiceState done: oldSS=[0 home null null null  EvDo rev. A CSS not supported -1 -1RoamInd: -1RoamStatus(sprint): -1DefRoamInd: -1EmergOnly: false] newSS=[0 home null null null  EvDo rev. A CSS not supported -1 -1RoamInd: -1RoamStatus(sprint): -1DefRoamInd: -1EmergOnly: false]
02-13 18:46:23.513 D/DATA    (  337): [DSST(0)]  mDataConnectionState = 0
02-13 18:46:24.504 D/Mms:app (  533): mCmasCursor.getCount() =0
02-13 18:46:24.504 D/Mms:app (  533): in updateCmasNotifications--unreadCMASCursor.getCount() <= 0
02-13 18:46:24.524 I/Mms:app (  533): pengzhe updateDownloadFailedNotification getDownloadFailedMessageCount =0
02-13 18:46:24.574 D/KeyguardViewMediator(  258): setHidden false
02-13 18:46:24.584 D/KeyguardViewMediator(  258): setHidden false
02-13 18:46:24.584 D/KeyguardViewMediator(  258): setHidden false
02-13 18:46:24.594 D/KeyguardViewMediator(  258): setHidden false
02-13 18:46:24.604 D/KeyguardViewMediator(  258): setHidden false
02-13 18:46:24.604 D/KeyguardViewMediator(  258): setHidden false
02-13 18:46:24.604 D/KeyguardViewMediator(  258): setHidden false
02-13 18:46:24.624 D/KeyguardViewMediator(  258): setHidden false
02-13 18:46:24.634 D/KeyguardViewMediator(  258): setHidden false
02-13 18:46:24.644 D/KeyguardViewMediator(  258): setHidden false
02-13 18:46:24.654 D/KeyguardViewMediator(  258): setHidden false
02-13 18:46:24.684 D/KeyguardViewMediator(  258): setHidden false
02-13 18:46:24.694 D/KeyguardViewMediator(  258): setHidden false
02-13 18:46:24.704 D/KeyguardViewMediator(  258): setHidden false
02-13 18:46:24.734 D/KeyguardViewMediator(  258): setHidden false
02-13 18:46:24.734 D/KeyguardViewMediator(  258): setHidden false
02-13 18:46:24.755 D/KeyguardViewMediator(  258): setHidden false
02-13 18:46:24.775 D/KeyguardViewMediator(  258): setHidden false
02-13 18:46:24.785 D/KeyguardViewMediator(  258): setHidden false
02-13 18:46:24.805 D/KeyguardViewMediator(  258): setHidden false
02-13 18:46:24.815 D/KeyguardViewMediator(  258): setHidden false
02-13 18:46:24.835 D/KeyguardViewMediator(  258): setHidden false
02-13 18:46:24.855 D/KeyguardViewMediator(  258): setHidden false
02-13 18:46:24.865 D/KeyguardViewMediator(  258): setHidden false
02-13 18:46:24.885 D/KeyguardViewMediator(  258): setHidden false
02-13 18:46:24.905 D/KeyguardViewMediator(  258): setHidden false
02-13 18:46:24.925 D/KeyguardViewMediator(  258): setHidden false
02-13 18:46:24.935 D/KeyguardViewMediator(  258): setHidden false
02-13 18:46:27.077 I/vDM     (  476): KeyCode = 4
02-13 18:46:27.077 I/vDM     (  476): Vdmc getInstance
02-13 18:46:27.077 I/vDM     (  476): Vdmc getInstance
02-13 18:46:27.077 D/DMC     (  476): MyCIMMI getInstance
02-13 18:46:27.087 I/vDM     (  476): Vdmc getInstance
02-13 18:46:27.177 I/vDM     (  476): KeyCode = 4
02-13 18:46:27.177 D/KeyguardViewMediator(  258): setHidden false
02-13 18:46:27.187 I/vDM     (  476): Vdmc getInstance
02-13 18:46:27.187 I/vDM     (  476): Vdmc getInstance
02-13 18:46:27.187 D/DMC     (  476): MyCIMMI getInstance
02-13 18:46:27.187 I/vDM     (  476): Vdmc getInstance
02-13 18:46:27.197 D/KeyguardViewMediator(  258): setHidden false
02-13 18:46:27.217 D/KeyguardViewMediator(  258): setHidden false
02-13 18:46:27.237 D/KeyguardViewMediator(  258): setHidden false
02-13 18:46:27.247 D/KeyguardViewMediator(  258): setHidden false
02-13 18:46:27.257 D/KeyguardViewMediator(  258): setHidden false
02-13 18:46:27.277 D/KeyguardViewMediator(  258): setHidden false
02-13 18:46:27.297 D/KeyguardViewMediator(  258): setHidden false
02-13 18:46:27.307 D/KeyguardViewMediator(  258): setHidden false
02-13 18:46:27.327 D/KeyguardViewMediator(  258): setHidden false
02-13 18:46:27.347 D/KeyguardViewMediator(  258): setHidden false
02-13 18:46:27.357 D/KeyguardViewMediator(  258): setHidden false
02-13 18:46:32.482 I/vDM     (  476): KeyCode = 26
02-13 18:46:32.622 D/PowerManagerService(  258): Go to sleep-->
02-13 18:46:32.622 D/PowerManagerService(  258): setPowerState: mPowerState=0x3 newState=0x0 noChangeLights=false reason=2
02-13 18:46:32.632 I/vDM     (  476): KeyCode = 26
02-13 18:46:32.852 D/PowerManagerService(  258): acquireWakeLock flags=0x1 tag=sleep_broadcast
02-13 18:46:32.862 D/PowerManagerService(  258): Go to standby ,PARTIAL_WAKE_LOCK tag = sleep_broadcast
02-13 18:46:32.862 D/KeyguardViewMediator(  258): onScreenTurnedOff(2)
02-13 18:46:32.862 D/lisha   (  258): isLockedOrMissing ***state.isPinLocked()=false***requireSim = true***state=READY
02-13 18:46:32.862 D/lisha   (  258): ***lockedOrMissing=false***provisioned=true
02-13 18:46:32.862 D/KeyguardViewMediator(  258): doKeyguard: showing the lock screen
02-13 18:46:32.862 D/KeyguardViewMediator(  258): showLocked
02-13 18:46:32.862 D/PowerManagerService(  258): acquireWakeLock flags=0x1 tag=show keyguard
02-13 18:46:32.862 D/KeyguardViewMediator(  258): handleShow
02-13 18:46:32.872 I/LockPatternKeyguardView(  258): updateLockscreenBackground
02-13 18:46:32.872 I/LockPatternKeyguardView(  258): setBackgroundDrawable
02-13 18:46:32.872 I/LockPatternKeyguardView(  258): file not found: etc/customize/default_lockscreen
02-13 18:46:32.882 E/Sensors (  258): [HAL]ready to call enable(Accelerometer,0),AAAAAAAA
02-13 18:46:32.882 E/Sensors (  258): [HAL]ECS_IOCTL_APP_SET_AFLAG 	success,flags = 0
02-13 18:46:32.882 E/Sensors (  258): [HAL]After {mEnabled &= ~(1<<what)},mEnabled = 0
02-13 18:46:32.882 E/Sensors (  258): [HAL]After {(newState)<<what)},mEnabled = 0
02-13 18:46:32.882 E/Sensors (  258): [HAL]Closed /dev/akm8962_aot in enable(Accelerometer,0),mEnable = 0
02-13 18:46:32.892 D/PowerManagerService(  258): acquireWakeLock flags=0x1 tag=ActivityManager-Sleep
02-13 18:46:32.942 D/PowerManagerService(  258): acquireWakeLock flags=0x1 tag=RILJ
02-13 18:46:32.942 I/DATA    (  337): [DCT(0) ] intent received :android.intent.action.SCREEN_OFF
02-13 18:46:32.942 D/PowerManagerService(  258): releaseWakeLock flags=0x1 tag=RILJ
02-13 18:46:32.952 D/PowerManagerService(  258): releaseWakeLock flags=0x1 tag=ActivityManager-Sleep
02-13 18:46:32.963 D/AlarmManager(  258): +++Alarm set:type=0 android  Trigger after:119999ms
02-13 18:46:32.963 D/PowerManagerService(  258): releaseWakeLock flags=0x1 tag=sleep_broadcast
02-13 18:46:33.003 D/LockScreen(  258): initCarrierVisibility - mResId.length=2, mCarrier.length=1
02-13 18:46:33.023 D/LockScreen(  258): updateLayout: status=Normalsubscription=0
02-13 18:46:33.023 D/LockScreen(  258): Updating Lock Screen text to Ruim
02-13 18:46:33.033 D/LockPatternKeyguardView(  258): LockPatternKeyguardView ctor: about to createUnlockScreenFor; mEnableFallback=false
02-13 18:46:33.033 D/UnlockScreen(  258): *******mCreationOrientation = 2
02-13 18:46:33.103 D/Bitmap  (  258): Detect unrecycled bitmap.
02-13 18:46:33.103 D/Bitmap  (  258):       Size: 39744 Bytes, Width: 108 , Height: 92 , Hash code: 1082692176
02-13 18:46:33.103 D/Bitmap  (  258):  This bimap was created in:
02-13 18:46:33.103 D/Bitmap  (  258):       android.graphics.Bitmap.<init>(Bitmap.java:136)
02-13 18:46:33.103 D/Bitmap  (  258):       android.graphics.BitmapFactory.nativeDecodeAsset(Native Method)
02-13 18:46:33.103 D/Bitmap  (  258):       android.graphics.BitmapFactory.decodeStream(BitmapFactory.java:460)
02-13 18:46:33.103 D/Bitmap  (  258):       android.graphics.BitmapFactory.decodeResourceStream(BitmapFactory.java:336)
02-13 18:46:33.103 D/Bitmap  (  258):       android.graphics.drawable.Drawable.createFromResourceStream(Drawable.java:697)
02-13 18:46:33.103 D/Bitmap  (  258):       android.content.res.Resources.loadDrawable(Resources.java:1709)
02-13 18:46:33.103 D/Bitmap  (  258):       android.content.res.Resources.getDrawable(Resources.java:581)
02-13 18:46:33.103 D/Bitmap  (  258):       android.graphics.drawable.StateListDrawable.inflate(StateListDrawable.java:162)
02-13 18:46:33.103 D/Bitmap  (  258):       android.graphics.drawable.Drawable.createFromXmlInner(Drawable.java:787)
02-13 18:46:33.103 D/Bitmap  (  258):       android.graphics.drawable.Drawable.createFromXml(Drawable.java:728)
02-13 18:46:33.103 D/Bitmap  (  258):       android.content.res.Resources.loadDrawable(Resources.java:1694)
02-13 18:46:33.103 D/Bitmap  (  258):       android.content.res.Resources.getDrawable(Resources.java:581)
02-13 18:46:33.103 D/Bitmap  (  258):       android.view.View.setBackgroundResource(View.java:7533)
02-13 18:46:33.103 D/Bitmap  (  258):       com.android.internal.widget.SlidingTab$Slider.<init>(SlidingTab.java:192)
02-13 18:46:33.103 D/Bitmap  (  258):       com.android.internal.widget.SlidingTab.<init>(SlidingTab.java:462)
02-13 18:46:33.103 D/Bitmap  (  258):       java.lang.reflect.Constructor.constructNative(Native Method)
02-13 18:46:33.103 D/Bitmap  (  258):       java.lang.reflect.Constructor.newInstance(Constructor.java:415)
02-13 18:46:33.103 D/Bitmap  (  258):       android.view.LayoutInflater.createView(LayoutInflater.java:505)
02-13 18:46:33.103 D/Bitmap  (  258):       android.view.LayoutInflater.createViewFromTag(LayoutInflater.java:570)
02-13 18:46:33.103 D/Bitmap  (  258):       android.view.LayoutInflater.rInflate(LayoutInflater.java:623)
02-13 18:46:33.103 D/Bitmap  (  258):       android.view.LayoutInflater.inflate(LayoutInflater.java:408)
02-13 18:46:33.103 D/Bitmap  (  258):       android.view.LayoutInflater.inflate(LayoutInflater.java:320)
02-13 18:46:33.103 D/Bitmap  (  258):       com.android.internal.policy.impl.LockScreen.<init>(LockScreen.java:328)
02-13 18:46:33.103 D/Bitmap  (  258):       com.android.internal.policy.impl.LockPatternKeyguardView.createLockScreen(LockPatternKeyguardView.java:821)
02-13 18:46:33.103 D/Bitmap  (  258):       com.android.internal.policy.impl.LockPatternKeyguardView.<init>(LockPatternKeyguardView.java:429)
02-13 18:46:33.103 D/Bitmap  (  258):       com.android.internal.policy.impl.LockPatternKeyguardViewProperties.createKeyguardView(LockPatternKeyguardViewProperties.java:49)
02-13 18:46:33.103 D/Bitmap  (  258):       com.android.internal.policy.impl.KeyguardViewManager.show(KeyguardViewManager.java:125)
02-13 18:46:33.103 D/Bitmap  (  258):       com.android.internal.policy.impl.KeyguardViewMediator.handleShow(KeyguardViewMediator.java:1064)
02-13 18:46:33.103 D/Bitmap  (  258):       com.android.internal.policy.impl.KeyguardViewMediator.access$700(KeyguardViewMediator.java:103)
02-13 18:46:33.103 D/Bitmap  (  258):       com.android.internal.policy.impl.KeyguardViewMediator$2.handleMessage(KeyguardViewMediator.java:931)
02-13 18:46:33.103 D/Bitmap  (  258):       android.os.Handler.dispatchMessage(Handler.java:99)
02-13 18:46:33.103 D/Bitmap  (  258):       android.os.Looper.loop(Looper.java:130)
02-13 18:46:33.103 D/Bitmap  (  258):       com.android.server.WindowManagerService$PolicyThread.run(WindowManagerService.java:613)
02-13 18:46:33.103 D/Bitmap  (  258): _
02-13 18:46:33.103 D/Bitmap  (  258): Detect unrecycled bitmap.
02-13 18:46:33.103 D/Bitmap  (  258):       Size: 39744 Bytes, Width: 108 , Height: 92 , Hash code: 1082387432
02-13 18:46:33.103 D/Bitmap  (  258):  This bimap was created in:
02-13 18:46:33.103 D/Bitmap  (  258):       android.graphics.Bitmap.<init>(Bitmap.java:136)
02-13 18:46:33.103 D/Bitmap  (  258):       android.graphics.BitmapFactory.nativeDecodeAsset(Native Method)
02-13 18:46:33.103 D/Bitmap  (  258):       android.graphics.BitmapFactory.decodeStream(BitmapFactory.java:460)
02-13 18:46:33.103 D/Bitmap  (  258):       android.graphics.BitmapFactory.decodeResourceStream(BitmapFactory.java:336)
02-13 18:46:33.103 D/Bitmap  (  258):       android.graphics.drawable.Drawable.createFromResourceStream(Drawable.java:697)
02-13 18:46:33.103 D/Bitmap  (  258):       android.content.res.Resources.loadDrawable(Resources.java:1709)
02-13 18:46:33.103 D/Bitmap  (  258):       android.content.res.Resources.getDrawable(Resources.java:581)
02-13 18:46:33.103 D/Bitmap  (  258):       android.graphics.drawable.StateListDrawable.inflate(StateListDrawable.java:162)
02-13 18:46:33.103 D/Bitmap  (  258):       android.graphics.drawable.Drawable.createFromXmlInner(Drawable.java:787)
02-13 18:46:33.103 D/Bitmap  (  258):       android.graphics.drawable.Drawable.createFromXml(Drawable.java:728)
02-13 18:46:33.103 D/Bitmap  (  258):       android.content.res.Resources.loadDrawable(Resources.java:1694)
02-13 18:46:33.103 D/Bitmap  (  258):       android.content.res.Resources.getDrawable(Resources.java:581)
02-13 18:46:33.103 D/Bitmap  (  258):       android.view.View.setBackgroundResource(View.java:7533)
02-13 18:46:33.103 D/Bitmap  (  258):       com.android.internal.widget.SlidingTab$Slider.<init>(SlidingTab.java:192)
02-13 18:46:33.103 D/Bitmap  (  258):       com.android.internal.widget.SlidingTab.<init>(SlidingTab.java:458)
02-13 18:46:33.103 D/Bitmap  (  258):       java.lang.reflect.Constructor.constructNative(Native Method)
02-13 18:46:33.103 D/Bitmap  (  258):       java.lang.reflect.Constructor.newInstance(Constructor.java:415)
02-13 18:46:33.103 D/Bitmap  (  258):       android.view.LayoutInflater.createView(LayoutInflater.java:505)
02-13 18:46:33.103 D/Bitmap  (  258):       android.view.LayoutInflater.createViewFromTag(LayoutInflater.java:570)
02-13 18:46:33.103 D/Bitmap  (  258):       android.view.LayoutInflater.rInflate(LayoutInflater.java:623)
02-13 18:46:33.103 D/Bitmap  (  258):       android.view.LayoutInflater.inflate(LayoutInflater.java:408)
02-13 18:46:33.103 D/Bitmap  (  258):       android.view.LayoutInflater.inflate(LayoutInflater.java:320)
02-13 18:46:33.103 D/Bitmap  (  258):       com.android.internal.policy.impl.LockScreen.<init>(LockScreen.java:328)
02-13 18:46:33.103 D/Bitmap  (  258):       com.android.internal.policy.impl.LockPatternKeyguardView.createLockScreen(LockPatternKeyguardView.java:821)
02-13 18:46:33.103 D/Bitmap  (  258):       com.android.internal.policy.impl.LockPatternKeyguardView.<init>(LockPatternKeyguardView.java:429)
02-13 18:46:33.103 D/Bitmap  (  258):       com.android.internal.policy.impl.LockPatternKeyguardViewProperties.createKeyguardView(LockPatternKeyguardViewProperties.java:49)
02-13 18:46:33.103 D/Bitmap  (  258):       com.android.internal.policy.impl.KeyguardViewManager.show(KeyguardViewManager.java:125)
02-13 18:46:33.103 D/Bitmap  (  258):       com.android.internal.policy.impl.KeyguardViewMediator.handleShow(KeyguardViewMediator.java:1064)
02-13 18:46:33.103 D/Bitmap  (  258):       com.android.internal.policy.impl.KeyguardViewMediator.access$700(KeyguardViewMediator.java:103)
02-13 18:46:33.103 D/Bitmap  (  258):       com.android.internal.policy.impl.KeyguardViewMediator$2.handleMessage(KeyguardViewMediator.java:931)
02-13 18:46:33.103 D/Bitmap  (  258):       android.os.Handler.dispatchMessage(Handler.java:99)
02-13 18:46:33.103 D/Bitmap  (  258):       android.os.Looper.loop(Looper.java:130)
02-13 18:46:33.103 D/Bitmap  (  258):       com.android.server.WindowManagerService$PolicyThread.run(WindowManagerService.java:613)
02-13 18:46:33.103 D/Bitmap  (  258): _
02-13 18:46:33.123 D/LockPatternKeyguardView(  258): createUnlockScreenFor(Pattern): mEnableFallback=false
02-13 18:46:33.143 I/LockPatternKeyguardView(  258): updateLockscreenBackground
02-13 18:46:33.143 I/LockPatternKeyguardView(  258): setBackgroundDrawable
02-13 18:46:33.143 I/LockPatternKeyguardView(  258): file not found: etc/customize/default_lockscreen
02-13 18:46:33.143 D/LockScreen(  258): updateLayout: status=Normalsubscription=0
02-13 18:46:33.143 D/LockScreen(  258): Updating Lock Screen text to Ruim
02-13 18:46:33.153 D/KeyguardViewMediator(  258): adjustUserActivityLocked mShowing: true mHidden: false
02-13 18:46:33.163 D/PowerManagerService(  258): releaseWakeLock flags=0x1 tag=show keyguard
02-13 18:46:33.163 D/PowerManagerService(  258):  ALL PARTIAL wakeLock Released ! 
02-13 18:46:33.163 D/PowerManagerService(  258): acquireWakeLock flags=0x1 tag=SCREEN_FROZEN
02-13 18:46:33.163 D/Launcher(  351): Closing system Dialogs 
02-13 18:46:33.193 D/PhoneApp(  337): updateProximitySensorMode: state = IDLE
02-13 18:46:33.203 D/PhoneApp(  337): updateProximitySensorMode: lock already released.
02-13 18:46:33.213 D/KeyguardViewMediator(  258): setHidden false
02-13 18:46:33.223 W/LockScreen(  258): ***** LOCK CONFIG CHANGING
02-13 18:46:33.223 W/LockScreen(  258): java.lang.RuntimeException
02-13 18:46:33.223 W/LockScreen(  258): 	at com.android.internal.policy.impl.LockScreen.onConfigurationChanged(LockScreen.java:1051)
02-13 18:46:33.223 W/LockScreen(  258): 	at android.view.View.dispatchConfigurationChanged(View.java:4103)
02-13 18:46:33.223 W/LockScreen(  258): 	at android.view.ViewGroup.dispatchConfigurationChanged(ViewGroup.java:729)
02-13 18:46:33.223 W/LockScreen(  258): 	at android.view.ViewGroup.dispatchConfigurationChanged(ViewGroup.java:733)
02-13 18:46:33.223 W/LockScreen(  258): 	at android.view.ViewGroup.dispatchConfigurationChanged(ViewGroup.java:733)
02-13 18:46:33.223 W/LockScreen(  258): 	at android.view.ViewRoot.updateConfiguration(ViewRoot.java:1803)
02-13 18:46:33.223 W/LockScreen(  258): 	at android.view.ViewRoot.performTraversals(ViewRoot.java:966)
02-13 18:46:33.223 W/LockScreen(  258): 	at android.view.ViewRoot.handleMessage(ViewRoot.java:1864)
02-13 18:46:33.223 W/LockScreen(  258): 	at android.os.Handler.dispatchMessage(Handler.java:99)
02-13 18:46:33.223 W/LockScreen(  258): 	at android.os.Looper.loop(Looper.java:130)
02-13 18:46:33.223 W/LockScreen(  258): 	at com.android.server.WindowManagerService$PolicyThread.run(WindowManagerService.java:613)
02-13 18:46:33.223 D/KeyguardViewMediator(  258): setHidden false
02-13 18:46:33.233 D/KeyguardViewMediator(  258): setHidden false
02-13 18:46:33.233 D/KeyguardViewMediator(  258): setHidden false
02-13 18:46:33.243 D/KeyguardViewMediator(  258): setHidden false
02-13 18:46:33.263 D/KeyguardViewMediator(  258): setHidden false
02-13 18:46:33.273 D/KeyguardViewMediator(  258): setHidden false
02-13 18:46:33.283 D/KeyguardViewMediator(  258): setHidden false
02-13 18:46:33.293 D/KeyguardViewMediator(  258): setHidden false
02-13 18:46:33.303 D/KeyguardViewMediator(  258): setHidden false
02-13 18:46:33.303 D/KeyguardViewMediator(  258): setHidden false
02-13 18:46:33.313 D/KeyguardViewMediator(  258): setHidden false
02-13 18:46:33.313 D/KeyguardViewMediator(  258): setHidden false
02-13 18:46:33.313 D/PowerManagerService(  258): releaseWakeLock flags=0x1 tag=SCREEN_FROZEN
02-13 18:46:33.313 D/PowerManagerService(  258):  ALL PARTIAL wakeLock Released ! 
02-13 18:46:33.313 D/Mms     (  533): formatTimeStampString1 ,when = 1329180156372
02-13 18:46:33.323 D/Mms     (  533): formatTimeStampString2 ,when = 1329180156372
02-13 18:46:33.343 D/KeyguardViewMediator(  258): setHidden false
02-13 18:46:33.343 D/KeyguardViewMediator(  258): setHidden false
02-13 18:46:33.373 D/OmaDrmReceiver(  583): android.intent.action.CONFIGURATION_CHANGED
02-13 18:46:33.383 I/OmaDrmService(  583): Language changed!!!!!!
02-1