02-13 18:40:08.322 I/DEBUG   (  112): debuggerd: Feb  6 2012 09:39:32
02-13 18:40:08.653 E/rmt_storage(  136): rmt_storage force sync
02-13 18:40:08.653 E/rmt_storage(  136): [MyTag]open: fd=11
02-13 18:40:08.663 I/dun_service(  123): The value returned from dun_getusbmodemstate_fromsys is 2 
02-13 18:40:08.663 I/dun_service(  123): modem is present in configuration
02-13 18:40:08.663 I/dun_service(  123): The value returned from dun_getusbstate_fromsys is 1 
02-13 18:40:08.663 I/dun_service(  123): Post event 1
02-13 18:40:08.663 I/dun_service(  123): Post event 3
02-13 18:40:08.663 I/dun_service(  123): The value returned from dun_getusbmodemstate_fromsys is 2 
02-13 18:40:08.663 I/dun_service(  123): The value returned from dun_getusbmodemstate_fromsys is 2 
02-13 18:40:08.663 I/dun_service(  123): The value returned from dun_getusbmodemstate_fromsys is 2 
02-13 18:40:08.663 I/dun_service(  123): The value returned from dun_getusbmodemstate_fromsys is 2 
02-13 18:40:08.663 I/dun_service(  123): The value returned from dun_getusbmodemstate_fromsys is 2 
02-13 18:40:08.663 I/dun_service(  123): The value returned from dun_getusbmodemstate_fromsys is 2 
02-13 18:40:08.663 I/dun_service(  123): The value returned from dun_getusbmodemstate_fromsys is 2 
02-13 18:40:08.663 I/dun_service(  123): The value returned from dun_getusbmodemstate_fromsys is 2 
02-13 18:40:08.663 I/dun_service(  123): The value returned from dun_getusbmodemstate_fromsys is 2 
02-13 18:40:08.663 I/dun_service(  123): The value returned from dun_getusbmodemstate_fromsys is 2 
02-13 18:40:08.663 I/dun_service(  123): The value returned from dun_getusbmodemstate_fromsys is 2 
02-13 18:40:08.663 I/dun_service(  123): The value returned from dun_getusbmodemstate_fromsys is 2 
02-13 18:40:08.663 I/dun_service(  123): The value returned from dun_getusbmodemstate_fromsys is 2 
02-13 18:40:08.663 I/dun_service(  123): The value returned from dun_getusbmodemstate_fromsys is 2 
02-13 18:40:08.663 I/dun_service(  123): The value returned from dun_getusbmodemstate_fromsys is 2 
02-13 18:40:08.663 I/dun_service(  123): The value returned from dun_getusbmodemstate_fromsys is 2 
02-13 18:40:08.663 I/dun_service(  123): The value returned from dun_getusbmodemstate_fromsys is 2 
02-13 18:40:08.663 I/dun_service(  123): The value returned from dun_getusbmodemstate_fromsys is 2 
02-13 18:40:08.663 I/dun_service(  123): The value returned from dun_getusbmodemstate_fromsys is 2 
02-13 18:40:08.663 I/dun_service(  123): The value returned from dun_getusbmodemstate_fromsys is 2 
02-13 18:40:08.663 I/dun_service(  123): The value returned from dun_getusbmodemstate_fromsys is 2 
02-13 18:40:08.663 I/dun_service(  123): The value returned from dun_getusbmodemstate_fromsys is 2 
02-13 18:40:08.663 I/dun_service(  123): The value returned from dun_getusbmodemstate_fromsys is 2 
02-13 18:40:08.663 I/dun_service(  123): The value returned from dun_getusbmodemstate_fromsys is 2 
02-13 18:40:08.663 I/dun_service(  123): The value returned from dun_getusbmodemstate_fromsys is 2 
02-13 18:40:08.663 I/dun_service(  123): The value returned from dun_getusbmodemstate_fromsys is 2 
02-13 18:40:08.663 I/dun_service(  123): The value returned from dun_getusbmodemstate_fromsys is 2 
02-13 18:40:08.663 I/dun_service(  123): The value returned from dun_getusbmodemstate_fromsys is 2 
02-13 18:40:08.663 I/dun_service(  123): The value returned from dun_getusbmodemstate_fromsys is 2 
02-13 18:40:08.663 I/dun_service(  123): The value returned from dun_getusbmodemstate_fromsys is 2 
02-13 18:40:08.663 I/dun_service(  123): The value returned from dun_getusbmodemstate_fromsys is 2 
02-13 18:40:08.663 D/loc_api_app(  122): loc_api_app_msg Using INI file: /etc/loc_parameter.ini
02-13 18:40:08.663 I/dun_service(  123): received event: DUN_EVENT_USB_UNPLUG 
02-13 18:40:08.663 I/dun_service(  123): received event(DUN_EVENT_USB_UNPLUG) in state(DUN_STATE_USB_UNPLUG)
02-13 18:40:08.663 I/dun_service(  123): Ignoring the event DUN_EVENT_USB_UNPLUG in USB_UNPLUG_STATE
02-13 18:40:08.663 I/dun_service(  123): Moved to state(DUN_STATE_USB_UNPLUG)
02-13 18:40:08.663 I/dun_service(  123): received event: DUN_EVENT_RMNET_DOWN 
02-13 18:40:08.663 I/dun_service(  123): received event(DUN_EVENT_RMNET_DOWN) in state(DUN_STATE_USB_UNPLUG)
02-13 18:40:08.663 I/dun_service(  123): Ignoring the event DUN_EVENT_RMNET_DOWN in USB_UNPLUG_STATE
02-13 18:40:08.663 I/dun_service(  123): Moved to state(DUN_STATE_USB_UNPLUG)
02-13 18:40:08.713 I/dun_service(  123): The value returned from dun_getusbmodemstate_fromsys is 2 
02-13 18:40:08.713 I/dun_service(  123): The value returned from dun_getusbmodemstate_fromsys is 2 
02-13 18:40:08.733 I/dun_service(  123): The value returned from dun_getusbmodemstate_fromsys is 2 
02-13 18:40:08.733 I/dun_service(  123): The value returned from dun_getusbmodemstate_fromsys is 2 
02-13 18:40:08.733 I/dun_service(  123): The value returned from dun_getusbmodemstate_fromsys is 2 
02-13 18:40:08.733 I/dun_service(  123): The value returned from dun_getusbmodemstate_fromsys is 2 
02-13 18:40:08.733 I/dun_service(  123): The value returned from dun_getusbmodemstate_fromsys is 2 
02-13 18:40:08.743 D/loc_api_app(  122): loc_api_app_msg PARAM use_logcat = 1
02-13 18:40:08.743 D/loc_api_app(  122): loc_api_app_msg PARAM event_mask = 65535
02-13 18:40:08.743 D/loc_api_app(  122): loc_api_app_msg PARAM nmea_sentence_mask = 31
02-13 18:40:08.743 D/loc_api_app(  122): loc_api_app_msg PARAM engine_lock = 0
02-13 18:40:08.743 D/loc_api_app(  122): loc_api_app_msg PARAM operation_mode = 4
02-13 18:40:08.743 D/loc_api_app(  122): loc_api_app_msg PARAM fix_session_type = 0
02-13 18:40:08.743 D/loc_api_app(  122): loc_api_app_msg PARAM time_between_fixes = 60
02-13 18:40:08.743 D/loc_api_app(  122): loc_api_app_msg PARAM accuracy_threshold = 255
02-13 18:40:08.743 D/loc_api_app(  122): loc_api_app_msg PARAM fix_timeout = 60
02-13 18:40:08.743 D/loc_api_app(  122): loc_api_app_msg PARAM enable_auto_download = 1
02-13 18:40:08.743 D/loc_api_app(  122): loc_api_app_msg PARAM auto_download_period = 1
02-13 18:40:08.743 D/loc_api_app(  122): loc_api_app_msg PARAM xtra_server_addr = 216.187.118.37
02-13 18:40:08.783 I/dun_service(  123): The value returned from dun_getusbmodemstate_fromsys is 2 
02-13 18:40:08.783 I/dun_service(  123): The value returned from dun_getusbmodemstate_fromsys is 2 
02-13 18:40:08.783 I/dun_service(  123): The value returned from dun_getusbmodemstate_fromsys is 2 
02-13 18:40:08.783 I/dun_service(  123): The value returned from dun_getusbmodemstate_fromsys is 2 
02-13 18:40:08.783 I/dun_service(  123): The value returned from dun_getusbmodemstate_fromsys is 2 
02-13 18:40:08.783 I/dun_service(  123): The value returned from dun_getusbmodemstate_fromsys is 2 
02-13 18:40:08.783 I/dun_service(  123): The value returned from dun_getusbmodemstate_fromsys is 2 
02-13 18:40:08.783 I/dun_service(  123): The value returned from dun_getusbmodemstate_fromsys is 2 
02-13 18:40:08.783 I/dun_service(  123): The value returned from dun_getusbmodemstate_fromsys is 2 
02-13 18:40:08.783 I/dun_service(  123): The value returned from dun_getusbmodemstate_fromsys is 2 
02-13 18:40:08.783 I/dun_service(  123): The value returned from dun_getusbmodemstate_fromsys is 2 
02-13 18:40:08.783 I/dun_service(  123): The value returned from dun_getusbmodemstate_fromsys is 2 
02-13 18:40:08.783 I/dun_service(  123): The value returned from dun_getusbmodemstate_fromsys is 2 
02-13 18:40:08.783 I/dun_service(  123): The value returned from dun_getusbmodemstate_fromsys is 2 
02-13 18:40:08.783 I/dun_service(  123): The value returned from dun_getusbmodemstate_fromsys is 2 
02-13 18:40:08.783 I/dun_service(  123): The value returned from dun_getusbmodemstate_fromsys is 2 
02-13 18:40:08.783 I/dun_service(  123): The value returned from dun_getusbmodemstate_fromsys is 2 
02-13 18:40:08.783 I/dun_service(  123): The value returned from dun_getusbmodemstate_fromsys is 2 
02-13 18:40:08.783 I/dun_service(  123): The value returned from dun_getusbmodemstate_fromsys is 2 
02-13 18:40:08.783 I/dun_service(  123): The value returned from dun_getusbmodemstate_fromsys is 2 
02-13 18:40:08.783 I/dun_service(  123): The value returned from dun_getusbmodemstate_fromsys is 2 
02-13 18:40:08.783 D/loc_api_app(  122): loc_api_app_msg PARAM data_request_reply = 0
02-13 18:40:08.783 D/loc_api_app(  122): loc_api_app_msg PARAM umts_profile_number = 0
02-13 18:40:08.783 D/loc_api_app(  122): loc_api_app_msg PARAM apn_name = 
02-13 18:40:08.833 I/DEBUG   (  112): debuggerd committing suicide to free the zombie!
02-13 18:40:08.873 E/        (  130): 
02-13 18:40:08.873 E/        (  130): 		=========================
02-13 18:40:08.873 E/        (  130): 
02-13 18:40:08.873 E/        (  130): 		Starting SPRINT Test App
02-13 18:40:08.873 E/        (  130): 
02-13 18:40:08.873 E/        (  130): 		=========================
02-13 18:40:08.873 E/        (  130): 
02-13 18:40:08.873 E/        (  130):  Calling LSM init 
02-13 18:40:08.873 E/        (  130): SPRINT Test App: Diag_LSM_Init succeeded. 
02-13 18:40:08.873 E/        (  130): zhaobin: sprintdiag_qmi_vs_client_init entered 
02-13 18:40:08.873 E/        (  130): Trying qmi_init() for (0-referenced) try # 0 
02-13 18:40:08.893 E/        (  130): sprintdiag_qmi_init_vs_client_handles entered
02-13 18:40:08.903 E/        (  130): cby, conn_id = 0, client_id = 1, service_id = 228
02-13 18:40:08.913 E/        (  130): sprintdiag_qmi_init_vs_client_handles completed with 0
02-13 18:40:08.913 E/        (  130): zhaobin: sprintdiag_qmi_vs_client_init completed with 0
02-13 18:40:09.113 E/        (  113): cby, conn_id = 0, client_id = 1, service_id = 9
02-13 18:40:09.123 E/        (  113): cby, conn_id = 0, client_id = 1, service_id = 2
02-13 18:40:09.133 E/        (  113): cby, conn_id = 0, client_id = 1, service_id = 3
02-13 18:40:09.153 E/        (  113): cby, conn_id = 0, client_id = 1, service_id = 12
02-13 18:40:09.173 E/        (  113): cby, conn_id = 0, client_id = 1, service_id = 5
02-13 18:40:09.263 I/DMM     (  199): DMM Disabled. movable_start_bytes not set: 0 
02-13 18:40:09.353 I/DMM     (  204): Self-Refresh-Only Disabled. low_power_memory_start_bytes not set:0 
02-13 18:40:09.524 E/rmt_storage(  136): block rmt_storage client thread
02-13 18:40:09.524 E/        (  113): cby, conn_id = 1, client_id = 1, service_id = 11
02-13 18:40:09.524 E/        (  113): cby, conn_id = 1, client_id = 1, service_id = 10
02-13 18:40:09.534 E/        (  113): cby, conn_id = 0, client_id = 1, service_id = 1
02-13 18:40:09.534 E/        (  113): cby, conn_id = 1, client_id = 1, service_id = 1
02-13 18:40:09.534 E/        (  113): cby, conn_id = 2, client_id = 1, service_id = 1
02-13 18:40:09.534 E/rmt_storage(  136): block rmt_storage client thread
02-13 18:40:09.534 E/        (  113): cby, conn_id = 3, client_id = 1, service_id = 1
02-13 18:40:09.534 E/        (  113): cby, conn_id = 4, client_id = 1, service_id = 1
02-13 18:40:09.544 E/        (  113): cby, conn_id = 1, client_id = 2, service_id = 1
02-13 18:40:09.554 E/        (  113): cby, conn_id = 1, client_id = 3, service_id = 1
02-13 18:40:10.755 D/AudioHardwareMSM7X30(  115): msm_mixer_open: Opening the device
02-13 18:40:10.755 D/AudioHardwareMSM7X30(  115): msm_mixer_count:mixer_cnt =40
02-13 18:40:10.755 E/AudioHardwareMSM7X30(  115): index = 0
02-13 18:40:10.755 E/AudioHardwareMSM7X30(  115): Found device: handset_rx:index = 0,dev_id: 0
02-13 18:40:10.755 E/AudioHardwareMSM7X30(  115): class ID = 0,capablity = 5 for device 0
02-13 18:40:10.755 E/AudioHardwareMSM7X30(  115): index = 1
02-13 18:40:10.755 E/AudioHardwareMSM7X30(  115): Found device: handset_tx:index = 1,dev_id: 1
02-13 18:40:10.755 E/AudioHardwareMSM7X30(  115): class ID = 0,capablity = 6 for device 1
02-13 18:40:10.755 E/AudioHardwareMSM7X30(  115): index = 19
02-13 18:40:10.755 E/AudioHardwareMSM7X30(  115): Found device: hac_rx:index = 19,dev_id: 2
02-13 18:40:10.755 E/AudioHardwareMSM7X30(  115): class ID = 0,capablity = 5 for device 2
02-13 18:40:10.755 E/AudioHardwareMSM7X30(  115): index = 2
02-13 18:40:10.755 E/AudioHardwareMSM7X30(  115): Found device: speaker_stereo_rx:index = 2,dev_id: 3
02-13 18:40:10.755 E/AudioHardwareMSM7X30(  115): class ID = 0,capablity = 5 for device 3
02-13 18:40:10.755 E/AudioHardwareMSM7X30(  115): index = 5
02-13 18:40:10.755 E/AudioHardwareMSM7X30(  115): Found device: headset_mono_tx:index = 5,dev_id: 4
02-13 18:40:10.755 E/AudioHardwareMSM7X30(  115): class ID = 0,capablity = 6 for device 4
02-13 18:40:10.755 E/AudioHardwareMSM7X30(  115): index = 16
02-13 18:40:10.755 E/AudioHardwareMSM7X30(  115): Found device: fmradio_stereo_rx:index = 16,dev_id: 6
02-13 18:40:10.755 E/AudioHardwareMSM7X30(  115): class ID = 3,capablity = 1 for device 6
02-13 18:40:10.755 E/AudioHardwareMSM7X30(  115): index = 14
02-13 18:40:10.755 E/AudioHardwareMSM7X30(  115): Found device: fmradio_stereo_tx:index = 14,dev_id: 7
02-13 18:40:10.755 E/AudioHardwareMSM7X30(  115): class ID = 2,capablity = 2 for device 7
02-13 18:40:10.755 E/AudioHardwareMSM7X30(  115): index = 17
02-13 18:40:10.755 E/AudioHardwareMSM7X30(  115): Found device: bt_sco_rx:index = 17,dev_id: 8
02-13 18:40:10.755 E/AudioHardwareMSM7X30(  115): class ID = 1,capablity = 5 for device 8
02-13 18:40:10.755 E/AudioHardwareMSM7X30(  115): index = 18
02-13 18:40:10.755 E/AudioHardwareMSM7X30(  115): Found device: bt_sco_tx:index = 18,dev_id: 9
02-13 18:40:10.755 E/AudioHardwareMSM7X30(  115): class ID = 1,capablity = 6 for device 9
02-13 18:40:10.755 E/AudioHardwareMSM7X30(  115): index = 3
02-13 18:40:10.755 E/AudioHardwareMSM7X30(  115): Found device: speaker_mono_tx:index = 3,dev_id: 10
02-13 18:40:10.755 E/AudioHardwareMSM7X30(  115): class ID = 0,capablity = 6 for device 10
02-13 18:40:10.755 E/AudioHardwareMSM7X30(  115): index = 4
02-13 18:40:10.755 E/AudioHardwareMSM7X30(  115): Found device: headset_stereo_rx:index = 4,dev_id: 11
02-13 18:40:10.755 E/AudioHardwareMSM7X30(  115): class ID = 0,capablity = 5 for device 11
02-13 18:40:10.755 E/AudioHardwareMSM7X30(  115): index = 9
02-13 18:40:10.755 E/AudioHardwareMSM7X30(  115): Found device: handset_dual_mic_endfire_tx:index = 9,dev_id: 12
02-13 18:40:10.755 E/AudioHardwareMSM7X30(  115): class ID = 0,capablity = 6 for device 12
02-13 18:40:10.755 E/AudioHardwareMSM7X30(  115): index = 10
02-13 18:40:10.755 E/AudioHardwareMSM7X30(  115): Found device: speaker_dual_mic_endfire_tx:index = 10,dev_id: 13
02-13 18:40:10.755 E/AudioHardwareMSM7X30(  115): class ID = 0,capablity = 6 for device 13
02-13 18:40:10.755 E/AudioHardwareMSM7X30(  115): index = 12
02-13 18:40:10.755 E/AudioHardwareMSM7X30(  115): Found device: tty_headset_mono_tx:index = 12,dev_id: 14
02-13 18:40:10.755 E/AudioHardwareMSM7X30(  115): class ID = 0,capablity = 38 for device 14
02-13 18:40:10.755 E/AudioHardwareMSM7X30(  115): index = 11
02-13 18:40:10.755 E/AudioHardwareMSM7X30(  115): Found device: tty_headset_mono_rx:index = 11,dev_id: 15
02-13 18:40:10.755 E/AudioHardwareMSM7X30(  115): class ID = 0,capablity = 37 for device 15
02-13 18:40:10.755 E/AudioHardwareMSM7X30(  115): index = 13
02-13 18:40:10.755 E/AudioHardwareMSM7X30(  115): Found device: headset_stereo_speaker_stereo_rx:index = 13,dev_id: 20
02-13 18:40:10.755 E/AudioHardwareMSM7X30(  115): class ID = 0,capablity = 5 for device 20
02-13 18:40:10.755 E/AudioHardwareMSM7X30(  115): index = 15
02-13 18:40:10.755 E/AudioHardwareMSM7X30(  115): Found device: hdmi_stereo_rx:index = 15,dev_id: 23
02-13 18:40:10.755 E/AudioHardwareMSM7X30(  115): class ID = 3,capablity = 1 for device 23
02-13 18:40:10.755 E/AudioHardwareMSM7X30(  115): index = 7
02-13 18:40:10.755 E/AudioHardwareMSM7X30(  115): Found device: fmradio_headset_rx:index = 7,dev_id: 24
02-13 18:40:10.755 E/AudioHardwareMSM7X30(  115): class ID = 0,capablity = 1 for device 24
02-13 18:40:10.755 E/AudioHardwareMSM7X30(  115): index = 8
02-13 18:40:10.755 E/AudioHardwareMSM7X30(  115): Found device: fmradio_speaker_rx:index = 8,dev_id: 25
02-13 18:40:10.755 E/AudioHardwareMSM7X30(  115): class ID = 0,capablity = 1 for device 25
02-13 18:40:10.755 E/AudioHardwareMSM7X30(  115): index = 20
02-13 18:40:10.755 E/AudioHardwareMSM7X30(  115): Found device: auxmic_tx:index = 20,dev_id: 26
02-13 18:40:10.755 E/AudioHardwareMSM7X30(  115): class ID = 0,capablity = 6 for device 26
02-13 18:40:10.755 E/        (  115): libaudcal: acph_init() - Allocated memory for acph_main_buffer!!
02-13 18:40:10.755 E/        (  115): actp_diag_init: call diag init function with 80101479
02-13 18:40:10.755 D/AudioFlinger(  115): setMode(0)
02-13 18:40:10.755 I/QualcommCameraHardware(  115): getCameraInfo: IN
02-13 18:40:10.785 I/QualcommCameraHardware(  115): getCameraInfo: loading libqcamera at 0xb000e660
02-13 18:40:10.785 I/QualcommCameraHardware(  115): getCameraInfo: numOfCameras = 1
02-13 18:40:10.785 I/QualcommCameraHardware(  115): Camera sensor 0 info:
02-13 18:40:10.785 I/QualcommCameraHardware(  115): camera_id: 0
02-13 18:40:10.785 I/QualcommCameraHardware(  115): modes_supported: 5
02-13 18:40:10.785 I/QualcommCameraHardware(  115): position: 0
02-13 18:40:10.785 I/QualcommCameraHardware(  115): sensor_mount_angle: 0
02-13 18:40:10.785 I/QualcommCameraHardware(  115): getCameraInfo: OUT
02-13 18:40:10.805 E/AudioHardwareMSM7X30(  115): AudioStreamOutMSM72xx::setParameters() routing=2
02-13 18:40:10.805 E/AudioHardwareMSM7X30(  115): set output routing 2
02-13 18:40:10.805 E/AudioHardwareMSM7X30(  115): doAudioRouteOrMute() device 1, mMode 0, mMicMute 1
02-13 18:40:10.805 E/AudioHardwareMSM7X30(  115): do_route_audio_rpc(1, 1, 1)
02-13 18:40:10.805 D/AudioHardwareMSM7X30(  115): new_rx_device = 2, DEV_ID(new_rx_device)=3
02-13 18:40:10.805 D/AudioHardwareMSM7X30(  115): new_tx_device = 3, DEV_ID(new_tx_device)=10
02-13 18:40:10.805 D/AudioHardwareMSM7X30(  115): updateDeviceInfo: E rx_device 2 and tx_device 3
02-13 18:40:10.805 D/AudioHardwareMSM7X30(  115): No active voicecall/playback, disabling cur_rx 65535
02-13 18:40:10.805 D/AudioHardwareMSM7X30(  115): No active voicecall/recording, disabling cur_tx 65535
02-13 18:40:10.805 E/AudioHardwareMSM7X30(  115): There is no node in the routing table!
02-13 18:40:10.805 D/AudioHardwareMSM7X30(  115): updateDeviceInfo: X cur_rx 2 cur_tx 3
02-13 18:40:10.805 D/AudioHardwareMSM7X30(  115): AudioStreamOutMSM72xx::standby()
02-13 18:40:10.815 D/AudioHardwareMSM7X30(  115): setVoiceVolume(1.000000)
02-13 18:40:10.815 E/AudioHardwareMSM7X30(  115): msm_set_voice_rx_vol(100) failed errno = 1
02-13 18:40:11.175 E/rmt_storage(  136): [MyTag]open: fd=-1
02-13 18:40:11.175 E/rmt_storage(  136): block rmt_storage client thread
02-13 18:40:11.225 I/SamplingProfilerIntegration(  114): Profiler is disabled.
02-13 18:40:11.235 I/Zygote  (  114): Preloading classes...
02-13 18:40:11.235 E/Zygote  (  114): setreuid() failed. errno: 2
02-13 18:40:11.676 W/MediaProfiles(  114): could not find media config xml file
02-13 18:40:13.017 W/Zygote  (  114): Class not found for preloading: android.widget.TextView$SelectionModifierCursorController$1
02-13 18:40:13.367 I/DEBUG   (  224): debuggerd: Feb  6 2012 09:39:32
02-13 18:40:14.328 E/        (  125): cby, conn_id = 0, client_id = 2, service_id = 1
02-13 18:40:14.328 E/        (  125): cby, conn_id = 1, client_id = 4, service_id = 1
02-13 18:40:14.328 E/        (  125): cby, conn_id = 2, client_id = 2, service_id = 1
02-13 18:40:14.328 E/        (  125): cby, conn_id = 3, client_id = 2, service_id = 1
02-13 18:40:14.338 E/        (  125): cby, conn_id = 4, client_id = 2, service_id = 1
02-13 18:40:16.540 I/Zygote  (  114): ...preloaded 1829 classes in 5312ms.
02-13 18:40:16.540 E/Zygote  (  114): setreuid() failed. errno: 17
02-13 18:40:16.581 I/Zygote  (  114): Preloading resources...
02-13 18:40:16.611 W/Zygote  (  114): Preloaded drawable resource #0x1080093 (res/drawable-mdpi/sym_def_app_icon.png) that varies with configuration!!
02-13 18:40:16.621 W/Zygote  (  114): Preloaded drawable resource #0x1080002 (res/drawable-mdpi/arrow_down_float.png) that varies with configuration!!
02-13 18:40:16.641 W/Zygote  (  114): Preloaded drawable resource #0x10800b6 (res/drawable/btn_check.xml) that varies with configuration!!
02-13 18:40:16.641 W/Zygote  (  114): Preloaded drawable resource #0x10800b9 (res/drawable-mdpi/btn_check_label_background.9.png) that varies with configuration!!
02-13 18:40:16.641 W/Zygote  (  114): Preloaded drawable resource #0x10800ba (res/drawable-mdpi/btn_check_off.png) that varies with configuration!!
02-13 18:40:16.641 W/Zygote  (  114): Preloaded drawable resource #0x10800bf (res/drawable-mdpi/btn_check_on.png) that varies with configuration!!
02-13 18:40:16.641 W/Zygote  (  114): Preloaded drawable resource #0x1080004 (res/drawable/btn_default.xml) that varies with configuration!!
02-13 18:40:16.651 W/Zygote  (  114): Preloaded drawable resource #0x1080005 (res/drawable/btn_default_small.xml) that varies with configuration!!
02-13 18:40:16.651 W/Zygote  (  114): Preloaded drawable resource #0x1080006 (res/drawable/btn_dropdown.xml) that varies with configuration!!
02-13 18:40:16.661 W/Zygote  (  114): Preloaded drawable resource #0x1080008 (res/drawable/btn_plus.xml) that varies with configuration!!
02-13 18:40:16.671 W/Zygote  (  114): Preloaded drawable resource #0x1080007 (res/drawable/btn_minus.xml) that varies with configuration!!
02-13 18:40:16.671 W/Zygote  (  114): Preloaded drawable resource #0x1080009 (res/drawable/btn_radio.xml) that varies with configuration!!
02-13 18:40:16.681 W/Zygote  (  114): Preloaded drawable resource #0x108000a (res/drawable/btn_star.xml) that varies with configuration!!
02-13 18:40:16.681 W/Zygote  (  114): Preloaded drawable resource #0x1080134 (res/drawable/btn_toggle.xml) that varies with configuration!!
02-13 18:40:16.691 W/Zygote  (  114): Preloaded drawable resource #0x1080198 (res/drawable-mdpi/ic_emergency.png) that varies with configuration!!
02-13 18:40:16.691 W/Zygote  (  114): Preloaded drawable resource #0x1080012 (res/drawable-mdpi/divider_horizontal_bright.9.png) that varies with configuration!!
02-13 18:40:16.691 W/Zygote  (  114): Preloaded drawable resource #0x1080014 (res/drawable-mdpi/divider_horizontal_dark.9.png) that varies with configuration!!
02-13 18:40:16.691 W/Zygote  (  114): Preloaded drawable resource #0x1080016 (res/drawable/edit_text.xml) that varies with configuration!!
02-13 18:40:16.701 W/Zygote  (  114): Preloaded drawable resource #0x1080172 (res/drawable/expander_group.xml) that varies with configuration!!
02-13 18:40:16.711 W/Zygote  (  114): Preloaded drawable resource #0x1080062 (res/drawable/list_selector_background.xml) that varies with configuration!!
02-13 18:40:16.711 W/Zygote  (  114): Preloaded drawable resource #0x1080231 (res/drawable-mdpi/menu_background.9.png) that varies with configuration!!
02-13 18:40:16.711 W/Zygote  (  114): Preloaded drawable resource #0x1080232 (res/drawable-mdpi/menu_background_fill_parent_width.9.png) that varies with configuration!!
02-13 18:40:16.721 W/Zygote  (  114): Preloaded drawable resource #0x1080233 (res/drawable/menu_selector.xml) that varies with configuration!!
02-13 18:40:16.741 W/Zygote  (  114): Preloaded drawable resource #0x1080241 (res/drawable-mdpi/panel_background.9.png) that varies with configuration!!
02-13 18:40:16.761 W/Zygote  (  114): Preloaded drawable resource #0x1080249 (res/drawable-mdpi/popup_bottom_bright.9.png) that varies with configuration!!
02-13 18:40:16.761 W/Zygote  (  114): Preloaded drawable resource #0x108024a (res/drawable-mdpi/popup_bottom_dark.9.png) that varies with configuration!!
02-13 18:40:16.761 W/Zygote  (  114): Preloaded drawable resource #0x108024b (res/drawable-mdpi/popup_bottom_medium.9.png) that varies with configuration!!
02-13 18:40:16.761 W/Zygote  (  114): Preloaded drawable resource #0x108024c (res/drawable-mdpi/popup_center_bright.9.png) that varies with configuration!!
02-13 18:40:16.761 W/Zygote  (  114): Preloaded drawable resource #0x108024d (res/drawable-mdpi/popup_center_dark.9.png) that varies with configuration!!
02-13 18:40:16.761 W/Zygote  (  114): Preloaded drawable resource #0x1080250 (res/drawable-mdpi/popup_full_dark.9.png) that varies with configuration!!
02-13 18:40:16.761 W/Zygote  (  114): Preloaded drawable resource #0x1080253 (res/drawable-mdpi/popup_top_bright.9.png) that varies with configuration!!
02-13 18:40:16.761 W/Zygote  (  114): Preloaded drawable resource #0x1080254 (res/drawable-mdpi/popup_top_dark.9.png) that varies with configuration!!
02-13 18:40:16.771 W/Zygote  (  114): Preloaded drawable resource #0x108006d (res/drawable/progress_indeterminate_horizontal.xml) that varies with configuration!!
02-13 18:40:16.771 W/Zygote  (  114): Preloaded drawable resource #0x108025a (res/drawable/progress_small.xml) that varies with configuration!!
02-13 18:40:16.771 W/Zygote  (  114): Preloaded drawable resource #0x108025b (res/drawable/progress_small_titlebar.xml) that varies with configuration!!
02-13 18:40:16.771 W/Zygote  (  114): Preloaded drawable resource #0x108027b (res/drawable-mdpi/scrollbar_handle_horizontal.9.png) that varies with configuration!!
02-13 18:40:16.771 W/Zygote  (  114): Preloaded drawable resource #0x108027c (res/drawable-mdpi/scrollbar_handle_vertical.9.png) that varies with configuration!!
02-13 18:40:16.771 W/Zygote  (  114): Preloaded drawable resource #0x1080071 (res/drawable/spinner_dropdown_background.xml) that varies with configuration!!
02-13 18:40:16.771 W/Zygote  (  114): Preloaded drawable resource #0x108031d (res/drawable-mdpi/text_select_handle_left.png) that varies with configuration!!
02-13 18:40:16.771 W/Zygote  (  114): Preloaded drawable resource #0x108031e (res/drawable-mdpi/text_select_handle_middle.png) that varies with configuration!!
02-13 18:40:16.781 W/Zygote  (  114): Preloaded drawable resource #0x108031f (res/drawable-mdpi/text_select_handle_right.png) that varies with configuration!!
02-13 18:40:16.781 W/Zygote  (  114): Preloaded drawable resource #0x1080340 (res/drawable-mdpi/title_bar_shadow.9.png) that varies with configuration!!
02-13 18:40:16.781 W/Zygote  (  114): Preloaded drawable resource #0x10801df (res/drawable-mdpi/indicator_code_lock_drag_direction_green_up.png) that varies with configuration!!
02-13 18:40:16.781 W/Zygote  (  114): Preloaded drawable resource #0x10801e0 (res/drawable-mdpi/indicator_code_lock_drag_direction_red_up.png) that varies with configuration!!
02-13 18:40:16.781 W/Zygote  (  114): Preloaded drawable resource #0x10801e1 (res/drawable-mdpi/indicator_code_lock_point_area_default.png) that varies with configuration!!
02-13 18:40:16.791 W/Zygote  (  114): Preloaded drawable resource #0x10801e2 (res/drawable-mdpi/indicator_code_lock_point_area_green.png) that varies with configuration!!
02-13 18:40:16.791 W/Zygote  (  114): Preloaded drawable resource #0x10801e3 (res/drawable-mdpi/indicator_code_lock_point_area_red.png) that varies with configuration!!
02-13 18:40:16.791 I/Zygote  (  114): ...preloaded 51 resources in 211ms.
02-13 18:40:16.801 I/Zygote  (  114): ...preloaded 15 resources in 8ms.
02-13 18:40:16.871 I/Zygote  (  114): Accepting command socket connections
02-13 18:40:17.141 I/dun_service(  123): The value returned from dun_getusbmodemstate_fromsys is 2 
02-13 18:40:17.141 I/dun_service(  123): The value returned from dun_getusbmodemstate_fromsys is 2 
02-13 18:40:17.141 I/dun_service(  123): The value returned from dun_getusbmodemstate_fromsys is 2 
02-13 18:40:17.141 I/dun_service(  123): The value returned from dun_getusbmodemstate_fromsys is 2 
02-13 18:40:17.161 E/OverlayLIB(  258): cannot open framebuffer(1)
02-13 18:40:17.161 E/SurfaceFlinger(  258): overlay::initOverlay() ERROR!!
02-13 18:40:17.201 E/libEGL  (  258): eglSetSwapRectangleANDROID:1848 error 3008 (EGL_BAD_DISPLAY)
02-13 18:40:17.211 E/Sensors (  258): [HAL]set aflag = 1 ,mEnabled = 1
02-13 18:40:17.211 E/Sensors (  258): [HAL]set mvflag = 1 ,mEnabled = 3
02-13 18:40:17.211 E/Sensors (  258): [HAL]set mflag = 1 ,mEnabled = 7
02-13 18:40:17.211 E/Sensors (  258): [HAL]ready to call enable(Accelerometer,0),AAAAAAAA
02-13 18:40:17.211 E/Sensors (  258): [HAL]ECS_IOCTL_APP_SET_AFLAG 	success,flags = 0
02-13 18:40:17.211 E/Sensors (  258): [HAL]After {mEnabled &= ~(1<<what)},mEnabled = 6
02-13 18:40:17.211 E/Sensors (  258): [HAL]After {(newState)<<what)},mEnabled = 6
02-13 18:40:17.211 E/Sensors (  258): [HAL]ready to call enable(MagneticField,0),MMMMMMMM
02-13 18:40:17.211 E/Sensors (  258): [HAL]ECS_IOCTL_APP_SET_MVFLAG success,flags = 0
02-13 18:40:17.211 E/Sensors (  258): [HAL]After {mEnabled &= ~(1<<what)},mEnabled = 4
02-13 18:40:17.211 E/Sensors (  258): [HAL]After {(newState)<<what)},mEnabled = 4
02-13 18:40:17.211 E/Sensors (  258): [HAL]ready to call enable(Orientation,0),OOOOOOOO
02-13 18:40:17.211 E/Sensors (  258): [HAL]ECS_IOCTL_APP_SET_MFLAG 	success,flags = 0
02-13 18:40:17.211 E/Sensors (  258): [HAL]After {mEnabled &= ~(1<<what)},mEnabled = 0
02-13 18:40:17.211 E/Sensors (  258): [HAL]After {(newState)<<what)},mEnabled = 0
02-13 18:40:17.211 E/Sensors (  258): [HAL]Closed /dev/akm8962_aot in enable(Orientation,0),mEnable = 0
02-13 18:40:17.401 E/AudioFlinger(  115): processConfigEvents() remaining events 1
02-13 18:40:17.401 D/MediaPlayer(  272): setDataSource(/system/media/audio/ui/Bootsound.mp3)
02-13 18:40:17.401 D/MediaPlayerService(  115): Create new client(1) from pid 272, url=/system/media/audio/ui/Bootsound.mp3, connId=1, audioSessionId=2
02-13 18:40:17.401 E/MediaPlayerService(  115): setDataSource(/system/media/audio/ui/Bootsound.mp3)
02-13 18:40:17.421 E/MediaPlayer(  272): Unable to to create media player
02-13 18:40:17.421 E/BootAnimation(  272): Failed to load Androidbootsound sounds.
02-13 18:40:17.481 E/SurfaceFlinger(  258): eglSwapBuffers: EGL error 0x3008 (EGL_BAD_DISPLAY)
02-13 18:40:17.501 W/zipro   (  272): Unable to open zip '/data/local/bootanimation.zip': No such file or directory
02-13 18:40:18.292 W/PackageParser(  258): <manifest> has more than one <application>
02-13 18:40:18.332 W/PackageParser(  258): Unknown element under <manifest>: assign-permission at /system/app/alarming.apk Binary XML file line #14
02-13 18:40:18.973 I/PackageManager(  258): Package com.locationlabs.v3client at /system/app/SmartDeviceManager_3_0_1D2011_11_12t08_08.apk ignored: updated version 310 better than this 301
02-13 18:40:19.684 I/PackageManager(  258): Package com.google.android.apps.plus at /system/app/PlusOne.apk ignored: updated version 240263535 better than this 211219805
02-13 18:40:19.884 I/PackageManager(  258): Package com.android.vending at /system/app/Phonesky.apk ignored: updated version 8010004 better than this 8009012
02-13 18:40:20.244 I/PackageManager(  258): Package com.google.android.music at /system/app/Music2.apk ignored: updated version 512 better than this 509
02-13 18:40:20.725 I/PackageManager(  258): Package com.google.android.apps.maps at /system/app/Maps.apk ignored: updated version 602001401 better than this 600000100
02-13 18:40:21.045 I/PackageManager(  258): Package com.google.android.googlequicksearchbox at /system/app/GoogleQuickSearchBox.apk ignored: updated version 133247963 better than this 112064376
02-13 18:40:21.345 W/PackageParser(  258): Unknown element under <manifest>: uses-library at /system/app/Gallery3D.apk Binary XML file line #46
02-13 18:40:22.016 I/PackageManager(  258): Package com.google.android.apps.books at /system/app/BooksPhone.apk ignored: updated version 1502 better than this 1406
02-13 18:40:22.036 W/PackageParser(  258): No actions in intent filter at /system/app/Bluetooth.apk Binary XML file line #244
02-13 18:40:22.116 D/PackageManager(  258): No files in app dir /vendor/app
02-13 18:40:22.136 I/PackageParser(  258): com.sprint.widget.tutorial: compat added android.permission.WRITE_EXTERNAL_STORAGE android.permission.READ_PHONE_STATE
02-13 18:40:25.109 I/PackageParser(  258): com.sprint.voicemail: compat added android.permission.WRITE_EXTERNAL_STORAGE android.permission.READ_PHONE_STATE
02-13 18:40:26.230 I/ActivityThread(  258): Pub settings: com.android.providers.settings.SettingsProvider
02-13 18:40:26.270 D/SettingsProvider(  258): cache for settings table 'secure' rows=45; fullycached=true
02-13 18:40:26.290 D/SettingsProvider(  258): cache for settings table 'system' rows=167; fullycached=true
02-13 18:40:26.330 D/BrcmBtServiceLoader(  258): Initializing....
02-13 18:40:26.330 D/BrcmBtServiceLoader(  258): ********BT/Fm services configured to run as standalone process...
02-13 18:40:26.340 I/BluetoothProfileState(  258): Message:Entering Stable State
02-13 18:40:26.340 I/BluetoothProfileState(  258): Message:Entering Stable State
02-13 18:40:26.340 E/BluetoothService(  258): add eas pocicy change
02-13 18:40:26.350 W/DMM Service(  258): ro.dev.dmm.dpd.start_address = 0
02-13 18:40:26.350 W/DMM Service(  258): DynamicMemoryManager Service Disabled.
02-13 18:40:26.380 I/MobileDataStateTracker(  258): [hipri] instance created. netType=5, mApnType=hipri, mApnTypeToWatchFor=hipri
02-13 18:40:26.380 I/MobileDataStateTracker(  258): [hipri] initial state. v4=DISCONNECTED, v6=DISCONNECTED
02-13 18:40:26.380 I/MobileDataStateTracker(  258): [dun] instance created. netType=4, mApnType=dun, mApnTypeToWatchFor=dun
02-13 18:40:26.380 I/MobileDataStateTracker(  258): [dun] initial state. v4=DISCONNECTED, v6=DISCONNECTED
02-13 18:40:26.380 I/MobileDataStateTracker(  258): [supl] instance created. netType=3, mApnType=supl, mApnTypeToWatchFor=supl
02-13 18:40:26.380 I/MobileDataStateTracker(  258): [supl] initial state. v4=DISCONNECTED, v6=DISCONNECTED
02-13 18:40:26.380 I/MobileDataStateTracker(  258): [mms] instance created. netType=2, mApnType=mms, mApnTypeToWatchFor=mms
02-13 18:40:26.380 I/MobileDataStateTracker(  258): [mms] initial state. v4=DISCONNECTED, v6=DISCONNECTED
02-13 18:40:26.420 I/MobileDataStateTracker(  258): [default] instance created. netType=0, mApnType=default, mApnTypeToWatchFor=default
02-13 18:40:26.420 I/MobileDataStateTracker(  258): [default] initial state. v4=DISCONNECTED, v6=DISCONNECTED
02-13 18:40:26.430 E/WifiHW  (  258): wifi_load_driver() +
02-13 18:40:26.490 I/PackageManager(  258): Updating external media status from unmounted to unmounted
02-13 18:40:26.500 I/dun_service(  123): The value returned from dun_getusbmodemstate_fromsys is 2 
02-13 18:40:26.510 D/AudioHardwareMSM7X30(  115): setVoiceVolume(1.000000)
02-13 18:40:26.510 E/AudioHardwareMSM7X30(  115): msm_set_voice_rx_vol(100) failed errno = 1
02-13 18:40:26.520 D/AudioFlinger(  115): setMode(0)
02-13 18:40:26.520 W/AudioPolicyManager(  115): setPhoneState() setting same state 0
02-13 18:40:26.520 E/AudioFlinger(  115): processConfigEvents() remaining events 1
02-13 18:40:26.540 W/UsbDeviceSettingsManager(  258): settings file not found
02-13 18:40:26.861 D/AlarmManager(  258): +++Alarm set:type=0 android  Trigger after:3653891ms
02-13 18:40:26.861 W/KeyCharacterMap(  258): No keyboard for id 0
02-13 18:40:26.861 W/KeyCharacterMap(  258): Using default keymap: /system/usr/keychars/qwerty.kcm.bin
02-13 18:40:26.871 D/AtCkpdCmdHandler(  258): De-queing command
02-13 18:40:26.871 W/dalvikvm(  258): No implementation found for native Lcom/broadcom/bt/service/framework/PowerManagementService;.classInitNative ()V
02-13 18:40:26.871 W/dalvikvm(  258): Exception Ljava/lang/UnsatisfiedLinkError; thrown while initializing Lcom/broadcom/bt/service/framework/PowerManagementService;
02-13 18:40:26.891 I/WindowManager(  258): SAFE MODE not enabled
02-13 18:40:26.891 D/KeyguardViewMediator(  258): onSystemReady
02-13 18:40:26.891 D/lisha   (  258): isLockedOrMissing ***state.isPinLocked()=false***requireSim = true***state=ABSENT
02-13 18:40:26.891 D/lisha   (  258): ***lockedOrMissing=true***provisioned=true
02-13 18:40:26.891 D/KeyguardViewMediator(  258): doKeyguard: showing the lock screen
02-13 18:40:26.891 D/KeyguardViewMediator(  258): showLocked
02-13 18:40:26.901 D/PowerManagerService(  258): setPowerState: mPowerState=0x0 newState=0x3 noChangeLights=false reason=3
02-13 18:40:26.901 D/KeyguardViewMediator(  258): handleShow
02-13 18:40:26.911 I/Zygote  (  258): Process: zygote socket opened
02-13 18:40:26.941 D/KeyguardViewMediator(  258): setHidden false
02-13 18:40:26.941 D/KeyguardViewMediator(  258): setHidden false
02-13 18:40:26.941 I/LockPatternKeyguardView(  258): updateLockscreenBackground
02-13 18:40:26.951 I/LockPatternKeyguardView(  258): setBackgroundDrawable
02-13 18:40:26.971 I/LockPatternKeyguardView(  258): file not found: etc/customize/default_lockscreen
02-13 18:40:27.241 D/KeyguardUpdateMonitor(  258): received broadcast android.intent.action.BATTERY_CHANGED
02-13 18:40:27.241 E/lights  (  258):   g_haveAmberLed=0
02-13 18:40:27.241 E/lights  (  258): write_int failed to open /sys/class/leds/blue/brightness
02-13 18:40:27.241 E/lights  (  258):   red=255
02-13 18:40:27.241 E/lights  (  258):   green=255
02-13 18:40:27.241 E/lights  (  258):   blink=0
02-13 18:40:27.241 D/KeyguardUpdateMonitor(  258): received broadcast android.media.RINGER_MODE_CHANGED
02-13 18:40:27.361 I/dun_service(  123): The value returned from dun_getusbmodemstate_fromsys is 2 
02-13 18:40:27.451 I/dun_service(  123): The value returned from dun_getusbmodemstate_fromsys is 2 
02-13 18:40:27.451 I/dun_service(  123): The value returned from dun_getusbmodemstate_fromsys is 2 
02-13 18:40:27.451 I/dun_service(  123): The value returned from dun_getusbmodemstate_fromsys is 2 
02-13 18:40:27.541 D/LockScreen(  258): initCarrierVisibility - mResId.length=2, mCarrier.length=1
02-13 18:40:27.641 D/BtFramework(  342): ****Constructor called*************
02-13 18:40:27.641 D/BtFramework(  342): Loading BrcmBluetoothServices package....
02-13 18:40:27.641 D/BtFramework(  342): IsStandaloneProcess = true....
02-13 18:40:27.641 I/hubo    (  258): Activity {com.android.launcher/com.android.launcher2.Launcher}
02-13 18:40:27.651 D/OppEventLoop(  342): USE_STANDALONE_EVENT_LOOP=true
02-13 18:40:27.651 D/BluetoothServiceManager(  342): ****Registering Bluetooth Service bluetooth_opp_service: com.broadcom.bt.service.opp.OppEventLoop****
02-13 18:40:27.651 D/BluetoothServiceManager(  342): ****Bluetooth Service not supported bluetooth_flick: null...Skipping. ****
02-13 18:40:27.651 D/BluetoothServiceManager(  342): ****Registering Bluetooth Service bluetooth_flick: null****
02-13 18:40:27.651 D/BluetoothServiceManager(  342): ****Bluetooth Service not supported bluetooth_ftp: com.broadcom.bt.service.ftp.BluetoothFTPService...Skipping. ****
02-13 18:40:27.651 D/BluetoothServiceManager(  342): ****Registering Bluetooth Service bluetooth_ftp: com.broadcom.bt.service.ftp.BluetoothFTPService****
02-13 18:40:27.651 D/BluetoothServiceManager(  342): ****Registering Bluetooth Service bluetooth_pbap: com.broadcom.bt.service.pbap.BluetoothPBAPService****
02-13 18:40:27.651 D/BluetoothServiceManager(  342): ****Bluetooth Service not supported bluetooth_dun: com.broadcom.bt.service.dun.BluetoothDUNService...Skipping. ****
02-13 18:40:27.651 D/BluetoothServiceManager(  342): ****Registering Bluetooth Service bluetooth_dun: com.broadcom.bt.service.dun.BluetoothDUNService****
02-13 18:40:27.651 D/BluetoothServiceManager(  342): ****Bluetooth Service not supported bluetooth_sap: com.broadcom.bt.service.sap.BluetoothSAPService...Skipping. ****
02-13 18:40:27.671 D/BluetoothServiceManager(  342): ****Registering Bluetooth Service bluetooth_sap: com.broadcom.bt.service.sap.BluetoothSAPService****
02-13 18:40:27.671 D/BluetoothServiceManager(  342): ****Registering Bluetooth Service bluetooth_test: com.broadcom.bt.service.test.BluetoothTestModeService****
02-13 18:40:27.671 D/SmsDeletedFolder(  342): SmsDeletedFolder
02-13 18:40:27.681 D/MAP.MapEventLoop(  342): constructor()
02-13 18:40:27.681 E/MAP.MapService(  342): constructor(): REF_COUNT=1
02-13 18:40:27.691 D/BluetoothServiceManager(  342): ****Registering Bluetooth Service bluetooth_map: com.broadcom.bt.service.map.MapEventLoop****
02-13 18:40:27.691 D/BluetoothServiceManager(  342): ****Bluetooth Service not supported bluetooth_bpp_service: null...Skipping. ****
02-13 18:40:27.691 D/BluetoothServiceManager(  342): ****Registering Bluetooth Service bluetooth_bpp_service: null****
02-13 18:40:27.691 D/BluetoothServiceManager(  342): ****Bluetooth Service not supported bluetooth_avrcp: com.broadcom.bt.service.avrcp.BluetoothAVRCPService...Skipping. ****
02-13 18:40:27.691 D/BluetoothServiceManager(  342): ****Registering Bluetooth Service bluetooth_avrcp: com.broadcom.bt.service.avrcp.BluetoothAVRCPService****
02-13 18:40:27.741 I/ActivityThread(  351): Pub com.android.launcher2.settings: com.android.launcher2.LauncherProvider
02-13 18:40:27.751 I/dun_service(  123): The value returned from dun_getusbmodemstate_fromsys is 2 
02-13 18:40:27.751 I/dun_service(  123): process rmnet event
02-13 18:40:27.761 I/dun_service(  123): Post event 3
02-13 18:40:27.761 I/dun_service(  123): process rmnet event
02-13 18:40:27.761 I/dun_service(  123): Post event 3
02-13 18:40:27.761 I/dun_service(  123): received event: DUN_EVENT_RMNET_DOWN 
02-13 18:40:27.761 I/dun_service(  123): received event(DUN_EVENT_RMNET_DOWN) in state(DUN_STATE_USB_UNPLUG)
02-13 18:40:27.761 I/dun_service(  123): Ignoring the event DUN_EVENT_RMNET_DOWN in USB_UNPLUG_STATE
02-13 18:40:27.761 I/dun_service(  123): Moved to state(DUN_STATE_USB_UNPLUG)
02-13 18:40:27.761 I/dun_service(  123): received event: DUN_EVENT_RMNET_DOWN 
02-13 18:40:27.761 I/dun_service(  123): received event(DUN_EVENT_RMNET_DOWN) in state(DUN_STATE_USB_UNPLUG)
02-13 18:40:27.761 I/dun_service(  123): Ignoring the event DUN_EVENT_RMNET_DOWN in USB_UNPLUG_STATE
02-13 18:40:27.761 I/dun_service(  123): Moved to state(DUN_STATE_USB_UNPLUG)
02-13 18:40:27.801 I/ActivityThread(  337): Pub telephony: com.android.providers.telephony.TelephonyProvider
02-13 18:40:27.852 D/Tethering(  258): wlan0 is not a tetherable iface, ignoring
02-13 18:40:27.862 D/SntpClient(  258): request time failed: java.net.UnknownHostException: xtra1.gpsonextra.net
02-13 18:40:27.862 D/SntpClient(  258): request time failed: java.net.UnknownHostException: xtra1.gpsonextra.net
02-13 18:40:27.882 I/ActivityThread(  337): Pub icc: com.android.phone.IccProvider
02-13 18:40:27.882 I/ActivityThread(  337): Pub mms: com.android.providers.telephony.MmsProvider
02-13 18:40:27.902 I/ActivityThread(  337): Pub sms: com.android.providers.telephony.SmsProvider
02-13 18:40:27.902 D/LockScreen(  258): updateLayout: status=SimMissingsubscription=0
02-13 18:40:27.902 D/LockScreen(  258): Updating Lock Screen text to Ruim
02-13 18:40:27.922 I/ActivityThread(  337): Pub mms-sms: com.android.providers.telephony.MmsSmsProvider
02-13 18:40:27.932 E/NatController(  383): +++child prcess pid = 383, tag = /system/bin/tc
02-13 18:40:27.952 E/NatController(  111): tag = /system/bin/tc, buffer[a] = RTNETLINK answers: No such file or directory
02-13 18:40:27.952 E/NatController(  111): +++ parent2 block wait for child 383 , tag = /system/bin/tc
02-13 18:40:27.952 E/NatController(  111): ## waited wpid = 383
02-13 18:40:27.952 E/NatController(  111):  exit status = 2
02-13 18:40:27.952 E/NatController(  111): @@ /system/bin/tc terminated by exit(2)
02-13 18:40:27.952 E/NatController(  387): +++child prcess pid = 387, tag = /system/bin/tc
02-13 18:40:27.962 E/NatController(  111): tag = /system/bin/tc, buffer[a] = RTNETLINK answers: Invalid argument
02-13 18:40:27.962 E/NatController(  111): +++ parent2 block wait for child 387 , tag = /system/bin/tc
02-13 18:40:27.962 E/NatController(  111): ## waited wpid = 387
02-13 18:40:27.962 E/NatController(  111):  exit status = 2
02-13 18:40:27.962 E/NatController(  111): @@ /system/bin/tc terminated by exit(2)
02-13 18:40:27.962 E/NatController(  388): +++child prcess pid = 388, tag = /system/bin/tc
02-13 18:40:27.982 E/NatController(  111): tag = /system/bin/tc, buffer[a] = Cannot find device "ifb0"
02-13 18:40:27.982 E/NatController(  111): +++ parent2 block wait for child 388 , tag = /system/bin/tc
02-13 18:40:27.982 E/NatController(  111): ## waited wpid = 388
02-13 18:40:27.982 E/NatController(  111):  exit status = 1
02-13 18:40:27.982 E/NatController(  111): @@ /system/bin/tc terminated by exit(1)
02-13 18:40:27.992 D/SntpClient(  258): request time failed: java.net.UnknownHostException: xtra1.gpsonextra.net
02-13 18:40:27.992 D/SntpClient(  258): request time failed: java.net.UnknownHostException: xtra1.gpsonextra.net
02-13 18:40:28.002 D/LockPatternKeyguardView(  258): LockPatternKeyguardView ctor: about to createUnlockScreenFor; mEnableFallback=false
02-13 18:40:28.002 D/UnlockScreen(  258): *******mCreationOrientation = 1
02-13 18:40:28.102 D/Warhol  (  351): Adding *PHONE* hotseat ...
02-13 18:40:28.232 D/Bitmap  (  258): Detect unrecycled bitmap.
02-13 18:40:28.232 D/Bitmap  (  258):       Size: 39744 Bytes, Width: 108 , Height: 92 , Hash code: 1082278624
02-13 18:40:28.232 D/Bitmap  (  258):  This bimap was created in:
02-13 18:40:28.232 D/Bitmap  (  258):       android.graphics.Bitmap.<init>(Bitmap.java:136)
02-13 18:40:28.232 D/Bitmap  (  258):       android.graphics.BitmapFactory.nativeDecodeAsset(Native Method)
02-13 18:40:28.232 D/Bitmap  (  258):       android.graphics.BitmapFactory.decodeStream(BitmapFactory.java:460)
02-13 18:40:28.232 D/Bitmap  (  258):       android.graphics.BitmapFactory.decodeResourceStream(BitmapFactory.java:336)
02-13 18:40:28.232 D/Bitmap  (  258):       android.graphics.drawable.Drawable.createFromResourceStream(Drawable.java:697)
02-13 18:40:28.232 D/Bitmap  (  258):       android.content.res.Resources.loadDrawable(Resources.java:1709)
02-13 18:40:28.232 D/Bitmap  (  258):       android.content.res.Resources.getDrawable(Resources.java:581)
02-13 18:40:28.232 D/Bitmap  (  258):       android.graphics.drawable.StateListDrawable.inflate(StateListDrawable.java:162)
02-13 18:40:28.232 D/Bitmap  (  258):       android.graphics.drawable.Drawable.createFromXmlInner(Drawable.java:787)
02-13 18:40:28.232 D/Bitmap  (  258):       android.graphics.drawable.Drawable.createFromXml(Drawable.java:728)
02-13 18:40:28.232 D/Bitmap  (  258):       android.content.res.Resources.loadDrawable(Resources.java:1694)
02-13 18:40:28.232 D/Bitmap  (  258):       android.content.res.Resources.getDrawable(Resources.java:581)
02-13 18:40:28.232 D/Bitmap  (  258):       android.view.View.setBackgroundResource(View.java:7533)
02-13 18:40:28.232 D/Bitmap  (  258):       com.android.internal.widget.SlidingTab$Slider.<init>(SlidingTab.java:192)
02-13 18:40:28.232 D/Bitmap  (  258):       com.android.internal.widget.SlidingTab.<init>(SlidingTab.java:462)
02-13 18:40:28.232 D/Bitmap  (  258):       java.lang.reflect.Constructor.constructNative(Native Method)
02-13 18:40:28.232 D/Bitmap  (  258):       java.lang.reflect.Constructor.newInstance(Constructor.java:415)
02-13 18:40:28.232 D/Bitmap  (  258):       android.view.LayoutInflater.createView(LayoutInflater.java:505)
02-13 18:40:28.232 D/Bitmap  (  258):       android.view.LayoutInflater.createViewFromTag(LayoutInflater.java:570)
02-13 18:40:28.232 D/Bitmap  (  258):       android.view.LayoutInflater.rInflate(LayoutInflater.java:623)
02-13 18:40:28.232 D/Bitmap  (  258):       android.view.LayoutInflater.inflate(LayoutInflater.java:408)
02-13 18:40:28.242 D/Launcher(  351): loadHotseats: hotseat 0 final intent=[intent:#Intent;action=android.intent.action.MAIN;component=com.android.contacts/.DialtactsActivity;end] label=[Dialer]
02-13 18:40:28.242 D/Bitmap  (  258):       android.view.LayoutInflater.inflate(LayoutInflater.java:320)
02-13 18:40:28.242 D/Bitmap  (  258):       com.android.internal.policy.impl.LockScreen.<init>(LockScreen.java:328)
02-13 18:40:28.242 D/Bitmap  (  258):       com.android.internal.policy.impl.LockPatternKeyguardView.createLockScreen(LockPatternKeyguardView.java:821)
02-13 18:40:28.242 D/Bitmap  (  258):       com.android.internal.policy.impl.LockPatternKeyguardView.<init>(LockPatternKeyguardView.java:429)
02-13 18:40:28.242 D/Bitmap  (  258):       com.android.internal.policy.impl.LockPatternKeyguardViewProperties.createKeyguardView(LockPatternKeyguardViewProperties.java:49)
02-13 18:40:28.242 D/Bitmap  (  258):       com.android.internal.policy.impl.KeyguardViewManager.show(KeyguardViewManager.java:125)
02-13 18:40:28.242 D/Bitmap  (  258):       com.android.internal.policy.impl.KeyguardViewMediator.handleShow(KeyguardViewMediator.java:1064)
02-13 18:40:28.242 D/Bitmap  (  258):       com.android.internal.policy.impl.KeyguardViewMediator.access$700(KeyguardViewMediator.java:103)
02-13 18:40:28.242 D/Bitmap  (  258):       com.android.internal.policy.impl.KeyguardViewMediator$2.handleMessage(KeyguardViewMediator.java:931)
02-13 18:40:28.242 D/Bitmap  (  258):       android.os.Handler.dispatchMessage(Handler.java:99)
02-13 18:40:28.242 D/Bitmap  (  258):       android.os.Looper.loop(Looper.java:130)
02-13 18:40:28.242 D/Bitmap  (  258):       com.android.server.WindowManagerService$PolicyThread.run(WindowManagerService.java:613)
02-13 18:40:28.242 D/Bitmap  (  258): _
02-13 18:40:28.242 D/Bitmap  (  258): Detect unrecycled bitmap.
02-13 18:40:28.242 D/Bitmap  (  258):       Size: 39744 Bytes, Width: 108 , Height: 92 , Hash code: 1082098712
02-13 18:40:28.242 D/Bitmap  (  258):  This bimap was created in:
02-13 18:40:28.242 D/Bitmap  (  258):       android.graphics.Bitmap.<init>(Bitmap.java:136)
02-13 18:40:28.242 D/Bitmap  (  258):       android.graphics.BitmapFactory.nativeDecodeAsset(Native Method)
02-13 18:40:28.242 D/Bitmap  (  258):       android.graphics.BitmapFactory.decodeStream(BitmapFactory.java:460)
