02-13 18:40:38.977 I/hubo    (  258): Activity {com.android.mms/com.android.mms.ui.ConversationList}
02-13 18:40:38.997 D/KeyguardViewMediator(  258): setHidden false
02-13 18:40:39.017 D/androidNlpServiceThread(  406): updateState: shouldBeEnabled false shouldBeRunning false
02-13 18:40:39.107 I/MediaScanner(  510): doScanFile the temppath: /system/media/audio/alarms/Alarm_Beep_01.ogg
02-13 18:40:39.107 I/MediaScanner(  510): doScanFile the temppath: /system/media/audio/alarms/Alarm_Beep_02.ogg
02-13 18:40:39.107 I/MediaScanner(  510): doScanFile the temppath: /system/media/audio/alarms/Alarm_Beep_03.ogg
02-13 18:40:39.107 I/MediaScanner(  510): doScanFile the temppath: /system/media/audio/alarms/Alarm_Buzzer.ogg
02-13 18:40:39.107 I/MediaScanner(  510): doScanFile the temppath: /system/media/audio/alarms/Alarm_Classic.ogg
02-13 18:40:39.117 I/MediaScanner(  510): doScanFile the temppath: /system/media/audio/alarms/Alarm_Rooster_02.ogg
02-13 18:40:39.117 D/androidNlpServiceThread(  406): updateState: shouldBeEnabled false shouldBeRunning false
02-13 18:40:39.127 I/MediaScanner(  510): doScanFile the temppath: /system/media/audio/notifications/Beat_Box_Android.ogg
02-13 18:40:39.127 I/MediaScanner(  510): doScanFile the temppath: /system/media/audio/notifications/CaffeineSnake.ogg
02-13 18:40:39.127 I/MediaScanner(  510): doScanFile the temppath: /system/media/audio/notifications/DearDeer.ogg
02-13 18:40:39.127 I/MediaScanner(  510): doScanFile the temppath: /system/media/audio/notifications/DontPanic.ogg
02-13 18:40:39.127 I/MediaScanner(  510): doScanFile the temppath: /system/media/audio/notifications/F1_MissedCall.ogg
02-13 18:40:39.127 I/MediaScanner(  510): doScanFile the temppath: /system/media/audio/notifications/F1_New_MMS.ogg
02-13 18:40:39.127 I/MediaScanner(  510): doScanFile the temppath: /system/media/audio/notifications/F1_New_SMS.ogg
02-13 18:40:39.127 I/MediaScanner(  510): doScanFile the temppath: /system/media/audio/notifications/Heaven.ogg
02-13 18:40:39.127 I/MediaScanner(  510): doScanFile the temppath: /system/media/audio/notifications/Highwire.ogg
02-13 18:40:39.127 I/MediaScanner(  510): doScanFile the temppath: /system/media/audio/notifications/KzurbSonar.ogg
02-13 18:40:39.127 I/MediaScanner(  510): doScanFile the temppath: /system/media/audio/notifications/OnTheHunt.ogg
02-13 18:40:39.127 I/MediaScanner(  510): doScanFile the temppath: /system/media/audio/notifications/TaDa.ogg
02-13 18:40:39.127 I/MediaScanner(  510): doScanFile the temppath: /system/media/audio/notifications/Tinkerbell.ogg
02-13 18:40:39.137 I/MediaScanner(  510): doScanFile the temppath: /system/media/audio/notifications/Voila.ogg
02-13 18:40:39.137 I/MediaScanner(  510): doScanFile the temppath: /system/media/audio/ringtones/BeatPlucker.ogg
02-13 18:40:39.137 I/MediaScanner(  510): doScanFile the temppath: /system/media/audio/ringtones/BentleyDubs.ogg
02-13 18:40:39.137 I/MediaScanner(  510): doScanFile the temppath: /system/media/audio/ringtones/BirdLoop.ogg
02-13 18:40:39.137 I/MediaScanner(  510): doScanFile the temppath: /system/media/audio/ringtones/CaribbeanIce.ogg
02-13 18:40:39.137 I/MediaScanner(  510): doScanFile the temppath: /system/media/audio/ringtones/CrazyDream.ogg
02-13 18:40:39.137 I/MediaScanner(  510): doScanFile the temppath: /system/media/audio/ringtones/CurveBall.ogg
02-13 18:40:39.137 I/MediaScanner(  510): doScanFile the temppath: /system/media/audio/ringtones/DreamTheme.ogg
02-13 18:40:39.137 I/MediaScanner(  510): doScanFile the temppath: /system/media/audio/ringtones/EtherShake.ogg
02-13 18:40:39.137 I/MediaScanner(  510): doScanFile the temppath: /system/media/audio/ringtones/FriendlyGhost.ogg
02-13 18:40:39.137 I/MediaScanner(  510): doScanFile the temppath: /system/media/audio/ringtones/GameOverGuitar.ogg
02-13 18:40:39.137 I/MediaScanner(  510): doScanFile the temppath: /system/media/audio/ringtones/Growl.ogg
02-13 18:40:39.137 I/MediaScanner(  510): doScanFile the temppath: /system/media/audio/ringtones/InsertCoin.ogg
02-13 18:40:39.137 I/MediaScanner(  510): doScanFile the temppath: /system/media/audio/ringtones/LoopyLounge.ogg
02-13 18:40:39.137 I/MediaScanner(  510): doScanFile the temppath: /system/media/audio/ringtones/LoveFlute.ogg
02-13 18:40:39.147 I/MediaScanner(  510): doScanFile the temppath: /system/media/audio/ringtones/MidEvilJaunt.ogg
02-13 18:40:39.147 I/MediaScanner(  510): doScanFile the temppath: /system/media/audio/ringtones/MildlyAlarming.ogg
02-13 18:40:39.147 I/MediaScanner(  510): doScanFile the temppath: /system/media/audio/ringtones/NewPlayer.ogg
02-13 18:40:39.147 I/MediaScanner(  510): doScanFile the temppath: /system/media/audio/ringtones/Noises1.ogg
02-13 18:40:39.147 I/MediaScanner(  510): doScanFile the temppath: /system/media/audio/ringtones/Noises2.ogg
02-13 18:40:39.147 I/MediaScanner(  510): doScanFile the temppath: /system/media/audio/ringtones/Noises3.ogg
02-13 18:40:39.147 I/MediaScanner(  510): doScanFile the temppath: /system/media/audio/ringtones/OrganDub.ogg
02-13 18:40:39.147 I/MediaScanner(  510): doScanFile the temppath: /system/media/audio/ringtones/Ring_Classic_02.ogg
02-13 18:40:39.147 I/MediaScanner(  510): doScanFile the temppath: /system/media/audio/ringtones/Ring_Digital_02.ogg
02-13 18:40:39.147 I/MediaScanner(  510): doScanFile the temppath: /system/media/audio/ringtones/Ring_Synth_02.ogg
02-13 18:40:39.147 I/MediaScanner(  510): doScanFile the temppath: /system/media/audio/ringtones/Ring_Synth_04.ogg
02-13 18:40:39.157 D/androidNlpServiceThread(  406): updateState: shouldBeEnabled false shouldBeRunning false
02-13 18:40:39.157 I/MediaScanner(  510): doScanFile the temppath: /system/media/audio/ringtones/RomancingTheTone.ogg
02-13 18:40:39.157 I/MediaScanner(  510): doScanFile the temppath: /system/media/audio/ringtones/SitarVsSitar.ogg
02-13 18:40:39.167 I/MediaScanner(  510): doScanFile the temppath: /system/media/audio/ringtones/SpringyJalopy.ogg
02-13 18:40:39.167 I/MediaScanner(  510): doScanFile the temppath: /system/media/audio/ringtones/Terminated.ogg
02-13 18:40:39.167 I/MediaScanner(  510): doScanFile the temppath: /system/media/audio/ringtones/TwirlAway.ogg
02-13 18:40:39.167 I/MediaScanner(  510): doScanFile the temppath: /system/media/audio/ringtones/VeryAlarmed.ogg
02-13 18:40:39.167 I/MediaScanner(  510): doScanFile the temppath: /system/media/audio/ringtones/World.ogg
02-13 18:40:39.167 I/MediaScanner(  510): doScanFile the temppath: /system/media/audio/ui/Dock.ogg
02-13 18:40:39.167 I/MediaScanner(  510): doScanFile the temppath: /system/media/audio/ui/Effect_Tick.ogg
02-13 18:40:39.167 I/MediaScanner(  510): doScanFile the temppath: /system/media/audio/ui/KeypressDelete.ogg
02-13 18:40:39.167 I/MediaScanner(  510): doScanFile the temppath: /system/media/audio/ui/KeypressReturn.ogg
02-13 18:40:39.167 I/MediaScanner(  510): doScanFile the temppath: /system/media/audio/ui/KeypressSpacebar.ogg
02-13 18:40:39.167 I/MediaScanner(  510): doScanFile the temppath: /system/media/audio/ui/KeypressStandard.ogg
02-13 18:40:39.167 I/MediaScanner(  510): doScanFile the temppath: /system/media/audio/ui/Lock.ogg
02-13 18:40:39.167 I/MediaScanner(  510): doScanFile the temppath: /system/media/audio/ui/LowBattery.ogg
02-13 18:40:39.167 I/MediaScanner(  510): doScanFile the temppath: /system/media/audio/ui/Undock.ogg
02-13 18:40:39.167 I/MediaScanner(  510): doScanFile the temppath: /system/media/audio/ui/Unlock.ogg
02-13 18:40:39.167 I/MediaScanner(  510): doScanFile the temppath: /system/media/audio/ui/VideoRecord.ogg
02-13 18:40:39.167 I/MediaScanner(  510): doScanFile the temppath: /system/media/audio/ui/camera_click.ogg
02-13 18:40:39.167 I/MediaScanner(  510): doScanFile the temppath: /system/media/audio/ui/camera_click_2.ogg
02-13 18:40:39.177 I/MediaScanner(  510): doScanFile the temppath: /system/media/audio/ui/camera_click_3.ogg
02-13 18:40:39.177 I/MediaScanner(  510): doScanFile the temppath: /system/media/audio/ui/playtone1.ogg
02-13 18:40:39.177 I/MediaScanner(  510): doScanFile the temppath: /system/media/audio/ui/playtone2.ogg
02-13 18:40:39.177 I/MediaScanner(  510): doScanFile the temppath: /system/media/audio/ui/playtone3.ogg
02-13 18:40:39.177 D/MediaScanner(  510):  prescan time: 202ms
02-13 18:40:39.177 D/MediaScanner(  510):     scan time: 81ms
02-13 18:40:39.177 D/MediaScanner(  510): postscan time: 3ms
02-13 18:40:39.177 D/MediaScanner(  510):    total time: 286ms
02-13 18:40:39.177 D/MediaScannerService(  510): done scanning volume internal
02-13 18:40:39.187 D/androidNlpServiceThread(  406): updateState: shouldBeEnabled false shouldBeRunning false
02-13 18:40:39.197 D/androidNlpServiceThread(  406): updateState: shouldBeEnabled false shouldBeRunning false
02-13 18:40:39.217 D/androidNlpServiceThread(  406): updateState: shouldBeEnabled false shouldBeRunning false
02-13 18:40:39.478 I/RlzPingService(  459): Setting next ping for 1329784839478
02-13 18:40:39.478 D/AlarmManager(  258): +++Alarm set:type=0 com.google.android.partnersetup  Trigger after:604799990ms
02-13 18:40:39.568 I/ActivityThread(  606): Pub gmail-ls: com.google.android.gm.provider.MailProvider
02-13 18:40:39.588 I/ActivityThread(  606): Pub com.google.android.gm.attachmentspreviews: com.google.android.gm.AttachmentPreviewProvider
02-13 18:40:39.588 I/ActivityThread(  606): Pub com.google.android.gmail.SuggestionProvider: com.google.android.gm.SuggestionsProvider
02-13 18:40:39.598 I/ActivityThread(  606): Pub gmail-downloads: com.google.android.gm.downloadprovider.DownloadProvider
02-13 18:40:39.708 W/MessageQueue(  606): Handler{405522e8} sending message to a Handler on a dead thread
02-13 18:40:39.708 W/MessageQueue(  606): java.lang.RuntimeException: Handler{405522e8} sending message to a Handler on a dead thread
02-13 18:40:39.708 W/MessageQueue(  606): 	at android.os.MessageQueue.enqueueMessage(MessageQueue.java:196)
02-13 18:40:39.708 W/MessageQueue(  606): 	at android.os.Handler.sendMessageAtTime(Handler.java:457)
02-13 18:40:39.708 W/MessageQueue(  606): 	at android.os.Handler.sendMessageDelayed(Handler.java:430)
02-13 18:40:39.708 W/MessageQueue(  606): 	at android.os.Handler.post(Handler.java:248)
02-13 18:40:39.708 W/MessageQueue(  606): 	at android.accounts.AccountManager$BaseFutureTask.postRunnableToHandler(AccountManager.java:1327)
02-13 18:40:39.708 W/MessageQueue(  606): 	at android.accounts.AccountManager$Future2Task.done(AccountManager.java:1375)
02-13 18:40:39.708 W/MessageQueue(  606): 	at java.util.concurrent.FutureTask$Sync.innerSet(FutureTask.java:253)
02-13 18:40:39.708 W/MessageQueue(  606): 	at java.util.concurrent.FutureTask.set(FutureTask.java:113)
02-13 18:40:39.708 W/MessageQueue(  606): 	at android.accounts.AccountManager$BaseFutureTask.access$700(AccountManager.java:1307)
02-13 18:40:39.708 W/MessageQueue(  606): 	at android.accounts.AccountManager$BaseFutureTask$Response.onResult(AccountManager.java:1345)
02-13 18:40:39.708 W/MessageQueue(  606): 	at android.accounts.IAccountManagerResponse$Stub.onTransact(IAccountManagerResponse.java:59)
02-13 18:40:39.708 W/MessageQueue(  606): 	at android.os.Binder.execTransact(Binder.java:320)
02-13 18:40:39.708 W/MessageQueue(  606): 	at dalvik.system.NativeStart.run(Native Method)
02-13 18:40:39.818 I/ActivityThread(  616): Pub com.dataviz.dxtg.documentprovider: com.dataviz.dxtg.common.android.DocumentContentProvider
02-13 18:40:39.828 I/ActivityThread(  616): Pub com.dataviz.docstogo.shregi: com.dataviz.dxtg.common.android.RegistrationInfoShare
02-13 18:40:39.948 I/Documents To Go(  616): Phone Boot Received
02-13 18:40:40.128 E/BootReceiver(  391): Contacts,BootReceiver
02-13 18:40:40.128 E/BootReceiver(  391): start group load service
02-13 18:40:40.138 E/BootReceiver(  391): oncreate before calling function of doPreSotred()
02-13 18:40:40.138 E/BootReceiver(  391): name and number have been prestored before
02-13 18:40:40.138 E/BootReceiver(  391): oncreate after calling function of doPreSotred()
02-13 18:40:40.138 E/LoadGroupService(  391): LoadGroupService execute
02-13 18:40:40.198 I/CameraBoot(  627): Start Camera application
02-13 18:40:40.238 I/ActivityThread(  634): Pub com.android.calendar: com.android.providers.calendar.CalendarProvider2
02-13 18:40:40.399 D/AlertReceiver(  643): onReceive: a=android.intent.action.BOOT_COMPLETED Intent { act=android.intent.action.BOOT_COMPLETED cmp=com.android.calendar/.AlertReceiver }
02-13 18:40:40.529 D/AlertService(  643): 0 Action = android.intent.action.BOOT_COMPLETED
02-13 18:40:40.669 D/PhoneApp(  337): updateProximitySensorMode: state = IDLE
02-13 18:40:40.669 D/PhoneApp(  337): updateProximitySensorMode: lock already released.
02-13 18:40:40.679 D/KeyguardViewMediator(  258): setHidden false
02-13 18:40:40.709 D/KeyguardViewMediator(  258): setHidden false
02-13 18:40:40.709 D/KeyguardViewMediator(  258): setHidden false
02-13 18:40:40.709 D/KeyguardViewMediator(  258): setHidden false
02-13 18:40:40.719 D/KeyguardViewMediator(  258): setHidden false
02-13 18:40:40.719 D/Mms     (  533): [1] Conversation get() RECIPIENT==: 1
02-13 18:40:40.719 D/Mms     (  533): [1] Conversation get() DATE==: 1329178190000
02-13 18:40:40.719 D/Mms     (  533): formatTimeStampString1 ,when = 1329178190000
02-13 18:40:40.729 D/KeyguardViewMediator(  258): setHidden false
02-13 18:40:40.759 D/KeyguardViewMediator(  258): setHidden false
02-13 18:40:40.759 D/Mms     (  533): formatTimeStampString2 ,when = 1329178190000
02-13 18:40:40.759 D/ConversationListItem(  533): bind: contacts.getDate 6:09PM
02-13 18:40:40.759 D/ConversationListItem(  533): updateAvatarView(),address =false
02-13 18:40:40.769 D/KeyguardViewMediator(  258): setHidden false
02-13 18:40:40.779 D/KeyguardViewMediator(  258): setHidden false
02-13 18:40:40.809 D/KeyguardViewMediator(  258): setHidden false
02-13 18:40:40.819 D/KeyguardViewMediator(  258): setHidden false
02-13 18:40:40.869 D/AlarmManager(  258): +++Alarm set:type=2 com.google.android.apps.maps  Trigger after:900000ms
02-13 18:40:40.959 D/PhoneApp(  337): updateProximitySensorMode: state = IDLE
02-13 18:40:40.969 D/PhoneApp(  337): updateProximitySensorMode: lock already released.
02-13 18:40:40.969 D/KeyguardViewMediator(  258): setHidden false
02-13 18:40:40.989 D/KeyguardViewMediator(  258): setHidden false
02-13 18:40:40.989 D/KeyguardViewMediator(  258): setHidden false
02-13 18:40:41.009 I/LL      (  658): Tag: V3Client
02-13 18:40:41.009 I/V3Client(  658): LocationLabsApplication.onCreate() uptime: 38173 elapsedRealtime: 38165
02-13 18:40:41.039 D/KeyguardViewMediator(  258): setHidden false
02-13 18:40:41.039 D/KeyguardViewMediator(  258): setHidden false
02-13 18:40:41.049 D/KeyguardViewMediator(  258): setHidden false
02-13 18:40:41.049 D/KeyguardViewMediator(  258): setHidden false
02-13 18:40:41.059 D/KeyguardViewMediator(  258): setHidden false
02-13 18:40:41.069 D/KeyguardViewMediator(  258): setHidden false
02-13 18:40:41.079 D/Mms     (  533): [1] Conversation get() RECIPIENT==: 1
02-13 18:40:41.079 D/Mms     (  533): [1] Conversation get() DATE==: 1329178190000
02-13 18:40:41.079 D/Mms     (  533): formatTimeStampString1 ,when = 1329178190000
02-13 18:40:41.079 D/Mms     (  533): formatTimeStampString2 ,when = 1329178190000
02-13 18:40:41.079 D/ConversationListItem(  533): bind: contacts.getDate 6:09PM
02-13 18:40:41.079 D/ConversationListItem(  533): updateAvatarView(),address =false
02-13 18:40:41.109 I/V3Client(  658): com.locationlabs.v3client onCreate() version: 310/3.1 3.1:2012.01.01-17.06(r164312) prod sparkle build@ldbuild1
02-13 18:40:41.209 D/OmaDrmReceiver(  583): android.intent.action.CONFIGURATION_CHANGED
02-13 18:40:41.209 I/V3Client(  658): doStartup(20000)
02-13 18:40:41.239 D/KeyguardViewMediator(  258): setHidden false
02-13 18:40:41.249 D/KeyguardViewMediator(  258): setHidden false
02-13 18:40:41.279 D/DATA    (  337): [DSST(0)] pollstate() : reason = data network state changed
02-13 18:40:41.349 D/MobileDataStateTracker(  258): [hipri]  MobileDataStateReceiver onReceive(): Entry.
02-13 18:40:41.349 D/MobileDataStateTracker(  258): [hipri]  intent.getAction()= android.intent.action.SERVICE_STATE
02-13 18:40:41.349 D/MobileDataStateTracker(  258): [hipri]  mEnabled = false
02-13 18:40:41.349 D/MobileDataStateTracker(  258): [dun]  MobileDataStateReceiver onReceive(): Entry.
02-13 18:40:41.359 D/MobileDataStateTracker(  258): [dun]  intent.getAction()= android.intent.action.SERVICE_STATE
02-13 18:40:41.359 D/MobileDataStateTracker(  258): [dun]  mEnabled = false
02-13 18:40:41.359 D/Mms     (  533): currentRoamingStatus:1
02-13 18:40:41.369 D/MobileDataStateTracker(  258): [supl]  MobileDataStateReceiver onReceive(): Entry.
02-13 18:40:41.369 D/MobileDataStateTracker(  258): [supl]  intent.getAction()= android.intent.action.SERVICE_STATE
02-13 18:40:41.369 D/MobileDataStateTracker(  258): [supl]  mEnabled = false
02-13 18:40:41.369 D/MobileDataStateTracker(  258): [mms]  MobileDataStateReceiver onReceive(): Entry.
02-13 18:40:41.369 D/MobileDataStateTracker(  258): [mms]  intent.getAction()= android.intent.action.SERVICE_STATE
02-13 18:40:41.369 D/MobileDataStateTracker(  258): [mms]  mEnabled = false
02-13 18:40:41.369 D/MobileDataStateTracker(  258): [default]  MobileDataStateReceiver onReceive(): Entry.
02-13 18:40:41.369 D/MobileDataStateTracker(  258): [default]  intent.getAction()= android.intent.action.SERVICE_STATE
02-13 18:40:41.369 D/MobileDataStateTracker(  258): [default]  mEnabled = true
02-13 18:40:41.380 D/DATA    (  337): [DSST(0)]  registrationState = 1  radioTechnology = 8 reasonForDenial = 0
02-13 18:40:41.380 D/DATA    (  337): [DSST(0)]  set mNewDataConnectionState = 0
02-13 18:40:41.380 D/DATA    (  337): [DSST(0)]  mNewDataConnectionState : 0  mDataConnectionState : 0
02-13 18:40:41.380 D/DATA    (  337): [DSST(0)] Poll ServiceState done: oldSS=[0 home null null null  1xRTT CSS not supported -1 -1RoamInd: -1RoamStatus(sprint): -1DefRoamInd: -1EmergOnly: false] newSS=[0 home null null null  EvDo rev. A CSS not supported -1 -1RoamInd: -1RoamStatus(sprint): -1DefRoamInd: -1EmergOnly: false]
02-13 18:40:41.380 D/DATA    (  337): [DSST(0)]  mDataConnectionState = 0
02-13 18:40:41.390 D/OmaDrmReceiver(  583): android.intent.action.CONFIGURATION_CHANGED
02-13 18:40:41.390 I/OmaDrmService(  583): Language changed!!!!!!
02-13 18:40:41.390 I/OmaDrmService(  583): Language changed!!!!!!
02-13 18:40:41.400 D/MobileDataStateTracker(  258): [hipri]  MobileDataStateReceiver onReceive(): Entry.
02-13 18:40:41.400 D/MobileDataStateTracker(  258): [hipri]  intent.getAction()= android.intent.action.SERVICE_STATE
02-13 18:40:41.400 D/MobileDataStateTracker(  258): [hipri]  mEnabled = false
02-13 18:40:41.400 D/MobileDataStateTracker(  258): [hipri] subType changed, oldSubtype = 7new subtype = 6
02-13 18:40:41.400 D/MobileDataStateTracker(  258): [dun]  MobileDataStateReceiver onReceive(): Entry.
02-13 18:40:41.400 D/MobileDataStateTracker(  258): [dun]  intent.getAction()= android.intent.action.SERVICE_STATE
02-13 18:40:41.410 D/MobileDataStateTracker(  258): [dun]  mEnabled = false
02-13 18:40:41.410 D/Mms     (  533): currentRoamingStatus:1
02-13 18:40:41.410 D/MobileDataStateTracker(  258): [dun] subType changed, oldSubtype = 7new subtype = 6
02-13 18:40:41.410 D/MobileDataStateTracker(  258): [supl]  MobileDataStateReceiver onReceive(): Entry.
02-13 18:40:41.410 D/MobileDataStateTracker(  258): [supl]  intent.getAction()= android.intent.action.SERVICE_STATE
02-13 18:40:41.410 D/MobileDataStateTracker(  258): [supl]  mEnabled = false
02-13 18:40:41.410 D/MobileDataStateTracker(  258): [supl] subType changed, oldSubtype = 7new subtype = 6
02-13 18:40:41.410 D/MobileDataStateTracker(  258): [mms]  MobileDataStateReceiver onReceive(): Entry.
02-13 18:40:41.410 D/MobileDataStateTracker(  258): [mms]  intent.getAction()= android.intent.action.SERVICE_STATE
02-13 18:40:41.410 D/MobileDataStateTracker(  258): [mms]  mEnabled = false
02-13 18:40:41.410 D/CallManager(  337):  handleMessage (EVENT_SERVICE_STATE_CHANGED)
02-13 18:40:41.410 E/BT HS/HF(  337): SERVICE_STATE_CHANGED called
02-13 18:40:41.410 E/BT HS/HF(  337): updateServiceState called, sendUpdate:false  ServiceState:0 home Sprint  310099  1xRTT CSS not supported 41 4139RoamInd: 1RoamStatus(sprint): 1DefRoamInd: 160EmergOnly: false
02-13 18:40:41.410 E/BT HS/HF(  337): service:1 mService:1
02-13 18:40:41.420 D/CallManager(  337):  handleMessage (EVENT_SERVICE_STATE_CHANGED)
02-13 18:40:41.420 E/BT HS/HF(  337): SERVICE_STATE_CHANGED called
02-13 18:40:41.420 E/BT HS/HF(  337): updateServiceState called, sendUpdate:false  ServiceState:0 home Sprint  310099  EvDo rev. A CSS not supported 41 4139RoamInd: 1RoamStatus(sprint): 1DefRoamInd: 160EmergOnly: false
02-13 18:40:41.420 E/BT HS/HF(  337): service:1 mService:1
02-13 18:40:41.420 D/Phone   (  337): [PhoneNotifier] [DefaultPhoneNotifier] : default, INET, CONNECTING
02-13 18:40:41.420 D/MobileDataStateTracker(  258): [mms] subType changed, oldSubtype = 7new subtype = 6
02-13 18:40:41.420 D/MobileDataStateTracker(  258): [default]  MobileDataStateReceiver onReceive(): Entry.
02-13 18:40:41.420 D/MobileDataStateTracker(  258): [default]  intent.getAction()= android.intent.action.SERVICE_STATE
02-13 18:40:41.420 D/MobileDataStateTracker(  258): [default]  mEnabled = true
02-13 18:40:41.430 D/MobileDataStateTracker(  258): [default] subType changed, oldSubtype = 7new subtype = 6
02-13 18:40:41.430 I/TelephonyRegistry(  258): notifyDataConnection: state=1 isDataConnectivityPossible=true reason=radioTechnologyChanged interfaceName=null networkType=6 apnType=default apn=null
02-13 18:40:41.430 I/TelephonyRegistry(  258): +++broadcastDataConnectionStateChanged
02-13 18:40:41.430 I/TelephonyRegistry(  258): +++sendStickyBroadcast
02-13 18:40:41.440 D/MobileDataStateTracker(  258): [hipri]  MobileDataStateReceiver onReceive(): Entry.
02-13 18:40:41.440 D/MobileDataStateTracker(  258): [hipri]  intent.getAction()= android.intent.action.ANY_DATA_STATE
02-13 18:40:41.440 D/MobileDataStateTracker(  258): [hipri]  mEnabled = false
02-13 18:40:41.440 D/AlarmManager(  258): +++Alarm set:type=2 com.locationlabs.v3client  Trigger after:19998ms
02-13 18:40:41.440 D/MobileDataStateTracker(  258): [hipri]  apnTypeList = default
02-13 18:40:41.440 D/MobileDataStateTracker(  258): [hipri]  unavailable = false
02-13 18:40:41.440 D/MobileDataStateTracker(  258): [hipri] Do not process intents if disabled.
02-13 18:40:41.440 D/Phone   (  337): [PhoneNotifier] [DefaultPhoneNotifier] : default, INET6, DISCONNECTED
02-13 18:40:41.440 D/MobileDataStateTracker(  258): [dun]  MobileDataStateReceiver onReceive(): Entry.
02-13 18:40:41.440 D/MobileDataStateTracker(  258): [dun]  intent.getAction()= android.intent.action.ANY_DATA_STATE
02-13 18:40:41.440 D/MobileDataStateTracker(  258): [dun]  mEnabled = false
02-13 18:40:41.450 D/MobileDataStateTracker(  258): [dun]  apnTypeList = default
02-13 18:40:41.450 D/MobileDataStateTracker(  258): [dun]  unavailable = false
02-13 18:40:41.450 D/MobileDataStateTracker(  258): [dun] Do not process intents if disabled.
02-13 18:40:41.450 D/MobileDataStateTracker(  258): [supl]  MobileDataStateReceiver onReceive(): Entry.
02-13 18:40:41.450 D/MobileDataStateTracker(  258): [supl]  intent.getAction()= android.intent.action.ANY_DATA_STATE
02-13 18:40:41.450 D/MobileDataStateTracker(  258): [supl]  mEnabled = false
02-13 18:40:41.450 D/MobileDataStateTracker(  258): [supl]  apnTypeList = default
02-13 18:40:41.450 D/MobileDataStateTracker(  258): [supl]  unavailable = false
02-13 18:40:41.450 D/MobileDataStateTracker(  258): [supl] Do not process intents if disabled.
02-13 18:40:41.450 D/MobileDataStateTracker(  258): [mms]  MobileDataStateReceiver onReceive(): Entry.
02-13 18:40:41.450 D/MobileDataStateTracker(  258): [mms]  intent.getAction()= android.intent.action.ANY_DATA_STATE
02-13 18:40:41.450 D/MobileDataStateTracker(  258): [mms]  mEnabled = false
02-13 18:40:41.450 D/MobileDataStateTracker(  258): [mms]  apnTypeList = default
02-13 18:40:41.450 D/MobileDataStateTracker(  258): [mms]  unavailable = false
02-13 18:40:41.450 D/MobileDataStateTracker(  258): [mms] Do not process intents if disabled.
02-13 18:40:41.450 D/MobileDataStateTracker(  258): [default]  MobileDataStateReceiver onReceive(): Entry.
02-13 18:40:41.450 D/MobileDataStateTracker(  258): [default]  intent.getAction()= android.intent.action.ANY_DATA_STATE
02-13 18:40:41.450 D/MobileDataStateTracker(  258): [default]  mEnabled = true
02-13 18:40:41.450 D/MobileDataStateTracker(  258): [default]  apnTypeList = default
02-13 18:40:41.450 D/MobileDataStateTracker(  258): [default]  unavailable = false
02-13 18:40:41.450 D/MobileDataStateTracker(  258): [default] CALL updateMobileInfoFromIntent
02-13 18:40:41.450 I/MobileDataStateTracker(  258): [default] dc state change intent received for default/INET with state  CONNECTING. enabled=true state change reason = radioTechnologyChanged
02-13 18:40:41.450 I/MobileDataStateTracker(  258): [default] old state = CONNECTING
02-13 18:40:41.450 I/MobileDataStateTracker(  258): [default] no change,  just return
02-13 18:40:41.450 D/MobileDataStateTracker(  258): [default] No need to update detailed state
02-13 18:40:41.460 I/V3Client(  658): Boot intent received
02-13 18:40:41.470 I/TelephonyRegistry(  258): notifyDataConnection: state=0 isDataConnectivityPossible=true reason=radioTechnologyChanged interfaceName=null networkType=6 apnType=default apn=null
02-13 18:40:41.470 I/TelephonyRegistry(  258): +++broadcastDataConnectionStateChanged
02-13 18:40:41.470 I/TelephonyRegistry(  258): +++sendStickyBroadcast
02-13 18:40:41.480 D/MobileDataStateTracker(  258): [hipri]  MobileDataStateReceiver onReceive(): Entry.
02-13 18:40:41.480 D/MobileDataStateTracker(  258): [hipri]  intent.getAction()= android.intent.action.ANY_DATA_STATE
02-13 18:40:41.480 D/MobileDataStateTracker(  258): [hipri]  mEnabled = false
02-13 18:40:41.480 D/MobileDataStateTracker(  258): [hipri]  apnTypeList = default
02-13 18:40:41.480 D/MobileDataStateTracker(  258): [hipri]  unavailable = false
02-13 18:40:41.480 D/MobileDataStateTracker(  258): [hipri] Do not process intents if disabled.
02-13 18:40:41.480 D/MobileDataStateTracker(  258): [dun]  MobileDataStateReceiver onReceive(): Entry.
02-13 18:40:41.480 D/MobileDataStateTracker(  258): [dun]  intent.getAction()= android.intent.action.ANY_DATA_STATE
02-13 18:40:41.480 D/MobileDataStateTracker(  258): [dun]  mEnabled = false
02-13 18:40:41.480 D/Phone   (  337): [PhoneNotifier] [DefaultPhoneNotifier] : mms, INET, DISCONNECTED
02-13 18:40:41.480 I/TelephonyRegistry(  258): notifyDataConnection: state=0 isDataConnectivityPossible=true reason=radioTechnologyChanged interfaceName=null networkType=6 apnType=mms apn=null
02-13 18:40:41.480 I/TelephonyRegistry(  258): +++broadcastDataConnectionStateChanged
02-13 18:40:41.480 I/TelephonyRegistry(  258): +++sendStickyBroadcast
02-13 18:40:41.490 D/MobileDataStateTracker(  258): [dun]  apnTypeList = default
02-13 18:40:41.490 D/MobileDataStateTracker(  258): [dun]  unavailable = false
02-13 18:40:41.490 D/MobileDataStateTracker(  258): [dun] Do not process intents if disabled.
02-13 18:40:41.490 D/MobileDataStateTracker(  258): [supl]  MobileDataStateReceiver onReceive(): Entry.
02-13 18:40:41.490 D/MobileDataStateTracker(  258): [supl]  intent.getAction()= android.intent.action.ANY_DATA_STATE
02-13 18:40:41.490 D/MobileDataStateTracker(  258): [supl]  mEnabled = false
02-13 18:40:41.490 D/MobileDataStateTracker(  258): [supl]  apnTypeList = default
02-13 18:40:41.490 D/MobileDataStateTracker(  258): [supl]  unavailable = false
02-13 18:40:41.490 D/MobileDataStateTracker(  258): [supl] Do not process intents if disabled.
02-13 18:40:41.490 D/MobileDataStateTracker(  258): [mms]  MobileDataStateReceiver onReceive(): Entry.
02-13 18:40:41.490 D/MobileDataStateTracker(  258): [mms]  intent.getAction()= android.intent.action.ANY_DATA_STATE
02-13 18:40:41.490 D/MobileDataStateTracker(  258): [mms]  mEnabled = false
02-13 18:40:41.490 D/Phone   (  337): [PhoneNotifier] [DefaultPhoneNotifier] : mms, INET6, DISCONNECTED
02-13 18:40:41.490 I/TelephonyRegistry(  258): notifyDataConnection: state=0 isDataConnectivityPossible=true reason=radioTechnologyChanged interfaceName=null networkType=6 apnType=mms apn=null
02-13 18:40:41.490 I/TelephonyRegistry(  258): +++broadcastDataConnectionStateChanged
02-13 18:40:41.490 I/TelephonyRegistry(  258): +++sendStickyBroadcast
02-13 18:40:41.500 D/Phone   (  337): [PhoneNotifier] [DefaultPhoneNotifier] : supl, INET, DISCONNECTED
02-13 18:40:41.500 I/TelephonyRegistry(  258): notifyDataConnection: state=0 isDataConnectivityPossible=true reason=radioTechnologyChanged interfaceName=null networkType=6 apnType=supl apn=null
02-13 18:40:41.500 I/TelephonyRegistry(  258): +++broadcastDataConnectionStateChanged
02-13 18:40:41.500 I/TelephonyRegistry(  258): +++sendStickyBroadcast
02-13 18:40:41.500 D/MobileDataStateTracker(  258): [mms]  apnTypeList = default
02-13 18:40:41.500 D/MobileDataStateTracker(  258): [mms]  unavailable = false
02-13 18:40:41.500 D/MobileDataStateTracker(  258): [mms] Do not process intents if disabled.
02-13 18:40:41.500 D/MobileDataStateTracker(  258): [default]  MobileDataStateReceiver onReceive(): Entry.
02-13 18:40:41.500 D/MobileDataStateTracker(  258): [default]  intent.getAction()= android.intent.action.ANY_DATA_STATE
02-13 18:40:41.500 D/MobileDataStateTracker(  258): [default]  mEnabled = true
02-13 18:40:41.500 D/MobileDataStateTracker(  258): [default]  apnTypeList = default
02-13 18:40:41.500 D/MobileDataStateTracker(  258): [default]  unavailable = false
02-13 18:40:41.500 D/MobileDataStateTracker(  258): [default] CALL updateMobileInfoFromIntent
02-13 18:40:41.500 I/MobileDataStateTracker(  258): [default] dc state change intent received for default/INET6 with state  DISCONNECTED. enabled=true state change reason = radioTechnologyChanged
02-13 18:40:41.500 I/MobileDataStateTracker(  258): [default] old state = DISCONNECTED
02-13 18:40:41.500 I/MobileDataStateTracker(  258): [default] no change,  just return
02-13 18:40:41.500 D/MobileDataStateTracker(  258): [default] No need to update detailed state
02-13 18:40:41.500 D/MobileDataStateTracker(  258): [hipri]  MobileDataStateReceiver onReceive(): Entry.
02-13 18:40:41.500 D/MobileDataStateTracker(  258): [hipri]  intent.getAction()= android.intent.action.ANY_DATA_STATE
02-13 18:40:41.500 D/MobileDataStateTracker(  258): [hipri]  mEnabled = false
02-13 18:40:41.510 D/MobileDataStateTracker(  258): [hipri]  apnTypeList = mms
02-13 18:40:41.510 D/MobileDataStateTracker(  258): [hipri]  unavailable = false
02-13 18:40:41.510 D/MobileDataStateTracker(  258): [hipri] Do not process intents if disabled.
02-13 18:40:41.510 D/MobileDataStateTracker(  258): [dun]  MobileDataStateReceiver onReceive(): Entry.
02-13 18:40:41.510 D/MobileDataStateTracker(  258): [dun]  intent.getAction()= android.intent.action.ANY_DATA_STATE
02-13 18:40:41.510 D/MobileDataStateTracker(  258): [dun]  mEnabled = false
02-13 18:40:41.510 D/MobileDataStateTracker(  258): [dun]  apnTypeList = mms
02-13 18:40:41.510 D/MobileDataStateTracker(  258): [dun]  unavailable = false
02-13 18:40:41.510 D/MobileDataStateTracker(  258): [dun] Do not process intents if disabled.
02-13 18:40:41.510 D/MobileDataStateTracker(  258): [supl]  MobileDataStateReceiver onReceive(): Entry.
02-13 18:40:41.510 D/MobileDataStateTracker(  258): [supl]  intent.getAction()= android.intent.action.ANY_DATA_STATE
02-13 18:40:41.510 D/MobileDataStateTracker(  258): [supl]  mEnabled = false
02-13 18:40:41.510 D/MobileDataStateTracker(  258): [supl]  apnTypeList = mms
02-13 18:40:41.510 D/MobileDataStateTracker(  258): [supl]  unavailable = false
02-13 18:40:41.510 D/MobileDataStateTracker(  258): [supl] Do not process intents if disabled.
02-13 18:40:41.510 D/MobileDataStateTracker(  258): [mms]  MobileDataStateReceiver onReceive(): Entry.
02-13 18:40:41.510 D/MobileDataStateTracker(  258): [mms]  intent.getAction()= android.intent.action.ANY_DATA_STATE
02-13 18:40:41.510 D/MobileDataStateTracker(  258): [mms]  mEnabled = false
02-13 18:40:41.510 D/MobileDataStateTracker(  258): [mms]  apnTypeList = mms
02-13 18:40:41.510 D/MobileDataStateTracker(  258): [mms]  unavailable = false
02-13 18:40:41.510 D/MobileDataStateTracker(  258): [mms] Do not process intents if disabled.
02-13 18:40:41.510 D/MobileDataStateTracker(  258): [default]  MobileDataStateReceiver onReceive(): Entry.
02-13 18:40:41.510 D/MobileDataStateTracker(  258): [default]  intent.getAction()= android.intent.action.ANY_DATA_STATE
02-13 18:40:41.510 D/MobileDataStateTracker(  258): [default]  mEnabled = true
02-13 18:40:41.510 D/MobileDataStateTracker(  258): [default]  apnTypeList = mms
02-13 18:40:41.510 D/MobileDataStateTracker(  258): [default]  unavailable = false
02-13 18:40:41.510 D/MobileDataStateTracker(  258): [default] not what we are looking for.
02-13 18:40:41.510 D/MobileDataStateTracker(  258): [hipri]  MobileDataStateReceiver onReceive(): Entry.
02-13 18:40:41.510 D/MobileDataStateTracker(  258): [hipri]  intent.getAction()= android.intent.action.ANY_DATA_STATE
02-13 18:40:41.510 D/MobileDataStateTracker(  258): [hipri]  mEnabled = false
02-13 18:40:41.510 D/MobileDataStateTracker(  258): [hipri]  apnTypeList = mms
02-13 18:40:41.510 D/MobileDataStateTracker(  258): [hipri]  unavailable = false
02-13 18:40:41.510 D/MobileDataStateTracker(  258): [hipri] Do not process intents if disabled.
02-13 18:40:41.510 D/MobileDataStateTracker(  258): [dun]  MobileDataStateReceiver onReceive(): Entry.
02-13 18:40:41.510 D/MobileDataStateTracker(  258): [dun]  intent.getAction()= android.intent.action.ANY_DATA_STATE
02-13 18:40:41.510 D/MobileDataStateTracker(  258): [dun]  mEnabled = false
02-13 18:40:41.520 D/MobileDataStateTracker(  258): [dun]  apnTypeList = mms
02-13 18:40:41.520 D/MobileDataStateTracker(  258): [dun]  unavailable = false
02-13 18:40:41.520 D/MobileDataStateTracker(  258): [dun] Do not process intents if disabled.
02-13 18:40:41.520 D/MobileDataStateTracker(  258): [supl]  MobileDataStateReceiver onReceive(): Entry.
02-13 18:40:41.520 D/MobileDataStateTracker(  258): [supl]  intent.getAction()= android.intent.action.ANY_DATA_STATE
02-13 18:40:41.520 D/MobileDataStateTracker(  258): [supl]  mEnabled = false
02-13 18:40:41.520 D/MobileDataStateTracker(  258): [supl]  apnTypeList = mms
02-13 18:40:41.520 D/MobileDataStateTracker(  258): [supl]  unavailable = false
02-13 18:40:41.520 D/MobileDataStateTracker(  258): [supl] Do not process intents if disabled.
02-13 18:40:41.520 D/MobileDataStateTracker(  258): [mms]  MobileDataStateReceiver onReceive(): Entry.
02-13 18:40:41.520 D/MobileDataStateTracker(  258): [mms]  intent.getAction()= android.intent.action.ANY_DATA_STATE
02-13 18:40:41.520 D/MobileDataStateTracker(  258): [mms]  mEnabled = false
02-13 18:40:41.520 D/MobileDataStateTracker(  258): [mms]  apnTypeList = mms
02-13 18:40:41.520 D/MobileDataStateTracker(  258): [mms]  unavailable = false
02-13 18:40:41.520 D/MobileDataStateTracker(  258): [mms] Do not process intents if disabled.
02-13 18:40:41.520 D/MobileDataStateTracker(  258): [default]  MobileDataStateReceiver onReceive(): Entry.
02-13 18:40:41.520 D/MobileDataStateTracker(  258): [default]  intent.getAction()= android.intent.action.ANY_DATA_STATE
02-13 18:40:41.520 D/MobileDataStateTracker(  258): [default]  mEnabled = true
02-13 18:40:41.520 D/MobileDataStateTracker(  258): [default]  apnTypeList = mms
02-13 18:40:41.520 D/MobileDataStateTracker(  258): [default]  unavailable = false
02-13 18:40:41.520 D/MobileDataStateTracker(  258): [default] not what we are looking for.
02-13 18:40:41.520 D/MobileDataStateTracker(  258): [hipri]  MobileDataStateReceiver onReceive(): Entry.
02-13 18:40:41.520 D/MobileDataStateTracker(  258): [hipri]  intent.getAction()= android.intent.action.ANY_DATA_STATE
02-13 18:40:41.520 D/MobileDataStateTracker(  258): [hipri]  mEnabled = false
02-13 18:40:41.520 D/MobileDataStateTracker(  258): [hipri]  apnTypeList = supl
02-13 18:40:41.520 D/MobileDataStateTracker(  258): [hipri]  unavailable = false
02-13 18:40:41.520 D/MobileDataStateTracker(  258): [hipri] Do not process intents if disabled.
02-13 18:40:41.520 D/MobileDataStateTracker(  258): [dun]  MobileDataStateReceiver onReceive(): Entry.
02-13 18:40:41.520 D/MobileDataStateTracker(  258): [dun]  intent.getAction()= android.intent.action.ANY_DATA_STATE
02-13 18:40:41.520 D/MobileDataStateTracker(  258): [dun]  mEnabled = false
02-13 18:40:41.530 D/MobileDataStateTracker(  258): [dun]  apnTypeList = supl
02-13 18:40:41.530 D/MobileDataStateTracker(  258): [dun]  unavailable = false
02-13 18:40:41.530 D/MobileDataStateTracker(  258): [dun] Do not process intents if disabled.
02-13 18:40:41.530 D/MobileDataStateTracker(  258): [supl]  MobileDataStateReceiver onReceive(): Entry.
02-13 18:40:41.530 D/MobileDataStateTracker(  258): [supl]  intent.getAction()= android.intent.action.ANY_DATA_STATE
02-13 18:40:41.530 D/MobileDataStateTracker(  258): [supl]  mEnabled = false
02-13 18:40:41.530 D/MobileDataStateTracker(  258): [supl]  apnTypeList = supl
02-13 18:40:41.530 D/MobileDataStateTracker(  258): [supl]  unavailable = false
02-13 18:40:41.530 D/MobileDataStateTracker(  258): [supl] Do not process intents if disabled.
02-13 18:40:41.530 D/MobileDataStateTracker(  258): [mms]  MobileDataStateReceiver onReceive(): Entry.
02-13 18:40:41.530 D/MobileDataStateTracker(  258): [mms]  intent.getAction()= android.intent.action.ANY_DATA_STATE
02-13 18:40:41.530 D/MobileDataStateTracker(  258): [mms]  mEnabled = false
02-13 18:40:41.530 D/MobileDataStateTracker(  258): [mms]  apnTypeList = supl
02-13 18:40:41.530 D/MobileDataStateTracker(  258): [mms]  unavailable = false
02-13 18:40:41.530 D/MobileDataStateTracker(  258): [mms] Do not process intents if disabled.
02-13 18:40:41.530 D/MobileDataStateTracker(  258): [default]  MobileDataStateReceiver onReceive(): Entry.
02-13 18:40:41.530 D/MobileDataStateTracker(  258): [default]  intent.getAction()= android.intent.action.ANY_DATA_STATE
02-13 18:40:41.530 D/MobileDataStateTracker(  258): [default]  mEnabled = true
02-13 18:40:41.530 D/MobileDataStateTracker(  258): [default]  apnTypeList = supl
02-13 18:40:41.530 D/MobileDataStateTracker(  258): [default]  unavailable = false
02-13 18:40:41.530 D/MobileDataStateTracker(  258): [default] not what we are looking for.
02-13 18:40:41.540 D/Mms     (  533): doAutoSend
02-13 18:40:41.540 D/Phone   (  337): [PhoneNotifier] [DefaultPhoneNotifier] : supl, INET6, DISCONNECTED
02-13 18:40:41.540 I/TelephonyRegistry(  258): notifyDataConnection: state=0 isDataConnectivityPossible=true reason=radioTechnologyChanged interfaceName=null networkType=6 apnType=supl apn=null
02-13 18:40:41.540 I/TelephonyRegistry(  258): +++broadcastDataConnectionStateChanged
02-13 18:40:41.540 I/TelephonyRegistry(  258): +++sendStickyBroadcast
02-13 18:40:41.540 D/Phone   (  337): [PhoneNotifier] [DefaultPhoneNotifier] : dun, INET, DISCONNECTED
02-13 18:40:41.550 I/TelephonyRegistry(  258): notifyDataConnection: state=0 isDataConnectivityPossible=true reason=radioTechnologyChanged interfaceName=null networkType=6 apnType=dun apn=null
02-13 18:40:41.550 I/TelephonyRegistry(  258): +++broadcastDataConnectionStateChanged
02-13 18:40:41.550 I/TelephonyRegistry(  258): +++sendStickyBroadcast
02-13 18:40:41.560 D/Phone   (  337): [PhoneNotifier] [DefaultPhoneNotifier] : dun, INET6, DISCONNECTED
02-13 18:40:41.560 I/TelephonyRegistry(  258): notifyDataConnection: state=0 isDataConnectivityPossible=true reason=radioTechnologyChanged interfaceName=null networkType=6 apnType=dun apn=null
02-13 18:40:41.560 I/TelephonyRegistry(  258): +++broadcastDataConnectionStateChanged
02-13 18:40:41.560 I/TelephonyRegistry(  258): +++sendStickyBroadcast
02-13 18:40:41.570 D/MobileDataStateTracker(  258): [hipri]  MobileDataStateReceiver onReceive(): Entry.
02-13 18:40:41.570 D/MobileDataStateTracker(  258): [hipri]  intent.getAction()= android.intent.action.ANY_DATA_STATE
02-13 18:40:41.570 D/MobileDataStateTracker(  258): [hipri]  mEnabled = false
02-13 18:40:41.580 D/Phone   (  337): [PhoneNotifier] [DefaultPhoneNotifier] : hipri, INET, DISCONNECTED
02-13 18:40:41.580 D/MobileDataStateTracker(  258): [hipri]  apnTypeList = supl
02-13 18:40:41.580 D/MobileDataStateTracker(  258): [hipri]  unavailable = false
02-13 18:40:41.580 D/MobileDataStateTracker(  258): [hipri] Do not process intents if disabled.
02-13 18:40:41.580 D/MobileDataStateTracker(  258): [dun]  MobileDataStateReceiver onReceive(): Entry.
02-13 18:40:41.580 D/MobileDataStateTracker(  258): [dun]  intent.getAction()= android.intent.action.ANY_DATA_STATE
02-13 18:40:41.580 D/MobileDataStateTracker(  258): [dun]  mEnabled = false
02-13 18:40:41.590 D/MobileDataStateTracker(  258): [dun]  apnTypeList = supl
02-13 18:40:41.590 D/MobileDataStateTracker(  258): [dun]  unavailable = false
02-13 18:40:41.590 D/MobileDataStateTracker(  258): [dun] Do not process intents if disabled.
02-13 18:40:41.590 D/MobileDataStateTracker(  258): [supl]  MobileDataStateReceiver onReceive(): Entry.
02-13 18:40:41.590 D/MobileDataStateTracker(  258): [supl]  intent.getAction()= android.intent.action.ANY_DATA_STATE
02-13 18:40:41.590 D/MobileDataStateTracker(  258): [supl]  mEnabled = false
02-13 18:40:41.590 D/MobileDataStateTracker(  258): [supl]  apnTypeList = supl
02-13 18:40:41.590 D/MobileDataStateTracker(  258): [supl]  unavailable = false
02-13 18:40:41.590 D/MobileDataStateTracker(  258): [supl] Do not process intents if disabled.
02-13 18:40:41.590 D/MobileDataStateTracker(  258): [mms]  MobileDataStateReceiver onReceive(): Entry.
02-13 18:40:41.590 D/MobileDataStateTracker(  258): [mms]  intent.getAction()= android.intent.action.ANY_DATA_STATE
02-13 18:40:41.590 D/MobileDataStateTracker(  258): [mms]  mEnabled = false
02-13 18:40:41.600 D/MobileDataStateTracker(  258): [mms]  apnTypeList = supl
02-13 18:40:41.600 D/MobileDataStateTracker(  258): [mms]  unavailable = false
02-13 18:40:41.600 D/MobileDataStateTracker(  258): [mms] Do not process intents if disabled.
02-13 18:40:41.600 D/MobileDataStateTracker(  258): [default]  MobileDataStateReceiver onReceive(): Entry.
02-13 18:40:41.600 D/MobileDataStateTracker(  258): [default]  intent.getAction()= android.intent.action.ANY_DATA_STATE
02-13 18:40:41.600 D/MobileDataStateTracker(  258): [default]  mEnabled = true
02-13 18:40:41.600 D/MobileDataStateTracker(  258): [default]  apnTypeList = supl
02-13 18:40:41.600 D/MobileDataStateTracker(  258): [default]  unavailable = false
02-13 18:40:41.600 D/MobileDataStateTracker(  258): [default] not what we are looking for.
02-13 18:40:41.600 D/MobileDataStateTracker(  258): [hipri]  MobileDataStateReceiver onReceive(): Entry.
02-13 18:40:41.600 D/MobileDataStateTracker(  258): [hipri]  intent.getAction()= android.intent.action.ANY_DATA_STATE
02-13 18:40:41.600 D/MobileDataStateTracker(  258): [hipri]  mEnabled = false
02-13 18:40:41.600 I/TelephonyRegistry(  258): notifyDataConnection: state=0 isDataConnectivityPossible=true reason=radioTechnologyChanged interfaceName=null networkType=6 apnType=hipri apn=null
02-13 18:40:41.600 I/TelephonyRegistry(  258): +++broadcastDataConnectionStateChanged
02-13 18:40:41.610 I/TelephonyRegistry(  258): +++sendStickyBroadcast
02-13 18:40:41.610 D/Phone   (  337): [PhoneNotifier] [DefaultPhoneNotifier] : hipri, INET6, DISCONNECTED
02-13 18:40:41.610 I/TelephonyRegistry(  258): notifyDataConnection: state=0 isDataConnectivityPossible=true reason=radioTechnologyChanged interfaceName=null networkType=6 apnType=hipri apn=null
02-13 18:40:41.610 I/TelephonyRegistry(  258): +++broadcastDataConnectionStateChanged
02-13 18:40:41.610 I/TelephonyRegistry(  258): +++sendStickyBroadcast
02-13 18:40:41.620 D/DATA    (  337): [DCT(0) ] Resetting all profiles and service states!
02-13 18:40:41.620 D/PhoneApp(  337): mReceiver: ACTION_ANY_DATA_CONNECTION_STATE_CHANGED
02-13 18:40:41.620 D/PhoneApp(  337): - state: DISCONNECTED
02-13 18:40:41.620 D/PhoneApp(  337): - reason: radioTechnologyChanged
02-13 18:40:41.630 I/ActivityThread(  665): Pub com.google.android.googlequicksearchbox.shortcuts: com.google.android.googlequicksearchbox.WebHistoryProvider
02-13 18:40:41.630 D/PhoneApp(  337): mReceiver: ACTION_ANY_DATA_CONNECTION_STATE_CHANGED
02-13 18:40:41.630 D/PhoneApp(  337): - state: DISCONNECTED
02-13 18:40:41.630 D/PhoneApp(  337): - reason: radioTechnologyChanged
02-13 18:40:41.630 I/ActivityThread(  665): Pub com.google.android.googlequicksearchbox.google: com.google.android.googlequicksearchbox.google.GoogleSuggestionProvider
02-13 18:40:41.640 D/PhoneApp(  337): mReceiver: ACTION_ANY_DATA_CONNECTION_STATE_CHANGED
02-13 18:40:41.640 D/PhoneApp(  337): - state: DISCONNECTED
02-13 18:40:41.640 D/PhoneApp(  337): - reason: radioTechnologyChanged
02-13 18:40:41.640 D/PhoneApp(  337): mReceiver: ACTION_ANY_DATA_CONNECTION_STATE_CHANGED
02-13 18:40:41.640 D/PhoneApp(  337): - state: DISCONNECTED
02-13 18:40:41.640 D/PhoneApp(  337): - reason: radioTechnologyChanged
02-13 18:40:41.640 D/PhoneApp(  337): mReceiver: ACTION_ANY_DATA_CONNECTION_STATE_CHANGED
02-13 18:40:41.640 D/PhoneApp(  337): - state: DISCONNECTED
02-13 18:40:41.640 D/PhoneApp(  337): - reason: radioTechnologyChanged
02-13 18:40:41.640 D/PhoneApp(  337): mReceiver: ACTION_ANY_DATA_CONNECTION_STATE_CHANGED
02-13 18:40:41.640 D/PhoneApp(  337): - state: DISCONNECTED
02-13 18:40:41.640 D/PhoneApp(  337): - reason: radioTechnologyChanged
02-13 18:40:41.640 D/PhoneApp(  337): mReceiver: ACTION_ANY_DATA_CONNECTION_STATE_CHANGED
02-13 18:40:41.640 D/PhoneApp(  337): - state: DISCONNECTED
02-13 18:40:41.640 D/PhoneApp(  337): - reason: radioTechnologyChanged
02-13 18:40:41.640 D/PhoneApp(  337): mReceiver: ACTION_ANY_DATA_CONNECTION_STATE_CHANGED
02-13 18:40:41.640 D/PhoneApp(  337): - state: DISCONNECTED
02-13 18:40:41.640 D/PhoneApp(  337): - reason: radioTechnologyChanged
02-13 18:40:41.640 D/PhoneApp(  337): mReceiver: ACTION_ANY_DATA_CONNECTION_STATE_CHANGED
02-13 18:40:41.640 D/PhoneApp(  337): - state: DISCONNECTED
02-13 18:40:41.640 D/PhoneApp(  337): - reason: radioTechnologyChanged
02-13 18:40:41.640 D/PhoneApp(  337): mReceiver: ACTION_ANY_DATA_CONNECTION_STATE_CHANGED
02-13 18:40:41.640 D/PhoneApp(  337): - state: DISCONNECTED
02-13 18:40:41.640 D/PhoneApp(  337): - reason: radioTechnologyChanged
02-13 18:40:41.640 I/DATA    (  337): [DCT(0) ] onUpdateDataConnections: reason=radioTechnologyChanged
02-13 18:40:41.640 I/DATA    (  337): [DCT(0) ] ---dc list---
02-13 18:40:41.640 I/DATA    (  337): [DCT(0) ] cid = -1, state = DcActivatingState, bearerType = null, ipaddress = null, gw=null, dns=[null, null]
02-13 18:40:41.640 I/DATA    (  337): [DCT(0) ] ---ds list---
02-13 18:40:41.640 I/DATA    (  337): [DCT(0) ] ds= SERVICE_TYPE_DEFAULT, enabled = true, active = v4:CONNECTING v6:IDLE
02-13 18:40:41.640 I/DATA    (  337): [DCT(0) ] ds= SERVICE_TYPE_MMS, enabled = false, active = v4:IDLE v6:IDLE
02-13 18:40:41.640 I/DATA    (  337): [DCT(0) ] ds= SERVICE_TYPE_SUPL, enabled = false, active = v4:IDLE v6:IDLE
02-13 18:40:41.640 I/DATA    (  337): [DCT(0) ] ds= SERVICE_TYPE_DUN, enabled = false, active = v4:IDLE v6:IDLE
02-13 18:40:41.650 I/DATA    (  337): [DCT(0) ] ds= SERVICE_TYPE_HIPRI, enabled = false, active = v4:IDLE v6:IDLE
02-13 18:40:41.650 I/DATA    (  337): [DCT(0) ] Ready for data : 
02-13 18:40:41.650 I/DATA    (  337): [DCT(0) ]    getDesiredPowerState() = true
02-13 18:40:41.650 I/DATA    (  337): [DCT(0) ]    mCm.getRadioState() = RADIO_ON
02-13 18:40:41.650 I/DATA    (  337): [DCT(0) ]    [DataRadioTech = RADIO_TECH_EVDO_A, data network state = 0, mMasterDataEnabled = true, is Roaming = false, dataOnRoamingEnable = false, isPsRestricted = false, desiredPowerState  = true, mSIMRecords = , cdmaSubSource = 1/310120, mRuimRecords = , checks = true/true]
02-13 18:40:41.650 I/DATA    (  337): [DCT(0) ] Data Call setup pending. Not trying to bring up any new data connections.
02-13 18:40:41.650 D/PhoneApp(  337): old phone type:2, New Phone type:2
02-13 18:40:41.650 D/NotificationMgr(  337): hideDataDisconnectedRoaming()...
02-13 18:40:41.650 D/MobileDataStateTracker(  258): [hipri]  apnTypeList = dun
02-13 18:40:41.650 D/MobileDataStateTracker(  258): [hipri]  unavailable = false
02-13 18:40:41.650 D/MobileDataStateTracker(  258): [hipri] Do not process intents if disabled.
02-13 18:40:41.650 D/MobileDataStateTracker(  258): [dun]  MobileDataStateReceiver onReceive(): Entry.
02-13 18:40:41.650 D/MobileDataStateTracker(  258): [dun]  intent.getAction()= android.intent.action.ANY_DATA_STATE
02-13 18:40:41.650 D/MobileDataStateTracker(  258): [dun]  mEnabled = false
02-13 18:40:41.650 D/MobileDataStateTracker(  258): [dun]  apnTypeList = dun
02-13 18:40:41.650 D/MobileDataStateTracker(  258): [dun]  unavailable = false
02-13 18:40:41.650 D/MobileDataStateTracker(  258): [dun] Do not process intents if disabled.
02-13 18:40:41.650 D/MobileDataStateTracker(  258): [supl]  MobileDataStateReceiver onReceive(): Entry.
02-13 18:40:41.650 D/MobileDataStateTracker(  258): [supl]  intent.getAction()= android.intent.action.ANY_DATA_STATE
02-13 18:40:41.650 D/MobileDataStateTracker(  258): [supl]  mEnabled = false
02-13 18:40:41.650 D/MobileDataStateTracker(  258): [supl]  apnTypeList = dun
02-13 18:40:41.650 D/MobileDataStateTracker(  258): [supl]  unavailable = false
02-13 18:40:41.650 D/MobileDataStateTracker(  258): [supl] Do not process intents if disabled.
02-13 18:40:41.650 D/MobileDataStateTracker(  258): [mms]  MobileDataStateReceiver onReceive(): Entry.
02-13 18:40:41.650 D/MobileDataStateTracker(  258): [mms]  intent.getAction()= android.intent.action.ANY_DATA_STATE
02-13 18:40:41.650 D/MobileDataStateTracker(  258): [mms]  mEnabled = false
