02-13 18:40:32.671 D/MobileDataStateTracker(  258): [default]  mEnabled = true
02-13 18:40:32.681 D/MobileDataStateTracker(  258): [mms]  MobileDataStateReceiver onReceive(): Entry.
02-13 18:40:32.681 D/MobileDataStateTracker(  258): [mms]  intent.getAction()= android.intent.action.SERVICE_STATE
02-13 18:40:32.681 D/MobileDataStateTracker(  258): [mms]  mEnabled = false
02-13 18:40:32.681 D/MobileDataStateTracker(  258): [default]  MobileDataStateReceiver onReceive(): Entry.
02-13 18:40:32.681 D/MobileDataStateTracker(  258): [default]  intent.getAction()= android.intent.action.SERVICE_STATE
02-13 18:40:32.681 D/MobileDataStateTracker(  258): [default]  mEnabled = true
02-13 18:40:32.681 D/MobileDataStateTracker(  258): [hipri]  MobileDataStateReceiver onReceive(): Entry.
02-13 18:40:32.681 D/MobileDataStateTracker(  258): [hipri]  intent.getAction()= android.intent.action.ANY_DATA_STATE
02-13 18:40:32.681 D/MobileDataStateTracker(  258): [hipri]  mEnabled = false
02-13 18:40:32.681 D/MobileDataStateTracker(  258): [hipri]  apnTypeList = mms
02-13 18:40:32.681 D/MobileDataStateTracker(  258): [hipri]  unavailable = false
02-13 18:40:32.681 D/MobileDataStateTracker(  258): [hipri] Do not process intents if disabled.
02-13 18:40:32.681 D/MobileDataStateTracker(  258): [dun]  MobileDataStateReceiver onReceive(): Entry.
02-13 18:40:32.681 D/MobileDataStateTracker(  258): [dun]  intent.getAction()= android.intent.action.ANY_DATA_STATE
02-13 18:40:32.681 D/MobileDataStateTracker(  258): [dun]  mEnabled = false
02-13 18:40:32.691 D/KeyguardViewMediator(  258): setHidden false
02-13 18:40:32.691 D/MobileDataStateTracker(  258): [dun]  apnTypeList = mms
02-13 18:40:32.691 D/MobileDataStateTracker(  258): [dun]  unavailable = false
02-13 18:40:32.691 D/MobileDataStateTracker(  258): [dun] Do not process intents if disabled.
02-13 18:40:32.691 D/MobileDataStateTracker(  258): [supl]  MobileDataStateReceiver onReceive(): Entry.
02-13 18:40:32.691 D/MobileDataStateTracker(  258): [supl]  intent.getAction()= android.intent.action.ANY_DATA_STATE
02-13 18:40:32.691 D/MobileDataStateTracker(  258): [supl]  mEnabled = false
02-13 18:40:32.691 D/MobileDataStateTracker(  258): [supl]  apnTypeList = mms
02-13 18:40:32.691 D/MobileDataStateTracker(  258): [supl]  unavailable = false
02-13 18:40:32.691 D/MobileDataStateTracker(  258): [supl] Do not process intents if disabled.
02-13 18:40:32.691 D/MobileDataStateTracker(  258): [mms]  MobileDataStateReceiver onReceive(): Entry.
02-13 18:40:32.691 D/MobileDataStateTracker(  258): [mms]  intent.getAction()= android.intent.action.ANY_DATA_STATE
02-13 18:40:32.691 D/MobileDataStateTracker(  258): [mms]  mEnabled = false
02-13 18:40:32.701 D/MobileDataStateTracker(  258): [mms]  apnTypeList = mms
02-13 18:40:32.701 D/MobileDataStateTracker(  258): [mms]  unavailable = false
02-13 18:40:32.701 D/MobileDataStateTracker(  258): [mms] Do not process intents if disabled.
02-13 18:40:32.701 D/MobileDataStateTracker(  258): [default]  MobileDataStateReceiver onReceive(): Entry.
02-13 18:40:32.701 D/MobileDataStateTracker(  258): [default]  intent.getAction()= android.intent.action.ANY_DATA_STATE
02-13 18:40:32.701 D/MobileDataStateTracker(  258): [default]  mEnabled = true
02-13 18:40:32.701 D/MobileDataStateTracker(  258): [default]  apnTypeList = mms
02-13 18:40:32.701 D/MobileDataStateTracker(  258): [default]  unavailable = false
02-13 18:40:32.701 D/MobileDataStateTracker(  258): [default] not what we are looking for.
02-13 18:40:32.701 D/MobileDataStateTracker(  258): [hipri]  MobileDataStateReceiver onReceive(): Entry.
02-13 18:40:32.701 D/KeyguardViewMediator(  258): setHidden false
02-13 18:40:32.701 D/MobileDataStateTracker(  258): [hipri]  intent.getAction()= android.intent.action.ANY_DATA_STATE
02-13 18:40:32.701 D/MobileDataStateTracker(  258): [hipri]  mEnabled = false
02-13 18:40:32.721 D/MobileDataStateTracker(  258): [hipri]  apnTypeList = supl
02-13 18:40:32.721 D/MobileDataStateTracker(  258): [hipri]  unavailable = false
02-13 18:40:32.721 D/MobileDataStateTracker(  258): [hipri] Do not process intents if disabled.
02-13 18:40:32.721 D/MobileDataStateTracker(  258): [dun]  MobileDataStateReceiver onReceive(): Entry.
02-13 18:40:32.721 D/MobileDataStateTracker(  258): [dun]  intent.getAction()= android.intent.action.ANY_DATA_STATE
02-13 18:40:32.721 D/MobileDataStateTracker(  258): [dun]  mEnabled = false
02-13 18:40:32.721 D/MobileDataStateTracker(  258): [dun]  apnTypeList = supl
02-13 18:40:32.721 D/MobileDataStateTracker(  258): [dun]  unavailable = false
02-13 18:40:32.721 D/MobileDataStateTracker(  258): [dun] Do not process intents if disabled.
02-13 18:40:32.721 D/MobileDataStateTracker(  258): [supl]  MobileDataStateReceiver onReceive(): Entry.
02-13 18:40:32.721 D/MobileDataStateTracker(  258): [supl]  intent.getAction()= android.intent.action.ANY_DATA_STATE
02-13 18:40:32.721 D/MobileDataStateTracker(  258): [supl]  mEnabled = false
02-13 18:40:32.721 D/MobileDataStateTracker(  258): [supl]  apnTypeList = supl
02-13 18:40:32.721 D/MobileDataStateTracker(  258): [supl]  unavailable = false
02-13 18:40:32.721 D/MobileDataStateTracker(  258): [supl] Do not process intents if disabled.
02-13 18:40:32.721 D/MobileDataStateTracker(  258): [mms]  MobileDataStateReceiver onReceive(): Entry.
02-13 18:40:32.721 D/MobileDataStateTracker(  258): [mms]  intent.getAction()= android.intent.action.ANY_DATA_STATE
02-13 18:40:32.721 D/MobileDataStateTracker(  258): [mms]  mEnabled = false
02-13 18:40:32.721 D/KeyguardViewMediator(  258): setHidden false
02-13 18:40:32.721 D/MobileDataStateTracker(  258): [mms]  unavailable = false
02-13 18:40:32.721 D/MobileDataStateTracker(  258): [mms] Do not process intents if disabled.
02-13 18:40:32.721 D/MobileDataStateTracker(  258): [default]  MobileDataStateReceiver onReceive(): Entry.
02-13 18:40:32.721 D/MobileDataStateTracker(  258): [default]  intent.getAction()= android.intent.action.ANY_DATA_STATE
02-13 18:40:32.721 D/MobileDataStateTracker(  258): [default]  mEnabled = true
02-13 18:40:32.721 D/MobileDataStateTracker(  258): [default]  apnTypeList = supl
02-13 18:40:32.721 D/MobileDataStateTracker(  258): [default]  unavailable = false
02-13 18:40:32.721 D/MobileDataStateTracker(  258): [default] not what we are looking for.
02-13 18:40:32.721 D/MobileDataStateTracker(  258): [hipri]  MobileDataStateReceiver onReceive(): Entry.
02-13 18:40:32.721 D/MobileDataStateTracker(  258): [hipri]  intent.getAction()= android.intent.action.ANY_DATA_STATE
02-13 18:40:32.721 D/MobileDataStateTracker(  258): [hipri]  mEnabled = false
02-13 18:40:32.721 D/MobileDataStateTracker(  258): [hipri]  apnTypeList = supl
02-13 18:40:32.721 D/MobileDataStateTracker(  258): [hipri]  unavailable = false
02-13 18:40:32.721 D/MobileDataStateTracker(  258): [hipri] Do not process intents if disabled.
02-13 18:40:32.721 D/MobileDataStateTracker(  258): [dun]  MobileDataStateReceiver onReceive(): Entry.
02-13 18:40:32.721 D/MobileDataStateTracker(  258): [dun]  intent.getAction()= android.intent.action.ANY_DATA_STATE
02-13 18:40:32.721 D/MobileDataStateTracker(  258): [dun]  mEnabled = false
02-13 18:40:32.721 D/MobileDataStateTracker(  258): [mms]  apnTypeList = supl
02-13 18:40:32.731 D/MobileDataStateTracker(  258): [dun]  apnTypeList = supl
02-13 18:40:32.731 D/MobileDataStateTracker(  258): [dun]  unavailable = false
02-13 18:40:32.731 D/MobileDataStateTracker(  258): [dun] Do not process intents if disabled.
02-13 18:40:32.731 D/MobileDataStateTracker(  258): [supl]  MobileDataStateReceiver onReceive(): Entry.
02-13 18:40:32.731 D/MobileDataStateTracker(  258): [supl]  intent.getAction()= android.intent.action.ANY_DATA_STATE
02-13 18:40:32.731 D/MobileDataStateTracker(  258): [supl]  mEnabled = false
02-13 18:40:32.731 D/MobileDataStateTracker(  258): [supl]  apnTypeList = supl
02-13 18:40:32.731 D/MobileDataStateTracker(  258): [supl]  unavailable = false
02-13 18:40:32.731 D/MobileDataStateTracker(  258): [supl] Do not process intents if disabled.
02-13 18:40:32.731 D/MobileDataStateTracker(  258): [mms]  MobileDataStateReceiver onReceive(): Entry.
02-13 18:40:32.731 D/MobileDataStateTracker(  258): [mms]  intent.getAction()= android.intent.action.ANY_DATA_STATE
02-13 18:40:32.731 D/MobileDataStateTracker(  258): [mms]  mEnabled = false
02-13 18:40:32.731 D/KeyguardViewMediator(  258): setHidden false
02-13 18:40:32.741 D/MobileDataStateTracker(  258): [mms]  apnTypeList = supl
02-13 18:40:32.741 D/MobileDataStateTracker(  258): [mms]  unavailable = false
02-13 18:40:32.741 D/MobileDataStateTracker(  258): [mms] Do not process intents if disabled.
02-13 18:40:32.741 D/MobileDataStateTracker(  258): [default]  MobileDataStateReceiver onReceive(): Entry.
02-13 18:40:32.741 D/MobileDataStateTracker(  258): [default]  intent.getAction()= android.intent.action.ANY_DATA_STATE
02-13 18:40:32.741 D/MobileDataStateTracker(  258): [default]  mEnabled = true
02-13 18:40:32.741 D/MobileDataStateTracker(  258): [default]  apnTypeList = supl
02-13 18:40:32.741 D/MobileDataStateTracker(  258): [default]  unavailable = false
02-13 18:40:32.741 D/MobileDataStateTracker(  258): [default] not what we are looking for.
02-13 18:40:32.741 D/MobileDataStateTracker(  258): [hipri]  MobileDataStateReceiver onReceive(): Entry.
02-13 18:40:32.741 D/MobileDataStateTracker(  258): [hipri]  intent.getAction()= android.intent.action.ANY_DATA_STATE
02-13 18:40:32.741 D/MobileDataStateTracker(  258): [hipri]  mEnabled = false
02-13 18:40:32.741 D/MobileDataStateTracker(  258): [hipri]  apnTypeList = dun
02-13 18:40:32.741 D/MobileDataStateTracker(  258): [hipri]  unavailable = false
02-13 18:40:32.741 D/MobileDataStateTracker(  258): [hipri] Do not process intents if disabled.
02-13 18:40:32.741 D/MobileDataStateTracker(  258): [dun]  MobileDataStateReceiver onReceive(): Entry.
02-13 18:40:32.741 D/MobileDataStateTracker(  258): [dun]  intent.getAction()= android.intent.action.ANY_DATA_STATE
02-13 18:40:32.741 D/MobileDataStateTracker(  258): [dun]  mEnabled = false
02-13 18:40:32.751 D/MobileDataStateTracker(  258): [dun]  apnTypeList = dun
02-13 18:40:32.751 D/MobileDataStateTracker(  258): [dun]  unavailable = false
02-13 18:40:32.751 D/MobileDataStateTracker(  258): [dun] Do not process intents if disabled.
02-13 18:40:32.751 D/MobileDataStateTracker(  258): [supl]  MobileDataStateReceiver onReceive(): Entry.
02-13 18:40:32.751 D/MobileDataStateTracker(  258): [supl]  intent.getAction()= android.intent.action.ANY_DATA_STATE
02-13 18:40:32.751 D/MobileDataStateTracker(  258): [supl]  mEnabled = false
02-13 18:40:32.751 D/KeyguardViewMediator(  258): setHidden false
02-13 18:40:32.751 D/MobileDataStateTracker(  258): [supl]  apnTypeList = dun
02-13 18:40:32.751 D/MobileDataStateTracker(  258): [supl]  unavailable = false
02-13 18:40:32.751 D/MobileDataStateTracker(  258): [supl] Do not process intents if disabled.
02-13 18:40:32.751 D/MobileDataStateTracker(  258): [mms]  MobileDataStateReceiver onReceive(): Entry.
02-13 18:40:32.751 D/MobileDataStateTracker(  258): [mms]  intent.getAction()= android.intent.action.ANY_DATA_STATE
02-13 18:40:32.751 D/MobileDataStateTracker(  258): [mms]  mEnabled = false
02-13 18:40:32.751 D/MobileDataStateTracker(  258): [mms]  apnTypeList = dun
02-13 18:40:32.751 D/MobileDataStateTracker(  258): [mms]  unavailable = false
02-13 18:40:32.751 D/MobileDataStateTracker(  258): [mms] Do not process intents if disabled.
02-13 18:40:32.751 D/MobileDataStateTracker(  258): [default]  MobileDataStateReceiver onReceive(): Entry.
02-13 18:40:32.751 D/MobileDataStateTracker(  258): [default]  intent.getAction()= android.intent.action.ANY_DATA_STATE
02-13 18:40:32.751 D/MobileDataStateTracker(  258): [default]  mEnabled = true
02-13 18:40:32.761 D/MobileDataStateTracker(  258): [default]  apnTypeList = dun
02-13 18:40:32.761 D/MobileDataStateTracker(  258): [default]  unavailable = false
02-13 18:40:32.761 D/MobileDataStateTracker(  258): [default] not what we are looking for.
02-13 18:40:32.761 D/MobileDataStateTracker(  258): [hipri]  MobileDataStateReceiver onReceive(): Entry.
02-13 18:40:32.761 D/MobileDataStateTracker(  258): [hipri]  intent.getAction()= android.intent.action.ANY_DATA_STATE
02-13 18:40:32.761 D/MobileDataStateTracker(  258): [hipri]  mEnabled = false
02-13 18:40:32.761 D/MobileDataStateTracker(  258): [hipri]  apnTypeList = dun
02-13 18:40:32.761 D/MobileDataStateTracker(  258): [hipri]  unavailable = false
02-13 18:40:32.761 D/MobileDataStateTracker(  258): [hipri] Do not process intents if disabled.
02-13 18:40:32.761 D/MobileDataStateTracker(  258): [dun]  MobileDataStateReceiver onReceive(): Entry.
02-13 18:40:32.761 D/MobileDataStateTracker(  258): [dun]  intent.getAction()= android.intent.action.ANY_DATA_STATE
02-13 18:40:32.761 D/MobileDataStateTracker(  258): [dun]  mEnabled = false
02-13 18:40:32.761 D/MobileDataStateTracker(  258): [dun]  apnTypeList = dun
02-13 18:40:32.771 D/MobileDataStateTracker(  258): [dun]  unavailable = false
02-13 18:40:32.771 D/MobileDataStateTracker(  258): [dun] Do not process intents if disabled.
02-13 18:40:32.771 D/MobileDataStateTracker(  258): [supl]  MobileDataStateReceiver onReceive(): Entry.
02-13 18:40:32.771 D/MobileDataStateTracker(  258): [supl]  intent.getAction()= android.intent.action.ANY_DATA_STATE
02-13 18:40:32.771 D/MobileDataStateTracker(  258): [supl]  mEnabled = false
02-13 18:40:32.771 D/MobileDataStateTracker(  258): [supl]  apnTypeList = dun
02-13 18:40:32.771 D/MobileDataStateTracker(  258): [supl]  unavailable = false
02-13 18:40:32.771 D/MobileDataStateTracker(  258): [supl] Do not process intents if disabled.
02-13 18:40:32.771 D/MobileDataStateTracker(  258): [mms]  MobileDataStateReceiver onReceive(): Entry.
02-13 18:40:32.771 D/MobileDataStateTracker(  258): [mms]  intent.getAction()= android.intent.action.ANY_DATA_STATE
02-13 18:40:32.771 D/MobileDataStateTracker(  258): [mms]  mEnabled = false
02-13 18:40:32.771 D/MobileDataStateTracker(  258): [mms]  apnTypeList = dun
02-13 18:40:32.771 D/MobileDataStateTracker(  258): [mms]  unavailable = false
02-13 18:40:32.771 D/MobileDataStateTracker(  258): [mms] Do not process intents if disabled.
02-13 18:40:32.771 D/MobileDataStateTracker(  258): [default]  MobileDataStateReceiver onReceive(): Entry.
02-13 18:40:32.771 D/MobileDataStateTracker(  258): [default]  intent.getAction()= android.intent.action.ANY_DATA_STATE
02-13 18:40:32.771 D/MobileDataStateTracker(  258): [default]  mEnabled = true
02-13 18:40:32.771 D/MobileDataStateTracker(  258): [default]  apnTypeList = dun
02-13 18:40:32.771 D/MobileDataStateTracker(  258): [default]  unavailable = false
02-13 18:40:32.771 D/MobileDataStateTracker(  258): [default] not what we are looking for.
02-13 18:40:32.771 D/MobileDataStateTracker(  258): [hipri]  MobileDataStateReceiver onReceive(): Entry.
02-13 18:40:32.771 D/MobileDataStateTracker(  258): [hipri]  intent.getAction()= android.intent.action.ANY_DATA_STATE
02-13 18:40:32.771 D/MobileDataStateTracker(  258): [hipri]  mEnabled = false
02-13 18:40:32.781 D/MobileDataStateTracker(  258): [hipri]  apnTypeList = hipri
02-13 18:40:32.781 D/MobileDataStateTracker(  258): [hipri]  unavailable = false
02-13 18:40:32.781 D/MobileDataStateTracker(  258): [hipri] Do not process intents if disabled.
02-13 18:40:32.781 D/MobileDataStateTracker(  258): [dun]  MobileDataStateReceiver onReceive(): Entry.
02-13 18:40:32.781 D/MobileDataStateTracker(  258): [dun]  intent.getAction()= android.intent.action.ANY_DATA_STATE
02-13 18:40:32.781 D/MobileDataStateTracker(  258): [dun]  mEnabled = false
02-13 18:40:32.781 D/MobileDataStateTracker(  258): [dun]  apnTypeList = hipri
02-13 18:40:32.781 D/MobileDataStateTracker(  258): [dun]  unavailable = false
02-13 18:40:32.781 D/MobileDataStateTracker(  258): [dun] Do not process intents if disabled.
02-13 18:40:32.781 D/MobileDataStateTracker(  258): [supl]  MobileDataStateReceiver onReceive(): Entry.
02-13 18:40:32.781 D/MobileDataStateTracker(  258): [supl]  intent.getAction()= android.intent.action.ANY_DATA_STATE
02-13 18:40:32.781 D/MobileDataStateTracker(  258): [supl]  mEnabled = false
02-13 18:40:32.781 D/MobileDataStateTracker(  258): [supl]  apnTypeList = hipri
02-13 18:40:32.781 D/MobileDataStateTracker(  258): [supl]  unavailable = false
02-13 18:40:32.781 D/MobileDataStateTracker(  258): [supl] Do not process intents if disabled.
02-13 18:40:32.781 D/MobileDataStateTracker(  258): [mms]  MobileDataStateReceiver onReceive(): Entry.
02-13 18:40:32.781 D/MobileDataStateTracker(  258): [mms]  intent.getAction()= android.intent.action.ANY_DATA_STATE
02-13 18:40:32.781 D/MobileDataStateTracker(  258): [mms]  mEnabled = false
02-13 18:40:32.791 D/MobileDataStateTracker(  258): [mms]  apnTypeList = hipri
02-13 18:40:32.791 D/MobileDataStateTracker(  258): [mms]  unavailable = false
02-13 18:40:32.791 D/MobileDataStateTracker(  258): [mms] Do not process intents if disabled.
02-13 18:40:32.791 D/MobileDataStateTracker(  258): [default]  MobileDataStateReceiver onReceive(): Entry.
02-13 18:40:32.791 D/MobileDataStateTracker(  258): [default]  intent.getAction()= android.intent.action.ANY_DATA_STATE
02-13 18:40:32.791 D/MobileDataStateTracker(  258): [default]  mEnabled = true
02-13 18:40:32.791 D/MobileDataStateTracker(  258): [default]  apnTypeList = hipri
02-13 18:40:32.791 D/MobileDataStateTracker(  258): [default]  unavailable = false
02-13 18:40:32.791 D/MobileDataStateTracker(  258): [default] not what we are looking for.
02-13 18:40:32.791 D/MobileDataStateTracker(  258): [hipri]  MobileDataStateReceiver onReceive(): Entry.
02-13 18:40:32.791 D/MobileDataStateTracker(  258): [hipri]  intent.getAction()= android.intent.action.ANY_DATA_STATE
02-13 18:40:32.791 D/MobileDataStateTracker(  258): [hipri]  mEnabled = false
02-13 18:40:32.791 D/MobileDataStateTracker(  258): [hipri]  apnTypeList = hipri
02-13 18:40:32.791 D/MobileDataStateTracker(  258): [hipri]  unavailable = false
02-13 18:40:32.791 D/MobileDataStateTracker(  258): [hipri] Do not process intents if disabled.
02-13 18:40:32.791 D/MobileDataStateTracker(  258): [dun]  MobileDataStateReceiver onReceive(): Entry.
02-13 18:40:32.791 D/MobileDataStateTracker(  258): [dun]  intent.getAction()= android.intent.action.ANY_DATA_STATE
02-13 18:40:32.791 D/MobileDataStateTracker(  258): [dun]  mEnabled = false
02-13 18:40:32.791 D/MobileDataStateTracker(  258): [dun]  apnTypeList = hipri
02-13 18:40:32.791 D/MobileDataStateTracker(  258): [dun]  unavailable = false
02-13 18:40:32.791 D/MobileDataStateTracker(  258): [dun] Do not process intents if disabled.
02-13 18:40:32.791 D/MobileDataStateTracker(  258): [supl]  MobileDataStateReceiver onReceive(): Entry.
02-13 18:40:32.791 D/MobileDataStateTracker(  258): [supl]  intent.getAction()= android.intent.action.ANY_DATA_STATE
02-13 18:40:32.791 D/MobileDataStateTracker(  258): [supl]  mEnabled = false
02-13 18:40:32.801 D/MobileDataStateTracker(  258): [supl]  apnTypeList = hipri
02-13 18:40:32.801 D/MobileDataStateTracker(  258): [supl]  unavailable = false
02-13 18:40:32.801 D/MobileDataStateTracker(  258): [supl] Do not process intents if disabled.
02-13 18:40:32.801 D/MobileDataStateTracker(  258): [mms]  MobileDataStateReceiver onReceive(): Entry.
02-13 18:40:32.801 D/MobileDataStateTracker(  258): [mms]  intent.getAction()= android.intent.action.ANY_DATA_STATE
02-13 18:40:32.801 D/MobileDataStateTracker(  258): [mms]  mEnabled = false
02-13 18:40:32.801 D/MobileDataStateTracker(  258): [mms]  apnTypeList = hipri
02-13 18:40:32.801 D/MobileDataStateTracker(  258): [mms]  unavailable = false
02-13 18:40:32.801 D/MobileDataStateTracker(  258): [mms] Do not process intents if disabled.
02-13 18:40:32.801 D/MobileDataStateTracker(  258): [default]  MobileDataStateReceiver onReceive(): Entry.
02-13 18:40:32.801 D/MobileDataStateTracker(  258): [default]  intent.getAction()= android.intent.action.ANY_DATA_STATE
02-13 18:40:32.801 D/MobileDataStateTracker(  258): [default]  mEnabled = true
02-13 18:40:32.801 D/MobileDataStateTracker(  258): [default]  apnTypeList = hipri
02-13 18:40:32.801 D/MobileDataStateTracker(  258): [default]  unavailable = false
02-13 18:40:32.801 D/MobileDataStateTracker(  258): [default] not what we are looking for.
02-13 18:40:32.871 D/Bitmap  (  351): Detect unrecycled bitmap.
02-13 18:40:32.871 D/Bitmap  (  351):       Size: 157440 Bytes, Width: 320 , Height: 123 , Hash code: 1079242064
02-13 18:40:32.871 D/Bitmap  (  351):  This bimap was created in:
02-13 18:40:32.871 D/Bitmap  (  351):       android.graphics.Bitmap.<init>(Bitmap.java:136)
02-13 18:40:32.871 D/Bitmap  (  351):       android.graphics.BitmapFactory.nativeDecodeAsset(Native Method)
02-13 18:40:32.871 D/Bitmap  (  351):       android.graphics.BitmapFactory.decodeStream(BitmapFactory.java:460)
02-13 18:40:32.871 D/Bitmap  (  351):       android.graphics.BitmapFactory.decodeResourceStream(BitmapFactory.java:336)
02-13 18:40:32.871 D/Bitmap  (  351):       android.graphics.drawable.Drawable.createFromResourceStream(Drawable.java:697)
02-13 18:40:32.871 D/Bitmap  (  351):       android.content.res.Resources.loadDrawable(Resources.java:1709)
02-13 18:40:32.871 D/Bitmap  (  351):       android.content.res.Resources.getDrawable(Resources.java:581)
02-13 18:40:32.871 D/Bitmap  (  351):       android.widget.AbsListView.setOverScrollMode(AbsListView.java:655)
02-13 18:40:32.871 D/Bitmap  (  351):       android.view.View.<init>(View.java:1879)
02-13 18:40:32.871 D/Bitmap  (  351):       android.view.View.<init>(View.java:1921)
02-13 18:40:32.871 D/Bitmap  (  351):       android.view.ViewGroup.<init>(ViewGroup.java:292)
02-13 18:40:32.871 D/Bitmap  (  351):       android.widget.AdapterView.<init>(AdapterView.java:228)
02-13 18:40:32.871 D/Bitmap  (  351):       android.widget.AbsListView.<init>(AbsListView.java:592)
02-13 18:40:32.871 D/Bitmap  (  351):       android.widget.GridView.<init>(GridView.java:72)
02-13 18:40:32.871 D/Bitmap  (  351):       android.widget.GridView.<init>(GridView.java:68)
02-13 18:40:32.871 D/Bitmap  (  351):       java.lang.reflect.Constructor.constructNative(Native Method)
02-13 18:40:32.871 D/Bitmap  (  351):       java.lang.reflect.Constructor.newInstance(Constructor.java:415)
02-13 18:40:32.871 D/Bitmap  (  351):       android.view.LayoutInflater.createView(LayoutInflater.java:505)
02-13 18:40:32.871 D/Bitmap  (  351):       com.android.internal.policy.impl.PhoneLayoutInflater.onCreateView(PhoneLayoutInflater.java:56)
02-13 18:40:32.871 D/Bitmap  (  351):       android.view.LayoutInflater.createViewFromTag(LayoutInflater.java:568)
02-13 18:40:32.871 D/Bitmap  (  351):       android.view.LayoutInflater.rInflate(LayoutInflater.java:623)
02-13 18:40:32.871 D/Bitmap  (  351):       android.view.LayoutInflater.parseInclude(LayoutInflater.java:707)
02-13 18:40:32.871 D/Bitmap  (  351):       android.view.LayoutInflater.rInflate(LayoutInflater.java:619)
02-13 18:40:32.871 D/Bitmap  (  351):       android.view.LayoutInflater.parseInclude(LayoutInflater.java:682)
02-13 18:40:32.871 D/Bitmap  (  351):       android.view.LayoutInflater.rInflate(LayoutInflater.java:619)
02-13 18:40:32.871 D/Bitmap  (  351):       android.view.LayoutInflater.inflate(LayoutInflater.java:408)
02-13 18:40:32.871 D/Bitmap  (  351):       android.view.LayoutInflater.inflate(LayoutInflater.java:320)
02-13 18:40:32.871 D/Bitmap  (  351):       android.view.LayoutInflater.inflate(LayoutInflater.java:276)
02-13 18:40:32.871 D/Bitmap  (  351):       com.android.internal.policy.impl.PhoneWindow.setContentView(PhoneWindow.java:207)
02-13 18:40:32.871 D/Bitmap  (  351):       android.app.Activity.setContentView(Activity.java:1657)
02-13 18:40:32.871 D/Bitmap  (  351):       com.android.launcher2.Launcher.onCreate(Launcher.java:257)
02-13 18:40:32.871 D/Bitmap  (  351):       android.app.Instrumentation.callActivityOnCreate(Instrumentation.java:1047)
02-13 18:40:32.871 D/Bitmap  (  351):       android.app.ActivityThread.performLaunchActivity(ActivityThread.java:1632)
02-13 18:40:32.871 D/Bitmap  (  351):       android.app.ActivityThread.handleLaunchActivity(ActivityThread.java:1684)
02-13 18:40:32.871 D/Bitmap  (  351):       android.app.ActivityThread.access$1500(ActivityThread.java:123)
02-13 18:40:32.871 D/Bitmap  (  351):       android.app.ActivityThread$H.handleMessage(ActivityThread.java:948)
02-13 18:40:32.871 D/Bitmap  (  351):       android.os.Handler.dispatchMessage(Handler.java:99)
02-13 18:40:32.871 D/Bitmap  (  351):       android.os.Looper.loop(Looper.java:130)
02-13 18:40:32.871 D/Bitmap  (  351):       android.app.ActivityThread.main(ActivityThread.java:3704)
02-13 18:40:32.871 D/Bitmap  (  351):       java.lang.reflect.Method.invokeNative(Native Method)
02-13 18:40:32.871 D/Bitmap  (  351):       java.lang.reflect.Method.invoke(Method.java:507)
02-13 18:40:32.881 D/Bitmap  (  351):       com.android.internal.os.ZygoteInit$MethodAndArgsCaller.run(ZygoteInit.java:875)
02-13 18:40:32.881 D/Bitmap  (  351):       com.android.internal.os.ZygoteInit.main(ZygoteInit.java:633)
02-13 18:40:32.881 D/Bitmap  (  351):       dalvik.system.NativeStart.main(Native Method)
02-13 18:40:32.881 D/Bitmap  (  351): _
02-13 18:40:32.901 D/MobileDataStateTracker(  258): [hipri]  MobileDataStateReceiver onReceive(): Entry.
02-13 18:40:32.901 D/MobileDataStateTracker(  258): [hipri]  intent.getAction()= android.intent.action.SERVICE_STATE
02-13 18:40:32.901 D/MobileDataStateTracker(  258): [dun]  MobileDataStateReceiver onReceive(): Entry.
02-13 18:40:32.901 D/MobileDataStateTracker(  258): [dun]  intent.getAction()= android.intent.action.SERVICE_STATE
02-13 18:40:32.901 D/MobileDataStateTracker(  258): [dun]  mEnabled = false
02-13 18:40:32.901 D/MobileDataStateTracker(  258): [supl]  MobileDataStateReceiver onReceive(): Entry.
02-13 18:40:32.901 D/MobileDataStateTracker(  258): [supl]  intent.getAction()= android.intent.action.SERVICE_STATE
02-13 18:40:32.901 D/MobileDataStateTracker(  258): [supl]  mEnabled = false
02-13 18:40:32.901 D/CallManager(  337):  handleMessage (EVENT_SERVICE_STATE_CHANGED)
02-13 18:40:32.901 E/BT HS/HF(  337): SERVICE_STATE_CHANGED called
02-13 18:40:32.901 E/BT HS/HF(  337): updateServiceState called, sendUpdate:false  ServiceState:0 home Sprint  310099  1xRTT CSS not supported 41 4139RoamInd: 1RoamStatus(sprint): 1DefRoamInd: 160EmergOnly: false
02-13 18:40:32.901 E/BT HS/HF(  337): service:1 mService:1
02-13 18:40:32.901 D/MobileDataStateTracker(  258): [hipri]  mEnabled = false
02-13 18:40:32.921 D/MobileDataStateTracker(  258): [mms]  MobileDataStateReceiver onReceive(): Entry.
02-13 18:40:32.921 D/MobileDataStateTracker(  258): [mms]  intent.getAction()= android.intent.action.SERVICE_STATE
02-13 18:40:32.921 D/MobileDataStateTracker(  258): [mms]  mEnabled = false
02-13 18:40:32.921 D/MobileDataStateTracker(  258): [default]  MobileDataStateReceiver onReceive(): Entry.
02-13 18:40:32.921 D/MobileDataStateTracker(  258): [default]  intent.getAction()= android.intent.action.SERVICE_STATE
02-13 18:40:32.921 I/ActivityThread(  459): Pub com.google.android.partnersetup.rlzprovider: com.google.android.partnersetup.RlzProvider
02-13 18:40:32.921 D/DATA    (  337): [DSST(0)]  registrationState = 1  radioTechnology = 6 reasonForDenial = 0
02-13 18:40:32.921 D/MobileDataStateTracker(  258): [default]  mEnabled = true
02-13 18:40:32.931 I/ActivityThread(  459): Pub com.google.android.partnersetup.rlzappprovider: com.google.android.partnersetup.RlzAppProvider
02-13 18:40:32.931 D/DATA    (  337): [DSST(0)]  set mNewDataConnectionState = 0
02-13 18:40:32.931 D/DATA    (  337): [DSST(0)]  mNewDataConnectionState : 0  mDataConnectionState : 0
02-13 18:40:32.941 D/DATA    (  337): [DSST(0)] Poll ServiceState done: oldSS=[0 home null null null  1xRTT CSS not supported -1 -1RoamInd: -1RoamStatus(sprint): -1DefRoamInd: -1EmergOnly: false] newSS=[0 home null null null  1xRTT CSS not supported -1 -1RoamInd: -1RoamStatus(sprint): -1DefRoamInd: -1EmergOnly: false]
02-13 18:40:32.941 D/DATA    (  337): [DSST(0)]  mDataConnectionState = 0
02-13 18:40:33.031 D/androidNlpServiceThread(  406): updateState: shouldBeEnabled false shouldBeRunning false
02-13 18:40:33.071 D/androidNlpServiceThread(  406): updateState: shouldBeEnabled false shouldBeRunning false
02-13 18:40:33.141 D/androidNlpServiceThread(  406): updateState: shouldBeEnabled false shouldBeRunning false
02-13 18:40:33.182 D/androidNlpServiceThread(  406): updateState: shouldBeEnabled false shouldBeRunning false
02-13 18:40:33.192 D/androidNlpServiceThread(  406): updateState: shouldBeEnabled false shouldBeRunning false
02-13 18:40:33.252 I/PackageManager(  258): Updating external media status from unmounted to mounted
02-13 18:40:33.262 D/KeyguardViewMediator(  258): setHidden false
02-13 18:40:33.262 D/KeyguardViewMediator(  258): setHidden false
02-13 18:40:33.282 D/androidNlpServiceThread(  406): updateState: shouldBeEnabled false shouldBeRunning false
02-13 18:40:33.312 W/dalvikvm(  469): Refusing to reopen boot DEX '/system/framework/qcnvitems.jar'
02-13 18:40:33.312 W/dalvikvm(  469): Refusing to reopen boot DEX '/system/framework/qcrilhook.jar'
02-13 18:40:33.412 I/PackageManager(  258): No secure containers on sdcard
02-13 18:40:33.642 D/PowerManagerService(  258): acquireWakeLock flags=0x1000001a tag=keyguard
02-13 18:40:33.642 D/PowerManagerService(  258): UnPartial  wakeLock  reactivate ,flags=0x1000001a tag=keyguard
02-13 18:40:33.902 D/KeyguardViewMediator(  258): keyguardDone(true)
02-13 18:40:33.912 W/dalvikvm(  476): Refusing to reopen boot DEX '/system/framework/qcrilhook.jar'
02-13 18:40:33.912 W/dalvikvm(  476): Refusing to reopen boot DEX '/system/framework/qcnvitems.jar'
02-13 18:40:33.912 D/KeyguardViewMediator(  258): handleKeyguardDone
02-13 18:40:33.912 D/KeyguardViewMediator(  258): handleHide
02-13 18:40:33.912 D/KeyguardViewMediator(  258): adjustUserActivityLocked mShowing: false mHidden: false
02-13 18:40:33.912 D/PowerManagerService(  258): UnPartial  wakeLock  reactivate ,flags=0x1000001a tag=keyguard
02-13 18:40:33.922 D/PowerManagerService(  258): releaseWakeLock flags=0x1000001a tag=keyguard
02-13 18:40:33.922 D/KeyguardViewMediator(  258): setHidden false
02-13 18:40:33.942 D/KeyguardViewMediator(  258): setHidden false
02-13 18:40:33.972 D/KeyguardViewMediator(  258): setHidden false
02-13 18:40:33.992 D/KeyguardViewMediator(  258): setHidden false
02-13 18:40:34.002 D/KeyguardViewMediator(  258): setHidden false
02-13 18:40:34.022 D/KeyguardViewMediator(  258): setHidden false
02-13 18:40:34.032 D/KeyguardViewMediator(  258): setHidden false
02-13 18:40:34.052 D/KeyguardViewMediator(  258): setHidden false
02-13 18:40:34.072 D/KeyguardViewMediator(  258): setHidden false
02-13 18:40:34.082 D/KeyguardViewMediator(  258): setHidden false
02-13 18:40:34.102 D/KeyguardViewMediator(  258): setHidden false
02-13 18:40:34.102 D/qcom_priv_settings(  484): setprop(net.http.threads) = [10]
02-13 18:40:34.102 D/qcom_priv_settings(  484): setprop(net.http.idle_cache.size) = [40]
02-13 18:40:34.112 D/qcom_priv_settings(  484): setprop(net.http.idle_cache.shutdown) = [true]
02-13 18:40:34.112 D/qcom_priv_settings(  484): setprop(net.webkit.cache.size) = [12582912]
02-13 18:40:34.112 D/qcom_priv_settings(  484): setprop(net.webkit.cache.mindeadsize) = [4194304]
02-13 18:40:34.112 D/qcom_priv_settings(  484): setprop(net.webkit.cache.maxdeadsize) = [4194304]
02-13 18:40:34.112 D/qcom_priv_settings(  484): setprop(net.nw.cache.prioadvstep) = [86400000]
02-13 18:40:34.112 D/qcom_priv_settings(  484): setprop(net.nw.cache.weightadvstep) = [3600000]
02-13 18:40:34.112 D/qcom_priv_settings(  484): setprop(net.nw.cache.orderby) = [weight]
02-13 18:40:34.122 D/KeyguardViewMediator(  258): setHidden false
02-13 18:40:34.132 D/KeyguardViewMediator(  258): setHidden false
02-13 18:40:34.152 D/KeyguardViewMediator(  258): setHidden false
02-13 18:40:34.162 D/KeyguardViewMediator(  258): setHidden false
02-13 18:40:34.182 I/ActivityThread(  491): Pub com.cooliris.picasa.contentprovider: com.cooliris.picasa.PicasaContentProvider
02-13 18:40:34.182 D/KeyguardViewMediator(  258): setHidden false
02-13 18:40:34.213 D/KeyguardViewMediator(  258): setHidden false
02-13 18:40:34.223 D/KeyguardViewMediator(  258): setHidden false
02-13 18:40:34.233 D/KeyguardViewMediator(  258): setHidden false
02-13 18:40:34.283 D/KeyguardViewMediator(  258): setHidden false
02-13 18:40:34.283 D/KeyguardViewMediator(  258): setHidden false
02-13 18:40:34.303 D/KeyguardViewMediator(  258): setHidden false
02-13 18:40:34.333 D/KeyguardViewMediator(  258): setHidden false
02-13 18:40:34.333 E/WifiHW  (  258): wifi_connect_to_supplicant() +
02-13 18:40:34.333 E/WifiHW  (  258): ctrl ifname = /data/misc/wifi/wpa_supplicant/wlan0
02-13 18:40:34.343 E/WifiHW  (  258): ifname /data/misc/wifi/wpa_supplicant/wlan0 is ready to read/write cnt=160
02-13 18:40:34.343 D/KeyguardViewMediator(  258): setHidden false
02-13 18:40:34.343 I/ActivityManager(  258): Displayed com.android.launcher/com.android.launcher2.Launcher: +7s263ms
02-13 18:40:34.353 D/WifiStateTracker(  258): EVENT_SUPPLICANT_CONNECTION--->resetNotificationTimer()
02-13 18:40:34.353 D/KeyguardViewMediator(  258): setHidden false
02-13 18:40:34.373 D/Gallery3D(  491): [BootReceiver]: Got intent with action android.intent.action.BOOT_COMPLETED
02-13 18:40:34.383 I/VdmcBroadcastReceiver(  476): ACTION=android.intent.action.BOOT_COMPLETED
02-13 18:40:34.383 I/DMC     (  476): VdmcBroadcastReceiver start vdmc service
02-13 18:40:34.393 D/NetworkStateTracker(  258): setDetailed state, old =IDLE and new state=IDLE
02-13 18:40:34.403 I/RecoverySystem(  258): No recovery log file
02-13 18:40:34.413 W/NetworkStateTracker(  258): ### removeDefaultRoute. do nothing 
02-13 18:40:34.413 D/Tethering(  258): MasterInitialState.processMessage what=3
02-13 18:40:34.423 I/vDM     (  476): onCreate
02-13 18:40:34.423 I/vDM     (  476): onStart
02-13 18:40:34.433 D/GpsLocationProvider(  258): updateNetworkState unavailable info: NetworkInfo: type: WIFI[], state: DISCONNECTED/IDLE, reason: (unspecified), extra: (none), roaming: false, failover: false, isAvailable: false, isIpv4Connected: false, isIpv6Connected: false, ipv4Name: null, ipv6Name: null
02-13 18:40:34.433 I/DMC     (  476): Vdmc onStart sleep 8s
02-13 18:40:34.543 I/BluetoothService(  258): Received BT_BOOTUP message
02-13 18:40:34.553 I/ActivityThread(  502): Pub zte.com.cn.alarmclock: zte.com.cn.alarmclock.AlarmProvider
02-13 18:40:34.623 W/dalvikvm(  509): Refusing to reopen boot DEX '/system/framework/OmaDrmClient.jar'
02-13 18:40:34.653 I/ActivityThread(  510): Pub media: com.android.providers.media.MediaProvider
02-13 18:40:34.873 I/ActivityThread(  523): Pub com.sprint.zone.provider.ZoneProvider: com.sprint.zone.data.ZoneProvider
02-13 18:40:34.893 I/ActivityThread(  509): Pub com.zte.zmail.security.provider: com.zte.zmail.security.provider.SecurityProvider
02-13 18:40:34.913 I/ActivityThread(  509): Pub com.android.email.provider: com.android.email.provider.EmailProvider
02-13 18:40:34.923 I/ActivityThread(  509): Pub com.android.email.searchsuggestionprovider: com.android.email.provider.SearchSuggestionProvider
02-13 18:40:34.923 I/ActivityThread(  509): Pub com.android.email.attachmentprovider: com.android.email.provider.AttachmentProvider
02-13 18:40:34.923 I/ActivityThread(  509): Pub com.android.exchange.provider: com.android.exchange.provider.ExchangeProvider
02-13 18:40:34.933 I/ActivityThread(  510): Pub downloads: com.android.providers.downloads.DownloadProvider
02-13 18:40:34.963 D/DATA    (  337): [DSST(0)] pollstate() : reason = data network state changed
02-13 18:40:34.993 I/ActivityThread(  510): Pub drm: com.android.providers.drm.DrmProvider
02-13 18:40:35.053 D/CallManager(  337):  handleMessage (EVENT_SERVICE_STATE_CHANGED)
02-13 18:40:35.053 E/BT HS/HF(  337): SERVICE_STATE_CHANGED called
02-13 18:40:35.063 E/BT HS/HF(  337): updateServiceState called, sendUpdate:false  ServiceState:0 home Sprint  310099  1xRTT CSS not supported 41 4139RoamInd: 1RoamStatus(sprint): 1DefRoamInd: 160EmergOnly: false
02-13 18:40:35.063 E/BT HS/HF(  337): service:1 mService:1
02-13 18:40:35.063 D/DATA    (  337): [DSST(0)]  registrationState = 1  radioTechnology = 6 reasonForDenial = 0
02-13 18:40:35.083 D/DATA    (  337): [DSST(0)]  set mNewDataConnectionState = 0
02-13 18:40:35.083 D/DATA    (  337): [DSST(0)]  mNewDataConnectionState : 0  mDataConnectionState : 0
02-13 18:40:35.083 D/DATA    (  337): [DSST(0)] Poll ServiceState done: oldSS=[0 home null null null  1xRTT CSS not supported -1 -1RoamInd: -1RoamStatus(sprint): -1DefRoamInd: -1EmergOnly: false] newSS=[0 home null null null  1xRTT CSS not supported -1 -1RoamInd: -1RoamStatus(sprint): -1DefRoamInd: -1EmergOnly: false]
02-13 18:40:35.083 D/DATA    (  337): [DSST(0)]  mDataConnectionState = 0
02-13 18:40:35.394 E/BluetoothEasPolicy.java(  258): bluetooth EAS key=AllowBluetooth
02-13 18:40:35.394 E/BluetoothEasPolicy.java(  258): bluetooth EAS value=2
02-13 18:40:35.394 D/KeyguardUpdateMonitor(  258): received broadcast android.intent.action.ALARM_CHANGED
02-13 18:40:35.394 D/KeyguardUpdateMonitor(  258): onReceive ACTION_ALARM_CHANGED -  alarmSet:false
02-13 18:40:35.394 D/KeyguardUpdateMonitor(  258): handleAlarmStateChanged(false)
02-13 18:40:35.394 D/MobileDataStateTracker(  258): [hipri]  MobileDataStateReceiver onReceive(): Entry.
02-13 18:40:35.394 D/MobileDataStateTracker(  258): [hipri]  intent.getAction()= android.intent.action.SERVICE_STATE
02-13 18:40:35.394 D/MobileDataStateTracker(  258): [hipri]  mEnabled = false
02-13 18:40:35.394 D/MobileDataStateTracker(  258): [dun]  MobileDataStateReceiver onReceive(): Entry.
02-13 18:40:35.394 D/MobileDataStateTracker(  258): [dun]  intent.getAction()= android.intent.action.SERVICE_STATE
02-13 18:40:35.394 D/MobileDataStateTracker(  258): [dun]  mEnabled = false
02-13 18:40:35.404 D/MobileDataStateTracker(  258): [supl]  MobileDataStateReceiver onReceive(): Entry.
02-13 18:40:35.404 D/MobileDataStateTracker(  258): [supl]  intent.getAction()= android.intent.action.SERVICE_STATE
02-13 18:40:35.404 D/MobileDataStateTracker(  258): [supl]  mEnabled = false
02-13 18:40:35.404 D/MobileDataStateTracker(  258): [mms]  MobileDataStateReceiver onReceive(): Entry.
02-13 18:40:35.404 D/MobileDataStateTracker(  258): [mms]  intent.getAction()= android.intent.action.SERVICE_STATE
02-13 18:40:35.404 D/MobileDataStateTracker(  258): [mms]  mEnabled = false
02-13 18:40:35.404 D/MobileDataStateTracker(  258): [default]  MobileDataStateReceiver onReceive(): Entry.
02-13 18:40:35.404 D/MobileDataStateTracker(  258): [default]  intent.getAction()= android.intent.action.SERVICE_STATE
02-13 18:40:35.404 D/MobileDataStateTracker(  258): [default]  mEnabled = true
02-13 18:40:35.684 D/KeyguardViewMediator(  258): setHidden false
02-13 18:40:35.704 D/KeyguardViewMediator(  258): setHidden false
02-13 18:40:35.704 D/Launcher(  351): onSaveInstanceState
02-13 18:40:35.704 D/Launcher(  351): Dissmis Preview for view :null ID:2131230735
02-13 18:40:35.704 D/Launcher(  351): Dissmis Preview for view :null ID:2131230736
02-13 18:40:35.704 D/Launcher(  351): Dissmis Preview for view :null ID:2131230739
02-13 18:40:35.704 D/Launcher(  351): Dissmis Preview for view :null ID:2131230741
02-13 18:40:35.884 D/PhoneApp(  337): updateProximitySensorMode: state = IDLE
02-13 18:40:35.884 D/PhoneApp(  337): updateProximitySensorMode: lock already released.
02-13 18:40:35.884 D/loc_api_rpc_glue(  258): Loc API RPC client initialized.
02-13 18:40:35.904 D/KeyguardViewMediator(  258): setHidden false
02-13 18:40:35.904 D/KeyguardViewMediator(  258): setHidden false
02-13 18:40:35.914 D/KeyguardViewMediator(  258): setHidden false
02-13 18:40:35.914 D/KeyguardViewMediator(  258): setHidden false
02-13 18:40:35.924 I/hubo    (  258): Activity {com.android.mms/com.android.mms.ui.ConversationList}
02-13 18:40:35.924 W/dalvikvm(  533): Refusing to reopen boot DEX '/system/framework/OmaDrmClient.jar'
02-13 18:40:35.934 D/KeyguardViewMediator(  258): setHidden false
02-13 18:40:35.984 D/KeyguardViewMediator(  258): setHidden false
02-13 18:40:35.984 D/KeyguardViewMediator(  258): setHidden false
02-13 18:40:36.024 I/ActivityThread(  533): Pub com.android.mms.SuggestionsProvider: com.android.mms.SuggestionsProvider
02-13 18:40:36.034 D/KeyguardViewMediator(  258): setHidden false
02-13 18:40:36.034 E/MmsCustom(  533): Mms,MmsCustom
02-13 18:40:36.034 E/MmsCustom(  533): Init before calling function of doPreSotred()
02-13 18:40:36.034 E/MmsCustom(  533): mms config have been prestored before
02-13 18:40:36.034 E/MmsConfig(  533): mUaProfUrl=http://device.sprintpcs.com/ZTE/ZTEN850KT/N850V1.0.0B10.rdf
02-13 18:40:36.074 D/KeyguardViewMediator(  258): setHidden false
02-13 18:40:36.255 D/Mms     (  533): [12] Conversation get() RECIPIENT==: 1
02-13 18:40:36.255 D/Mms     (  533): [12] Conversation get() DATE==: 1329178190000
02-13 18:40:36.265 I/Mms     (  533): parseMmsAddress number=9137446943, length=10
02-13 18:40:36.275 I/ContactsProvider(  391): query: content://com.android.contacts/data
02-13 18:40:36.275 E/ContactsProvider(  391): 101123 isCallerRegisterNeedSIMProc callerPid:533, acorePid:391
02-13 18:40:36.275 I/ContactsProvider(  391): query isCallerRegistered= true
02-13 18:40:36.275 I/ContactsProvider(  391): query forOnlyOneContactString= 0
02-13 18:40:36.345 I/ContactsProvider(  391): query: content://com.android.contacts/contacts/223/photo
02-13 18:40:36.345 E/ContactsProvider(  391): 101123 isCallerRegisterNeedSIMProc callerPid:533, acorePid:391
02-13 18:40:36.345 I/ContactsProvider(  391): query isCallerRegistered= true
02-13 18:40:36.345 I/ContactsProvider(  391): query forOnlyOneContactString= 0
02-13 18:40:36.375 D/Bitmap  (  523): Detect unrecycled bitmap.
02-13 18:40:36.375 D/Bitmap  (  523):       Size: 47432 Bytes, Width: 154 , Height: 154 , Hash code: 1079300144
02-13 18:40:36.375 D/Bitmap  (  523):  This bimap was created in:
02-13 18:40:36.375 D/Bitmap  (  523):       android.graphics.Bitmap.<init>(Bitmap.java:136)
02-13 18:40:36.375 D/Bitmap  (  523):       android.graphics.BitmapFactory.nativeDecodeByteArray(Native Method)
02-13 18:40:36.375 D/Bitmap  (  523):       android.graphics.BitmapFactory.decodeByteArray(BitmapFactory.java:405)
02-13 18:40:36.375 D/Bitmap  (  523):       android.graphics.BitmapFactory.decodeByteArray(BitmapFactory.java:418)
02-13 18:40:36.375 D/Bitmap  (  523):       com.sprint.zone.data.DbAdapter.cursorToFeature(DbAdapter.java:1305)
02-13 18:40:36.375 D/Bitmap  (  523):       com.sprint.zone.data.DbAdapter.getPageContent(DbAdapter.java:1242)
02-13 18:40:36.375 D/Bitmap  (  523):       com.sprint.zone.data.DbAdapter.loadGlobalContent(DbAdapter.java:1447)
02-13 18:40:36.375 D/Bitmap  (  523):       com.sprint.zone.data.GlobalContent.instance(GlobalContent.java:104)
02-13 18:40:36.375 D/Bitmap  (  523):       com.sprint.zone.Zone.onCreate(Zone.java:35)
02-13 18:40:36.375 D/Bitmap  (  523):       com.sprint.zone.sprint.SprintZone.onCreate(SprintZone.java:10)
02-13 18:40:36.375 D/Bitmap  (  523):       android.app.Instrumentation.callApplicationOnCreate(Instrumentation.java:969)
02-13 18:40:36.375 D/Bitmap  (  523):       android.app.ActivityThread.handleBindApplication(ActivityThread.java:3293)
02-13 18:40:36.375 D/Bitmap  (  523):       android.app.ActivityThread.access$2200(ActivityThread.java:123)
02-13 18:40:36.375 D/Bitmap  (  523):       android.app.ActivityThread$H.handleMessage(ActivityThread.java:986)
02-13 18:40:36.375 D/Bitmap  (  523):       android.os.Handler.dispatchMessage(Handler.java:99)
02-13 18:40:36.375 D/Bitmap  (  523):       android.os.Looper.loop(Looper.java:130)
02-13 18:40:36.375 D/Bitmap  (  523):       android.app.ActivityThread.main(ActivityThread.java:3704)
02-13 18:40:36.375 D/Bitmap  (  523):       java.lang.reflect.Method.invokeNative(Native Method)
02-13 18:40:36.375 D/Bitmap  (  523):       java.lang.reflect.Method.invoke(Method.java:507)
02-13 18:40:36.375 D/Bitmap  (  523):       com.android.internal.os.ZygoteInit$MethodAndArgsCaller.run(ZygoteInit.java:875)
02-13 18:40:36.375 D/Bitmap  (  523):       com.android.internal.os.ZygoteInit.main(ZygoteInit.java:633)
02-13 18:40:36.375 D/Bitmap  (  523):       dalvik.system.NativeStart.main(Native Method)
02-13 18:40:36.375 D/Bitmap  (  523): _
02-13 18:40:36.375 D/Bitmap  (  523): Detect unrecycled bitmap.
02-13 18:40:36.375 D/Bitmap  (  523):       Size: 181476 Bytes, Width: 213 , Height: 213 , Hash code: 1079166936
02-13 18:40:36.375 D/Bitmap  (  523):  This bimap was created in:
02-13 18:40:36.375 D/Bitmap  (  523):       android.graphics.Bitmap.<init>(Bitmap.java:136)
02-13 18:40:36.375 D/Bitmap  (  523):       android.graphics.BitmapFactory.nativeDecodeByteArray(Native Method)
02-13 18:40:36.375 D/Bitmap  (  523):       android.graphics.BitmapFactory.decodeByteArray(BitmapFactory.java:405)
02-13 18:40:36.375 D/Bitmap  (  523):       android.graphics.BitmapFactory.decodeByteArray(BitmapFactory.java:418)
02-13 18:40:36.375 D/Bitmap  (  523):       com.sprint.zone.data.DbAdapter.cursorToFeature(DbAdapter.java:1305)
02-13 18:40:36.375 D/Bitmap  (  523):       com.sprint.zone.data.DbAdapter.getPageContent(DbAdapter.java:1242)
02-13 18:40:36.375 D/Bitmap  (  523):       com.sprint.zone.data.DbAdapter.loadGlobalContent(DbAdapter.java:1447)
02-13 18:40:36.375 D/Bitmap  (  523):       com.sprint.zone.data.GlobalContent.instance(GlobalContent.java:104)
02-13 18:40:36.375 D/Bitmap  (  523):       com.sprint.zone.Zone.onCreate(Zone.java:35)
02-13 18:40:36.375 D/Bitmap  (  523):       com.sprint.zone.sprint.SprintZone.onCreate(SprintZone.java:10)
02-13 18:40:36.375 D/Bitmap  (  523):       android.app.Instrumentation.callApplicationOnCreate(Instrumentation.java:969)
02-13 18:40:36.375 D/Bitmap  (  523):       android.app.ActivityThread.handleBindApplication(ActivityThread.java:3293)
02-13 18:40:36.375 D/Bitmap  (  523):       android.app.ActivityThread.access$2200(ActivityThread.java:123)
02-13 18:40:36.375 D/Bitmap  (  523):       android.app.ActivityThread$H.handleMessage(ActivityThread.java:986)
02-13 18:40:36.375 D/Bitmap  (  523):       android.os.Handler.dispatchMessage(Handler.java:99)
02-13 18:40:36.375 D/Bitmap  (  523):       android.os.Looper.loop(Looper.java:130)
02-13 18:40:36.375 D/Bitmap  (  523):       android.app.ActivityThread.main(ActivityThread.java:3704)
02-13 18:40:36.375 D/Bitmap  (  523):       java.lang.reflect.Method.invokeNative(Native Method)
02-13 18:40:36.375 D/Bitmap  (  523):       java.lang.reflect.Method.invoke(Method.java:507)
02-13 18:40:36.375 D/Bitmap  (  523):       com.android.internal.os.ZygoteInit$MethodAndArgsCaller.run(ZygoteInit.java:875)
02-13 18:40:36.375 D/Bitmap  (  523):       com.android.internal.os.ZygoteInit.main(ZygoteInit.java:633)
02-13 18:40:36.375 D/Bitmap  (  523):       dalvik.system.NativeStart.main(Native Method)
02-13 18:40:36.375 D/Bitmap  (  523): _
02-13 18:40:36.375 D/Bitmap  (  523): Detect unrecycled bitmap.
02-13 18:40:36.375 D/Bitmap  (  523):       Size: 262144 Bytes, Width: 256 , Height: 256 , Hash code: 1079139680
02-13 18:40:36.375 D/Bitmap  (  523):  This bimap was created in:
02-13 18:40:36.375 D/Bitmap  (  523):       android.graphics.Bitmap.<init>(Bitmap.java:136)
02-13 18:40:36.375 D/Bitmap  (  523):       android.graphics.BitmapFactory.nativeDecodeByteArray(Native Method)
02-13 18:40:36.375 D/Bitmap  (  523):       android.graphics.BitmapFactory.decodeByteArray(BitmapFactory.java:405)
02-13 18:40:36.375 D/Bitmap  (  523):       android.graphics.BitmapFactory.decodeByteArray(BitmapFactory.java:418)
02-13 18:40:36.375 D/Bitmap  (  523):       com.sprint.zone.data.DbAdapter.cursorToFeature(DbAdapter.java:1305)
02-13 18:40:36.375 D/Bitmap  (  523):       com.sprint.zone.data.DbAdapter.getPageContent(DbAdapter.java:1242)
02-13 18:40:36.375 D/Bitmap  (  523):       com.sprint.zone.data.DbAdapter.loadGlobalContent(DbAdapter.java:1447)
02-13 18:40:36.375 D/Bitmap  (  523):       com.sprint.zone.data.GlobalContent.instance(GlobalContent.java:104)
02-13 18:40:36.375 D/Bitmap  (  523):       com.sprint.zone.Zone.onCreate(Zone.java:35)
02-13 18:40:36.375 D/Bitmap  (  523):       com.sprint.zone.sprint.SprintZone.onCreate(SprintZone.java:10)
02-13 18:40:36.375 D/Bitmap  (  523):       android.app.Instrumentation.callApplicationOnCreate(Instrumentation.java:969)
02-13 18:40:36.375 D/Bitmap  (  523):       android.app.ActivityThread.handleBindApplication(ActivityThread.java:3293)
02-13 18:40:36.375 D/Bitmap  (  523):       android.app.ActivityThread.access$2200(ActivityThread.java:123)
02-13 18:40:36.375 D/Bitmap  (  523):       android.app.ActivityThread$H.handleMessage(ActivityThread.java:986)
02-13 18:40:36.375 D/Bitmap  (  523):       android.os.Handler.dispatchMessage(Handler.java:99)
02-13 18:40:36.375 D/Bitmap  (  523):       android.os.Looper.loop(Looper.java:130)
02-13 18:40:36.375 D/Bitmap  (  523):       android.app.ActivityThread.main(ActivityThread.java:3704)
02-13 18:40:36.375 D/Bitmap  (  523):       java.lang.reflect.Method.invokeNative(Native Method)
02-13 18:40:36.375 D/Bitmap  (  523):       java.lang.reflect.Method.invoke(Method.java:507)
02-13 18:40:36.375 D/Bitmap  (  523):       com.android.internal.os.ZygoteInit$MethodAndArgsCaller.run(ZygoteInit.java:875)
02-13 18:40:36.375 D/Bitmap  (  523):       com.android.internal.os.ZygoteInit.main(ZygoteInit.java:633)
02-13 18:40:36.375 D/Bitmap  (  523):       dalvik.system.NativeStart.main(Native Method)
02-13 18:40:36.375 D/Bitmap  (  523): _
02-13 18:40:36.375 D/Bitmap  (  523): Detect unrecycled bitmap.
02-13 18:40:36.375 D/Bitmap  (  523):       Size: 168100 Bytes, Width: 205 , Height: 205 , Hash code: 1079313600
02-13 18:40:36.375 D/Bitmap  (  523):  This bimap was created in:
