02-13 18:52:17.679 D/MobileDataStateTracker(  256): [hipri]  unavailable = false
02-13 18:52:17.679 D/MobileDataStateTracker(  256): [hipri] Do not process intents if disabled.
02-13 18:52:17.679 D/MobileDataStateTracker(  256): [dun]  MobileDataStateReceiver onReceive(): Entry.
02-13 18:52:17.679 D/MobileDataStateTracker(  256): [dun]  intent.getAction()= android.intent.action.ANY_DATA_STATE
02-13 18:52:17.679 D/MobileDataStateTracker(  256): [dun]  mEnabled = false
02-13 18:52:17.679 D/MobileDataStateTracker(  256): [dun]  apnTypeList = default
02-13 18:52:17.679 D/MobileDataStateTracker(  256): [dun]  unavailable = false
02-13 18:52:17.679 D/MobileDataStateTracker(  256): [dun] Do not process intents if disabled.
02-13 18:52:17.679 D/MobileDataStateTracker(  256): [supl]  MobileDataStateReceiver onReceive(): Entry.
02-13 18:52:17.679 D/MobileDataStateTracker(  256): [supl]  intent.getAction()= android.intent.action.ANY_DATA_STATE
02-13 18:52:17.679 D/MobileDataStateTracker(  256): [supl]  mEnabled = false
02-13 18:52:17.679 D/KeyguardViewMediator(  256): setHidden false
02-13 18:52:17.699 D/MobileDataStateTracker(  256): [supl]  apnTypeList = default
02-13 18:52:17.699 D/MobileDataStateTracker(  256): [supl]  unavailable = false
02-13 18:52:17.699 D/MobileDataStateTracker(  256): [supl] Do not process intents if disabled.
02-13 18:52:17.699 D/MobileDataStateTracker(  256): [mms]  MobileDataStateReceiver onReceive(): Entry.
02-13 18:52:17.699 D/MobileDataStateTracker(  256): [mms]  intent.getAction()= android.intent.action.ANY_DATA_STATE
02-13 18:52:17.699 D/MobileDataStateTracker(  256): [mms]  mEnabled = false
02-13 18:52:17.699 D/KeyguardViewMediator(  256): setHidden false
02-13 18:52:17.699 D/MobileDataStateTracker(  256): [mms]  apnTypeList = default
02-13 18:52:17.699 D/MobileDataStateTracker(  256): [mms]  unavailable = false
02-13 18:52:17.699 D/MobileDataStateTracker(  256): [mms] Do not process intents if disabled.
02-13 18:52:17.699 D/MobileDataStateTracker(  256): [default]  MobileDataStateReceiver onReceive(): Entry.
02-13 18:52:17.699 D/MobileDataStateTracker(  256): [default]  intent.getAction()= android.intent.action.ANY_DATA_STATE
02-13 18:52:17.699 D/MobileDataStateTracker(  256): [default]  mEnabled = true
02-13 18:52:17.699 D/Phone   (  342): [PhoneNotifier] [DefaultPhoneNotifier] : default, INET6, DISCONNECTED
02-13 18:52:17.709 D/MobileDataStateTracker(  256): [default]  apnTypeList = default
02-13 18:52:17.709 D/MobileDataStateTracker(  256): [default]  unavailable = false
02-13 18:52:17.709 I/TelephonyRegistry(  256): notifyDataConnection: state=0 isDataConnectivityPossible=true reason=radioTechnologyChanged interfaceName=null networkType=6 apnType=default apn=null
02-13 18:52:17.709 I/TelephonyRegistry(  256): +++broadcastDataConnectionStateChanged
02-13 18:52:17.709 D/MobileDataStateTracker(  256): [default] CALL updateMobileInfoFromIntent
02-13 18:52:17.709 I/MobileDataStateTracker(  256): [default] dc state change intent received for default/INET with state  CONNECTED. enabled=true state change reason = radioTechnologyChanged
02-13 18:52:17.709 I/MobileDataStateTracker(  256): [default] old state = CONNECTED
02-13 18:52:17.709 I/MobileDataStateTracker(  256): [default] no change,  just return
02-13 18:52:17.709 D/MobileDataStateTracker(  256): [default] No need to update detailed state
02-13 18:52:17.709 I/TelephonyRegistry(  256): +++sendStickyBroadcast
02-13 18:52:17.709 D/Phone   (  342): [PhoneNotifier] [DefaultPhoneNotifier] : mms, INET, CONNECTED
02-13 18:52:17.709 D/KeyguardViewMediator(  256): setHidden false
02-13 18:52:17.719 I/TelephonyRegistry(  256): notifyDataConnection: state=2 isDataConnectivityPossible=true reason=radioTechnologyChanged interfaceName=rmnet0 networkType=6 apnType=mms apn=null
02-13 18:52:17.719 I/TelephonyRegistry(  256): +++broadcastDataConnectionStateChanged
02-13 18:52:17.719 I/TelephonyRegistry(  256): +++sendStickyBroadcast
02-13 18:52:17.719 D/Phone   (  342): [PhoneNotifier] [DefaultPhoneNotifier] : mms, INET6, DISCONNECTED
02-13 18:52:17.729 I/TelephonyRegistry(  256): notifyDataConnection: state=0 isDataConnectivityPossible=true reason=radioTechnologyChanged interfaceName=null networkType=6 apnType=mms apn=null
02-13 18:52:17.729 I/TelephonyRegistry(  256): +++broadcastDataConnectionStateChanged
02-13 18:52:17.729 I/TelephonyRegistry(  256): +++sendStickyBroadcast
02-13 18:52:17.729 D/Phone   (  342): [PhoneNotifier] [DefaultPhoneNotifier] : supl, INET, CONNECTED
02-13 18:52:17.729 D/KeyguardViewMediator(  256): setHidden false
02-13 18:52:17.729 D/MobileDataStateTracker(  256): [hipri]  MobileDataStateReceiver onReceive(): Entry.
02-13 18:52:17.729 D/MobileDataStateTracker(  256): [hipri]  intent.getAction()= android.intent.action.ANY_DATA_STATE
02-13 18:52:17.729 D/MobileDataStateTracker(  256): [hipri]  mEnabled = false
02-13 18:52:17.739 I/TelephonyRegistry(  256): notifyDataConnection: state=2 isDataConnectivityPossible=true reason=radioTechnologyChanged interfaceName=rmnet0 networkType=6 apnType=supl apn=null
02-13 18:52:17.739 I/TelephonyRegistry(  256): +++broadcastDataConnectionStateChanged
02-13 18:52:17.739 D/MobileDataStateTracker(  256): [hipri]  apnTypeList = mms
02-13 18:52:17.739 D/MobileDataStateTracker(  256): [hipri]  unavailable = false
02-13 18:52:17.739 D/MobileDataStateTracker(  256): [hipri] Do not process intents if disabled.
02-13 18:52:17.739 D/MobileDataStateTracker(  256): [dun]  MobileDataStateReceiver onReceive(): Entry.
02-13 18:52:17.739 D/MobileDataStateTracker(  256): [dun]  intent.getAction()= android.intent.action.ANY_DATA_STATE
02-13 18:52:17.739 D/MobileDataStateTracker(  256): [dun]  mEnabled = false
02-13 18:52:17.739 D/MobileDataStateTracker(  256): [dun]  apnTypeList = mms
02-13 18:52:17.739 D/MobileDataStateTracker(  256): [dun]  unavailable = false
02-13 18:52:17.739 D/MobileDataStateTracker(  256): [dun] Do not process intents if disabled.
02-13 18:52:17.739 D/MobileDataStateTracker(  256): [supl]  MobileDataStateReceiver onReceive(): Entry.
02-13 18:52:17.739 D/MobileDataStateTracker(  256): [supl]  intent.getAction()= android.intent.action.ANY_DATA_STATE
02-13 18:52:17.739 D/MobileDataStateTracker(  256): [supl]  mEnabled = false
02-13 18:52:17.749 D/KeyguardViewMediator(  256): setHidden false
02-13 18:52:17.749 D/MobileDataStateTracker(  256): [supl]  apnTypeList = mms
02-13 18:52:17.749 D/MobileDataStateTracker(  256): [supl]  unavailable = false
02-13 18:52:17.749 D/MobileDataStateTracker(  256): [supl] Do not process intents if disabled.
02-13 18:52:17.749 D/MobileDataStateTracker(  256): [mms]  MobileDataStateReceiver onReceive(): Entry.
02-13 18:52:17.749 D/MobileDataStateTracker(  256): [mms]  intent.getAction()= android.intent.action.ANY_DATA_STATE
02-13 18:52:17.749 D/MobileDataStateTracker(  256): [mms]  mEnabled = false
02-13 18:52:17.759 I/TelephonyRegistry(  256): +++sendStickyBroadcast
02-13 18:52:17.759 D/MobileDataStateTracker(  256): [mms]  apnTypeList = mms
02-13 18:52:17.759 D/MobileDataStateTracker(  256): [mms]  unavailable = false
02-13 18:52:17.759 D/MobileDataStateTracker(  256): [mms] Do not process intents if disabled.
02-13 18:52:17.759 D/MobileDataStateTracker(  256): [default]  MobileDataStateReceiver onReceive(): Entry.
02-13 18:52:17.759 D/MobileDataStateTracker(  256): [default]  intent.getAction()= android.intent.action.ANY_DATA_STATE
02-13 18:52:17.759 D/MobileDataStateTracker(  256): [default]  mEnabled = true
02-13 18:52:17.759 D/MobileDataStateTracker(  256): [default]  apnTypeList = mms
02-13 18:52:17.759 D/MobileDataStateTracker(  256): [default]  unavailable = false
02-13 18:52:17.759 D/MobileDataStateTracker(  256): [default] not what we are looking for.
02-13 18:52:17.759 D/Phone   (  342): [PhoneNotifier] [DefaultPhoneNotifier] : supl, INET6, DISCONNECTED
02-13 18:52:17.759 I/TelephonyRegistry(  256): notifyDataConnection: state=0 isDataConnectivityPossible=true reason=radioTechnologyChanged interfaceName=null networkType=6 apnType=supl apn=null
02-13 18:52:17.759 I/TelephonyRegistry(  256): +++broadcastDataConnectionStateChanged
02-13 18:52:17.759 D/KeyguardViewMediator(  256): setHidden false
02-13 18:52:17.769 I/TelephonyRegistry(  256): +++sendStickyBroadcast
02-13 18:52:17.769 D/Phone   (  342): [PhoneNotifier] [DefaultPhoneNotifier] : dun, INET, DISCONNECTED
02-13 18:52:17.769 I/TelephonyRegistry(  256): notifyDataConnection: state=0 isDataConnectivityPossible=true reason=radioTechnologyChanged interfaceName=null networkType=6 apnType=dun apn=null
02-13 18:52:17.769 I/TelephonyRegistry(  256): +++broadcastDataConnectionStateChanged
02-13 18:52:17.769 I/TelephonyRegistry(  256): +++sendStickyBroadcast
02-13 18:52:17.769 D/Phone   (  342): [PhoneNotifier] [DefaultPhoneNotifier] : dun, INET6, DISCONNECTED
02-13 18:52:17.769 D/MobileDataStateTracker(  256): [hipri]  MobileDataStateReceiver onReceive(): Entry.
02-13 18:52:17.769 D/MobileDataStateTracker(  256): [hipri]  intent.getAction()= android.intent.action.ANY_DATA_STATE
02-13 18:52:17.769 D/MobileDataStateTracker(  256): [hipri]  mEnabled = false
02-13 18:52:17.779 D/MobileDataStateTracker(  256): [hipri]  apnTypeList = dun
02-13 18:52:17.779 D/MobileDataStateTracker(  256): [hipri]  unavailable = false
02-13 18:52:17.779 D/MobileDataStateTracker(  256): [hipri] Do not process intents if disabled.
02-13 18:52:17.779 D/MobileDataStateTracker(  256): [dun]  MobileDataStateReceiver onReceive(): Entry.
02-13 18:52:17.779 D/MobileDataStateTracker(  256): [dun]  intent.getAction()= android.intent.action.ANY_DATA_STATE
02-13 18:52:17.779 D/MobileDataStateTracker(  256): [dun]  mEnabled = false
02-13 18:52:17.779 D/MobileDataStateTracker(  256): [dun]  apnTypeList = dun
02-13 18:52:17.779 D/MobileDataStateTracker(  256): [dun]  unavailable = false
02-13 18:52:17.779 D/MobileDataStateTracker(  256): [dun] Do not process intents if disabled.
02-13 18:52:17.779 I/TelephonyRegistry(  256): notifyDataConnection: state=0 isDataConnectivityPossible=true reason=radioTechnologyChanged interfaceName=null networkType=6 apnType=dun apn=null
02-13 18:52:17.779 I/TelephonyRegistry(  256): +++broadcastDataConnectionStateChanged
02-13 18:52:17.779 D/KeyguardViewMediator(  256): setHidden false
02-13 18:52:17.779 D/MobileDataStateTracker(  256): [supl]  MobileDataStateReceiver onReceive(): Entry.
02-13 18:52:17.779 D/MobileDataStateTracker(  256): [supl]  intent.getAction()= android.intent.action.ANY_DATA_STATE
02-13 18:52:17.779 D/MobileDataStateTracker(  256): [supl]  mEnabled = false
02-13 18:52:17.779 D/MobileDataStateTracker(  256): [supl]  apnTypeList = dun
02-13 18:52:17.779 D/MobileDataStateTracker(  256): [supl]  unavailable = false
02-13 18:52:17.779 D/MobileDataStateTracker(  256): [supl] Do not process intents if disabled.
02-13 18:52:17.779 D/MobileDataStateTracker(  256): [mms]  MobileDataStateReceiver onReceive(): Entry.
02-13 18:52:17.779 D/MobileDataStateTracker(  256): [mms]  intent.getAction()= android.intent.action.ANY_DATA_STATE
02-13 18:52:17.779 D/MobileDataStateTracker(  256): [mms]  mEnabled = false
02-13 18:52:17.789 D/MobileDataStateTracker(  256): [mms]  apnTypeList = dun
02-13 18:52:17.789 D/MobileDataStateTracker(  256): [mms]  unavailable = false
02-13 18:52:17.789 D/MobileDataStateTracker(  256): [mms] Do not process intents if disabled.
02-13 18:52:17.789 D/MobileDataStateTracker(  256): [default]  MobileDataStateReceiver onReceive(): Entry.
02-13 18:52:17.789 D/MobileDataStateTracker(  256): [default]  intent.getAction()= android.intent.action.ANY_DATA_STATE
02-13 18:52:17.789 D/MobileDataStateTracker(  256): [default]  mEnabled = true
02-13 18:52:17.789 D/MobileDataStateTracker(  256): [default]  apnTypeList = dun
02-13 18:52:17.789 D/MobileDataStateTracker(  256): [default]  unavailable = false
02-13 18:52:17.789 D/MobileDataStateTracker(  256): [default] not what we are looking for.
02-13 18:52:17.789 I/TelephonyRegistry(  256): +++sendStickyBroadcast
02-13 18:52:17.799 D/MobileDataStateTracker(  256): [hipri]  MobileDataStateReceiver onReceive(): Entry.
02-13 18:52:17.799 D/Phone   (  342): [PhoneNotifier] [DefaultPhoneNotifier] : hipri, INET, CONNECTED
02-13 18:52:17.799 I/TelephonyRegistry(  256): notifyDataConnection: state=2 isDataConnectivityPossible=true reason=radioTechnologyChanged interfaceName=rmnet0 networkType=6 apnType=hipri apn=null
02-13 18:52:17.799 I/TelephonyRegistry(  256): +++broadcastDataConnectionStateChanged
02-13 18:52:17.799 I/TelephonyRegistry(  256): +++sendStickyBroadcast
02-13 18:52:17.809 D/Phone   (  342): [PhoneNotifier] [DefaultPhoneNotifier] : hipri, INET6, DISCONNECTED
02-13 18:52:17.809 I/TelephonyRegistry(  256): notifyDataConnection: state=0 isDataConnectivityPossible=true reason=radioTechnologyChanged interfaceName=null networkType=6 apnType=hipri apn=null
02-13 18:52:17.809 I/TelephonyRegistry(  256): +++broadcastDataConnectionStateChanged
02-13 18:52:17.809 D/MobileDataStateTracker(  256): [hipri]  intent.getAction()= android.intent.action.ANY_DATA_STATE
02-13 18:52:17.809 D/MobileDataStateTracker(  256): [hipri]  mEnabled = false
02-13 18:52:17.809 D/MobileDataStateTracker(  256): [hipri]  apnTypeList = dun
02-13 18:52:17.809 D/MobileDataStateTracker(  256): [hipri]  unavailable = false
02-13 18:52:17.809 D/MobileDataStateTracker(  256): [hipri] Do not process intents if disabled.
02-13 18:52:17.809 D/MobileDataStateTracker(  256): [dun]  MobileDataStateReceiver onReceive(): Entry.
02-13 18:52:17.809 D/MobileDataStateTracker(  256): [dun]  intent.getAction()= android.intent.action.ANY_DATA_STATE
02-13 18:52:17.809 D/MobileDataStateTracker(  256): [dun]  mEnabled = false
02-13 18:52:17.809 D/MobileDataStateTracker(  256): [dun]  apnTypeList = dun
02-13 18:52:17.809 D/MobileDataStateTracker(  256): [dun]  unavailable = false
02-13 18:52:17.809 D/MobileDataStateTracker(  256): [dun] Do not process intents if disabled.
02-13 18:52:17.809 D/MobileDataStateTracker(  256): [supl]  MobileDataStateReceiver onReceive(): Entry.
02-13 18:52:17.809 D/MobileDataStateTracker(  256): [supl]  intent.getAction()= android.intent.action.ANY_DATA_STATE
02-13 18:52:17.809 D/MobileDataStateTracker(  256): [supl]  mEnabled = false
02-13 18:52:17.819 I/TelephonyRegistry(  256): +++sendStickyBroadcast
02-13 18:52:17.819 D/DATA    (  342): [DCT(0) ] Resetting all profiles and service states!
02-13 18:52:17.819 D/PhoneApp(  342): mReceiver: ACTION_ANY_DATA_CONNECTION_STATE_CHANGED
02-13 18:52:17.819 D/PhoneApp(  342): - state: CONNECTED
02-13 18:52:17.819 D/PhoneApp(  342): - reason: radioTechnologyChanged
02-13 18:52:17.819 D/PhoneApp(  342): mReceiver: ACTION_ANY_DATA_CONNECTION_STATE_CHANGED
02-13 18:52:17.819 D/PhoneApp(  342): - state: CONNECTED
02-13 18:52:17.819 D/PhoneApp(  342): - reason: radioTechnologyChanged
02-13 18:52:17.819 D/PhoneApp(  342): mReceiver: ACTION_ANY_DATA_CONNECTION_STATE_CHANGED
02-13 18:52:17.819 D/PhoneApp(  342): - state: CONNECTED
02-13 18:52:17.819 D/PhoneApp(  342): - reason: radioTechnologyChanged
02-13 18:52:17.819 D/PhoneApp(  342): mReceiver: ACTION_ANY_DATA_CONNECTION_STATE_CHANGED
02-13 18:52:17.819 D/PhoneApp(  342): - state: CONNECTED
02-13 18:52:17.819 D/PhoneApp(  342): - reason: radioTechnologyChanged
02-13 18:52:17.819 D/PhoneApp(  342): mReceiver: ACTION_ANY_DATA_CONNECTION_STATE_CHANGED
02-13 18:52:17.819 D/PhoneApp(  342): - state: CONNECTED
02-13 18:52:17.819 D/PhoneApp(  342): - reason: radioTechnologyChanged
02-13 18:52:17.829 D/PhoneApp(  342): mReceiver: ACTION_ANY_DATA_CONNECTION_STATE_CHANGED
02-13 18:52:17.829 D/PhoneApp(  342): - state: CONNECTED
02-13 18:52:17.829 D/PhoneApp(  342): - reason: radioTechnologyChanged
02-13 18:52:17.829 I/DATA    (  342): [DCT(0) ] onUpdateDataConnections: reason=radioTechnologyChanged
02-13 18:52:17.829 I/DATA    (  342): [DCT(0) ] ---dc list---
02-13 18:52:17.829 I/DATA    (  342): [DCT(0) ] cid = 0, state = DcActiveState, bearerType = IP, ipaddress = 173.155.101.96, gw=173.155.101.97, dns=[68.28.67.132, 68.28.68.132]
02-13 18:52:17.829 I/DATA    (  342): [DCT(0) ] ---ds list---
02-13 18:52:17.829 I/DATA    (  342): [DCT(0) ] ds= SERVICE_TYPE_DEFAULT, enabled = true, active = v4:CONNECTED(0) v6:IDLE
02-13 18:52:17.829 I/DATA    (  342): [DCT(0) ] ds= SERVICE_TYPE_MMS, enabled = false, active = v4:CONNECTED(0) v6:IDLE
02-13 18:52:17.829 D/MobileDataStateTracker(  256): [supl]  apnTypeList = dun
02-13 18:52:17.829 D/MobileDataStateTracker(  256): [supl]  unavailable = false
02-13 18:52:17.829 D/MobileDataStateTracker(  256): [supl] Do not process intents if disabled.
02-13 18:52:17.829 D/MobileDataStateTracker(  256): [mms]  MobileDataStateReceiver onReceive(): Entry.
02-13 18:52:17.829 D/MobileDataStateTracker(  256): [mms]  intent.getAction()= android.intent.action.ANY_DATA_STATE
02-13 18:52:17.829 D/MobileDataStateTracker(  256): [mms]  mEnabled = false
02-13 18:52:17.829 D/MobileDataStateTracker(  256): [mms]  apnTypeList = dun
02-13 18:52:17.829 D/MobileDataStateTracker(  256): [mms]  unavailable = false
02-13 18:52:17.829 D/MobileDataStateTracker(  256): [mms] Do not process intents if disabled.
02-13 18:52:17.829 D/MobileDataStateTracker(  256): [default]  MobileDataStateReceiver onReceive(): Entry.
02-13 18:52:17.829 D/MobileDataStateTracker(  256): [default]  intent.getAction()= android.intent.action.ANY_DATA_STATE
02-13 18:52:17.829 D/MobileDataStateTracker(  256): [default]  mEnabled = true
02-13 18:52:17.829 D/MobileDataStateTracker(  256): [default]  apnTypeList = dun
02-13 18:52:17.829 D/MobileDataStateTracker(  256): [default]  unavailable = false
02-13 18:52:17.829 D/MobileDataStateTracker(  256): [default] not what we are looking for.
02-13 18:52:17.829 D/MobileDataStateTracker(  256): [hipri]  MobileDataStateReceiver onReceive(): Entry.
02-13 18:52:17.829 D/MobileDataStateTracker(  256): [hipri]  intent.getAction()= android.intent.action.ANY_DATA_STATE
02-13 18:52:17.829 D/MobileDataStateTracker(  256): [hipri]  mEnabled = false
02-13 18:52:17.829 D/MobileDataStateTracker(  256): [hipri]  apnTypeList = hipri
02-13 18:52:17.829 D/MobileDataStateTracker(  256): [hipri]  unavailable = false
02-13 18:52:17.829 D/MobileDataStateTracker(  256): [hipri] Do not process intents if disabled.
02-13 18:52:17.829 D/MobileDataStateTracker(  256): [dun]  MobileDataStateReceiver onReceive(): Entry.
02-13 18:52:17.829 D/MobileDataStateTracker(  256): [dun]  intent.getAction()= android.intent.action.ANY_DATA_STATE
02-13 18:52:17.829 D/MobileDataStateTracker(  256): [dun]  mEnabled = false
02-13 18:52:17.839 D/MobileDataStateTracker(  256): [dun]  apnTypeList = hipri
02-13 18:52:17.839 D/MobileDataStateTracker(  256): [dun]  unavailable = false
02-13 18:52:17.839 D/MobileDataStateTracker(  256): [dun] Do not process intents if disabled.
02-13 18:52:17.839 D/MobileDataStateTracker(  256): [supl]  MobileDataStateReceiver onReceive(): Entry.
02-13 18:52:17.839 D/MobileDataStateTracker(  256): [supl]  intent.getAction()= android.intent.action.ANY_DATA_STATE
02-13 18:52:17.839 D/MobileDataStateTracker(  256): [supl]  mEnabled = false
02-13 18:52:17.839 D/MobileDataStateTracker(  256): [supl]  apnTypeList = hipri
02-13 18:52:17.839 D/MobileDataStateTracker(  256): [supl]  unavailable = false
02-13 18:52:17.839 D/MobileDataStateTracker(  256): [supl] Do not process intents if disabled.
02-13 18:52:17.839 D/MobileDataStateTracker(  256): [mms]  MobileDataStateReceiver onReceive(): Entry.
02-13 18:52:17.839 D/MobileDataStateTracker(  256): [mms]  intent.getAction()= android.intent.action.ANY_DATA_STATE
02-13 18:52:17.839 D/MobileDataStateTracker(  256): [mms]  mEnabled = false
02-13 18:52:17.839 D/MobileDataStateTracker(  256): [mms]  apnTypeList = hipri
02-13 18:52:17.839 D/MobileDataStateTracker(  256): [mms]  unavailable = false
02-13 18:52:17.839 D/MobileDataStateTracker(  256): [mms] Do not process intents if disabled.
02-13 18:52:17.839 D/MobileDataStateTracker(  256): [default]  MobileDataStateReceiver onReceive(): Entry.
02-13 18:52:17.839 D/MobileDataStateTracker(  256): [default]  intent.getAction()= android.intent.action.ANY_DATA_STATE
02-13 18:52:17.839 D/MobileDataStateTracker(  256): [default]  mEnabled = true
02-13 18:52:17.849 I/DATA    (  342): [DCT(0) ] ds= SERVICE_TYPE_SUPL, enabled = false, active = v4:CONNECTED(0) v6:IDLE
02-13 18:52:17.849 I/DATA    (  342): [DCT(0) ] ds= SERVICE_TYPE_DUN, enabled = false, active = v4:IDLE v6:IDLE
02-13 18:52:17.849 I/DATA    (  342): [DCT(0) ] ds= SERVICE_TYPE_HIPRI, enabled = false, active = v4:CONNECTED(0) v6:IDLE
02-13 18:52:17.849 I/DATA    (  342): [DCT(0) ] Ready for data : 
02-13 18:52:17.849 I/DATA    (  342): [DCT(0) ]    getDesiredPowerState() = true
02-13 18:52:17.849 I/DATA    (  342): [DCT(0) ]    mCm.getRadioState() = RADIO_ON
02-13 18:52:17.849 I/DATA    (  342): [DCT(0) ]    [DataRadioTech = RADIO_TECH_EVDO_A, data network state = 0, mMasterDataEnabled = true, is Roaming = false, dataOnRoamingEnable = false, isPsRestricted = false, desiredPowerState  = true, mSIMRecords = , cdmaSubSource = 1/310120, mRuimRecords = , checks = true/true]
02-13 18:52:17.849 D/PhoneApp(  342): old phone type:2, New Phone type:2
02-13 18:52:17.849 D/NotificationMgr(  342): hideDataDisconnectedRoaming()...
02-13 18:52:17.849 D/MobileDataStateTracker(  256): [default]  apnTypeList = hipri
02-13 18:52:17.849 D/MobileDataStateTracker(  256): [default]  unavailable = false
02-13 18:52:17.849 D/MobileDataStateTracker(  256): [default] not what we are looking for.
02-13 18:52:17.849 D/MobileDataStateTracker(  256): [hipri]  MobileDataStateReceiver onReceive(): Entry.
02-13 18:52:17.849 D/MobileDataStateTracker(  256): [hipri]  intent.getAction()= android.intent.action.ANY_DATA_STATE
02-13 18:52:17.849 D/MobileDataStateTracker(  256): [hipri]  mEnabled = false
02-13 18:52:17.849 D/MobileDataStateTracker(  256): [hipri]  apnTypeList = hipri
02-13 18:52:17.849 D/MobileDataStateTracker(  256): [hipri]  unavailable = false
02-13 18:52:17.849 D/MobileDataStateTracker(  256): [hipri] Do not process intents if disabled.
02-13 18:52:17.849 D/MobileDataStateTracker(  256): [dun]  MobileDataStateReceiver onReceive(): Entry.
02-13 18:52:17.849 D/MobileDataStateTracker(  256): [dun]  intent.getAction()= android.intent.action.ANY_DATA_STATE
02-13 18:52:17.849 D/MobileDataStateTracker(  256): [dun]  mEnabled = false
02-13 18:52:17.849 D/MobileDataStateTracker(  256): [dun]  apnTypeList = hipri
02-13 18:52:17.849 D/MobileDataStateTracker(  256): [dun]  unavailable = false
02-13 18:52:17.849 D/MobileDataStateTracker(  256): [dun] Do not process intents if disabled.
02-13 18:52:17.849 D/MobileDataStateTracker(  256): [supl]  MobileDataStateReceiver onReceive(): Entry.
02-13 18:52:17.849 D/MobileDataStateTracker(  256): [supl]  intent.getAction()= android.intent.action.ANY_DATA_STATE
02-13 18:52:17.849 D/MobileDataStateTracker(  256): [supl]  mEnabled = false
02-13 18:52:17.849 D/MobileDataStateTracker(  256): [supl]  apnTypeList = hipri
02-13 18:52:17.849 D/MobileDataStateTracker(  256): [supl]  unavailable = false
02-13 18:52:17.849 D/MobileDataStateTracker(  256): [supl] Do not process intents if disabled.
02-13 18:52:17.849 D/MobileDataStateTracker(  256): [mms]  MobileDataStateReceiver onReceive(): Entry.
02-13 18:52:17.849 D/MobileDataStateTracker(  256): [mms]  intent.getAction()= android.intent.action.ANY_DATA_STATE
02-13 18:52:17.849 D/MobileDataStateTracker(  256): [mms]  mEnabled = false
02-13 18:52:17.859 D/PhoneApp(  342): old phone type:2, New Phone type:2
02-13 18:52:17.859 D/NotificationMgr(  342): hideDataDisconnectedRoaming()...
02-13 18:52:17.859 D/PhoneApp(  342): old phone type:2, New Phone type:2
02-13 18:52:17.859 D/NotificationMgr(  342): hideDataDisconnectedRoaming()...
02-13 18:52:17.859 D/PhoneApp(  342): old phone type:2, New Phone type:2
02-13 18:52:17.859 D/NotificationMgr(  342): hideDataDisconnectedRoaming()...
02-13 18:52:17.859 D/PhoneApp(  342): old phone type:2, New Phone type:2
02-13 18:52:17.859 D/NotificationMgr(  342): hideDataDisconnectedRoaming()...
02-13 18:52:17.859 D/PhoneApp(  342): old phone type:2, New Phone type:2
02-13 18:52:17.859 D/NotificationMgr(  342): hideDataDisconnectedRoaming()...
02-13 18:52:17.859 D/MobileDataStateTracker(  256): [mms]  apnTypeList = hipri
02-13 18:52:17.859 D/MobileDataStateTracker(  256): [mms]  unavailable = false
02-13 18:52:17.859 D/MobileDataStateTracker(  256): [mms] Do not process intents if disabled.
02-13 18:52:17.859 D/MobileDataStateTracker(  256): [default]  MobileDataStateReceiver onReceive(): Entry.
02-13 18:52:17.859 D/MobileDataStateTracker(  256): [default]  intent.getAction()= android.intent.action.ANY_DATA_STATE
02-13 18:52:17.859 D/MobileDataStateTracker(  256): [default]  mEnabled = true
02-13 18:52:17.869 D/MobileDataStateTracker(  256): [default]  apnTypeList = hipri
02-13 18:52:17.869 D/MobileDataStateTracker(  256): [default]  unavailable = false
02-13 18:52:17.869 D/MobileDataStateTracker(  256): [default] not what we are looking for.
02-13 18:52:17.869 I/SmartDialerActivity(  404): onDestroy enter
02-13 18:52:17.869 D/KeyguardViewMediator(  256): setHidden false
02-13 18:52:17.879 D/Mms     (  774): currentRoamingStatus:1
02-13 18:52:17.879 D/KeyguardViewMediator(  256): setHidden false
02-13 18:52:17.879 D/Mms     (  774): currentRoamingStatus:1
02-13 18:52:18.280 I/DATA    (  342): [DCT(0) ] onDataCallListChanged:
02-13 18:52:18.280 I/DATA    (  342): [DCT(0) ] ---dc state list---
02-13 18:52:18.280 I/DATA    (  342): [DCT(0) ] DataCallState: { cid: 0, active: 2, type: , apn: , address: 173.155.101.96 }
02-13 18:52:18.280 I/DATA    (  342): [DCT(0) ] ---dc list---
02-13 18:52:18.280 I/DATA    (  342): [DCT(0) ] cid = 0, state = DcActiveState, bearerType = IP, ipaddress = 173.155.101.96, gw=173.155.101.97, dns=[68.28.67.132, 68.28.68.132]
02-13 18:52:18.590 E/lights  (  256):   g_haveAmberLed=0
02-13 18:52:18.590 E/lights  (  256):   red=0
02-13 18:52:18.590 E/lights  (  256):   green=0
02-13 18:52:18.590 E/lights  (  256):   blink=0
02-13 18:52:18.600 D/KeyguardViewMediator(  256): setHidden false
02-13 18:52:18.610 D/KeyguardViewMediator(  256): setHidden false
02-13 18:52:18.640 D/KeyguardViewMediator(  256): setHidden false
02-13 18:52:18.650 D/KeyguardViewMediator(  256): setHidden false
02-13 18:52:18.660 D/KeyguardViewMediator(  256): setHidden false
02-13 18:52:18.670 D/KeyguardViewMediator(  256): setHidden false
02-13 18:52:18.670 D/KeyguardViewMediator(  256): setHidden false
02-13 18:52:18.680 D/KeyguardViewMediator(  256): setHidden false
02-13 18:52:18.700 D/KeyguardViewMediator(  256): setHidden false
02-13 18:52:18.700 D/KeyguardViewMediator(  256): setHidden false
02-13 18:52:18.710 D/KeyguardViewMediator(  256): setHidden false
02-13 18:52:18.720 D/KeyguardViewMediator(  256): setHidden false
02-13 18:52:18.760 D/KeyguardViewMediator(  256): setHidden false
02-13 18:52:18.760 D/KeyguardViewMediator(  256): setHidden false
02-13 18:52:18.780 D/KeyguardViewMediator(  256): setHidden false
02-13 18:52:18.780 D/KeyguardViewMediator(  256): setHidden false
02-13 18:52:18.810 D/KeyguardViewMediator(  256): setHidden false
02-13 18:52:18.820 D/KeyguardViewMediator(  256): setHidden false
02-13 18:52:18.850 D/KeyguardViewMediator(  256): setHidden false
02-13 18:52:18.860 D/KeyguardViewMediator(  256): setHidden false
02-13 18:52:19.451 I/BluetoothService(  256): Received AVRCP_PASS_THROUGH_TIMEOUT message
02-13 18:52:19.481 I/dun_service(  122): The value returned from dun_getusbmodemstate_fromsys is 2 
02-13 18:52:19.501 D/KeyguardUpdateMonitor(  256): received broadcast android.intent.action.BATTERY_CHANGED
02-13 18:52:19.501 D/KeyguardUpdateMonitor(  256): handleBatteryUpdate
02-13 18:52:19.551 I/GTalkService(  377): connectionEstablished
02-13 18:52:19.561 D/AlarmManager(  256): +++Alarm set:type=2 com.google.android.gsf  Trigger after:1679999ms
02-13 18:52:19.561 I/GTalkService(  377): [GTalkConnection.26] connectionEstablished: release wakelock
02-13 18:52:19.571 I/GTalkService(  377): [GTalkConnection.26] releaseAsyncWakeLock: clear timer: WakeLock{4058b000 held=false, refCount=0}
02-13 18:52:19.571 I/GTalkService(  377): [GTalkConnection.26] (WORKER THREAD) update account status
02-13 18:52:19.611 I/ContactsProvider(  404): updateInTransaction: content://com.android.contacts/status_updates
02-13 18:52:19.651 I/GTalkService(  377): [GTalkConnection.26] (WORKER THREAD) update account status - done, took 83 ms
02-13 18:52:20.122 D/Launcher(  364): onSaveInstanceState
02-13 18:52:20.122 D/Launcher(  364): Dissmis Preview for view :null ID:2131230735
02-13 18:52:20.122 D/Launcher(  364): Dissmis Preview for view :null ID:2131230736
02-13 18:52:20.122 D/Launcher(  364): Dissmis Preview for view :null ID:2131230739
02-13 18:52:20.122 D/Launcher(  364): Dissmis Preview for view :null ID:2131230741
02-13 18:52:20.122 D/KeyguardViewMediator(  256): setHidden false
02-13 18:52:20.132 D/KeyguardViewMediator(  256): setHidden false
02-13 18:52:20.142 D/KeyguardViewMediator(  256): setHidden false
02-13 18:52:20.142 I/hubo    (  256): Activity {com.android.mms/com.android.mms.ui.ComposeMessageActivity}
02-13 18:52:20.162 D/KeyguardViewMediator(  256): setHidden false
02-13 18:52:20.162 D/KeyguardViewMediator(  256): setHidden false
02-13 18:52:20.162 I/Mms/compose(  774): SLIDESHOW setSendButtonText isMms = false
02-13 18:52:20.162 I/Mms/compose(  774): drawBottomPanel, inputmethod
02-13 18:52:20.162 D/Mms/compose(  774): lyftest updateOtherAttachmentView
02-13 18:52:20.172 I/Mms/compose(  774): SLIDESHOW updateSendButtonState enable = true
02-13 18:52:20.172 I/Mms/compose(  774): SLIDESHOW setSendButtonText isMms = false
02-13 18:52:20.172 I/Mms/compose(  774): SLIDESHOW setSendButtonText isMms = false
02-13 18:52:20.172 E/Mms/compose(  774): In loadMessageContent() after drawBottomPanel()
02-13 18:52:20.172 D/KeyguardViewMediator(  256): setHidden false
02-13 18:52:20.182 D/KeyguardViewMediator(  256): setHidden false
02-13 18:52:20.182 D/KeyguardViewMediator(  256): setHidden false
02-13 18:52:20.192 D/KeyguardViewMediator(  256): setHidden false
02-13 18:52:20.192 D/KeyguardViewMediator(  256): setHidden false
02-13 18:52:20.202 D/KeyguardViewMediator(  256): setHidden false
02-13 18:52:20.202 D/KeyguardViewMediator(  256): setHidden false
02-13 18:52:20.212 D/KeyguardViewMediator(  256): setHidden false
02-13 18:52:20.212 D/KeyguardViewMediator(  256): setHidden false
02-13 18:52:20.222 D/KeyguardViewMediator(  256): setHidden false
02-13 18:52:20.232 D/KeyguardViewMediator(  256): setHidden false
02-13 18:52:20.232 D/KeyguardViewMediator(  256): setHidden false
02-13 18:52:20.242 D/KeyguardViewMediator(  256): setHidden false
02-13 18:52:20.252 D/KeyguardViewMediator(  256): setHidden false
02-13 18:52:20.262 D/KeyguardViewMediator(  256): setHidden false
02-13 18:52:20.262 D/KeyguardViewMediator(  256): setHidden false
02-13 18:52:20.272 D/KeyguardViewMediator(  256): setHidden false
02-13 18:52:20.282 D/KeyguardViewMediator(  256): setHidden false
02-13 18:52:20.282 D/KeyguardViewMediator(  256): setHidden false
02-13 18:52:20.292 D/KeyguardViewMediator(  256): setHidden false
02-13 18:52:20.292 D/KeyguardViewMediator(  256): setHidden false
02-13 18:52:20.292 D/KeyguardViewMediator(  256): setHidden false
02-13 18:52:20.302 D/KeyguardViewMediator(  256): setHidden false
02-13 18:52:20.302 D/KeyguardViewMediator(  256): setHidden false
02-13 18:52:20.312 D/KeyguardViewMediator(  256): setHidden false
02-13 18:52:20.312 D/KeyguardViewMediator(  256): setHidden false
02-13 18:52:20.322 D/KeyguardViewMediator(  256): setHidden false
02-13 18:52:20.322 D/KeyguardViewMediator(  256): setHidden false
02-13 18:52:20.322 I/Mms     (  774): parseMmsAddress number=9137446943, length=10
02-13 18:52:20.332 D/KeyguardViewMediator(  256): setHidden false
02-13 18:52:20.332 I/ContactsProvider(  404): query: content://com.android.contacts/data
02-13 18:52:20.332 E/ContactsProvider(  404): 101123 isCallerRegisterNeedSIMProc callerPid:774, acorePid:404
02-13 18:52:20.332 I/ContactsProvider(  404): query isCallerRegistered= true
02-13 18:52:20.332 I/ContactsProvider(  404): query forOnlyOneContactString= 0
02-13 18:52:20.342 D/KeyguardViewMediator(  256): setHidden false
02-13 18:52:20.342 D/Mms     (  774): formatTimeStampString1 ,when = 1329180698490
02-13 18:52:20.342 D/Mms     (  774): formatTimeStampString2 ,when = 1329180698490
02-13 18:52:20.342 D/MessageItem(  774): MessageItem ,expiryDate = 0
02-13 18:52:20.342 I/ContactsProvider(  404): query: content://com.android.contacts/phone_lookup/9137446943
02-13 18:52:20.342 E/ContactsProvider(  404): 101123 isCallerRegisterNeedSIMProc callerPid:774, acorePid:404
02-13 18:52:20.352 I/ContactsProvider(  404): query isCallerRegistered= true
02-13 18:52:20.352 I/ContactsProvider(  404): query forOnlyOneContactString= 0
02-13 18:52:20.352 I/ContactsProvider(  404): query: content://com.android.contacts/contacts/223/photo
02-13 18:52:20.352 E/ContactsProvider(  404): 101123 isCallerRegisterNeedSIMProc callerPid:774, acorePid:404
02-13 18:52:20.352 D/KeyguardViewMediator(  256): setHidden false
02-13 18:52:20.362 I/ContactsProvider(  404): query isCallerRegistered= true
02-13 18:52:20.362 I/ContactsProvider(  404): query forOnlyOneContactString= 0
02-13 18:52:20.372 D/KeyguardViewMediator(  256): setHidden false
02-13 18:52:20.372 D/KeyguardViewMediator(  256): setHidden false
02-13 18:52:20.382 D/Mms     (  774): formatTimeStampString1 ,when = 1329180641369
02-13 18:52:20.382 D/Mms     (  774): formatTimeStampString2 ,when = 1329180641369
02-13 18:52:20.392 D/KeyguardViewMediator(  256): setHidden false
02-13 18:52:20.392 D/KeyguardViewMediator(  256): setHidden false
02-13 18:52:20.402 D/KeyguardViewMediator(  256): setHidden false
02-13 18:52:20.402 D/KeyguardViewMediator(  256): setHidden false
02-13 18:52:20.412 I/ContactsProvider(  404): query: content://com.android.contacts/phone_lookup/9132005928
02-13 18:52:20.412 E/ContactsProvider(  404): 101123 isCallerRegisterNeedSIMProc callerPid:774, acorePid:404
02-13 18:52:20.412 I/ContactsProvider(  404): query isCallerRegistered= true
02-13 18:52:20.422 I/ContactsProvider(  404): query forOnlyOneContactString= 0
02-13 18:52:20.422 D/KeyguardViewMediator(  256): setHidden false
02-13 18:52:20.432 D/KeyguardViewMediator(  256): setHidden false
02-13 18:52:20.442 D/Mms     (  774): formatTimeStampString1 ,when = 1329180599091
02-13 18:52:20.442 D/Mms     (  774): formatTimeStampString2 ,when = 1329180599091
02-13 18:52:20.442 D/MessageItem(  774): MessageItem ,expiryDate = 0
02-13 18:52:20.452 D/KeyguardViewMediator(  256): setHidden false
02-13 18:52:20.462 D/Mms     (  774): formatTimeStampString1 ,when = 1329180548090
02-13 18:52:20.462 D/Mms     (  774): formatTimeStampString2 ,when = 1329180548090
02-13 18:52:20.472 D/KeyguardViewMediator(  256): setHidden false
02-13 18:52:20.482 D/KeyguardViewMediator(  256): setHidden false
02-13 18:52:20.492 I/ContactsProvider(  404): query: content://com.android.contacts/contacts/lookup/1459i70f44c610cdc0f1f/223
02-13 18:52:20.492 E/ContactsProvider(  404): 101123 isCallerRegisterNeedSIMProc callerPid:774, acorePid:404
02-13 18:52:20.492 I/ContactsProvider(  404): query isCallerRegistered= true
02-13 18:52:20.492 I/ContactsProvider(  404): query forOnlyOneContactString= 0
02-13 18:52:20.502 D/KeyguardViewMediator(  256): setHidden false
02-13 18:52:20.512 I/ContactsProvider(  404): query: content://com.android.contacts/contacts/lookup/0r1-2AA02A902A942A922A8E2A8E2A982AA02A922A9E/1
02-13 18:52:20.512 E/ContactsProvider(  404): 101123 isCallerRegisterNeedSIMProc callerPid:774, acorePid:404
02-13 18:52:20.512 I/ContactsProvider(  404): query isCallerRegistered= true
02-13 18:52:20.512 I/ContactsProvider(  404): query forOnlyOneContactString= 0
02-13 18:52:20.522 D/KeyguardViewMediator(  256): setHidden false
02-13 18:52:20.532 D/KeyguardViewMediator(  256): setHidden false
02-13 18:52:20.542 D/Mms     (  774): [41] markAsRead: update read/seen for thread uri: content://mms-sms/conversations/1
02-13 18:52:20.542 E/Database(  342): Error updating seen=1 read=1 using UPDATE threads SET seen=?, read=? WHERE _id=1
02-13 18:52:20.552 D/KeyguardViewMediator(  256): setHidden false
02-13 18:52:20.552 I/ContactsProvider(  404): query: content://com.android.contacts/data/1539
02-13 18:52:20.552 E/ContactsProvider(  404): 101123 isCallerRegisterNeedSIMProc callerPid:774, acorePid:404
02-13 18:52:20.562 I/ContactsProvider(  404): query isCallerRegistered= true
02-13 18:52:20.562 I/ContactsProvider(  404): query forOnlyOneContactString= 0
02-13 18:52:20.562 D/KeyguardViewMediator(  256): setHidden false
02-13 18:52:20.572 D/KeyguardViewMediator(  256): handleTimeout
02-13 18:52:20.572 D/Mms:app (  774): mCmasCursor.getCount() =0
02-13 18:52:20.572 D/Mms:app (  774): in updateCmasNotifications--unreadCMASCursor.getCount() <= 0
02-13 18:52:20.582 D/KeyguardViewMediator(  256): setHidden false
02-13 18:52:20.582 I/ContactsProvider(  404): query: content://com.android.contacts/data/0
02-13 18:52:20.582 E/ContactsProvider(  404): 101123 isCallerRegisterNeedSIMProc callerPid:774, acorePid:404
02-13 18:52:20.592 I/ContactsProvider(  404): query isCallerRegistered= true
02-13 18:52:20.592 I/ContactsProvider(  404): query forOnlyOneContactString= 0
02-13 18:52:20.602 D/KeyguardViewMediator(  256): setHidden false
02-13 18:52:20.612 I/Mms:app (  774): pengzhe updateDownloadFailedNotification getDownloadFailedMessageCount =0
02-13 18:52:20.612 D/KeyguardViewMediator(  256): setHidden false
02-13 18:52:20.612 D/KeyguardViewMediator(  256): setHidden false
02-13 18:52:20.672 D/KeyguardViewMediator(  256): setHidden false
02-13 18:52:20.672 D/KeyguardViewMediator(  256): setHidden false
02-13 18:52:20.712 D/Mms     (  774): formatTimeStampString1 ,when = 1329180698490
02-13 18:52:20.712 D/Mms     (  774): formatTimeStampString2 ,when = 1329180698490
02-13 18:52:20.712 D/MessageItem(  774): MessageItem ,expiryDate = 0
02-13 18:52:20.722 D/Mms     (  774): formatTimeStampString1 ,when = 1329180641369
02-13 18:52:20.722 D/Mms     (  774): formatTimeStampString2 ,when = 1329180641369
02-13 18:52:20.722 D/Mms     (  774): formatTimeStampString1 ,when = 1329180599091
02-13 18:52:20.722 D/Mms     (  774): formatTimeStampString2 ,when = 1329180599091
02-13 18:52:20.722 D/MessageItem(  774): MessageItem ,expiryDate = 0
02-13 18:52:20.732 D/Mms     (  774): formatTimeStampString1 ,when = 1329180548090
02-13 18:52:20.732 D/Mms     (  774): formatTimeStampString2 ,when = 1329180548090
02-13 18:52:21.263 D/Mms:app (  774): mCmasCursor.getCount() =0
02-13 18:52:21.263 D/Mms:app (  774): in updateCmasNotifications--unreadCMASCursor.getCount() <= 0
02-13 18:52:21.283 I/Mms:app (  774): pengzhe updateDownloadFailedNotification getDownloadFailedMessageCount =0
02-13 18:52:21.393 D/KeyguardViewMediator(  256): setHidden false
02-13 18:52:21.403 D/KeyguardViewMediator(  256): setHidden false
02-13 18:52:21.403 D/KeyguardViewMediator(  256): setHidden false
02-13 18:52:21.423 D/KeyguardViewMediator(  256): setHidden false
02-13 18:52:21.433 D/KeyguardViewMediator(  256): setHidden false
02-13 18:52:21.443 D/KeyguardViewMediator(  256): setHidden false
02-13 18:52:21.453 D/KeyguardViewMediator(  256): setHidden false
02-13 18:52:21.463 D/DATA    (  342): [DSST(0)] pollstate() : reason = data network state changed
02-13 18:52:21.463 D/KeyguardViewMediator(  256): setHidden false
02-13 18:52:21.483 D/KeyguardViewMediator(  256): setHidden false
02-13 18:52:21.493 D/KeyguardViewMediator(  256): setHidden false
02-13 18:52:21.513 D/KeyguardViewMediator(  256): setHidden false
02-13 18:52:21.533 D/KeyguardViewMediator(  256): setHidden false
02-13 18:52:21.543 D/KeyguardViewMediator(  256): setHidden false
02-13 18:52:21.563 D/KeyguardViewMediator(  256): setHidden false
02-13 18:52:21.573 D/MobileDataStateTracker(  256): [hipri]  MobileDataStateReceiver onReceive(): Entry.
02-13 18:52:21.573 D/MobileDataStateTracker(  256): [hipri]  intent.getAction()= android.intent.action.SERVICE_STATE
02-13 18:52:21.573 D/MobileDataStateTracker(  256): [hipri]  mEnabled = false
02-13 18:52:21.573 D/MobileDataStateTracker(  256): [dun]  MobileDataStateReceiver onReceive(): Entry.
02-13 18:52:21.573 D/MobileDataStateTracker(  256): [dun]  intent.getAction()= android.intent.action.SERVICE_STATE
02-13 18:52:21.573 D/MobileDataStateTracker(  256): [dun]  mEnabled = false
02-13 18:52:21.573 D/MobileDataStateTracker(  256): [supl]  MobileDataStateReceiver onReceive(): Entry.
02-13 18:52:21.573 D/MobileDataStateTracker(  256): [supl]  intent.getAction()= android.intent.action.SERVICE_STATE
02-13 18:52:21.573 D/MobileDataStateTracker(  256): [supl]  mEnabled = false
02-13 18:52:21.573 D/MobileDataStateTracker(  256): [mms]  MobileDataStateReceiver onReceive(): Entry.
02-13 18:52:21.573 D/MobileDataStateTracker(  256): [mms]  intent.getAction()= android.intent.action.SERVICE_STATE
02-13 18:52:21.573 D/MobileDataStateTracker(  256): [mms]  mEnabled = false
02-13 18:52:21.583 D/MobileDataStateTracker(  256): [default]  MobileDataStateReceiver onReceive(): Entry.
02-13 18:52:21.583 D/MobileDataStateTracker(  256): [default]  intent.getAction()= android.intent.action.SERVICE_STATE
02-13 18:52:21.583 D/MobileDataStateTracker(  256): [default]  mEnabled = true
02-13 18:52:21.583 D/KeyguardViewMediator(  256): setHidden false
02-13 18:52:21.583 D/DATA    (  342): [DSST(0)]  registrationState = 1  radioTechnology = 8 reasonForDenial = 0
02-13 18:52:21.593 D/DATA    (  342): [DSST(0)]  set mNewDataConnectionState = 0
02-13 18:52:21.593 D/DATA    (  342): [DSST(0)]  mNewDataConnectionState : 0  mDataConnectionState : 0
02-13 18:52:21.593 D/DATA    (  342): [DSST(0)] Poll ServiceState done: oldSS=[0 home null null null  EvDo rev. A CSS not supported -1 -1RoamInd: -1RoamStatus(sprint): -1DefRoamInd: -1EmergOnly: false] newSS=[0 home null null null  EvDo rev. A CSS not supported -1 -1RoamInd: -1RoamStatus(sprint): -1DefRoamInd: -1EmergOnly: false]
02-13 18:52:21.593 D/DATA    (  342): [DSST(0)]  mDataConnectionState = 0
02-13 18:52:21.593 D/CallManager(  342):  handleMessage (EVENT_SERVICE_STATE_CHANGED)
02-13 18:52:21.593 E/BT HS/HF(  342): SERVICE_STATE_CHANGED called
02-13 18:52:21.593 E/BT HS/HF(  342): updateServiceState called, sendUpdate:false  ServiceState:0 home Sprint  310099  EvDo rev. A CSS not supported 41 4139RoamInd: 1RoamStatus(sprint): 1DefRoamInd: 160EmergOnly: false
02-13 18:52:21.593 D/KeyguardViewMediator(  256): setHidden false
02-13 18:52:21.593 D/Mms     (  774): formatTimeStampString1 ,when = 1329160934923
02-13 18:52:21.603 D/Mms     (  774): formatTimeStampString2 ,when = 1329160934923
02-13 18:52:21.603 D/MessageItem(  774): MessageItem ,expiryDate = 0
02-13 18:52:21.603 E/BT HS/HF(  342): service:1 mService:1
02-13 18:52:21.613 D/KeyguardViewMediator(  256): setHidden false
02-13 18:52:21.623 D/KeyguardViewMediator(  256): setHidden false
02-13 18:52:21.633 D/KeyguardViewMediator(  256): setHidden false
02-13 18:52:21.643 D/Bitmap  (  336): Detect unrecycled bitmap.
02-13 18:52:21.643 D/Bitmap  (  336):       Size: 270080 Bytes, Width: 320 , Height: 211 , Hash code: 1079735248
02-13 18:52:21.643 D/Bitmap  (  336):  This bimap was created in:
02-13 18:52:21.643 D/Bitmap  (  336):       android.graphics.Bitmap.<init>(Bitmap.java:136)
02-13 18:52:21.643 D/Bitmap  (  336):       android.graphics.Bitmap.nativeCreate(Native Method)
02-13 18:52:21.643 D/Bitmap  (  336):       android.graphics.Bitmap.createBitmap(Bitmap.java:547)
02-13 18:52:21.643 D/Bitmap  (  336):       com.android.inputmethod.latin.LatinKeyboardBaseView.onBufferDraw(LatinKeyboardBaseView.java:775)
02-13 18:52:21.643 D/Bitmap  (  336):       com.android.inputmethod.latin.LatinKeyboardBaseView.onDraw(LatinKeyboardBaseView.java:763)
02-13 18:52:21.643 D/Bitmap  (  336):       android.view.View.draw(View.java:6880)
02-13 18:52:21.643 D/Bitmap  (  336):       com.android.inputmethod.latin.LatinKeyboardView.draw(LatinKeyboardView.java:353)
02-13 18:52:21.643 D/Bitmap  (  336):       android.view.ViewGroup.drawChild(ViewGroup.java:1649)
02-13 18:52:21.643 D/Bitmap  (  336):       android.view.ViewGroup.dispatchDraw(ViewGroup.java:1376)
02-13 18:52:21.643 D/Bitmap  (  336):       android.view.ViewGroup.drawChild(ViewGroup.java:1647)
02-13 18:52:21.643 D/Bitmap  (  336):       android.view.ViewGroup.dispatchDraw(ViewGroup.java:1376)
02-13 18:52:21.643 D/Bitmap  (  336):       android.view.ViewGroup.drawChild(ViewGroup.java:1647)
02-13 18:52:21.643 D/Bitmap  (  336):       android.view.ViewGroup.dispatchDraw(ViewGroup.java:1376)
02-13 18:52:21.643 D/Bitmap  (  336):       android.view.ViewGroup.drawChild(ViewGroup.java:1647)
02-13 18:52:21.643 D/Bitmap  (  336):       android.view.ViewGroup.dispatchDraw(ViewGroup.java:1376)
02-13 18:52:21.643 D/Bitmap  (  336):       android.view.View.draw(View.java:6883)
02-13 18:52:21.643 D/Bitmap  (  336):       android.widget.FrameLayout.draw(FrameLayout.java:357)
02-13 18:52:21.643 D/Bitmap  (  336):       com.android.internal.policy.impl.PhoneWindow$DecorView.draw(PhoneWindow.java:1866)
02-13 18:52:21.643 D/Bitmap  (  336):       android.view.ViewRoot.draw(ViewRoot.java:1526)
02-13 18:52:21.643 D/Bitmap  (  336):       android.view.ViewRoot.performTraversals(ViewRoot.java:1262)
02-13 18:52:21.643 D/Bitmap  (  336):       android.view.ViewRoot.handleMessage(ViewRoot.java:1864)
02-13 18:52:21.643 D/Bitmap  (  336):       android.os.Handler.dispatchMessage(Handler.java:99)
02-13 18:52:21.643 D/Bitmap  (  336):       android.os.Looper.loop(Looper.java:130)
02-13 18:52:21.643 D/Bitmap  (  336):       android.app.ActivityThread.main(ActivityThread.java:3704)
02-13 18:52:21.643 D/Bitmap  (  336):       java.lang.reflect.Method.invokeNative(Native Method)
02-13 18:52:21.643 D/Bitmap  (  336):       java.lang.reflect.Method.invoke(Method.java:507)
02-13 18:52:21.643 D/Bitmap  (  336):       com.android.internal.os.ZygoteInit$MethodAndArgsCaller.run(ZygoteInit.java:875)
02-13 18:52:21.643 D/Bitmap  (  336):       com.android.internal.os.ZygoteInit.main(ZygoteInit.java:633)
02-13 18:52:21.643 D/Bitmap  (  336):       dalvik.system.NativeStart.main(Native Method)
02-13 18:52:21.643 D/Bitmap  (  336): _
02-13 18:52:21.643 D/KeyguardViewMediator(  256): setHidden false
02-13 18:52:21.643 D/Bitmap  (  336): Detect unrecycled bitmap.
02-13 18:52:21.643 D/Bitmap  (  336):       Size: 270080 Bytes, Width: 320 , Height: 211 , Hash code: 1079595016
02-13 18:52:21.643 D/Bitmap  (  336):  This bimap was created in:
02-13 18:52:21.643 D/Bitmap  (  336):       android.graphics.Bitmap.<init>(Bitmap.java:136)
02-13 18:52:21.643 D/Bitmap  (  336):       android.graphics.Bitmap.nativeCreate(Native Method)
02-13 18:52:21.643 D/Bitmap  (  336):       android.graphics.Bitmap.createBitmap(Bitmap.java:547)
02-13 18:52:21.643 D/Bitmap  (  336):       com.android.inputmethod.latin.LatinKeyboardBaseView.onBufferDraw(LatinKeyboardBaseView.java:775)
02-13 18:52:21.643 D/Bitmap  (  336):       com.android.inputmethod.latin.LatinKeyboardBaseView.onDraw(LatinKeyboardBaseView.java:763)
02-13 18:52:21.643 D/Bitmap  (  336):       android.view.View.draw(View.java:6880)
02-13 18:52:21.643 D/Bitmap  (  336):       com.android.inputmethod.latin.LatinKeyboardView.draw(LatinKeyboardView.java:353)
02-13 18:52:21.643 D/Bitmap  (  336):       android.view.ViewGroup.drawChild(ViewGroup.java:1649)
02-13 18:52:21.643 D/Bitmap  (  336):       android.view.ViewGroup.dispatchDraw(ViewGroup.java:1376)
02-13 18:52:21.653 D/Bitmap  (  336):       android.view.ViewGroup.drawChild(ViewGroup.java:1647)
02-13 18:52:21.653 D/Bitmap  (  336):       android.view.ViewGroup.dispatchDraw(ViewGroup.java:1376)
02-13 18:52:21.653 D/Bitmap  (  336):       android.view.ViewGroup.drawChild(ViewGroup.java:1647)
02-13 18:52:21.653 D/Bitmap  (  336):       android.view.ViewGroup.dispatchDraw(ViewGroup.java:1376)
02-13 18:52:21.653 D/Bitmap  (  336):       android.view.ViewGroup.drawChild(ViewGroup.java:1647)
02-13 18:52:21.653 D/Bitmap  (  336):       android.view.ViewGroup.dispatchDraw(ViewGroup.java:1376)
02-13 18:52:21.653 D/Bitmap  (  336):       android.view.View.draw(View.java:6883)
02-13 18:52:21.653 D/Bitmap  (  336):       android.widget.FrameLayout.draw(FrameLayout.java:357)
02-13 18:52:21.653 D/Bitmap  (  336):       com.android.internal.policy.impl.PhoneWindow$DecorView.draw(PhoneWindow.java:1866)
02-13 18:52:21.653 D/Bitmap  (  336):       android.view.ViewRoot.draw(ViewRoot.java:1526)
02-13 18:52:21.653 D/Bitmap  (  336):       android.view.ViewRoot.performTraversals(ViewRoot.java:1262)
02-13 18:52:21.653 D/Bitmap  (  336):       android.view.ViewRoot.handleMessage(ViewRoot.java:1864)
02-13 18:52:21.653 D/Bitmap  (  336):       android.os.Handler.dispatchMessage(Handler.java:99)
02-13 18:52:21.653 D/Bitmap  (  336):       android.os.Looper.loop(Looper.java:130)
02-13 18:52:21.653 D/Bitmap  (  336):       android.app.ActivityThread.main(ActivityThread.java:3704)
02-13 18:52:21.653 D/Bitmap  (  336):       java.lang.reflect.Method.invokeNative(Native Method)
02-13 18:52:21.653 D/Bitmap  (  336):       java.lang.reflect.Method.invoke(Method.java:507)
02-13 18:52:21.653 D/Bitmap  (  336):       com.android.internal.os.ZygoteInit$MethodAndArgsCaller.run(ZygoteInit.java:875)
02-13 18:52:21.653 D/Mms     (  774): currentRoamingStatus:1
02-13 18:52:21.663 D/Bitmap  (  336):       com.android.internal.os.ZygoteInit.main(ZygoteInit.java:633)
02-13 18:52:21.663 D/Bitmap  (  336):       dalvik.system.NativeStart.main(Native Method)
02-13 18:52:21.663 D/Bitmap  (  336): _
02-13 18:52:21.663 D/KeyguardViewMediator(  256): setHidden false
02-13 18:52:21.683 D/KeyguardViewMediator(  256): setHidden false
02-13 18:52:21.683 D/KeyguardViewMediator(  256): setHidden false
