02-13 18:50:34.308 I/Mms/compose(  774): SLIDESHOW setSendButtonText isMms = false
02-13 18:50:34.308 I/Mms/compose(  774): SLIDESHOW setSendButtonText isMms = false
02-13 18:50:34.348 D/KeyguardViewMediator(  256): setHidden false
02-13 18:50:34.368 D/KeyguardViewMediator(  256): setHidden false
02-13 18:50:34.378 D/KeyguardViewMediator(  256): setHidden false
02-13 18:50:34.398 D/KeyguardViewMediator(  256): setHidden false
02-13 18:50:34.408 D/KeyguardViewMediator(  256): setHidden false
02-13 18:50:34.438 D/KeyguardViewMediator(  256): setHidden false
02-13 18:50:34.448 D/KeyguardViewMediator(  256): setHidden false
02-13 18:50:34.458 D/KeyguardViewMediator(  256): setHidden false
02-13 18:50:34.559 D/KeyguardViewMediator(  256): setHidden false
02-13 18:50:34.579 D/KeyguardViewMediator(  256): setHidden false
02-13 18:50:34.589 D/KeyguardViewMediator(  256): setHidden false
02-13 18:50:34.669 I/Mms/compose(  774): SLIDESHOW updateSendButtonState enable = true
02-13 18:50:34.679 I/Mms/compose(  774): SLIDESHOW setSendButtonText isMms = false
02-13 18:50:34.679 I/Mms/compose(  774): SLIDESHOW setSendButtonText isMms = false
02-13 18:50:34.689 I/Mms/compose(  774): SLIDESHOW updateSendButtonState enable = true
02-13 18:50:34.689 I/Mms/compose(  774): SLIDESHOW setSendButtonText isMms = false
02-13 18:50:34.689 I/Mms/compose(  774): SLIDESHOW setSendButtonText isMms = false
02-13 18:50:34.709 D/KeyguardViewMediator(  256): setHidden false
02-13 18:50:34.719 D/KeyguardViewMediator(  256): setHidden false
02-13 18:50:34.749 D/KeyguardViewMediator(  256): setHidden false
02-13 18:50:34.759 D/KeyguardViewMediator(  256): setHidden false
02-13 18:50:34.769 D/KeyguardViewMediator(  256): setHidden false
02-13 18:50:34.789 D/KeyguardViewMediator(  256): setHidden false
02-13 18:50:34.799 D/KeyguardViewMediator(  256): setHidden false
02-13 18:50:34.809 D/KeyguardViewMediator(  256): setHidden false
02-13 18:50:34.849 D/KeyguardViewMediator(  256): setHidden false
02-13 18:50:34.869 D/KeyguardViewMediator(  256): setHidden false
02-13 18:50:34.879 D/KeyguardViewMediator(  256): setHidden false
02-13 18:50:34.949 I/Mms/compose(  774): SLIDESHOW updateSendButtonState enable = true
02-13 18:50:34.949 I/Mms/compose(  774): SLIDESHOW setSendButtonText isMms = false
02-13 18:50:34.959 I/Mms/compose(  774): SLIDESHOW setSendButtonText isMms = false
02-13 18:50:34.989 D/KeyguardViewMediator(  256): setHidden false
02-13 18:50:35.009 D/KeyguardViewMediator(  256): setHidden false
02-13 18:50:35.029 D/KeyguardViewMediator(  256): setHidden false
02-13 18:50:35.039 D/KeyguardViewMediator(  256): setHidden false
02-13 18:50:35.059 D/KeyguardViewMediator(  256): setHidden false
02-13 18:50:35.069 D/KeyguardViewMediator(  256): setHidden false
02-13 18:50:35.079 D/KeyguardViewMediator(  256): setHidden false
02-13 18:50:35.089 D/KeyguardViewMediator(  256): setHidden false
02-13 18:50:35.089 D/KeyguardViewMediator(  256): setHidden false
02-13 18:50:35.099 D/KeyguardViewMediator(  256): setHidden false
02-13 18:50:35.109 D/KeyguardViewMediator(  256): setHidden false
02-13 18:50:35.159 I/Mms/compose(  774): SLIDESHOW updateSendButtonState enable = true
02-13 18:50:35.159 I/Mms/compose(  774): SLIDESHOW setSendButtonText isMms = false
02-13 18:50:35.159 I/Mms/compose(  774): SLIDESHOW setSendButtonText isMms = false
02-13 18:50:35.179 D/KeyguardViewMediator(  256): setHidden false
02-13 18:50:35.189 D/KeyguardViewMediator(  256): setHidden false
02-13 18:50:35.209 D/KeyguardViewMediator(  256): setHidden false
02-13 18:50:35.219 D/KeyguardViewMediator(  256): setHidden false
02-13 18:50:35.239 D/KeyguardViewMediator(  256): setHidden false
02-13 18:50:35.249 D/KeyguardViewMediator(  256): setHidden false
02-13 18:50:35.269 D/KeyguardViewMediator(  256): setHidden false
02-13 18:50:35.269 D/KeyguardViewMediator(  256): setHidden false
02-13 18:50:35.369 D/KeyguardViewMediator(  256): setHidden false
02-13 18:50:35.379 D/KeyguardViewMediator(  256): setHidden false
02-13 18:50:35.399 D/KeyguardViewMediator(  256): setHidden false
02-13 18:50:35.469 I/Mms/compose(  774): SLIDESHOW updateSendButtonState enable = true
02-13 18:50:35.469 I/Mms/compose(  774): SLIDESHOW setSendButtonText isMms = false
02-13 18:50:35.469 I/Mms/compose(  774): SLIDESHOW setSendButtonText isMms = false
02-13 18:50:35.469 I/Mms/compose(  774): SLIDESHOW updateSendButtonState enable = true
02-13 18:50:35.469 I/Mms/compose(  774): SLIDESHOW setSendButtonText isMms = false
02-13 18:50:35.479 I/Mms/compose(  774): SLIDESHOW setSendButtonText isMms = false
02-13 18:50:35.489 D/KeyguardViewMediator(  256): setHidden false
02-13 18:50:35.509 D/KeyguardViewMediator(  256): setHidden false
02-13 18:50:35.530 D/KeyguardViewMediator(  256): setHidden false
02-13 18:50:35.540 D/KeyguardViewMediator(  256): setHidden false
02-13 18:50:35.560 D/KeyguardViewMediator(  256): setHidden false
02-13 18:50:35.580 D/KeyguardViewMediator(  256): setHidden false
02-13 18:50:35.590 D/KeyguardViewMediator(  256): setHidden false
02-13 18:50:35.610 D/KeyguardViewMediator(  256): setHidden false
02-13 18:50:35.610 D/KeyguardViewMediator(  256): setHidden false
02-13 18:50:35.610 D/KeyguardViewMediator(  256): setHidden false
02-13 18:50:35.630 D/KeyguardViewMediator(  256): setHidden false
02-13 18:50:35.690 I/Mms/compose(  774): SLIDESHOW updateSendButtonState enable = true
02-13 18:50:35.690 I/Mms/compose(  774): SLIDESHOW setSendButtonText isMms = false
02-13 18:50:35.690 I/Mms/compose(  774): SLIDESHOW setSendButtonText isMms = false
02-13 18:50:35.710 D/KeyguardViewMediator(  256): setHidden false
02-13 18:50:35.720 D/KeyguardViewMediator(  256): setHidden false
02-13 18:50:35.740 D/KeyguardViewMediator(  256): setHidden false
02-13 18:50:35.760 D/KeyguardViewMediator(  256): setHidden false
02-13 18:50:35.770 D/KeyguardViewMediator(  256): setHidden false
02-13 18:50:35.790 D/KeyguardViewMediator(  256): setHidden false
02-13 18:50:35.810 D/KeyguardViewMediator(  256): setHidden false
02-13 18:50:35.810 D/KeyguardViewMediator(  256): setHidden false
02-13 18:50:35.900 D/KeyguardViewMediator(  256): setHidden false
02-13 18:50:35.920 D/KeyguardViewMediator(  256): setHidden false
02-13 18:50:35.930 D/KeyguardViewMediator(  256): setHidden false
02-13 18:50:36.020 I/Mms/compose(  774): SLIDESHOW updateSendButtonState enable = true
02-13 18:50:36.020 I/Mms/compose(  774): SLIDESHOW setSendButtonText isMms = false
02-13 18:50:36.020 I/Mms/compose(  774): SLIDESHOW setSendButtonText isMms = false
02-13 18:50:36.030 D/KeyguardViewMediator(  256): setHidden false
02-13 18:50:36.040 D/KeyguardViewMediator(  256): setHidden false
02-13 18:50:36.060 D/KeyguardViewMediator(  256): setHidden false
02-13 18:50:36.080 D/KeyguardViewMediator(  256): setHidden false
02-13 18:50:36.090 D/KeyguardViewMediator(  256): setHidden false
02-13 18:50:36.110 D/KeyguardViewMediator(  256): setHidden false
02-13 18:50:36.120 D/KeyguardViewMediator(  256): setHidden false
02-13 18:50:36.130 D/KeyguardViewMediator(  256): setHidden false
02-13 18:50:36.551 D/KeyguardViewMediator(  256): setHidden false
02-13 18:50:36.561 D/KeyguardViewMediator(  256): setHidden false
02-13 18:50:36.581 D/KeyguardViewMediator(  256): setHidden false
02-13 18:50:36.681 I/Mms/compose(  774): SLIDESHOW updateSendButtonState enable = true
02-13 18:50:36.681 I/Mms/compose(  774): SLIDESHOW setSendButtonText isMms = false
02-13 18:50:36.681 I/Mms/compose(  774): SLIDESHOW setSendButtonText isMms = false
02-13 18:50:36.711 D/KeyguardViewMediator(  256): setHidden false
02-13 18:50:36.731 D/KeyguardViewMediator(  256): setHidden false
02-13 18:50:36.741 D/KeyguardViewMediator(  256): setHidden false
02-13 18:50:36.751 D/KeyguardViewMediator(  256): setHidden false
02-13 18:50:36.771 D/KeyguardViewMediator(  256): setHidden false
02-13 18:50:36.771 D/KeyguardViewMediator(  256): setHidden false
02-13 18:50:36.781 D/KeyguardViewMediator(  256): setHidden false
02-13 18:50:36.801 D/KeyguardViewMediator(  256): setHidden false
02-13 18:50:36.801 D/KeyguardViewMediator(  256): setHidden false
02-13 18:50:36.891 I/Mms/compose(  774): SLIDESHOW updateSendButtonState enable = true
02-13 18:50:36.891 I/Mms/compose(  774): SLIDESHOW setSendButtonText isMms = false
02-13 18:50:36.891 I/Mms/compose(  774): SLIDESHOW setSendButtonText isMms = false
02-13 18:50:36.901 D/KeyguardViewMediator(  256): setHidden false
02-13 18:50:36.921 D/KeyguardViewMediator(  256): setHidden false
02-13 18:50:36.931 D/KeyguardViewMediator(  256): setHidden false
02-13 18:50:36.931 D/KeyguardViewMediator(  256): setHidden false
02-13 18:50:36.951 D/KeyguardViewMediator(  256): setHidden false
02-13 18:50:36.961 D/KeyguardViewMediator(  256): setHidden false
02-13 18:50:36.981 D/KeyguardViewMediator(  256): setHidden false
02-13 18:50:36.991 D/KeyguardViewMediator(  256): setHidden false
02-13 18:50:37.001 D/KeyguardViewMediator(  256): setHidden false
02-13 18:50:37.041 I/Mms/compose(  774): SLIDESHOW updateSendButtonState enable = true
02-13 18:50:37.041 I/Mms/compose(  774): SLIDESHOW setSendButtonText isMms = false
02-13 18:50:37.051 I/Mms/compose(  774): SLIDESHOW setSendButtonText isMms = false
02-13 18:50:37.051 D/KeyguardViewMediator(  256): setHidden false
02-13 18:50:37.071 D/KeyguardViewMediator(  256): setHidden false
02-13 18:50:37.081 D/KeyguardViewMediator(  256): setHidden false
02-13 18:50:37.101 D/KeyguardViewMediator(  256): setHidden false
02-13 18:50:37.121 D/KeyguardViewMediator(  256): setHidden false
02-13 18:50:37.131 D/KeyguardViewMediator(  256): setHidden false
02-13 18:50:37.141 D/KeyguardViewMediator(  256): setHidden false
02-13 18:50:37.141 D/KeyguardViewMediator(  256): setHidden false
02-13 18:50:37.151 D/KeyguardViewMediator(  256): setHidden false
02-13 18:50:37.151 D/KeyguardViewMediator(  256): setHidden false
02-13 18:50:37.171 D/KeyguardViewMediator(  256): setHidden false
02-13 18:50:37.231 I/Mms/compose(  774): SLIDESHOW updateSendButtonState enable = true
02-13 18:50:37.231 I/Mms/compose(  774): SLIDESHOW setSendButtonText isMms = false
02-13 18:50:37.241 I/Mms/compose(  774): SLIDESHOW setSendButtonText isMms = false
02-13 18:50:37.241 D/KeyguardViewMediator(  256): setHidden false
02-13 18:50:37.261 D/KeyguardViewMediator(  256): setHidden false
02-13 18:50:37.271 D/KeyguardViewMediator(  256): setHidden false
02-13 18:50:37.291 D/KeyguardViewMediator(  256): setHidden false
02-13 18:50:37.301 D/KeyguardViewMediator(  256): setHidden false
02-13 18:50:37.331 D/KeyguardViewMediator(  256): setHidden false
02-13 18:50:37.341 D/KeyguardViewMediator(  256): setHidden false
02-13 18:50:37.351 D/KeyguardViewMediator(  256): setHidden false
02-13 18:50:37.351 D/KeyguardViewMediator(  256): setHidden false
02-13 18:50:37.361 D/KeyguardViewMediator(  256): setHidden false
02-13 18:50:37.371 D/KeyguardViewMediator(  256): setHidden false
02-13 18:50:37.421 I/Mms/compose(  774): SLIDESHOW updateSendButtonState enable = true
02-13 18:50:37.421 I/Mms/compose(  774): SLIDESHOW setSendButtonText isMms = false
02-13 18:50:37.421 I/Mms/compose(  774): SLIDESHOW setSendButtonText isMms = false
02-13 18:50:37.431 I/Mms/compose(  774): SLIDESHOW updateSendButtonState enable = true
02-13 18:50:37.431 I/Mms/compose(  774): SLIDESHOW setSendButtonText isMms = false
02-13 18:50:37.431 I/Mms/compose(  774): SLIDESHOW setSendButtonText isMms = false
02-13 18:50:37.451 D/KeyguardViewMediator(  256): setHidden false
02-13 18:50:37.461 D/KeyguardViewMediator(  256): setHidden false
02-13 18:50:37.481 D/KeyguardViewMediator(  256): setHidden false
02-13 18:50:37.501 D/KeyguardViewMediator(  256): setHidden false
02-13 18:50:37.511 D/KeyguardViewMediator(  256): setHidden false
02-13 18:50:37.531 D/KeyguardViewMediator(  256): setHidden false
02-13 18:50:37.541 D/KeyguardViewMediator(  256): setHidden false
02-13 18:50:37.551 D/KeyguardViewMediator(  256): setHidden false
02-13 18:50:37.662 D/KeyguardViewMediator(  256): setHidden false
02-13 18:50:37.682 D/KeyguardViewMediator(  256): setHidden false
02-13 18:50:37.692 D/KeyguardViewMediator(  256): setHidden false
02-13 18:50:37.732 I/Mms/compose(  774): SLIDESHOW updateSendButtonState enable = true
02-13 18:50:37.732 I/Mms/compose(  774): SLIDESHOW setSendButtonText isMms = false
02-13 18:50:37.732 I/Mms/compose(  774): SLIDESHOW setSendButtonText isMms = false
02-13 18:50:37.742 D/KeyguardViewMediator(  256): setHidden false
02-13 18:50:37.762 D/KeyguardViewMediator(  256): setHidden false
02-13 18:50:37.782 D/KeyguardViewMediator(  256): setHidden false
02-13 18:50:37.792 D/KeyguardViewMediator(  256): setHidden false
02-13 18:50:37.802 D/KeyguardViewMediator(  256): setHidden false
02-13 18:50:37.812 D/KeyguardViewMediator(  256): setHidden false
02-13 18:50:37.822 D/KeyguardViewMediator(  256): setHidden false
02-13 18:50:37.832 D/KeyguardViewMediator(  256): setHidden false
02-13 18:50:37.842 D/KeyguardViewMediator(  256): setHidden false
02-13 18:50:37.902 I/Mms/compose(  774): SLIDESHOW updateSendButtonState enable = true
02-13 18:50:37.902 I/Mms/compose(  774): SLIDESHOW setSendButtonText isMms = false
02-13 18:50:37.912 I/Mms/compose(  774): SLIDESHOW setSendButtonText isMms = false
02-13 18:50:37.912 D/KeyguardViewMediator(  256): setHidden false
02-13 18:50:37.932 D/KeyguardViewMediator(  256): setHidden false
02-13 18:50:37.952 D/KeyguardViewMediator(  256): setHidden false
02-13 18:50:37.962 D/KeyguardViewMediator(  256): setHidden false
02-13 18:50:37.982 D/KeyguardViewMediator(  256): setHidden false
02-13 18:50:37.992 D/KeyguardViewMediator(  256): setHidden false
02-13 18:50:38.012 D/KeyguardViewMediator(  256): setHidden false
02-13 18:50:38.022 D/KeyguardViewMediator(  256): setHidden false
02-13 18:50:38.022 D/KeyguardViewMediator(  256): setHidden false
02-13 18:50:38.032 D/KeyguardViewMediator(  256): setHidden false
02-13 18:50:38.052 D/KeyguardViewMediator(  256): setHidden false
02-13 18:50:38.102 I/Mms/compose(  774): SLIDESHOW updateSendButtonState enable = true
02-13 18:50:38.102 I/Mms/compose(  774): SLIDESHOW setSendButtonText isMms = false
02-13 18:50:38.102 I/Mms/compose(  774): SLIDESHOW setSendButtonText isMms = false
02-13 18:50:38.112 I/Mms/compose(  774): SLIDESHOW updateSendButtonState enable = true
02-13 18:50:38.112 I/Mms/compose(  774): SLIDESHOW setSendButtonText isMms = false
02-13 18:50:38.112 I/Mms/compose(  774): SLIDESHOW setSendButtonText isMms = false
02-13 18:50:38.132 D/KeyguardViewMediator(  256): setHidden false
02-13 18:50:38.142 D/KeyguardViewMediator(  256): setHidden false
02-13 18:50:38.162 D/KeyguardViewMediator(  256): setHidden false
02-13 18:50:38.172 D/KeyguardViewMediator(  256): setHidden false
02-13 18:50:38.192 D/KeyguardViewMediator(  256): setHidden false
02-13 18:50:38.202 D/KeyguardViewMediator(  256): setHidden false
02-13 18:50:38.222 D/KeyguardViewMediator(  256): setHidden false
02-13 18:50:38.232 D/KeyguardViewMediator(  256): setHidden false
02-13 18:50:38.452 D/KeyguardViewMediator(  256): setHidden false
02-13 18:50:38.472 D/KeyguardViewMediator(  256): setHidden false
02-13 18:50:38.492 D/KeyguardViewMediator(  256): setHidden false
02-13 18:50:38.552 D/KeyguardViewMediator(  256): setHidden false
02-13 18:50:38.572 D/KeyguardViewMediator(  256): setHidden false
02-13 18:50:38.582 D/KeyguardViewMediator(  256): setHidden false
02-13 18:50:38.603 D/KeyguardViewMediator(  256): setHidden false
02-13 18:50:38.613 D/KeyguardViewMediator(  256): setHidden false
02-13 18:50:38.633 D/KeyguardViewMediator(  256): setHidden false
02-13 18:50:38.653 D/KeyguardViewMediator(  256): setHidden false
02-13 18:50:38.663 D/KeyguardViewMediator(  256): setHidden false
02-13 18:50:38.663 D/KeyguardViewMediator(  256): setHidden false
02-13 18:50:38.673 D/KeyguardViewMediator(  256): setHidden false
02-13 18:50:38.683 D/KeyguardViewMediator(  256): setHidden false
02-13 18:50:38.773 I/Mms/compose(  774): SLIDESHOW updateSendButtonState enable = true
02-13 18:50:38.773 I/Mms/compose(  774): SLIDESHOW setSendButtonText isMms = false
02-13 18:50:38.773 I/Mms/compose(  774): SLIDESHOW setSendButtonText isMms = false
02-13 18:50:38.803 D/KeyguardViewMediator(  256): setHidden false
02-13 18:50:38.823 D/KeyguardViewMediator(  256): setHidden false
02-13 18:50:38.833 D/KeyguardViewMediator(  256): setHidden false
02-13 18:50:38.853 D/KeyguardViewMediator(  256): setHidden false
02-13 18:50:38.863 D/KeyguardViewMediator(  256): setHidden false
02-13 18:50:38.883 D/KeyguardViewMediator(  256): setHidden false
02-13 18:50:38.903 D/KeyguardViewMediator(  256): setHidden false
02-13 18:50:38.903 D/KeyguardViewMediator(  256): setHidden false
02-13 18:50:39.163 D/KeyguardViewMediator(  256): setHidden false
02-13 18:50:39.183 D/KeyguardViewMediator(  256): setHidden false
02-13 18:50:39.193 D/KeyguardViewMediator(  256): setHidden false
02-13 18:50:39.253 I/Mms/compose(  774): SLIDESHOW updateSendButtonState enable = true
02-13 18:50:39.253 I/Mms/compose(  774): SLIDESHOW setSendButtonText isMms = false
02-13 18:50:39.263 I/Mms/compose(  774): SLIDESHOW setSendButtonText isMms = false
02-13 18:50:39.283 I/Mms/compose(  774): SLIDESHOW updateSendButtonState enable = true
02-13 18:50:39.283 I/Mms/compose(  774): SLIDESHOW setSendButtonText isMms = false
02-13 18:50:39.283 I/Mms/compose(  774): SLIDESHOW setSendButtonText isMms = false
02-13 18:50:39.323 D/KeyguardViewMediator(  256): setHidden false
02-13 18:50:39.343 D/KeyguardViewMediator(  256): setHidden false
02-13 18:50:39.353 D/KeyguardViewMediator(  256): setHidden false
02-13 18:50:39.373 D/KeyguardViewMediator(  256): setHidden false
02-13 18:50:39.383 D/KeyguardViewMediator(  256): setHidden false
02-13 18:50:39.403 D/KeyguardViewMediator(  256): setHidden false
02-13 18:50:39.423 D/KeyguardViewMediator(  256): setHidden false
02-13 18:50:39.423 D/KeyguardViewMediator(  256): setHidden false
02-13 18:50:39.443 D/KeyguardViewMediator(  256): setHidden false
02-13 18:50:39.453 D/KeyguardViewMediator(  256): setHidden false
02-13 18:50:39.473 D/KeyguardViewMediator(  256): setHidden false
02-13 18:50:39.583 I/Mms/compose(  774): SLIDESHOW updateSendButtonState enable = true
02-13 18:50:39.583 I/Mms/compose(  774): SLIDESHOW setSendButtonText isMms = false
02-13 18:50:39.583 I/Mms/compose(  774): SLIDESHOW setSendButtonText isMms = false
02-13 18:50:39.593 D/KeyguardViewMediator(  256): setHidden false
02-13 18:50:39.613 D/KeyguardViewMediator(  256): setHidden false
02-13 18:50:39.624 D/KeyguardViewMediator(  256): setHidden false
02-13 18:50:39.644 D/KeyguardViewMediator(  256): setHidden false
02-13 18:50:39.654 D/KeyguardViewMediator(  256): setHidden false
02-13 18:50:39.674 D/KeyguardViewMediator(  256): setHidden false
02-13 18:50:39.694 D/KeyguardViewMediator(  256): setHidden false
02-13 18:50:39.694 D/KeyguardViewMediator(  256): setHidden false
02-13 18:50:39.724 D/KeyguardViewMediator(  256): setHidden false
02-13 18:50:39.734 D/KeyguardViewMediator(  256): setHidden false
02-13 18:50:39.744 D/KeyguardViewMediator(  256): setHidden false
02-13 18:50:39.814 I/Mms/compose(  774): SLIDESHOW updateSendButtonState enable = true
02-13 18:50:39.824 I/Mms/compose(  774): SLIDESHOW setSendButtonText isMms = false
02-13 18:50:39.824 I/Mms/compose(  774): SLIDESHOW setSendButtonText isMms = false
02-13 18:50:39.824 D/KeyguardViewMediator(  256): setHidden false
02-13 18:50:39.844 D/KeyguardViewMediator(  256): setHidden false
02-13 18:50:39.854 D/KeyguardViewMediator(  256): setHidden false
02-13 18:50:39.874 D/KeyguardViewMediator(  256): setHidden false
02-13 18:50:39.884 D/KeyguardViewMediator(  256): setHidden false
02-13 18:50:39.894 D/KeyguardViewMediator(  256): setHidden false
02-13 18:50:39.894 D/KeyguardViewMediator(  256): setHidden false
02-13 18:50:39.934 D/KeyguardViewMediator(  256): setHidden false
02-13 18:50:39.934 D/KeyguardViewMediator(  256): setHidden false
02-13 18:50:40.064 I/Mms/compose(  774): SLIDESHOW updateSendButtonState enable = true
02-13 18:50:40.064 I/Mms/compose(  774): SLIDESHOW setSendButtonText isMms = false
02-13 18:50:40.064 I/Mms/compose(  774): SLIDESHOW setSendButtonText isMms = false
02-13 18:50:40.074 D/KeyguardViewMediator(  256): setHidden false
02-13 18:50:40.074 E/rmt_storage(  158): [MyTag]open: fd=-1
02-13 18:50:40.074 E/rmt_storage(  158): block rmt_storage client thread
02-13 18:50:40.094 D/KeyguardViewMediator(  256): setHidden false
02-13 18:50:40.114 D/KeyguardViewMediator(  256): setHidden false
02-13 18:50:40.124 D/KeyguardViewMediator(  256): setHidden false
02-13 18:50:40.134 D/KeyguardViewMediator(  256): setHidden false
02-13 18:50:40.144 D/KeyguardViewMediator(  256): setHidden false
02-13 18:50:40.154 D/KeyguardViewMediator(  256): setHidden false
02-13 18:50:40.164 D/KeyguardViewMediator(  256): setHidden false
02-13 18:50:40.164 D/KeyguardViewMediator(  256): setHidden false
02-13 18:50:40.214 I/Mms/compose(  774): SLIDESHOW updateSendButtonState enable = true
02-13 18:50:40.214 I/Mms/compose(  774): SLIDESHOW setSendButtonText isMms = false
02-13 18:50:40.214 I/Mms/compose(  774): SLIDESHOW setSendButtonText isMms = false
02-13 18:50:40.234 D/KeyguardViewMediator(  256): setHidden false
02-13 18:50:40.254 D/KeyguardViewMediator(  256): setHidden false
02-13 18:50:40.274 D/KeyguardViewMediator(  256): setHidden false
02-13 18:50:40.284 D/KeyguardViewMediator(  256): setHidden false
02-13 18:50:40.304 D/KeyguardViewMediator(  256): setHidden false
02-13 18:50:40.314 D/KeyguardViewMediator(  256): setHidden false
02-13 18:50:40.334 D/KeyguardViewMediator(  256): setHidden false
02-13 18:50:40.344 D/KeyguardViewMediator(  256): setHidden false
02-13 18:50:40.374 D/KeyguardViewMediator(  256): setHidden false
02-13 18:50:40.394 D/KeyguardViewMediator(  256): setHidden false
02-13 18:50:40.404 D/KeyguardViewMediator(  256): setHidden false
02-13 18:50:40.464 I/Mms/compose(  774): SLIDESHOW updateSendButtonState enable = true
02-13 18:50:40.464 I/Mms/compose(  774): SLIDESHOW setSendButtonText isMms = false
02-13 18:50:40.464 I/Mms/compose(  774): SLIDESHOW setSendButtonText isMms = false
02-13 18:50:40.474 I/Mms/compose(  774): SLIDESHOW updateSendButtonState enable = true
02-13 18:50:40.474 I/Mms/compose(  774): SLIDESHOW setSendButtonText isMms = false
02-13 18:50:40.474 I/Mms/compose(  774): SLIDESHOW setSendButtonText isMms = false
02-13 18:50:40.494 D/KeyguardViewMediator(  256): setHidden false
02-13 18:50:40.504 D/KeyguardViewMediator(  256): setHidden false
02-13 18:50:40.524 D/KeyguardViewMediator(  256): setHidden false
02-13 18:50:40.544 D/KeyguardViewMediator(  256): setHidden false
02-13 18:50:40.544 D/KeyguardViewMediator(  256): setHidden false
02-13 18:50:40.554 D/KeyguardViewMediator(  256): setHidden false
02-13 18:50:40.554 D/KeyguardViewMediator(  256): setHidden false
02-13 18:50:40.574 D/KeyguardViewMediator(  256): setHidden false
02-13 18:50:40.594 D/KeyguardViewMediator(  256): setHidden false
02-13 18:50:40.594 D/KeyguardViewMediator(  256): setHidden false
02-13 18:50:40.655 I/Mms/compose(  774): SLIDESHOW updateSendButtonState enable = true
02-13 18:50:40.655 I/Mms/compose(  774): SLIDESHOW setSendButtonText isMms = false
02-13 18:50:40.655 I/Mms/compose(  774): SLIDESHOW setSendButtonText isMms = false
02-13 18:50:40.665 D/KeyguardViewMediator(  256): setHidden false
02-13 18:50:40.685 D/KeyguardViewMediator(  256): setHidden false
02-13 18:50:40.695 D/KeyguardViewMediator(  256): setHidden false
02-13 18:50:40.715 D/KeyguardViewMediator(  256): setHidden false
02-13 18:50:40.725 D/KeyguardViewMediator(  256): setHidden false
02-13 18:50:40.745 D/KeyguardViewMediator(  256): setHidden false
02-13 18:50:40.745 D/KeyguardViewMediator(  256): setHidden false
02-13 18:50:40.765 D/KeyguardViewMediator(  256): setHidden false
02-13 18:50:40.765 D/KeyguardViewMediator(  256): setHidden false
02-13 18:50:40.765 D/KeyguardViewMediator(  256): setHidden false
02-13 18:50:40.785 D/KeyguardViewMediator(  256): setHidden false
02-13 18:50:40.855 I/Mms/compose(  774): SLIDESHOW updateSendButtonState enable = true
02-13 18:50:40.855 I/Mms/compose(  774): SLIDESHOW setSendButtonText isMms = false
02-13 18:50:40.855 I/Mms/compose(  774): SLIDESHOW setSendButtonText isMms = false
02-13 18:50:40.865 D/KeyguardViewMediator(  256): setHidden false
02-13 18:50:40.885 D/KeyguardViewMediator(  256): setHidden false
02-13 18:50:40.895 D/KeyguardViewMediator(  256): setHidden false
02-13 18:50:40.915 D/KeyguardViewMediator(  256): setHidden false
02-13 18:50:40.925 D/KeyguardViewMediator(  256): setHidden false
02-13 18:50:40.945 D/KeyguardViewMediator(  256): setHidden false
02-13 18:50:40.965 D/KeyguardViewMediator(  256): setHidden false
02-13 18:50:40.975 D/KeyguardViewMediator(  256): setHidden false
02-13 18:50:41.365 D/Mms/compose(  774): isInternationalRoamingSMSChecked:true
02-13 18:50:41.365 D/Mms/compose(  774): roamingStatus:1
02-13 18:50:41.375 E/MmsCustom(  774): mms config file_exist,,,custom_file_exist:true
02-13 18:50:41.375 D/SmsMessageSender(  774): MmsCustom.file_exist()==true
02-13 18:50:41.385 I/Mms/compose(  774): SLIDESHOW setSendButtonText isMms = false
02-13 18:50:41.385 I/Mms/compose(  774): drawBottomPanel, inputmethod
02-13 18:50:41.385 D/Mms/compose(  774): lyftest updateOtherAttachmentView
02-13 18:50:41.405 I/Mms/compose(  774): SLIDESHOW updateSendButtonState enable = true
02-13 18:50:41.415 I/Mms/compose(  774): SLIDESHOW setSendButtonText isMms = false
02-13 18:50:41.445 E/HQB     (  774): onReceive  action received com.android.mms.transaction.SEND_MESSAGE
02-13 18:50:41.445 E/HQB     (  774): onReceiveWithPrivilege  action received com.android.mms.transaction.SEND_MESSAGE
02-13 18:50:41.515 D/Mms     (  774): formatTimeStampString1 ,when = 1329160934923
02-13 18:50:41.525 D/Mms     (  774): formatTimeStampString2 ,when = 1329160934923
02-13 18:50:41.525 D/MessageItem(  774): MessageItem ,expiryDate = 0
02-13 18:50:41.545 D/Mms     (  774): formatTimeStampString1 ,when = 1329180599091
02-13 18:50:41.545 D/Mms     (  774): formatTimeStampString2 ,when = 1329180599091
02-13 18:50:41.565 D/Bitmap  (  336): Detect unrecycled bitmap.
02-13 18:50:41.565 D/Bitmap  (  336):       Size: 270080 Bytes, Width: 320 , Height: 211 , Hash code: 1079777848
02-13 18:50:41.565 D/Bitmap  (  336):  This bimap was created in:
02-13 18:50:41.565 D/Bitmap  (  336):       android.graphics.Bitmap.<init>(Bitmap.java:136)
02-13 18:50:41.565 D/Bitmap  (  336):       android.graphics.Bitmap.nativeCreate(Native Method)
02-13 18:50:41.565 D/Bitmap  (  336):       android.graphics.Bitmap.createBitmap(Bitmap.java:547)
02-13 18:50:41.565 D/Bitmap  (  336):       com.android.inputmethod.latin.LatinKeyboardBaseView.onBufferDraw(LatinKeyboardBaseView.java:775)
02-13 18:50:41.565 D/Bitmap  (  336):       com.android.inputmethod.latin.LatinKeyboardBaseView.onDraw(LatinKeyboardBaseView.java:763)
02-13 18:50:41.565 D/Bitmap  (  336):       android.view.View.draw(View.java:6880)
02-13 18:50:41.565 D/Bitmap  (  336):       com.android.inputmethod.latin.LatinKeyboardView.draw(LatinKeyboardView.java:353)
02-13 18:50:41.565 D/Bitmap  (  336):       android.view.ViewGroup.drawChild(ViewGroup.java:1649)
02-13 18:50:41.565 D/Bitmap  (  336):       android.view.ViewGroup.dispatchDraw(ViewGroup.java:1376)
02-13 18:50:41.575 D/MessageItem(  774): MessageItem ,expiryDate = 0
02-13 18:50:41.575 D/Bitmap  (  336):       android.view.ViewGroup.drawChild(ViewGroup.java:1647)
02-13 18:50:41.575 D/Bitmap  (  336):       android.view.ViewGroup.dispatchDraw(ViewGroup.java:1376)
02-13 18:50:41.575 D/Bitmap  (  336):       android.view.ViewGroup.drawChild(ViewGroup.java:1647)
02-13 18:50:41.575 D/Bitmap  (  336):       android.view.ViewGroup.dispatchDraw(ViewGroup.java:1376)
02-13 18:50:41.575 D/Bitmap  (  336):       android.view.ViewGroup.drawChild(ViewGroup.java:1647)
02-13 18:50:41.575 D/Bitmap  (  336):       android.view.ViewGroup.dispatchDraw(ViewGroup.java:1376)
02-13 18:50:41.575 D/Bitmap  (  336):       android.view.View.draw(View.java:6883)
02-13 18:50:41.575 D/Bitmap  (  336):       android.widget.FrameLayout.draw(FrameLayout.java:357)
02-13 18:50:41.575 D/Bitmap  (  336):       com.android.internal.policy.impl.PhoneWindow$DecorView.draw(PhoneWindow.java:1866)
02-13 18:50:41.575 D/Bitmap  (  336):       android.view.ViewRoot.draw(ViewRoot.java:1526)
02-13 18:50:41.575 D/Bitmap  (  336):       android.view.ViewRoot.performTraversals(ViewRoot.java:1262)
02-13 18:50:41.575 D/Bitmap  (  336):       android.view.ViewRoot.handleMessage(ViewRoot.java:1864)
02-13 18:50:41.575 D/Bitmap  (  336):       android.os.Handler.dispatchMessage(Handler.java:99)
02-13 18:50:41.575 D/Bitmap  (  336):       android.os.Looper.loop(Looper.java:130)
02-13 18:50:41.575 D/Bitmap  (  336):       android.app.ActivityThread.main(ActivityThread.java:3704)
02-13 18:50:41.575 D/Bitmap  (  336):       java.lang.reflect.Method.invokeNative(Native Method)
02-13 18:50:41.575 D/Bitmap  (  336):       java.lang.reflect.Method.invoke(Method.java:507)
02-13 18:50:41.575 D/Bitmap  (  336):       com.android.internal.os.ZygoteInit$MethodAndArgsCaller.run(ZygoteInit.java:875)
02-13 18:50:41.575 D/Bitmap  (  336):       com.android.internal.os.ZygoteInit.main(ZygoteInit.java:633)
02-13 18:50:41.575 D/Bitmap  (  336):       dalvik.system.NativeStart.main(Native Method)
02-13 18:50:41.575 D/Bitmap  (  336): _
02-13 18:50:41.595 D/Mms     (  774): formatTimeStampString1 ,when = 1329160934923
02-13 18:50:41.595 D/Mms     (  774): formatTimeStampString2 ,when = 1329160934923
02-13 18:50:41.595 D/MessageItem(  774): MessageItem ,expiryDate = 0
02-13 18:50:41.605 D/Mms     (  774): formatTimeStampString1 ,when = 1329180599091
02-13 18:50:41.605 D/Mms     (  774): formatTimeStampString2 ,when = 1329180599091
02-13 18:50:41.605 D/MessageItem(  774): MessageItem ,expiryDate = 0
02-13 18:50:41.686 D/Mms     (  774): formatTimeStampString1 ,when = 1329160934923
02-13 18:50:41.686 D/Mms     (  774): formatTimeStampString2 ,when = 1329160934923
02-13 18:50:41.686 D/MessageItem(  774): MessageItem ,expiryDate = 0
02-13 18:50:41.696 D/Mms     (  774): formatTimeStampString1 ,when = 1329180599091
02-13 18:50:41.716 D/Mms     (  774): formatTimeStampString2 ,when = 1329180599091
02-13 18:50:41.716 D/MessageItem(  774): MessageItem ,expiryDate = 0
02-13 18:50:41.766 D/Mms     (  774): formatTimeStampString1 ,when = 1329160934923
02-13 18:50:41.766 D/Mms     (  774): formatTimeStampString2 ,when = 1329160934923
02-13 18:50:41.766 D/MessageItem(  774): MessageItem ,expiryDate = 0
02-13 18:50:41.776 D/Mms     (  774): formatTimeStampString1 ,when = 1329180599091
02-13 18:50:41.776 D/Mms     (  774): formatTimeStampString2 ,when = 1329180599091
02-13 18:50:41.776 D/MessageItem(  774): MessageItem ,expiryDate = 0
02-13 18:50:42.176 I/vDM     (  467): KeyCode = 4
02-13 18:50:42.176 I/vDM     (  467): Vdmc getInstance
02-13 18:50:42.176 I/vDM     (  467): Vdmc getInstance
02-13 18:50:42.176 D/DMC     (  467): MyCIMMI getInstance
02-13 18:50:42.176 I/vDM     (  467): Vdmc getInstance
02-13 18:50:42.266 D/KeyguardViewMediator(  256): setHidden false
02-13 18:50:42.266 D/KeyguardViewMediator(  256): setHidden false
02-13 18:50:42.276 I/vDM     (  467): KeyCode = 4
02-13 18:50:42.276 D/KeyguardViewMediator(  256): setHidden false
02-13 18:50:42.296 D/KeyguardViewMediator(  256): setHidden false
02-13 18:50:42.296 I/vDM     (  467): Vdmc getInstance
02-13 18:50:42.296 I/vDM     (  467): Vdmc getInstance
02-13 18:50:42.296 D/DMC     (  467): MyCIMMI getInstance
02-13 18:50:42.296 I/vDM     (  467): Vdmc getInstance
02-13 18:50:42.296 D/Mms     (  774): formatTimeStampString1 ,when = 1329180548090
02-13 18:50:42.296 D/Mms     (  774): formatTimeStampString2 ,when = 1329180548090
02-13 18:50:42.306 D/Mms     (  774): formatTimeStampString1 ,when = 1329180375417
02-13 18:50:42.306 D/Mms     (  774): formatTimeStampString2 ,when = 1329180375417
02-13 18:50:42.316 D/KeyguardViewMediator(  256): setHidden false
02-13 18:50:42.316 D/MessageItem(  774): MessageItem ,expiryDate = 0
02-13 18:50:42.326 D/KeyguardViewMediator(  256): setHidden false
02-13 18:50:42.346 D/KeyguardViewMediator(  256): setHidden false
02-13 18:50:42.356 D/KeyguardViewMediator(  256): setHidden false
02-13 18:50:42.376 D/KeyguardViewMediator(  256): setHidden false
02-13 18:50:42.396 D/KeyguardViewMediator(  256): setHidden false
02-13 18:50:42.406 D/KeyguardViewMediator(  256): setHidden false
02-13 18:50:42.426 D/KeyguardViewMediator(  256): setHidden false
02-13 18:50:42.436 D/KeyguardViewMediator(  256): setHidden false
02-13 18:50:43.938 E/HQB     (  774): onReceive  action received com.android.mms.transaction.MESSAGE_SENT
02-13 18:50:43.948 E/HQB     (  774): onReceiveWithPrivilege  action received com.android.mms.transaction.MESSAGE_SENT
02-13 18:50:43.968 D/MAP.MapReceiver(  346): Got event in onReceiver com.broadcom.bt.service.map.sms.MESSAGE_SENT_BY_MMS_APP
02-13 18:50:44.368 D/Mms     (  774): formatTimeStampString1 ,when = 1329180641369
02-13 18:50:44.368 D/Mms     (  774): formatTimeStampString2 ,when = 1329180641369
02-13 18:50:44.378 D/DATA    (  342): [DSST(0)] pollstate() : reason = data network state changed
02-13 18:50:44.378 D/Mms     (  774): formatTimeStampString1 ,when = 1329180599091
02-13 18:50:44.378 D/Mms     (  774): formatTimeStampString2 ,when = 1329180599091
02-13 18:50:44.378 D/MessageItem(  774): MessageItem ,expiryDate = 0
02-13 18:50:44.388 D/Mms     (  774): formatTimeStampString1 ,when = 1329180548090
02-13 18:50:44.388 D/Mms     (  774): formatTimeStampString2 ,when = 1329180548090
02-13 18:50:44.388 D/Mms     (  774): formatTimeStampString1 ,when = 1329180375417
02-13 18:50:44.388 D/Mms     (  774): formatTimeStampString2 ,when = 1329180375417
02-13 18:50:44.388 D/MessageItem(  774): MessageItem ,expiryDate = 0
02-13 18:50:44.438 D/MobileDataStateTracker(  256): [hipri]  MobileDataStateReceiver onReceive(): Entry.
02-13 18:50:44.438 D/MobileDataStateTracker(  256): [hipri]  intent.getAction()= android.intent.action.SERVICE_STATE
02-13 18:50:44.438 D/MobileDataStateTracker(  256): [hipri]  mEnabled = false
02-13 18:50:44.438 D/MobileDataStateTracker(  256): [dun]  MobileDataStateReceiver onReceive(): Entry.
02-13 18:50:44.438 D/MobileDataStateTracker(  256): [dun]  intent.getAction()= android.intent.action.SERVICE_STATE
02-13 18:50:44.438 D/MobileDataStateTracker(  256): [dun]  mEnabled = false
02-13 18:50:44.438 D/MobileDataStateTracker(  256): [supl]  MobileDataStateReceiver onReceive(): Entry.
02-13 18:50:44.438 D/MobileDataStateTracker(  256): [supl]  intent.getAction()= android.intent.action.SERVICE_STATE
02-13 18:50:44.438 D/MobileDataStateTracker(  256): [supl]  mEnabled = false
02-13 18:50:44.448 D/MobileDataStateTracker(  256): [mms]  MobileDataStateReceiver onReceive(): Entry.
02-13 18:50:44.448 D/MobileDataStateTracker(  256): [mms]  intent.getAction()= android.intent.action.SERVICE_STATE
02-13 18:50:44.448 D/MobileDataStateTracker(  256): [mms]  mEnabled = false
02-13 18:50:44.448 D/MobileDataStateTracker(  256): [default]  MobileDataStateReceiver onReceive(): Entry.
02-13 18:50:44.448 D/MobileDataStateTracker(  256): [default]  intent.getAction()= android.intent.action.SERVICE_STATE
02-13 18:50:44.448 D/MobileDataStateTracker(  256): [default]  mEnabled = true
02-13 18:50:44.448 D/CallManager(  342):  handleMessage (EVENT_SERVICE_STATE_CHANGED)
02-13 18:50:44.448 E/BT HS/HF(  342): SERVICE_STATE_CHANGED called
02-13 18:50:44.448 E/BT HS/HF(  342): updateServiceState called, sendUpdate:false  ServiceState:0 home Sprint  310099  EvDo rev. A CSS not supported 41 4139RoamInd: 1RoamStatus(sprint): 1DefRoamInd: 160EmergOnly: false
02-13 18:50:44.448 E/BT HS/HF(  342): service:1 mService:1
02-13 18:50:44.458 D/DATA    (  342): [DSST(0)]  registrationState = 1  radioTechnology = 8 reasonForDenial = 0
02-13 18:50:44.458 D/Mms     (  774): currentRoamingStatus:1
02-13 18:50:44.458 D/DATA    (  342): [DSST(0)]  set mNewDataConnectionState = 0
02-13 18:50:44.458 D/DATA    (  342): [DSST(0)]  mNewDataConnectionState : 0  mDataConnectionState : 0
02-13 18:50:44.458 D/DATA    (  342): [DSST(0)] Poll ServiceState done: oldSS=[0 home null null null  EvDo rev. A CSS not supported -1 -1RoamInd: -1RoamStatus(sprint): -1DefRoamInd: -1EmergOnly: false] newSS=[0 home null null null  EvDo rev. A CSS not supported -1 -1RoamInd: -1RoamStatus(sprint): -1DefRoamInd: -1EmergOnly: false]
02-13 18:50:44.458 D/DATA    (  342): [DSST(0)]  mDataConnectionState = 0
02-13 18:50:44.478 D/Mms     (  774): formatTimeStampString1 ,when = 1329180641369
02-13 18:50:44.478 D/Mms     (  774): formatTimeStampString2 ,when = 1329180641369
02-13 18:50:44.478 D/Mms     (  774): formatTimeStampString1 ,when = 1329180599091
02-13 18:50:44.478 D/Mms     (  774): formatTimeStampString2 ,when = 1329180599091
02-13 18:50:44.478 D/MessageItem(  774): MessageItem ,expiryDate = 0
02-13 18:50:44.488 D/Mms     (  774): formatTimeStampString1 ,when = 1329180548090
02-13 18:50:44.488 D/Mms     (  774): formatTimeStampString2 ,when = 1329180548090
02-13 18:50:44.498 D/Mms     (  774): formatTimeStampString1 ,when = 1329180375417
02-13 18:50:44.498 D/Mms     (  774): formatTimeStampString2 ,when = 1329180375417
02-13 18:50:44.498 D/MessageItem(  774): MessageItem ,expiryDate = 0
02-13 18:50:44.789 I/vDM     (  467): KeyCode = 3
02-13 18:50:44.789 I/vDM     (  467): Vdmc getInstance
02-13 18:50:44.789 I/vDM     (  467): Vdmc getInstance
02-13 18:50:44.789 D/DMC     (  467): MyCIMMI getInstance
02-13 18:50:44.789 I/vDM     (  467): Vdmc getInstance
02-13 18:50:44.849 D/Launcher(  364): Closing system Dialogs 
02-13 18:50:44.859 D/KeyguardViewMediator(  256): setHidden false
02-13 18:50:44.859 D/Launcher(  364): onNewIntent()android.intent.action.MAIN
02-13 18:50:44.859 D/Launcher(  364): Closing system Dialogs 
02-13 18:50:44.869 D/Warhol  (  364): A pack appears to be installed -- skipping Installer
02-13 18:50:44.879 D/KeyguardViewMediator(  256): setHidden false
02-13 18:50:44.879 I/vDM     (  467): KeyCode = 3
02-13 18:50:44.879 D/Mms     (  774): [36] markAsRead: update read/seen for thread uri: content://mms-sms/conversations/1
02-13 18:50:44.879 E/Database(  342): Error updating seen=1 read=1 using UPDATE threads SET seen=?, read=? WHERE _id=1
02-13 18:50:44.889 D/KeyguardViewMediator(  256): setHidden false
02-13 18:50:44.889 I/hubo    (  256): Activity {com.android.launcher/com.android.launcher2.Launcher}
02-13 18:50:44.909 I/vDM     (  467): Vdmc getInstance
02-13 18:50:44.909 I/vDM     (  467): Vdmc getInstance
02-13 18:50:44.909 D/DMC     (  467): MyCIMMI getInstance
02-13 18:50:44.909 I/vDM     (  467): Vdmc getInstance
02-13 18:50:44.919 D/KeyguardViewMediator(  256): setHidden false
02-13 18:50:44.929 D/KeyguardViewMediator(  256): setHidden false
02-13 18:50:44.929 D/KeyguardViewMediator(  256): setHidden false
02-13 18:50:44.939 D/KeyguardViewMediator(  256): setHidden false
02-13 18:50:44.939 W/IInputConnectionWrapper(  774): showStatusIcon on inactive InputConnection
02-13 18:50:44.949 D/KeyguardViewMediator(  256): setHidden false
02-13 18:50:44.969 D/KeyguardViewMediator(  256): setHidden false
02-13 18:50:44.969 D/Mms:app (  774): mCmasCursor.getCount() =0
02-13 18:50:44.969 D/Mms:app (  774): in updateCmasNotifications--unreadCMASCursor.getCount() <= 0
02-13 18:50:44.979 D/KeyguardViewMediator(  256): setHidden false
02-13 18:50:44.999 D/KeyguardViewMediator(  256): setHidden false
02-13 18:50:45.019 D/KeyguardViewMediator(  256): setHidden false
02-13 18:50:45.019 D/Mms     (  774): formatTimeStampString1 ,when = 1329180641369
02-13 18:50:45.019 D/Mms     (  774): formatTimeStampString2 ,when = 1329180641369
02-13 18:50:45.029 I/Mms:app (  774): pengzhe updateDownloadFailedNotification getDownloadFailedMessageCount =0
02-13 18:50:45.029 D/KeyguardViewMediator(  256): setHidden false
02-13 18:50:45.049 D/KeyguardViewMediator(  256): setHidden false
02-13 18:50:45.069 D/KeyguardViewMediator(  256): setHidden false
02-13 18:50:45.079 D/KeyguardViewMediator(  256): setHidden false
02-13 18:50:45.099 D/KeyguardViewMediator(  256): setHidden false
02-13 18:50:45.109 D/Mms     (  774): formatTimeStampString1 ,when = 1329180599091
02-13 18:50:45.119 D/KeyguardViewMediator(  256): setHidden false
02-13 18:50:45.129 D/Mms     (  774): formatTimeStampString2 ,when = 1329180599091
02-13 18:50:45.129 D/MessageItem(  774): MessageItem ,expiryDate = 0
02-13 18:50:45.129 D/KeyguardViewMediator(  256): setHidden false
02-13 18:50:45.139 D/Mms     (  774): formatTimeStampString1 ,when = 1329180548090
02-13 18:50:45.139 D/Mms     (  774): formatTimeStampString2 ,when = 1329180548090
02-13 18:50:45.139 D/Mms     (  774): formatTimeStampString1 ,when = 1329180375417
02-13 18:50:45.139 D/Mms     (  774): formatTimeStampString2 ,when = 1329180375417
02-13 18:50:45.149 D/MessageItem(  774): MessageItem ,expiryDate = 0
02-13 18:50:45.149 D/KeyguardViewMediator(  256): setHidden false
02-13 18:50:45.159 D/KeyguardViewMediator(  256): setHidden false
02-13 18:50:45.179 D/KeyguardViewMediator(  256): setHidden false
02-13 18:50:45.199 D/KeyguardViewMediator(  256): setHidden false
02-13 18:50:45.209 D/KeyguardViewMediator(  256): setHidden false
02-13 18:50:45.229 D/KeyguardViewMediator(  256): setHidden false
02-13 18:50:45.249 D/KeyguardViewMediator(  256): setHidden false
02-13 18:50:47.111 D/DATA    (  342): [DSST(0)] pollstate() : reason = data network state changed
02-13 18:50:47.171 D/MobileDataStateTracker(  256): [hipri]  MobileDataStateReceiver onReceive(): Entry.
02-13 18:50:47.171 D/MobileDataStateTracker(  256): [hipri]  intent.getAction()= android.intent.action.SERVICE_STATE
02-13 18:50:47.171 D/MobileDataStateTracker(  256): [hipri]  mEnabled = false
02-13 18:50:47.171 D/MobileDataStateTracker(  256): [dun]  MobileDataStateReceiver onReceive(): Entry.
02-13 18:50:47.171 D/MobileDataStateTracker(  256): [dun]  intent.getAction()= android.intent.action.SERVICE_STATE
02-13 18:50:47.171 D/MobileDataStateTracker(  256): [dun]  mEnabled = false
02-13 18:50:47.171 D/MobileDataStateTracker(  256): [supl]  MobileDataStateReceiver onReceive(): Entry.
02-13 18:50:47.171 D/MobileDataStateTracker(  256): [supl]  intent.getAction()= android.intent.action.SERVICE_STATE
02-13 18:50:47.171 D/MobileDataStateTracker(  256): [supl]  mEnabled = false
02-13 18:50:47.171 D/MobileDataStateTracker(  256): [mms]  MobileDataStateReceiver onReceive(): Entry.
02-13 18:50:47.171 D/MobileDataStateTracker(  256): [mms]  intent.getAction()= android.intent.action.SERVICE_STATE
02-13 18:50:47.171 D/MobileDataStateTracker(  256): [mms]  mEnabled = false
02-13 18:50:47.171 D/MobileDataStateTracker(  256): [default]  MobileDataStateReceiver onReceive(): Entry.
02-13 18:50:47.171 D/MobileDataStateTracker(  256): [default]  intent.getAction()= android.intent.action.SERVICE_STATE
02-13 18:50:47.171 D/MobileDataStateTracker(  256): [default]  mEnabled = true
02-13 18:50:47.191 D/CallManager(  342):  handleMessage (EVENT_SERVICE_STATE_CHANGED)
02-13 18:50:47.191 E/BT HS/HF(  342): SERVICE_STATE_CHANGED called
02-13 18:50:47.191 E/BT HS/HF(  342): updateServiceState called, sendUpdate:false  ServiceState:0 home Sprint  310099  EvDo rev. A CSS not supported 41 4139RoamInd: 1RoamStatus(sprint): 1DefRoamInd: 160EmergOnly: false
02-13 18:50:47.191 E/BT HS/HF(  342): service:1 mService:1
02-13 18:50:47.191 D/DATA    (  342): [DSST(0)]  registrationState = 1  radioTechnology = 8 reasonForDenial = 0
02-13 18:50:47.191 D/DATA    (  342): [DSST(0)]  set mNewDataConnectionState = 0
02-13 18:50:47.191 D/DATA    (  342): [DSST(0)]  mNewDataConnectionState : 0  mDataConnectionState : 0
02-13 18:50:47.191 D/DATA    (  342): [DSST(0)] Poll ServiceState done: oldSS=[0 home null null null  EvDo rev. A CSS not supported -1 -1RoamInd: -1RoamStatus(sprint): -1DefRoamInd: -1EmergOnly: false] newSS=[0 home null null null  EvDo rev. A CSS not supported -1 -1RoamInd: -1RoamStatus(sprint): -1DefRoamInd: -1EmergOnly: false]
02-13 18:50:47.191 D/DATA    (  342): [DSST(0)]  mDataConnectionState = 0
02-13 18:50:47.191 D/Mms     (  774): currentRoamingStatus:1
02-13 18:50:49.483 I/dun_service(  122): The value returned from dun_getusbmodemstate_fromsys is 2 
02-13 18:50:49.483 D/KeyguardUpdateMonitor(  256): received broadcast android.intent.action.BATTERY_CHANGED
02-13 18:50:49.483 D/KeyguardUpdateMonitor(  256): handleBatteryUpdate
02-13 18:50:51.665 D/KeyguardViewMediator(  256): setHidden false
02-13 18:50:51.675 D/KeyguardViewMediator(  256): setHidden false
02-13 18:50:51.675 D/Launcher(  364): onSaveInstanceState
02-13 18:50:51.685 D/Launcher(  364): Dissmis Preview for view :null ID:2131230735
02-13 18:50:51.685 D/Launcher(  364): Dissmis Preview for view :null ID:2131230736
02-13 18:50:51.685 D/Launcher(  364): Dissmis Preview for view :null ID:2131230739
02-13 18:50:51.685 D/Launcher(  364): Dissmis Preview for view :null ID:2131230741
02-13 18:50:51.685 D/KeyguardViewMediator(  256): setHidden false
02-13 18:50:51.685 D/KeyguardViewMediator(  256): setHidden false
02-13 18:50:51.685 I/hubo    (  256): Activity {com.android.contacts/com.android.contacts.DialtactsActivity}
02-13 18:50:51.705 D/KeyguardViewMediator(  256): setHidden false
02-13 18:50:51.715 E/Dailtacts(  404): onCreate 1:  com.android.contacts.DialtactsActivity
02-13 18:50:51.725 D/KeyguardViewMediator(  256): setHidden false
02-13 18:50:51.735 D/KeyguardViewMediator(  256): setHidden false
02-13 18:50:51.755 D/KeyguardViewMediator(  256): setHidden false
02-13 18:50:51.755 D/KeyguardViewMediator(  256): setHidden false
02-13 18:50:51.765 D/SmartDialerActivity(  404): ONCREATE
02-13 18:50:51.775 D/KeyguardViewMediator(  256): setHidden false
02-13 18:50:51.785 D/KeyguardViewMediator(  256): setHidden false
02-13 18:50:51.805 D/KeyguardViewMediator(  256): setHidden false
02-13 18:50:51.815 D/KeyguardViewMediator(  256): setHidden false
02-13 18:50:51.825 D/DATA    (  342): [DSST(0)] pollstate() : reason = data network state changed
02-13 18:50:51.835 D/KeyguardViewMediator(  256): setHidden false
02-13 18:50:51.855 D/KeyguardViewMediator(  256): setHidden false
02-13 18:50:51.865 D/MobileDataStateTracker(  256): [hipri]  MobileDataStateReceiver onReceive(): Entry.
02-13 18:50:51.865 D/MobileDataStateTracker(  256): [hipri]  intent.getAction()= android.intent.action.SERVICE_STATE
02-13 18:50:51.865 D/MobileDataStateTracker(  256): [hipri]  mEnabled = false
02-13 18:50:51.865 D/MobileDataStateTracker(  256): [dun]  MobileDataStateReceiver onReceive(): Entry.
02-13 18:50:51.865 D/MobileDataStateTracker(  256): [dun]  intent.getAction()= android.intent.action.SERVICE_STATE
02-13 18:50:51.865 D/MobileDataStateTracker(  256): [dun]  mEnabled = false
02-13 18:50:51.865 D/MobileDataStateTracker(  256): [supl]  MobileDataStateReceiver onReceive(): Entry.
02-13 18:50:51.865 D/MobileDataStateTracker(  256): [supl]  intent.getAction()= android.intent.action.SERVICE_STATE
02-13 18:50:51.865 D/MobileDataStateTracker(  256): [supl]  mEnabled = false
02-13 18:50:51.875 D/MobileDataStateTracker(  256): [mms]  MobileDataStateReceiver onReceive(): Entry.
02-13 18:50:51.875 D/MobileDataStateTracker(  256): [mms]  intent.getAction()= android.intent.action.SERVICE_STATE
02-13 18:50:51.875 D/MobileDataStateTracker(  256): [mms]  mEnabled = false
02-13 18:50:51.875 D/KeyguardViewMediator(  256): setHidden false
02-13 18:50:51.875 D/MobileDataStateTracker(  256): [default]  MobileDataStateReceiver onReceive(): Entry.
02-13 18:50:51.875 D/MobileDataStateTracker(  256): [default]  intent.getAction()= android.intent.action.SERVICE_STATE
02-13 18:50:51.875 D/MobileDataStateTracker(  256): [default]  mEnabled = true
02-13 18:50:51.875 D/CallManager(  342):  handleMessage (EVENT_SERVICE_STATE_CHANGED)
02-13 18:50:51.875 E/BT HS/HF(  342): SERVICE_STATE_CHANGED called
02-13 18:50:51.875 E/BT HS/HF(  342): updateServiceState called, sendUpdate:false  ServiceState:0 home Sprint  310099  EvDo rev. A CSS not supported 41 4139RoamInd: 1RoamStatus(sprint): 1DefRoamInd: 160EmergOnly: false
02-13 18:50:51.875 E/BT HS/HF(  342): service:1 mService:1
02-13 18:50:51.885 D/DATA    (  342): [DSST(0)]  registrationState = 1  radioTechnology = 8 reasonForDenial = 0
02-13 18:50:51.885 D/DATA    (  342): [DSST(0)]  set mNewDataConnectionState = 0
02-13 18:50:51.885 D/DATA    (  342): [DSST(0)]  mNewDataConnectionState : 0  mDataConnectionState : 0
02-13 18:50:51.885 D/DATA    (  342): [DSST(0)] Poll ServiceState done: oldSS=[0 home null null null  EvDo rev. A CSS not supported -1 -1RoamInd: -1RoamStatus(sprint): -1DefRoamInd: -1EmergOnly: false] newSS=[0 home null null null  EvDo rev. A CSS not supported -1 -1RoamInd: -1RoamStatus(sprint): -1DefRoamInd: -1EmergOnly: false]
02-13 18:50:51.885 D/DATA    (  342): [DSST(0)]  mDataConnectionState = 0
02-13 18:50:51.885 D/KeyguardViewMediator(  256): setHidden false
02-13 18:50:51.905 D/KeyguardViewMediator(  256): setHidden false
02-13 18:50:51.915 D/KeyguardViewMediator(  256): setHidden false
02-13 18:50:51.936 D/KeyguardViewMediator(  256): setHidden false
02-13 18:50:51.946 W/TextView(  404): isNotShowInput = true
02-13 18:50:51.946 D/KeyguardViewMediator(  256): setHidden false
02-13 18:50:51.966 D/KeyguardViewMediator(  256): setHidden false
02-13 18:50:51.976 D/Mms     (  774): currentRoamingStatus:1
02-13 18:50:51.986 D/KeyguardViewMediator(  256): setHidden false
02-13 18:50:51.996 D/KeyguardViewMediator(  256): setHidden false
02-13 18:50:52.016 D/KeyguardViewMediator(  256): setHidden false
02-13 18:50:52.016 D/KeyguardViewMediator(  256): setHidden false
02-13 18:50:52.086 D/SmartDialerActivity(  404): resolveIntent
