02-13 18:51:39.382 D/CallCard(  342): displayOnHoldCallStatus(call =IDLE)...
02-13 18:51:39.382 D/PhoneApp(  342): - isOtaCallInActiveState false
02-13 18:51:39.382 D/InCallScreen(  342): [okToDialDTMFTones] foreground state: ACTIVE, ringing state: false, call screen mode: NORMAL, result: true
02-13 18:51:39.382 D/InCallScreen(  342): isBluetoothAudioConnected: ==> isAudioOn = false
02-13 18:51:39.382 D/InCallScreen(  342): getUpdatedInCallControlState()...
02-13 18:51:39.382 D/PhoneUtils(  342): isEmergencyCall()...
02-13 18:51:39.382 D/PhoneUtils(  342): (add_call,fgCallState == Call.State.ACTIVE) = true
02-13 18:51:39.382 D/PhoneUtils(  342): (add_call,app.cdmaPhoneCallState.getAddCallMenuStateAfterCallWaiting() = true
02-13 18:51:39.382 D/InCallScreen(  342): isBluetoothAvailable()...
02-13 18:51:39.382 D/InCallScreen(  342):   - headset state = 0
02-13 18:51:39.382 D/InCallScreen(  342):   - headset address: null
02-13 18:51:39.382 D/InCallScreen(  342):   ==> false
02-13 18:51:39.382 D/PhoneUtils(  342): audioManager.isMicrophoneMute: false
02-13 18:51:39.382 D/InCallScreen(  342): [okToDialDTMFTones] foreground state: ACTIVE, ringing state: false, call screen mode: NORMAL, result: true
02-13 18:51:39.382 D/InCallControlState(  342): InCallControlState:
02-13 18:51:39.382 D/InCallControlState(  342):   manageConferenceVisible: false
02-13 18:51:39.382 D/InCallControlState(  342):   manageConferenceEnabled: false
02-13 18:51:39.382 D/InCallControlState(  342):   canAddCall: true
02-13 18:51:39.382 D/InCallControlState(  342):   canSwap: true
02-13 18:51:39.382 D/InCallControlState(  342):   canMerge: false
02-13 18:51:39.382 D/InCallControlState(  342):   bluetoothEnabled: false
02-13 18:51:39.382 D/InCallControlState(  342):   bluetoothIndicatorOn: false
02-13 18:51:39.382 D/InCallControlState(  342):   speakerEnabled: true
02-13 18:51:39.382 D/InCallControlState(  342):   speakerOn: false
02-13 18:51:39.382 D/InCallControlState(  342):   canMute: true
02-13 18:51:39.382 D/InCallControlState(  342):   muteIndicatorOn: false
02-13 18:51:39.382 D/InCallControlState(  342):   dialpadEnabled: true
02-13 18:51:39.382 D/InCallControlState(  342):   dialpadVisible: false
02-13 18:51:39.382 D/InCallControlState(  342):   onHold: false
02-13 18:51:39.382 D/InCallControlState(  342):   canHold: false
02-13 18:51:39.382 D/InCallScreen(  342): updateProviderOverlay: false
02-13 18:51:39.382 D/InCallScreen(  342): updateMenuButtonHint()...
02-13 18:51:39.382 D/PhoneApp(  342): updateWakeState: callscreen true, dialer false, speaker false...
02-13 18:51:39.382 D/PhoneApp(  342): setScreenTimeout(MEDIUM)...
02-13 18:51:39.382 D/PhoneApp(  342): updateWakeState: keepScreenOn = false (isRinging false, isDialing false, showingDisc false)
02-13 18:51:39.382 D/PhoneApp(  342): requestWakeState(PARTIAL)...
02-13 18:51:39.432 I/DATA    (  342): [DCT(0) ] intent received :android.intent.action.SCREEN_ON
02-13 18:51:39.442 D/DATA    (  342): [DSST(0)] pollstate() : reason = data network state changed
02-13 18:51:39.502 D/MobileDataStateTracker(  256): [hipri]  MobileDataStateReceiver onReceive(): Entry.
02-13 18:51:39.502 D/MobileDataStateTracker(  256): [hipri]  intent.getAction()= android.intent.action.SERVICE_STATE
02-13 18:51:39.502 D/MobileDataStateTracker(  256): [hipri]  mEnabled = false
02-13 18:51:39.512 D/MobileDataStateTracker(  256): [dun]  MobileDataStateReceiver onReceive(): Entry.
02-13 18:51:39.512 D/MobileDataStateTracker(  256): [dun]  intent.getAction()= android.intent.action.SERVICE_STATE
02-13 18:51:39.512 D/MobileDataStateTracker(  256): [dun]  mEnabled = false
02-13 18:51:39.512 D/MobileDataStateTracker(  256): [supl]  MobileDataStateReceiver onReceive(): Entry.
02-13 18:51:39.512 D/MobileDataStateTracker(  256): [supl]  intent.getAction()= android.intent.action.SERVICE_STATE
02-13 18:51:39.512 D/MobileDataStateTracker(  256): [supl]  mEnabled = false
02-13 18:51:39.512 D/MobileDataStateTracker(  256): [mms]  MobileDataStateReceiver onReceive(): Entry.
02-13 18:51:39.512 D/MobileDataStateTracker(  256): [mms]  intent.getAction()= android.intent.action.SERVICE_STATE
02-13 18:51:39.512 D/MobileDataStateTracker(  256): [mms]  mEnabled = false
02-13 18:51:39.512 D/MobileDataStateTracker(  256): [default]  MobileDataStateReceiver onReceive(): Entry.
02-13 18:51:39.512 D/MobileDataStateTracker(  256): [default]  intent.getAction()= android.intent.action.SERVICE_STATE
02-13 18:51:39.512 D/MobileDataStateTracker(  256): [default]  mEnabled = true
02-13 18:51:39.522 D/CallManager(  342):  handleMessage (EVENT_SERVICE_STATE_CHANGED)
02-13 18:51:39.522 E/BT HS/HF(  342): SERVICE_STATE_CHANGED called
02-13 18:51:39.522 E/BT HS/HF(  342): updateServiceState called, sendUpdate:false  ServiceState:0 home Sprint  310099  EvDo rev. A CSS not supported 41 4139RoamInd: 1RoamStatus(sprint): 1DefRoamInd: 160EmergOnly: false
02-13 18:51:39.522 E/BT HS/HF(  342): service:1 mService:1
02-13 18:51:39.522 D/DATA    (  342): [DSST(0)]  registrationState = 1  radioTechnology = 8 reasonForDenial = 0
02-13 18:51:39.522 D/DATA    (  342): [DSST(0)]  set mNewDataConnectionState = 0
02-13 18:51:39.522 D/DATA    (  342): [DSST(0)]  mNewDataConnectionState : 0  mDataConnectionState : 0
02-13 18:51:39.522 D/DATA    (  342): [DSST(0)] Poll ServiceState done: oldSS=[0 home null null null  EvDo rev. A CSS not supported -1 -1RoamInd: -1RoamStatus(sprint): -1DefRoamInd: -1EmergOnly: false] newSS=[0 home null null null  EvDo rev. A CSS not supported -1 -1RoamInd: -1RoamStatus(sprint): -1DefRoamInd: -1EmergOnly: false]
02-13 18:51:39.522 D/DATA    (  342): [DSST(0)]  mDataConnectionState = 0
02-13 18:51:39.572 D/Mms     (  774): currentRoamingStatus:1
02-13 18:51:41.624 D/AudioHardwareMSM7X30(  114): AudioStreamOutMSM72xx::standby()
02-13 18:51:41.624 D/AudioHardwareMSM7X30(  114): Deroute pcm out stream
02-13 18:51:41.624 D/AudioHardwareMSM7X30(  114): updateDeviceInfo: E rx_device 0 and tx_device 9
02-13 18:51:41.624 D/AudioHardwareMSM7X30(  114): case VOICE_CALL
02-13 18:51:41.624 D/AudioHardwareMSM7X30(  114): updateDeviceInfo: X cur_rx 0 cur_tx 9
02-13 18:51:49.482 I/dun_service(  122): The value returned from dun_getusbmodemstate_fromsys is 2 
02-13 18:51:49.512 D/KeyguardUpdateMonitor(  256): received broadcast android.intent.action.BATTERY_CHANGED
02-13 18:51:49.512 D/KeyguardUpdateMonitor(  256): handleBatteryUpdate
02-13 18:51:49.512 D/LockScreen(  256): onRefreshBatteryInfo(true, false)
02-13 18:51:49.542 D/PhoneApp(  342): mReceiver: ACTION_BATTERY_LOW
02-13 18:51:49.542 D/CallNotifier(  342): handleMessage() Msg Type: 22
02-13 18:51:49.542 D/PhoneApp(  342): old phone type:2, New Phone type:2
02-13 18:51:49.542 D/CallNotifier(  342): onBatteryLow()...
02-13 18:51:49.622 E/wlg     (  326): MediaPlayer.IsSdpFile  path = /system/media/audio/ui/LowBattery.ogg
02-13 18:51:49.622 E/wlg     (  326): MediaPlayer.IsSdpFile  path = /system/media/audio/ui/LowBattery.ogg
02-13 18:51:49.622 D/MediaPlayer(  326): DRM scheme =file
02-13 18:51:49.622 D/MediaPlayer(  326): DRM uri.toString() =file:///system/media/audio/ui/LowBattery.ogg
02-13 18:51:49.622 D/MediaPlayer(  326): setDataSource(/system/media/audio/ui/LowBattery.ogg)
02-13 18:51:49.622 D/MediaPlayerService(  114): Create new client(10) from pid 326, url=/system/media/audio/ui/LowBattery.ogg, connId=10, audioSessionId=27
02-13 18:51:49.622 E/MediaPlayerService(  114): setDataSource(/system/media/audio/ui/LowBattery.ogg)
02-13 18:51:49.622 D/MediaPlayerService(  114): get player type from url: /system/media/audio/ui/LowBattery.ogg
02-13 18:51:49.622 D/MediaPlayerService(  114): drm EAS_Shutdown url: /system/media/audio/ui/LowBattery.ogg
02-13 18:51:49.622 D/MediaPlayerService(  114): extension = .sp-midi
02-13 18:51:49.622 D/MediaPlayerService(  114): extension = .spmid
02-13 18:51:49.622 D/MediaPlayerService(  114): extension = .mid
02-13 18:51:49.622 D/MediaPlayerService(  114): extension = .midi
02-13 18:51:49.622 D/MediaPlayerService(  114): extension = .smf
02-13 18:51:49.622 D/MediaPlayerService(  114): extension = .xmf
02-13 18:51:49.622 D/MediaPlayerService(  114): extension = .imy
02-13 18:51:49.622 D/MediaPlayerService(  114): extension = .imelody
02-13 18:51:49.622 D/MediaPlayerService(  114): extension = .rtttl
02-13 18:51:49.622 D/MediaPlayerService(  114): extension = .rtx
02-13 18:51:49.622 D/MediaPlayerService(  114): extension = .ota
02-13 18:51:49.622 D/MediaPlayerService(  114): extension = .ogg
02-13 18:51:49.622 E/MediaPlayerService(  114): else player type = 3
02-13 18:51:49.622 E/MediaPlayerService(  114):  create VorbisPlayer
02-13 18:51:49.632 E/wlg     (  326): MediaPlayer.IsSdpFile  path = /system/media/audio/ui/LowBattery.ogg
02-13 18:51:49.632 E/wlg     (  326): MediaPlayer.IsSdpFile  path = /system/media/audio/ui/LowBattery.ogg
02-13 18:51:49.632 D/MediaPlayer(  326): DRM scheme =file
02-13 18:51:49.632 D/MediaPlayer(  326): DRM uri.toString() =file:///system/media/audio/ui/LowBattery.ogg
02-13 18:51:49.632 D/MediaPlayer(  326): setDataSource(/system/media/audio/ui/LowBattery.ogg)
02-13 18:51:49.632 D/MediaPlayerService(  114): Create new client(11) from pid 326, url=/system/media/audio/ui/LowBattery.ogg, connId=11, audioSessionId=28
02-13 18:51:49.632 E/MediaPlayerService(  114): setDataSource(/system/media/audio/ui/LowBattery.ogg)
02-13 18:51:49.632 D/MediaPlayerService(  114): get player type from url: /system/media/audio/ui/LowBattery.ogg
02-13 18:51:49.632 D/MediaPlayerService(  114): drm EAS_Shutdown url: /system/media/audio/ui/LowBattery.ogg
02-13 18:51:49.632 D/MediaPlayerService(  114): extension = .sp-midi
02-13 18:51:49.632 D/MediaPlayerService(  114): extension = .spmid
02-13 18:51:49.632 D/MediaPlayerService(  114): extension = .mid
02-13 18:51:49.632 D/MediaPlayerService(  114): extension = .midi
02-13 18:51:49.632 D/MediaPlayerService(  114): extension = .smf
02-13 18:51:49.632 D/MediaPlayerService(  114): extension = .xmf
02-13 18:51:49.632 D/MediaPlayerService(  114): extension = .imy
02-13 18:51:49.632 D/MediaPlayerService(  114): extension = .imelody
02-13 18:51:49.632 D/MediaPlayerService(  114): extension = .rtttl
02-13 18:51:49.632 D/MediaPlayerService(  114): extension = .rtx
02-13 18:51:49.632 D/MediaPlayerService(  114): extension = .ota
02-13 18:51:49.632 D/MediaPlayerService(  114): extension = .ogg
02-13 18:51:49.632 E/MediaPlayerService(  114): else player type = 3
02-13 18:51:49.632 E/MediaPlayerService(  114):  create VorbisPlayer
02-13 18:51:49.652 D/KeyguardViewMediator(  256): setHidden true
02-13 18:51:49.682 D/KeyguardViewMediator(  256): setHidden true
02-13 18:51:49.682 D/InCallScreen(  342): onWindowFocusChanged(false)...
02-13 18:51:49.682 D/InCallScreen(  342): - onWindowFocusChanged: faking onDialerKeyUp()...
02-13 18:51:49.692 D/KeyguardViewMediator(  256): setHidden true
02-13 18:51:49.712 D/KeyguardViewMediator(  256): setHidden true
02-13 18:51:49.722 D/KeyguardViewMediator(  256): setHidden true
02-13 18:51:49.742 D/KeyguardViewMediator(  256): setHidden true
02-13 18:51:49.762 D/KeyguardViewMediator(  256): setHidden true
02-13 18:51:49.782 D/KeyguardViewMediator(  256): setHidden true
02-13 18:51:49.792 D/KeyguardViewMediator(  256): setHidden true
02-13 18:51:49.802 D/KeyguardViewMediator(  256): setHidden true
02-13 18:51:49.832 D/KeyguardViewMediator(  256): setHidden true
02-13 18:51:49.842 D/KeyguardViewMediator(  256): setHidden true
02-13 18:51:49.852 D/KeyguardViewMediator(  256): setHidden true
02-13 18:51:49.872 D/KeyguardViewMediator(  256): setHidden true
02-13 18:51:49.892 D/KeyguardViewMediator(  256): setHidden true
02-13 18:51:49.902 D/KeyguardViewMediator(  256): setHidden true
02-13 18:51:49.922 D/KeyguardViewMediator(  256): setHidden true
02-13 18:51:49.942 D/KeyguardViewMediator(  256): setHidden true
02-13 18:51:49.952 D/KeyguardViewMediator(  256): setHidden true
02-13 18:51:49.972 D/KeyguardViewMediator(  256): setHidden true
02-13 18:51:49.992 D/KeyguardViewMediator(  256): setHidden true
02-13 18:51:50.002 D/KeyguardViewMediator(  256): setHidden true
02-13 18:51:50.022 D/KeyguardViewMediator(  256): setHidden true
02-13 18:51:50.042 D/KeyguardViewMediator(  256): setHidden true
02-13 18:51:50.062 D/KeyguardViewMediator(  256): setHidden true
02-13 18:51:50.072 D/KeyguardViewMediator(  256): setHidden true
02-13 18:51:50.092 D/KeyguardViewMediator(  256): setHidden true
02-13 18:51:50.102 D/KeyguardViewMediator(  256): setHidden true
02-13 18:51:50.122 D/KeyguardViewMediator(  256): setHidden true
02-13 18:51:50.142 D/KeyguardViewMediator(  256): setHidden true
02-13 18:51:50.152 D/KeyguardViewMediator(  256): setHidden true
02-13 18:51:50.172 D/KeyguardViewMediator(  256): setHidden true
02-13 18:51:50.192 D/KeyguardViewMediator(  256): setHidden true
02-13 18:51:50.202 D/KeyguardViewMediator(  256): setHidden true
02-13 18:51:50.222 D/KeyguardViewMediator(  256): setHidden true
02-13 18:51:50.232 D/KeyguardViewMediator(  256): setHidden true
02-13 18:51:50.252 D/KeyguardViewMediator(  256): setHidden true
02-13 18:51:50.272 D/KeyguardViewMediator(  256): setHidden true
02-13 18:51:50.282 D/KeyguardViewMediator(  256): setHidden true
02-13 18:51:50.302 D/KeyguardViewMediator(  256): setHidden true
02-13 18:51:50.322 D/KeyguardViewMediator(  256): setHidden true
02-13 18:51:50.332 D/KeyguardViewMediator(  256): setHidden true
02-13 18:51:50.353 D/KeyguardViewMediator(  256): setHidden true
02-13 18:51:50.373 D/KeyguardViewMediator(  256): setHidden true
02-13 18:51:50.393 D/KeyguardViewMediator(  256): setHidden true
02-13 18:51:50.413 D/KeyguardViewMediator(  256): setHidden true
02-13 18:51:50.433 D/KeyguardViewMediator(  256): setHidden true
02-13 18:51:50.443 D/KeyguardViewMediator(  256): setHidden true
02-13 18:51:50.463 D/KeyguardViewMediator(  256): setHidden true
02-13 18:51:50.483 D/KeyguardViewMediator(  256): setHidden true
02-13 18:51:50.493 D/KeyguardViewMediator(  256): setHidden true
02-13 18:51:50.513 D/KeyguardViewMediator(  256): setHidden true
02-13 18:51:50.533 D/KeyguardViewMediator(  256): setHidden true
02-13 18:51:50.543 D/KeyguardViewMediator(  256): setHidden true
02-13 18:51:50.563 D/KeyguardViewMediator(  256): setHidden true
02-13 18:51:50.573 D/KeyguardViewMediator(  256): setHidden true
02-13 18:51:50.593 D/KeyguardViewMediator(  256): setHidden true
02-13 18:52:00.022 D/KeyguardUpdateMonitor(  256): received broadcast android.intent.action.TIME_TICK
02-13 18:52:00.022 D/KeyguardUpdateMonitor(  256): handleTimeUpdate
02-13 18:52:05.157 D/ToneGenerator(  774): stopTone
02-13 18:52:05.157 D/AudioTrack(  774): stop 0x59e420
02-13 18:52:05.157 D/AudioFlinger(  114): remove track (4098) and delete from mixer
02-13 18:52:06.738 D/PowerManagerService(  256): setPowerState: mPowerState=0x3 newState=0x0 noChangeLights=false reason=4
02-13 18:52:06.979 D/PowerManagerService(  256): acquireWakeLock flags=0x1 tag=sleep_broadcast
02-13 18:52:06.989 D/PowerManagerService(  256): Go to standby ,PARTIAL_WAKE_LOCK tag = PhoneApp
02-13 18:52:06.989 D/PowerManagerService(  256): Go to standby ,PARTIAL_WAKE_LOCK tag = sleep_broadcast
02-13 18:52:06.989 D/KeyguardViewMediator(  256): onScreenTurnedOff(4)
02-13 18:52:06.989 D/KeyguardViewMediator(  256): notifyScreenOffLocked
02-13 18:52:06.989 D/KeyguardViewMediator(  256): resetStateLocked
02-13 18:52:06.989 D/KeyguardViewMediator(  256): handleNotifyScreenOff
02-13 18:52:06.989 D/KeyguardViewMediator(  256): handleReset
02-13 18:52:07.009 D/PowerManagerService(  256): acquireWakeLock flags=0x1 tag=ActivityManager-Sleep
02-13 18:52:07.039 D/KeyguardViewMediator(  256): setHidden true
02-13 18:52:07.059 D/InCallScreen(  342): onPause()...
02-13 18:52:07.059 D/InCallScreen(  342): updateProviderOverlay: false
02-13 18:52:07.059 D/PhoneApp(  342): updateProximitySensorMode: state = OFFHOOK
02-13 18:52:07.059 D/PhoneApp(  342): updateProximitySensorMode: lock already held.
02-13 18:52:07.059 D/ToneGenerator(  342): stopTone
02-13 18:52:07.059 D/AudioTrack(  342): stop 0x229cb0
02-13 18:52:07.059 D/AudioFlinger(  114): remove track (4099) and delete from mixer
02-13 18:52:07.059 D/InCallScreen(  342): dismissMenu(immediate = true)...
02-13 18:52:07.059 D/InCallScreen(  342): dismissAllDialogs()...
02-13 18:52:07.059 D/NotificationMgr(  342): updating status bar state: 4
02-13 18:52:07.069 D/PhoneApp(  342): re-enable status bar
02-13 18:52:07.069 D/PhoneApp(  342): StatusBarManager.DISABLE_NONE
02-13 18:52:07.069 D/PhoneApp(  342): updateWakeState: callscreen false, dialer false, speaker false...
02-13 18:52:07.069 D/PhoneApp(  342): setScreenTimeout(DEFAULT)...
02-13 18:52:07.069 D/PhoneApp(  342): updateWakeState: keepScreenOn = false (isRinging false, isDialing false, showingDisc false)
02-13 18:52:07.069 D/PhoneApp(  342): requestWakeState(PARTIAL)...
02-13 18:52:07.079 D/PowerManagerService(  256): releaseWakeLock flags=0x1 tag=ActivityManager-Sleep
02-13 18:52:07.079 D/KeyguardViewMediator(  256): setHidden true
02-13 18:52:07.089 D/PowerManagerService(  256): acquireWakeLock flags=0x1 tag=RILJ
02-13 18:52:07.099 D/PowerManagerService(  256): releaseWakeLock flags=0x1 tag=RILJ
02-13 18:52:07.109 D/AlarmManager(  256): +++Alarm set:type=0 android  Trigger after:120000ms
02-13 18:52:07.109 I/DATA    (  342): [DCT(0) ] intent received :android.intent.action.SCREEN_OFF
02-13 18:52:07.119 D/PowerManagerService(  256): releaseWakeLock flags=0x1 tag=sleep_broadcast
02-13 18:52:07.569 D/PhoneApp(  342): setIgnoreTouchUserActivity(false)...
02-13 18:52:09.091 D/PowerManagerService(  256): UnPartial  wakeLock  reactivate ,flags=0x20 tag=PhoneApp
02-13 18:52:09.091 D/PowerManagerService(  256): setPowerState: mPowerState=0x0 newState=0x3 noChangeLights=false reason=2
02-13 18:52:09.121 D/KeyguardViewMediator(  256): onScreenTurnedOn, seq = 6
02-13 18:52:09.121 D/KeyguardViewMediator(  256): notifyScreenOnLocked
02-13 18:52:09.121 D/KeyguardViewMediator(  256): handleNotifyScreenOn
02-13 18:52:09.121 I/LockPatternKeyguardView(  256): updateLockscreenBackground
02-13 18:52:09.121 I/LockPatternKeyguardView(  256): setBackgroundDrawable
02-13 18:52:09.121 I/LockPatternKeyguardView(  256): file not found: etc/customize/default_lockscreen
02-13 18:52:09.121 D/LockScreen(  256): updateLayout: status=Normalsubscription=0
02-13 18:52:09.121 D/LockScreen(  256): Updating Lock Screen text to Ruim
02-13 18:52:09.131 E/Sensors (  256): [HAL]ready to call enable(Accelerometer,1),AAAAAAAA
02-13 18:52:09.141 D/InCallScreen(  342): onResume()...
02-13 18:52:09.141 D/PhoneApp(  342): disable status bar
02-13 18:52:09.141 D/PhoneApp(  342): StatusBarManager.DISABLE_EXPAND
02-13 18:52:09.141 D/PhoneApp(  342): setIgnoreTouchUserActivity(true)...
02-13 18:52:09.141 D/NotificationMgr(  342): updating status bar state: 5
02-13 18:52:09.141 D/AudioTrack(  342): Request AudioFlinger to create track
02-13 18:52:09.141 D/AudioFlinger(  114): createTrack() lSessionId: 29
02-13 18:52:09.141 D/AudioFlinger(  114): Track constructor name 4098, calling thread 342
02-13 18:52:09.141 D/InCallScreen(  342): - onResume: initial status = SUCCESS
02-13 18:52:09.141 D/InCallScreen(  342): isBluetoothAudioConnected: ==> isAudioOn = false
02-13 18:52:09.141 D/InCallScreen(  342): checkIsOtaCall...
02-13 18:52:09.141 D/InCallScreen(  342): checkIsOtaCall action ACTION_MAIN
02-13 18:52:09.141 D/InCallScreen(  342): checkIsOtaCall: isOtaCall =false
02-13 18:52:09.141 D/InCallScreen(  342): setInCallScreenMode: NORMAL
02-13 18:52:09.141 D/InCallScreen(  342): [okToDialDTMFTones] foreground state: ACTIVE, ringing state: false, call screen mode: NORMAL, result: true
02-13 18:52:09.141 D/InCallScreen(  342): isBluetoothAudioConnected: ==> isAudioOn = false
02-13 18:52:09.141 D/InCallScreen(  342): getUpdatedInCallControlState()...
02-13 18:52:09.141 D/PhoneUtils(  342): isEmergencyCall()...
02-13 18:52:09.141 D/PhoneUtils(  342): (add_call,fgCallState == Call.State.ACTIVE) = true
02-13 18:52:09.141 D/PhoneUtils(  342): (add_call,app.cdmaPhoneCallState.getAddCallMenuStateAfterCallWaiting() = true
02-13 18:52:09.141 D/InCallScreen(  342): isBluetoothAvailable()...
02-13 18:52:09.141 D/InCallScreen(  342):   - headset state = 0
02-13 18:52:09.141 D/InCallScreen(  342):   - headset address: null
02-13 18:52:09.141 D/InCallScreen(  342):   ==> false
02-13 18:52:09.141 D/PhoneUtils(  342): audioManager.isMicrophoneMute: false
02-13 18:52:09.141 D/InCallScreen(  342): [okToDialDTMFTones] foreground state: ACTIVE, ringing state: false, call screen mode: NORMAL, result: true
02-13 18:52:09.141 D/InCallControlState(  342): InCallControlState:
02-13 18:52:09.141 D/InCallControlState(  342):   manageConferenceVisible: false
02-13 18:52:09.141 D/InCallControlState(  342):   manageConferenceEnabled: false
02-13 18:52:09.141 D/InCallControlState(  342):   canAddCall: true
02-13 18:52:09.141 D/InCallControlState(  342):   canSwap: true
02-13 18:52:09.141 D/InCallControlState(  342):   canMerge: false
02-13 18:52:09.141 D/InCallControlState(  342):   bluetoothEnabled: false
02-13 18:52:09.141 D/InCallControlState(  342):   bluetoothIndicatorOn: false
02-13 18:52:09.141 D/InCallControlState(  342):   speakerEnabled: true
02-13 18:52:09.141 D/InCallControlState(  342):   speakerOn: false
02-13 18:52:09.141 D/InCallControlState(  342):   canMute: true
02-13 18:52:09.141 D/InCallControlState(  342):   muteIndicatorOn: false
02-13 18:52:09.141 D/InCallControlState(  342):   dialpadEnabled: true
02-13 18:52:09.141 D/InCallControlState(  342):   dialpadVisible: false
02-13 18:52:09.141 D/InCallControlState(  342):   onHold: false
02-13 18:52:09.141 D/InCallControlState(  342):   canHold: false
02-13 18:52:09.151 D/KeyguardViewMediator(  256): setHidden true
02-13 18:52:09.151 D/KeyguardViewMediator(  256): setHidden true
02-13 18:52:09.151 D/InCallScreen(  342): syncWithPhoneState()...
02-13 18:52:09.151 D/PhoneUtils(  342): dumpCallState():
02-13 18:52:09.151 D/PhoneUtils(  342): - Call state = OFFHOOK
02-13 18:52:09.151 D/PhoneUtils(  342):   - FG call: ACTIVE CDMA isAlive true isRinging false isDialing false isIdle false hasConnections true
02-13 18:52:09.151 D/PhoneUtils(  342):   - BG call: IDLE CDMA isAlive false isRinging false isDialing false isIdle true hasConnections false
02-13 18:52:09.151 D/PhoneUtils(  342):   - RINGING call: IDLE CDMA isAlive false isRinging false isDialing false isIdle true hasConnections false
02-13 18:52:09.151 D/PhoneUtils(  342):   - hasRingingCall false hasActiveCall true hasHoldingCall false allLinesTaken false
02-13 18:52:09.151 D/PhoneUtils(  342):   - CDMA call state: SINGLE_ACTIVE
02-13 18:52:09.151 D/PhoneUtils(  342):   - Ringer state: false
02-13 18:52:09.151 D/InCallScreen(  342): ============== dumpBluetoothState() =============
02-13 18:52:09.151 D/InCallScreen(  342): isBluetoothAvailable()...
02-13 18:52:09.161 D/InCallScreen(  342):   - headset state = 0
02-13 18:52:09.161 D/InCallScreen(  342):   - headset address: null
02-13 18:52:09.161 D/InCallScreen(  342):   ==> false
02-13 18:52:09.161 D/InCallScreen(  342): = isBluetoothAvailable: false
02-13 18:52:09.161 D/InCallScreen(  342): isBluetoothAudioConnected: ==> isAudioOn = false
02-13 18:52:09.161 D/InCallScreen(  342): = isBluetoothAudioConnected: false
02-13 18:52:09.161 D/InCallScreen(  342): isBluetoothAudioConnected: ==> isAudioOn = false
02-13 18:52:09.161 D/InCallScreen(  342): isBluetoothAudioConnectedOrPending: ==> FALSE
02-13 18:52:09.161 D/InCallScreen(  342): = isBluetoothAudioConnectedOrPending: false
02-13 18:52:09.161 D/InCallScreen(  342): = PhoneApp.showBluetoothIndication: false
02-13 18:52:09.161 D/InCallScreen(  342): =
02-13 18:52:09.161 I/hubo    (  256): Activity {com.android.phone/com.android.phone.InCallScreen}
02-13 18:52:09.161 D/InCallScreen(  342): = BluetoothHandsfree.isAudioOn: false
02-13 18:52:09.161 D/InCallScreen(  342): = BluetoothHeadset.getCurrentHeadset: null
02-13 18:52:09.161 D/InCallScreen(  342): syncWithPhoneState: it's ok to be here; update the screen...
02-13 18:52:09.161 D/InCallScreen(  342): updateScreen()...
02-13 18:52:09.161 D/InCallScreen(  342): - updateScreen: updating the in-call UI...
02-13 18:52:09.161 D/CallCard(  342): updateState(########### Dump CallManager ############
02-13 18:52:09.161 D/CallCard(  342): CallManager state = OFFHOOK
02-13 18:52:09.161 D/CallCard(  342):    - Foreground: ACTIVE from Handler{4057c160}
02-13 18:52:09.161 D/CallCard(  342):      Conn: [ incoming: false state: ACTIVE post dial state: COMPLETE]
02-13 18:52:09.161 D/CallCard(  342):    - Background: IDLE from Handler{4057c160}
02-13 18:52:09.161 D/CallCard(  342):      Conn: []
02-13 18:52:09.161 D/CallCard(  342):    - Ringing: IDLE from Handler{4057c160}
02-13 18:52:09.161 D/CallCard(  342):  Phone: Handler{4057c160}, name = CDMA, state = OFFHOOK
02-13 18:52:09.161 D/CallCard(  342):    - Foreground: ACTIVE Background: IDLE Ringing: IDLE
02-13 18:52:09.161 D/CallCard(  342): ########## End Dump CallManager ##########)...
02-13 18:52:09.161 D/CallCard(  342): updateForegroundCall()...
02-13 18:52:09.161 D/CallCard(  342): displayMainCallStatus(call ACTIVE)...
02-13 18:52:09.161 D/CallCard(  342):   - call.state: ACTIVE
02-13 18:52:09.161 D/CallCard(  342): displayMainCallStatus: start periodicUpdateTimer
02-13 18:52:09.161 D/CallCard(  342): updateCardTitleWidgets(call ACTIVE)...
02-13 18:52:09.161 D/CallCard(  342): - getTitleForCallCard(Call ACTIVE)...
02-13 18:52:09.161 D/CallCard(  342):   ==> result: Current call
02-13 18:52:09.161 D/CallCard(  342): updateCardTitleWidgets: Current call
02-13 18:52:09.161 D/InCallScreen(  342): getUpdatedInCallControlState()...
02-13 18:52:09.161 D/PhoneUtils(  342): isEmergencyCall()...
02-13 18:52:09.161 D/PhoneUtils(  342): (add_call,fgCallState == Call.State.ACTIVE) = true
02-13 18:52:09.161 D/PhoneUtils(  342): (add_call,app.cdmaPhoneCallState.getAddCallMenuStateAfterCallWaiting() = true
02-13 18:52:09.161 D/InCallScreen(  342): isBluetoothAvailable()...
02-13 18:52:09.171 D/InCallScreen(  342):   - headset state = 0
02-13 18:52:09.171 D/InCallScreen(  342):   - headset address: null
02-13 18:52:09.171 D/InCallScreen(  342):   ==> false
02-13 18:52:09.171 D/PhoneUtils(  342): audioManager.isMicrophoneMute: false
02-13 18:52:09.171 D/InCallScreen(  342): [okToDialDTMFTones] foreground state: ACTIVE, ringing state: false, call screen mode: NORMAL, result: true
02-13 18:52:09.171 D/InCallControlState(  342): InCallControlState:
02-13 18:52:09.171 D/InCallControlState(  342):   manageConferenceVisible: false
02-13 18:52:09.171 D/InCallControlState(  342):   manageConferenceEnabled: false
02-13 18:52:09.171 D/InCallControlState(  342):   canAddCall: true
02-13 18:52:09.171 D/InCallControlState(  342):   canSwap: true
02-13 18:52:09.171 D/InCallControlState(  342):   canMerge: false
02-13 18:52:09.171 D/InCallControlState(  342):   bluetoothEnabled: false
02-13 18:52:09.171 D/InCallControlState(  342):   bluetoothIndicatorOn: false
02-13 18:52:09.171 D/InCallControlState(  342):   speakerEnabled: true
02-13 18:52:09.171 D/InCallControlState(  342):   speakerOn: false
02-13 18:52:09.171 D/InCallControlState(  342):   canMute: true
02-13 18:52:09.171 D/InCallControlState(  342):   muteIndicatorOn: false
02-13 18:52:09.171 D/InCallControlState(  342):   dialpadEnabled: true
02-13 18:52:09.171 D/InCallControlState(  342):   dialpadVisible: false
02-13 18:52:09.171 D/InCallControlState(  342):   onHold: false
02-13 18:52:09.171 D/InCallControlState(  342):   canHold: false
02-13 18:52:09.171 D/CallCard(  342): yangliu,getCurrentCallState: SINGLE_ACTIVE
02-13 18:52:09.171 D/CallCard(  342): yangliu,inCallControlState.onHold: false
02-13 18:52:09.171 D/PhoneUtils(  342): isEmergencyCall()...
02-13 18:52:09.171 D/CallCard(  342):   - CONN:  incoming: false state: ACTIVE post dial state: COMPLETE, state = ACTIVE
02-13 18:52:09.171 D/CallCard(  342): - displayMainCallStatus: updatedNumber = 4864351
02-13 18:52:09.171 D/CallCard(  342): - displayMainCallStatus: starting CallerInfo query...
02-13 18:52:09.171 D/PhoneUtils(  342): startGetCallerInfo: query already done, returning CallerInfo
02-13 18:52:09.171 D/CallCard(  342): updateDisplayForPerson(CallerInfo { name non-null, phoneNumber non-null })
02-13 18:52:09.171 D/CallCard(  342): presentation:1 isTemporary:false
02-13 18:52:09.171 D/CallCard(  342): - got personUri: 'content://com.android.contacts/contacts/179', based on info.person_id: 179
02-13 18:52:09.181 D/CallCard(  342): updatePhotoForCallState(ACTIVE)...
02-13 18:52:09.181 D/CallCard(  342): yangliu_sprint,updatePhotoForCallState,isEarliestConnHold = false
02-13 18:52:09.181 D/CallCard(  342): displayOnHoldCallStatus(call =IDLE)...
02-13 18:52:09.181 D/PhoneApp(  342): - isOtaCallInActiveState false
02-13 18:52:09.181 D/InCallScreen(  342): [okToDialDTMFTones] foreground state: ACTIVE, ringing state: false, call screen mode: NORMAL, result: true
02-13 18:52:09.181 D/InCallScreen(  342): isBluetoothAudioConnected: ==> isAudioOn = false
02-13 18:52:09.181 D/InCallScreen(  342): getUpdatedInCallControlState()...
02-13 18:52:09.181 D/PhoneUtils(  342): isEmergencyCall()...
02-13 18:52:09.181 D/PhoneUtils(  342): (add_call,fgCallState == Call.State.ACTIVE) = true
02-13 18:52:09.181 D/PhoneUtils(  342): (add_call,app.cdmaPhoneCallState.getAddCallMenuStateAfterCallWaiting() = true
02-13 18:52:09.181 D/InCallScreen(  342): isBluetoothAvailable()...
02-13 18:52:09.181 D/InCallScreen(  342):   - headset state = 0
02-13 18:52:09.181 D/InCallScreen(  342):   - headset address: null
02-13 18:52:09.181 D/InCallScreen(  342):   ==> false
02-13 18:52:09.181 D/PhoneUtils(  342): audioManager.isMicrophoneMute: false
02-13 18:52:09.181 D/InCallScreen(  342): [okToDialDTMFTones] foreground state: ACTIVE, ringing state: false, call screen mode: NORMAL, result: true
02-13 18:52:09.181 D/InCallControlState(  342): InCallControlState:
02-13 18:52:09.181 D/InCallControlState(  342):   manageConferenceVisible: false
02-13 18:52:09.181 D/InCallControlState(  342):   manageConferenceEnabled: false
02-13 18:52:09.181 D/InCallControlState(  342):   canAddCall: true
02-13 18:52:09.181 D/InCallControlState(  342):   canSwap: true
02-13 18:52:09.181 D/InCallControlState(  342):   canMerge: false
02-13 18:52:09.181 D/InCallControlState(  342):   bluetoothEnabled: false
02-13 18:52:09.181 D/InCallControlState(  342):   bluetoothIndicatorOn: false
02-13 18:52:09.181 D/InCallControlState(  342):   speakerEnabled: true
02-13 18:52:09.181 D/InCallControlState(  342):   speakerOn: false
02-13 18:52:09.181 D/InCallControlState(  342):   canMute: true
02-13 18:52:09.181 D/InCallControlState(  342):   muteIndicatorOn: false
02-13 18:52:09.181 D/InCallControlState(  342):   dialpadEnabled: true
02-13 18:52:09.181 D/InCallControlState(  342):   dialpadVisible: false
02-13 18:52:09.181 D/InCallControlState(  342):   onHold: false
02-13 18:52:09.181 D/InCallControlState(  342):   canHold: false
02-13 18:52:09.181 D/InCallScreen(  342): updateProviderOverlay: false
02-13 18:52:09.181 D/InCallScreen(  342): updateMenuButtonHint()...
02-13 18:52:09.181 D/PhoneApp(  342): - preventScreenOn(false)...
02-13 18:52:09.181 D/PhoneApp(  342): updateWakeState: callscreen true, dialer false, speaker false...
02-13 18:52:09.181 D/PhoneApp(  342): setScreenTimeout(MEDIUM)...
02-13 18:52:09.181 D/PhoneApp(  342): updateWakeState: keepScreenOn = false (isRinging false, isDialing false, showingDisc false)
02-13 18:52:09.181 D/PhoneApp(  342): requestWakeState(PARTIAL)...
02-13 18:52:09.181 D/InCallScreen(  342): enableTouchLock(false)...
02-13 18:52:09.181 D/InCallScreen(  342): onResume() done.
02-13 18:52:09.211 D/CallManager(  342):  handleMessage (EVENT_PRECISE_CALL_STATE_CHANGED)
02-13 18:52:09.221 D/BT HS/HF(  342): updatePhoneState()
02-13 18:52:09.221 D/BT HS/HF(  342): Foreground call state : ACTIVE
02-13 18:52:09.221 D/BT HS/HF(  342): Ringing call state : IDLE
02-13 18:52:09.221 D/BT HS/HF(  342): Background call state : IDLE
02-13 18:52:09.221 E/BT HS/HF(  342): prev mIsCdmaFirstConnectionHeld  is false
02-13 18:52:09.221 E/BT HS/HF(  342): current mIsCdmaFirstConnectionHeld is false
02-13 18:52:09.221 D/BT HS/HF(  342): CallSetup: 0
02-13 18:52:09.221 D/BT HS/HF(  342): Call: 1
02-13 18:52:09.221 D/BT HS/HF(  342): CallHeld: 0
02-13 18:52:09.221 D/CallNotifier(  342): handleMessage() Msg Type: 1
02-13 18:52:09.221 D/PhoneApp(  342): old phone type:2, New Phone type:2
02-13 18:52:09.221 D/CallNotifier(  342): onPhoneStateChanged: state = OFFHOOK
02-13 18:52:09.221 D/PhoneApp(  342): updateProximitySensorMode: state = OFFHOOK
02-13 18:52:09.221 D/PhoneApp(  342): updateProximitySensorMode: lock already held.
02-13 18:52:09.221 D/CallNotifier(  342): onPhoneStateChanged: OFF HOOK
02-13 18:52:09.231 D/PhoneUtils(  342): setAudioMode()...OFFHOOK
02-13 18:52:09.231 D/PhoneUtils(  342): setAudioMode() no change: MODE_IN_CALL
02-13 18:52:09.231 D/CallNotifier(  342): stopRing()... (OFFHOOK state)
02-13 18:52:09.231 D/CallNotifier(  342): Reset Auto answer timeout
02-13 18:52:09.231 D/CallNotifier(  342): - updating notification for phone state change...
02-13 18:52:09.231 D/NotificationMgr(  342): updateInCallNotification()...
02-13 18:52:09.231 D/NotificationMgr(  342):   - hasRingingCall = false
02-13 18:52:09.231 D/NotificationMgr(  342):   - hasActiveCall = true
02-13 18:52:09.231 D/NotificationMgr(  342):   - hasHoldingCall = false
02-13 18:52:09.231 D/NotificationMgr(  342): updateInCallNotification: enhancedVoicePrivacy = false
02-13 18:52:09.231 D/NotificationMgr(  342): - Updating status bar icon: resId = 2130837684
02-13 18:52:09.231 D/PhoneApp(  342): createInCallIntent subscription:
02-13 18:52:09.231 D/NotificationMgr(  342): - Updating expanded view: line 1 'xxxxxxx'
02-13 18:52:09.231 D/PhoneUtils(  342): startGetCallerInfo: query already done, returning CallerInfo
02-13 18:52:09.231 D/PhoneUtils(  342): getCompactNameFromCallerInfo: info = CallerInfo { name non-null, phoneNumber non-null }
02-13 18:52:09.231 D/PhoneUtils(  342): getCompactNameFromCallerInfo: compactName=Jodi Smith
02-13 18:52:09.231 D/NotificationMgr(  342): - Updating expanded view: line 2 'xxxxxxx'
02-13 18:52:09.231 D/NotificationMgr(  342): - Setting fullScreenIntent: PendingIntent{405d5158: android.os.BinderProxy@405b9f20}
02-13 18:52:09.231 D/NotificationMgr(  342): Notifying IN_CALL_NOTIFICATION: Notification(vibrate=null,sound=null,defaults=0x0,flags=0x2)
02-13 18:52:09.241 D/NotificationMgr(  342): updateSpeakerNotification: speaker OFF (or not offhook)
02-13 18:52:09.241 D/PhoneUtils(  342): audioManager.isMicrophoneMute: false
02-13 18:52:09.241 D/NotificationMgr(  342): updateMuteNotification: not muted (or not offhook)
02-13 18:52:09.241 D/PhoneUtils(  342): ConnectionHandler: updating mute state for each connection
02-13 18:52:09.241 D/PhoneUtils(  342): setMuteInternal: false
02-13 18:52:09.241 D/PhoneUtils(  342): setMuteInternal: falsephoneType = 2
02-13 18:52:09.241 D/PhoneUtils(  342): setMicrophoneMute: false
02-13 18:52:09.241 D/PhoneUtils(  342): audioManager.isMicrophoneMute: false
02-13 18:52:09.241 D/NotificationMgr(  342): updateMuteNotification: not muted (or not offhook)
02-13 18:52:09.241 D/InCallScreen(  342): onPhoneStateChanged()...
02-13 18:52:09.241 D/InCallScreen(  342): updateScreen()...
02-13 18:52:09.241 D/InCallScreen(  342): - updateScreen: updating the in-call UI...
02-13 18:52:09.251 D/CallCard(  342): updateState(########### Dump CallManager ############
02-13 18:52:09.251 D/CallCard(  342): CallManager state = OFFHOOK
02-13 18:52:09.251 D/CallCard(  342):    - Foreground: ACTIVE from Handler{4057c160}
02-13 18:52:09.251 D/CallCard(  342):      Conn: [ incoming: false state: ACTIVE post dial state: COMPLETE]
02-13 18:52:09.251 D/CallCard(  342):    - Background: IDLE from Handler{4057c160}
02-13 18:52:09.251 D/CallCard(  342):      Conn: []
02-13 18:52:09.251 D/CallCard(  342):    - Ringing: IDLE from Handler{4057c160}
02-13 18:52:09.251 D/CallCard(  342):  Phone: Handler{4057c160}, name = CDMA, state = OFFHOOK
02-13 18:52:09.251 D/CallCard(  342):    - Foreground: ACTIVE Background: IDLE Ringing: IDLE
02-13 18:52:09.251 D/CallCard(  342): ########## End Dump CallManager ##########)...
02-13 18:52:09.251 D/CallCard(  342): updateForegroundCall()...
02-13 18:52:09.251 D/CallCard(  342): displayMainCallStatus(call ACTIVE)...
02-13 18:52:09.251 D/CallCard(  342):   - call.state: ACTIVE
02-13 18:52:09.251 D/CallCard(  342): displayMainCallStatus: start periodicUpdateTimer
02-13 18:52:09.251 D/CallCard(  342): updateCardTitleWidgets(call ACTIVE)...
02-13 18:52:09.251 D/CallCard(  342): - getTitleForCallCard(Call ACTIVE)...
02-13 18:52:09.251 D/CallCard(  342):   ==> result: Current call
02-13 18:52:09.251 D/CallCard(  342): updateCardTitleWidgets: Current call
02-13 18:52:09.251 D/InCallScreen(  342): getUpdatedInCallControlState()...
02-13 18:52:09.251 D/PhoneUtils(  342): isEmergencyCall()...
02-13 18:52:09.251 D/PhoneUtils(  342): (add_call,fgCallState == Call.State.ACTIVE) = true
02-13 18:52:09.251 D/PhoneUtils(  342): (add_call,app.cdmaPhoneCallState.getAddCallMenuStateAfterCallWaiting() = true
02-13 18:52:09.251 D/InCallScreen(  342): isBluetoothAvailable()...
02-13 18:52:09.251 D/InCallScreen(  342):   - headset state = 0
02-13 18:52:09.251 D/InCallScreen(  342):   - headset address: null
02-13 18:52:09.251 D/InCallScreen(  342):   ==> false
02-13 18:52:09.261 D/PhoneUtils(  342): audioManager.isMicrophoneMute: false
02-13 18:52:09.261 D/InCallScreen(  342): [okToDialDTMFTones] foreground state: ACTIVE, ringing state: false, call screen mode: NORMAL, result: true
02-13 18:52:09.261 D/InCallControlState(  342): InCallControlState:
02-13 18:52:09.261 D/InCallControlState(  342):   manageConferenceVisible: false
02-13 18:52:09.261 D/InCallControlState(  342):   manageConferenceEnabled: false
02-13 18:52:09.261 D/InCallControlState(  342):   canAddCall: true
02-13 18:52:09.261 D/InCallControlState(  342):   canSwap: true
02-13 18:52:09.261 D/InCallControlState(  342):   canMerge: false
02-13 18:52:09.261 D/InCallControlState(  342):   bluetoothEnabled: false
02-13 18:52:09.261 D/InCallControlState(  342):   bluetoothIndicatorOn: false
02-13 18:52:09.261 D/InCallControlState(  342):   speakerEnabled: true
02-13 18:52:09.261 D/InCallControlState(  342):   speakerOn: false
02-13 18:52:09.261 D/InCallControlState(  342):   canMute: true
02-13 18:52:09.261 D/InCallControlState(  342):   muteIndicatorOn: false
02-13 18:52:09.261 D/InCallControlState(  342):   dialpadEnabled: true
02-13 18:52:09.261 D/InCallControlState(  342):   dialpadVisible: false
02-13 18:52:09.261 D/InCallControlState(  342):   onHold: false
02-13 18:52:09.261 D/InCallControlState(  342):   canHold: false
02-13 18:52:09.261 D/CallCard(  342): yangliu,getCurrentCallState: SINGLE_ACTIVE
02-13 18:52:09.261 D/CallCard(  342): yangliu,inCallControlState.onHold: false
02-13 18:52:09.261 D/PhoneUtils(  342): isEmergencyCall()...
02-13 18:52:09.261 D/CallCard(  342):   - CONN:  incoming: false state: ACTIVE post dial state: COMPLETE, state = ACTIVE
02-13 18:52:09.261 D/CallCard(  342): - displayMainCallStatus: updatedNumber = 4864351
02-13 18:52:09.261 D/CallCard(  342): - displayMainCallStatus: starting CallerInfo query...
02-13 18:52:09.261 D/PhoneUtils(  342): startGetCallerInfo: query already done, returning CallerInfo
02-13 18:52:09.261 D/CallCard(  342): updateDisplayForPerson(CallerInfo { name non-null, phoneNumber non-null })
02-13 18:52:09.261 D/CallCard(  342): presentation:1 isTemporary:false
02-13 18:52:09.261 D/CallCard(  342): - got personUri: 'content://com.android.contacts/contacts/179', based on info.person_id: 179
02-13 18:52:09.261 D/CallCard(  342): updatePhotoForCallState(ACTIVE)...
02-13 18:52:09.261 D/CallCard(  342): yangliu_sprint,updatePhotoForCallState,isEarliestConnHold = false
02-13 18:52:09.261 D/CallCard(  342): displayOnHoldCallStatus(call =IDLE)...
02-13 18:52:09.261 D/PhoneApp(  342): - isOtaCallInActiveState false
02-13 18:52:09.261 D/InCallScreen(  342): [okToDialDTMFTones] foreground state: ACTIVE, ringing state: false, call screen mode: NORMAL, result: true
02-13 18:52:09.261 D/InCallScreen(  342): isBluetoothAudioConnected: ==> isAudioOn = false
02-13 18:52:09.261 D/InCallScreen(  342): getUpdatedInCallControlState()...
02-13 18:52:09.261 D/PhoneUtils(  342): isEmergencyCall()...
02-13 18:52:09.261 D/PhoneUtils(  342): (add_call,fgCallState == Call.State.ACTIVE) = true
02-13 18:52:09.261 D/PhoneUtils(  342): (add_call,app.cdmaPhoneCallState.getAddCallMenuStateAfterCallWaiting() = true
02-13 18:52:09.261 D/InCallScreen(  342): isBluetoothAvailable()...
02-13 18:52:09.271 D/InCallScreen(  342):   - headset state = 0
02-13 18:52:09.271 D/InCallScreen(  342):   - headset address: null
02-13 18:52:09.271 D/InCallScreen(  342):   ==> false
02-13 18:52:09.271 D/PhoneUtils(  342): audioManager.isMicrophoneMute: false
02-13 18:52:09.271 D/InCallScreen(  342): [okToDialDTMFTones] foreground state: ACTIVE, ringing state: false, call screen mode: NORMAL, result: true
02-13 18:52:09.271 D/InCallControlState(  342): InCallControlState:
02-13 18:52:09.271 D/InCallControlState(  342):   manageConferenceVisible: false
02-13 18:52:09.271 D/InCallControlState(  342):   manageConferenceEnabled: false
02-13 18:52:09.271 D/InCallControlState(  342):   canAddCall: true
02-13 18:52:09.271 D/InCallControlState(  342):   canSwap: true
02-13 18:52:09.271 D/InCallControlState(  342):   canMerge: false
02-13 18:52:09.271 D/InCallControlState(  342):   bluetoothEnabled: false
02-13 18:52:09.271 D/InCallControlState(  342):   bluetoothIndicatorOn: false
02-13 18:52:09.271 D/InCallControlState(  342):   speakerEnabled: true
02-13 18:52:09.271 D/InCallControlState(  342):   speakerOn: false
02-13 18:52:09.271 D/InCallControlState(  342):   canMute: true
02-13 18:52:09.271 D/InCallControlState(  342):   muteIndicatorOn: false
02-13 18:52:09.271 D/InCallControlState(  342):   dialpadEnabled: true
02-13 18:52:09.271 D/InCallControlState(  342):   dialpadVisible: false
02-13 18:52:09.271 D/InCallControlState(  342):   onHold: false
02-13 18:52:09.271 D/InCallControlState(  342):   canHold: false
02-13 18:52:09.271 D/InCallScreen(  342): updateProviderOverlay: false
02-13 18:52:09.271 D/KeyguardViewMediator(  256): setHidden true
02-13 18:52:09.281 D/KeyguardViewMediator(  256): setHidden true
02-13 18:52:09.291 D/InCallScreen(  342): updateMenuButtonHint()...
02-13 18:52:09.291 D/PhoneApp(  342): updateWakeState: callscreen true, dialer false, speaker false...
02-13 18:52:09.291 D/PhoneApp(  342): setScreenTimeout(MEDIUM)...
02-13 18:52:09.291 D/PhoneApp(  342): updateWakeState: keepScreenOn = false (isRinging false, isDialing false, showingDisc false)
02-13 18:52:09.291 D/PhoneApp(  342): requestWakeState(PARTIAL)...
02-13 18:52:09.291 I/DATA    (  342): [DCT(0) ] intent received :android.intent.action.SCREEN_ON
02-13 18:52:09.291 D/DATA    (  342): [DSST(0)] pollstate() : reason = data network state changed
02-13 18:52:09.371 D/MobileDataStateTracker(  256): [hipri]  MobileDataStateReceiver onReceive(): Entry.
02-13 18:52:09.381 D/MobileDataStateTracker(  256): [hipri]  intent.getAction()= android.intent.action.SERVICE_STATE
02-13 18:52:09.381 D/MobileDataStateTracker(  256): [hipri]  mEnabled = false
02-13 18:52:09.381 D/MobileDataStateTracker(  256): [dun]  MobileDataStateReceiver onReceive(): Entry.
02-13 18:52:09.381 D/MobileDataStateTracker(  256): [dun]  intent.getAction()= android.intent.action.SERVICE_STATE
02-13 18:52:09.381 D/MobileDataStateTracker(  256): [dun]  mEnabled = false
02-13 18:52:09.411 D/DATA    (  342): [DSST(0)]  registrationState = 1  radioTechnology = 8 reasonForDenial = 0
02-13 18:52:09.411 D/DATA    (  342): [DSST(0)]  set mNewDataConnectionState = 0
02-13 18:52:09.411 D/DATA    (  342): [DSST(0)]  mNewDataConnectionState : 0  mDataConnectionState : 0
02-13 18:52:09.411 D/DATA    (  342): [DSST(0)] Poll ServiceState done: oldSS=[0 home null null null  EvDo rev. A CSS not supported -1 -1RoamInd: -1RoamStatus(sprint): -1DefRoamInd: -1EmergOnly: false] newSS=[0 home null null null  EvDo rev. A CSS not supported -1 -1RoamInd: -1RoamStatus(sprint): -1DefRoamInd: -1EmergOnly: false]
02-13 18:52:09.411 D/DATA    (  342): [DSST(0)]  mDataConnectionState = 0
02-13 18:52:09.411 D/CallManager(  342):  handleMessage (EVENT_SERVICE_STATE_CHANGED)
02-13 18:52:09.411 E/BT HS/HF(  342): SERVICE_STATE_CHANGED called
02-13 18:52:09.411 E/BT HS/HF(  342): updateServiceState called, sendUpdate:false  ServiceState:0 home Sprint  310099  EvDo rev. A CSS not supported 41 4139RoamInd: 1RoamStatus(sprint): 1DefRoamInd: 160EmergOnly: false
02-13 18:52:09.411 E/BT HS/HF(  342): service:1 mService:1
02-13 18:52:09.411 D/MobileDataStateTracker(  256): [supl]  MobileDataStateReceiver onReceive(): Entry.
02-13 18:52:09.411 D/MobileDataStateTracker(  256): [supl]  intent.getAction()= android.intent.action.SERVICE_STATE
02-13 18:52:09.411 D/MobileDataStateTracker(  256): [supl]  mEnabled = false
02-13 18:52:09.411 D/MobileDataStateTracker(  256): [mms]  MobileDataStateReceiver onReceive(): Entry.
02-13 18:52:09.411 D/MobileDataStateTracker(  256): [mms]  intent.getAction()= android.intent.action.SERVICE_STATE
02-13 18:52:09.411 D/MobileDataStateTracker(  256): [mms]  mEnabled = false
02-13 18:52:09.411 D/MobileDataStateTracker(  256): [default]  MobileDataStateReceiver onReceive(): Entry.
02-13 18:52:09.411 D/MobileDataStateTracker(  256): [default]  intent.getAction()= android.intent.action.SERVICE_STATE
02-13 18:52:09.411 D/MobileDataStateTracker(  256): [default]  mEnabled = true
02-13 18:52:09.431 D/Mms     (  774): currentRoamingStatus:1
02-13 18:52:11.573 D/AccelerometerListener(  342): orientation: horizontal
02-13 18:52:11.573 D/PhoneApp(  342): updateProximitySensorMode: state = OFFHOOK
02-13 18:52:11.573 D/PhoneApp(  342): updateProximitySensorMode: lock already held.
02-13 18:52:11.924 D/AccelerometerListener(  342): orientation: vertical
02-13 18:52:11.924 D/PhoneApp(  342): updateProximitySensorMode: state = OFFHOOK
02-13 18:52:11.924 D/PhoneApp(  342): updateProximitySensorMode: lock already held.
02-13 18:52:11.994 D/KeyguardViewMediator(  256): setHidden true
02-13 18:52:11.994 D/InCallScreen(  342): onWindowFocusChanged(true)...
02-13 18:52:12.014 D/KeyguardViewMediator(  256): setHidden true
02-13 18:52:12.024 D/KeyguardViewMediator(  256): setHidden true
02-13 18:52:12.044 D/KeyguardViewMediator(  256): setHidden true
02-13 18:52:12.054 D/KeyguardViewMediator(  256): setHidden true
02-13 18:52:12.074 D/KeyguardViewMediator(  256): setHidden true
02-13 18:52:12.094 D/KeyguardViewMediator(  256): setHidden true
02-13 18:52:12.124 D/KeyguardViewMediator(  256): setHidden true
02-13 18:52:12.144 D/KeyguardViewMediator(  256): setHidden true
02-13 18:52:12.154 D/KeyguardViewMediator(  256): setHidden true
02-13 18:52:12.174 D/KeyguardViewMediator(  256): setHidden true
02-13 18:52:12.174 D/KeyguardViewMediator(  256): setHidden true
02-13 18:52:12.674 D/InCallScreen(  342): handleOnscreenButtonClick(id 2131165305)...
02-13 18:52:12.674 D/InCallScreen(  342): internalHangup()...
02-13 18:52:12.674 D/PhoneUtils(  342): HANGUP foreground call
02-13 18:52:12.684 D/PhoneUtils(  342): hungup=true
02-13 18:52:12.684 D/InCallScreen(  342): getUpdatedInCallControlState()...
02-13 18:52:12.684 D/PhoneUtils(  342): isEmergencyCall()...
02-13 18:52:12.684 D/PhoneUtils(  342): (add_call,fgCallState == Call.State.ACTIVE) = false
02-13 18:52:12.684 D/PhoneUtils(  342): (add_call,app.cdmaPhoneCallState.getAddCallMenuStateAfterCallWaiting() = true
02-13 18:52:12.684 D/InCallScreen(  342): isBluetoothAvailable()...
02-13 18:52:12.684 D/InCallScreen(  342):   - headset state = 0
02-13 18:52:12.684 D/InCallScreen(  342):   - headset address: null
02-13 18:52:12.684 D/InCallScreen(  342):   ==> false
02-13 18:52:12.684 D/PhoneUtils(  342): audioManager.isMicrophoneMute: false
02-13 18:52:12.684 D/InCallScreen(  342): [okToDialDTMFTones] foreground state: DISCONNECTING, ringing state: false, call screen mode: NORMAL, result: false
02-13 18:52:12.684 D/InCallControlState(  342): InCallControlState:
02-13 18:52:12.684 D/InCallControlState(  342):   manageConferenceVisible: false
02-13 18:52:12.684 D/InCallControlState(  342):   manageConferenceEnabled: false
02-13 18:52:12.684 D/InCallControlState(  342):   canAddCall: false
02-13 18:52:12.684 D/InCallControlState(  342):   canSwap: true
02-13 18:52:12.684 D/InCallControlState(  342):   canMerge: false
02-13 18:52:12.684 D/InCallControlState(  342):   bluetoothEnabled: false
02-13 18:52:12.684 D/InCallControlState(  342):   bluetoothIndicatorOn: false
02-13 18:52:12.684 D/InCallControlState(  342):   speakerEnabled: true
02-13 18:52:12.684 D/InCallControlState(  342):   speakerOn: false
02-13 18:52:12.684 D/InCallControlState(  342):   canMute: false
02-13 18:52:12.684 D/InCallControlState(  342):   muteIndicatorOn: false
02-13 18:52:12.684 D/InCallControlState(  342):   dialpadEnabled: false
02-13 18:52:12.684 D/InCallControlState(  342):   dialpadVisible: false
02-13 18:52:12.684 D/InCallControlState(  342):   onHold: false
02-13 18:52:12.684 D/InCallControlState(  342):   canHold: false
02-13 18:52:12.714 D/CallManager(  342):  handleMessage (EVENT_PRECISE_CALL_STATE_CHANGED)
02-13 18:52:12.714 D/BT HS/HF(  342): updatePhoneState()
02-13 18:52:12.714 D/BT HS/HF(  342): Foreground call state : DISCONNECTING
02-13 18:52:12.714 D/BT HS/HF(  342): Ringing call state : IDLE
02-13 18:52:12.714 D/BT HS/HF(  342): Background call state : IDLE
02-13 18:52:12.714 E/BT HS/HF(  342): prev mIsCdmaFirstConnectionHeld  is false
02-13 18:52:12.714 E/BT HS/HF(  342): current mIsCdmaFirstConnectionHeld is false
02-13 18:52:12.714 D/BT HS/HF(  342): CallSetup: 0
