02-13 18:51:33.176 D/PhoneUtils(  342): audioManager.isMicrophoneMute: false
02-13 18:51:33.176 D/InCallScreen(  342): [okToDialDTMFTones] foreground state: ACTIVE, ringing state: false, call screen mode: NORMAL, result: true
02-13 18:51:33.176 D/InCallControlState(  342): InCallControlState:
02-13 18:51:33.176 D/InCallControlState(  342):   manageConferenceVisible: false
02-13 18:51:33.176 D/InCallControlState(  342):   manageConferenceEnabled: false
02-13 18:51:33.176 D/InCallControlState(  342):   canAddCall: true
02-13 18:51:33.176 D/InCallControlState(  342):   canSwap: true
02-13 18:51:33.176 D/InCallControlState(  342):   canMerge: false
02-13 18:51:33.176 D/InCallControlState(  342):   bluetoothEnabled: false
02-13 18:51:33.176 D/InCallControlState(  342):   bluetoothIndicatorOn: false
02-13 18:51:33.176 D/InCallControlState(  342):   speakerEnabled: true
02-13 18:51:33.176 D/InCallControlState(  342):   speakerOn: false
02-13 18:51:33.176 D/InCallControlState(  342):   canMute: true
02-13 18:51:33.176 D/InCallControlState(  342):   muteIndicatorOn: false
02-13 18:51:33.176 D/InCallControlState(  342):   dialpadEnabled: true
02-13 18:51:33.176 D/InCallControlState(  342):   dialpadVisible: false
02-13 18:51:33.176 D/InCallControlState(  342):   onHold: false
02-13 18:51:33.176 D/InCallControlState(  342):   canHold: false
02-13 18:51:33.176 D/CallCard(  342): yangliu,getCurrentCallState: SINGLE_ACTIVE
02-13 18:51:33.176 D/CallCard(  342): yangliu,inCallControlState.onHold: false
02-13 18:51:33.176 D/PhoneUtils(  342): isEmergencyCall()...
02-13 18:51:33.176 D/CallCard(  342):   - CONN:  incoming: false state: ACTIVE post dial state: COMPLETE, state = ACTIVE
02-13 18:51:33.176 D/CallCard(  342): - displayMainCallStatus: updatedNumber = 4864351
02-13 18:51:33.176 D/CallCard(  342): - displayMainCallStatus: starting CallerInfo query...
02-13 18:51:33.176 D/PhoneUtils(  342): startGetCallerInfo: query already done, returning CallerInfo
02-13 18:51:33.176 D/CallCard(  342): updateDisplayForPerson(CallerInfo { name non-null, phoneNumber non-null })
02-13 18:51:33.176 D/CallCard(  342): presentation:1 isTemporary:false
02-13 18:51:33.176 D/CallCard(  342): - got personUri: 'content://com.android.contacts/contacts/179', based on info.person_id: 179
02-13 18:51:33.186 I/vDM     (  467): KeyCode = 26
02-13 18:51:33.186 D/CallCard(  342): updatePhotoForCallState(ACTIVE)...
02-13 18:51:33.186 D/CallCard(  342): yangliu_sprint,updatePhotoForCallState,isEarliestConnHold = false
02-13 18:51:33.186 D/CallCard(  342): displayOnHoldCallStatus(call =IDLE)...
02-13 18:51:33.186 D/PhoneApp(  342): - isOtaCallInActiveState false
02-13 18:51:33.186 D/InCallScreen(  342): [okToDialDTMFTones] foreground state: ACTIVE, ringing state: false, call screen mode: NORMAL, result: true
02-13 18:51:33.186 D/InCallScreen(  342): isBluetoothAudioConnected: ==> isAudioOn = false
02-13 18:51:33.186 D/InCallScreen(  342): getUpdatedInCallControlState()...
02-13 18:51:33.186 D/PhoneUtils(  342): isEmergencyCall()...
02-13 18:51:33.186 D/PhoneUtils(  342): (add_call,fgCallState == Call.State.ACTIVE) = true
02-13 18:51:33.186 D/PhoneUtils(  342): (add_call,app.cdmaPhoneCallState.getAddCallMenuStateAfterCallWaiting() = true
02-13 18:51:33.186 D/InCallScreen(  342): isBluetoothAvailable()...
02-13 18:51:33.186 D/InCallScreen(  342):   - headset state = 0
02-13 18:51:33.186 D/InCallScreen(  342):   - headset address: null
02-13 18:51:33.186 D/InCallScreen(  342):   ==> false
02-13 18:51:33.196 D/PhoneUtils(  342): audioManager.isMicrophoneMute: false
02-13 18:51:33.196 D/InCallScreen(  342): [okToDialDTMFTones] foreground state: ACTIVE, ringing state: false, call screen mode: NORMAL, result: true
02-13 18:51:33.196 D/InCallControlState(  342): InCallControlState:
02-13 18:51:33.196 D/InCallControlState(  342):   manageConferenceVisible: false
02-13 18:51:33.196 D/InCallControlState(  342):   manageConferenceEnabled: false
02-13 18:51:33.196 D/InCallControlState(  342):   canAddCall: true
02-13 18:51:33.196 D/InCallControlState(  342):   canSwap: true
02-13 18:51:33.196 D/InCallControlState(  342):   canMerge: false
02-13 18:51:33.196 D/InCallControlState(  342):   bluetoothEnabled: false
02-13 18:51:33.196 D/InCallControlState(  342):   bluetoothIndicatorOn: false
02-13 18:51:33.196 D/InCallControlState(  342):   speakerEnabled: true
02-13 18:51:33.196 D/InCallControlState(  342):   speakerOn: false
02-13 18:51:33.196 D/InCallControlState(  342):   canMute: true
02-13 18:51:33.196 D/InCallControlState(  342):   muteIndicatorOn: false
02-13 18:51:33.196 D/InCallControlState(  342):   dialpadEnabled: true
02-13 18:51:33.196 D/InCallControlState(  342):   dialpadVisible: false
02-13 18:51:33.196 D/InCallControlState(  342):   onHold: false
02-13 18:51:33.196 D/InCallControlState(  342):   canHold: false
02-13 18:51:33.196 D/InCallScreen(  342): updateProviderOverlay: false
02-13 18:51:33.196 D/InCallScreen(  342): updateMenuButtonHint()...
02-13 18:51:33.196 D/PhoneApp(  342): - preventScreenOn(false)...
02-13 18:51:33.196 D/PhoneApp(  342): updateWakeState: callscreen true, dialer false, speaker false...
02-13 18:51:33.196 D/PhoneApp(  342): setScreenTimeout(MEDIUM)...
02-13 18:51:33.196 D/PhoneApp(  342): updateWakeState: keepScreenOn = false (isRinging false, isDialing false, showingDisc false)
02-13 18:51:33.196 D/PhoneApp(  342): requestWakeState(PARTIAL)...
02-13 18:51:33.196 D/InCallScreen(  342): enableTouchLock(false)...
02-13 18:51:33.196 D/InCallScreen(  342): onResume() done.
02-13 18:51:33.216 D/CallManager(  342):  handleMessage (EVENT_PRECISE_CALL_STATE_CHANGED)
02-13 18:51:33.216 D/PhoneApp(  342): setIgnoreTouchUserActivity(false)...
02-13 18:51:33.226 D/BT HS/HF(  342): updatePhoneState()
02-13 18:51:33.236 D/BT HS/HF(  342): Foreground call state : ACTIVE
02-13 18:51:33.236 D/BT HS/HF(  342): Ringing call state : IDLE
02-13 18:51:33.236 D/BT HS/HF(  342): Background call state : IDLE
02-13 18:51:33.236 E/BT HS/HF(  342): prev mIsCdmaFirstConnectionHeld  is false
02-13 18:51:33.236 E/BT HS/HF(  342): current mIsCdmaFirstConnectionHeld is false
02-13 18:51:33.236 D/BT HS/HF(  342): CallSetup: 0
02-13 18:51:33.236 D/BT HS/HF(  342): Call: 1
02-13 18:51:33.236 D/BT HS/HF(  342): CallHeld: 0
02-13 18:51:33.236 D/CallNotifier(  342): handleMessage() Msg Type: 1
02-13 18:51:33.236 D/PhoneApp(  342): old phone type:2, New Phone type:2
02-13 18:51:33.236 D/CallNotifier(  342): onPhoneStateChanged: state = OFFHOOK
02-13 18:51:33.236 D/PhoneApp(  342): updateProximitySensorMode: state = OFFHOOK
02-13 18:51:33.236 D/PhoneApp(  342): updateProximitySensorMode: lock already held.
02-13 18:51:33.236 D/CallNotifier(  342): onPhoneStateChanged: OFF HOOK
02-13 18:51:33.236 D/PhoneUtils(  342): setAudioMode()...OFFHOOK
02-13 18:51:33.246 D/PhoneUtils(  342): setAudioMode() no change: MODE_IN_CALL
02-13 18:51:33.246 D/CallNotifier(  342): stopRing()... (OFFHOOK state)
02-13 18:51:33.246 D/CallNotifier(  342): Reset Auto answer timeout
02-13 18:51:33.246 D/CallNotifier(  342): - updating notification for phone state change...
02-13 18:51:33.246 D/NotificationMgr(  342): updateInCallNotification()...
02-13 18:51:33.246 D/NotificationMgr(  342):   - hasRingingCall = false
02-13 18:51:33.246 D/NotificationMgr(  342):   - hasActiveCall = true
02-13 18:51:33.246 D/NotificationMgr(  342):   - hasHoldingCall = false
02-13 18:51:33.246 D/NotificationMgr(  342): updateInCallNotification: enhancedVoicePrivacy = false
02-13 18:51:33.246 D/NotificationMgr(  342): - Updating status bar icon: resId = 2130837684
02-13 18:51:33.246 D/PhoneApp(  342): createInCallIntent subscription:
02-13 18:51:33.246 D/NotificationMgr(  342): - Updating expanded view: line 1 'xxxxxxx'
02-13 18:51:33.246 D/PhoneUtils(  342): startGetCallerInfo: query already done, returning CallerInfo
02-13 18:51:33.246 D/PhoneUtils(  342): getCompactNameFromCallerInfo: info = CallerInfo { name non-null, phoneNumber non-null }
02-13 18:51:33.246 D/PhoneUtils(  342): getCompactNameFromCallerInfo: compactName=Jodi Smith
02-13 18:51:33.246 D/NotificationMgr(  342): - Updating expanded view: line 2 'xxxxxxx'
02-13 18:51:33.246 D/NotificationMgr(  342): - Setting fullScreenIntent: PendingIntent{405a6f90: android.os.BinderProxy@405b9f20}
02-13 18:51:33.246 D/NotificationMgr(  342): Notifying IN_CALL_NOTIFICATION: Notification(vibrate=null,sound=null,defaults=0x0,flags=0x2)
02-13 18:51:33.256 D/NotificationMgr(  342): updateSpeakerNotification: speaker OFF (or not offhook)
02-13 18:51:33.256 D/PhoneUtils(  342): audioManager.isMicrophoneMute: false
02-13 18:51:33.256 D/NotificationMgr(  342): updateMuteNotification: not muted (or not offhook)
02-13 18:51:33.256 D/PhoneUtils(  342): ConnectionHandler: updating mute state for each connection
02-13 18:51:33.256 D/PhoneUtils(  342): setMuteInternal: false
02-13 18:51:33.256 D/PhoneUtils(  342): setMuteInternal: falsephoneType = 2
02-13 18:51:33.256 D/PhoneUtils(  342): setMicrophoneMute: false
02-13 18:51:33.256 D/PhoneUtils(  342): audioManager.isMicrophoneMute: false
02-13 18:51:33.256 D/NotificationMgr(  342): updateMuteNotification: not muted (or not offhook)
02-13 18:51:33.256 D/InCallScreen(  342): onPhoneStateChanged()...
02-13 18:51:33.256 D/InCallScreen(  342): updateScreen()...
02-13 18:51:33.256 D/InCallScreen(  342): - updateScreen: updating the in-call UI...
02-13 18:51:33.256 D/CallCard(  342): updateState(########### Dump CallManager ############
02-13 18:51:33.256 D/CallCard(  342): CallManager state = OFFHOOK
02-13 18:51:33.256 D/CallCard(  342):    - Foreground: ACTIVE from Handler{4057c160}
02-13 18:51:33.256 D/CallCard(  342):      Conn: [ incoming: false state: ACTIVE post dial state: COMPLETE]
02-13 18:51:33.256 D/CallCard(  342):    - Background: IDLE from Handler{4057c160}
02-13 18:51:33.256 D/CallCard(  342):      Conn: []
02-13 18:51:33.256 D/CallCard(  342):    - Ringing: IDLE from Handler{4057c160}
02-13 18:51:33.256 D/CallCard(  342):  Phone: Handler{4057c160}, name = CDMA, state = OFFHOOK
02-13 18:51:33.256 D/CallCard(  342):    - Foreground: ACTIVE Background: IDLE Ringing: IDLE
02-13 18:51:33.256 D/CallCard(  342): ########## End Dump CallManager ##########)...
02-13 18:51:33.266 D/CallCard(  342): updateForegroundCall()...
02-13 18:51:33.266 D/CallCard(  342): displayMainCallStatus(call ACTIVE)...
02-13 18:51:33.266 D/CallCard(  342):   - call.state: ACTIVE
02-13 18:51:33.266 D/CallCard(  342): displayMainCallStatus: start periodicUpdateTimer
02-13 18:51:33.266 D/CallCard(  342): updateCardTitleWidgets(call ACTIVE)...
02-13 18:51:33.266 D/CallCard(  342): - getTitleForCallCard(Call ACTIVE)...
02-13 18:51:33.266 D/CallCard(  342):   ==> result: Current call
02-13 18:51:33.266 D/CallCard(  342): updateCardTitleWidgets: Current call
02-13 18:51:33.266 D/InCallScreen(  342): getUpdatedInCallControlState()...
02-13 18:51:33.266 D/PhoneUtils(  342): isEmergencyCall()...
02-13 18:51:33.266 D/PhoneUtils(  342): (add_call,fgCallState == Call.State.ACTIVE) = true
02-13 18:51:33.266 D/PhoneUtils(  342): (add_call,app.cdmaPhoneCallState.getAddCallMenuStateAfterCallWaiting() = true
02-13 18:51:33.266 D/InCallScreen(  342): isBluetoothAvailable()...
02-13 18:51:33.266 I/vDM     (  467): KeyCode = 26
02-13 18:51:33.266 D/InCallScreen(  342):   - headset state = 0
02-13 18:51:33.266 D/InCallScreen(  342):   - headset address: null
02-13 18:51:33.266 D/InCallScreen(  342):   ==> false
02-13 18:51:33.266 D/PhoneUtils(  342): audioManager.isMicrophoneMute: false
02-13 18:51:33.266 D/InCallScreen(  342): [okToDialDTMFTones] foreground state: ACTIVE, ringing state: false, call screen mode: NORMAL, result: true
02-13 18:51:33.266 D/InCallControlState(  342): InCallControlState:
02-13 18:51:33.266 D/InCallControlState(  342):   manageConferenceVisible: false
02-13 18:51:33.266 D/InCallControlState(  342):   manageConferenceEnabled: false
02-13 18:51:33.266 D/InCallControlState(  342):   canAddCall: true
02-13 18:51:33.266 D/InCallControlState(  342):   canSwap: true
02-13 18:51:33.266 D/InCallControlState(  342):   canMerge: false
02-13 18:51:33.266 D/InCallControlState(  342):   bluetoothEnabled: false
02-13 18:51:33.266 D/InCallControlState(  342):   bluetoothIndicatorOn: false
02-13 18:51:33.266 D/InCallControlState(  342):   speakerEnabled: true
02-13 18:51:33.266 D/InCallControlState(  342):   speakerOn: false
02-13 18:51:33.266 D/InCallControlState(  342):   canMute: true
02-13 18:51:33.276 D/InCallControlState(  342):   muteIndicatorOn: false
02-13 18:51:33.276 D/InCallControlState(  342):   dialpadEnabled: true
02-13 18:51:33.276 D/InCallControlState(  342):   dialpadVisible: false
02-13 18:51:33.276 D/InCallControlState(  342):   onHold: false
02-13 18:51:33.276 D/InCallControlState(  342):   canHold: false
02-13 18:51:33.276 D/CallCard(  342): yangliu,getCurrentCallState: SINGLE_ACTIVE
02-13 18:51:33.276 D/CallCard(  342): yangliu,inCallControlState.onHold: false
02-13 18:51:33.276 D/PhoneUtils(  342): isEmergencyCall()...
02-13 18:51:33.276 D/CallCard(  342):   - CONN:  incoming: false state: ACTIVE post dial state: COMPLETE, state = ACTIVE
02-13 18:51:33.276 D/CallCard(  342): - displayMainCallStatus: updatedNumber = 4864351
02-13 18:51:33.276 D/CallCard(  342): - displayMainCallStatus: starting CallerInfo query...
02-13 18:51:33.276 D/PhoneUtils(  342): startGetCallerInfo: query already done, returning CallerInfo
02-13 18:51:33.276 D/CallCard(  342): updateDisplayForPerson(CallerInfo { name non-null, phoneNumber non-null })
02-13 18:51:33.276 D/CallCard(  342): presentation:1 isTemporary:false
02-13 18:51:33.276 D/CallCard(  342): - got personUri: 'content://com.android.contacts/contacts/179', based on info.person_id: 179
02-13 18:51:33.276 D/CallCard(  342): updatePhotoForCallState(ACTIVE)...
02-13 18:51:33.276 D/KeyguardViewMediator(  256): setHidden true
02-13 18:51:33.276 D/KeyguardViewMediator(  256): setHidden true
02-13 18:51:33.286 D/CallCard(  342): yangliu_sprint,updatePhotoForCallState,isEarliestConnHold = false
02-13 18:51:33.286 D/CallCard(  342): displayOnHoldCallStatus(call =IDLE)...
02-13 18:51:33.286 D/PhoneApp(  342): - isOtaCallInActiveState false
02-13 18:51:33.286 D/InCallScreen(  342): [okToDialDTMFTones] foreground state: ACTIVE, ringing state: false, call screen mode: NORMAL, result: true
02-13 18:51:33.286 D/InCallScreen(  342): isBluetoothAudioConnected: ==> isAudioOn = false
02-13 18:51:33.286 D/InCallScreen(  342): getUpdatedInCallControlState()...
02-13 18:51:33.286 D/PhoneUtils(  342): isEmergencyCall()...
02-13 18:51:33.286 D/PhoneUtils(  342): (add_call,fgCallState == Call.State.ACTIVE) = true
02-13 18:51:33.286 D/PhoneUtils(  342): (add_call,app.cdmaPhoneCallState.getAddCallMenuStateAfterCallWaiting() = true
02-13 18:51:33.286 D/InCallScreen(  342): isBluetoothAvailable()...
02-13 18:51:33.286 D/InCallScreen(  342):   - headset state = 0
02-13 18:51:33.286 D/InCallScreen(  342):   - headset address: null
02-13 18:51:33.286 D/InCallScreen(  342):   ==> false
02-13 18:51:33.286 D/PhoneUtils(  342): audioManager.isMicrophoneMute: false
02-13 18:51:33.286 D/InCallScreen(  342): [okToDialDTMFTones] foreground state: ACTIVE, ringing state: false, call screen mode: NORMAL, result: true
02-13 18:51:33.286 D/InCallControlState(  342): InCallControlState:
02-13 18:51:33.286 D/InCallControlState(  342):   manageConferenceVisible: false
02-13 18:51:33.286 D/InCallControlState(  342):   manageConferenceEnabled: false
02-13 18:51:33.286 D/InCallControlState(  342):   canAddCall: true
02-13 18:51:33.286 D/InCallControlState(  342):   canSwap: true
02-13 18:51:33.286 D/InCallControlState(  342):   canMerge: false
02-13 18:51:33.286 D/InCallControlState(  342):   bluetoothEnabled: false
02-13 18:51:33.286 D/InCallControlState(  342):   bluetoothIndicatorOn: false
02-13 18:51:33.286 D/InCallControlState(  342):   speakerEnabled: true
02-13 18:51:33.286 D/InCallControlState(  342):   speakerOn: false
02-13 18:51:33.286 D/InCallControlState(  342):   canMute: true
02-13 18:51:33.286 D/InCallControlState(  342):   muteIndicatorOn: false
02-13 18:51:33.286 D/InCallControlState(  342):   dialpadEnabled: true
02-13 18:51:33.286 D/InCallControlState(  342):   dialpadVisible: false
02-13 18:51:33.286 D/InCallControlState(  342):   onHold: false
02-13 18:51:33.286 D/InCallControlState(  342):   canHold: false
02-13 18:51:33.286 D/InCallScreen(  342): updateProviderOverlay: false
02-13 18:51:33.286 D/InCallScreen(  342): updateMenuButtonHint()...
02-13 18:51:33.296 D/PhoneApp(  342): updateWakeState: callscreen true, dialer false, speaker false...
02-13 18:51:33.296 D/PhoneApp(  342): setScreenTimeout(MEDIUM)...
02-13 18:51:33.296 D/PhoneApp(  342): updateWakeState: keepScreenOn = false (isRinging false, isDialing false, showingDisc false)
02-13 18:51:33.296 D/PhoneApp(  342): requestWakeState(PARTIAL)...
02-13 18:51:33.296 I/DATA    (  342): [DCT(0) ] intent received :android.intent.action.SCREEN_ON
02-13 18:51:33.306 D/DATA    (  342): [DSST(0)] pollstate() : reason = data network state changed
02-13 18:51:33.376 D/MobileDataStateTracker(  256): [hipri]  MobileDataStateReceiver onReceive(): Entry.
02-13 18:51:33.376 D/MobileDataStateTracker(  256): [hipri]  intent.getAction()= android.intent.action.SERVICE_STATE
02-13 18:51:33.376 D/MobileDataStateTracker(  256): [hipri]  mEnabled = false
02-13 18:51:33.386 D/MobileDataStateTracker(  256): [dun]  MobileDataStateReceiver onReceive(): Entry.
02-13 18:51:33.386 D/MobileDataStateTracker(  256): [dun]  intent.getAction()= android.intent.action.SERVICE_STATE
02-13 18:51:33.386 D/MobileDataStateTracker(  256): [dun]  mEnabled = false
02-13 18:51:33.386 D/MobileDataStateTracker(  256): [supl]  MobileDataStateReceiver onReceive(): Entry.
02-13 18:51:33.386 D/MobileDataStateTracker(  256): [supl]  intent.getAction()= android.intent.action.SERVICE_STATE
02-13 18:51:33.386 D/MobileDataStateTracker(  256): [supl]  mEnabled = false
02-13 18:51:33.386 D/MobileDataStateTracker(  256): [mms]  MobileDataStateReceiver onReceive(): Entry.
02-13 18:51:33.386 D/MobileDataStateTracker(  256): [mms]  intent.getAction()= android.intent.action.SERVICE_STATE
02-13 18:51:33.386 D/MobileDataStateTracker(  256): [mms]  mEnabled = false
02-13 18:51:33.386 D/MobileDataStateTracker(  256): [default]  MobileDataStateReceiver onReceive(): Entry.
02-13 18:51:33.386 D/MobileDataStateTracker(  256): [default]  intent.getAction()= android.intent.action.SERVICE_STATE
02-13 18:51:33.386 D/MobileDataStateTracker(  256): [default]  mEnabled = true
02-13 18:51:33.396 D/DATA    (  342): [DSST(0)]  registrationState = 1  radioTechnology = 8 reasonForDenial = 0
02-13 18:51:33.396 D/DATA    (  342): [DSST(0)]  set mNewDataConnectionState = 0
02-13 18:51:33.396 D/DATA    (  342): [DSST(0)]  mNewDataConnectionState : 0  mDataConnectionState : 0
02-13 18:51:33.396 D/DATA    (  342): [DSST(0)] Poll ServiceState done: oldSS=[0 home null null null  EvDo rev. A CSS not supported -1 -1RoamInd: -1RoamStatus(sprint): -1DefRoamInd: -1EmergOnly: false] newSS=[0 home null null null  EvDo rev. A CSS not supported -1 -1RoamInd: -1RoamStatus(sprint): -1DefRoamInd: -1EmergOnly: false]
02-13 18:51:33.396 D/DATA    (  342): [DSST(0)]  mDataConnectionState = 0
02-13 18:51:33.396 D/CallManager(  342):  handleMessage (EVENT_SERVICE_STATE_CHANGED)
02-13 18:51:33.396 E/BT HS/HF(  342): SERVICE_STATE_CHANGED called
02-13 18:51:33.396 E/BT HS/HF(  342): updateServiceState called, sendUpdate:false  ServiceState:0 home Sprint  310099  EvDo rev. A CSS not supported 41 4139RoamInd: 1RoamStatus(sprint): 1DefRoamInd: 160EmergOnly: false
02-13 18:51:33.396 E/BT HS/HF(  342): service:1 mService:1
02-13 18:51:33.446 D/Mms     (  774): currentRoamingStatus:1
02-13 18:51:34.657 D/AccelerometerListener(  342): orientation: vertical
02-13 18:51:34.657 D/PhoneApp(  342): updateProximitySensorMode: state = OFFHOOK
02-13 18:51:34.657 D/PhoneApp(  342): updateProximitySensorMode: lock already held.
02-13 18:51:35.318 D/AccelerometerListener(  342): orientation: horizontal
02-13 18:51:35.318 D/PhoneApp(  342): updateProximitySensorMode: state = OFFHOOK
02-13 18:51:35.318 D/PhoneApp(  342): updateProximitySensorMode: lock already held.
02-13 18:51:35.668 D/AccelerometerListener(  342): orientation: vertical
02-13 18:51:35.668 D/PhoneApp(  342): updateProximitySensorMode: state = OFFHOOK
02-13 18:51:35.668 D/PhoneApp(  342): updateProximitySensorMode: lock already held.
02-13 18:51:38.131 D/KeyguardViewMediator(  256): handleTimeout
02-13 18:51:38.131 D/PowerManagerService(  256): releaseWakeLock flags=0x1000001a tag=keyguard
02-13 18:51:38.131 D/PowerManagerService(  256): setPowerState: mPowerState=0x3 newState=0x0 noChangeLights=false reason=3
02-13 18:51:38.341 D/PowerManagerService(  256): acquireWakeLock flags=0x1 tag=Proximity Partial
02-13 18:51:38.371 D/PowerManagerService(  256): acquireWakeLock flags=0x1 tag=sleep_broadcast
02-13 18:51:38.371 D/PowerManagerService(  256): Go to standby ,PARTIAL_WAKE_LOCK tag = PhoneApp
02-13 18:51:38.371 D/PowerManagerService(  256): Go to standby ,PARTIAL_WAKE_LOCK tag = Proximity Partial
02-13 18:51:38.371 D/PowerManagerService(  256): Go to standby ,PARTIAL_WAKE_LOCK tag = sleep_broadcast
02-13 18:51:38.371 D/KeyguardViewMediator(  256): onScreenTurnedOff(3)
02-13 18:51:38.371 D/KeyguardViewMediator(  256): notifyScreenOffLocked
02-13 18:51:38.371 D/KeyguardViewMediator(  256): resetStateLocked
02-13 18:51:38.371 D/PowerManagerService(  256): acquireWakeLock flags=0x1 tag=ActivityManager-Sleep
02-13 18:51:38.371 D/KeyguardViewMediator(  256): handleNotifyScreenOff
02-13 18:51:38.371 D/KeyguardViewMediator(  256): handleReset
02-13 18:51:38.371 D/InCallScreen(  342): onPause()...
02-13 18:51:38.371 D/InCallScreen(  342): updateProviderOverlay: false
02-13 18:51:38.371 D/PhoneApp(  342): updateProximitySensorMode: state = OFFHOOK
02-13 18:51:38.391 D/KeyguardViewMediator(  256): setHidden true
02-13 18:51:38.391 D/PhoneApp(  342): updateProximitySensorMode: lock already held.
02-13 18:51:38.391 D/ToneGenerator(  342): stopTone
02-13 18:51:38.391 D/AudioTrack(  342): stop 0x56c568
02-13 18:51:38.391 D/AudioFlinger(  114): remove track (4098) and delete from mixer
02-13 18:51:38.391 D/InCallScreen(  342): dismissMenu(immediate = true)...
02-13 18:51:38.391 D/InCallScreen(  342): dismissAllDialogs()...
02-13 18:51:38.391 D/NotificationMgr(  342): updating status bar state: 4
02-13 18:51:38.391 D/PhoneApp(  342): re-enable status bar
02-13 18:51:38.391 D/PhoneApp(  342): StatusBarManager.DISABLE_NONE
02-13 18:51:38.401 D/PhoneApp(  342): updateWakeState: callscreen false, dialer false, speaker false...
02-13 18:51:38.401 D/PhoneApp(  342): setScreenTimeout(DEFAULT)...
02-13 18:51:38.401 D/PhoneApp(  342): updateWakeState: keepScreenOn = false (isRinging false, isDialing false, showingDisc false)
02-13 18:51:38.401 D/PhoneApp(  342): requestWakeState(PARTIAL)...
02-13 18:51:38.411 D/PowerManagerService(  256): releaseWakeLock flags=0x1 tag=ActivityManager-Sleep
02-13 18:51:38.411 D/PowerManagerService(  256): acquireWakeLock flags=0x1 tag=RILJ
02-13 18:51:38.411 D/KeyguardViewMediator(  256): setHidden true
02-13 18:51:38.421 D/AlarmManager(  256): +++Alarm set:type=0 android  Trigger after:120000ms
02-13 18:51:38.421 D/PowerManagerService(  256): releaseWakeLock flags=0x1 tag=RILJ
02-13 18:51:38.431 I/DATA    (  342): [DCT(0) ] intent received :android.intent.action.SCREEN_OFF
02-13 18:51:38.441 D/PowerManagerService(  256): releaseWakeLock flags=0x1 tag=sleep_broadcast
02-13 18:51:38.441 D/PowerManagerService(  256): acquireWakeLock flags=0x1 tag=SMSDispatcher
02-13 18:51:38.451 I/V3Client(  648): notf'n?
02-13 18:51:38.451 I/V3Client(  648): !control 0
02-13 18:51:38.461 E/HQB     (  774): onReceiveWithPrivilege  action received android.provider.Telephony.SMS_RECEIVED
02-13 18:51:38.461 D/PowerManagerService(  256): acquireWakeLock flags=0x1 tag=StartingAlertService
02-13 18:51:38.471 D/PowerManagerService(  256): acquireWakeLock flags=0x1 tag=RILJ
02-13 18:51:38.481 D/SmsReceiverService(  774): isSelfRegSMS-teleService = 4098
02-13 18:51:38.481 D/SmsReceiverService(  774): first =0
02-13 18:51:38.481 D/SmsReceiverService(  774): possibleIndex =null
02-13 18:51:38.481 D/SmsReceiverService(  774): processed indexString =null
02-13 18:51:38.481 D/SmsReceiverService(  774): first =0
02-13 18:51:38.481 D/SmsReceiverService(  774): possibleIndex =null
02-13 18:51:38.481 D/SmsReceiverService(  774): processed indexString =null
02-13 18:51:38.481 D/MmsSmsProvider(  342): getThreadId:enter cursor.toAddressIds.size=1
02-13 18:51:38.491 D/MmsSmsProvider(  342): getThreadId:enter cursor.getCount()=1
02-13 18:51:38.491 D/MmsSmsProvider(  342): getThreadId:enter cursorAddr.getCount()=1needNewThread=false
02-13 18:51:38.501 I/ContactsProvider(  404): query: content://contacts/phones/filter/9137446943
02-13 18:51:38.501 E/ContactsProvider(  404): 101123 isCallerRegisterNeedSIMProc callerPid:342, acorePid:404
02-13 18:51:38.501 I/ContactsProvider(  404): query isCallerRegistered= true
02-13 18:51:38.501 I/ContactsProvider(  404): query forOnlyOneContactString= 0
02-13 18:51:38.551 D/Mms:app (  774): in getIconResourceId cmasNo =0
02-13 18:51:38.551 D/Mms:app (  774): in getIconResourceId cmasNo = 0, cancel(notificationId)
02-13 18:51:38.571 I/Mms     (  774): parseMmsAddress number=9137446943, length=10
02-13 18:51:38.571 I/ContactsProvider(  404): query: content://com.android.contacts/data
02-13 18:51:38.571 E/ContactsProvider(  404): 101123 isCallerRegisterNeedSIMProc callerPid:774, acorePid:404
02-13 18:51:38.571 I/ContactsProvider(  404): query isCallerRegistered= true
02-13 18:51:38.571 I/ContactsProvider(  404): query forOnlyOneContactString= 0
02-13 18:51:38.581 I/ContactsProvider(  404): query: content://com.android.contacts/contacts/223/photo
02-13 18:51:38.581 E/ContactsProvider(  404): 101123 isCallerRegisterNeedSIMProc callerPid:774, acorePid:404
02-13 18:51:38.581 I/ContactsProvider(  404): query isCallerRegistered= true
02-13 18:51:38.581 I/ContactsProvider(  404): query forOnlyOneContactString= 0
02-13 18:51:38.591 D/AudioTrack(  774): Request AudioFlinger to create track
02-13 18:51:38.591 D/AudioFlinger(  114): createTrack() lSessionId: 25
02-13 18:51:38.591 D/AudioFlinger(  114): Track constructor name 4098, calling thread 774
02-13 18:51:38.591 D/ToneGenerator(  774): startTone
02-13 18:51:38.591 D/AudioTrack(  774): start 0x59e420
02-13 18:51:38.591 D/AudioFlinger(  114): start(4098), calling thread 774 session 25
02-13 18:51:38.601 D/PowerManagerService(  256): acquireWakeLock flags=0x1 tag=*vibrator*
02-13 18:51:38.611 D/AudioTrack(  774): stop 0x59e420
02-13 18:51:38.611 D/AudioFlinger(  114): stop(4098), calling thread 774
02-13 18:51:38.611 D/AudioHardwareMSM7X30(  114): value of device and enable is 0 1 ALSA dev id:0
02-13 18:51:38.611 D/AudioHardwareMSM7X30(  114): msm_route_stream(PCM_PLAY,5,0,1)
02-13 18:51:38.641 D/KeyguardViewMediator(  256): setHidden true
02-13 18:51:38.641 D/KeyguardViewMediator(  256): setHidden true
02-13 18:51:38.651 D/PowerManagerService(  256): releaseWakeLock flags=0x1 tag=StartingAlertService
02-13 18:51:38.821 D/PowerManagerService(  256): releaseWakeLock flags=0x1 tag=RILJ
02-13 18:51:38.901 D/PhoneApp(  342): setIgnoreTouchUserActivity(false)...
02-13 18:51:39.182 D/PowerManagerService(  256): UnPartial  wakeLock  reactivate ,flags=0x20 tag=PhoneApp
02-13 18:51:39.182 D/PowerManagerService(  256): setPowerState: mPowerState=0x0 newState=0x3 noChangeLights=false reason=2
02-13 18:51:39.202 D/KeyguardViewMediator(  256): onScreenTurnedOn, seq = 5
02-13 18:51:39.202 D/KeyguardViewMediator(  256): notifyScreenOnLocked
02-13 18:51:39.202 D/KeyguardViewMediator(  256): handleNotifyScreenOn
02-13 18:51:39.202 I/LockPatternKeyguardView(  256): updateLockscreenBackground
02-13 18:51:39.202 I/LockPatternKeyguardView(  256): setBackgroundDrawable
02-13 18:51:39.202 I/LockPatternKeyguardView(  256): file not found: etc/customize/default_lockscreen
02-13 18:51:39.202 D/LockScreen(  256): updateLayout: status=Normalsubscription=0
02-13 18:51:39.202 D/LockScreen(  256): Updating Lock Screen text to Ruim
02-13 18:51:39.212 E/Sensors (  256): [HAL]ready to call enable(Accelerometer,1),AAAAAAAA
02-13 18:51:39.242 D/InCallScreen(  342): onResume()...
02-13 18:51:39.242 D/PhoneApp(  342): disable status bar
02-13 18:51:39.242 D/PhoneApp(  342): StatusBarManager.DISABLE_EXPAND
02-13 18:51:39.242 D/PhoneApp(  342): setIgnoreTouchUserActivity(true)...
02-13 18:51:39.242 D/NotificationMgr(  342): updating status bar state: 5
02-13 18:51:39.242 D/AudioTrack(  342): Request AudioFlinger to create track
02-13 18:51:39.242 D/AudioFlinger(  114): createTrack() lSessionId: 26
02-13 18:51:39.242 D/AudioFlinger(  114): Track constructor name 4099, calling thread 342
02-13 18:51:39.242 D/InCallScreen(  342): - onResume: initial status = SUCCESS
02-13 18:51:39.242 D/InCallScreen(  342): isBluetoothAudioConnected: ==> isAudioOn = false
02-13 18:51:39.242 D/InCallScreen(  342): checkIsOtaCall...
02-13 18:51:39.242 D/InCallScreen(  342): checkIsOtaCall action ACTION_MAIN
02-13 18:51:39.242 D/InCallScreen(  342): checkIsOtaCall: isOtaCall =false
02-13 18:51:39.242 D/InCallScreen(  342): setInCallScreenMode: NORMAL
02-13 18:51:39.242 D/InCallScreen(  342): [okToDialDTMFTones] foreground state: ACTIVE, ringing state: false, call screen mode: NORMAL, result: true
02-13 18:51:39.242 D/InCallScreen(  342): isBluetoothAudioConnected: ==> isAudioOn = false
02-13 18:51:39.242 D/InCallScreen(  342): getUpdatedInCallControlState()...
02-13 18:51:39.242 D/PhoneUtils(  342): isEmergencyCall()...
02-13 18:51:39.242 D/PhoneUtils(  342): (add_call,fgCallState == Call.State.ACTIVE) = true
02-13 18:51:39.242 D/PhoneUtils(  342): (add_call,app.cdmaPhoneCallState.getAddCallMenuStateAfterCallWaiting() = true
02-13 18:51:39.242 D/InCallScreen(  342): isBluetoothAvailable()...
02-13 18:51:39.252 D/InCallScreen(  342):   - headset state = 0
02-13 18:51:39.252 D/InCallScreen(  342):   - headset address: null
02-13 18:51:39.252 D/InCallScreen(  342):   ==> false
02-13 18:51:39.252 D/PhoneUtils(  342): audioManager.isMicrophoneMute: false
02-13 18:51:39.252 D/InCallScreen(  342): [okToDialDTMFTones] foreground state: ACTIVE, ringing state: false, call screen mode: NORMAL, result: true
02-13 18:51:39.252 D/InCallControlState(  342): InCallControlState:
02-13 18:51:39.252 D/InCallControlState(  342):   manageConferenceVisible: false
02-13 18:51:39.252 D/InCallControlState(  342):   manageConferenceEnabled: false
02-13 18:51:39.252 D/InCallControlState(  342):   canAddCall: true
02-13 18:51:39.252 D/InCallControlState(  342):   canSwap: true
02-13 18:51:39.252 D/InCallControlState(  342):   canMerge: false
02-13 18:51:39.252 D/InCallControlState(  342):   bluetoothEnabled: false
02-13 18:51:39.252 D/InCallControlState(  342):   bluetoothIndicatorOn: false
02-13 18:51:39.252 D/InCallControlState(  342):   speakerEnabled: true
02-13 18:51:39.252 D/InCallControlState(  342):   speakerOn: false
02-13 18:51:39.252 D/InCallControlState(  342):   canMute: true
02-13 18:51:39.252 D/InCallControlState(  342):   muteIndicatorOn: false
02-13 18:51:39.252 D/InCallControlState(  342):   dialpadEnabled: true
02-13 18:51:39.252 D/InCallControlState(  342):   dialpadVisible: false
02-13 18:51:39.252 D/InCallControlState(  342):   onHold: false
02-13 18:51:39.252 D/InCallControlState(  342):   canHold: false
02-13 18:51:39.252 D/KeyguardViewMediator(  256): setHidden true
02-13 18:51:39.252 D/KeyguardViewMediator(  256): setHidden true
02-13 18:51:39.252 D/InCallScreen(  342): syncWithPhoneState()...
02-13 18:51:39.262 D/PhoneUtils(  342): dumpCallState():
02-13 18:51:39.262 D/PhoneUtils(  342): - Call state = OFFHOOK
02-13 18:51:39.262 D/PhoneUtils(  342):   - FG call: ACTIVE CDMA isAlive true isRinging false isDialing false isIdle false hasConnections true
02-13 18:51:39.262 D/PhoneUtils(  342):   - BG call: IDLE CDMA isAlive false isRinging false isDialing false isIdle true hasConnections false
02-13 18:51:39.262 D/PhoneUtils(  342):   - RINGING call: IDLE CDMA isAlive false isRinging false isDialing false isIdle true hasConnections false
02-13 18:51:39.262 D/PhoneUtils(  342):   - hasRingingCall false hasActiveCall true hasHoldingCall false allLinesTaken false
02-13 18:51:39.262 D/PhoneUtils(  342):   - CDMA call state: SINGLE_ACTIVE
02-13 18:51:39.262 D/PhoneUtils(  342):   - Ringer state: false
02-13 18:51:39.262 D/InCallScreen(  342): ============== dumpBluetoothState() =============
02-13 18:51:39.262 D/InCallScreen(  342): isBluetoothAvailable()...
02-13 18:51:39.262 D/InCallScreen(  342):   - headset state = 0
02-13 18:51:39.262 D/InCallScreen(  342):   - headset address: null
02-13 18:51:39.262 D/InCallScreen(  342):   ==> false
02-13 18:51:39.262 D/InCallScreen(  342): = isBluetoothAvailable: false
02-13 18:51:39.262 D/InCallScreen(  342): isBluetoothAudioConnected: ==> isAudioOn = false
02-13 18:51:39.262 D/InCallScreen(  342): = isBluetoothAudioConnected: false
02-13 18:51:39.262 D/InCallScreen(  342): isBluetoothAudioConnected: ==> isAudioOn = false
02-13 18:51:39.262 D/InCallScreen(  342): isBluetoothAudioConnectedOrPending: ==> FALSE
02-13 18:51:39.262 D/InCallScreen(  342): = isBluetoothAudioConnectedOrPending: false
02-13 18:51:39.262 D/InCallScreen(  342): = PhoneApp.showBluetoothIndication: false
02-13 18:51:39.262 D/InCallScreen(  342): =
02-13 18:51:39.262 D/InCallScreen(  342): = BluetoothHandsfree.isAudioOn: false
02-13 18:51:39.272 D/InCallScreen(  342): = BluetoothHeadset.getCurrentHeadset: null
02-13 18:51:39.272 D/InCallScreen(  342): syncWithPhoneState: it's ok to be here; update the screen...
02-13 18:51:39.272 D/InCallScreen(  342): updateScreen()...
02-13 18:51:39.272 D/InCallScreen(  342): - updateScreen: updating the in-call UI...
02-13 18:51:39.272 I/hubo    (  256): Activity {com.android.phone/com.android.phone.InCallScreen}
02-13 18:51:39.272 D/CallCard(  342): updateState(########### Dump CallManager ############
02-13 18:51:39.272 D/CallCard(  342): CallManager state = OFFHOOK
02-13 18:51:39.272 D/CallCard(  342):    - Foreground: ACTIVE from Handler{4057c160}
02-13 18:51:39.272 D/CallCard(  342):      Conn: [ incoming: false state: ACTIVE post dial state: COMPLETE]
02-13 18:51:39.272 D/CallCard(  342):    - Background: IDLE from Handler{4057c160}
02-13 18:51:39.272 D/CallCard(  342):      Conn: []
02-13 18:51:39.272 D/CallCard(  342):    - Ringing: IDLE from Handler{4057c160}
02-13 18:51:39.272 D/CallCard(  342):  Phone: Handler{4057c160}, name = CDMA, state = OFFHOOK
02-13 18:51:39.272 D/CallCard(  342):    - Foreground: ACTIVE Background: IDLE Ringing: IDLE
02-13 18:51:39.272 D/CallCard(  342): ########## End Dump CallManager ##########)...
02-13 18:51:39.272 D/CallCard(  342): updateForegroundCall()...
02-13 18:51:39.272 D/CallCard(  342): displayMainCallStatus(call ACTIVE)...
02-13 18:51:39.272 D/CallCard(  342):   - call.state: ACTIVE
02-13 18:51:39.272 D/CallCard(  342): displayMainCallStatus: start periodicUpdateTimer
02-13 18:51:39.272 D/CallCard(  342): updateCardTitleWidgets(call ACTIVE)...
02-13 18:51:39.272 D/CallCard(  342): - getTitleForCallCard(Call ACTIVE)...
02-13 18:51:39.272 D/CallCard(  342):   ==> result: Current call
02-13 18:51:39.272 D/CallCard(  342): updateCardTitleWidgets: Current call
02-13 18:51:39.272 D/InCallScreen(  342): getUpdatedInCallControlState()...
02-13 18:51:39.272 D/PhoneUtils(  342): isEmergencyCall()...
02-13 18:51:39.272 D/PhoneUtils(  342): (add_call,fgCallState == Call.State.ACTIVE) = true
02-13 18:51:39.272 D/PhoneUtils(  342): (add_call,app.cdmaPhoneCallState.getAddCallMenuStateAfterCallWaiting() = true
02-13 18:51:39.272 D/InCallScreen(  342): isBluetoothAvailable()...
02-13 18:51:39.272 D/InCallScreen(  342):   - headset state = 0
02-13 18:51:39.272 D/InCallScreen(  342):   - headset address: null
02-13 18:51:39.272 D/InCallScreen(  342):   ==> false
02-13 18:51:39.282 D/PhoneUtils(  342): audioManager.isMicrophoneMute: false
02-13 18:51:39.282 D/InCallScreen(  342): [okToDialDTMFTones] foreground state: ACTIVE, ringing state: false, call screen mode: NORMAL, result: true
02-13 18:51:39.282 D/InCallControlState(  342): InCallControlState:
02-13 18:51:39.282 D/InCallControlState(  342):   manageConferenceVisible: false
02-13 18:51:39.282 D/InCallControlState(  342):   manageConferenceEnabled: false
02-13 18:51:39.282 D/InCallControlState(  342):   canAddCall: true
02-13 18:51:39.282 D/InCallControlState(  342):   canSwap: true
02-13 18:51:39.282 D/InCallControlState(  342):   canMerge: false
02-13 18:51:39.282 D/InCallControlState(  342):   bluetoothEnabled: false
02-13 18:51:39.282 D/InCallControlState(  342):   bluetoothIndicatorOn: false
02-13 18:51:39.282 D/InCallControlState(  342):   speakerEnabled: true
02-13 18:51:39.282 D/InCallControlState(  342):   speakerOn: false
02-13 18:51:39.282 D/InCallControlState(  342):   canMute: true
02-13 18:51:39.282 D/InCallControlState(  342):   muteIndicatorOn: false
02-13 18:51:39.282 D/InCallControlState(  342):   dialpadEnabled: true
02-13 18:51:39.282 D/InCallControlState(  342):   dialpadVisible: false
02-13 18:51:39.282 D/InCallControlState(  342):   onHold: false
02-13 18:51:39.282 D/InCallControlState(  342):   canHold: false
02-13 18:51:39.282 D/CallCard(  342): yangliu,getCurrentCallState: SINGLE_ACTIVE
02-13 18:51:39.282 D/CallCard(  342): yangliu,inCallControlState.onHold: false
02-13 18:51:39.282 D/PhoneUtils(  342): isEmergencyCall()...
02-13 18:51:39.282 D/CallCard(  342):   - CONN:  incoming: false state: ACTIVE post dial state: COMPLETE, state = ACTIVE
02-13 18:51:39.282 D/CallCard(  342): - displayMainCallStatus: updatedNumber = 4864351
02-13 18:51:39.282 D/CallCard(  342): - displayMainCallStatus: starting CallerInfo query...
02-13 18:51:39.282 D/PhoneUtils(  342): startGetCallerInfo: query already done, returning CallerInfo
02-13 18:51:39.282 D/CallCard(  342): updateDisplayForPerson(CallerInfo { name non-null, phoneNumber non-null })
02-13 18:51:39.282 D/CallCard(  342): presentation:1 isTemporary:false
02-13 18:51:39.282 D/CallCard(  342): - got personUri: 'content://com.android.contacts/contacts/179', based on info.person_id: 179
02-13 18:51:39.292 D/CallCard(  342): updatePhotoForCallState(ACTIVE)...
02-13 18:51:39.292 D/CallCard(  342): yangliu_sprint,updatePhotoForCallState,isEarliestConnHold = false
02-13 18:51:39.292 D/CallCard(  342): displayOnHoldCallStatus(call =IDLE)...
02-13 18:51:39.292 D/PhoneApp(  342): - isOtaCallInActiveState false
02-13 18:51:39.292 D/InCallScreen(  342): [okToDialDTMFTones] foreground state: ACTIVE, ringing state: false, call screen mode: NORMAL, result: true
02-13 18:51:39.292 D/InCallScreen(  342): isBluetoothAudioConnected: ==> isAudioOn = false
02-13 18:51:39.292 D/InCallScreen(  342): getUpdatedInCallControlState()...
02-13 18:51:39.292 D/PhoneUtils(  342): isEmergencyCall()...
02-13 18:51:39.292 D/PhoneUtils(  342): (add_call,fgCallState == Call.State.ACTIVE) = true
02-13 18:51:39.292 D/PhoneUtils(  342): (add_call,app.cdmaPhoneCallState.getAddCallMenuStateAfterCallWaiting() = true
02-13 18:51:39.292 D/InCallScreen(  342): isBluetoothAvailable()...
02-13 18:51:39.292 D/InCallScreen(  342):   - headset state = 0
02-13 18:51:39.292 D/InCallScreen(  342):   - headset address: null
02-13 18:51:39.292 D/InCallScreen(  342):   ==> false
02-13 18:51:39.292 D/PhoneUtils(  342): audioManager.isMicrophoneMute: false
02-13 18:51:39.292 D/InCallScreen(  342): [okToDialDTMFTones] foreground state: ACTIVE, ringing state: false, call screen mode: NORMAL, result: true
02-13 18:51:39.292 D/InCallControlState(  342): InCallControlState:
02-13 18:51:39.292 D/InCallControlState(  342):   manageConferenceVisible: false
02-13 18:51:39.292 D/InCallControlState(  342):   manageConferenceEnabled: false
02-13 18:51:39.292 D/InCallControlState(  342):   canAddCall: true
02-13 18:51:39.292 D/InCallControlState(  342):   canSwap: true
02-13 18:51:39.292 D/InCallControlState(  342):   canMerge: false
02-13 18:51:39.292 D/InCallControlState(  342):   bluetoothEnabled: false
02-13 18:51:39.292 D/InCallControlState(  342):   bluetoothIndicatorOn: false
02-13 18:51:39.292 D/InCallControlState(  342):   speakerEnabled: true
02-13 18:51:39.292 D/InCallControlState(  342):   speakerOn: false
02-13 18:51:39.292 D/InCallControlState(  342):   canMute: true
02-13 18:51:39.292 D/InCallControlState(  342):   muteIndicatorOn: false
02-13 18:51:39.292 D/InCallControlState(  342):   dialpadEnabled: true
02-13 18:51:39.292 D/InCallControlState(  342):   dialpadVisible: false
02-13 18:51:39.292 D/InCallControlState(  342):   onHold: false
02-13 18:51:39.292 D/InCallControlState(  342):   canHold: false
02-13 18:51:39.292 D/InCallScreen(  342): updateProviderOverlay: false
02-13 18:51:39.292 D/InCallScreen(  342): updateMenuButtonHint()...
02-13 18:51:39.292 D/PhoneApp(  342): - preventScreenOn(false)...
02-13 18:51:39.292 D/PhoneApp(  342): updateWakeState: callscreen true, dialer false, speaker false...
02-13 18:51:39.292 D/PhoneApp(  342): setScreenTimeout(MEDIUM)...
02-13 18:51:39.292 D/PhoneApp(  342): updateWakeState: keepScreenOn = false (isRinging false, isDialing false, showingDisc false)
02-13 18:51:39.292 D/PhoneApp(  342): requestWakeState(PARTIAL)...
02-13 18:51:39.292 D/InCallScreen(  342): enableTouchLock(false)...
02-13 18:51:39.292 D/InCallScreen(  342): onResume() done.
02-13 18:51:39.322 D/CallManager(  342):  handleMessage (EVENT_PRECISE_CALL_STATE_CHANGED)
02-13 18:51:39.332 D/BT HS/HF(  342): updatePhoneState()
02-13 18:51:39.332 D/BT HS/HF(  342): Foreground call state : ACTIVE
02-13 18:51:39.332 D/BT HS/HF(  342): Ringing call state : IDLE
02-13 18:51:39.332 D/BT HS/HF(  342): Background call state : IDLE
02-13 18:51:39.332 E/BT HS/HF(  342): prev mIsCdmaFirstConnectionHeld  is false
02-13 18:51:39.332 E/BT HS/HF(  342): current mIsCdmaFirstConnectionHeld is false
02-13 18:51:39.332 D/BT HS/HF(  342): CallSetup: 0
02-13 18:51:39.332 D/BT HS/HF(  342): Call: 1
02-13 18:51:39.332 D/BT HS/HF(  342): CallHeld: 0
02-13 18:51:39.332 D/CallNotifier(  342): handleMessage() Msg Type: 1
02-13 18:51:39.332 D/PhoneApp(  342): old phone type:2, New Phone type:2
02-13 18:51:39.332 D/CallNotifier(  342): onPhoneStateChanged: state = OFFHOOK
02-13 18:51:39.332 D/PhoneApp(  342): updateProximitySensorMode: state = OFFHOOK
02-13 18:51:39.332 D/PhoneApp(  342): updateProximitySensorMode: lock already held.
02-13 18:51:39.332 D/CallNotifier(  342): onPhoneStateChanged: OFF HOOK
02-13 18:51:39.332 D/PhoneUtils(  342): setAudioMode()...OFFHOOK
02-13 18:51:39.332 D/PhoneUtils(  342): setAudioMode() no change: MODE_IN_CALL
02-13 18:51:39.332 D/CallNotifier(  342): stopRing()... (OFFHOOK state)
02-13 18:51:39.332 D/CallNotifier(  342): Reset Auto answer timeout
02-13 18:51:39.332 D/CallNotifier(  342): - updating notification for phone state change...
02-13 18:51:39.332 D/NotificationMgr(  342): updateInCallNotification()...
02-13 18:51:39.342 D/NotificationMgr(  342):   - hasRingingCall = false
02-13 18:51:39.342 D/NotificationMgr(  342):   - hasActiveCall = true
02-13 18:51:39.342 D/NotificationMgr(  342):   - hasHoldingCall = false
02-13 18:51:39.342 D/NotificationMgr(  342): updateInCallNotification: enhancedVoicePrivacy = false
02-13 18:51:39.342 D/NotificationMgr(  342): - Updating status bar icon: resId = 2130837684
02-13 18:51:39.342 D/PhoneApp(  342): createInCallIntent subscription:
02-13 18:51:39.342 D/NotificationMgr(  342): - Updating expanded view: line 1 'xxxxxxx'
02-13 18:51:39.342 D/PhoneUtils(  342): startGetCallerInfo: query already done, returning CallerInfo
02-13 18:51:39.342 D/PhoneUtils(  342): getCompactNameFromCallerInfo: info = CallerInfo { name non-null, phoneNumber non-null }
02-13 18:51:39.342 D/PhoneUtils(  342): getCompactNameFromCallerInfo: compactName=Jodi Smith
02-13 18:51:39.342 D/NotificationMgr(  342): - Updating expanded view: line 2 'xxxxxxx'
02-13 18:51:39.342 D/NotificationMgr(  342): - Setting fullScreenIntent: PendingIntent{40685f00: android.os.BinderProxy@405b9f20}
02-13 18:51:39.352 D/NotificationMgr(  342): Notifying IN_CALL_NOTIFICATION: Notification(vibrate=null,sound=null,defaults=0x0,flags=0x2)
02-13 18:51:39.352 D/NotificationMgr(  342): updateSpeakerNotification: speaker OFF (or not offhook)
02-13 18:51:39.352 D/PhoneUtils(  342): audioManager.isMicrophoneMute: false
02-13 18:51:39.352 D/NotificationMgr(  342): updateMuteNotification: not muted (or not offhook)
02-13 18:51:39.352 D/PhoneUtils(  342): ConnectionHandler: updating mute state for each connection
02-13 18:51:39.352 D/PhoneUtils(  342): setMuteInternal: false
02-13 18:51:39.352 D/PhoneUtils(  342): setMuteInternal: falsephoneType = 2
02-13 18:51:39.352 D/PhoneUtils(  342): setMicrophoneMute: false
02-13 18:51:39.352 D/PhoneUtils(  342): audioManager.isMicrophoneMute: false
02-13 18:51:39.352 D/NotificationMgr(  342): updateMuteNotification: not muted (or not offhook)
02-13 18:51:39.352 D/InCallScreen(  342): onPhoneStateChanged()...
02-13 18:51:39.352 D/InCallScreen(  342): updateScreen()...
02-13 18:51:39.352 D/InCallScreen(  342): - updateScreen: updating the in-call UI...
02-13 18:51:39.362 D/CallCard(  342): updateState(########### Dump CallManager ############
02-13 18:51:39.362 D/CallCard(  342): CallManager state = OFFHOOK
02-13 18:51:39.362 D/CallCard(  342):    - Foreground: ACTIVE from Handler{4057c160}
02-13 18:51:39.362 D/CallCard(  342):      Conn: [ incoming: false state: ACTIVE post dial state: COMPLETE]
02-13 18:51:39.362 D/CallCard(  342):    - Background: IDLE from Handler{4057c160}
02-13 18:51:39.362 D/CallCard(  342):      Conn: []
02-13 18:51:39.362 D/CallCard(  342):    - Ringing: IDLE from Handler{4057c160}
02-13 18:51:39.362 D/CallCard(  342):  Phone: Handler{4057c160}, name = CDMA, state = OFFHOOK
02-13 18:51:39.362 D/CallCard(  342):    - Foreground: ACTIVE Background: IDLE Ringing: IDLE
02-13 18:51:39.362 D/CallCard(  342): ########## End Dump CallManager ##########)...
02-13 18:51:39.362 D/CallCard(  342): updateForegroundCall()...
02-13 18:51:39.362 D/CallCard(  342): displayMainCallStatus(call ACTIVE)...
02-13 18:51:39.362 D/CallCard(  342):   - call.state: ACTIVE
02-13 18:51:39.362 D/CallCard(  342): displayMainCallStatus: start periodicUpdateTimer
02-13 18:51:39.362 D/CallCard(  342): updateCardTitleWidgets(call ACTIVE)...
02-13 18:51:39.362 D/CallCard(  342): - getTitleForCallCard(Call ACTIVE)...
02-13 18:51:39.362 D/CallCard(  342):   ==> result: Current call
02-13 18:51:39.362 D/CallCard(  342): updateCardTitleWidgets: Current call
02-13 18:51:39.362 D/InCallScreen(  342): getUpdatedInCallControlState()...
02-13 18:51:39.362 D/PhoneUtils(  342): isEmergencyCall()...
02-13 18:51:39.362 D/PhoneUtils(  342): (add_call,fgCallState == Call.State.ACTIVE) = true
02-13 18:51:39.362 D/PhoneUtils(  342): (add_call,app.cdmaPhoneCallState.getAddCallMenuStateAfterCallWaiting() = true
02-13 18:51:39.362 D/InCallScreen(  342): isBluetoothAvailable()...
02-13 18:51:39.362 D/InCallScreen(  342):   - headset state = 0
02-13 18:51:39.362 D/InCallScreen(  342):   - headset address: null
02-13 18:51:39.362 D/InCallScreen(  342):   ==> false
02-13 18:51:39.362 D/PhoneUtils(  342): audioManager.isMicrophoneMute: false
02-13 18:51:39.362 D/InCallScreen(  342): [okToDialDTMFTones] foreground state: ACTIVE, ringing state: false, call screen mode: NORMAL, result: true
02-13 18:51:39.362 D/InCallControlState(  342): InCallControlState:
02-13 18:51:39.362 D/InCallControlState(  342):   manageConferenceVisible: false
02-13 18:51:39.362 D/InCallControlState(  342):   manageConferenceEnabled: false
02-13 18:51:39.362 D/InCallControlState(  342):   canAddCall: true
02-13 18:51:39.362 D/InCallControlState(  342):   canSwap: true
02-13 18:51:39.362 D/InCallControlState(  342):   canMerge: false
02-13 18:51:39.372 D/InCallControlState(  342):   bluetoothEnabled: false
02-13 18:51:39.372 D/InCallControlState(  342):   bluetoothIndicatorOn: false
02-13 18:51:39.372 D/InCallControlState(  342):   speakerEnabled: true
02-13 18:51:39.372 D/InCallControlState(  342):   speakerOn: false
02-13 18:51:39.372 D/InCallControlState(  342):   canMute: true
02-13 18:51:39.372 D/InCallControlState(  342):   muteIndicatorOn: false
02-13 18:51:39.372 D/InCallControlState(  342):   dialpadEnabled: true
02-13 18:51:39.372 D/InCallControlState(  342):   dialpadVisible: false
02-13 18:51:39.372 D/InCallControlState(  342):   onHold: false
02-13 18:51:39.372 D/InCallControlState(  342):   canHold: false
02-13 18:51:39.372 D/CallCard(  342): yangliu,getCurrentCallState: SINGLE_ACTIVE
02-13 18:51:39.372 D/CallCard(  342): yangliu,inCallControlState.onHold: false
02-13 18:51:39.372 D/PhoneUtils(  342): isEmergencyCall()...
02-13 18:51:39.372 D/CallCard(  342):   - CONN:  incoming: false state: ACTIVE post dial state: COMPLETE, state = ACTIVE
02-13 18:51:39.372 D/CallCard(  342): - displayMainCallStatus: updatedNumber = 4864351
02-13 18:51:39.372 D/CallCard(  342): - displayMainCallStatus: starting CallerInfo query...
02-13 18:51:39.372 D/PhoneUtils(  342): startGetCallerInfo: query already done, returning CallerInfo
02-13 18:51:39.372 D/KeyguardViewMediator(  256): setHidden true
02-13 18:51:39.372 D/KeyguardViewMediator(  256): setHidden true
02-13 18:51:39.372 D/CallCard(  342): updateDisplayForPerson(CallerInfo { name non-null, phoneNumber non-null })
02-13 18:51:39.372 D/CallCard(  342): presentation:1 isTemporary:false
02-13 18:51:39.382 D/CallCard(  342): - got personUri: 'content://com.android.contacts/contacts/179', based on info.person_id: 179
02-13 18:51:39.382 D/CallCard(  342): updatePhotoForCallState(ACTIVE)...
02-13 18:51:39.382 D/CallCard(  342): yangliu_sprint,updatePhotoForCallState,isEarliestConnHold = false
