02-13 18:50:57.651 D/CallCard(  342): updatePhotoForCallState(DIALING)...
02-13 18:50:57.651 D/CallCard(  342): yangliu_sprint,updatePhotoForCallState,isEarliestConnHold = false
02-13 18:50:57.651 D/CallCard(  342): displayOnHoldCallStatus(call =IDLE)...
02-13 18:50:57.651 D/PhoneApp(  342): - isOtaCallInActiveState false
02-13 18:50:57.651 D/InCallScreen(  342): [okToDialDTMFTones] foreground state: DIALING, ringing state: false, call screen mode: NORMAL, result: false
02-13 18:50:57.651 D/InCallScreen(  342): isBluetoothAudioConnected: ==> isAudioOn = false
02-13 18:50:57.651 D/InCallScreen(  342): getUpdatedInCallControlState()...
02-13 18:50:57.651 D/PhoneUtils(  342): isEmergencyCall()...
02-13 18:50:57.651 D/PhoneUtils(  342): (add_call,fgCallState == Call.State.ACTIVE) = false
02-13 18:50:57.651 D/PhoneUtils(  342): (add_call,app.cdmaPhoneCallState.getAddCallMenuStateAfterCallWaiting() = true
02-13 18:50:57.651 D/InCallScreen(  342): isBluetoothAvailable()...
02-13 18:50:57.651 D/InCallScreen(  342):   - headset state = 0
02-13 18:50:57.651 D/InCallScreen(  342):   - headset address: null
02-13 18:50:57.651 D/InCallScreen(  342):   ==> false
02-13 18:50:57.661 D/PhoneUtils(  342): audioManager.isMicrophoneMute: false
02-13 18:50:57.661 D/InCallScreen(  342): [okToDialDTMFTones] foreground state: DIALING, ringing state: false, call screen mode: NORMAL, result: false
02-13 18:50:57.661 D/InCallControlState(  342): InCallControlState:
02-13 18:50:57.661 D/InCallControlState(  342):   manageConferenceVisible: false
02-13 18:50:57.661 D/InCallControlState(  342):   manageConferenceEnabled: false
02-13 18:50:57.661 D/InCallControlState(  342):   canAddCall: false
02-13 18:50:57.661 D/InCallControlState(  342):   canSwap: false
02-13 18:50:57.661 D/InCallControlState(  342):   canMerge: false
02-13 18:50:57.661 D/InCallControlState(  342):   bluetoothEnabled: false
02-13 18:50:57.661 D/InCallControlState(  342):   bluetoothIndicatorOn: false
02-13 18:50:57.661 D/InCallControlState(  342):   speakerEnabled: true
02-13 18:50:57.661 D/InCallControlState(  342):   speakerOn: false
02-13 18:50:57.661 D/InCallControlState(  342):   canMute: false
02-13 18:50:57.661 D/InCallControlState(  342):   muteIndicatorOn: false
02-13 18:50:57.661 D/InCallControlState(  342):   dialpadEnabled: false
02-13 18:50:57.661 D/InCallControlState(  342):   dialpadVisible: false
02-13 18:50:57.661 D/InCallControlState(  342):   onHold: false
02-13 18:50:57.661 D/InCallControlState(  342):   canHold: false
02-13 18:50:57.661 D/InCallScreen(  342): updateProviderOverlay: false
02-13 18:50:57.661 D/InCallScreen(  342): updateMenuButtonHint()...
02-13 18:50:57.661 D/PhoneApp(  342): - preventScreenOn(false)...
02-13 18:50:57.661 D/PhoneApp(  342): updateWakeState: callscreen true, dialer false, speaker false...
02-13 18:50:57.661 D/PhoneApp(  342): setScreenTimeout(MEDIUM)...
02-13 18:50:57.661 D/PhoneApp(  342): updateWakeState: keepScreenOn = true (isRinging false, isDialing true, showingDisc false)
02-13 18:50:57.661 D/PhoneApp(  342): requestWakeState(FULL)...
02-13 18:50:57.661 D/InCallScreen(  342): enableTouchLock(false)...
02-13 18:50:57.661 D/InCallScreen(  342): onResume() done.
02-13 18:50:57.661 D/CallCard(  342): updatePhotoForCallState(DIALING)...
02-13 18:50:57.661 D/CallCard(  342): yangliu_sprint,updatePhotoForCallState,isEarliestConnHold = false
02-13 18:50:57.661 I/DATA    (  342): [DCT(0) ] onUpdateDataConnections: reason=2GVoiceCallStarted
02-13 18:50:57.661 I/DATA    (  342): [DCT(0) ] ---dc list---
02-13 18:50:57.661 I/DATA    (  342): [DCT(0) ] cid = 0, state = DcActiveState, bearerType = IP, ipaddress = 173.155.101.96, gw=173.155.101.97, dns=[68.28.67.132, 68.28.68.132]
02-13 18:50:57.661 I/DATA    (  342): [DCT(0) ] ---ds list---
02-13 18:50:57.661 I/DATA    (  342): [DCT(0) ] ds= SERVICE_TYPE_DEFAULT, enabled = true, active = v4:CONNECTED(0) v6:IDLE
02-13 18:50:57.661 I/DATA    (  342): [DCT(0) ] ds= SERVICE_TYPE_MMS, enabled = false, active = v4:CONNECTED(0) v6:IDLE
02-13 18:50:57.661 I/DATA    (  342): [DCT(0) ] ds= SERVICE_TYPE_SUPL, enabled = false, active = v4:CONNECTED(0) v6:IDLE
02-13 18:50:57.661 I/DATA    (  342): [DCT(0) ] ds= SERVICE_TYPE_DUN, enabled = false, active = v4:IDLE v6:IDLE
02-13 18:50:57.661 I/DATA    (  342): [DCT(0) ] ds= SERVICE_TYPE_HIPRI, enabled = false, active = v4:CONNECTED(0) v6:IDLE
02-13 18:50:57.661 I/DATA    (  342): [DCT(0) ] Ready for data : 
02-13 18:50:57.661 I/DATA    (  342): [DCT(0) ]    getDesiredPowerState() = true
02-13 18:50:57.661 I/DATA    (  342): [DCT(0) ]    mCm.getRadioState() = RADIO_ON
02-13 18:50:57.661 I/DATA    (  342): [DCT(0) ]    [DataRadioTech = RADIO_TECH_EVDO_A, data network state = 0, mMasterDataEnabled = true, is Roaming = false, dataOnRoamingEnable = false, isPsRestricted = false, desiredPowerState  = true, mSIMRecords = , cdmaSubSource = 1/310120, mRuimRecords = , checks = true/true]
02-13 18:50:57.661 D/PhoneApp(  342): mReceiver: ACTION_ANY_DATA_CONNECTION_STATE_CHANGED
02-13 18:50:57.661 D/PhoneApp(  342): - state: SUSPENDED
02-13 18:50:57.661 D/PhoneApp(  342): - reason: 2GVoiceCallStarted
02-13 18:50:57.661 D/PhoneApp(  342): mReceiver: ACTION_ANY_DATA_CONNECTION_STATE_CHANGED
02-13 18:50:57.661 D/PhoneApp(  342): - state: SUSPENDED
02-13 18:50:57.661 D/PhoneApp(  342): - reason: 2GVoiceCallStarted
02-13 18:50:57.661 D/PhoneApp(  342): mReceiver: ACTION_ANY_DATA_CONNECTION_STATE_CHANGED
02-13 18:50:57.661 D/PhoneApp(  342): - state: SUSPENDED
02-13 18:50:57.661 D/PhoneApp(  342): - reason: 2GVoiceCallStarted
02-13 18:50:57.661 D/PhoneApp(  342): mReceiver: ACTION_ANY_DATA_CONNECTION_STATE_CHANGED
02-13 18:50:57.661 D/PhoneApp(  342): - state: SUSPENDED
02-13 18:50:57.661 D/PhoneApp(  342): - reason: 2GVoiceCallStarted
02-13 18:50:57.661 D/PhoneApp(  342): mReceiver: ACTION_ANY_DATA_CONNECTION_STATE_CHANGED
02-13 18:50:57.661 D/PhoneApp(  342): - state: SUSPENDED
02-13 18:50:57.661 D/PhoneApp(  342): - reason: 2GVoiceCallStarted
02-13 18:50:57.671 D/PhoneApp(  342): mReceiver: ACTION_ANY_DATA_CONNECTION_STATE_CHANGED
02-13 18:50:57.671 D/PhoneApp(  342): - state: SUSPENDED
02-13 18:50:57.671 D/PhoneApp(  342): - reason: 2GVoiceCallStarted
02-13 18:50:57.671 D/PhoneApp(  342): mReceiver: ACTION_ANY_DATA_CONNECTION_STATE_CHANGED
02-13 18:50:57.671 D/PhoneApp(  342): - state: SUSPENDED
02-13 18:50:57.671 D/PhoneApp(  342): - reason: 2GVoiceCallStarted
02-13 18:50:57.671 D/PhoneApp(  342): mReceiver: ACTION_ANY_DATA_CONNECTION_STATE_CHANGED
02-13 18:50:57.671 D/PhoneApp(  342): - state: SUSPENDED
02-13 18:50:57.671 D/PhoneApp(  342): - reason: 2GVoiceCallStarted
02-13 18:50:57.671 D/PhoneApp(  342): mReceiver: ACTION_ANY_DATA_CONNECTION_STATE_CHANGED
02-13 18:50:57.671 D/PhoneApp(  342): - state: SUSPENDED
02-13 18:50:57.671 D/PhoneApp(  342): - reason: 2GVoiceCallStarted
02-13 18:50:57.671 D/PhoneApp(  342): mReceiver: ACTION_ANY_DATA_CONNECTION_STATE_CHANGED
02-13 18:50:57.671 D/PhoneApp(  342): - state: SUSPENDED
02-13 18:50:57.671 D/PhoneApp(  342): - reason: 2GVoiceCallStarted
02-13 18:50:57.671 D/CallNotifier(  342): handleMessage() Msg Type: 10
02-13 18:50:57.671 D/PhoneApp(  342): old phone type:2, New Phone type:2
02-13 18:50:57.671 D/CallNotifier(  342): PHONE_ENHANCED_VP_OFF...
02-13 18:50:57.671 D/CallNotifier(  342): handleMessage() Msg Type: 10
02-13 18:50:57.681 D/PhoneApp(  342): old phone type:2, New Phone type:2
02-13 18:50:57.681 D/CallNotifier(  342): PHONE_ENHANCED_VP_OFF...
02-13 18:50:57.681 D/CallManager(  342):  handleMessage (EVENT_PRECISE_CALL_STATE_CHANGED)
02-13 18:50:57.681 D/CallCard(  342): updatePhotoForCallState(DIALING)...
02-13 18:50:57.681 D/CallCard(  342): yangliu_sprint,updatePhotoForCallState,isEarliestConnHold = false
02-13 18:50:57.681 D/CallCard(  342): updatePhotoForCallState(DIALING)...
02-13 18:50:57.681 D/CallCard(  342): yangliu_sprint,updatePhotoForCallState,isEarliestConnHold = false
02-13 18:50:57.681 D/InCallScreen(  342): onWindowFocusChanged(true)...
02-13 18:50:57.731 D/AlarmManager(  256): +++Alarm set:type=2 com.google.android.gsf  Trigger after:15422ms
02-13 18:50:57.731 D/CallManager(  342):  handleMessage (EVENT_PRECISE_CALL_STATE_CHANGED)
02-13 18:50:57.731 D/PhoneApp(  342): old phone type:2, New Phone type:2
02-13 18:50:57.731 D/NotificationMgr(  342): hideDataDisconnectedRoaming()...
02-13 18:50:57.731 D/PhoneApp(  342): old phone type:2, New Phone type:2
02-13 18:50:57.731 D/NotificationMgr(  342): hideDataDisconnectedRoaming()...
02-13 18:50:57.731 D/PhoneApp(  342): old phone type:2, New Phone type:2
02-13 18:50:57.731 D/NotificationMgr(  342): hideDataDisconnectedRoaming()...
02-13 18:50:57.731 D/PhoneApp(  342): old phone type:2, New Phone type:2
02-13 18:50:57.731 D/NotificationMgr(  342): hideDataDisconnectedRoaming()...
02-13 18:50:57.741 D/PhoneApp(  342): old phone type:2, New Phone type:2
02-13 18:50:57.741 D/NotificationMgr(  342): hideDataDisconnectedRoaming()...
02-13 18:50:57.741 D/PhoneApp(  342): old phone type:2, New Phone type:2
02-13 18:50:57.741 D/NotificationMgr(  342): hideDataDisconnectedRoaming()...
02-13 18:50:57.741 D/PhoneApp(  342): old phone type:2, New Phone type:2
02-13 18:50:57.741 D/NotificationMgr(  342): hideDataDisconnectedRoaming()...
02-13 18:50:57.741 D/PhoneApp(  342): old phone type:2, New Phone type:2
02-13 18:50:57.741 D/NotificationMgr(  342): hideDataDisconnectedRoaming()...
02-13 18:50:57.741 D/PhoneApp(  342): old phone type:2, New Phone type:2
02-13 18:50:57.741 D/NotificationMgr(  342): hideDataDisconnectedRoaming()...
02-13 18:50:57.741 D/PhoneApp(  342): old phone type:2, New Phone type:2
02-13 18:50:57.741 D/NotificationMgr(  342): hideDataDisconnectedRoaming()...
02-13 18:50:57.741 D/BT HS/HF(  342): updatePhoneState()
02-13 18:50:57.741 D/BT HS/HF(  342): Foreground call state : DIALING
02-13 18:50:57.741 D/BT HS/HF(  342): terminateVirtualVoiceCall: Received
02-13 18:50:57.741 D/BT HS/HF(  342): terminateVirtualVoiceCall: VirtualCall is not in progress
02-13 18:50:57.741 D/BT HS/HF(  342): audioOn()
02-13 18:50:57.741 D/BT HS/HF(  342): audioOn(): headset is not connected!
02-13 18:50:57.741 D/BT HS/HF(  342): Ringing call state : IDLE
02-13 18:50:57.741 D/BT HS/HF(  342): Background call state : IDLE
02-13 18:50:57.741 E/BT HS/HF(  342): prev mIsCdmaFirstConnectionHeld  is false
02-13 18:50:57.741 E/BT HS/HF(  342): current mIsCdmaFirstConnectionHeld is false
02-13 18:50:57.741 D/BT HS/HF(  342): CallSetup: 2
02-13 18:50:57.741 D/BT HS/HF(  342): Call: 0
02-13 18:50:57.741 D/BT HS/HF(  342): CallHeld: 0
02-13 18:50:57.741 D/CallNotifier(  342): handleMessage() Msg Type: 1
02-13 18:50:57.741 D/PhoneApp(  342): old phone type:2, New Phone type:2
02-13 18:50:57.741 D/CallNotifier(  342): onPhoneStateChanged: state = OFFHOOK
02-13 18:50:57.741 D/PhoneApp(  342): updateProximitySensorMode: state = OFFHOOK
02-13 18:50:57.741 D/PhoneApp(  342): updateProximitySensorMode: lock already held.
02-13 18:50:57.741 D/CallNotifier(  342): onPhoneStateChanged: OFF HOOK
02-13 18:50:57.751 D/PhoneUtils(  342): setAudioMode()...OFFHOOK
02-13 18:50:57.751 D/PhoneUtils(  342): setAudioMode() no change: MODE_IN_CALL
02-13 18:50:57.751 D/CallNotifier(  342): stopRing()... (OFFHOOK state)
02-13 18:50:57.751 D/CallNotifier(  342): Reset Auto answer timeout
02-13 18:50:57.751 D/CallNotifier(  342): - updating notification for phone state change...
02-13 18:50:57.751 D/NotificationMgr(  342): updateInCallNotification()...
02-13 18:50:57.751 D/NotificationMgr(  342):   - hasRingingCall = false
02-13 18:50:57.751 D/NotificationMgr(  342):   - hasActiveCall = true
02-13 18:50:57.751 D/NotificationMgr(  342):   - hasHoldingCall = false
02-13 18:50:57.751 D/NotificationMgr(  342): updateInCallNotification: enhancedVoicePrivacy = false
02-13 18:50:57.751 D/NotificationMgr(  342): - Updating status bar icon: resId = 2130837684
02-13 18:50:57.751 D/PhoneApp(  342): createInCallIntent subscription:
02-13 18:50:57.751 D/NotificationMgr(  342): - Updating expanded view: line 1 'xxxxxxx'
02-13 18:50:57.751 D/PhoneUtils(  342): startGetCallerInfo: query already done, returning CallerInfo
02-13 18:50:57.751 D/PhoneUtils(  342): getCompactNameFromCallerInfo: info = CallerInfo { name non-null, phoneNumber non-null }
02-13 18:50:57.751 D/PhoneUtils(  342): getCompactNameFromCallerInfo: compactName=Jodi Smith
02-13 18:50:57.751 D/NotificationMgr(  342): - Updating expanded view: line 2 'xxxxxxx'
02-13 18:50:57.751 D/NotificationMgr(  342): - Setting fullScreenIntent: PendingIntent{40581d20: android.os.BinderProxy@4064c5e8}
02-13 18:50:57.751 D/NotificationMgr(  342): Notifying IN_CALL_NOTIFICATION: Notification(vibrate=null,sound=null,defaults=0x0,flags=0x2)
02-13 18:50:57.761 D/NotificationMgr(  342): updateSpeakerNotification: speaker OFF (or not offhook)
02-13 18:50:57.761 D/PhoneUtils(  342): audioManager.isMicrophoneMute: false
02-13 18:50:57.761 D/NotificationMgr(  342): updateMuteNotification: not muted (or not offhook)
02-13 18:50:57.761 D/PhoneUtils(  342): ConnectionHandler: updating mute state for each connection
02-13 18:50:57.761 D/PhoneUtils(  342): setMuteInternal: false
02-13 18:50:57.761 D/PhoneUtils(  342): setMuteInternal: falsephoneType = 2
02-13 18:50:57.761 D/PhoneUtils(  342): setMicrophoneMute: false
02-13 18:50:57.761 D/PhoneUtils(  342): audioManager.isMicrophoneMute: false
02-13 18:50:57.761 D/NotificationMgr(  342): updateMuteNotification: not muted (or not offhook)
02-13 18:50:57.761 D/InCallScreen(  342): onPhoneStateChanged()...
02-13 18:50:57.761 D/InCallScreen(  342): updateScreen()...
02-13 18:50:57.761 D/InCallScreen(  342): - updateScreen: updating the in-call UI...
02-13 18:50:57.761 D/CallCard(  342): updateState(########### Dump CallManager ############
02-13 18:50:57.761 D/CallCard(  342): CallManager state = OFFHOOK
02-13 18:50:57.761 D/CallCard(  342):    - Foreground: DIALING from Handler{4057c160}
02-13 18:50:57.761 D/CallCard(  342):      Conn: [ incoming: false state: DIALING post dial state: NOT_STARTED]
02-13 18:50:57.761 D/CallCard(  342):    - Background: IDLE from Handler{4057c160}
02-13 18:50:57.761 D/CallCard(  342):      Conn: []
02-13 18:50:57.761 D/CallCard(  342):    - Ringing: IDLE from Handler{4057c160}
02-13 18:50:57.761 D/CallCard(  342):  Phone: Handler{4057c160}, name = CDMA, state = OFFHOOK
02-13 18:50:57.761 D/CallCard(  342):    - Foreground: DIALING Background: IDLE Ringing: IDLE
02-13 18:50:57.761 D/CallCard(  342): ########## End Dump CallManager ##########)...
02-13 18:50:57.761 D/CallCard(  342): updateForegroundCall()...
02-13 18:50:57.771 D/CallCard(  342): displayMainCallStatus(call DIALING)...
02-13 18:50:57.771 D/CallCard(  342):   - call.state: DIALING
02-13 18:50:57.771 D/CallCard(  342): updateCardTitleWidgets(call DIALING)...
02-13 18:50:57.771 D/CallCard(  342): - getTitleForCallCard(Call DIALING)...
02-13 18:50:57.771 D/CallCard(  342):   ==> result: Dialing
02-13 18:50:57.771 D/CallCard(  342): updateCardTitleWidgets: Dialing
02-13 18:50:57.771 D/InCallScreen(  342): getUpdatedInCallControlState()...
02-13 18:50:57.771 D/PhoneUtils(  342): isEmergencyCall()...
02-13 18:50:57.771 D/PhoneUtils(  342): (add_call,fgCallState == Call.State.ACTIVE) = false
02-13 18:50:57.771 D/PhoneUtils(  342): (add_call,app.cdmaPhoneCallState.getAddCallMenuStateAfterCallWaiting() = true
02-13 18:50:57.771 D/InCallScreen(  342): isBluetoothAvailable()...
02-13 18:50:57.771 D/InCallScreen(  342):   - headset state = 0
02-13 18:50:57.771 D/InCallScreen(  342):   - headset address: null
02-13 18:50:57.771 D/InCallScreen(  342):   ==> false
02-13 18:50:57.781 D/PhoneUtils(  342): audioManager.isMicrophoneMute: false
02-13 18:50:57.781 D/InCallScreen(  342): [okToDialDTMFTones] foreground state: DIALING, ringing state: false, call screen mode: NORMAL, result: false
02-13 18:50:57.781 D/InCallControlState(  342): InCallControlState:
02-13 18:50:57.781 D/InCallControlState(  342):   manageConferenceVisible: false
02-13 18:50:57.781 D/InCallControlState(  342):   manageConferenceEnabled: false
02-13 18:50:57.781 D/InCallControlState(  342):   canAddCall: false
02-13 18:50:57.781 D/InCallControlState(  342):   canSwap: false
02-13 18:50:57.781 D/InCallControlState(  342):   canMerge: false
02-13 18:50:57.781 D/InCallControlState(  342):   bluetoothEnabled: false
02-13 18:50:57.781 D/InCallControlState(  342):   bluetoothIndicatorOn: false
02-13 18:50:57.781 D/InCallControlState(  342):   speakerEnabled: true
02-13 18:50:57.781 D/InCallControlState(  342):   speakerOn: false
02-13 18:50:57.781 D/InCallControlState(  342):   canMute: false
02-13 18:50:57.781 D/InCallControlState(  342):   muteIndicatorOn: false
02-13 18:50:57.781 D/InCallControlState(  342):   dialpadEnabled: false
02-13 18:50:57.781 D/InCallControlState(  342):   dialpadVisible: false
02-13 18:50:57.781 D/InCallControlState(  342):   onHold: false
02-13 18:50:57.781 D/InCallControlState(  342):   canHold: false
02-13 18:50:57.781 D/CallCard(  342): yangliu,getCurrentCallState: SINGLE_ACTIVE
02-13 18:50:57.781 D/CallCard(  342): yangliu,inCallControlState.onHold: false
02-13 18:50:57.781 D/CallCard(  342):   - CONN:  incoming: false state: DIALING post dial state: NOT_STARTED, state = DIALING
02-13 18:50:57.781 D/CallCard(  342): - displayMainCallStatus: updatedNumber = 4864351
02-13 18:50:57.781 D/CallCard(  342): - displayMainCallStatus: starting CallerInfo query...
02-13 18:50:57.781 D/PhoneUtils(  342): startGetCallerInfo: query already done, returning CallerInfo
02-13 18:50:57.781 D/CallCard(  342): updateDisplayForPerson(CallerInfo { name non-null, phoneNumber non-null })
02-13 18:50:57.781 D/CallCard(  342): presentation:1 isTemporary:false
02-13 18:50:57.781 D/CallCard(  342): - got personUri: 'content://com.android.contacts/contacts/179', based on info.person_id: 179
02-13 18:50:57.781 D/CallCard(  342): updatePhotoForCallState(DIALING)...
02-13 18:50:57.781 D/CallCard(  342): yangliu_sprint,updatePhotoForCallState,isEarliestConnHold = false
02-13 18:50:57.781 D/CallCard(  342): displayOnHoldCallStatus(call =IDLE)...
02-13 18:50:57.781 D/PhoneApp(  342): - isOtaCallInActiveState false
02-13 18:50:57.781 D/InCallScreen(  342): [okToDialDTMFTones] foreground state: DIALING, ringing state: false, call screen mode: NORMAL, result: false
02-13 18:50:57.781 D/InCallScreen(  342): isBluetoothAudioConnected: ==> isAudioOn = false
02-13 18:50:57.781 D/InCallScreen(  342): getUpdatedInCallControlState()...
02-13 18:50:57.781 D/PhoneUtils(  342): isEmergencyCall()...
02-13 18:50:57.791 D/PhoneUtils(  342): (add_call,fgCallState == Call.State.ACTIVE) = false
02-13 18:50:57.791 D/PhoneUtils(  342): (add_call,app.cdmaPhoneCallState.getAddCallMenuStateAfterCallWaiting() = true
02-13 18:50:57.791 D/InCallScreen(  342): isBluetoothAvailable()...
02-13 18:50:57.791 D/InCallScreen(  342):   - headset state = 0
02-13 18:50:57.791 D/InCallScreen(  342):   - headset address: null
02-13 18:50:57.791 D/InCallScreen(  342):   ==> false
02-13 18:50:57.791 D/PhoneUtils(  342): audioManager.isMicrophoneMute: false
02-13 18:50:57.791 D/InCallScreen(  342): [okToDialDTMFTones] foreground state: DIALING, ringing state: false, call screen mode: NORMAL, result: false
02-13 18:50:57.791 D/InCallControlState(  342): InCallControlState:
02-13 18:50:57.791 D/InCallControlState(  342):   manageConferenceVisible: false
02-13 18:50:57.791 D/InCallControlState(  342):   manageConferenceEnabled: false
02-13 18:50:57.791 D/InCallControlState(  342):   canAddCall: false
02-13 18:50:57.791 D/InCallControlState(  342):   canSwap: false
02-13 18:50:57.791 D/InCallControlState(  342):   canMerge: false
02-13 18:50:57.791 D/InCallControlState(  342):   bluetoothEnabled: false
02-13 18:50:57.791 D/InCallControlState(  342):   bluetoothIndicatorOn: false
02-13 18:50:57.791 D/InCallControlState(  342):   speakerEnabled: true
02-13 18:50:57.791 D/InCallControlState(  342):   speakerOn: false
02-13 18:50:57.801 D/InCallControlState(  342):   canMute: false
02-13 18:50:57.801 D/InCallControlState(  342):   muteIndicatorOn: false
02-13 18:50:57.801 D/InCallControlState(  342):   dialpadEnabled: false
02-13 18:50:57.801 D/InCallControlState(  342):   dialpadVisible: false
02-13 18:50:57.801 D/InCallControlState(  342):   onHold: false
02-13 18:50:57.801 D/InCallControlState(  342):   canHold: false
02-13 18:50:57.801 D/InCallScreen(  342): updateProviderOverlay: false
02-13 18:50:57.801 D/InCallScreen(  342): updateMenuButtonHint()...
02-13 18:50:57.801 D/PhoneApp(  342): updateWakeState: callscreen true, dialer false, speaker false...
02-13 18:50:57.801 D/PhoneApp(  342): setScreenTimeout(MEDIUM)...
02-13 18:50:57.801 D/PhoneApp(  342): updateWakeState: keepScreenOn = true (isRinging false, isDialing true, showingDisc false)
02-13 18:50:57.801 D/PhoneApp(  342): requestWakeState(FULL)...
02-13 18:50:57.801 D/BT HS/HF(  342): updatePhoneState()
02-13 18:50:57.801 D/BT HS/HF(  342): Foreground call state : DIALING
02-13 18:50:57.801 D/BT HS/HF(  342): terminateVirtualVoiceCall: Received
02-13 18:50:57.801 D/BT HS/HF(  342): terminateVirtualVoiceCall: VirtualCall is not in progress
02-13 18:50:57.801 D/BT HS/HF(  342): audioOn()
02-13 18:50:57.801 D/BT HS/HF(  342): audioOn(): headset is not connected!
02-13 18:50:57.801 D/BT HS/HF(  342): Ringing call state : IDLE
02-13 18:50:57.801 D/BT HS/HF(  342): Background call state : IDLE
02-13 18:50:57.801 E/BT HS/HF(  342): prev mIsCdmaFirstConnectionHeld  is false
02-13 18:50:57.801 E/BT HS/HF(  342): current mIsCdmaFirstConnectionHeld is false
02-13 18:50:57.801 D/BT HS/HF(  342): CallSetup: 2
02-13 18:50:57.801 D/BT HS/HF(  342): Call: 0
02-13 18:50:57.801 D/BT HS/HF(  342): CallHeld: 0
02-13 18:50:57.801 D/CallNotifier(  342): handleMessage() Msg Type: 1
02-13 18:50:57.801 D/PhoneApp(  342): old phone type:2, New Phone type:2
02-13 18:50:57.801 D/CallNotifier(  342): onPhoneStateChanged: state = OFFHOOK
02-13 18:50:57.801 D/PhoneApp(  342): updateProximitySensorMode: state = OFFHOOK
02-13 18:50:57.801 D/PhoneApp(  342): updateProximitySensorMode: lock already held.
02-13 18:50:57.801 D/CallNotifier(  342): onPhoneStateChanged: OFF HOOK
02-13 18:50:57.801 D/PhoneUtils(  342): setAudioMode()...OFFHOOK
02-13 18:50:57.811 D/PhoneUtils(  342): setAudioMode() no change: MODE_IN_CALL
02-13 18:50:57.811 D/CallNotifier(  342): stopRing()... (OFFHOOK state)
02-13 18:50:57.811 D/CallNotifier(  342): Reset Auto answer timeout
02-13 18:50:57.811 D/CallNotifier(  342): - updating notification for phone state change...
02-13 18:50:57.811 D/NotificationMgr(  342): updateInCallNotification()...
02-13 18:50:57.811 D/NotificationMgr(  342):   - hasRingingCall = false
02-13 18:50:57.811 D/NotificationMgr(  342):   - hasActiveCall = true
02-13 18:50:57.811 D/NotificationMgr(  342):   - hasHoldingCall = false
02-13 18:50:57.811 D/NotificationMgr(  342): updateInCallNotification: enhancedVoicePrivacy = false
02-13 18:50:57.811 D/NotificationMgr(  342): - Updating status bar icon: resId = 2130837684
02-13 18:50:57.811 D/PhoneApp(  342): createInCallIntent subscription:
02-13 18:50:57.811 D/NotificationMgr(  342): - Updating expanded view: line 1 'xxxxxxx'
02-13 18:50:57.811 D/PhoneUtils(  342): startGetCallerInfo: query already done, returning CallerInfo
02-13 18:50:57.811 D/PhoneUtils(  342): getCompactNameFromCallerInfo: info = CallerInfo { name non-null, phoneNumber non-null }
02-13 18:50:57.811 D/PhoneUtils(  342): getCompactNameFromCallerInfo: compactName=Jodi Smith
02-13 18:50:57.811 D/NotificationMgr(  342): - Updating expanded view: line 2 'xxxxxxx'
02-13 18:50:57.811 D/NotificationMgr(  342): - Setting fullScreenIntent: PendingIntent{40630970: android.os.BinderProxy@4064c5e8}
02-13 18:50:57.811 D/NotificationMgr(  342): Notifying IN_CALL_NOTIFICATION: Notification(vibrate=null,sound=null,defaults=0x0,flags=0x2)
02-13 18:50:57.811 D/NotificationMgr(  342): updateSpeakerNotification: speaker OFF (or not offhook)
02-13 18:50:57.811 D/PhoneUtils(  342): audioManager.isMicrophoneMute: false
02-13 18:50:57.811 D/NotificationMgr(  342): updateMuteNotification: not muted (or not offhook)
02-13 18:50:57.811 D/PhoneUtils(  342): ConnectionHandler: updating mute state for each connection
02-13 18:50:57.821 D/PhoneUtils(  342): setMuteInternal: false
02-13 18:50:57.821 D/PhoneUtils(  342): setMuteInternal: falsephoneType = 2
02-13 18:50:57.821 D/PhoneUtils(  342): setMicrophoneMute: false
02-13 18:50:57.821 D/PhoneUtils(  342): audioManager.isMicrophoneMute: false
02-13 18:50:57.821 D/NotificationMgr(  342): updateMuteNotification: not muted (or not offhook)
02-13 18:50:57.821 D/InCallScreen(  342): onPhoneStateChanged()...
02-13 18:50:57.821 D/InCallScreen(  342): updateScreen()...
02-13 18:50:57.821 D/InCallScreen(  342): - updateScreen: updating the in-call UI...
02-13 18:50:57.821 D/CallCard(  342): updateState(########### Dump CallManager ############
02-13 18:50:57.821 D/CallCard(  342): CallManager state = OFFHOOK
02-13 18:50:57.821 D/CallCard(  342):    - Foreground: DIALING from Handler{4057c160}
02-13 18:50:57.821 D/CallCard(  342):      Conn: [ incoming: false state: DIALING post dial state: NOT_STARTED]
02-13 18:50:57.821 D/CallCard(  342):    - Background: IDLE from Handler{4057c160}
02-13 18:50:57.821 D/CallCard(  342):      Conn: []
02-13 18:50:57.821 D/CallCard(  342):    - Ringing: IDLE from Handler{4057c160}
02-13 18:50:57.821 D/CallCard(  342):  Phone: Handler{4057c160}, name = CDMA, state = OFFHOOK
02-13 18:50:57.821 D/CallCard(  342):    - Foreground: DIALING Background: IDLE Ringing: IDLE
02-13 18:50:57.821 D/CallCard(  342): ########## End Dump CallManager ##########)...
02-13 18:50:57.821 D/CallCard(  342): updateForegroundCall()...
02-13 18:50:57.821 D/CallCard(  342): displayMainCallStatus(call DIALING)...
02-13 18:50:57.821 D/CallCard(  342):   - call.state: DIALING
02-13 18:50:57.821 D/CallCard(  342): updateCardTitleWidgets(call DIALING)...
02-13 18:50:57.821 D/CallCard(  342): - getTitleForCallCard(Call DIALING)...
02-13 18:50:57.821 D/CallCard(  342):   ==> result: Dialing
02-13 18:50:57.821 D/CallCard(  342): updateCardTitleWidgets: Dialing
02-13 18:50:57.821 D/InCallScreen(  342): getUpdatedInCallControlState()...
02-13 18:50:57.821 D/PhoneUtils(  342): isEmergencyCall()...
02-13 18:50:57.821 D/PhoneUtils(  342): (add_call,fgCallState == Call.State.ACTIVE) = false
02-13 18:50:57.821 D/PhoneUtils(  342): (add_call,app.cdmaPhoneCallState.getAddCallMenuStateAfterCallWaiting() = true
02-13 18:50:57.821 D/InCallScreen(  342): isBluetoothAvailable()...
02-13 18:50:57.821 D/InCallScreen(  342):   - headset state = 0
02-13 18:50:57.821 D/InCallScreen(  342):   - headset address: null
02-13 18:50:57.821 D/InCallScreen(  342):   ==> false
02-13 18:50:57.821 D/PhoneUtils(  342): audioManager.isMicrophoneMute: false
02-13 18:50:57.821 D/InCallScreen(  342): [okToDialDTMFTones] foreground state: DIALING, ringing state: false, call screen mode: NORMAL, result: false
02-13 18:50:57.821 D/InCallControlState(  342): InCallControlState:
02-13 18:50:57.821 D/InCallControlState(  342):   manageConferenceVisible: false
02-13 18:50:57.821 D/InCallControlState(  342):   manageConferenceEnabled: false
02-13 18:50:57.821 D/InCallControlState(  342):   canAddCall: false
02-13 18:50:57.821 D/InCallControlState(  342):   canSwap: false
02-13 18:50:57.821 D/InCallControlState(  342):   canMerge: false
02-13 18:50:57.821 D/InCallControlState(  342):   bluetoothEnabled: false
02-13 18:50:57.821 D/InCallControlState(  342):   bluetoothIndicatorOn: false
02-13 18:50:57.821 D/InCallControlState(  342):   speakerEnabled: true
02-13 18:50:57.821 D/InCallControlState(  342):   speakerOn: false
02-13 18:50:57.821 D/InCallControlState(  342):   canMute: false
02-13 18:50:57.821 D/InCallControlState(  342):   muteIndicatorOn: false
02-13 18:50:57.821 D/InCallControlState(  342):   dialpadEnabled: false
02-13 18:50:57.821 D/InCallControlState(  342):   dialpadVisible: false
02-13 18:50:57.821 D/InCallControlState(  342):   onHold: false
02-13 18:50:57.821 D/InCallControlState(  342):   canHold: false
02-13 18:50:57.821 D/CallCard(  342): yangliu,getCurrentCallState: SINGLE_ACTIVE
02-13 18:50:57.821 D/CallCard(  342): yangliu,inCallControlState.onHold: false
02-13 18:50:57.821 D/CallCard(  342):   - CONN:  incoming: false state: DIALING post dial state: NOT_STARTED, state = DIALING
02-13 18:50:57.821 D/CallCard(  342): - displayMainCallStatus: updatedNumber = 4864351
02-13 18:50:57.821 D/CallCard(  342): - displayMainCallStatus: starting CallerInfo query...
02-13 18:50:57.821 D/PhoneUtils(  342): startGetCallerInfo: query already done, returning CallerInfo
02-13 18:50:57.821 D/CallCard(  342): updateDisplayForPerson(CallerInfo { name non-null, phoneNumber non-null })
02-13 18:50:57.821 D/CallCard(  342): presentation:1 isTemporary:false
02-13 18:50:57.821 D/CallCard(  342): - got personUri: 'content://com.android.contacts/contacts/179', based on info.person_id: 179
02-13 18:50:57.821 D/CallCard(  342): updatePhotoForCallState(DIALING)...
02-13 18:50:57.821 D/CallCard(  342): yangliu_sprint,updatePhotoForCallState,isEarliestConnHold = false
02-13 18:50:57.821 D/CallCard(  342): displayOnHoldCallStatus(call =IDLE)...
02-13 18:50:57.821 D/PhoneApp(  342): - isOtaCallInActiveState false
02-13 18:50:57.821 D/InCallScreen(  342): [okToDialDTMFTones] foreground state: DIALING, ringing state: false, call screen mode: NORMAL, result: false
02-13 18:50:57.821 D/InCallScreen(  342): isBluetoothAudioConnected: ==> isAudioOn = false
02-13 18:50:57.821 D/InCallScreen(  342): getUpdatedInCallControlState()...
02-13 18:50:57.821 D/PhoneUtils(  342): isEmergencyCall()...
02-13 18:50:57.821 D/PhoneUtils(  342): (add_call,fgCallState == Call.State.ACTIVE) = false
02-13 18:50:57.821 D/PhoneUtils(  342): (add_call,app.cdmaPhoneCallState.getAddCallMenuStateAfterCallWaiting() = true
02-13 18:50:57.821 D/InCallScreen(  342): isBluetoothAvailable()...
02-13 18:50:57.821 D/InCallScreen(  342):   - headset state = 0
02-13 18:50:57.821 D/InCallScreen(  342):   - headset address: null
02-13 18:50:57.821 D/InCallScreen(  342):   ==> false
02-13 18:50:57.821 D/PhoneUtils(  342): audioManager.isMicrophoneMute: false
02-13 18:50:57.821 D/InCallScreen(  342): [okToDialDTMFTones] foreground state: DIALING, ringing state: false, call screen mode: NORMAL, result: false
02-13 18:50:57.831 D/InCallControlState(  342): InCallControlState:
02-13 18:50:57.831 D/InCallControlState(  342):   manageConferenceVisible: false
02-13 18:50:57.831 D/InCallControlState(  342):   manageConferenceEnabled: false
02-13 18:50:57.831 D/InCallControlState(  342):   canAddCall: false
02-13 18:50:57.831 D/InCallControlState(  342):   canSwap: false
02-13 18:50:57.831 D/InCallControlState(  342):   canMerge: false
02-13 18:50:57.831 D/InCallControlState(  342):   bluetoothEnabled: false
02-13 18:50:57.831 D/InCallControlState(  342):   bluetoothIndicatorOn: false
02-13 18:50:57.831 D/InCallControlState(  342):   speakerEnabled: true
02-13 18:50:57.831 D/InCallControlState(  342):   speakerOn: false
02-13 18:50:57.831 D/InCallControlState(  342):   canMute: false
02-13 18:50:57.831 D/InCallControlState(  342):   muteIndicatorOn: false
02-13 18:50:57.831 D/InCallControlState(  342):   dialpadEnabled: false
02-13 18:50:57.831 D/InCallControlState(  342):   dialpadVisible: false
02-13 18:50:57.831 D/InCallControlState(  342):   onHold: false
02-13 18:50:57.831 D/InCallControlState(  342):   canHold: false
02-13 18:50:57.831 D/InCallScreen(  342): updateProviderOverlay: false
02-13 18:50:57.831 D/InCallScreen(  342): updateMenuButtonHint()...
02-13 18:50:57.841 D/PhoneApp(  342): updateWakeState: callscreen true, dialer false, speaker false...
02-13 18:50:57.841 D/PhoneApp(  342): setScreenTimeout(MEDIUM)...
02-13 18:50:57.841 D/PhoneApp(  342): updateWakeState: keepScreenOn = true (isRinging false, isDialing true, showingDisc false)
02-13 18:50:57.841 D/PhoneApp(  342): requestWakeState(FULL)...
02-13 18:50:57.881 D/CallManager(  342):  handleMessage (EVENT_IN_CALL_VOICE_PRIVACY_OFF)
02-13 18:50:57.881 D/CallNotifier(  342): handleMessage() Msg Type: 10
02-13 18:50:57.881 D/PhoneApp(  342): old phone type:2, New Phone type:2
02-13 18:50:57.881 D/CallNotifier(  342): PHONE_ENHANCED_VP_OFF...
02-13 18:50:57.891 I/GTalkService(  377): [GTalkConnection.26] (WORKER THREAD) update account status
02-13 18:50:57.891 D/Smack   (  377): [XMPPConn] close connection, notifyClosed=false
02-13 18:50:57.911 D/GpsLocationProvider(  256): getAGpsConnectionInfo connType - 3
02-13 18:50:57.931 I/ContactsProvider(  404): updateInTransaction: content://com.android.contacts/status_updates
02-13 18:50:57.981 I/GTalkService(  377): [GTalkConnection.26] (WORKER THREAD) update account status - done, took 87 ms
02-13 18:50:58.051 W/Smack/Packet(  377): notify conn break (IOEx), close connection
02-13 18:50:58.112 D/AccelerometerListener(  342): orientation: horizontal
02-13 18:50:58.112 D/PhoneApp(  342): updateProximitySensorMode: state = OFFHOOK
02-13 18:50:58.112 D/PhoneApp(  342): updateProximitySensorMode: lock already held.
02-13 18:50:58.112 D/PhoneApp(  342): setIgnoreTouchUserActivity(false)...
02-13 18:50:58.172 I/DATA    (  342): [DCT(0) ] onDataCallListChanged:
02-13 18:50:58.172 I/DATA    (  342): [DCT(0) ] ---dc state list---
02-13 18:50:58.172 I/DATA    (  342): [DCT(0) ] DataCallState: { cid: 0, active: 1, type: , apn: , address: 173.155.101.96 }
02-13 18:50:58.172 I/DATA    (  342): [DCT(0) ] ---dc list---
02-13 18:50:58.172 I/DATA    (  342): [DCT(0) ] cid = 0, state = DcActiveState, bearerType = IP, ipaddress = 173.155.101.96, gw=173.155.101.97, dns=[68.28.67.132, 68.28.68.132]
02-13 18:50:58.192 D/CallManager(  342):  handleMessage (EVENT_IN_CALL_VOICE_PRIVACY_OFF)
02-13 18:50:58.192 D/CallNotifier(  342): handleMessage() Msg Type: 10
02-13 18:50:58.192 D/PhoneApp(  342): old phone type:2, New Phone type:2
02-13 18:50:58.192 D/CallNotifier(  342): PHONE_ENHANCED_VP_OFF...
02-13 18:50:58.462 D/CallManager(  342):  handleMessage (EVENT_IN_CALL_VOICE_PRIVACY_OFF)
02-13 18:50:58.482 D/CallNotifier(  342): handleMessage() Msg Type: 10
02-13 18:50:58.482 D/PhoneApp(  342): old phone type:2, New Phone type:2
02-13 18:50:58.482 D/CallNotifier(  342): PHONE_ENHANCED_VP_OFF...
02-13 18:50:58.502 D/CallManager(  342):  handleMessage (EVENT_IN_CALL_VOICE_PRIVACY_OFF)
02-13 18:50:58.522 D/CallNotifier(  342): handleMessage() Msg Type: 10
02-13 18:50:58.522 D/PhoneApp(  342): old phone type:2, New Phone type:2
02-13 18:50:58.522 D/CallNotifier(  342): PHONE_ENHANCED_VP_OFF...
02-13 18:50:58.522 D/CallManager(  342):  handleMessage (EVENT_POST_DIAL_CHARACTER)
02-13 18:50:58.522 D/CallManager(  342):  handleMessage (EVENT_PRECISE_CALL_STATE_CHANGED)
02-13 18:50:58.522 D/InCallScreen(  342): handlePostOnDialChar: state = COMPLETE, ch = 
02-13 18:50:58.522 D/ToneGenerator(  342): stopTone
02-13 18:50:58.522 D/BT HS/HF(  342): updatePhoneState()
02-13 18:50:58.522 D/BT HS/HF(  342): Foreground call state : ACTIVE
02-13 18:50:58.522 D/BT HS/HF(  342): Ringing call state : IDLE
02-13 18:50:58.522 D/BT HS/HF(  342): Background call state : IDLE
02-13 18:50:58.522 D/BT HS/HF(  342): audioOn()
02-13 18:50:58.522 D/BT HS/HF(  342): audioOn(): headset is not connected!
02-13 18:50:58.522 E/BT HS/HF(  342): prev mIsCdmaFirstConnectionHeld  is false
02-13 18:50:58.522 E/BT HS/HF(  342): current mIsCdmaFirstConnectionHeld is false
02-13 18:50:58.522 D/BT HS/HF(  342): CallSetup: 0
02-13 18:50:58.522 D/BT HS/HF(  342): Call: 1
02-13 18:50:58.522 D/BT HS/HF(  342): CallHeld: 0
02-13 18:50:58.522 D/CallNotifier(  342): handleMessage() Msg Type: 1
02-13 18:50:58.522 D/PhoneApp(  342): old phone type:2, New Phone type:2
02-13 18:50:58.522 D/CallNotifier(  342): onPhoneStateChanged: state = OFFHOOK
02-13 18:50:58.522 D/CallNotifier(  342): stopSignalInfoTone: Stopping SignalInfo tone player
02-13 18:50:58.532 D/PhoneApp(  342): updateProximitySensorMode: state = OFFHOOK
02-13 18:50:58.532 D/PhoneApp(  342): updateProximitySensorMode: lock already held.
02-13 18:50:58.532 D/CallNotifier(  342): onPhoneStateChanged: OFF HOOK
02-13 18:50:58.532 D/PhoneUtils(  342): setAudioMode()...OFFHOOK
02-13 18:50:58.532 D/PhoneUtils(  342): setAudioMode() no change: MODE_IN_CALL
02-13 18:50:58.532 D/CallNotifier(  342): stopRing()... (OFFHOOK state)
02-13 18:50:58.532 D/CallNotifier(  342): Reset Auto answer timeout
02-13 18:50:58.532 D/CallNotifier(  342): - updating notification for phone state change...
02-13 18:50:58.532 D/NotificationMgr(  342): updateInCallNotification()...
02-13 18:50:58.532 D/NotificationMgr(  342):   - hasRingingCall = false
02-13 18:50:58.532 D/NotificationMgr(  342):   - hasActiveCall = true
02-13 18:50:58.532 D/NotificationMgr(  342):   - hasHoldingCall = false
02-13 18:50:58.532 D/NotificationMgr(  342): updateInCallNotification: enhancedVoicePrivacy = false
02-13 18:50:58.532 D/NotificationMgr(  342): - Updating status bar icon: resId = 2130837684
02-13 18:50:58.532 D/PhoneApp(  342): createInCallIntent subscription:
02-13 18:50:58.532 D/NotificationMgr(  342): - Updating expanded view: line 1 'xxxxxxx'
02-13 18:50:58.532 D/PhoneUtils(  342): startGetCallerInfo: query already done, returning CallerInfo
02-13 18:50:58.532 D/PhoneUtils(  342): getCompactNameFromCallerInfo: info = CallerInfo { name non-null, phoneNumber non-null }
02-13 18:50:58.532 D/PhoneUtils(  342): getCompactNameFromCallerInfo: compactName=Jodi Smith
02-13 18:50:58.532 D/NotificationMgr(  342): - Updating expanded view: line 2 'xxxxxxx'
02-13 18:50:58.532 D/NotificationMgr(  342): - Setting fullScreenIntent: PendingIntent{4060c940: android.os.BinderProxy@4064c5e8}
02-13 18:50:58.532 D/NotificationMgr(  342): Notifying IN_CALL_NOTIFICATION: Notification(vibrate=null,sound=null,defaults=0x0,flags=0x2)
02-13 18:50:58.532 D/CallNotifier(  342): SignalInfoTonePlayer.run(toneId = 98)...
02-13 18:50:58.532 D/ToneGenerator(  342): stopTone
02-13 18:50:58.532 D/ToneGenerator(  342): startTone
02-13 18:50:58.532 D/AudioTrack(  342): start 0x210f90
02-13 18:50:58.542 D/AudioFlinger(  114): start(4097), calling thread 342 session 4
02-13 18:50:58.542 D/AudioHardwareMSM7X30(  114): setVoiceVolume(1.000000)
02-13 18:50:58.542 D/NotificationMgr(  342): updateSpeakerNotification: speaker OFF (or not offhook)
02-13 18:50:58.542 D/PhoneUtils(  342): audioManager.isMicrophoneMute: false
02-13 18:50:58.542 D/NotificationMgr(  342): updateMuteNotification: not muted (or not offhook)
02-13 18:50:58.542 D/PhoneUtils(  342): ConnectionHandler: updating mute state for each connection
02-13 18:50:58.542 D/PhoneUtils(  342): setMuteInternal: false
02-13 18:50:58.542 D/PhoneUtils(  342): setMuteInternal: falsephoneType = 2
02-13 18:50:58.542 D/PhoneUtils(  342): setMicrophoneMute: false
02-13 18:50:58.542 D/AudioTrack(  342): stop 0x210f90
02-13 18:50:58.552 D/AudioFlinger(  114): stop(4097), calling thread 342
02-13 18:50:58.552 D/PhoneUtils(  342): audioManager.isMicrophoneMute: false
02-13 18:50:58.552 D/NotificationMgr(  342): updateMuteNotification: not muted (or not offhook)
02-13 18:50:58.552 D/InCallScreen(  342): onPhoneStateChanged()...
02-13 18:50:58.552 D/InCallScreen(  342): updateScreen()...
02-13 18:50:58.552 D/InCallScreen(  342): - updateScreen: updating the in-call UI...
02-13 18:50:58.552 D/CallCard(  342): updateState(########### Dump CallManager ############
02-13 18:50:58.552 D/CallCard(  342): CallManager state = OFFHOOK
02-13 18:50:58.552 D/CallCard(  342):    - Foreground: ACTIVE from Handler{4057c160}
02-13 18:50:58.552 D/CallCard(  342):      Conn: [ incoming: false state: ACTIVE post dial state: COMPLETE]
02-13 18:50:58.552 D/CallCard(  342):    - Background: IDLE from Handler{4057c160}
02-13 18:50:58.552 D/CallCard(  342):      Conn: []
02-13 18:50:58.552 D/CallCard(  342):    - Ringing: IDLE from Handler{4057c160}
02-13 18:50:58.552 D/CallCard(  342):  Phone: Handler{4057c160}, name = CDMA, state = OFFHOOK
02-13 18:50:58.552 D/CallCard(  342):    - Foreground: ACTIVE Background: IDLE Ringing: IDLE
02-13 18:50:58.552 D/CallCard(  342): ########## End Dump CallManager ##########)...
02-13 18:50:58.552 D/CallCard(  342): updateForegroundCall()...
02-13 18:50:58.552 D/CallCard(  342): displayMainCallStatus(call ACTIVE)...
02-13 18:50:58.552 D/CallCard(  342):   - call.state: ACTIVE
02-13 18:50:58.552 D/CallCard(  342): displayMainCallStatus: start periodicUpdateTimer
02-13 18:50:58.552 D/CallCard(  342): updateCardTitleWidgets(call ACTIVE)...
02-13 18:50:58.552 D/CallCard(  342): - getTitleForCallCard(Call ACTIVE)...
02-13 18:50:58.552 D/CallCard(  342):   ==> result: Current call
02-13 18:50:58.552 D/CallCard(  342): updateCardTitleWidgets: Current call
02-13 18:50:58.552 D/InCallScreen(  342): getUpdatedInCallControlState()...
02-13 18:50:58.552 D/PhoneUtils(  342): isEmergencyCall()...
02-13 18:50:58.552 D/PhoneUtils(  342): (add_call,fgCallState == Call.State.ACTIVE) = true
02-13 18:50:58.552 D/PhoneUtils(  342): (add_call,app.cdmaPhoneCallState.getAddCallMenuStateAfterCallWaiting() = true
02-13 18:50:58.552 D/InCallScreen(  342): isBluetoothAvailable()...
02-13 18:50:58.562 D/InCallScreen(  342):   - headset state = 0
02-13 18:50:58.562 D/InCallScreen(  342):   - headset address: null
02-13 18:50:58.562 D/InCallScreen(  342):   ==> false
02-13 18:50:58.562 D/PhoneUtils(  342): audioManager.isMicrophoneMute: false
02-13 18:50:58.562 D/AudioHardwareMSM7X30(  114): value of device and enable is 0 1 ALSA dev id:0
02-13 18:50:58.562 D/AudioHardwareMSM7X30(  114): msm_route_stream(PCM_PLAY,5,0,1)
02-13 18:50:58.562 D/InCallScreen(  342): [okToDialDTMFTones] foreground state: ACTIVE, ringing state: false, call screen mode: NORMAL, result: true
02-13 18:50:58.562 D/InCallControlState(  342): InCallControlState:
02-13 18:50:58.562 D/InCallControlState(  342):   manageConferenceVisible: false
02-13 18:50:58.562 D/InCallControlState(  342):   manageConferenceEnabled: false
02-13 18:50:58.562 D/InCallControlState(  342):   canAddCall: true
02-13 18:50:58.562 D/InCallControlState(  342):   canSwap: true
02-13 18:50:58.562 D/InCallControlState(  342):   canMerge: false
02-13 18:50:58.572 D/InCallControlState(  342):   bluetoothEnabled: false
02-13 18:50:58.572 D/InCallControlState(  342):   bluetoothIndicatorOn: false
02-13 18:50:58.572 D/InCallControlState(  342):   speakerEnabled: true
02-13 18:50:58.572 D/InCallControlState(  342):   speakerOn: false
02-13 18:50:58.572 D/InCallControlState(  342):   canMute: true
02-13 18:50:58.572 D/InCallControlState(  342):   muteIndicatorOn: false
02-13 18:50:58.572 D/InCallControlState(  342):   dialpadEnabled: true
02-13 18:50:58.572 D/InCallControlState(  342):   dialpadVisible: false
02-13 18:50:58.572 D/InCallControlState(  342):   onHold: false
02-13 18:50:58.572 D/InCallControlState(  342):   canHold: false
02-13 18:50:58.572 D/CallCard(  342): yangliu,getCurrentCallState: SINGLE_ACTIVE
02-13 18:50:58.572 D/CallCard(  342): yangliu,inCallControlState.onHold: false
02-13 18:50:58.572 D/PhoneUtils(  342): isEmergencyCall()...
02-13 18:50:58.572 D/CallCard(  342):   - CONN:  incoming: false state: ACTIVE post dial state: COMPLETE, state = ACTIVE
02-13 18:50:58.572 D/CallCard(  342): - displayMainCallStatus: updatedNumber = 4864351
02-13 18:50:58.572 D/CallCard(  342): - displayMainCallStatus: starting CallerInfo query...
02-13 18:50:58.572 D/PhoneUtils(  342): startGetCallerInfo: query already done, returning CallerInfo
02-13 18:50:58.572 D/CallCard(  342): updateDisplayForPerson(CallerInfo { name non-null, phoneNumber non-null })
02-13 18:50:58.572 D/CallCard(  342): presentation:1 isTemporary:false
02-13 18:50:58.572 D/CallCard(  342): - got personUri: 'content://com.android.contacts/contacts/179', based on info.person_id: 179
02-13 18:50:58.572 D/CallCard(  342): updatePhotoForCallState(ACTIVE)...
02-13 18:50:58.572 D/CallCard(  342): yangliu_sprint,updatePhotoForCallState,isEarliestConnHold = false
02-13 18:50:58.572 D/CallCard(  342): displayOnHoldCallStatus(call =IDLE)...
02-13 18:50:58.572 D/PhoneApp(  342): - isOtaCallInActiveState false
02-13 18:50:58.572 D/InCallScreen(  342): [okToDialDTMFTones] foreground state: ACTIVE, ringing state: false, call screen mode: NORMAL, result: true
02-13 18:50:58.572 D/InCallScreen(  342): isBluetoothAudioConnected: ==> isAudioOn = false
02-13 18:50:58.582 D/InCallScreen(  342): getUpdatedInCallControlState()...
02-13 18:50:58.582 D/PhoneUtils(  342): isEmergencyCall()...
02-13 18:50:58.582 D/PhoneUtils(  342): (add_call,fgCallState == Call.State.ACTIVE) = true
02-13 18:50:58.582 D/PhoneUtils(  342): (add_call,app.cdmaPhoneCallState.getAddCallMenuStateAfterCallWaiting() = true
02-13 18:50:58.582 D/InCallScreen(  342): isBluetoothAvailable()...
02-13 18:50:58.582 D/InCallScreen(  342):   - headset state = 0
02-13 18:50:58.582 D/InCallScreen(  342):   - headset address: null
02-13 18:50:58.582 D/InCallScreen(  342):   ==> false
02-13 18:50:58.582 D/PhoneUtils(  342): audioManager.isMicrophoneMute: false
02-13 18:50:58.582 D/InCallScreen(  342): [okToDialDTMFTones] foreground state: ACTIVE, ringing state: false, call screen mode: NORMAL, result: true
02-13 18:50:58.582 D/InCallControlState(  342): InCallControlState:
02-13 18:50:58.582 D/InCallControlState(  342):   manageConferenceVisible: false
02-13 18:50:58.582 D/InCallControlState(  342):   manageConferenceEnabled: false
02-13 18:50:58.582 D/InCallControlState(  342):   canAddCall: true
02-13 18:50:58.582 D/InCallControlState(  342):   canSwap: true
02-13 18:50:58.582 D/InCallControlState(  342):   canMerge: false
02-13 18:50:58.582 D/InCallControlState(  342):   bluetoothEnabled: false
02-13 18:50:58.582 D/InCallControlState(  342):   bluetoothIndicatorOn: false
02-13 18:50:58.582 D/InCallControlState(  342):   speakerEnabled: true
02-13 18:50:58.582 D/InCallControlState(  342):   speakerOn: false
02-13 18:50:58.582 D/InCallControlState(  342):   canMute: true
02-13 18:50:58.582 D/InCallControlState(  342):   muteIndicatorOn: false
02-13 18:50:58.582 D/InCallControlState(  342):   dialpadEnabled: true
02-13 18:50:58.582 D/InCallControlState(  342):   dialpadVisible: false
02-13 18:50:58.582 D/InCallControlState(  342):   onHold: false
02-13 18:50:58.582 D/InCallControlState(  342):   canHold: false
02-13 18:50:58.582 D/InCallScreen(  342): updateProviderOverlay: false
02-13 18:50:58.582 D/InCallScreen(  342): updateMenuButtonHint()...
02-13 18:50:58.592 D/PhoneApp(  342): updateWakeState: callscreen true, dialer false, speaker false...
02-13 18:50:58.592 D/PhoneApp(  342): setScreenTimeout(MEDIUM)...
02-13 18:50:58.592 D/PhoneApp(  342): updateWakeState: keepScreenOn = false (isRinging false, isDialing false, showingDisc false)
02-13 18:50:58.592 D/PhoneApp(  342): requestWakeState(PARTIAL)...
02-13 18:50:58.592 D/PowerManagerService(  256): releaseWakeLock flags=0x3000001a tag=PhoneApp
02-13 18:50:58.592 D/PowerManagerService(  256): UnPartial  wakeLock  reactivate ,flags=0x20 tag=PhoneApp
02-13 18:50:58.752 D/CallManager(  342):  handleMessage (EVENT_IN_CALL_VOICE_PRIVACY_OFF)
02-13 18:50:58.772 D/CallNotifier(  342): handleMessage() Msg Type: 10
02-13 18:50:58.772 D/PhoneApp(  342): old phone type:2, New Phone type:2
02-13 18:50:58.772 D/CallNotifier(  342): PHONE_ENHANCED_VP_OFF...
02-13 18:50:58.852 D/AccelerometerListener(  342): orientation: vertical
02-13 18:50:58.852 D/PhoneApp(  342): updateProximitySensorMode: state = OFFHOOK
02-13 18:50:58.852 D/PhoneApp(  342): updateProximitySensorMode: lock already held.
02-13 18:50:59.042 D/PowerManagerService(  256): setPowerState: mPowerState=0x3 newState=0x0 noChangeLights=false reason=4
02-13 18:50:59.273 D/PowerManagerService(  256): acquireWakeLock flags=0x1 tag=sleep_broadcast
02-13 18:50:59.283 D/PowerManagerService(  256): Go to standby ,PARTIAL_WAKE_LOCK tag = PhoneApp
02-13 18:50:59.283 D/PowerManagerService(  256): Go to standby ,PARTIAL_WAKE_LOCK tag = sleep_broadcast
02-13 18:50:59.283 D/KeyguardViewMediator(  256): onScreenTurnedOff(4)
02-13 18:50:59.293 D/PowerManagerService(  256): acquireWakeLock flags=0x1 tag=ActivityManager-Sleep
02-13 18:50:59.393 D/InCallScreen(  342): onPause()...
02-13 18:50:59.393 D/InCallScreen(  342): updateProviderOverlay: false
02-13 18:50:59.393 D/PhoneApp(  342): updateProximitySensorMode: state = OFFHOOK
02-13 18:50:59.393 D/PhoneApp(  342): updateProximitySensorMode: lock already held.
02-13 18:50:59.393 D/ToneGenerator(  342): stopTone
02-13 18:50:59.393 D/AudioTrack(  342): stop 0x3aaaf0
02-13 18:50:59.393 D/AudioFlinger(  114): remove track (4098) and delete from mixer
02-13 18:50:59.393 D/InCallScreen(  342): dismissMenu(immediate = true)...
02-13 18:50:59.393 D/InCallScreen(  342): dismissAllDialogs()...
02-13 18:50:59.393 D/NotificationMgr(  342): updating status bar state: 4
02-13 18:50:59.393 D/PhoneApp(  342): re-enable status bar
02-13 18:50:59.393 D/PhoneApp(  342): StatusBarManager.DISABLE_NONE
02-13 18:50:59.393 D/PhoneApp(  342): updateWakeState: callscreen false, dialer false, speaker false...
02-13 18:50:59.393 D/PhoneApp(  342): setScreenTimeout(DEFAULT)...
02-13 18:50:59.393 D/PhoneApp(  342): updateWakeState: keepScreenOn = false (isRinging false, isDialing false, showingDisc false)
02-13 18:50:59.393 D/PhoneApp(  342): requestWakeState(PARTIAL)...
02-13 18:50:59.403 D/PowerManagerService(  256): releaseWakeLock flags=0x1 tag=ActivityManager-Sleep
02-13 18:50:59.403 D/PowerManagerService(  256): acquireWakeLock flags=0x1 tag=RILJ
02-13 18:50:59.403 D/KeyguardViewMediator(  256): setHidden true
02-13 18:50:59.403 D/KeyguardViewMediator(  256): adjustUserActivityLocked mShowing: false mHidden: true
02-13 18:50:59.413 D/KeyguardViewMediator(  256): setHidden true
02-13 18:50:59.413 D/KeyguardViewMediator(  256): setHidden true
