02-13 18:52:13.125 D/MobileDataStateTracker(  256): [hipri]  MobileDataStateReceiver onReceive(): Entry.
02-13 18:52:13.125 D/MobileDataStateTracker(  256): [hipri]  intent.getAction()= android.intent.action.ANY_DATA_STATE
02-13 18:52:13.125 D/MobileDataStateTracker(  256): [hipri]  mEnabled = false
02-13 18:52:13.125 D/MobileDataStateTracker(  256): [hipri]  apnTypeList = supl
02-13 18:52:13.125 D/MobileDataStateTracker(  256): [hipri]  unavailable = false
02-13 18:52:13.125 D/MobileDataStateTracker(  256): [hipri] Do not process intents if disabled.
02-13 18:52:13.125 D/MobileDataStateTracker(  256): [dun]  MobileDataStateReceiver onReceive(): Entry.
02-13 18:52:13.125 D/MobileDataStateTracker(  256): [dun]  intent.getAction()= android.intent.action.ANY_DATA_STATE
02-13 18:52:13.125 D/MobileDataStateTracker(  256): [dun]  mEnabled = false
02-13 18:52:13.125 D/MobileDataStateTracker(  256): [dun]  apnTypeList = supl
02-13 18:52:13.125 D/MobileDataStateTracker(  256): [dun]  unavailable = false
02-13 18:52:13.125 D/MobileDataStateTracker(  256): [dun] Do not process intents if disabled.
02-13 18:52:13.125 D/MobileDataStateTracker(  256): [supl]  MobileDataStateReceiver onReceive(): Entry.
02-13 18:52:13.125 D/MobileDataStateTracker(  256): [supl]  intent.getAction()= android.intent.action.ANY_DATA_STATE
02-13 18:52:13.125 D/MobileDataStateTracker(  256): [supl]  mEnabled = false
02-13 18:52:13.125 D/MobileDataStateTracker(  256): [supl]  apnTypeList = supl
02-13 18:52:13.125 D/MobileDataStateTracker(  256): [supl]  unavailable = false
02-13 18:52:13.125 D/MobileDataStateTracker(  256): [supl] Do not process intents if disabled.
02-13 18:52:13.125 D/MobileDataStateTracker(  256): [mms]  MobileDataStateReceiver onReceive(): Entry.
02-13 18:52:13.125 D/MobileDataStateTracker(  256): [mms]  intent.getAction()= android.intent.action.ANY_DATA_STATE
02-13 18:52:13.125 D/MobileDataStateTracker(  256): [mms]  mEnabled = false
02-13 18:52:13.125 E/AudioHardwareMSM7X30(  114): AudioStreamOutMSM72xx::setParameters() routing=1
02-13 18:52:13.125 E/AudioHardwareMSM7X30(  114): set output routing 1
02-13 18:52:13.125 E/AudioHardwareMSM7X30(  114): doAudioRouteOrMute() device 0, mMode 0, mMicMute 0
02-13 18:52:13.125 E/AudioHardwareMSM7X30(  114): do_route_audio_rpc(0, 1, 0)
02-13 18:52:13.125 E/AudioHardwareMSM7X30(  114): cur_rx = 0, DEV_ID(cur_rx)=0
02-13 18:52:13.125 E/AudioHardwareMSM7X30(  114): cur_tx = 9, DEV_ID(cur_tx)=12
02-13 18:52:13.125 D/AudioHardwareMSM7X30(  114): new_rx_device = 0, DEV_ID(new_rx_device)=0
02-13 18:52:13.125 D/AudioHardwareMSM7X30(  114): new_tx_device = 9, DEV_ID(new_tx_device)=12
02-13 18:52:13.125 D/AudioHardwareMSM7X30(  114): Ending Voice call
02-13 18:52:13.135 D/GTalkService(  377): ##### Network broadcast (connected=true) type=mobile, state=CONNECTED
02-13 18:52:13.135 D/AudioHardwareMSM7X30(  114): updateDeviceInfo: E rx_device 0 and tx_device 9
02-13 18:52:13.135 D/AudioHardwareMSM7X30(  114): No active voicecall/recording, disabling cur_tx 9
02-13 18:52:13.135 D/AudioHardwareMSM7X30(  114): value of device and enable is 9 0 ALSA dev id:12
02-13 18:52:13.135 I/GTalkService(  377): [GTalkConnection.1] setInternalNetworkState: type=0, state=CONNECTED
02-13 18:52:13.135 D/GTalkService/c(  377): [GTalkConnection.1] connect: acquire wakelock, async connect...
02-13 18:52:13.135 I/GTalkService(  377): [GTalkConnection.1] acquireAsyncWakeLock: WakeLock{4058b000 held=true, refCount=0}
02-13 18:52:13.135 D/AudioHardwareMSM7X30(  114): The node type is 1 and cur device 0 new device 0 
02-13 18:52:13.135 D/AudioHardwareMSM7X30(  114): updateDeviceInfo: X cur_rx 0 cur_tx 9
02-13 18:52:13.135 D/AudioHardwareMSM7X30(  114): setVoiceVolume(1.000000)
02-13 18:52:13.155 D/MobileDataStateTracker(  256): [mms]  apnTypeList = supl
02-13 18:52:13.155 D/MobileDataStateTracker(  256): [mms]  unavailable = false
02-13 18:52:13.155 D/MobileDataStateTracker(  256): [mms] Do not process intents if disabled.
02-13 18:52:13.155 D/MobileDataStateTracker(  256): [default]  MobileDataStateReceiver onReceive(): Entry.
02-13 18:52:13.155 D/MobileDataStateTracker(  256): [default]  intent.getAction()= android.intent.action.ANY_DATA_STATE
02-13 18:52:13.155 D/MobileDataStateTracker(  256): [default]  mEnabled = true
02-13 18:52:13.155 D/MobileDataStateTracker(  256): [default]  apnTypeList = supl
02-13 18:52:13.155 D/MobileDataStateTracker(  256): [default]  unavailable = false
02-13 18:52:13.155 D/MobileDataStateTracker(  256): [default] not what we are looking for.
02-13 18:52:13.155 D/MobileDataStateTracker(  256): [hipri]  MobileDataStateReceiver onReceive(): Entry.
02-13 18:52:13.155 D/MobileDataStateTracker(  256): [hipri]  intent.getAction()= android.intent.action.ANY_DATA_STATE
02-13 18:52:13.155 D/MobileDataStateTracker(  256): [hipri]  mEnabled = false
02-13 18:52:13.155 D/MobileDataStateTracker(  256): [hipri]  apnTypeList = dun
02-13 18:52:13.155 D/MobileDataStateTracker(  256): [hipri]  unavailable = false
02-13 18:52:13.155 D/MobileDataStateTracker(  256): [hipri] Do not process intents if disabled.
02-13 18:52:13.155 D/MobileDataStateTracker(  256): [dun]  MobileDataStateReceiver onReceive(): Entry.
02-13 18:52:13.155 D/MobileDataStateTracker(  256): [dun]  intent.getAction()= android.intent.action.ANY_DATA_STATE
02-13 18:52:13.155 D/MobileDataStateTracker(  256): [dun]  mEnabled = false
02-13 18:52:13.165 D/MobileDataStateTracker(  256): [dun]  apnTypeList = dun
02-13 18:52:13.165 D/MobileDataStateTracker(  256): [dun]  unavailable = false
02-13 18:52:13.165 D/MobileDataStateTracker(  256): [dun] Do not process intents if disabled.
02-13 18:52:13.165 D/MobileDataStateTracker(  256): [supl]  MobileDataStateReceiver onReceive(): Entry.
02-13 18:52:13.165 D/MobileDataStateTracker(  256): [supl]  intent.getAction()= android.intent.action.ANY_DATA_STATE
02-13 18:52:13.165 D/MobileDataStateTracker(  256): [supl]  mEnabled = false
02-13 18:52:13.165 D/MobileDataStateTracker(  256): [supl]  apnTypeList = dun
02-13 18:52:13.165 D/MobileDataStateTracker(  256): [supl]  unavailable = false
02-13 18:52:13.165 D/MobileDataStateTracker(  256): [supl] Do not process intents if disabled.
02-13 18:52:13.165 D/MobileDataStateTracker(  256): [mms]  MobileDataStateReceiver onReceive(): Entry.
02-13 18:52:13.165 D/MobileDataStateTracker(  256): [mms]  intent.getAction()= android.intent.action.ANY_DATA_STATE
02-13 18:52:13.165 D/MobileDataStateTracker(  256): [mms]  mEnabled = false
02-13 18:52:13.165 D/MobileDataStateTracker(  256): [mms]  apnTypeList = dun
02-13 18:52:13.165 D/MobileDataStateTracker(  256): [mms]  unavailable = false
02-13 18:52:13.165 D/MobileDataStateTracker(  256): [mms] Do not process intents if disabled.
02-13 18:52:13.165 D/MobileDataStateTracker(  256): [default]  MobileDataStateReceiver onReceive(): Entry.
02-13 18:52:13.165 D/MobileDataStateTracker(  256): [default]  intent.getAction()= android.intent.action.ANY_DATA_STATE
02-13 18:52:13.165 D/MobileDataStateTracker(  256): [default]  mEnabled = true
02-13 18:52:13.175 D/MobileDataStateTracker(  256): [default]  apnTypeList = dun
02-13 18:52:13.175 D/MobileDataStateTracker(  256): [default]  unavailable = false
02-13 18:52:13.175 D/MobileDataStateTracker(  256): [default] not what we are looking for.
02-13 18:52:13.175 D/MobileDataStateTracker(  256): [hipri]  MobileDataStateReceiver onReceive(): Entry.
02-13 18:52:13.175 D/MobileDataStateTracker(  256): [hipri]  intent.getAction()= android.intent.action.ANY_DATA_STATE
02-13 18:52:13.175 D/MobileDataStateTracker(  256): [hipri]  mEnabled = false
02-13 18:52:13.175 D/MobileDataStateTracker(  256): [hipri]  apnTypeList = dun
02-13 18:52:13.175 D/MobileDataStateTracker(  256): [hipri]  unavailable = false
02-13 18:52:13.175 D/MobileDataStateTracker(  256): [hipri] Do not process intents if disabled.
02-13 18:52:13.175 D/MobileDataStateTracker(  256): [dun]  MobileDataStateReceiver onReceive(): Entry.
02-13 18:52:13.175 D/MobileDataStateTracker(  256): [dun]  intent.getAction()= android.intent.action.ANY_DATA_STATE
02-13 18:52:13.175 D/MobileDataStateTracker(  256): [dun]  mEnabled = false
02-13 18:52:13.185 D/MobileDataStateTracker(  256): [dun]  apnTypeList = dun
02-13 18:52:13.185 D/MobileDataStateTracker(  256): [dun]  unavailable = false
02-13 18:52:13.185 D/MobileDataStateTracker(  256): [dun] Do not process intents if disabled.
02-13 18:52:13.185 D/MobileDataStateTracker(  256): [supl]  MobileDataStateReceiver onReceive(): Entry.
02-13 18:52:13.185 D/MobileDataStateTracker(  256): [supl]  intent.getAction()= android.intent.action.ANY_DATA_STATE
02-13 18:52:13.185 D/MobileDataStateTracker(  256): [supl]  mEnabled = false
02-13 18:52:13.185 D/MobileDataStateTracker(  256): [supl]  apnTypeList = dun
02-13 18:52:13.185 D/MobileDataStateTracker(  256): [supl]  unavailable = false
02-13 18:52:13.185 D/MobileDataStateTracker(  256): [supl] Do not process intents if disabled.
02-13 18:52:13.185 D/MobileDataStateTracker(  256): [mms]  MobileDataStateReceiver onReceive(): Entry.
02-13 18:52:13.185 D/MobileDataStateTracker(  256): [mms]  intent.getAction()= android.intent.action.ANY_DATA_STATE
02-13 18:52:13.185 D/MobileDataStateTracker(  256): [mms]  mEnabled = false
02-13 18:52:13.185 D/MobileDataStateTracker(  256): [mms]  apnTypeList = dun
02-13 18:52:13.185 D/MobileDataStateTracker(  256): [mms]  unavailable = false
02-13 18:52:13.185 D/MobileDataStateTracker(  256): [mms] Do not process intents if disabled.
02-13 18:52:13.185 D/MobileDataStateTracker(  256): [default]  MobileDataStateReceiver onReceive(): Entry.
02-13 18:52:13.185 D/MobileDataStateTracker(  256): [default]  intent.getAction()= android.intent.action.ANY_DATA_STATE
02-13 18:52:13.185 D/MobileDataStateTracker(  256): [default]  mEnabled = true
02-13 18:52:13.185 D/MobileDataStateTracker(  256): [default]  apnTypeList = dun
02-13 18:52:13.185 D/MobileDataStateTracker(  256): [default]  unavailable = false
02-13 18:52:13.185 D/MobileDataStateTracker(  256): [default] not what we are looking for.
02-13 18:52:13.185 D/MobileDataStateTracker(  256): [hipri]  MobileDataStateReceiver onReceive(): Entry.
02-13 18:52:13.185 D/MobileDataStateTracker(  256): [hipri]  intent.getAction()= android.intent.action.ANY_DATA_STATE
02-13 18:52:13.185 D/MobileDataStateTracker(  256): [hipri]  mEnabled = false
02-13 18:52:13.195 D/MobileDataStateTracker(  256): [hipri]  apnTypeList = hipri
02-13 18:52:13.195 D/MobileDataStateTracker(  256): [hipri]  unavailable = false
02-13 18:52:13.195 D/MobileDataStateTracker(  256): [hipri] Do not process intents if disabled.
02-13 18:52:13.195 D/MobileDataStateTracker(  256): [dun]  MobileDataStateReceiver onReceive(): Entry.
02-13 18:52:13.195 D/MobileDataStateTracker(  256): [dun]  intent.getAction()= android.intent.action.ANY_DATA_STATE
02-13 18:52:13.195 D/MobileDataStateTracker(  256): [dun]  mEnabled = false
02-13 18:52:13.195 D/MobileDataStateTracker(  256): [dun]  apnTypeList = hipri
02-13 18:52:13.195 D/MobileDataStateTracker(  256): [dun]  unavailable = false
02-13 18:52:13.195 D/MobileDataStateTracker(  256): [dun] Do not process intents if disabled.
02-13 18:52:13.195 D/MobileDataStateTracker(  256): [supl]  MobileDataStateReceiver onReceive(): Entry.
02-13 18:52:13.195 D/MobileDataStateTracker(  256): [supl]  intent.getAction()= android.intent.action.ANY_DATA_STATE
02-13 18:52:13.195 D/MobileDataStateTracker(  256): [supl]  mEnabled = false
02-13 18:52:13.195 D/MobileDataStateTracker(  256): [supl]  apnTypeList = hipri
02-13 18:52:13.205 D/MobileDataStateTracker(  256): [supl]  unavailable = false
02-13 18:52:13.205 D/MobileDataStateTracker(  256): [supl] Do not process intents if disabled.
02-13 18:52:13.205 D/MobileDataStateTracker(  256): [mms]  MobileDataStateReceiver onReceive(): Entry.
02-13 18:52:13.205 D/MobileDataStateTracker(  256): [mms]  intent.getAction()= android.intent.action.ANY_DATA_STATE
02-13 18:52:13.205 D/MobileDataStateTracker(  256): [mms]  mEnabled = false
02-13 18:52:13.205 D/MobileDataStateTracker(  256): [mms]  apnTypeList = hipri
02-13 18:52:13.205 D/MobileDataStateTracker(  256): [mms]  unavailable = false
02-13 18:52:13.205 D/MobileDataStateTracker(  256): [mms] Do not process intents if disabled.
02-13 18:52:13.205 D/MobileDataStateTracker(  256): [default]  MobileDataStateReceiver onReceive(): Entry.
02-13 18:52:13.205 D/MobileDataStateTracker(  256): [default]  intent.getAction()= android.intent.action.ANY_DATA_STATE
02-13 18:52:13.205 D/MobileDataStateTracker(  256): [default]  mEnabled = true
02-13 18:52:13.205 D/MobileDataStateTracker(  256): [default]  apnTypeList = hipri
02-13 18:52:13.215 D/MobileDataStateTracker(  256): [default]  unavailable = false
02-13 18:52:13.215 D/MobileDataStateTracker(  256): [default] not what we are looking for.
02-13 18:52:13.215 D/MobileDataStateTracker(  256): [hipri]  MobileDataStateReceiver onReceive(): Entry.
02-13 18:52:13.215 D/MobileDataStateTracker(  256): [hipri]  intent.getAction()= android.intent.action.ANY_DATA_STATE
02-13 18:52:13.215 D/MobileDataStateTracker(  256): [hipri]  mEnabled = false
02-13 18:52:13.215 D/MobileDataStateTracker(  256): [hipri]  apnTypeList = hipri
02-13 18:52:13.215 D/MobileDataStateTracker(  256): [hipri]  unavailable = false
02-13 18:52:13.215 D/MobileDataStateTracker(  256): [hipri] Do not process intents if disabled.
02-13 18:52:13.215 D/MobileDataStateTracker(  256): [dun]  MobileDataStateReceiver onReceive(): Entry.
02-13 18:52:13.215 D/MobileDataStateTracker(  256): [dun]  intent.getAction()= android.intent.action.ANY_DATA_STATE
02-13 18:52:13.215 D/MobileDataStateTracker(  256): [dun]  mEnabled = false
02-13 18:52:13.215 D/MobileDataStateTracker(  256): [dun]  apnTypeList = hipri
02-13 18:52:13.215 D/MobileDataStateTracker(  256): [dun]  unavailable = false
02-13 18:52:13.225 D/MobileDataStateTracker(  256): [dun] Do not process intents if disabled.
02-13 18:52:13.225 D/MobileDataStateTracker(  256): [supl]  MobileDataStateReceiver onReceive(): Entry.
02-13 18:52:13.225 D/MobileDataStateTracker(  256): [supl]  intent.getAction()= android.intent.action.ANY_DATA_STATE
02-13 18:52:13.225 D/MobileDataStateTracker(  256): [supl]  mEnabled = false
02-13 18:52:13.225 D/MobileDataStateTracker(  256): [supl]  apnTypeList = hipri
02-13 18:52:13.225 D/MobileDataStateTracker(  256): [supl]  unavailable = false
02-13 18:52:13.225 D/MobileDataStateTracker(  256): [supl] Do not process intents if disabled.
02-13 18:52:13.225 D/MobileDataStateTracker(  256): [mms]  MobileDataStateReceiver onReceive(): Entry.
02-13 18:52:13.225 D/MobileDataStateTracker(  256): [mms]  intent.getAction()= android.intent.action.ANY_DATA_STATE
02-13 18:52:13.225 D/MobileDataStateTracker(  256): [mms]  mEnabled = false
02-13 18:52:13.225 D/MobileDataStateTracker(  256): [mms]  apnTypeList = hipri
02-13 18:52:13.225 D/MobileDataStateTracker(  256): [mms]  unavailable = false
02-13 18:52:13.225 D/MobileDataStateTracker(  256): [mms] Do not process intents if disabled.
02-13 18:52:13.225 D/MobileDataStateTracker(  256): [default]  MobileDataStateReceiver onReceive(): Entry.
02-13 18:52:13.225 D/MobileDataStateTracker(  256): [default]  intent.getAction()= android.intent.action.ANY_DATA_STATE
02-13 18:52:13.225 D/MobileDataStateTracker(  256): [default]  mEnabled = true
02-13 18:52:13.225 D/MobileDataStateTracker(  256): [default]  apnTypeList = hipri
02-13 18:52:13.225 D/MobileDataStateTracker(  256): [default]  unavailable = false
02-13 18:52:13.225 D/MobileDataStateTracker(  256): [default] not what we are looking for.
02-13 18:52:13.225 D/Tethering(  256): MasterInitialState.processMessage what=3
02-13 18:52:13.225 I/MediaUploader(  688): No need to wake up
02-13 18:52:13.295 I/GTalkService(  377): [GTalkConnection.26] (WORKER THREAD) update account status
02-13 18:52:13.315 D/PhoneApp(  342): mReceiver: ACTION_ANY_DATA_CONNECTION_STATE_CHANGED
02-13 18:52:13.315 D/PhoneApp(  342): - state: CONNECTED
02-13 18:52:13.315 D/PhoneApp(  342): - reason: 2GVoiceCallEnded
02-13 18:52:13.315 D/PhoneApp(  342): mReceiver: ACTION_ANY_DATA_CONNECTION_STATE_CHANGED
02-13 18:52:13.315 D/PhoneApp(  342): - state: CONNECTED
02-13 18:52:13.315 D/PhoneApp(  342): - reason: 2GVoiceCallEnded
02-13 18:52:13.315 D/PhoneApp(  342): mReceiver: ACTION_ANY_DATA_CONNECTION_STATE_CHANGED
02-13 18:52:13.315 D/PhoneApp(  342): - state: CONNECTED
02-13 18:52:13.315 D/PhoneApp(  342): - reason: 2GVoiceCallEnded
02-13 18:52:13.315 D/PhoneApp(  342): mReceiver: ACTION_ANY_DATA_CONNECTION_STATE_CHANGED
02-13 18:52:13.315 D/PhoneApp(  342): - state: CONNECTED
02-13 18:52:13.315 D/PhoneApp(  342): - reason: 2GVoiceCallEnded
02-13 18:52:13.315 D/PhoneApp(  342): mReceiver: ACTION_ANY_DATA_CONNECTION_STATE_CHANGED
02-13 18:52:13.315 D/PhoneApp(  342): - state: CONNECTED
02-13 18:52:13.315 D/PhoneApp(  342): - reason: 2GVoiceCallEnded
02-13 18:52:13.315 D/PhoneApp(  342): mReceiver: ACTION_ANY_DATA_CONNECTION_STATE_CHANGED
02-13 18:52:13.325 D/PhoneApp(  342): - state: CONNECTED
02-13 18:52:13.325 D/PhoneApp(  342): - reason: 2GVoiceCallEnded
02-13 18:52:13.325 D/PhoneApp(  342): mReceiver: ACTION_ANY_DATA_CONNECTION_STATE_CHANGED
02-13 18:52:13.325 D/PhoneApp(  342): - state: CONNECTED
02-13 18:52:13.325 D/PhoneApp(  342): - reason: 2GVoiceCallEnded
02-13 18:52:13.325 D/AccelerometerListener(  342): orientation: horizontal
02-13 18:52:13.325 D/PhoneApp(  342): updateProximitySensorMode: state = IDLE
02-13 18:52:13.325 D/PhoneApp(  342): updateProximitySensorMode: lock already released.
02-13 18:52:13.325 D/PhoneApp(  342): old phone type:2, New Phone type:2
02-13 18:52:13.345 D/NotificationMgr(  342): hideDataDisconnectedRoaming()...
02-13 18:52:13.345 D/PhoneApp(  342): old phone type:2, New Phone type:2
02-13 18:52:13.345 D/NotificationMgr(  342): hideDataDisconnectedRoaming()...
02-13 18:52:13.345 D/PhoneApp(  342): old phone type:2, New Phone type:2
02-13 18:52:13.345 D/NotificationMgr(  342): hideDataDisconnectedRoaming()...
02-13 18:52:13.345 D/PhoneApp(  342): old phone type:2, New Phone type:2
02-13 18:52:13.345 D/NotificationMgr(  342): hideDataDisconnectedRoaming()...
02-13 18:52:13.345 D/PhoneApp(  342): old phone type:2, New Phone type:2
02-13 18:52:13.345 D/NotificationMgr(  342): hideDataDisconnectedRoaming()...
02-13 18:52:13.345 D/PhoneApp(  342): old phone type:2, New Phone type:2
02-13 18:52:13.345 D/NotificationMgr(  342): hideDataDisconnectedRoaming()...
02-13 18:52:13.355 D/PhoneApp(  342): old phone type:2, New Phone type:2
02-13 18:52:13.355 D/NotificationMgr(  342): hideDataDisconnectedRoaming()...
02-13 18:52:13.355 D/PhoneApp(  342): old phone type:2, New Phone type:2
02-13 18:52:13.355 D/NotificationMgr(  342): hideDataDisconnectedRoaming()...
02-13 18:52:13.355 D/PhoneApp(  342): old phone type:2, New Phone type:2
02-13 18:52:13.355 D/NotificationMgr(  342): hideDataDisconnectedRoaming()...
02-13 18:52:13.355 D/PhoneApp(  342): old phone type:2, New Phone type:2
02-13 18:52:13.355 D/NotificationMgr(  342): hideDataDisconnectedRoaming()...
02-13 18:52:13.355 D/GpsLocationProvider(  256): updateNetworkState available info: NetworkInfo: type: mobile[CDMA - EvDo rev. A], state: CONNECTED/CONNECTED, reason: 2GVoiceCallEnded, extra: (none), roaming: false, failover: false, isAvailable: true, isIpv4Connected: true, isIpv6Connected: false, ipv4Name: rmnet0, ipv6Name: null
02-13 18:52:13.505 E/ContactsProvider(  404): ContactsProvider2 isContactLocked:0
02-13 18:52:13.505 D/PicasaSyncManager(  667): active network: NetworkInfo: type: mobile[CDMA - EvDo rev. A], state: CONNECTED/CONNECTED, reason: 2GVoiceCallEnded, extra: (none), roaming: false, failover: false, isAvailable: true, isIpv4Connected: true, isIpv6Connected: false, ipv4Name: rmnet0, ipv6Name: null
02-13 18:52:13.515 D/Bitmap  (  256): Detect unrecycled bitmap.
02-13 18:52:13.515 D/Bitmap  (  256):       Size: 39744 Bytes, Width: 108 , Height: 92 , Hash code: 1083696256
02-13 18:52:13.515 D/Bitmap  (  256):  This bimap was created in:
02-13 18:52:13.515 D/Bitmap  (  256):       android.graphics.Bitmap.<init>(Bitmap.java:136)
02-13 18:52:13.515 D/Bitmap  (  256):       android.graphics.BitmapFactory.nativeDecodeAsset(Native Method)
02-13 18:52:13.515 D/Bitmap  (  256):       android.graphics.BitmapFactory.decodeStream(BitmapFactory.java:460)
02-13 18:52:13.515 D/Bitmap  (  256):       android.graphics.BitmapFactory.decodeResourceStream(BitmapFactory.java:336)
02-13 18:52:13.515 D/Bitmap  (  256):       android.graphics.drawable.Drawable.createFromResourceStream(Drawable.java:697)
02-13 18:52:13.515 D/Bitmap  (  256):       android.content.res.Resources.loadDrawable(Resources.java:1709)
02-13 18:52:13.515 D/Bitmap  (  256):       android.content.res.Resources.getDrawable(Resources.java:581)
02-13 18:52:13.515 D/Bitmap  (  256):       android.graphics.drawable.StateListDrawable.inflate(StateListDrawable.java:162)
02-13 18:52:13.515 D/Bitmap  (  256):       android.graphics.drawable.Drawable.createFromXmlInner(Drawable.java:787)
02-13 18:52:13.515 D/Bitmap  (  256):       android.graphics.drawable.Drawable.createFromXml(Drawable.java:728)
02-13 18:52:13.515 D/Bitmap  (  256):       android.content.res.Resources.loadDrawable(Resources.java:1694)
02-13 18:52:13.515 D/Bitmap  (  256):       android.content.res.Resources.getDrawable(Resources.java:581)
02-13 18:52:13.515 D/Bitmap  (  256):       android.view.View.setBackgroundResource(View.java:7533)
02-13 18:52:13.515 D/Bitmap  (  256):       com.android.internal.widget.SlidingTab$Slider.<init>(SlidingTab.java:192)
02-13 18:52:13.515 D/Bitmap  (  256):       com.android.internal.widget.SlidingTab.<init>(SlidingTab.java:462)
02-13 18:52:13.515 D/Bitmap  (  256):       java.lang.reflect.Constructor.constructNative(Native Method)
02-13 18:52:13.515 D/Bitmap  (  256):       java.lang.reflect.Constructor.newInstance(Constructor.java:415)
02-13 18:52:13.515 D/Bitmap  (  256):       android.view.LayoutInflater.createView(LayoutInflater.java:505)
02-13 18:52:13.515 D/Bitmap  (  256):       android.view.LayoutInflater.createViewFromTag(LayoutInflater.java:570)
02-13 18:52:13.515 D/Bitmap  (  256):       android.view.LayoutInflater.rInflate(LayoutInflater.java:623)
02-13 18:52:13.515 D/Bitmap  (  256):       android.view.LayoutInflater.inflate(LayoutInflater.java:408)
02-13 18:52:13.515 D/Bitmap  (  256):       android.view.LayoutInflater.inflate(LayoutInflater.java:320)
02-13 18:52:13.515 D/Bitmap  (  256):       com.android.internal.policy.impl.LockScreen.<init>(LockScreen.java:328)
02-13 18:52:13.515 D/Bitmap  (  256):       com.android.internal.policy.impl.LockPatternKeyguardView.createLockScreen(LockPatternKeyguardView.java:821)
02-13 18:52:13.515 D/Bitmap  (  256):       com.android.internal.policy.impl.LockPatternKeyguardView.<init>(LockPatternKeyguardView.java:429)
02-13 18:52:13.515 D/Bitmap  (  256):       com.android.internal.policy.impl.LockPatternKeyguardViewProperties.createKeyguardView(LockPatternKeyguardViewProperties.java:49)
02-13 18:52:13.515 D/Bitmap  (  256):       com.android.internal.policy.impl.KeyguardViewManager.show(KeyguardViewManager.java:125)
02-13 18:52:13.515 D/Bitmap  (  256):       com.android.internal.policy.impl.KeyguardViewMediator.handleShow(KeyguardViewMediator.java:1064)
02-13 18:52:13.515 D/Bitmap  (  256):       com.android.internal.policy.impl.KeyguardViewMediator.access$700(KeyguardViewMediator.java:103)
02-13 18:52:13.515 D/Bitmap  (  256):       com.android.internal.policy.impl.KeyguardViewMediator$2.handleMessage(KeyguardViewMediator.java:931)
02-13 18:52:13.515 D/Bitmap  (  256):       android.os.Handler.dispatchMessage(Handler.java:99)
02-13 18:52:13.515 D/Bitmap  (  256):       android.os.Looper.loop(Looper.java:130)
02-13 18:52:13.515 D/Bitmap  (  256):       com.android.server.WindowManagerService$PolicyThread.run(WindowManagerService.java:613)
02-13 18:52:13.515 D/Bitmap  (  256): _
02-13 18:52:13.525 D/PicasaSyncManager(  667): background data: true
02-13 18:52:13.535 D/AlarmManager(  256): +++Alarm set:type=0 com.google.android.gsf  Trigger after:505548425ms
02-13 18:52:13.585 D/GpsLocationProvider(  256): getAGpsConnectionInfo connType - 3
02-13 18:52:13.825 D/AccelerometerListener(  342): orientation: vertical
02-13 18:52:13.825 D/PhoneApp(  342): updateProximitySensorMode: state = IDLE
02-13 18:52:13.825 D/PhoneApp(  342): updateProximitySensorMode: lock already released.
02-13 18:52:14.336 D/AccelerometerListener(  342): orientation: horizontal
02-13 18:52:14.336 D/PhoneApp(  342): updateProximitySensorMode: state = IDLE
02-13 18:52:14.346 D/PhoneApp(  342): updateProximitySensorMode: lock already released.
02-13 18:52:14.406 D/InCallScreen(  342): delayedCleanupAfterDisconnect()...  Phone state = IDLE
02-13 18:52:14.406 D/InCallScreen(  342): - delayedCleanupAfterDisconnect: phone is idle...
02-13 18:52:14.406 D/InCallScreen(  342): - delayedCleanupAfterDisconnect: finishing InCallScreen...
02-13 18:52:14.406 D/InCallScreen(  342): - Post-call behavior:
02-13 18:52:14.406 D/InCallScreen(  342):   - mLastDisconnectCause = LOCAL
02-13 18:52:14.406 D/InCallScreen(  342):   - isPhoneStateRestricted() = true
02-13 18:52:14.406 D/InCallScreen(  342): endInCallScreenSession()...
02-13 18:52:14.406 D/InCallScreen(  342): endInCallScreenSession(false)...
02-13 18:52:14.406 D/InCallScreen(  342): setInCallScreenMode: UNDEFINED
02-13 18:52:14.406 D/InCallScreen(  342): [okToDialDTMFTones] foreground state: IDLE, ringing state: false, call screen mode: UNDEFINED, result: false
02-13 18:52:14.406 D/InCallScreen(  342): isBluetoothAudioConnected: ==> isAudioOn = false
02-13 18:52:14.406 D/CallManager(  342):  handleMessage (EVENT_PRECISE_CALL_STATE_CHANGED)
02-13 18:52:14.406 D/InCallScreen(  342): onPause()...
02-13 18:52:14.416 D/InCallScreen(  342): updateProviderOverlay: false
02-13 18:52:14.416 D/PhoneApp(  342): updateProximitySensorMode: state = IDLE
02-13 18:52:14.416 D/PhoneApp(  342): updateProximitySensorMode: lock already released.
02-13 18:52:14.416 D/ToneGenerator(  342): stopTone
02-13 18:52:14.416 D/AudioTrack(  342): stop 0xe91a0
02-13 18:52:14.416 D/AudioFlinger(  114): remove track (4098) and delete from mixer
02-13 18:52:14.416 D/InCallScreen(  342): dismissMenu(immediate = true)...
02-13 18:52:14.416 D/InCallScreen(  342): dismissAllDialogs()...
02-13 18:52:14.416 D/NotificationMgr(  342): updating status bar state: 4
02-13 18:52:14.416 D/PhoneApp(  342): re-enable status bar
02-13 18:52:14.416 D/PhoneApp(  342): StatusBarManager.DISABLE_NONE
02-13 18:52:14.416 D/PhoneApp(  342): updateWakeState: callscreen false, dialer false, speaker false...
02-13 18:52:14.416 D/PhoneApp(  342): setScreenTimeout(DEFAULT)...
02-13 18:52:14.416 D/PhoneApp(  342): updateWakeState: keepScreenOn = false (isRinging false, isDialing false, showingDisc false)
02-13 18:52:14.416 D/PhoneApp(  342): requestWakeState(SLEEP)...
02-13 18:52:14.416 D/PowerManagerService(  256): releaseWakeLock flags=0x3000001a tag=PhoneApp
02-13 18:52:14.426 D/KeyguardViewMediator(  256): setHidden false
02-13 18:52:14.426 D/KeyguardViewMediator(  256): adjustUserActivityLocked mShowing: true mHidden: false
02-13 18:52:14.426 D/PowerManagerService(  256): acquireWakeLock flags=0x1000001a tag=keyguard
02-13 18:52:14.426 D/PowerManagerService(  256): UnPartial  wakeLock  reactivate ,flags=0x1000001a tag=keyguard
02-13 18:52:14.426 D/KeyguardViewMediator(  256): setHidden false
02-13 18:52:14.426 D/KeyguardViewMediator(  256): setHidden false
02-13 18:52:14.436 D/KeyguardViewMediator(  256): setHidden false
02-13 18:52:14.446 D/KeyguardViewMediator(  256): setHidden false
02-13 18:52:14.446 I/hubo    (  256): Activity {com.android.contacts/com.android.contacts.DialtactsActivity}
02-13 18:52:14.446 D/BT HS/HF(  342): updatePhoneState()
02-13 18:52:14.446 D/BT HS/HF(  342): audioOff(): mPendingSco: false, mConnectedSco: null, mOutgoingSco: null, mA2dpState: 0, mA2dpSuspended: false, mIncomingSco:null
02-13 18:52:14.446 I/BluetoothService(  256): Got Call State change - new call state = 0
02-13 18:52:14.456 D/BT HS/HF(  342): Foreground call state : IDLE
02-13 18:52:14.456 D/BT HS/HF(  342): Ringing call state : IDLE
02-13 18:52:14.456 D/BT HS/HF(  342): Background call state : IDLE
02-13 18:52:14.456 D/BT HS/HF(  342): audioOff(): mPendingSco: false, mConnectedSco: null, mOutgoingSco: null, mA2dpState: 0, mA2dpSuspended: false, mIncomingSco:null
02-13 18:52:14.456 E/BT HS/HF(  342): prev mIsCdmaFirstConnectionHeld  is false
02-13 18:52:14.456 E/BT HS/HF(  342): current mIsCdmaFirstConnectionHeld is false
02-13 18:52:14.456 D/KeyguardViewMediator(  256): setHidden false
02-13 18:52:14.456 I/SmartDialerActivity(  404): onResume
02-13 18:52:14.456 D/AudioTrack(  404): Request AudioFlinger to create track
02-13 18:52:14.456 D/AudioFlinger(  114): createTrack() lSessionId: 31
02-13 18:52:14.456 D/AudioFlinger(  114): Track constructor name 4098, calling thread 404
02-13 18:52:14.456 I/SmartDialerActivity(  404): parent = null
02-13 18:52:14.456 I/SmartDialerActivity(  404): contactAccessor = com.android.contacts.smartdialer.ContactAccessorSdk5@4058a148
02-13 18:52:14.456 I/SmartDialerActivity(  404): newData
02-13 18:52:14.456 I/ContactAccessorSdk5(  404): Phone.CONTENT_FILTER_URI = content://com.android.contacts/data/phones/filter
02-13 18:52:14.456 I/ContactAccessorSdk5(  404): recalculate number = 
02-13 18:52:14.456 I/ContactAccessorSdk5(  404): recalculate filterName = 
02-13 18:52:14.456 I/ContactAccessorSdk5(  404): recalculate reversed = 
02-13 18:52:14.456 I/ContactAccessorSdk5(  404): mQueryHandler = Handler{40581888}
02-13 18:52:14.456 W/CallLogProvider(  404): query: match = 4
02-13 18:52:14.456 D/CallLogProvider(  404): DIALER_CALLS
02-13 18:52:14.466 D/SmartDialerActivity(  404): updateAddtoContactsButtonEnabledStatefalse
02-13 18:52:14.466 I/SmartDialerActivity(  404): showDialpadChooser:false
02-13 18:52:14.466 I/SmartDialerActivity(  404): Displaying normal Dialer UI.
02-13 18:52:14.466 D/BT HS/HF(  342): CallSetup: 0
02-13 18:52:14.466 D/BT HS/HF(  342): Call: 0
02-13 18:52:14.466 D/BT HS/HF(  342): CallHeld: 0
02-13 18:52:14.466 D/CallNotifier(  342): handleMessage() Msg Type: 1
02-13 18:52:14.466 D/PhoneApp(  342): old phone type:2, New Phone type:2
02-13 18:52:14.466 D/CallNotifier(  342): onPhoneStateChanged: state = IDLE
02-13 18:52:14.466 D/NotificationMgr(  342): updating status bar state: 0
02-13 18:52:14.466 D/PhoneApp(  342): updateProximitySensorMode: state = IDLE
02-13 18:52:14.466 D/PhoneApp(  342): updateProximitySensorMode: lock already released.
02-13 18:52:14.466 D/PhoneApp(  342): updateProximitySensorMode: state = IDLE
02-13 18:52:14.466 D/PhoneApp(  342): updateProximitySensorMode: lock already released.
02-13 18:52:14.466 D/AccelerometerListener(  342): enable(false)
02-13 18:52:14.466 D/PhoneUtils(  342): ConnectionHandler: updating mute state for each connection
02-13 18:52:14.466 D/KeyguardViewMediator(  256): setHidden false
02-13 18:52:14.476 D/KeyguardViewMediator(  256): setHidden false
02-13 18:52:14.476 D/PhoneUtils(  342): connection:  incoming: false state: DISCONNECTED post dial state: COMPLETEnot accounted for, removing.
02-13 18:52:14.476 D/PhoneUtils(  342): setMuteInternal: false
02-13 18:52:14.476 D/PhoneUtils(  342): setMuteInternal: falsephoneType = 2
02-13 18:52:14.476 D/PhoneUtils(  342): setMicrophoneMute: false
02-13 18:52:14.476 D/NotificationMgr(  342): updateMuteNotification: not muted (or not offhook)
02-13 18:52:14.476 D/PhoneUtils(  342): ghh0611 ussd and IDLE m_mmiDialog = null
02-13 18:52:14.476 D/InCallScreen(  342): Handler: handling message { what=101 when=-72ms obj=android.os.AsyncResult@406ad530 } while not in foreground
02-13 18:52:14.476 D/InCallScreen(  342): onPhoneStateChanged()...
02-13 18:52:14.476 D/InCallScreen(  342): onPhoneStateChanged: Activity not in foreground! Bailing out...
02-13 18:52:14.476 D/InCallScreen(  342): onPhoneStateChanged: release WakeState.SLEEP ...
02-13 18:52:14.476 D/PhoneApp(  342): updateWakeState: callscreen false, dialer false, speaker false...
02-13 18:52:14.486 D/KeyguardViewMediator(  256): setHidden false
02-13 18:52:14.486 D/PhoneApp(  342): setScreenTimeout(DEFAULT)...
02-13 18:52:14.486 D/PhoneApp(  342): updateWakeState: keepScreenOn = false (isRinging false, isDialing false, showingDisc false)
02-13 18:52:14.486 D/PhoneApp(  342): requestWakeState(SLEEP)...
02-13 18:52:14.486 D/KeyguardViewMediator(  256): setHidden false
02-13 18:52:14.496 D/InCallScreen(  342): onWindowFocusChanged(false)...
02-13 18:52:14.496 D/InCallScreen(  342): - onWindowFocusChanged: faking onDialerKeyUp()...
02-13 18:52:14.496 D/KeyguardViewMediator(  256): setHidden false
02-13 18:52:14.516 D/KeyguardViewMediator(  256): setHidden false
02-13 18:52:14.516 D/KeyguardViewMediator(  256): setHidden false
02-13 18:52:14.526 D/KeyguardViewMediator(  256): setHidden false
02-13 18:52:14.526 D/KeyguardViewMediator(  256): setHidden false
02-13 18:52:14.526 D/InCallScreen(  342): onStop()...
02-13 18:52:14.526 D/InCallScreen(  342): onStop: state = IDLE
02-13 18:52:14.526 D/InCallScreen(  342): - onStop: calling finish() to clear activity history...
02-13 18:52:14.526 D/KeyguardViewMediator(  256): setHidden false
02-13 18:52:14.536 D/KeyguardViewMediator(  256): setHidden false
02-13 18:52:14.536 D/KeyguardViewMediator(  256): setHidden false
02-13 18:52:14.556 E/rmt_storage(  158): [MyTag]open: fd=-1
02-13 18:52:14.556 E/rmt_storage(  158): block rmt_storage client thread
02-13 18:52:14.556 D/KeyguardViewMediator(  256): setHidden false
02-13 18:52:14.576 D/KeyguardViewMediator(  256): setHidden false
02-13 18:52:14.586 D/KeyguardViewMediator(  256): setHidden false
02-13 18:52:14.606 D/KeyguardViewMediator(  256): setHidden false
02-13 18:52:14.606 I/ContactsProvider(  404): updateInTransaction: content://com.android.contacts/status_updates
02-13 18:52:14.616 D/KeyguardViewMediator(  256): setHidden false
02-13 18:52:14.636 D/KeyguardViewMediator(  256): setHidden false
02-13 18:52:14.656 D/KeyguardViewMediator(  256): setHidden false
02-13 18:52:14.666 D/KeyguardViewMediator(  256): setHidden false
02-13 18:52:14.686 D/KeyguardViewMediator(  256): setHidden false
02-13 18:52:14.696 D/KeyguardViewMediator(  256): setHidden false
02-13 18:52:14.716 D/KeyguardViewMediator(  256): setHidden false
02-13 18:52:14.726 I/GTalkService(  377): [GTalkConnection.26] (WORKER THREAD) update account status - done, took 1427 ms
02-13 18:52:14.726 I/GTalkService(  377): doConnect: start...
02-13 18:52:14.736 D/KeyguardViewMediator(  256): setHidden false
02-13 18:52:14.746 D/KeyguardViewMediator(  256): setHidden false
02-13 18:52:14.756 D/KeyguardViewMediator(  256): setHidden false
02-13 18:52:14.776 I/ContactsProvider(  404): query: content://com.android.contacts/data/phones
02-13 18:52:14.776 I/ContactsProvider(  404): query isCallerRegistered= true
02-13 18:52:14.776 I/ContactsProvider(  404): query forOnlyOneContactString= 0
02-13 18:52:14.796 I/ContactAccessorSdk5(  404): mergeCursor.getCount = 77
02-13 18:52:14.796 I/ContactAccessorSdk5(  404): activity.myAdapter = com.android.contacts.smartdialer.contactsAdapter@4063be18
02-13 18:52:14.796 D/contactsAdapter(  404): fillView.counter:0
02-13 18:52:14.796 D/contactsAdapter(  404): fillView.position:0 calllogcounter=3
02-13 18:52:14.796 D/contactsAdapter(  404): OUTGOING_TYPE
02-13 18:52:14.796 I/contactsAdapter(  404): displayName = Jodi Smith
02-13 18:52:14.796 I/contactsAdapter(  404): globPieceToButtonName = 5
02-13 18:52:14.796 I/contactsAdapter(  404): displayName = Jodi Smith
02-13 18:52:14.796 I/contactsAdapter(  404): globPieceToButtonName = 56
02-13 18:52:14.796 I/contactsAdapter(  404): displayName = Jodi Smith
02-13 18:52:14.796 I/contactsAdapter(  404): globPieceToButtonName = 563
02-13 18:52:14.796 I/contactsAdapter(  404): displayName = Jodi Smith
02-13 18:52:14.806 I/contactsAdapter(  404): globPieceToButtonName = 5634
02-13 18:52:14.806 I/contactsAdapter(  404): displayName = Jodi Smith
02-13 18:52:14.806 I/contactsAdapter(  404): globPieceToButtonName = 5634 
02-13 18:52:14.806 I/contactsAdapter(  404): displayName = Jodi Smith
02-13 18:52:14.806 I/contactsAdapter(  404): globPieceToButtonName = 5634 7
02-13 18:52:14.806 I/contactsAdapter(  404): displayName = Jodi Smith
02-13 18:52:14.806 I/contactsAdapter(  404): globPieceToButtonName = 5634 76
02-13 18:52:14.806 I/contactsAdapter(  404): displayName = Jodi Smith
02-13 18:52:14.806 I/contactsAdapter(  404): globPieceToButtonName = 5634 764
02-13 18:52:14.806 I/contactsAdapter(  404): displayName = Jodi Smith
02-13 18:52:14.806 I/contactsAdapter(  404): globPieceToButtonName = 5634 7648
02-13 18:52:14.806 I/contactsAdapter(  404): displayName = Jodi Smith
02-13 18:52:14.806 I/contactsAdapter(  404): globPieceToButtonName = 5634 76484
02-13 18:52:14.806 I/contactsAdapter(  404): !!!!!!!!contains(input2) 
02-13 18:52:14.816 D/contactsAdapter(  404): fillView.counter:1
02-13 18:52:14.816 D/contactsAdapter(  404): fillView.position:1 calllogcounter=3
02-13 18:52:14.816 D/contactsAdapter(  404): OUTGOING_TYPE
02-13 18:52:14.816 I/contactsAdapter(  404): displayName = Home
02-13 18:52:14.816 I/contactsAdapter(  404): globPieceToButtonName = 4
02-13 18:52:14.816 I/contactsAdapter(  404): displayName = Home
02-13 18:52:14.816 I/contactsAdapter(  404): globPieceToButtonName = 46
02-13 18:52:14.816 I/contactsAdapter(  404): displayName = Home
02-13 18:52:14.816 I/contactsAdapter(  404): globPieceToButtonName = 466
02-13 18:52:14.816 I/contactsAdapter(  404): displayName = Home
02-13 18:52:14.816 I/contactsAdapter(  404): globPieceToButtonName = 4663
02-13 18:52:14.816 I/contactsAdapter(  404): !!!!!!!!contains(input2) 
02-13 18:52:14.846 I/ContactAccessorSdk5(  404): Phone.CONTENT_FILTER_URI = content://com.android.contacts/data/phones/filter
02-13 18:52:14.846 I/ContactAccessorSdk5(  404): recalculate number = 
02-13 18:52:14.846 I/ContactAccessorSdk5(  404): recalculate filterName = 
02-13 18:52:14.846 I/ContactAccessorSdk5(  404): recalculate reversed = 
02-13 18:52:14.846 I/ContactAccessorSdk5(  404): mQueryHandler = Handler{40581888}
02-13 18:52:14.846 W/CallLogProvider(  404): query: match = 4
02-13 18:52:14.846 D/CallLogProvider(  404): DIALER_CALLS
02-13 18:52:14.846 I/ContactsProvider(  404): query: content://com.android.contacts/data/phones
02-13 18:52:14.846 I/ContactsProvider(  404): query isCallerRegistered= true
02-13 18:52:14.856 I/ContactsProvider(  404): query forOnlyOneContactString= 0
02-13 18:52:14.866 I/ContactAccessorSdk5(  404): mergeCursor.getCount = 77
02-13 18:52:14.866 I/ContactAccessorSdk5(  404): activity.myAdapter = com.android.contacts.smartdialer.contactsAdapter@4063be18
02-13 18:52:14.866 D/contactsAdapter(  404): fillView.counter:0
02-13 18:52:14.866 D/contactsAdapter(  404): fillView.position:0 calllogcounter=3
02-13 18:52:14.866 D/contactsAdapter(  404): OUTGOING_TYPE
02-13 18:52:14.866 I/contactsAdapter(  404): displayName = Jodi Smith
02-13 18:52:14.866 I/contactsAdapter(  404): globPieceToButtonName = 5
02-13 18:52:14.866 I/contactsAdapter(  404): displayName = Jodi Smith
02-13 18:52:14.866 I/contactsAdapter(  404): globPieceToButtonName = 56
02-13 18:52:14.866 I/contactsAdapter(  404): displayName = Jodi Smith
02-13 18:52:14.866 I/contactsAdapter(  404): globPieceToButtonName = 563
02-13 18:52:14.866 I/contactsAdapter(  404): displayName = Jodi Smith
02-13 18:52:14.866 I/contactsAdapter(  404): globPieceToButtonName = 5634
02-13 18:52:14.866 I/contactsAdapter(  404): displayName = Jodi Smith
02-13 18:52:14.866 I/contactsAdapter(  404): globPieceToButtonName = 5634 
02-13 18:52:14.866 I/contactsAdapter(  404): displayName = Jodi Smith
02-13 18:52:14.866 I/contactsAdapter(  404): globPieceToButtonName = 5634 7
02-13 18:52:14.866 I/contactsAdapter(  404): displayName = Jodi Smith
02-13 18:52:14.866 I/contactsAdapter(  404): globPieceToButtonName = 5634 76
02-13 18:52:14.866 I/contactsAdapter(  404): displayName = Jodi Smith
02-13 18:52:14.866 I/contactsAdapter(  404): globPieceToButtonName = 5634 764
02-13 18:52:14.866 I/contactsAdapter(  404): displayName = Jodi Smith
02-13 18:52:14.866 I/contactsAdapter(  404): globPieceToButtonName = 5634 7648
02-13 18:52:14.866 I/contactsAdapter(  404): displayName = Jodi Smith
02-13 18:52:14.866 I/contactsAdapter(  404): globPieceToButtonName = 5634 76484
02-13 18:52:14.866 I/contactsAdapter(  404): !!!!!!!!contains(input2) 
02-13 18:52:14.876 D/contactsAdapter(  404): fillView.counter:1
02-13 18:52:14.876 D/contactsAdapter(  404): fillView.position:1 calllogcounter=3
02-13 18:52:14.876 D/contactsAdapter(  404): OUTGOING_TYPE
02-13 18:52:14.876 I/contactsAdapter(  404): displayName = Home
02-13 18:52:14.876 I/contactsAdapter(  404): globPieceToButtonName = 4
02-13 18:52:14.876 I/contactsAdapter(  404): displayName = Home
02-13 18:52:14.876 I/contactsAdapter(  404): globPieceToButtonName = 46
02-13 18:52:14.876 I/contactsAdapter(  404): displayName = Home
02-13 18:52:14.876 I/contactsAdapter(  404): globPieceToButtonName = 466
02-13 18:52:14.876 I/contactsAdapter(  404): displayName = Home
02-13 18:52:14.876 I/contactsAdapter(  404): globPieceToButtonName = 4663
02-13 18:52:14.876 I/contactsAdapter(  404): !!!!!!!!contains(input2) 
02-13 18:52:14.906 D/PhoneApp(  342): setIgnoreTouchUserActivity(false)...
02-13 18:52:15.557 D/PowerManagerService(  256): acquireWakeLock flags=0x1000001a tag=keyguard
02-13 18:52:15.567 D/PowerManagerService(  256): UnPartial  wakeLock  reactivate ,flags=0x1000001a tag=keyguard
02-13 18:52:15.637 D/DATA    (  342): [DSST(0)] pollstate() : reason = data network state changed
02-13 18:52:15.677 D/MobileDataStateTracker(  256): [hipri]  MobileDataStateReceiver onReceive(): Entry.
02-13 18:52:15.677 D/MobileDataStateTracker(  256): [hipri]  intent.getAction()= android.intent.action.SERVICE_STATE
02-13 18:52:15.677 D/MobileDataStateTracker(  256): [hipri]  mEnabled = false
02-13 18:52:15.687 D/MobileDataStateTracker(  256): [dun]  MobileDataStateReceiver onReceive(): Entry.
02-13 18:52:15.687 D/MobileDataStateTracker(  256): [dun]  intent.getAction()= android.intent.action.SERVICE_STATE
02-13 18:52:15.687 D/MobileDataStateTracker(  256): [dun]  mEnabled = false
02-13 18:52:15.687 D/MobileDataStateTracker(  256): [supl]  MobileDataStateReceiver onReceive(): Entry.
02-13 18:52:15.687 D/MobileDataStateTracker(  256): [supl]  intent.getAction()= android.intent.action.SERVICE_STATE
02-13 18:52:15.687 D/MobileDataStateTracker(  256): [supl]  mEnabled = false
02-13 18:52:15.687 D/MobileDataStateTracker(  256): [mms]  MobileDataStateReceiver onReceive(): Entry.
02-13 18:52:15.687 D/MobileDataStateTracker(  256): [mms]  intent.getAction()= android.intent.action.SERVICE_STATE
02-13 18:52:15.687 D/MobileDataStateTracker(  256): [mms]  mEnabled = false
02-13 18:52:15.687 D/MobileDataStateTracker(  256): [default]  MobileDataStateReceiver onReceive(): Entry.
02-13 18:52:15.687 D/MobileDataStateTracker(  256): [default]  intent.getAction()= android.intent.action.SERVICE_STATE
02-13 18:52:15.687 D/MobileDataStateTracker(  256): [default]  mEnabled = true
02-13 18:52:15.697 D/CallManager(  342):  handleMessage (EVENT_SERVICE_STATE_CHANGED)
02-13 18:52:15.697 E/BT HS/HF(  342): SERVICE_STATE_CHANGED called
02-13 18:52:15.697 E/BT HS/HF(  342): updateServiceState called, sendUpdate:false  ServiceState:0 home Sprint  310099  EvDo rev. A CSS not supported 41 4139RoamInd: 1RoamStatus(sprint): 1DefRoamInd: 160EmergOnly: false
02-13 18:52:15.697 E/BT HS/HF(  342): service:1 mService:1
02-13 18:52:15.697 D/DATA    (  342): [DSST(0)]  registrationState = 1  radioTechnology = 6 reasonForDenial = 0
02-13 18:52:15.697 D/DATA    (  342): [DSST(0)]  set mNewDataConnectionState = 0
02-13 18:52:15.697 D/DATA    (  342): [DSST(0)]  mNewDataConnectionState : 0  mDataConnectionState : 0
02-13 18:52:15.707 D/DATA    (  342): [DSST(0)] Poll ServiceState done: oldSS=[0 home null null null  EvDo rev. A CSS not supported -1 -1RoamInd: -1RoamStatus(sprint): -1DefRoamInd: -1EmergOnly: false] newSS=[0 home null null null  1xRTT CSS not supported -1 -1RoamInd: -1RoamStatus(sprint): -1DefRoamInd: -1EmergOnly: false]
02-13 18:52:15.707 D/DATA    (  342): [DSST(0)]  mDataConnectionState = 0
02-13 18:52:15.727 D/MobileDataStateTracker(  256): [hipri]  MobileDataStateReceiver onReceive(): Entry.
02-13 18:52:15.727 D/MobileDataStateTracker(  256): [hipri]  intent.getAction()= android.intent.action.SERVICE_STATE
02-13 18:52:15.727 D/MobileDataStateTracker(  256): [hipri]  mEnabled = false
02-13 18:52:15.737 D/MobileDataStateTracker(  256): [hipri] subType changed, oldSubtype = 6new subtype = 7
02-13 18:52:15.737 D/MobileDataStateTracker(  256): [dun]  MobileDataStateReceiver onReceive(): Entry.
02-13 18:52:15.737 D/MobileDataStateTracker(  256): [dun]  intent.getAction()= android.intent.action.SERVICE_STATE
02-13 18:52:15.737 D/MobileDataStateTracker(  256): [dun]  mEnabled = false
02-13 18:52:15.737 D/MobileDataStateTracker(  256): [dun] subType changed, oldSubtype = 6new subtype = 7
02-13 18:52:15.737 D/MobileDataStateTracker(  256): [supl]  MobileDataStateReceiver onReceive(): Entry.
02-13 18:52:15.737 D/MobileDataStateTracker(  256): [supl]  intent.getAction()= android.intent.action.SERVICE_STATE
02-13 18:52:15.737 D/MobileDataStateTracker(  256): [supl]  mEnabled = false
02-13 18:52:15.737 D/MobileDataStateTracker(  256): [supl] subType changed, oldSubtype = 6new subtype = 7
02-13 18:52:15.737 D/MobileDataStateTracker(  256): [mms]  MobileDataStateReceiver onReceive(): Entry.
02-13 18:52:15.747 D/CallManager(  342):  handleMessage (EVENT_SERVICE_STATE_CHANGED)
02-13 18:52:15.747 E/BT HS/HF(  342): SERVICE_STATE_CHANGED called
02-13 18:52:15.747 E/BT HS/HF(  342): updateServiceState called, sendUpdate:false  ServiceState:0 home Sprint  310099  1xRTT CSS not supported 41 4139RoamInd: 1RoamStatus(sprint): 1DefRoamInd: 160EmergOnly: false
02-13 18:52:15.747 E/BT HS/HF(  342): service:1 mService:1
02-13 18:52:15.747 D/MobileDataStateTracker(  256): [mms]  intent.getAction()= android.intent.action.SERVICE_STATE
02-13 18:52:15.747 D/MobileDataStateTracker(  256): [mms]  mEnabled = false
02-13 18:52:15.747 D/MobileDataStateTracker(  256): [mms] subType changed, oldSubtype = 6new subtype = 7
02-13 18:52:15.747 D/MobileDataStateTracker(  256): [default]  MobileDataStateReceiver onReceive(): Entry.
02-13 18:52:15.747 D/MobileDataStateTracker(  256): [default]  intent.getAction()= android.intent.action.SERVICE_STATE
02-13 18:52:15.747 D/MobileDataStateTracker(  256): [default]  mEnabled = true
02-13 18:52:15.757 D/MobileDataStateTracker(  256): [default] subType changed, oldSubtype = 6new subtype = 7
02-13 18:52:15.757 D/Phone   (  342): [PhoneNotifier] [DefaultPhoneNotifier] : default, INET, CONNECTED
02-13 18:52:15.767 I/TelephonyRegistry(  256): notifyDataConnection: state=2 isDataConnectivityPossible=true reason=radioTechnologyChanged interfaceName=rmnet0 networkType=7 apnType=default apn=null
02-13 18:52:15.767 I/TelephonyRegistry(  256): +++broadcastDataConnectionStateChanged
02-13 18:52:15.777 I/TelephonyRegistry(  256): +++sendStickyBroadcast
02-13 18:52:15.787 D/MobileDataStateTracker(  256): [hipri]  MobileDataStateReceiver onReceive(): Entry.
02-13 18:52:15.787 D/MobileDataStateTracker(  256): [hipri]  intent.getAction()= android.intent.action.ANY_DATA_STATE
02-13 18:52:15.787 D/MobileDataStateTracker(  256): [hipri]  mEnabled = false
02-13 18:52:15.787 D/MobileDataStateTracker(  256): [hipri]  apnTypeList = default
02-13 18:52:15.787 D/MobileDataStateTracker(  256): [hipri]  unavailable = false
02-13 18:52:15.787 D/MobileDataStateTracker(  256): [hipri] Do not process intents if disabled.
02-13 18:52:15.787 D/MobileDataStateTracker(  256): [dun]  MobileDataStateReceiver onReceive(): Entry.
02-13 18:52:15.787 D/MobileDataStateTracker(  256): [dun]  intent.getAction()= android.intent.action.ANY_DATA_STATE
02-13 18:52:15.787 D/MobileDataStateTracker(  256): [dun]  mEnabled = false
02-13 18:52:15.797 D/MobileDataStateTracker(  256): [dun]  apnTypeList = default
02-13 18:52:15.797 D/MobileDataStateTracker(  256): [dun]  unavailable = false
02-13 18:52:15.797 D/MobileDataStateTracker(  256): [dun] Do not process intents if disabled.
02-13 18:52:15.797 D/Phone   (  342): [PhoneNotifier] [DefaultPhoneNotifier] : default, INET6, DISCONNECTED
02-13 18:52:15.797 I/TelephonyRegistry(  256): notifyDataConnection: state=0 isDataConnectivityPossible=true reason=radioTechnologyChanged interfaceName=null networkType=7 apnType=default apn=null
02-13 18:52:15.797 I/TelephonyRegistry(  256): +++broadcastDataConnectionStateChanged
02-13 18:52:15.797 D/MobileDataStateTracker(  256): [supl]  MobileDataStateReceiver onReceive(): Entry.
02-13 18:52:15.797 D/MobileDataStateTracker(  256): [supl]  intent.getAction()= android.intent.action.ANY_DATA_STATE
02-13 18:52:15.797 D/MobileDataStateTracker(  256): [supl]  mEnabled = false
02-13 18:52:15.807 I/TelephonyRegistry(  256): +++sendStickyBroadcast
02-13 18:52:15.807 D/MobileDataStateTracker(  256): [supl]  apnTypeList = default
02-13 18:52:15.807 D/MobileDataStateTracker(  256): [supl]  unavailable = false
02-13 18:52:15.807 D/MobileDataStateTracker(  256): [supl] Do not process intents if disabled.
02-13 18:52:15.807 D/MobileDataStateTracker(  256): [mms]  MobileDataStateReceiver onReceive(): Entry.
02-13 18:52:15.807 D/MobileDataStateTracker(  256): [mms]  intent.getAction()= android.intent.action.ANY_DATA_STATE
02-13 18:52:15.807 D/MobileDataStateTracker(  256): [mms]  mEnabled = false
02-13 18:52:15.817 D/MobileDataStateTracker(  256): [mms]  apnTypeList = default
02-13 18:52:15.817 D/MobileDataStateTracker(  256): [mms]  unavailable = false
02-13 18:52:15.817 D/MobileDataStateTracker(  256): [mms] Do not process intents if disabled.
