02-13 18:50:59.413 D/PowerManagerService(  256): releaseWakeLock flags=0x1 tag=RILJ
02-13 18:50:59.423 D/AlarmManager(  256): +++Alarm set:type=0 android  Trigger after:119999ms
02-13 18:50:59.423 I/DATA    (  342): [DCT(0) ] intent received :android.intent.action.SCREEN_OFF
02-13 18:50:59.423 D/PowerManagerService(  256): releaseWakeLock flags=0x1 tag=sleep_broadcast
02-13 18:50:59.483 I/dun_service(  122): The value returned from dun_getusbmodemstate_fromsys is 2 
02-13 18:50:59.483 D/KeyguardUpdateMonitor(  256): received broadcast android.intent.action.BATTERY_CHANGED
02-13 18:50:59.483 D/KeyguardUpdateMonitor(  256): handleBatteryUpdate
02-13 18:50:59.483 D/PowerManagerService(  256): acquireWakeLock flags=0x1 tag=WifiService
02-13 18:50:59.483 D/PowerManagerService(  256): releaseWakeLock flags=0x1 tag=WifiService
02-13 18:50:59.893 D/PhoneApp(  342): setIgnoreTouchUserActivity(false)...
02-13 18:51:00.003 D/PowerManagerService(  256): acquireWakeLock flags=0x1 tag=AlarmManager
02-13 18:51:00.013 D/KeyguardUpdateMonitor(  256): received broadcast android.intent.action.TIME_TICK
02-13 18:51:00.013 D/KeyguardUpdateMonitor(  256): handleTimeUpdate
02-13 18:51:00.043 D/PowerManagerService(  256): releaseWakeLock flags=0x1 tag=AlarmManager
02-13 18:51:01.565 D/AudioHardwareMSM7X30(  114): AudioStreamOutMSM72xx::standby()
02-13 18:51:01.565 D/AudioHardwareMSM7X30(  114): Deroute pcm out stream
02-13 18:51:01.565 D/AudioHardwareMSM7X30(  114): updateDeviceInfo: E rx_device 0 and tx_device 9
02-13 18:51:01.565 D/AudioHardwareMSM7X30(  114): case VOICE_CALL
02-13 18:51:01.565 D/AudioHardwareMSM7X30(  114): updateDeviceInfo: X cur_rx 0 cur_tx 9
02-13 18:51:02.045 I/BluetoothService(  256): Received AVRCP_PASS_THROUGH_TIMEOUT message
02-13 18:51:13.156 W/AlarmManager(  256): +++Alarm  wakeup phone ,pkg=com.google.android.gsf
02-13 18:51:13.166 D/PowerManagerService(  256): acquireWakeLock flags=0x1 tag=GTALK_CONN
02-13 18:51:13.176 D/PowerManagerService(  256): acquireWakeLock flags=0x1 tag=AlarmManager
02-13 18:51:13.176 I/GTalkService(  377): [GTalkConnection.26] (WORKER THREAD) update account status
02-13 18:51:13.176 I/GTalkService(  377): [GTalkConnection.1] connect: network unavailable, set state=PENDING, err=NO_NETWORK
02-13 18:51:13.186 D/PowerManagerService(  256): releaseWakeLock flags=0x1 tag=GTALK_CONN
02-13 18:51:13.186 W/AlarmManager(  256): +++alarm onSendFinished ,action=com.google.android.intent.action.GTALK_RECONNECT
02-13 18:51:13.186 D/PowerManagerService(  256): releaseWakeLock flags=0x1 tag=AlarmManager
02-13 18:51:13.276 I/ContactsProvider(  404): updateInTransaction: content://com.android.contacts/status_updates
02-13 18:51:13.326 I/GTalkService(  377): [GTalkConnection.26] (WORKER THREAD) update account status - done, took 159 ms
02-13 18:51:13.326 I/GTalkService(  377): [GTalkConnection.26] (WORKER THREAD) update account status
02-13 18:51:13.457 I/ContactsProvider(  404): updateInTransaction: content://com.android.contacts/status_updates
02-13 18:51:13.527 I/GTalkService(  377): [GTalkConnection.26] (WORKER THREAD) update account status - done, took 195 ms
02-13 18:51:19.482 I/dun_service(  122): The value returned from dun_getusbmodemstate_fromsys is 2 
02-13 18:51:19.502 D/KeyguardUpdateMonitor(  256): received broadcast android.intent.action.BATTERY_CHANGED
02-13 18:51:19.502 D/KeyguardUpdateMonitor(  256): handleBatteryUpdate
02-13 18:51:19.512 D/PowerManagerService(  256): acquireWakeLock flags=0x1 tag=WifiService
02-13 18:51:19.542 D/PowerManagerService(  256): releaseWakeLock flags=0x1 tag=WifiService
02-13 18:51:31.514 D/PowerManagerService(  256): UnPartial  wakeLock  reactivate ,flags=0x20 tag=PhoneApp
02-13 18:51:31.524 D/PowerManagerService(  256): setPowerState: mPowerState=0x0 newState=0x3 noChangeLights=false reason=2
02-13 18:51:31.534 D/KeyguardViewMediator(  256): onScreenTurnedOn, seq = 3
02-13 18:51:31.534 D/KeyguardViewMediator(  256): notifyScreenOnLocked
02-13 18:51:31.534 D/KeyguardViewMediator(  256): handleNotifyScreenOn
02-13 18:51:31.534 E/Sensors (  256): [HAL]ready to call enable(Accelerometer,1),AAAAAAAA
02-13 18:51:31.534 D/InCallScreen(  342): onResume()...
02-13 18:51:31.534 D/PhoneApp(  342): disable status bar
02-13 18:51:31.534 D/PhoneApp(  342): StatusBarManager.DISABLE_EXPAND
02-13 18:51:31.534 D/PhoneApp(  342): setIgnoreTouchUserActivity(true)...
02-13 18:51:31.544 D/NotificationMgr(  342): updating status bar state: 5
02-13 18:51:31.544 D/AudioTrack(  342): Request AudioFlinger to create track
02-13 18:51:31.544 D/AudioFlinger(  114): createTrack() lSessionId: 23
02-13 18:51:31.544 D/AudioFlinger(  114): Track constructor name 4098, calling thread 342
02-13 18:51:31.544 D/InCallScreen(  342): - onResume: initial status = SUCCESS
02-13 18:51:31.544 D/InCallScreen(  342): isBluetoothAudioConnected: ==> isAudioOn = false
02-13 18:51:31.544 D/InCallScreen(  342): checkIsOtaCall...
02-13 18:51:31.544 D/InCallScreen(  342): checkIsOtaCall action ACTION_MAIN
02-13 18:51:31.544 D/InCallScreen(  342): checkIsOtaCall: isOtaCall =false
02-13 18:51:31.544 D/InCallScreen(  342): setInCallScreenMode: NORMAL
02-13 18:51:31.544 D/InCallScreen(  342): [okToDialDTMFTones] foreground state: ACTIVE, ringing state: false, call screen mode: NORMAL, result: true
02-13 18:51:31.544 D/InCallScreen(  342): isBluetoothAudioConnected: ==> isAudioOn = false
02-13 18:51:31.544 D/InCallScreen(  342): getUpdatedInCallControlState()...
02-13 18:51:31.544 D/PhoneUtils(  342): isEmergencyCall()...
02-13 18:51:31.544 D/PhoneUtils(  342): (add_call,fgCallState == Call.State.ACTIVE) = true
02-13 18:51:31.544 D/PhoneUtils(  342): (add_call,app.cdmaPhoneCallState.getAddCallMenuStateAfterCallWaiting() = true
02-13 18:51:31.544 D/InCallScreen(  342): isBluetoothAvailable()...
02-13 18:51:31.544 D/InCallScreen(  342):   - headset state = 0
02-13 18:51:31.544 D/InCallScreen(  342):   - headset address: null
02-13 18:51:31.544 D/InCallScreen(  342):   ==> false
02-13 18:51:31.544 D/PhoneUtils(  342): audioManager.isMicrophoneMute: false
02-13 18:51:31.544 D/InCallScreen(  342): [okToDialDTMFTones] foreground state: ACTIVE, ringing state: false, call screen mode: NORMAL, result: true
02-13 18:51:31.544 D/InCallControlState(  342): InCallControlState:
02-13 18:51:31.544 D/InCallControlState(  342):   manageConferenceVisible: false
02-13 18:51:31.544 D/InCallControlState(  342):   manageConferenceEnabled: false
02-13 18:51:31.544 D/InCallControlState(  342):   canAddCall: true
02-13 18:51:31.544 D/InCallControlState(  342):   canSwap: true
02-13 18:51:31.544 D/InCallControlState(  342):   canMerge: false
02-13 18:51:31.544 D/InCallControlState(  342):   bluetoothEnabled: false
02-13 18:51:31.544 D/InCallControlState(  342):   bluetoothIndicatorOn: false
02-13 18:51:31.544 D/InCallControlState(  342):   speakerEnabled: true
02-13 18:51:31.544 D/InCallControlState(  342):   speakerOn: false
02-13 18:51:31.544 D/InCallControlState(  342):   canMute: true
02-13 18:51:31.544 D/InCallControlState(  342):   muteIndicatorOn: false
02-13 18:51:31.544 D/InCallControlState(  342):   dialpadEnabled: true
02-13 18:51:31.544 D/InCallControlState(  342):   dialpadVisible: false
02-13 18:51:31.544 D/InCallControlState(  342):   onHold: false
02-13 18:51:31.544 D/InCallControlState(  342):   canHold: false
02-13 18:51:31.544 D/KeyguardViewMediator(  256): setHidden true
02-13 18:51:31.554 D/KeyguardViewMediator(  256): setHidden true
02-13 18:51:31.554 D/InCallScreen(  342): syncWithPhoneState()...
02-13 18:51:31.554 D/PhoneUtils(  342): dumpCallState():
02-13 18:51:31.554 D/PhoneUtils(  342): - Call state = OFFHOOK
02-13 18:51:31.554 D/PhoneUtils(  342):   - FG call: ACTIVE CDMA isAlive true isRinging false isDialing false isIdle false hasConnections true
02-13 18:51:31.554 D/PhoneUtils(  342):   - BG call: IDLE CDMA isAlive false isRinging false isDialing false isIdle true hasConnections false
02-13 18:51:31.554 D/PhoneUtils(  342):   - RINGING call: IDLE CDMA isAlive false isRinging false isDialing false isIdle true hasConnections false
02-13 18:51:31.554 D/PhoneUtils(  342):   - hasRingingCall false hasActiveCall true hasHoldingCall false allLinesTaken false
02-13 18:51:31.554 D/PhoneUtils(  342):   - CDMA call state: SINGLE_ACTIVE
02-13 18:51:31.554 D/PhoneUtils(  342):   - Ringer state: false
02-13 18:51:31.554 D/InCallScreen(  342): ============== dumpBluetoothState() =============
02-13 18:51:31.554 D/InCallScreen(  342): isBluetoothAvailable()...
02-13 18:51:31.554 D/InCallScreen(  342):   - headset state = 0
02-13 18:51:31.554 D/InCallScreen(  342):   - headset address: null
02-13 18:51:31.554 D/InCallScreen(  342):   ==> false
02-13 18:51:31.554 D/InCallScreen(  342): = isBluetoothAvailable: false
02-13 18:51:31.554 D/InCallScreen(  342): isBluetoothAudioConnected: ==> isAudioOn = false
02-13 18:51:31.554 D/InCallScreen(  342): = isBluetoothAudioConnected: false
02-13 18:51:31.554 D/InCallScreen(  342): isBluetoothAudioConnected: ==> isAudioOn = false
02-13 18:51:31.554 D/InCallScreen(  342): isBluetoothAudioConnectedOrPending: ==> FALSE
02-13 18:51:31.554 D/InCallScreen(  342): = isBluetoothAudioConnectedOrPending: false
02-13 18:51:31.554 D/InCallScreen(  342): = PhoneApp.showBluetoothIndication: false
02-13 18:51:31.554 D/InCallScreen(  342): =
02-13 18:51:31.554 D/InCallScreen(  342): = BluetoothHandsfree.isAudioOn: false
02-13 18:51:31.554 D/InCallScreen(  342): = BluetoothHeadset.getCurrentHeadset: null
02-13 18:51:31.554 D/InCallScreen(  342): syncWithPhoneState: it's ok to be here; update the screen...
02-13 18:51:31.554 D/InCallScreen(  342): updateScreen()...
02-13 18:51:31.554 D/InCallScreen(  342): - updateScreen: updating the in-call UI...
02-13 18:51:31.554 D/CallCard(  342): updateState(########### Dump CallManager ############
02-13 18:51:31.554 D/CallCard(  342): CallManager state = OFFHOOK
02-13 18:51:31.554 D/CallCard(  342):    - Foreground: ACTIVE from Handler{4057c160}
02-13 18:51:31.554 D/CallCard(  342):      Conn: [ incoming: false state: ACTIVE post dial state: COMPLETE]
02-13 18:51:31.554 D/CallCard(  342):    - Background: IDLE from Handler{4057c160}
02-13 18:51:31.554 D/CallCard(  342):      Conn: []
02-13 18:51:31.554 D/CallCard(  342):    - Ringing: IDLE from Handler{4057c160}
02-13 18:51:31.554 D/CallCard(  342):  Phone: Handler{4057c160}, name = CDMA, state = OFFHOOK
02-13 18:51:31.554 D/CallCard(  342):    - Foreground: ACTIVE Background: IDLE Ringing: IDLE
02-13 18:51:31.554 D/CallCard(  342): ########## End Dump CallManager ##########)...
02-13 18:51:31.554 I/hubo    (  256): Activity {com.android.phone/com.android.phone.InCallScreen}
02-13 18:51:31.564 D/CallCard(  342): updateForegroundCall()...
02-13 18:51:31.564 D/CallCard(  342): displayMainCallStatus(call ACTIVE)...
02-13 18:51:31.564 D/CallCard(  342):   - call.state: ACTIVE
02-13 18:51:31.564 D/CallCard(  342): displayMainCallStatus: start periodicUpdateTimer
02-13 18:51:31.564 D/CallCard(  342): updateCardTitleWidgets(call ACTIVE)...
02-13 18:51:31.564 D/CallCard(  342): - getTitleForCallCard(Call ACTIVE)...
02-13 18:51:31.564 D/CallCard(  342):   ==> result: Current call
02-13 18:51:31.564 D/CallCard(  342): updateCardTitleWidgets: Current call
02-13 18:51:31.564 D/InCallScreen(  342): getUpdatedInCallControlState()...
02-13 18:51:31.564 D/PhoneUtils(  342): isEmergencyCall()...
02-13 18:51:31.564 D/PhoneUtils(  342): (add_call,fgCallState == Call.State.ACTIVE) = true
02-13 18:51:31.564 D/PhoneUtils(  342): (add_call,app.cdmaPhoneCallState.getAddCallMenuStateAfterCallWaiting() = true
02-13 18:51:31.564 D/InCallScreen(  342): isBluetoothAvailable()...
02-13 18:51:31.564 D/InCallScreen(  342):   - headset state = 0
02-13 18:51:31.564 D/InCallScreen(  342):   - headset address: null
02-13 18:51:31.564 D/InCallScreen(  342):   ==> false
02-13 18:51:31.564 D/PhoneUtils(  342): audioManager.isMicrophoneMute: false
02-13 18:51:31.564 D/InCallScreen(  342): [okToDialDTMFTones] foreground state: ACTIVE, ringing state: false, call screen mode: NORMAL, result: true
02-13 18:51:31.564 D/InCallControlState(  342): InCallControlState:
02-13 18:51:31.564 D/InCallControlState(  342):   manageConferenceVisible: false
02-13 18:51:31.564 D/InCallControlState(  342):   manageConferenceEnabled: false
02-13 18:51:31.564 D/InCallControlState(  342):   canAddCall: true
02-13 18:51:31.564 D/InCallControlState(  342):   canSwap: true
02-13 18:51:31.564 D/InCallControlState(  342):   canMerge: false
02-13 18:51:31.564 D/InCallControlState(  342):   bluetoothEnabled: false
02-13 18:51:31.574 D/InCallControlState(  342):   bluetoothIndicatorOn: false
02-13 18:51:31.574 D/InCallControlState(  342):   speakerEnabled: true
02-13 18:51:31.574 D/InCallControlState(  342):   speakerOn: false
02-13 18:51:31.574 D/InCallControlState(  342):   canMute: true
02-13 18:51:31.574 D/InCallControlState(  342):   muteIndicatorOn: false
02-13 18:51:31.574 D/InCallControlState(  342):   dialpadEnabled: true
02-13 18:51:31.574 D/InCallControlState(  342):   dialpadVisible: false
02-13 18:51:31.574 D/InCallControlState(  342):   onHold: false
02-13 18:51:31.574 D/InCallControlState(  342):   canHold: false
02-13 18:51:31.574 D/CallCard(  342): yangliu,getCurrentCallState: SINGLE_ACTIVE
02-13 18:51:31.574 D/CallCard(  342): yangliu,inCallControlState.onHold: false
02-13 18:51:31.574 D/PhoneUtils(  342): isEmergencyCall()...
02-13 18:51:31.574 D/CallCard(  342):   - CONN:  incoming: false state: ACTIVE post dial state: COMPLETE, state = ACTIVE
02-13 18:51:31.574 D/CallCard(  342): - displayMainCallStatus: updatedNumber = 4864351
02-13 18:51:31.574 D/CallCard(  342): - displayMainCallStatus: starting CallerInfo query...
02-13 18:51:31.574 D/PhoneUtils(  342): startGetCallerInfo: query already done, returning CallerInfo
02-13 18:51:31.574 D/CallCard(  342): updateDisplayForPerson(CallerInfo { name non-null, phoneNumber non-null })
02-13 18:51:31.574 D/CallCard(  342): presentation:1 isTemporary:false
02-13 18:51:31.574 D/CallCard(  342): - got personUri: 'content://com.android.contacts/contacts/179', based on info.person_id: 179
02-13 18:51:31.574 D/CallCard(  342): updatePhotoForCallState(ACTIVE)...
02-13 18:51:31.574 D/CallCard(  342): yangliu_sprint,updatePhotoForCallState,isEarliestConnHold = false
02-13 18:51:31.574 D/CallCard(  342): displayOnHoldCallStatus(call =IDLE)...
02-13 18:51:31.574 D/PhoneApp(  342): - isOtaCallInActiveState false
02-13 18:51:31.574 D/InCallScreen(  342): [okToDialDTMFTones] foreground state: ACTIVE, ringing state: false, call screen mode: NORMAL, result: true
02-13 18:51:31.574 D/InCallScreen(  342): isBluetoothAudioConnected: ==> isAudioOn = false
02-13 18:51:31.574 D/InCallScreen(  342): getUpdatedInCallControlState()...
02-13 18:51:31.574 D/PhoneUtils(  342): isEmergencyCall()...
02-13 18:51:31.574 D/PhoneUtils(  342): (add_call,fgCallState == Call.State.ACTIVE) = true
02-13 18:51:31.574 D/PhoneUtils(  342): (add_call,app.cdmaPhoneCallState.getAddCallMenuStateAfterCallWaiting() = true
02-13 18:51:31.574 D/InCallScreen(  342): isBluetoothAvailable()...
02-13 18:51:31.574 D/InCallScreen(  342):   - headset state = 0
02-13 18:51:31.574 D/InCallScreen(  342):   - headset address: null
02-13 18:51:31.574 D/InCallScreen(  342):   ==> false
02-13 18:51:31.574 D/PhoneUtils(  342): audioManager.isMicrophoneMute: false
02-13 18:51:31.574 D/InCallScreen(  342): [okToDialDTMFTones] foreground state: ACTIVE, ringing state: false, call screen mode: NORMAL, result: true
02-13 18:51:31.574 D/InCallControlState(  342): InCallControlState:
02-13 18:51:31.574 D/InCallControlState(  342):   manageConferenceVisible: false
02-13 18:51:31.574 D/InCallControlState(  342):   manageConferenceEnabled: false
02-13 18:51:31.574 D/InCallControlState(  342):   canAddCall: true
02-13 18:51:31.574 D/InCallControlState(  342):   canSwap: true
02-13 18:51:31.574 D/InCallControlState(  342):   canMerge: false
02-13 18:51:31.574 D/InCallControlState(  342):   bluetoothEnabled: false
02-13 18:51:31.574 D/InCallControlState(  342):   bluetoothIndicatorOn: false
02-13 18:51:31.574 D/InCallControlState(  342):   speakerEnabled: true
02-13 18:51:31.574 D/InCallControlState(  342):   speakerOn: false
02-13 18:51:31.574 D/InCallControlState(  342):   canMute: true
02-13 18:51:31.574 D/InCallControlState(  342):   muteIndicatorOn: false
02-13 18:51:31.574 D/InCallControlState(  342):   dialpadEnabled: true
02-13 18:51:31.574 D/InCallControlState(  342):   dialpadVisible: false
02-13 18:51:31.574 D/InCallControlState(  342):   onHold: false
02-13 18:51:31.574 D/InCallControlState(  342):   canHold: false
02-13 18:51:31.574 D/InCallScreen(  342): updateProviderOverlay: false
02-13 18:51:31.584 D/InCallScreen(  342): updateMenuButtonHint()...
02-13 18:51:31.584 D/PhoneApp(  342): - preventScreenOn(false)...
02-13 18:51:31.584 D/PhoneApp(  342): updateWakeState: callscreen true, dialer false, speaker false...
02-13 18:51:31.584 D/PhoneApp(  342): setScreenTimeout(MEDIUM)...
02-13 18:51:31.584 D/PhoneApp(  342): updateWakeState: keepScreenOn = false (isRinging false, isDialing false, showingDisc false)
02-13 18:51:31.584 D/PhoneApp(  342): requestWakeState(PARTIAL)...
02-13 18:51:31.584 D/InCallScreen(  342): enableTouchLock(false)...
02-13 18:51:31.584 D/InCallScreen(  342): onResume() done.
02-13 18:51:31.594 D/KeyguardViewMediator(  256): setHidden true
02-13 18:51:31.604 D/CallManager(  342):  handleMessage (EVENT_PRECISE_CALL_STATE_CHANGED)
02-13 18:51:31.634 D/BT HS/HF(  342): updatePhoneState()
02-13 18:51:31.634 D/BT HS/HF(  342): Foreground call state : ACTIVE
02-13 18:51:31.634 D/BT HS/HF(  342): Ringing call state : IDLE
02-13 18:51:31.634 D/BT HS/HF(  342): Background call state : IDLE
02-13 18:51:31.634 E/BT HS/HF(  342): prev mIsCdmaFirstConnectionHeld  is false
02-13 18:51:31.634 E/BT HS/HF(  342): current mIsCdmaFirstConnectionHeld is false
02-13 18:51:31.634 D/BT HS/HF(  342): CallSetup: 0
02-13 18:51:31.634 D/BT HS/HF(  342): Call: 1
02-13 18:51:31.634 D/BT HS/HF(  342): CallHeld: 0
02-13 18:51:31.634 D/CallNotifier(  342): handleMessage() Msg Type: 1
02-13 18:51:31.634 D/PhoneApp(  342): old phone type:2, New Phone type:2
02-13 18:51:31.634 D/CallNotifier(  342): onPhoneStateChanged: state = OFFHOOK
02-13 18:51:31.634 D/PhoneApp(  342): updateProximitySensorMode: state = OFFHOOK
02-13 18:51:31.634 D/PhoneApp(  342): updateProximitySensorMode: lock already held.
02-13 18:51:31.634 D/CallNotifier(  342): onPhoneStateChanged: OFF HOOK
02-13 18:51:31.634 D/PhoneUtils(  342): setAudioMode()...OFFHOOK
02-13 18:51:31.634 D/PhoneUtils(  342): setAudioMode() no change: MODE_IN_CALL
02-13 18:51:31.634 D/CallNotifier(  342): stopRing()... (OFFHOOK state)
02-13 18:51:31.634 D/CallNotifier(  342): Reset Auto answer timeout
02-13 18:51:31.634 D/CallNotifier(  342): - updating notification for phone state change...
02-13 18:51:31.634 D/NotificationMgr(  342): updateInCallNotification()...
02-13 18:51:31.634 D/NotificationMgr(  342):   - hasRingingCall = false
02-13 18:51:31.634 D/NotificationMgr(  342):   - hasActiveCall = true
02-13 18:51:31.634 D/NotificationMgr(  342):   - hasHoldingCall = false
02-13 18:51:31.634 D/NotificationMgr(  342): updateInCallNotification: enhancedVoicePrivacy = false
02-13 18:51:31.634 D/NotificationMgr(  342): - Updating status bar icon: resId = 2130837684
02-13 18:51:31.634 D/PhoneApp(  342): createInCallIntent subscription:
02-13 18:51:31.644 D/NotificationMgr(  342): - Updating expanded view: line 1 'xxxxxxx'
02-13 18:51:31.644 D/PhoneUtils(  342): startGetCallerInfo: query already done, returning CallerInfo
02-13 18:51:31.644 D/PhoneUtils(  342): getCompactNameFromCallerInfo: info = CallerInfo { name non-null, phoneNumber non-null }
02-13 18:51:31.644 D/PhoneUtils(  342): getCompactNameFromCallerInfo: compactName=Jodi Smith
02-13 18:51:31.644 D/NotificationMgr(  342): - Updating expanded view: line 2 'xxxxxxx'
02-13 18:51:31.644 D/NotificationMgr(  342): - Setting fullScreenIntent: PendingIntent{40529600: android.os.BinderProxy@4064c5e8}
02-13 18:51:31.644 D/NotificationMgr(  342): Notifying IN_CALL_NOTIFICATION: Notification(vibrate=null,sound=null,defaults=0x0,flags=0x2)
02-13 18:51:31.654 D/NotificationMgr(  342): updateSpeakerNotification: speaker OFF (or not offhook)
02-13 18:51:31.654 D/PhoneUtils(  342): audioManager.isMicrophoneMute: false
02-13 18:51:31.654 D/NotificationMgr(  342): updateMuteNotification: not muted (or not offhook)
02-13 18:51:31.654 D/PhoneUtils(  342): ConnectionHandler: updating mute state for each connection
02-13 18:51:31.654 D/PhoneUtils(  342): setMuteInternal: false
02-13 18:51:31.654 D/PhoneUtils(  342): setMuteInternal: falsephoneType = 2
02-13 18:51:31.654 D/PhoneUtils(  342): setMicrophoneMute: false
02-13 18:51:31.654 D/PhoneUtils(  342): audioManager.isMicrophoneMute: false
02-13 18:51:31.654 D/NotificationMgr(  342): updateMuteNotification: not muted (or not offhook)
02-13 18:51:31.654 D/InCallScreen(  342): onPhoneStateChanged()...
02-13 18:51:31.654 D/InCallScreen(  342): updateScreen()...
02-13 18:51:31.654 D/InCallScreen(  342): - updateScreen: updating the in-call UI...
02-13 18:51:31.654 D/CallCard(  342): updateState(########### Dump CallManager ############
02-13 18:51:31.654 D/CallCard(  342): CallManager state = OFFHOOK
02-13 18:51:31.654 D/CallCard(  342):    - Foreground: ACTIVE from Handler{4057c160}
02-13 18:51:31.654 D/CallCard(  342):      Conn: [ incoming: false state: ACTIVE post dial state: COMPLETE]
02-13 18:51:31.654 D/CallCard(  342):    - Background: IDLE from Handler{4057c160}
02-13 18:51:31.654 D/CallCard(  342):      Conn: []
02-13 18:51:31.654 D/CallCard(  342):    - Ringing: IDLE from Handler{4057c160}
02-13 18:51:31.654 D/CallCard(  342):  Phone: Handler{4057c160}, name = CDMA, state = OFFHOOK
02-13 18:51:31.654 D/CallCard(  342):    - Foreground: ACTIVE Background: IDLE Ringing: IDLE
02-13 18:51:31.654 D/CallCard(  342): ########## End Dump CallManager ##########)...
02-13 18:51:31.654 D/CallCard(  342): updateForegroundCall()...
02-13 18:51:31.654 D/CallCard(  342): displayMainCallStatus(call ACTIVE)...
02-13 18:51:31.654 D/CallCard(  342):   - call.state: ACTIVE
02-13 18:51:31.654 D/CallCard(  342): displayMainCallStatus: start periodicUpdateTimer
02-13 18:51:31.654 D/CallCard(  342): updateCardTitleWidgets(call ACTIVE)...
02-13 18:51:31.654 D/CallCard(  342): - getTitleForCallCard(Call ACTIVE)...
02-13 18:51:31.654 D/CallCard(  342):   ==> result: Current call
02-13 18:51:31.654 D/CallCard(  342): updateCardTitleWidgets: Current call
02-13 18:51:31.654 D/InCallScreen(  342): getUpdatedInCallControlState()...
02-13 18:51:31.654 D/PhoneUtils(  342): isEmergencyCall()...
02-13 18:51:31.654 D/PhoneUtils(  342): (add_call,fgCallState == Call.State.ACTIVE) = true
02-13 18:51:31.654 D/PhoneUtils(  342): (add_call,app.cdmaPhoneCallState.getAddCallMenuStateAfterCallWaiting() = true
02-13 18:51:31.654 D/InCallScreen(  342): isBluetoothAvailable()...
02-13 18:51:31.654 D/InCallScreen(  342):   - headset state = 0
02-13 18:51:31.654 D/InCallScreen(  342):   - headset address: null
02-13 18:51:31.654 D/InCallScreen(  342):   ==> false
02-13 18:51:31.664 D/PhoneUtils(  342): audioManager.isMicrophoneMute: false
02-13 18:51:31.664 D/InCallScreen(  342): [okToDialDTMFTones] foreground state: ACTIVE, ringing state: false, call screen mode: NORMAL, result: true
02-13 18:51:31.664 D/InCallControlState(  342): InCallControlState:
02-13 18:51:31.664 D/InCallControlState(  342):   manageConferenceVisible: false
02-13 18:51:31.664 D/InCallControlState(  342):   manageConferenceEnabled: false
02-13 18:51:31.664 D/InCallControlState(  342):   canAddCall: true
02-13 18:51:31.664 D/InCallControlState(  342):   canSwap: true
02-13 18:51:31.664 D/InCallControlState(  342):   canMerge: false
02-13 18:51:31.664 D/InCallControlState(  342):   bluetoothEnabled: false
02-13 18:51:31.664 D/InCallControlState(  342):   bluetoothIndicatorOn: false
02-13 18:51:31.664 D/InCallControlState(  342):   speakerEnabled: true
02-13 18:51:31.664 D/InCallControlState(  342):   speakerOn: false
02-13 18:51:31.664 D/InCallControlState(  342):   canMute: true
02-13 18:51:31.664 D/InCallControlState(  342):   muteIndicatorOn: false
02-13 18:51:31.664 D/InCallControlState(  342):   dialpadEnabled: true
02-13 18:51:31.664 D/InCallControlState(  342):   dialpadVisible: false
02-13 18:51:31.664 D/InCallControlState(  342):   onHold: false
02-13 18:51:31.664 D/InCallControlState(  342):   canHold: false
02-13 18:51:31.664 D/CallCard(  342): yangliu,getCurrentCallState: SINGLE_ACTIVE
02-13 18:51:31.664 D/CallCard(  342): yangliu,inCallControlState.onHold: false
02-13 18:51:31.664 D/KeyguardViewMediator(  256): setHidden true
02-13 18:51:31.664 D/PhoneUtils(  342): isEmergencyCall()...
02-13 18:51:31.664 D/CallCard(  342):   - CONN:  incoming: false state: ACTIVE post dial state: COMPLETE, state = ACTIVE
02-13 18:51:31.664 D/CallCard(  342): - displayMainCallStatus: updatedNumber = 4864351
02-13 18:51:31.664 D/CallCard(  342): - displayMainCallStatus: starting CallerInfo query...
02-13 18:51:31.664 D/PhoneUtils(  342): startGetCallerInfo: query already done, returning CallerInfo
02-13 18:51:31.664 D/CallCard(  342): updateDisplayForPerson(CallerInfo { name non-null, phoneNumber non-null })
02-13 18:51:31.664 D/CallCard(  342): presentation:1 isTemporary:false
02-13 18:51:31.664 D/CallCard(  342): - got personUri: 'content://com.android.contacts/contacts/179', based on info.person_id: 179
02-13 18:51:31.674 D/CallCard(  342): updatePhotoForCallState(ACTIVE)...
02-13 18:51:31.674 D/CallCard(  342): yangliu_sprint,updatePhotoForCallState,isEarliestConnHold = false
02-13 18:51:31.674 D/CallCard(  342): displayOnHoldCallStatus(call =IDLE)...
02-13 18:51:31.674 D/PhoneApp(  342): - isOtaCallInActiveState false
02-13 18:51:31.674 D/InCallScreen(  342): [okToDialDTMFTones] foreground state: ACTIVE, ringing state: false, call screen mode: NORMAL, result: true
02-13 18:51:31.674 D/KeyguardViewMediator(  256): setHidden true
02-13 18:51:31.674 D/InCallScreen(  342): isBluetoothAudioConnected: ==> isAudioOn = false
02-13 18:51:31.674 D/InCallScreen(  342): getUpdatedInCallControlState()...
02-13 18:51:31.674 D/PhoneUtils(  342): isEmergencyCall()...
02-13 18:51:31.674 D/PhoneUtils(  342): (add_call,fgCallState == Call.State.ACTIVE) = true
02-13 18:51:31.674 D/PhoneUtils(  342): (add_call,app.cdmaPhoneCallState.getAddCallMenuStateAfterCallWaiting() = true
02-13 18:51:31.674 D/InCallScreen(  342): isBluetoothAvailable()...
02-13 18:51:31.674 D/InCallScreen(  342):   - headset state = 0
02-13 18:51:31.674 D/InCallScreen(  342):   - headset address: null
02-13 18:51:31.674 D/InCallScreen(  342):   ==> false
02-13 18:51:31.674 D/PhoneUtils(  342): audioManager.isMicrophoneMute: false
02-13 18:51:31.674 D/InCallScreen(  342): [okToDialDTMFTones] foreground state: ACTIVE, ringing state: false, call screen mode: NORMAL, result: true
02-13 18:51:31.674 D/InCallControlState(  342): InCallControlState:
02-13 18:51:31.674 D/InCallControlState(  342):   manageConferenceVisible: false
02-13 18:51:31.674 D/InCallControlState(  342):   manageConferenceEnabled: false
02-13 18:51:31.674 D/InCallControlState(  342):   canAddCall: true
02-13 18:51:31.674 D/InCallControlState(  342):   canSwap: true
02-13 18:51:31.674 D/InCallControlState(  342):   canMerge: false
02-13 18:51:31.674 D/InCallControlState(  342):   bluetoothEnabled: false
02-13 18:51:31.674 D/InCallControlState(  342):   bluetoothIndicatorOn: false
02-13 18:51:31.674 D/InCallControlState(  342):   speakerEnabled: true
02-13 18:51:31.674 D/InCallControlState(  342):   speakerOn: false
02-13 18:51:31.674 D/InCallControlState(  342):   canMute: true
02-13 18:51:31.674 D/InCallControlState(  342):   muteIndicatorOn: false
02-13 18:51:31.674 D/InCallControlState(  342):   dialpadEnabled: true
02-13 18:51:31.674 D/InCallControlState(  342):   dialpadVisible: false
02-13 18:51:31.674 D/InCallControlState(  342):   onHold: false
02-13 18:51:31.674 D/InCallControlState(  342):   canHold: false
02-13 18:51:31.684 D/InCallScreen(  342): updateProviderOverlay: false
02-13 18:51:31.684 D/InCallScreen(  342): updateMenuButtonHint()...
02-13 18:51:31.684 D/PhoneApp(  342): updateWakeState: callscreen true, dialer false, speaker false...
02-13 18:51:31.684 D/PhoneApp(  342): setScreenTimeout(MEDIUM)...
02-13 18:51:31.684 D/PhoneApp(  342): updateWakeState: keepScreenOn = false (isRinging false, isDialing false, showingDisc false)
02-13 18:51:31.684 D/PhoneApp(  342): requestWakeState(PARTIAL)...
02-13 18:51:31.684 I/DATA    (  342): [DCT(0) ] intent received :android.intent.action.SCREEN_ON
02-13 18:51:31.694 D/DATA    (  342): [DSST(0)] pollstate() : reason = data network state changed
02-13 18:51:31.774 D/MobileDataStateTracker(  256): [hipri]  MobileDataStateReceiver onReceive(): Entry.
02-13 18:51:31.774 D/MobileDataStateTracker(  256): [hipri]  intent.getAction()= android.intent.action.SERVICE_STATE
02-13 18:51:31.774 D/MobileDataStateTracker(  256): [hipri]  mEnabled = false
02-13 18:51:31.784 D/MobileDataStateTracker(  256): [dun]  MobileDataStateReceiver onReceive(): Entry.
02-13 18:51:31.784 D/MobileDataStateTracker(  256): [dun]  intent.getAction()= android.intent.action.SERVICE_STATE
02-13 18:51:31.784 D/MobileDataStateTracker(  256): [dun]  mEnabled = false
02-13 18:51:31.784 D/MobileDataStateTracker(  256): [supl]  MobileDataStateReceiver onReceive(): Entry.
02-13 18:51:31.784 D/MobileDataStateTracker(  256): [supl]  intent.getAction()= android.intent.action.SERVICE_STATE
02-13 18:51:31.784 D/MobileDataStateTracker(  256): [supl]  mEnabled = false
02-13 18:51:31.784 D/MobileDataStateTracker(  256): [mms]  MobileDataStateReceiver onReceive(): Entry.
02-13 18:51:31.784 D/MobileDataStateTracker(  256): [mms]  intent.getAction()= android.intent.action.SERVICE_STATE
02-13 18:51:31.784 D/MobileDataStateTracker(  256): [mms]  mEnabled = false
02-13 18:51:31.784 D/MobileDataStateTracker(  256): [default]  MobileDataStateReceiver onReceive(): Entry.
02-13 18:51:31.784 D/MobileDataStateTracker(  256): [default]  intent.getAction()= android.intent.action.SERVICE_STATE
02-13 18:51:31.784 D/MobileDataStateTracker(  256): [default]  mEnabled = true
02-13 18:51:31.794 D/DATA    (  342): [DSST(0)]  registrationState = 1  radioTechnology = 8 reasonForDenial = 0
02-13 18:51:31.794 D/DATA    (  342): [DSST(0)]  set mNewDataConnectionState = 0
02-13 18:51:31.794 D/DATA    (  342): [DSST(0)]  mNewDataConnectionState : 0  mDataConnectionState : 0
02-13 18:51:31.794 D/DATA    (  342): [DSST(0)] Poll ServiceState done: oldSS=[0 home null null null  EvDo rev. A CSS not supported -1 -1RoamInd: -1RoamStatus(sprint): -1DefRoamInd: -1EmergOnly: false] newSS=[0 home null null null  EvDo rev. A CSS not supported -1 -1RoamInd: -1RoamStatus(sprint): -1DefRoamInd: -1EmergOnly: false]
02-13 18:51:31.794 D/DATA    (  342): [DSST(0)]  mDataConnectionState = 0
02-13 18:51:31.794 D/CallManager(  342):  handleMessage (EVENT_SERVICE_STATE_CHANGED)
02-13 18:51:31.794 E/BT HS/HF(  342): SERVICE_STATE_CHANGED called
02-13 18:51:31.794 E/BT HS/HF(  342): updateServiceState called, sendUpdate:false  ServiceState:0 home Sprint  310099  EvDo rev. A CSS not supported 41 4139RoamInd: 1RoamStatus(sprint): 1DefRoamInd: 160EmergOnly: false
02-13 18:51:31.794 E/BT HS/HF(  342): service:1 mService:1
02-13 18:51:31.824 D/Mms     (  774): currentRoamingStatus:1
02-13 18:51:32.235 I/vDM     (  467): KeyCode = 26
02-13 18:51:32.365 D/PowerManagerService(  256): Go to sleep-->
02-13 18:51:32.365 D/PowerManagerService(  256): setPowerState: mPowerState=0x3 newState=0x0 noChangeLights=false reason=2
02-13 18:51:32.385 I/vDM     (  467): KeyCode = 26
02-13 18:51:32.605 D/PowerManagerService(  256): acquireWakeLock flags=0x1 tag=sleep_broadcast
02-13 18:51:32.605 D/PowerManagerService(  256): Go to standby ,PARTIAL_WAKE_LOCK tag = PhoneApp
02-13 18:51:32.605 D/PowerManagerService(  256): Go to standby ,PARTIAL_WAKE_LOCK tag = sleep_broadcast
02-13 18:51:32.605 D/KeyguardViewMediator(  256): onScreenTurnedOff(2)
02-13 18:51:32.605 D/lisha   (  256): isLockedOrMissing ***state.isPinLocked()=false***requireSim = true***state=READY
02-13 18:51:32.605 D/lisha   (  256): ***lockedOrMissing=false***provisioned=true
02-13 18:51:32.605 D/KeyguardViewMediator(  256): doKeyguard: showing the lock screen
02-13 18:51:32.605 D/KeyguardViewMediator(  256): showLocked
02-13 18:51:32.605 D/PowerManagerService(  256): acquireWakeLock flags=0x1 tag=show keyguard
02-13 18:51:32.605 D/PowerManagerService(  256): acquireWakeLock flags=0x1 tag=ActivityManager-Sleep
02-13 18:51:32.605 D/KeyguardViewMediator(  256): handleShow
02-13 18:51:32.615 I/LockPatternKeyguardView(  256): updateLockscreenBackground
02-13 18:51:32.615 I/LockPatternKeyguardView(  256): setBackgroundDrawable
02-13 18:51:32.615 I/LockPatternKeyguardView(  256): file not found: etc/customize/default_lockscreen
02-13 18:51:32.655 D/InCallScreen(  342): onPause()...
02-13 18:51:32.655 D/InCallScreen(  342): updateProviderOverlay: false
02-13 18:51:32.665 D/PhoneApp(  342): updateProximitySensorMode: state = OFFHOOK
02-13 18:51:32.665 D/PhoneApp(  342): updateProximitySensorMode: lock already held.
02-13 18:51:32.665 D/ToneGenerator(  342): stopTone
02-13 18:51:32.665 D/AudioTrack(  342): stop 0x3aaaf0
02-13 18:51:32.665 D/AudioFlinger(  114): remove track (4098) and delete from mixer
02-13 18:51:32.665 D/InCallScreen(  342): dismissMenu(immediate = true)...
02-13 18:51:32.665 D/InCallScreen(  342): dismissAllDialogs()...
02-13 18:51:32.665 D/NotificationMgr(  342): updating status bar state: 4
02-13 18:51:32.665 D/PhoneApp(  342): re-enable status bar
02-13 18:51:32.665 D/PhoneApp(  342): StatusBarManager.DISABLE_NONE
02-13 18:51:32.665 D/PhoneApp(  342): updateWakeState: callscreen false, dialer false, speaker false...
02-13 18:51:32.665 D/PhoneApp(  342): setScreenTimeout(DEFAULT)...
02-13 18:51:32.665 D/PhoneApp(  342): updateWakeState: keepScreenOn = false (isRinging false, isDialing false, showingDisc false)
02-13 18:51:32.665 D/PhoneApp(  342): requestWakeState(PARTIAL)...
02-13 18:51:32.665 D/PowerManagerService(  256): releaseWakeLock flags=0x1 tag=ActivityManager-Sleep
02-13 18:51:32.675 D/PowerManagerService(  256): acquireWakeLock flags=0x1 tag=RILJ
02-13 18:51:32.685 D/AlarmManager(  256): +++Alarm set:type=0 android  Trigger after:119999ms
02-13 18:51:32.685 D/PowerManagerService(  256): releaseWakeLock flags=0x1 tag=RILJ
02-13 18:51:32.715 D/KeyguardViewMediator(  256): setHidden true
02-13 18:51:32.735 I/DATA    (  342): [DCT(0) ] intent received :android.intent.action.SCREEN_OFF
02-13 18:51:32.735 D/PowerManagerService(  256): releaseWakeLock flags=0x1 tag=sleep_broadcast
02-13 18:51:32.765 D/LockScreen(  256): initCarrierVisibility - mResId.length=2, mCarrier.length=1
02-13 18:51:32.835 D/AccelerometerListener(  342): orientation: horizontal
02-13 18:51:32.835 D/PhoneApp(  342): updateProximitySensorMode: state = OFFHOOK
02-13 18:51:32.855 D/PhoneApp(  342): updateProximitySensorMode: lock already held.
02-13 18:51:32.855 D/Bitmap  (  256): Detect unrecycled bitmap.
02-13 18:51:32.855 D/Bitmap  (  256):       Size: 39744 Bytes, Width: 108 , Height: 92 , Hash code: 1082904120
02-13 18:51:32.855 D/Bitmap  (  256):  This bimap was created in:
02-13 18:51:32.855 D/Bitmap  (  256):       android.graphics.Bitmap.<init>(Bitmap.java:136)
02-13 18:51:32.855 D/Bitmap  (  256):       android.graphics.BitmapFactory.nativeDecodeAsset(Native Method)
02-13 18:51:32.855 D/Bitmap  (  256):       android.graphics.BitmapFactory.decodeStream(BitmapFactory.java:460)
02-13 18:51:32.855 D/Bitmap  (  256):       android.graphics.BitmapFactory.decodeResourceStream(BitmapFactory.java:336)
02-13 18:51:32.855 D/Bitmap  (  256):       android.graphics.drawable.Drawable.createFromResourceStream(Drawable.java:697)
02-13 18:51:32.855 D/Bitmap  (  256):       android.content.res.Resources.loadDrawable(Resources.java:1709)
02-13 18:51:32.855 D/Bitmap  (  256):       android.content.res.Resources.getDrawable(Resources.java:581)
02-13 18:51:32.855 D/Bitmap  (  256):       android.graphics.drawable.StateListDrawable.inflate(StateListDrawable.java:162)
02-13 18:51:32.855 D/Bitmap  (  256):       android.graphics.drawable.Drawable.createFromXmlInner(Drawable.java:787)
02-13 18:51:32.855 D/Bitmap  (  256):       android.graphics.drawable.Drawable.createFromXml(Drawable.java:728)
02-13 18:51:32.855 D/Bitmap  (  256):       android.content.res.Resources.loadDrawable(Resources.java:1694)
02-13 18:51:32.855 D/Bitmap  (  256):       android.content.res.Resources.getDrawable(Resources.java:581)
02-13 18:51:32.855 D/Bitmap  (  256):       android.view.View.setBackgroundResource(View.java:7533)
02-13 18:51:32.855 D/Bitmap  (  256):       com.android.internal.widget.SlidingTab$Slider.<init>(SlidingTab.java:192)
02-13 18:51:32.855 D/Bitmap  (  256):       com.android.internal.widget.SlidingTab.<init>(SlidingTab.java:458)
02-13 18:51:32.855 D/Bitmap  (  256):       java.lang.reflect.Constructor.constructNative(Native Method)
02-13 18:51:32.855 D/Bitmap  (  256):       java.lang.reflect.Constructor.newInstance(Constructor.java:415)
02-13 18:51:32.855 D/Bitmap  (  256):       android.view.LayoutInflater.createView(LayoutInflater.java:505)
02-13 18:51:32.855 D/Bitmap  (  256):       android.view.LayoutInflater.createViewFromTag(LayoutInflater.java:570)
02-13 18:51:32.855 D/Bitmap  (  256):       android.view.LayoutInflater.rInflate(LayoutInflater.java:623)
02-13 18:51:32.855 D/Bitmap  (  256):       android.view.LayoutInflater.inflate(LayoutInflater.java:408)
02-13 18:51:32.855 D/Bitmap  (  256):       android.view.LayoutInflater.inflate(LayoutInflater.java:320)
02-13 18:51:32.855 D/Bitmap  (  256):       com.android.internal.policy.impl.LockScreen.<init>(LockScreen.java:328)
02-13 18:51:32.855 D/Bitmap  (  256):       com.android.internal.policy.impl.LockPatternKeyguardView.createLockScreen(LockPatternKeyguardView.java:821)
02-13 18:51:32.855 D/Bitmap  (  256):       com.android.internal.policy.impl.LockPatternKeyguardView.<init>(LockPatternKeyguardView.java:429)
02-13 18:51:32.855 D/Bitmap  (  256):       com.android.internal.policy.impl.LockPatternKeyguardViewProperties.createKeyguardView(LockPatternKeyguardViewProperties.java:49)
02-13 18:51:32.855 D/Bitmap  (  256):       com.android.internal.policy.impl.KeyguardViewManager.show(KeyguardViewManager.java:125)
02-13 18:51:32.855 D/Bitmap  (  256):       com.android.internal.policy.impl.KeyguardViewMediator.handleShow(KeyguardViewMediator.java:1064)
02-13 18:51:32.855 D/Bitmap  (  256):       com.android.internal.policy.impl.KeyguardViewMediator.access$700(KeyguardViewMediator.java:103)
02-13 18:51:32.855 D/Bitmap  (  256):       com.android.internal.policy.impl.KeyguardViewMediator$2.handleMessage(KeyguardViewMediator.java:931)
02-13 18:51:32.855 D/Bitmap  (  256):       android.os.Handler.dispatchMessage(Handler.java:99)
02-13 18:51:32.855 D/Bitmap  (  256):       android.os.Looper.loop(Looper.java:130)
02-13 18:51:32.855 D/Bitmap  (  256):       com.android.server.WindowManagerService$PolicyThread.run(WindowManagerService.java:613)
02-13 18:51:32.855 D/Bitmap  (  256): _
02-13 18:51:32.865 D/LockScreen(  256): updateLayout: status=Normalsubscription=0
02-13 18:51:32.865 D/LockScreen(  256): Updating Lock Screen text to Ruim
02-13 18:51:32.875 D/LockPatternKeyguardView(  256): LockPatternKeyguardView ctor: about to createUnlockScreenFor; mEnableFallback=false
02-13 18:51:32.875 D/UnlockScreen(  256): *******mCreationOrientation = 1
02-13 18:51:32.895 D/LockPatternKeyguardView(  256): createUnlockScreenFor(Pattern): mEnableFallback=false
02-13 18:51:32.915 I/LockPatternKeyguardView(  256): updateLockscreenBackground
02-13 18:51:32.915 I/LockPatternKeyguardView(  256): setBackgroundDrawable
02-13 18:51:32.915 I/LockPatternKeyguardView(  256): file not found: etc/customize/default_lockscreen
02-13 18:51:32.915 D/LockScreen(  256): updateLayout: status=Normalsubscription=0
02-13 18:51:32.915 D/LockScreen(  256): Updating Lock Screen text to Ruim
02-13 18:51:32.926 D/KeyguardViewMediator(  256): adjustUserActivityLocked mShowing: true mHidden: true
02-13 18:51:32.936 D/PowerManagerService(  256): releaseWakeLock flags=0x1 tag=show keyguard
02-13 18:51:32.936 D/KeyguardViewMediator(  256): setHidden true
02-13 18:51:32.946 D/Launcher(  364): Closing system Dialogs 
02-13 18:51:32.996 D/KeyguardViewMediator(  256): setHidden true
02-13 18:51:33.116 D/KeyguardViewMediator(  256):  onWakeKeyWhenKeyguardShowing(26)
02-13 18:51:33.116 D/KeyguardViewMediator(  256): wakeWhenReadyLocked(26)
02-13 18:51:33.116 D/PowerManagerService(  256): acquireWakeLock flags=0x1 tag=keyguardWakeAndHandOff
02-13 18:51:33.116 D/LockPatternKeyguardView(  256): onWakeKey
02-13 18:51:33.116 D/LockPatternKeyguardView(  256): poking wake lock immediately
02-13 18:51:33.116 D/PowerManagerService(  256): acquireWakeLock flags=0x1000001a tag=keyguard
02-13 18:51:33.116 D/PowerManagerService(  256): UnPartial  wakeLock  reactivate ,flags=0x20 tag=PhoneApp
02-13 18:51:33.116 D/PowerManagerService(  256): UnPartial  wakeLock  reactivate ,flags=0x1000001a tag=keyguard
02-13 18:51:33.116 D/PowerManagerService(  256): setPowerState: mPowerState=0x0 newState=0x3 noChangeLights=false reason=3
02-13 18:51:33.126 D/KeyguardViewMediator(  256): onScreenTurnedOn, seq = 4
02-13 18:51:33.126 D/KeyguardViewMediator(  256): notifyScreenOnLocked
02-13 18:51:33.126 E/Sensors (  256): [HAL]ready to call enable(Accelerometer,1),AAAAAAAA
02-13 18:51:33.126 D/KeyguardViewMediator(  256): handleNotifyScreenOn
02-13 18:51:33.126 I/LockPatternKeyguardView(  256): updateLockscreenBackground
02-13 18:51:33.126 I/LockPatternKeyguardView(  256): setBackgroundDrawable
02-13 18:51:33.126 I/LockPatternKeyguardView(  256): file not found: etc/customize/default_lockscreen
02-13 18:51:33.126 D/LockScreen(  256): updateLayout: status=Normalsubscription=0
02-13 18:51:33.126 D/InCallScreen(  342): onResume()...
02-13 18:51:33.126 D/PhoneApp(  342): disable status bar
02-13 18:51:33.126 D/PhoneApp(  342): StatusBarManager.DISABLE_EXPAND
02-13 18:51:33.136 D/PhoneApp(  342): setIgnoreTouchUserActivity(true)...
02-13 18:51:33.136 D/NotificationMgr(  342): updating status bar state: 5
02-13 18:51:33.136 D/AudioTrack(  342): Request AudioFlinger to create track
02-13 18:51:33.136 D/AudioFlinger(  114): createTrack() lSessionId: 24
02-13 18:51:33.136 D/AudioFlinger(  114): Track constructor name 4098, calling thread 342
02-13 18:51:33.136 D/LockScreen(  256): Updating Lock Screen text to Ruim
02-13 18:51:33.136 D/InCallScreen(  342): - onResume: initial status = SUCCESS
02-13 18:51:33.136 D/InCallScreen(  342): isBluetoothAudioConnected: ==> isAudioOn = false
02-13 18:51:33.136 D/InCallScreen(  342): checkIsOtaCall...
02-13 18:51:33.136 D/InCallScreen(  342): checkIsOtaCall action ACTION_MAIN
02-13 18:51:33.136 D/InCallScreen(  342): checkIsOtaCall: isOtaCall =false
02-13 18:51:33.136 D/InCallScreen(  342): setInCallScreenMode: NORMAL
02-13 18:51:33.136 D/InCallScreen(  342): [okToDialDTMFTones] foreground state: ACTIVE, ringing state: false, call screen mode: NORMAL, result: true
02-13 18:51:33.136 D/InCallScreen(  342): isBluetoothAudioConnected: ==> isAudioOn = false
02-13 18:51:33.136 D/InCallScreen(  342): getUpdatedInCallControlState()...
02-13 18:51:33.136 D/PhoneUtils(  342): isEmergencyCall()...
02-13 18:51:33.136 D/PhoneUtils(  342): (add_call,fgCallState == Call.State.ACTIVE) = true
02-13 18:51:33.136 D/PhoneUtils(  342): (add_call,app.cdmaPhoneCallState.getAddCallMenuStateAfterCallWaiting() = true
02-13 18:51:33.136 D/InCallScreen(  342): isBluetoothAvailable()...
02-13 18:51:33.136 D/InCallScreen(  342):   - headset state = 0
02-13 18:51:33.146 D/KeyguardViewMediator(  256): setHidden true
02-13 18:51:33.146 D/InCallScreen(  342):   - headset address: null
02-13 18:51:33.146 D/InCallScreen(  342):   ==> false
02-13 18:51:33.146 D/PhoneUtils(  342): audioManager.isMicrophoneMute: false
02-13 18:51:33.146 D/InCallScreen(  342): [okToDialDTMFTones] foreground state: ACTIVE, ringing state: false, call screen mode: NORMAL, result: true
02-13 18:51:33.146 D/InCallControlState(  342): InCallControlState:
02-13 18:51:33.146 D/InCallControlState(  342):   manageConferenceVisible: false
02-13 18:51:33.146 D/InCallControlState(  342):   manageConferenceEnabled: false
02-13 18:51:33.146 D/InCallControlState(  342):   canAddCall: true
02-13 18:51:33.146 D/InCallControlState(  342):   canSwap: true
02-13 18:51:33.146 D/InCallControlState(  342):   canMerge: false
02-13 18:51:33.146 D/InCallControlState(  342):   bluetoothEnabled: false
02-13 18:51:33.146 D/InCallControlState(  342):   bluetoothIndicatorOn: false
02-13 18:51:33.146 D/InCallControlState(  342):   speakerEnabled: true
02-13 18:51:33.146 D/InCallControlState(  342):   speakerOn: false
02-13 18:51:33.146 D/InCallControlState(  342):   canMute: true
02-13 18:51:33.146 D/InCallControlState(  342):   muteIndicatorOn: false
02-13 18:51:33.146 D/InCallControlState(  342):   dialpadEnabled: true
02-13 18:51:33.146 D/InCallControlState(  342):   dialpadVisible: false
02-13 18:51:33.146 D/InCallControlState(  342):   onHold: false
02-13 18:51:33.146 D/InCallControlState(  342):   canHold: false
02-13 18:51:33.156 D/KeyguardViewMediator(  256): setHidden true
02-13 18:51:33.156 D/InCallScreen(  342): syncWithPhoneState()...
02-13 18:51:33.156 D/PhoneUtils(  342): dumpCallState():
02-13 18:51:33.156 D/PhoneUtils(  342): - Call state = OFFHOOK
02-13 18:51:33.156 D/PhoneUtils(  342):   - FG call: ACTIVE CDMA isAlive true isRinging false isDialing false isIdle false hasConnections true
02-13 18:51:33.156 D/PhoneUtils(  342):   - BG call: IDLE CDMA isAlive false isRinging false isDialing false isIdle true hasConnections false
02-13 18:51:33.156 D/PhoneUtils(  342):   - RINGING call: IDLE CDMA isAlive false isRinging false isDialing false isIdle true hasConnections false
02-13 18:51:33.156 D/PhoneUtils(  342):   - hasRingingCall false hasActiveCall true hasHoldingCall false allLinesTaken false
02-13 18:51:33.156 D/PhoneUtils(  342):   - CDMA call state: SINGLE_ACTIVE
02-13 18:51:33.156 D/PhoneUtils(  342):   - Ringer state: false
02-13 18:51:33.156 D/InCallScreen(  342): ============== dumpBluetoothState() =============
02-13 18:51:33.156 D/InCallScreen(  342): isBluetoothAvailable()...
02-13 18:51:33.156 D/InCallScreen(  342):   - headset state = 0
02-13 18:51:33.166 D/InCallScreen(  342):   - headset address: null
02-13 18:51:33.166 D/InCallScreen(  342):   ==> false
02-13 18:51:33.166 D/InCallScreen(  342): = isBluetoothAvailable: false
02-13 18:51:33.166 D/InCallScreen(  342): isBluetoothAudioConnected: ==> isAudioOn = false
02-13 18:51:33.166 D/InCallScreen(  342): = isBluetoothAudioConnected: false
02-13 18:51:33.166 D/InCallScreen(  342): isBluetoothAudioConnected: ==> isAudioOn = false
02-13 18:51:33.166 D/InCallScreen(  342): isBluetoothAudioConnectedOrPending: ==> FALSE
02-13 18:51:33.166 D/InCallScreen(  342): = isBluetoothAudioConnectedOrPending: false
02-13 18:51:33.166 I/hubo    (  256): Activity {com.android.phone/com.android.phone.InCallScreen}
02-13 18:51:33.166 D/InCallScreen(  342): = PhoneApp.showBluetoothIndication: false
02-13 18:51:33.166 D/InCallScreen(  342): =
02-13 18:51:33.166 D/InCallScreen(  342): = BluetoothHandsfree.isAudioOn: false
02-13 18:51:33.166 D/InCallScreen(  342): = BluetoothHeadset.getCurrentHeadset: null
02-13 18:51:33.166 D/InCallScreen(  342): syncWithPhoneState: it's ok to be here; update the screen...
02-13 18:51:33.166 D/InCallScreen(  342): updateScreen()...
02-13 18:51:33.166 D/InCallScreen(  342): - updateScreen: updating the in-call UI...
02-13 18:51:33.166 D/CallCard(  342): updateState(########### Dump CallManager ############
02-13 18:51:33.166 D/CallCard(  342): CallManager state = OFFHOOK
02-13 18:51:33.166 D/CallCard(  342):    - Foreground: ACTIVE from Handler{4057c160}
02-13 18:51:33.166 D/CallCard(  342):      Conn: [ incoming: false state: ACTIVE post dial state: COMPLETE]
02-13 18:51:33.166 D/CallCard(  342):    - Background: IDLE from Handler{4057c160}
02-13 18:51:33.166 D/CallCard(  342):      Conn: []
02-13 18:51:33.166 D/CallCard(  342):    - Ringing: IDLE from Handler{4057c160}
02-13 18:51:33.166 D/CallCard(  342):  Phone: Handler{4057c160}, name = CDMA, state = OFFHOOK
02-13 18:51:33.166 D/CallCard(  342):    - Foreground: ACTIVE Background: IDLE Ringing: IDLE
02-13 18:51:33.166 D/CallCard(  342): ########## End Dump CallManager ##########)...
02-13 18:51:33.166 D/CallCard(  342): updateForegroundCall()...
02-13 18:51:33.166 D/CallCard(  342): displayMainCallStatus(call ACTIVE)...
02-13 18:51:33.166 D/CallCard(  342):   - call.state: ACTIVE
02-13 18:51:33.166 D/CallCard(  342): displayMainCallStatus: start periodicUpdateTimer
02-13 18:51:33.166 D/CallCard(  342): updateCardTitleWidgets(call ACTIVE)...
02-13 18:51:33.166 D/CallCard(  342): - getTitleForCallCard(Call ACTIVE)...
02-13 18:51:33.166 D/CallCard(  342):   ==> result: Current call
02-13 18:51:33.166 D/CallCard(  342): updateCardTitleWidgets: Current call
02-13 18:51:33.166 D/InCallScreen(  342): getUpdatedInCallControlState()...
02-13 18:51:33.166 D/PhoneUtils(  342): isEmergencyCall()...
02-13 18:51:33.176 D/PhoneUtils(  342): (add_call,fgCallState == Call.State.ACTIVE) = true
02-13 18:51:33.176 D/PhoneUtils(  342): (add_call,app.cdmaPhoneCallState.getAddCallMenuStateAfterCallWaiting() = true
02-13 18:51:33.176 D/InCallScreen(  342): isBluetoothAvailable()...
02-13 18:51:33.176 D/InCallScreen(  342):   - headset state = 0
02-13 18:51:33.176 D/InCallScreen(  342):   - headset address: null
02-13 18:51:33.176 D/InCallScreen(  342):   ==> false
