02-13 18:52:12.714 D/BT HS/HF(  342): Call: 1
02-13 18:52:12.714 D/BT HS/HF(  342): CallHeld: 0
02-13 18:52:12.714 D/CallNotifier(  342): handleMessage() Msg Type: 1
02-13 18:52:12.714 D/PhoneApp(  342): old phone type:2, New Phone type:2
02-13 18:52:12.714 D/CallNotifier(  342): onPhoneStateChanged: state = OFFHOOK
02-13 18:52:12.714 D/PhoneApp(  342): updateProximitySensorMode: state = OFFHOOK
02-13 18:52:12.714 D/PhoneApp(  342): updateProximitySensorMode: lock already held.
02-13 18:52:12.714 D/CallNotifier(  342): onPhoneStateChanged: OFF HOOK
02-13 18:52:12.714 D/PhoneUtils(  342): setAudioMode()...OFFHOOK
02-13 18:52:12.714 D/PhoneUtils(  342): setAudioMode() no change: MODE_IN_CALL
02-13 18:52:12.714 D/CallNotifier(  342): stopRing()... (OFFHOOK state)
02-13 18:52:12.714 D/CallNotifier(  342): Reset Auto answer timeout
02-13 18:52:12.714 D/CallNotifier(  342): - updating notification for phone state change...
02-13 18:52:12.724 D/NotificationMgr(  342): updateInCallNotification()...
02-13 18:52:12.724 D/NotificationMgr(  342):   - hasRingingCall = false
02-13 18:52:12.724 D/NotificationMgr(  342):   - hasActiveCall = false
02-13 18:52:12.724 D/NotificationMgr(  342):   - hasHoldingCall = false
02-13 18:52:12.724 D/NotificationMgr(  342): updateInCallNotification: enhancedVoicePrivacy = false
02-13 18:52:12.724 D/NotificationMgr(  342): - Updating status bar icon: resId = 2130837684
02-13 18:52:12.724 D/PhoneApp(  342): createInCallIntent subscription:
02-13 18:52:12.724 W/NotificationMgr(  342): updateInCallNotification: null connection, can't set exp view line 1.
02-13 18:52:12.724 D/PhoneUtils(  342): getCompactNameFromCallerInfo: info = null
02-13 18:52:12.724 D/PhoneUtils(  342): getCompactNameFromCallerInfo: compactName=Unknown
02-13 18:52:12.724 D/NotificationMgr(  342): - Updating expanded view: line 2 'xxxxxxx'
02-13 18:52:12.724 D/NotificationMgr(  342): Notifying IN_CALL_NOTIFICATION: Notification(vibrate=null,sound=null,defaults=0x0,flags=0x2)
02-13 18:52:12.734 D/NotificationMgr(  342): updateSpeakerNotification: speaker OFF (or not offhook)
02-13 18:52:12.734 D/PhoneUtils(  342): audioManager.isMicrophoneMute: false
02-13 18:52:12.734 D/NotificationMgr(  342): updateMuteNotification: not muted (or not offhook)
02-13 18:52:12.734 D/PhoneUtils(  342): ConnectionHandler: updating mute state for each connection
02-13 18:52:12.734 D/PhoneUtils(  342): connection:  incoming: false state: DISCONNECTING post dial state: COMPLETEnot accounted for, removing.
02-13 18:52:12.734 D/PhoneUtils(  342): problem retrieving mute value for this connection.
02-13 18:52:12.734 D/PhoneUtils(  342): setMuteInternal: false
02-13 18:52:12.734 D/PhoneUtils(  342): setMuteInternal: falsephoneType = 2
02-13 18:52:12.734 D/PhoneUtils(  342): setMicrophoneMute: false
02-13 18:52:12.734 D/PhoneUtils(  342): audioManager.isMicrophoneMute: false
02-13 18:52:12.734 D/NotificationMgr(  342): updateMuteNotification: not muted (or not offhook)
02-13 18:52:12.734 D/PhoneUtils(  342): problem retrieving mute value for this connection.
02-13 18:52:12.734 D/InCallScreen(  342): onPhoneStateChanged()...
02-13 18:52:12.734 D/InCallScreen(  342): updateScreen()...
02-13 18:52:12.734 D/InCallScreen(  342): - updateScreen: updating the in-call UI...
02-13 18:52:12.744 D/CallCard(  342): updateState(########### Dump CallManager ############
02-13 18:52:12.744 D/CallCard(  342): CallManager state = OFFHOOK
02-13 18:52:12.744 D/CallCard(  342):    - Foreground: DISCONNECTING from Handler{4057c160}
02-13 18:52:12.744 D/CallCard(  342):      Conn: [ incoming: false state: DISCONNECTING post dial state: COMPLETE]
02-13 18:52:12.744 D/CallCard(  342):    - Background: IDLE from Handler{4057c160}
02-13 18:52:12.744 D/CallCard(  342):      Conn: []
02-13 18:52:12.744 D/CallCard(  342):    - Ringing: IDLE from Handler{4057c160}
02-13 18:52:12.744 D/CallCard(  342):  Phone: Handler{4057c160}, name = CDMA, state = OFFHOOK
02-13 18:52:12.744 D/CallCard(  342):    - Foreground: DISCONNECTING Background: IDLE Ringing: IDLE
02-13 18:52:12.744 D/CallCard(  342): ########## End Dump CallManager ##########)...
02-13 18:52:12.744 D/CallCard(  342): updateForegroundCall()...
02-13 18:52:12.744 D/CallCard(  342): displayMainCallStatus(call DISCONNECTING)...
02-13 18:52:12.744 D/CallCard(  342):   - call.state: DISCONNECTING
02-13 18:52:12.744 D/CallCard(  342): displayMainCallStatus: start periodicUpdateTimer
02-13 18:52:12.744 D/CallCard(  342): updateCardTitleWidgets(call DISCONNECTING)...
02-13 18:52:12.744 D/CallCard(  342): - getTitleForCallCard(Call DISCONNECTING)...
02-13 18:52:12.744 D/CallCard(  342):   ==> result: Hanging up
02-13 18:52:12.744 D/CallCard(  342): updateCardTitleWidgets: Hanging up
02-13 18:52:12.744 D/InCallScreen(  342): getUpdatedInCallControlState()...
02-13 18:52:12.744 D/PhoneUtils(  342): isEmergencyCall()...
02-13 18:52:12.744 D/PhoneUtils(  342): (add_call,fgCallState == Call.State.ACTIVE) = false
02-13 18:52:12.744 D/PhoneUtils(  342): (add_call,app.cdmaPhoneCallState.getAddCallMenuStateAfterCallWaiting() = true
02-13 18:52:12.744 D/InCallScreen(  342): isBluetoothAvailable()...
02-13 18:52:12.754 D/InCallScreen(  342):   - headset state = 0
02-13 18:52:12.754 D/InCallScreen(  342):   - headset address: null
02-13 18:52:12.754 D/InCallScreen(  342):   ==> false
02-13 18:52:12.754 D/PhoneUtils(  342): audioManager.isMicrophoneMute: false
02-13 18:52:12.754 D/InCallScreen(  342): [okToDialDTMFTones] foreground state: DISCONNECTING, ringing state: false, call screen mode: NORMAL, result: false
02-13 18:52:12.754 D/InCallControlState(  342): InCallControlState:
02-13 18:52:12.754 D/InCallControlState(  342):   manageConferenceVisible: false
02-13 18:52:12.754 D/InCallControlState(  342):   manageConferenceEnabled: false
02-13 18:52:12.754 D/InCallControlState(  342):   canAddCall: false
02-13 18:52:12.754 D/InCallControlState(  342):   canSwap: true
02-13 18:52:12.754 D/InCallControlState(  342):   canMerge: false
02-13 18:52:12.754 D/InCallControlState(  342):   bluetoothEnabled: false
02-13 18:52:12.754 D/InCallControlState(  342):   bluetoothIndicatorOn: false
02-13 18:52:12.754 D/InCallControlState(  342):   speakerEnabled: true
02-13 18:52:12.754 D/InCallControlState(  342):   speakerOn: false
02-13 18:52:12.754 D/InCallControlState(  342):   canMute: false
02-13 18:52:12.754 D/InCallControlState(  342):   muteIndicatorOn: false
02-13 18:52:12.754 D/InCallControlState(  342):   dialpadEnabled: false
02-13 18:52:12.754 D/InCallControlState(  342):   dialpadVisible: false
02-13 18:52:12.754 D/InCallControlState(  342):   onHold: false
02-13 18:52:12.754 D/InCallControlState(  342):   canHold: false
02-13 18:52:12.754 D/CallCard(  342): yangliu,getCurrentCallState: SINGLE_ACTIVE
02-13 18:52:12.754 D/CallCard(  342): yangliu,inCallControlState.onHold: false
02-13 18:52:12.754 D/PhoneUtils(  342): isEmergencyCall()...
02-13 18:52:12.754 D/CallCard(  342):   - CONN:  incoming: false state: DISCONNECTING post dial state: COMPLETE, state = DISCONNECTING
02-13 18:52:12.754 D/CallCard(  342): - displayMainCallStatus: updatedNumber = 4864351
02-13 18:52:12.754 D/CallCard(  342): - displayMainCallStatus: starting CallerInfo query...
02-13 18:52:12.754 D/PhoneUtils(  342): startGetCallerInfo: query already done, returning CallerInfo
02-13 18:52:12.754 D/CallCard(  342): updateDisplayForPerson(CallerInfo { name non-null, phoneNumber non-null })
02-13 18:52:12.754 D/CallCard(  342): presentation:1 isTemporary:false
02-13 18:52:12.754 D/CallCard(  342): - got personUri: 'content://com.android.contacts/contacts/179', based on info.person_id: 179
02-13 18:52:12.754 D/CallCard(  342): updatePhotoForCallState(DISCONNECTING)...
02-13 18:52:12.754 D/KeyguardViewMediator(  256): setHidden true
02-13 18:52:12.764 D/KeyguardViewMediator(  256): setHidden true
02-13 18:52:12.764 D/CallCard(  342): yangliu_sprint,updatePhotoForCallState,isEarliestConnHold = false
02-13 18:52:12.764 D/CallCard(  342): displayOnHoldCallStatus(call =IDLE)...
02-13 18:52:12.764 D/PhoneApp(  342): - isOtaCallInActiveState false
02-13 18:52:12.764 D/InCallScreen(  342): [okToDialDTMFTones] foreground state: DISCONNECTING, ringing state: false, call screen mode: NORMAL, result: false
02-13 18:52:12.764 D/InCallScreen(  342): isBluetoothAudioConnected: ==> isAudioOn = false
02-13 18:52:12.764 D/InCallScreen(  342): getUpdatedInCallControlState()...
02-13 18:52:12.764 D/PhoneUtils(  342): isEmergencyCall()...
02-13 18:52:12.764 D/PhoneUtils(  342): (add_call,fgCallState == Call.State.ACTIVE) = false
02-13 18:52:12.764 D/PhoneUtils(  342): (add_call,app.cdmaPhoneCallState.getAddCallMenuStateAfterCallWaiting() = true
02-13 18:52:12.764 D/InCallScreen(  342): isBluetoothAvailable()...
02-13 18:52:12.764 D/InCallScreen(  342):   - headset state = 0
02-13 18:52:12.764 D/InCallScreen(  342):   - headset address: null
02-13 18:52:12.764 D/InCallScreen(  342):   ==> false
02-13 18:52:12.764 D/PhoneUtils(  342): audioManager.isMicrophoneMute: false
02-13 18:52:12.764 D/InCallScreen(  342): [okToDialDTMFTones] foreground state: DISCONNECTING, ringing state: false, call screen mode: NORMAL, result: false
02-13 18:52:12.764 D/InCallControlState(  342): InCallControlState:
02-13 18:52:12.764 D/InCallControlState(  342):   manageConferenceVisible: false
02-13 18:52:12.764 D/InCallControlState(  342):   manageConferenceEnabled: false
02-13 18:52:12.764 D/InCallControlState(  342):   canAddCall: false
02-13 18:52:12.764 D/InCallControlState(  342):   canSwap: true
02-13 18:52:12.764 D/InCallControlState(  342):   canMerge: false
02-13 18:52:12.774 D/InCallControlState(  342):   bluetoothEnabled: false
02-13 18:52:12.774 D/InCallControlState(  342):   bluetoothIndicatorOn: false
02-13 18:52:12.774 D/InCallControlState(  342):   speakerEnabled: true
02-13 18:52:12.774 D/InCallControlState(  342):   speakerOn: false
02-13 18:52:12.774 D/InCallControlState(  342):   canMute: false
02-13 18:52:12.774 D/InCallControlState(  342):   muteIndicatorOn: false
02-13 18:52:12.774 D/InCallControlState(  342):   dialpadEnabled: false
02-13 18:52:12.774 D/InCallControlState(  342):   dialpadVisible: false
02-13 18:52:12.774 D/InCallControlState(  342):   onHold: false
02-13 18:52:12.774 D/InCallControlState(  342):   canHold: false
02-13 18:52:12.774 D/InCallScreen(  342): updateProviderOverlay: false
02-13 18:52:12.774 D/InCallScreen(  342): updateMenuButtonHint()...
02-13 18:52:12.774 D/PhoneApp(  342): updateWakeState: callscreen true, dialer false, speaker false...
02-13 18:52:12.774 D/PhoneApp(  342): setScreenTimeout(MEDIUM)...
02-13 18:52:12.774 D/PhoneApp(  342): updateWakeState: keepScreenOn = true (isRinging false, isDialing false, showingDisc true)
02-13 18:52:12.774 D/PowerManagerService(  256): releaseWakeLock flags=0x20 tag=PhoneApp
02-13 18:52:12.774 D/PhoneApp(  342): requestWakeState(FULL)...
02-13 18:52:12.774 D/PowerManagerService(  256): acquireWakeLock flags=0x3000001a tag=PhoneApp
02-13 18:52:12.774 D/PowerManagerService(  256): UnPartial  wakeLock  reactivate ,flags=0x3000001a tag=PhoneApp
02-13 18:52:12.804 I/AudioService(  256):  AudioFocus  abandonAudioFocus() from AudioFocus_For_Phone_Ring_And_Calls
02-13 18:52:12.814 D/KeyguardUpdateMonitor(  256): received broadcast android.intent.action.PHONE_STATE
02-13 18:52:12.814 E/lights  (  256):   g_haveAmberLed=0
02-13 18:52:12.814 E/lights  (  256):   red=0
02-13 18:52:12.814 E/lights  (  256):   green=255
02-13 18:52:12.814 E/lights  (  256):   blink=1
02-13 18:52:12.814 D/KeyguardUpdateMonitor(  256): handlePhoneStateChanged(IDLE)
02-13 18:52:12.814 D/DMC     (  467): IDLE
02-13 18:52:12.814 I/DMC     (  467): VdmcBroadcastReceiver#endCall IN_CALL= false
02-13 18:52:12.814 I/VdmcBroadcastReceiver(  467): ACTION=android.intent.action.PHONE_STATE
02-13 18:52:12.814 I/vDM     (  467): Vdmc getInstance
02-13 18:52:12.814 I/vDM     (  467): Vdmc getInstance
02-13 18:52:12.834 D/TransactionService(  774): luowenping --------------------CALL_STATE_IDLE
02-13 18:52:12.834 D/CallManager(  342):  handleMessage (EVENT_DISCONNECT)
02-13 18:52:12.834 I/DATA    (  342): [DCT(0) ] intent received :android.intent.action.VOICE_CALL_ENDED
02-13 18:52:12.844 D/CallNotifier(  342): handleMessage() Msg Type: 3
02-13 18:52:12.844 D/PhoneApp(  342): old phone type:2, New Phone type:2
02-13 18:52:12.844 D/CallNotifier(  342): DISCONNECT
02-13 18:52:12.844 D/CallNotifier(  342): onDisconnect()...  CallManager state: IDLE
02-13 18:52:12.844 D/CallNotifier(  342): - onDisconnect: cause = LOCAL, incoming = false, date = 1329180656785
02-13 18:52:12.844 D/CallNotifier(  342): stopSignalInfoTone: Stopping SignalInfo tone player
02-13 18:52:12.844 D/CallNotifier(  342): stopRing()... (onDisconnect)
02-13 18:52:12.844 D/PhoneApp(  342): - isOtaCallInActiveState false
02-13 18:52:12.844 D/CallNotifier(  342): - need to play CALL_ENDED tone!
02-13 18:52:12.844 D/NotificationMgr(  342): cancelCallInProgressNotification()...
02-13 18:52:12.844 D/NotificationMgr(  342): cancelCallInProgressNotification: 2130837684
02-13 18:52:12.844 D/NotificationMgr(  342): cancelInCall()...
02-13 18:52:12.854 D/KeyguardViewMediator(  256): setHidden true
02-13 18:52:12.854 D/CallNotifier(  342): onDisconnect: In call screen. Set short timeout.
02-13 18:52:12.854 D/PowerManagerService(  256): UnPartial  wakeLock  reactivate ,flags=0x3000001a tag=PhoneApp
02-13 18:52:12.864 D/CallNotifier(  342): - callLogType: 2, UserData: CallerInfo { name non-null, phoneNumber non-null }
02-13 18:52:12.864 D/PhoneUtils(  342): modifyForSpecialCnapCases: initially, number=486-4351, presentation=1 ci CallerInfo { name non-null, phoneNumber non-null }
02-13 18:52:12.864 D/PhoneUtils(  342): checkCnapSpecialCases, normal str. number: 486-4351
02-13 18:52:12.864 D/PhoneUtils(  342): modifyForSpecialCnapCases: returning number string=486-4351
02-13 18:52:12.864 D/CallNotifier(  342): getLogNumber: 4864351
02-13 18:52:12.864 D/CallNotifier(  342): - onDisconnect(): logNumber set to: xxxxxxx
02-13 18:52:12.864 D/CallNotifier(  342): - getPresentation(): ignoring connection's presentation: 1
02-13 18:52:12.864 D/CallNotifier(  342): - getPresentation: presentation: 1
02-13 18:52:12.864 D/KeyguardViewMediator(  256): setHidden true
02-13 18:52:12.864 D/CallNotifier(  342): SignalInfoTonePlayer.run(toneId = 98)...
02-13 18:52:12.864 D/ToneGenerator(  342): stopTone
02-13 18:52:12.864 D/ToneGenerator(  342): startTone
02-13 18:52:12.864 D/AudioTrack(  342): start 0x210f90
02-13 18:52:12.864 D/AudioFlinger(  114): start(4097), calling thread 342 session 4
02-13 18:52:12.864 D/AudioHardwareMSM7X30(  114): setVoiceVolume(1.000000)
02-13 18:52:12.864 D/CallNotifier(  342): - starting post-disconnect tone (5)...
02-13 18:52:12.864 D/AudioTrack(  342): stop 0x210f90
02-13 18:52:12.874 D/CallNotifier(  342): - still showing in-call screen; not releasing wake locks.
02-13 18:52:12.874 D/InCallScreen(  342): onDisconnect:  incoming: false state: DISCONNECTED post dial state: COMPLETE, cause=LOCAL
02-13 18:52:12.874 D/PhoneApp(  342): requestWakeState(FULL)...
02-13 18:52:12.874 D/InCallScreen(  342): - onDisconnect: delayed bailout...
02-13 18:52:12.874 D/InCallScreen(  342): updateScreen()...
02-13 18:52:12.874 D/InCallScreen(  342): - updateScreen: updating the in-call UI...
02-13 18:52:12.874 D/CallCard(  342): updateState(########### Dump CallManager ############
02-13 18:52:12.874 D/CallCard(  342): CallManager state = IDLE
02-13 18:52:12.874 D/CallCard(  342):    - Foreground: DISCONNECTED from Handler{4057c160}
02-13 18:52:12.874 D/CallCard(  342):      Conn: [ incoming: false state: DISCONNECTED post dial state: COMPLETE]
02-13 18:52:12.874 D/CallCard(  342):    - Background: IDLE from Handler{4057c160}
02-13 18:52:12.874 D/CallCard(  342):      Conn: []
02-13 18:52:12.874 D/CallCard(  342):    - Ringing: IDLE from Handler{4057c160}
02-13 18:52:12.874 D/CallCard(  342):  Phone: Handler{4057c160}, name = CDMA, state = IDLE
02-13 18:52:12.874 D/CallCard(  342):    - Foreground: DISCONNECTED Background: IDLE Ringing: IDLE
02-13 18:52:12.874 D/CallCard(  342): ########## End Dump CallManager ##########)...
02-13 18:52:12.874 D/CallCard(  342): updateForegroundCall()...
02-13 18:52:12.874 D/CallCard(  342): displayMainCallStatus(call DISCONNECTED)...
02-13 18:52:12.874 D/CallCard(  342):   - call.state: DISCONNECTED
02-13 18:52:12.874 D/CallCard(  342): updateCardTitleWidgets(call DISCONNECTED)...
02-13 18:52:12.874 D/CallCard(  342): - getTitleForCallCard(Call DISCONNECTED)...
02-13 18:52:12.874 D/CallCard(  342): ghh getCallFailedString getState = 0
02-13 18:52:12.874 D/CallCard(  342):   ==> result: Call ended
02-13 18:52:12.874 D/CallCard(  342): updateCardTitleWidgets: Call ended
02-13 18:52:12.874 D/InCallScreen(  342): getUpdatedInCallControlState()...
02-13 18:52:12.874 D/PhoneUtils(  342): isEmergencyCall()...
02-13 18:52:12.874 D/PhoneUtils(  342): (add_call,fgCallState == Call.State.ACTIVE) = false
02-13 18:52:12.874 D/PhoneUtils(  342): (add_call,app.cdmaPhoneCallState.getAddCallMenuStateAfterCallWaiting() = true
02-13 18:52:12.874 D/InCallScreen(  342): isBluetoothAvailable()...
02-13 18:52:12.874 D/CallNotifier(  342): InCallTonePlayer.run(toneId = 5)...
02-13 18:52:12.874 D/AudioTrack(  342): Request AudioFlinger to create track
02-13 18:52:12.874 D/AudioFlinger(  114): stop(4097), calling thread 342
02-13 18:52:12.874 D/AudioFlinger(  114): createTrack() lSessionId: 30
02-13 18:52:12.874 D/AudioFlinger(  114): Track constructor name 4099, calling thread 342
02-13 18:52:12.874 D/InCallScreen(  342):   - headset state = 0
02-13 18:52:12.874 D/InCallScreen(  342):   - headset address: null
02-13 18:52:12.874 D/InCallScreen(  342):   ==> false
02-13 18:52:12.874 D/PhoneUtils(  342): audioManager.isMicrophoneMute: false
02-13 18:52:12.874 D/InCallScreen(  342): [okToDialDTMFTones] foreground state: DISCONNECTED, ringing state: false, call screen mode: NORMAL, result: false
02-13 18:52:12.874 D/InCallControlState(  342): InCallControlState:
02-13 18:52:12.874 D/InCallControlState(  342):   manageConferenceVisible: false
02-13 18:52:12.874 D/InCallControlState(  342):   manageConferenceEnabled: false
02-13 18:52:12.874 D/InCallControlState(  342):   canAddCall: false
02-13 18:52:12.874 D/InCallControlState(  342):   canSwap: false
02-13 18:52:12.874 D/InCallControlState(  342):   canMerge: false
02-13 18:52:12.874 D/InCallControlState(  342):   bluetoothEnabled: false
02-13 18:52:12.874 D/InCallControlState(  342):   bluetoothIndicatorOn: false
02-13 18:52:12.874 D/InCallControlState(  342):   speakerEnabled: false
02-13 18:52:12.874 D/InCallControlState(  342):   speakerOn: false
02-13 18:52:12.874 D/InCallControlState(  342):   canMute: false
02-13 18:52:12.874 D/InCallControlState(  342):   muteIndicatorOn: false
02-13 18:52:12.874 D/InCallControlState(  342):   dialpadEnabled: false
02-13 18:52:12.874 D/InCallControlState(  342):   dialpadVisible: false
02-13 18:52:12.874 D/InCallControlState(  342):   onHold: false
02-13 18:52:12.874 D/InCallControlState(  342):   canHold: false
02-13 18:52:12.874 D/CallCard(  342): yangliu,getCurrentCallState: IDLE
02-13 18:52:12.874 D/CallCard(  342): yangliu,inCallControlState.onHold: false
02-13 18:52:12.874 D/CallCard(  342): DISCONNECTED: connection is: incoming: false state: DISCONNECTED post dial state: COMPLETE cause is:LOCAL
02-13 18:52:12.884 D/ToneGenerator(  342): startTone
02-13 18:52:12.884 D/AudioTrack(  342): start 0x2e3700
02-13 18:52:12.884 D/CallCard(  342):   - CONN:  incoming: false state: DISCONNECTED post dial state: COMPLETE, state = DISCONNECTED
02-13 18:52:12.884 D/CallCard(  342): - displayMainCallStatus: updatedNumber = 4864351
02-13 18:52:12.884 D/CallCard(  342): - displayMainCallStatus: starting CallerInfo query...
02-13 18:52:12.884 D/PhoneUtils(  342): startGetCallerInfo: query already done, returning CallerInfo
02-13 18:52:12.884 D/CallCard(  342): updateDisplayForPerson(CallerInfo { name non-null, phoneNumber non-null })
02-13 18:52:12.884 D/CallCard(  342): presentation:1 isTemporary:false
02-13 18:52:12.884 D/CallCard(  342): - got personUri: 'content://com.android.contacts/contacts/179', based on info.person_id: 179
02-13 18:52:12.884 D/AudioFlinger(  114): start(4099), calling thread 342 session 30
02-13 18:52:12.884 D/AudioHardwareMSM7X30(  114): setVoiceVolume(1.000000)
02-13 18:52:12.884 D/CallCard(  342): updatePhotoForCallState(DISCONNECTED)...
02-13 18:52:12.884 D/CallCard(  342): displayOnHoldCallStatus(call =IDLE)...
02-13 18:52:12.884 D/PhoneApp(  342): - isOtaCallInActiveState false
02-13 18:52:12.884 D/InCallScreen(  342): [okToDialDTMFTones] foreground state: DISCONNECTED, ringing state: false, call screen mode: NORMAL, result: false
02-13 18:52:12.884 D/InCallScreen(  342): isBluetoothAudioConnected: ==> isAudioOn = false
02-13 18:52:12.884 D/InCallScreen(  342): getUpdatedInCallControlState()...
02-13 18:52:12.884 D/PhoneUtils(  342): isEmergencyCall()...
02-13 18:52:12.884 D/PhoneUtils(  342): (add_call,fgCallState == Call.State.ACTIVE) = false
02-13 18:52:12.884 D/PhoneUtils(  342): (add_call,app.cdmaPhoneCallState.getAddCallMenuStateAfterCallWaiting() = true
02-13 18:52:12.884 D/InCallScreen(  342): isBluetoothAvailable()...
02-13 18:52:12.884 D/InCallScreen(  342):   - headset state = 0
02-13 18:52:12.884 D/InCallScreen(  342):   - headset address: null
02-13 18:52:12.884 D/InCallScreen(  342):   ==> false
02-13 18:52:12.884 D/PhoneUtils(  342): audioManager.isMicrophoneMute: false
02-13 18:52:12.884 D/InCallScreen(  342): [okToDialDTMFTones] foreground state: DISCONNECTED, ringing state: false, call screen mode: NORMAL, result: false
02-13 18:52:12.884 D/InCallControlState(  342): InCallControlState:
02-13 18:52:12.884 D/InCallControlState(  342):   manageConferenceVisible: false
02-13 18:52:12.884 D/InCallControlState(  342):   manageConferenceEnabled: false
02-13 18:52:12.884 D/InCallControlState(  342):   canAddCall: false
02-13 18:52:12.884 D/InCallControlState(  342):   canSwap: false
02-13 18:52:12.884 D/InCallControlState(  342):   canMerge: false
02-13 18:52:12.884 D/InCallControlState(  342):   bluetoothEnabled: false
02-13 18:52:12.884 D/InCallControlState(  342):   bluetoothIndicatorOn: false
02-13 18:52:12.884 D/InCallControlState(  342):   speakerEnabled: false
02-13 18:52:12.884 D/InCallControlState(  342):   speakerOn: false
02-13 18:52:12.884 D/InCallControlState(  342):   canMute: false
02-13 18:52:12.884 D/InCallControlState(  342):   muteIndicatorOn: false
02-13 18:52:12.884 D/InCallControlState(  342):   dialpadEnabled: false
02-13 18:52:12.884 D/InCallControlState(  342):   dialpadVisible: false
02-13 18:52:12.884 D/InCallControlState(  342):   onHold: false
02-13 18:52:12.884 D/InCallControlState(  342):   canHold: false
02-13 18:52:12.895 D/InCallScreen(  342): updateProviderOverlay: false
02-13 18:52:12.895 D/InCallScreen(  342): updateMenuButtonHint()...
02-13 18:52:12.895 D/InCallScreen(  342): - onDisconnect: switching to 'Call ended' state...
02-13 18:52:12.895 D/InCallScreen(  342): setInCallScreenMode: CALL_ENDED
02-13 18:52:12.895 D/AudioHardwareMSM7X30(  114): value of device and enable is 0 1 ALSA dev id:0
02-13 18:52:12.895 D/AudioHardwareMSM7X30(  114): msm_route_stream(PCM_PLAY,5,0,1)
02-13 18:52:12.895 D/InCallScreen(  342): updateMenuButtonHint()...
02-13 18:52:12.895 D/InCallScreen(  342): [okToDialDTMFTones] foreground state: DISCONNECTED, ringing state: false, call screen mode: CALL_ENDED, result: false
02-13 18:52:12.905 D/InCallScreen(  342): isBluetoothAudioConnected: ==> isAudioOn = false
02-13 18:52:12.905 D/InCallScreen(  342): - onDisconnect: cleaning up after FG call disconnect...
02-13 18:52:12.905 D/Phone   (  342): [PhoneNotifier] [DefaultPhoneNotifier] : default, INET, CONNECTED
02-13 18:52:12.905 I/TelephonyRegistry(  256): notifyDataConnection: state=2 isDataConnectivityPossible=true reason=2GVoiceCallEnded interfaceName=rmnet0 networkType=6 apnType=default apn=null
02-13 18:52:12.905 I/TelephonyRegistry(  256): +++broadcastDataConnectionStateChanged
02-13 18:52:12.915 I/TelephonyRegistry(  256): +++sendStickyBroadcast
02-13 18:52:12.915 D/MobileDataStateTracker(  256): [hipri]  MobileDataStateReceiver onReceive(): Entry.
02-13 18:52:12.915 D/MobileDataStateTracker(  256): [hipri]  intent.getAction()= android.intent.action.ANY_DATA_STATE
02-13 18:52:12.915 D/MobileDataStateTracker(  256): [hipri]  mEnabled = false
02-13 18:52:12.915 D/MobileDataStateTracker(  256): [hipri]  apnTypeList = default
02-13 18:52:12.915 D/MobileDataStateTracker(  256): [hipri]  unavailable = false
02-13 18:52:12.915 D/MobileDataStateTracker(  256): [hipri] Do not process intents if disabled.
02-13 18:52:12.915 D/MobileDataStateTracker(  256): [dun]  MobileDataStateReceiver onReceive(): Entry.
02-13 18:52:12.915 D/MobileDataStateTracker(  256): [dun]  intent.getAction()= android.intent.action.ANY_DATA_STATE
02-13 18:52:12.915 D/MobileDataStateTracker(  256): [dun]  mEnabled = false
02-13 18:52:12.925 D/MobileDataStateTracker(  256): [dun]  apnTypeList = default
02-13 18:52:12.925 D/MobileDataStateTracker(  256): [dun]  unavailable = false
02-13 18:52:12.925 D/MobileDataStateTracker(  256): [dun] Do not process intents if disabled.
02-13 18:52:12.925 D/MobileDataStateTracker(  256): [supl]  MobileDataStateReceiver onReceive(): Entry.
02-13 18:52:12.925 D/MobileDataStateTracker(  256): [supl]  intent.getAction()= android.intent.action.ANY_DATA_STATE
02-13 18:52:12.925 D/MobileDataStateTracker(  256): [supl]  mEnabled = false
02-13 18:52:12.925 D/MobileDataStateTracker(  256): [supl]  apnTypeList = default
02-13 18:52:12.925 D/MobileDataStateTracker(  256): [supl]  unavailable = false
02-13 18:52:12.925 D/MobileDataStateTracker(  256): [supl] Do not process intents if disabled.
02-13 18:52:12.925 D/MobileDataStateTracker(  256): [mms]  MobileDataStateReceiver onReceive(): Entry.
02-13 18:52:12.925 D/MobileDataStateTracker(  256): [mms]  intent.getAction()= android.intent.action.ANY_DATA_STATE
02-13 18:52:12.925 D/MobileDataStateTracker(  256): [mms]  mEnabled = false
02-13 18:52:12.925 D/MobileDataStateTracker(  256): [mms]  apnTypeList = default
02-13 18:52:12.925 D/MobileDataStateTracker(  256): [mms]  unavailable = false
02-13 18:52:12.925 D/MobileDataStateTracker(  256): [mms] Do not process intents if disabled.
02-13 18:52:12.925 D/MobileDataStateTracker(  256): [default]  MobileDataStateReceiver onReceive(): Entry.
02-13 18:52:12.925 D/MobileDataStateTracker(  256): [default]  intent.getAction()= android.intent.action.ANY_DATA_STATE
02-13 18:52:12.925 D/MobileDataStateTracker(  256): [default]  mEnabled = true
02-13 18:52:12.925 D/MobileDataStateTracker(  256): [default]  apnTypeList = default
02-13 18:52:12.935 D/MobileDataStateTracker(  256): [default]  unavailable = false
02-13 18:52:12.935 D/MobileDataStateTracker(  256): [default] CALL updateMobileInfoFromIntent
02-13 18:52:12.935 I/MobileDataStateTracker(  256): [default] dc state change intent received for default/INET with state  CONNECTED. enabled=true state change reason = 2GVoiceCallEnded
02-13 18:52:12.935 I/MobileDataStateTracker(  256): [default] old state = SUSPENDED
02-13 18:52:12.935 I/MobileDataStateTracker(  256): [default] updated mobile state info for INET : [state=CONNECTED, iface=rmnet0, mApnName=null, mIpAddress=/173.155.101.96, mGateway=/173.155.101.97]
02-13 18:52:12.935 D/NetworkStateTracker(  256): setDetailed state, old =SUSPENDED and new state=CONNECTED
02-13 18:52:12.935 W/NetworkStateTracker(  256): net.tcp.buffersize.evdo not found in system properties. Using defaults
02-13 18:52:12.945 W/NetworkStateTracker(  256): ### addDefaultRoute for iface rmnet0
02-13 18:52:12.945 I/NetworkStateTracker(  256): addDefaultRoute (INET) for mobile (rmnet0), GatewayAddr=173.155.101.97
02-13 18:52:12.945 D/Phone   (  342): [PhoneNotifier] [DefaultPhoneNotifier] : default, INET6, DISCONNECTED
02-13 18:52:12.945 I/TelephonyRegistry(  256): notifyDataConnection: state=0 isDataConnectivityPossible=true reason=2GVoiceCallEnded interfaceName=null networkType=6 apnType=default apn=null
02-13 18:52:12.945 I/TelephonyRegistry(  256): +++broadcastDataConnectionStateChanged
02-13 18:52:12.945 I/TelephonyRegistry(  256): +++sendStickyBroadcast
02-13 18:52:12.965 D/MobileDataStateTracker(  256): [hipri]  MobileDataStateReceiver onReceive(): Entry.
02-13 18:52:12.965 D/MobileDataStateTracker(  256): [hipri]  intent.getAction()= android.intent.action.ANY_DATA_STATE
02-13 18:52:12.965 D/MobileDataStateTracker(  256): [hipri]  mEnabled = false
02-13 18:52:12.965 D/MobileDataStateTracker(  256): [hipri]  apnTypeList = default
02-13 18:52:12.965 D/MobileDataStateTracker(  256): [hipri]  unavailable = false
02-13 18:52:12.965 D/MobileDataStateTracker(  256): [hipri] Do not process intents if disabled.
02-13 18:52:12.965 D/MobileDataStateTracker(  256): [dun]  MobileDataStateReceiver onReceive(): Entry.
02-13 18:52:12.965 D/MobileDataStateTracker(  256): [dun]  intent.getAction()= android.intent.action.ANY_DATA_STATE
02-13 18:52:12.965 D/MobileDataStateTracker(  256): [dun]  mEnabled = false
02-13 18:52:12.975 D/Phone   (  342): [PhoneNotifier] [DefaultPhoneNotifier] : mms, INET, CONNECTED
02-13 18:52:12.975 I/TelephonyRegistry(  256): notifyDataConnection: state=2 isDataConnectivityPossible=true reason=2GVoiceCallEnded interfaceName=rmnet0 networkType=6 apnType=mms apn=null
02-13 18:52:12.975 I/TelephonyRegistry(  256): +++broadcastDataConnectionStateChanged
02-13 18:52:12.975 D/MobileDataStateTracker(  256): [dun]  apnTypeList = default
02-13 18:52:12.975 D/MobileDataStateTracker(  256): [dun]  unavailable = false
02-13 18:52:12.975 D/MobileDataStateTracker(  256): [dun] Do not process intents if disabled.
02-13 18:52:12.975 D/MobileDataStateTracker(  256): [supl]  MobileDataStateReceiver onReceive(): Entry.
02-13 18:52:12.975 D/MobileDataStateTracker(  256): [supl]  intent.getAction()= android.intent.action.ANY_DATA_STATE
02-13 18:52:12.975 D/MobileDataStateTracker(  256): [supl]  mEnabled = false
02-13 18:52:12.975 D/MobileDataStateTracker(  256): [supl]  apnTypeList = default
02-13 18:52:12.975 D/MobileDataStateTracker(  256): [supl]  unavailable = false
02-13 18:52:12.975 D/MobileDataStateTracker(  256): [supl] Do not process intents if disabled.
02-13 18:52:12.975 D/MobileDataStateTracker(  256): [mms]  MobileDataStateReceiver onReceive(): Entry.
02-13 18:52:12.975 D/MobileDataStateTracker(  256): [mms]  intent.getAction()= android.intent.action.ANY_DATA_STATE
02-13 18:52:12.975 D/MobileDataStateTracker(  256): [mms]  mEnabled = false
02-13 18:52:12.975 D/MobileDataStateTracker(  256): [mms]  apnTypeList = default
02-13 18:52:12.975 D/MobileDataStateTracker(  256): [mms]  unavailable = false
02-13 18:52:12.975 D/MobileDataStateTracker(  256): [mms] Do not process intents if disabled.
02-13 18:52:12.975 D/MobileDataStateTracker(  256): [default]  MobileDataStateReceiver onReceive(): Entry.
02-13 18:52:12.975 D/MobileDataStateTracker(  256): [default]  intent.getAction()= android.intent.action.ANY_DATA_STATE
02-13 18:52:12.975 D/MobileDataStateTracker(  256): [default]  mEnabled = true
02-13 18:52:12.975 I/TelephonyRegistry(  256): +++sendStickyBroadcast
02-13 18:52:12.985 D/Phone   (  342): [PhoneNotifier] [DefaultPhoneNotifier] : mms, INET6, DISCONNECTED
02-13 18:52:12.995 I/TelephonyRegistry(  256): notifyDataConnection: state=0 isDataConnectivityPossible=true reason=2GVoiceCallEnded interfaceName=null networkType=6 apnType=mms apn=null
02-13 18:52:12.995 I/TelephonyRegistry(  256): +++broadcastDataConnectionStateChanged
02-13 18:52:12.995 I/TelephonyRegistry(  256): +++sendStickyBroadcast
02-13 18:52:12.995 D/MobileDataStateTracker(  256): [default]  apnTypeList = default
02-13 18:52:12.995 D/MobileDataStateTracker(  256): [default]  unavailable = false
02-13 18:52:12.995 D/MobileDataStateTracker(  256): [default] CALL updateMobileInfoFromIntent
02-13 18:52:12.995 I/MobileDataStateTracker(  256): [default] dc state change intent received for default/INET6 with state  DISCONNECTED. enabled=true state change reason = 2GVoiceCallEnded
02-13 18:52:12.995 I/MobileDataStateTracker(  256): [default] old state = DISCONNECTED
02-13 18:52:12.995 I/MobileDataStateTracker(  256): [default] no change,  just return
02-13 18:52:12.995 D/MobileDataStateTracker(  256): [default] No need to update detailed state
02-13 18:52:12.995 D/MobileDataStateTracker(  256): [hipri]  MobileDataStateReceiver onReceive(): Entry.
02-13 18:52:12.995 D/MobileDataStateTracker(  256): [hipri]  intent.getAction()= android.intent.action.ANY_DATA_STATE
02-13 18:52:12.995 D/MobileDataStateTracker(  256): [hipri]  mEnabled = false
02-13 18:52:12.995 E/NatController(  954): +++child prcess pid = 954, tag = /system/bin/ip
02-13 18:52:12.995 E/NatController(  110): +++ parent2 block wait for child 954 , tag = /system/bin/ip
02-13 18:52:12.995 E/NatController(  110): ## waited wpid = 954
02-13 18:52:12.995 E/NatController(  110):  exit status = 0
02-13 18:52:13.005 D/MobileDataStateTracker(  256): [hipri]  apnTypeList = mms
02-13 18:52:13.005 D/MobileDataStateTracker(  256): [hipri]  unavailable = false
02-13 18:52:13.005 D/MobileDataStateTracker(  256): [hipri] Do not process intents if disabled.
02-13 18:52:13.005 D/MobileDataStateTracker(  256): [dun]  MobileDataStateReceiver onReceive(): Entry.
02-13 18:52:13.005 D/MobileDataStateTracker(  256): [dun]  intent.getAction()= android.intent.action.ANY_DATA_STATE
02-13 18:52:13.005 D/MobileDataStateTracker(  256): [dun]  mEnabled = false
02-13 18:52:13.005 D/MobileDataStateTracker(  256): [dun]  apnTypeList = mms
02-13 18:52:13.005 D/MobileDataStateTracker(  256): [dun]  unavailable = false
02-13 18:52:13.005 D/MobileDataStateTracker(  256): [dun] Do not process intents if disabled.
02-13 18:52:13.005 D/MobileDataStateTracker(  256): [supl]  MobileDataStateReceiver onReceive(): Entry.
02-13 18:52:13.005 D/MobileDataStateTracker(  256): [supl]  intent.getAction()= android.intent.action.ANY_DATA_STATE
02-13 18:52:13.005 D/MobileDataStateTracker(  256): [supl]  mEnabled = false
02-13 18:52:13.005 D/MobileDataStateTracker(  256): [supl]  apnTypeList = mms
02-13 18:52:13.005 D/MobileDataStateTracker(  256): [supl]  unavailable = false
02-13 18:52:13.005 D/MobileDataStateTracker(  256): [supl] Do not process intents if disabled.
02-13 18:52:13.005 D/MobileDataStateTracker(  256): [mms]  MobileDataStateReceiver onReceive(): Entry.
02-13 18:52:13.005 D/MobileDataStateTracker(  256): [mms]  intent.getAction()= android.intent.action.ANY_DATA_STATE
02-13 18:52:13.005 D/MobileDataStateTracker(  256): [mms]  mEnabled = false
02-13 18:52:13.005 D/MobileDataStateTracker(  256): [mms]  apnTypeList = mms
02-13 18:52:13.005 D/MobileDataStateTracker(  256): [mms]  unavailable = false
02-13 18:52:13.005 D/MobileDataStateTracker(  256): [mms] Do not process intents if disabled.
02-13 18:52:13.005 D/MobileDataStateTracker(  256): [default]  MobileDataStateReceiver onReceive(): Entry.
02-13 18:52:13.005 D/MobileDataStateTracker(  256): [default]  intent.getAction()= android.intent.action.ANY_DATA_STATE
02-13 18:52:13.005 D/MobileDataStateTracker(  256): [default]  mEnabled = true
02-13 18:52:13.015 D/MobileDataStateTracker(  256): [default]  apnTypeList = mms
02-13 18:52:13.015 D/MobileDataStateTracker(  256): [default]  unavailable = false
02-13 18:52:13.015 D/MobileDataStateTracker(  256): [default] not what we are looking for.
02-13 18:52:13.015 D/Phone   (  342): [PhoneNotifier] [DefaultPhoneNotifier] : supl, INET, CONNECTED
02-13 18:52:13.015 I/TelephonyRegistry(  256): notifyDataConnection: state=2 isDataConnectivityPossible=true reason=2GVoiceCallEnded interfaceName=rmnet0 networkType=6 apnType=supl apn=null
02-13 18:52:13.015 I/TelephonyRegistry(  256): +++broadcastDataConnectionStateChanged
02-13 18:52:13.015 I/TelephonyRegistry(  256): +++sendStickyBroadcast
02-13 18:52:13.015 D/Phone   (  342): [PhoneNotifier] [DefaultPhoneNotifier] : supl, INET6, DISCONNECTED
02-13 18:52:13.025 I/TelephonyRegistry(  256): notifyDataConnection: state=0 isDataConnectivityPossible=true reason=2GVoiceCallEnded interfaceName=null networkType=6 apnType=supl apn=null
02-13 18:52:13.025 I/TelephonyRegistry(  256): +++broadcastDataConnectionStateChanged
02-13 18:52:13.025 I/TelephonyRegistry(  256): +++sendStickyBroadcast
02-13 18:52:13.025 D/Phone   (  342): [PhoneNotifier] [DefaultPhoneNotifier] : dun, INET, DISCONNECTED
02-13 18:52:13.025 I/TelephonyRegistry(  256): notifyDataConnection: state=0 isDataConnectivityPossible=true reason=2GVoiceCallEnded interfaceName=null networkType=6 apnType=dun apn=null
02-13 18:52:13.025 I/TelephonyRegistry(  256): +++broadcastDataConnectionStateChanged
02-13 18:52:13.025 I/TelephonyRegistry(  256): +++sendStickyBroadcast
02-13 18:52:13.025 D/MobileDataStateTracker(  256): [hipri]  MobileDataStateReceiver onReceive(): Entry.
02-13 18:52:13.025 D/MobileDataStateTracker(  256): [hipri]  intent.getAction()= android.intent.action.ANY_DATA_STATE
02-13 18:52:13.025 D/MobileDataStateTracker(  256): [hipri]  mEnabled = false
02-13 18:52:13.025 D/MobileDataStateTracker(  256): [hipri]  apnTypeList = mms
02-13 18:52:13.025 D/MobileDataStateTracker(  256): [hipri]  unavailable = false
02-13 18:52:13.025 D/MobileDataStateTracker(  256): [hipri] Do not process intents if disabled.
02-13 18:52:13.025 D/MobileDataStateTracker(  256): [dun]  MobileDataStateReceiver onReceive(): Entry.
02-13 18:52:13.025 D/MobileDataStateTracker(  256): [dun]  intent.getAction()= android.intent.action.ANY_DATA_STATE
02-13 18:52:13.025 D/MobileDataStateTracker(  256): [dun]  mEnabled = false
02-13 18:52:13.035 D/MobileDataStateTracker(  256): [dun]  apnTypeList = mms
02-13 18:52:13.035 D/MobileDataStateTracker(  256): [dun]  unavailable = false
02-13 18:52:13.035 D/MobileDataStateTracker(  256): [dun] Do not process intents if disabled.
02-13 18:52:13.035 D/MobileDataStateTracker(  256): [supl]  MobileDataStateReceiver onReceive(): Entry.
02-13 18:52:13.035 D/MobileDataStateTracker(  256): [supl]  intent.getAction()= android.intent.action.ANY_DATA_STATE
02-13 18:52:13.035 D/MobileDataStateTracker(  256): [supl]  mEnabled = false
02-13 18:52:13.035 E/NatController(  955): +++child prcess pid = 955, tag = /system/bin/ip
02-13 18:52:13.035 E/NatController(  110): +++ parent2 block wait for child 955 , tag = /system/bin/ip
02-13 18:52:13.035 D/MobileDataStateTracker(  256): [supl]  apnTypeList = mms
02-13 18:52:13.035 D/MobileDataStateTracker(  256): [supl]  unavailable = false
02-13 18:52:13.035 D/MobileDataStateTracker(  256): [supl] Do not process intents if disabled.
02-13 18:52:13.035 D/MobileDataStateTracker(  256): [mms]  MobileDataStateReceiver onReceive(): Entry.
02-13 18:52:13.035 D/MobileDataStateTracker(  256): [mms]  intent.getAction()= android.intent.action.ANY_DATA_STATE
02-13 18:52:13.035 D/MobileDataStateTracker(  256): [mms]  mEnabled = false
02-13 18:52:13.045 D/MobileDataStateTracker(  256): [mms]  apnTypeList = mms
02-13 18:52:13.045 D/MobileDataStateTracker(  256): [mms]  unavailable = false
02-13 18:52:13.045 D/MobileDataStateTracker(  256): [mms] Do not process intents if disabled.
02-13 18:52:13.045 D/MobileDataStateTracker(  256): [default]  MobileDataStateReceiver onReceive(): Entry.
02-13 18:52:13.045 D/MobileDataStateTracker(  256): [default]  intent.getAction()= android.intent.action.ANY_DATA_STATE
02-13 18:52:13.045 D/MobileDataStateTracker(  256): [default]  mEnabled = true
02-13 18:52:13.045 D/MobileDataStateTracker(  256): [default]  apnTypeList = mms
02-13 18:52:13.045 D/MobileDataStateTracker(  256): [default]  unavailable = false
02-13 18:52:13.045 D/MobileDataStateTracker(  256): [default] not what we are looking for.
02-13 18:52:13.045 D/MobileDataStateTracker(  256): [hipri]  MobileDataStateReceiver onReceive(): Entry.
02-13 18:52:13.045 D/MobileDataStateTracker(  256): [hipri]  intent.getAction()= android.intent.action.ANY_DATA_STATE
02-13 18:52:13.045 D/MobileDataStateTracker(  256): [hipri]  mEnabled = false
02-13 18:52:13.055 D/Phone   (  342): [PhoneNotifier] [DefaultPhoneNotifier] : dun, INET6, DISCONNECTED
02-13 18:52:13.055 I/TelephonyRegistry(  256): notifyDataConnection: state=0 isDataConnectivityPossible=true reason=2GVoiceCallEnded interfaceName=null networkType=6 apnType=dun apn=null
02-13 18:52:13.055 I/TelephonyRegistry(  256): +++broadcastDataConnectionStateChanged
02-13 18:52:13.055 I/TelephonyRegistry(  256): +++sendStickyBroadcast
02-13 18:52:13.055 D/Phone   (  342): [PhoneNotifier] [DefaultPhoneNotifier] : hipri, INET, CONNECTED
02-13 18:52:13.055 I/TelephonyRegistry(  256): notifyDataConnection: state=2 isDataConnectivityPossible=true reason=2GVoiceCallEnded interfaceName=rmnet0 networkType=6 apnType=hipri apn=null
02-13 18:52:13.055 I/TelephonyRegistry(  256): +++broadcastDataConnectionStateChanged
02-13 18:52:13.055 I/TelephonyRegistry(  256): +++sendStickyBroadcast
02-13 18:52:13.055 D/AudioTrack(  342): stop 0x2e3700
02-13 18:52:13.055 D/AudioFlinger(  114): stop(4099), calling thread 342
02-13 18:52:13.065 D/Phone   (  342): [PhoneNotifier] [DefaultPhoneNotifier] : hipri, INET6, DISCONNECTED
02-13 18:52:13.065 I/TelephonyRegistry(  256): notifyDataConnection: state=0 isDataConnectivityPossible=true reason=2GVoiceCallEnded interfaceName=null networkType=6 apnType=hipri apn=null
02-13 18:52:13.065 I/TelephonyRegistry(  256): +++broadcastDataConnectionStateChanged
02-13 18:52:13.065 I/TelephonyRegistry(  256): +++sendStickyBroadcast
02-13 18:52:13.065 D/MobileDataStateTracker(  256): [hipri]  apnTypeList = supl
02-13 18:52:13.065 D/MobileDataStateTracker(  256): [hipri]  unavailable = false
02-13 18:52:13.065 D/MobileDataStateTracker(  256): [hipri] Do not process intents if disabled.
02-13 18:52:13.065 D/MobileDataStateTracker(  256): [dun]  MobileDataStateReceiver onReceive(): Entry.
02-13 18:52:13.065 D/MobileDataStateTracker(  256): [dun]  intent.getAction()= android.intent.action.ANY_DATA_STATE
02-13 18:52:13.065 D/MobileDataStateTracker(  256): [dun]  mEnabled = false
02-13 18:52:13.065 D/MobileDataStateTracker(  256): [dun]  apnTypeList = supl
02-13 18:52:13.065 D/MobileDataStateTracker(  256): [dun]  unavailable = false
02-13 18:52:13.065 D/MobileDataStateTracker(  256): [dun] Do not process intents if disabled.
02-13 18:52:13.075 E/NatController(  110): ## waited wpid = 955
02-13 18:52:13.075 E/NatController(  110):  exit status = 0
02-13 18:52:13.075 W/NetworkStateTracker(  256): ### addDefaultRoute for iface null
02-13 18:52:13.075 W/NetworkStateTracker(  256):  skip addDefaultRoute. 
02-13 18:52:13.075 D/MobileDataStateTracker(  256): [supl]  MobileDataStateReceiver onReceive(): Entry.
02-13 18:52:13.075 D/MobileDataStateTracker(  256): [supl]  intent.getAction()= android.intent.action.ANY_DATA_STATE
02-13 18:52:13.075 D/MobileDataStateTracker(  256): [supl]  mEnabled = false
02-13 18:52:13.075 D/MobileDataStateTracker(  256): [supl]  apnTypeList = supl
02-13 18:52:13.075 D/MobileDataStateTracker(  256): [supl]  unavailable = false
02-13 18:52:13.075 D/MobileDataStateTracker(  256): [supl] Do not process intents if disabled.
02-13 18:52:13.075 D/MobileDataStateTracker(  256): [mms]  MobileDataStateReceiver onReceive(): Entry.
02-13 18:52:13.075 D/MobileDataStateTracker(  256): [mms]  intent.getAction()= android.intent.action.ANY_DATA_STATE
02-13 18:52:13.075 D/MobileDataStateTracker(  256): [mms]  mEnabled = false
02-13 18:52:13.085 D/MobileDataStateTracker(  256): [mms]  apnTypeList = supl
02-13 18:52:13.085 D/MobileDataStateTracker(  256): [mms]  unavailable = false
02-13 18:52:13.085 D/MobileDataStateTracker(  256): [mms] Do not process intents if disabled.
02-13 18:52:13.085 D/MobileDataStateTracker(  256): [default]  MobileDataStateReceiver onReceive(): Entry.
02-13 18:52:13.085 D/MobileDataStateTracker(  256): [default]  intent.getAction()= android.intent.action.ANY_DATA_STATE
02-13 18:52:13.085 D/MobileDataStateTracker(  256): [default]  mEnabled = true
02-13 18:52:13.095 I/DATA    (  342): [DCT(0) ] onUpdateDataConnections: reason=2GVoiceCallEnded
02-13 18:52:13.095 I/DATA    (  342): [DCT(0) ] ---dc list---
02-13 18:52:13.095 I/DATA    (  342): [DCT(0) ] cid = 0, state = DcActiveState, bearerType = IP, ipaddress = 173.155.101.96, gw=173.155.101.97, dns=[68.28.67.132, 68.28.68.132]
02-13 18:52:13.095 I/DATA    (  342): [DCT(0) ] ---ds list---
02-13 18:52:13.095 I/DATA    (  342): [DCT(0) ] ds= SERVICE_TYPE_DEFAULT, enabled = true, active = v4:CONNECTED(0) v6:IDLE
02-13 18:52:13.095 I/DATA    (  342): [DCT(0) ] ds= SERVICE_TYPE_MMS, enabled = false, active = v4:CONNECTED(0) v6:IDLE
02-13 18:52:13.095 I/DATA    (  342): [DCT(0) ] ds= SERVICE_TYPE_SUPL, enabled = false, active = v4:CONNECTED(0) v6:IDLE
02-13 18:52:13.095 I/DATA    (  342): [DCT(0) ] ds= SERVICE_TYPE_DUN, enabled = false, active = v4:IDLE v6:IDLE
02-13 18:52:13.095 I/DATA    (  342): [DCT(0) ] ds= SERVICE_TYPE_HIPRI, enabled = false, active = v4:CONNECTED(0) v6:IDLE
02-13 18:52:13.095 I/DATA    (  342): [DCT(0) ] Ready for data : 
02-13 18:52:13.105 I/DATA    (  342): [DCT(0) ]    getDesiredPowerState() = true
02-13 18:52:13.105 I/DATA    (  342): [DCT(0) ]    mCm.getRadioState() = RADIO_ON
02-13 18:52:13.105 I/DATA    (  342): [DCT(0) ]    [DataRadioTech = RADIO_TECH_EVDO_A, data network state = 0, mMasterDataEnabled = true, is Roaming = false, dataOnRoamingEnable = false, isPsRestricted = false, desiredPowerState  = true, mSIMRecords = , cdmaSubSource = 1/310120, mRuimRecords = , checks = true/true]
02-13 18:52:13.105 D/PhoneApp(  342): mReceiver: ACTION_ANY_DATA_CONNECTION_STATE_CHANGED
02-13 18:52:13.105 D/PhoneApp(  342): - state: CONNECTED
02-13 18:52:13.105 D/PhoneApp(  342): - reason: 2GVoiceCallEnded
02-13 18:52:13.105 D/PhoneApp(  342): mReceiver: ACTION_ANY_DATA_CONNECTION_STATE_CHANGED
02-13 18:52:13.105 D/PhoneApp(  342): - state: CONNECTED
02-13 18:52:13.105 D/PhoneApp(  342): - reason: 2GVoiceCallEnded
02-13 18:52:13.105 D/PhoneApp(  342): mReceiver: ACTION_ANY_DATA_CONNECTION_STATE_CHANGED
02-13 18:52:13.105 D/PhoneApp(  342): - state: CONNECTED
02-13 18:52:13.105 D/PhoneApp(  342): - reason: 2GVoiceCallEnded
02-13 18:52:13.115 I/ContactsProvider(  404): updateInTransaction: content://com.android.contacts/contacts/179
02-13 18:52:13.115 E/ContactsProvider(  404): 20101020 isContactsAttachedToReadOnlyRawContacts, contactId:179
02-13 18:52:13.115 E/ContactsProvider(  404): 20101020 isReadOnlyRawContact, rawContactId:177
02-13 18:52:13.115 D/ToneGenerator(  342): stopTone
02-13 18:52:13.115 D/ToneGenerator(  342): stopTone
02-13 18:52:13.115 D/AudioTrack(  342): stop 0x2e3700
02-13 18:52:13.115 D/CallNotifier(  342): resetAudioStateAfterDisconnect()...
02-13 18:52:13.115 D/BT HS/HF(  342): audioOff(): mPendingSco: false, mConnectedSco: null, mOutgoingSco: null, mA2dpState: 0, mA2dpSuspended: false, mIncomingSco:null
02-13 18:52:13.115 D/PhoneUtils(  342): turnOnSpeaker(flag=false, store=true)...
02-13 18:52:13.115 D/AudioFlinger(  114): remove track (4099) and delete from mixer
02-13 18:52:13.115 D/PhoneApp(  342): updateWakeState: callscreen true, dialer false, speaker false...
02-13 18:52:13.115 D/PhoneApp(  342): setScreenTimeout(MEDIUM)...
02-13 18:52:13.115 D/PhoneApp(  342): updateWakeState: keepScreenOn = true (isRinging false, isDialing false, showingDisc true)
02-13 18:52:13.115 D/PhoneApp(  342): requestWakeState(FULL)...
02-13 18:52:13.115 D/PhoneApp(  342): updateProximitySensorMode: state = IDLE
02-13 18:52:13.115 D/PhoneApp(  342): updateProximitySensorMode: lock already released.
02-13 18:52:13.115 D/CallManager(  342):  setEchoSuppression(false)
02-13 18:52:13.115 D/CallManager(  342): ########### Dump CallManager ############
02-13 18:52:13.115 D/CallManager(  342): CallManager state = IDLE
02-13 18:52:13.115 D/CallManager(  342):    - Foreground: DISCONNECTED from Handler{4057c160}
02-13 18:52:13.115 D/CallManager(  342):      Conn: [ incoming: false state: DISCONNECTED post dial state: COMPLETE]
02-13 18:52:13.115 D/CallManager(  342):    - Background: IDLE from Handler{4057c160}
02-13 18:52:13.115 D/CallManager(  342):      Conn: []
02-13 18:52:13.115 D/CallManager(  342):    - Ringing: IDLE from Handler{4057c160}
02-13 18:52:13.115 D/CallManager(  342):  Phone: Handler{4057c160}, name = CDMA, state = IDLE
02-13 18:52:13.115 D/CallManager(  342):    - Foreground: DISCONNECTED Background: IDLE Ringing: IDLE
02-13 18:52:13.115 D/CallManager(  342): ########## End Dump CallManager ##########
02-13 18:52:13.115 D/CallManager(  342): End setEchoSuppression(false)
02-13 18:52:13.115 D/CallManager(  342): ########### Dump CallManager ############
02-13 18:52:13.115 D/CallManager(  342): CallManager state = IDLE
02-13 18:52:13.115 D/CallManager(  342):    - Foreground: DISCONNECTED from Handler{4057c160}
02-13 18:52:13.115 D/CallManager(  342):      Conn: [ incoming: false state: DISCONNECTED post dial state: COMPLETE]
02-13 18:52:13.115 D/CallManager(  342):    - Background: IDLE from Handler{4057c160}
02-13 18:52:13.115 D/CallManager(  342):      Conn: []
02-13 18:52:13.115 D/CallManager(  342):    - Ringing: IDLE from Handler{4057c160}
02-13 18:52:13.115 D/CallManager(  342):  Phone: Handler{4057c160}, name = CDMA, state = IDLE
02-13 18:52:13.115 D/CallManager(  342):    - Foreground: DISCONNECTED Background: IDLE Ringing: IDLE
02-13 18:52:13.115 D/CallManager(  342): ########## End Dump CallManager ##########
02-13 18:52:13.115 D/PhoneUtils(  342): setAudioMode()...IDLE
02-13 18:52:13.115 D/AudioFlinger(  114): setMode(0)
02-13 18:52:13.125 D/MobileDataStateTracker(  256): [default]  apnTypeList = supl
02-13 18:52:13.125 D/MobileDataStateTracker(  256): [default]  unavailable = false
02-13 18:52:13.125 D/MobileDataStateTracker(  256): [default] not what we are looking for.
