02-13 18:50:52.086 D/SmartDialerActivity(  404): resolveIntent.intentIntent { act=android.intent.action.MAIN cat=[android.intent.category.LAUNCHER] flg=0x10200000 cmp=com.android.contacts/.DialtactsActivity }
02-13 18:50:52.086 D/SmartDialerActivity(  404): resolveIntent.getActionandroid.intent.action.MAIN
02-13 18:50:52.086 D/Dailtacts(  404): onTabChanged tabId =dialer
02-13 18:50:52.106 I/Dailtacts(  404): setcurrentTab name = com.android.contacts.DialtactsActivity
02-13 18:50:52.106 I/SmartDialerActivity(  404): onResume
02-13 18:50:52.116 E/AudioFlinger(  114): processConfigEvents() remaining events 1
02-13 18:50:52.116 D/AudioTrack(  404): Request AudioFlinger to create track
02-13 18:50:52.116 D/AudioFlinger(  114): createTrack() lSessionId: 20
02-13 18:50:52.116 D/AudioFlinger(  114): Track constructor name 4098, calling thread 404
02-13 18:50:52.116 I/SmartDialerActivity(  404): parent = null
02-13 18:50:52.116 I/SmartDialerActivity(  404): contactAccessor = com.android.contacts.smartdialer.ContactAccessorSdk5@4058a148
02-13 18:50:52.126 I/SmartDialerActivity(  404): newData
02-13 18:50:52.126 I/ContactAccessorSdk5(  404): Phone.CONTENT_FILTER_URI = content://com.android.contacts/data/phones/filter
02-13 18:50:52.126 I/ContactAccessorSdk5(  404): recalculate number = 
02-13 18:50:52.126 I/ContactAccessorSdk5(  404): recalculate filterName = 
02-13 18:50:52.126 I/ContactAccessorSdk5(  404): recalculate reversed = 
02-13 18:50:52.126 I/ContactAccessorSdk5(  404): mQueryHandler = null
02-13 18:50:52.126 D/SmartDialerActivity(  404): updateAddtoContactsButtonEnabledStatefalse
02-13 18:50:52.126 I/SmartDialerActivity(  404): showDialpadChooser:false
02-13 18:50:52.126 I/SmartDialerActivity(  404): Displaying normal Dialer UI.
02-13 18:50:52.136 W/CallLogProvider(  404): query: match = 4
02-13 18:50:52.136 D/CallLogProvider(  404): DIALER_CALLS
02-13 18:50:52.136 I/ContactsProvider(  404): query: content://com.android.contacts/data/phones
02-13 18:50:52.136 I/ContactsProvider(  404): query isCallerRegistered= true
02-13 18:50:52.136 I/ContactsProvider(  404): query forOnlyOneContactString= 0
02-13 18:50:52.176 D/KeyguardViewMediator(  256): setHidden false
02-13 18:50:52.186 I/ContactAccessorSdk5(  404): mergeCursor.getCount = 76
02-13 18:50:52.186 I/ContactAccessorSdk5(  404): activity.myAdapter = com.android.contacts.smartdialer.contactsAdapter@405e6910
02-13 18:50:52.206 D/contactsAdapter(  404): fillView.counter:0
02-13 18:50:52.206 D/contactsAdapter(  404): fillView.position:0 calllogcounter=2
02-13 18:50:52.206 D/contactsAdapter(  404): OUTGOING_TYPE
02-13 18:50:52.206 I/contactsAdapter(  404): displayName = Home
02-13 18:50:52.206 I/contactsAdapter(  404): globPieceToButtonName = 4
02-13 18:50:52.206 I/contactsAdapter(  404): displayName = Home
02-13 18:50:52.206 I/contactsAdapter(  404): globPieceToButtonName = 46
02-13 18:50:52.216 I/contactsAdapter(  404): displayName = Home
02-13 18:50:52.216 I/contactsAdapter(  404): globPieceToButtonName = 466
02-13 18:50:52.216 I/contactsAdapter(  404): displayName = Home
02-13 18:50:52.216 I/contactsAdapter(  404): globPieceToButtonName = 4663
02-13 18:50:52.216 I/contactsAdapter(  404): !!!!!!!!contains(input2) 
02-13 18:50:52.216 D/contactsAdapter(  404): fillView.counter:1
02-13 18:50:52.216 D/contactsAdapter(  404): fillView.position:1 calllogcounter=2
02-13 18:50:52.216 D/contactsAdapter(  404): INCOMING_TYPE
02-13 18:50:52.216 I/contactsAdapter(  404): displayName = Chloe Kreeger
02-13 18:50:52.216 I/contactsAdapter(  404): globPieceToButtonName = 2
02-13 18:50:52.216 I/contactsAdapter(  404): displayName = Chloe Kreeger
02-13 18:50:52.216 I/contactsAdapter(  404): globPieceToButtonName = 24
02-13 18:50:52.216 I/contactsAdapter(  404): displayName = Chloe Kreeger
02-13 18:50:52.226 I/contactsAdapter(  404): globPieceToButtonName = 245
02-13 18:50:52.226 I/contactsAdapter(  404): displayName = Chloe Kreeger
02-13 18:50:52.226 I/contactsAdapter(  404): globPieceToButtonName = 2456
02-13 18:50:52.226 I/contactsAdapter(  404): displayName = Chloe Kreeger
02-13 18:50:52.226 I/contactsAdapter(  404): globPieceToButtonName = 24563
02-13 18:50:52.226 I/contactsAdapter(  404): displayName = Chloe Kreeger
02-13 18:50:52.226 I/contactsAdapter(  404): globPieceToButtonName = 24563 
02-13 18:50:52.226 I/contactsAdapter(  404): displayName = Chloe Kreeger
02-13 18:50:52.226 I/contactsAdapter(  404): globPieceToButtonName = 24563 5
02-13 18:50:52.226 I/contactsAdapter(  404): displayName = Chloe Kreeger
02-13 18:50:52.226 I/contactsAdapter(  404): globPieceToButtonName = 24563 57
02-13 18:50:52.226 I/contactsAdapter(  404): displayName = Chloe Kreeger
02-13 18:50:52.226 I/contactsAdapter(  404): globPieceToButtonName = 24563 573
02-13 18:50:52.226 I/contactsAdapter(  404): displayName = Chloe Kreeger
02-13 18:50:52.226 I/contactsAdapter(  404): globPieceToButtonName = 24563 5733
02-13 18:50:52.226 I/contactsAdapter(  404): displayName = Chloe Kreeger
02-13 18:50:52.226 I/contactsAdapter(  404): globPieceToButtonName = 24563 57334
02-13 18:50:52.226 I/contactsAdapter(  404): displayName = Chloe Kreeger
02-13 18:50:52.226 I/contactsAdapter(  404): globPieceToButtonName = 24563 573343
02-13 18:50:52.226 I/contactsAdapter(  404): displayName = Chloe Kreeger
02-13 18:50:52.226 I/contactsAdapter(  404): globPieceToButtonName = 24563 5733437
02-13 18:50:52.226 I/contactsAdapter(  404): !!!!!!!!contains(input2) 
02-13 18:50:52.256 D/KeyguardViewMediator(  256): setHidden false
02-13 18:50:52.266 D/KeyguardViewMediator(  256): setHidden false
02-13 18:50:52.266 I/ActivityManager(  256): Displayed com.android.contacts/.DialtactsActivity: +580ms
02-13 18:50:52.266 D/KeyguardViewMediator(  256): setHidden false
02-13 18:50:52.276 D/KeyguardViewMediator(  256): setHidden false
02-13 18:50:52.296 D/KeyguardViewMediator(  256): setHidden false
02-13 18:50:52.316 D/KeyguardViewMediator(  256): setHidden false
02-13 18:50:52.326 D/KeyguardViewMediator(  256): setHidden false
02-13 18:50:52.346 D/KeyguardViewMediator(  256): setHidden false
02-13 18:50:52.356 D/KeyguardViewMediator(  256): setHidden false
02-13 18:50:52.376 D/KeyguardViewMediator(  256): setHidden false
02-13 18:50:52.396 D/KeyguardViewMediator(  256): setHidden false
02-13 18:50:52.406 D/KeyguardViewMediator(  256): setHidden false
02-13 18:50:52.426 D/KeyguardViewMediator(  256): setHidden false
02-13 18:50:52.446 D/KeyguardViewMediator(  256): setHidden false
02-13 18:50:52.456 D/KeyguardViewMediator(  256): setHidden false
02-13 18:50:52.476 D/KeyguardViewMediator(  256): setHidden false
02-13 18:50:52.486 D/KeyguardViewMediator(  256): setHidden false
02-13 18:50:52.506 D/KeyguardViewMediator(  256): setHidden false
02-13 18:50:52.526 D/KeyguardViewMediator(  256): setHidden false
02-13 18:50:52.536 D/KeyguardViewMediator(  256): setHidden false
02-13 18:50:52.556 D/KeyguardViewMediator(  256): setHidden false
02-13 18:50:52.566 D/KeyguardViewMediator(  256): setHidden false
02-13 18:50:52.586 D/KeyguardViewMediator(  256): setHidden false
02-13 18:50:52.596 D/KeyguardViewMediator(  256): setHidden false
02-13 18:50:52.967 W/AlarmManager(  256): +++Alarm  wakeup phone ,pkg=com.google.android.gsf
02-13 18:50:53.087 W/AlarmManager(  256): +++alarm onSendFinished ,action=null
02-13 18:50:53.107 I/EventLogService(  377): Aggregate from 1329178852763 (log), 1329178852763 (data)
02-13 18:50:53.207 D/AlarmManager(  256): +++Alarm set:type=0 com.google.android.gsf  Trigger after:1799998ms
02-13 18:50:53.477 I/SmartDialerActivity(  404): Enter onInterceptTouchEvent 0x=40.661156y=233.867
02-13 18:50:53.507 I/SmartDialerActivity(  404): Enter onInterceptTouchEvent 2x=41.32231y=233.867
02-13 18:50:53.527 I/SmartDialerActivity(  404): Enter onInterceptTouchEvent 2x=41.32231y=232.21295
02-13 18:50:53.537 I/SmartDialerActivity(  404): Enter onInterceptTouchEvent 2x=40.330578y=230.55893
02-13 18:50:53.597 I/SmartDialerActivity(  404): Enter onInterceptTouchEvent 2x=39.33884y=230.22812
02-13 18:50:53.607 I/SmartDialerActivity(  404): Enter onInterceptTouchEvent 2x=39.008263y=231.55136
02-13 18:50:53.617 I/SmartDialerActivity(  404): Enter onInterceptTouchEvent 1x=40.0y=233.5362
02-13 18:50:53.617 D/SmartDialerActivity(  404): keyPressed11
02-13 18:50:53.617 W/KeyCharacterMap(  404): No keyboard for id 0
02-13 18:50:53.617 W/KeyCharacterMap(  404): Using default keymap: /system/usr/keychars/qwerty.kcm.bin
02-13 18:50:53.627 D/SmartDialerActivity(  404): afterTextChanged
02-13 18:50:53.627 D/SmartDialerActivity(  404): updateAddtoContactsButtonEnabledStatetrue
02-13 18:50:53.627 D/SmartDialerActivity(  404): getDelayTime = 0
02-13 18:50:53.647 I/ContactAccessorSdk5(  404): Phone.CONTENT_FILTER_URI = content://com.android.contacts/data/phones/filter
02-13 18:50:53.647 I/ContactAccessorSdk5(  404): recalculate number = 4
02-13 18:50:53.647 I/ContactAccessorSdk5(  404): recalculate filterName = [4GHI]
02-13 18:50:53.647 I/ContactAccessorSdk5(  404): recalculate reversed = 4
02-13 18:50:53.647 I/ContactAccessorSdk5(  404): mQueryHandler = Handler{40581888}
02-13 18:50:53.647 W/CallLogProvider(  404): query: match = 4
02-13 18:50:53.647 D/CallLogProvider(  404): DIALER_CALLS
02-13 18:50:53.657 I/ContactsProvider(  404): query: content://com.android.contacts/contacts/dailkey_filter/4
02-13 18:50:53.657 I/ContactsProvider(  404): query isCallerRegistered= true
02-13 18:50:53.657 I/ContactsProvider(  404): query forOnlyOneContactString= 0
02-13 18:50:53.657 D/ContactsProvider(  404):  query in DIALKEY_FILTER
02-13 18:50:53.657 I/ContactsProvider(  404): reversed number=4
02-13 18:50:53.657 I/ContactsProvider(  404): original sortOrder = sort_key
02-13 18:50:53.657 I/ContactsProvider(  404): changed sortOrder = REPLACE(dialer_number_header,' ','') GLOB '4*' DESC, REPLACE(dialer_number_full,' ','') GLOB '4*' DESC, sort_key
02-13 18:50:53.707 I/ContactAccessorSdk5(  404): mergeCursor.getCount = 18
02-13 18:50:53.707 I/ContactAccessorSdk5(  404): activity.myAdapter = com.android.contacts.smartdialer.contactsAdapter@405e6910
02-13 18:50:53.707 D/contactsAdapter(  404): fillView.counter:0
02-13 18:50:53.707 D/contactsAdapter(  404): fillView.position:0 calllogcounter=2
02-13 18:50:53.707 D/contactsAdapter(  404): OUTGOING_TYPE
02-13 18:50:53.707 I/contactsAdapter(  404): globPieceToInputTextNum = 4
02-13 18:50:53.707 D/contactsAdapter(  404): inputText = 4
02-13 18:50:53.707 D/contactsAdapter(  404): phoneNumber =  +19138514350
02-13 18:50:53.707 I/contactsAdapter(  404): displayName = Home
02-13 18:50:53.707 I/contactsAdapter(  404): globPieceToButtonName = 4
02-13 18:50:53.707 I/contactsAdapter(  404): displayName = Home
02-13 18:50:53.707 I/contactsAdapter(  404): globPieceToButtonName = 46
02-13 18:50:53.707 I/contactsAdapter(  404): displayName = Home
02-13 18:50:53.707 I/contactsAdapter(  404): globPieceToButtonName = 466
02-13 18:50:53.707 I/contactsAdapter(  404): displayName = Home
02-13 18:50:53.707 I/contactsAdapter(  404): globPieceToButtonName = 4663
02-13 18:50:53.707 I/contactsAdapter(  404): globPieceToButtonName.contains(input2) 4
02-13 18:50:53.717 D/contactsAdapter(  404): fillView.counter:1
02-13 18:50:53.717 D/contactsAdapter(  404): fillView.position:1 calllogcounter=2
02-13 18:50:53.717 D/contactsAdapter(  404): INCOMING_TYPE
02-13 18:50:53.717 I/contactsAdapter(  404): globPieceToInputTextNum = 4
02-13 18:50:53.717 D/contactsAdapter(  404): inputText = 4
02-13 18:50:53.717 D/contactsAdapter(  404): phoneNumber =  9137446943
02-13 18:50:53.717 I/contactsAdapter(  404): displayName = Chloe Kreeger
02-13 18:50:53.717 I/contactsAdapter(  404): globPieceToButtonName = 2
02-13 18:50:53.717 I/contactsAdapter(  404): displayName = Chloe Kreeger
02-13 18:50:53.717 I/contactsAdapter(  404): globPieceToButtonName = 24
02-13 18:50:53.717 I/contactsAdapter(  404): displayName = Chloe Kreeger
02-13 18:50:53.737 I/contactsAdapter(  404): globPieceToButtonName = 245
02-13 18:50:53.737 I/contactsAdapter(  404): displayName = Chloe Kreeger
02-13 18:50:53.737 I/contactsAdapter(  404): globPieceToButtonName = 2456
02-13 18:50:53.737 I/contactsAdapter(  404): displayName = Chloe Kreeger
02-13 18:50:53.737 I/contactsAdapter(  404): globPieceToButtonName = 24563
02-13 18:50:53.737 I/contactsAdapter(  404): displayName = Chloe Kreeger
02-13 18:50:53.737 I/contactsAdapter(  404): globPieceToButtonName = 24563 
02-13 18:50:53.737 I/contactsAdapter(  404): displayName = Chloe Kreeger
02-13 18:50:53.737 I/contactsAdapter(  404): globPieceToButtonName = 24563 5
02-13 18:50:53.737 I/contactsAdapter(  404): displayName = Chloe Kreeger
02-13 18:50:53.737 I/contactsAdapter(  404): globPieceToButtonName = 24563 57
02-13 18:50:53.737 I/contactsAdapter(  404): displayName = Chloe Kreeger
02-13 18:50:53.737 I/contactsAdapter(  404): globPieceToButtonName = 24563 573
02-13 18:50:53.737 I/contactsAdapter(  404): displayName = Chloe Kreeger
02-13 18:50:53.737 I/contactsAdapter(  404): globPieceToButtonName = 24563 5733
02-13 18:50:53.737 I/contactsAdapter(  404): displayName = Chloe Kreeger
02-13 18:50:53.737 I/contactsAdapter(  404): globPieceToButtonName = 24563 57334
02-13 18:50:53.737 I/contactsAdapter(  404): displayName = Chloe Kreeger
02-13 18:50:53.737 I/contactsAdapter(  404): globPieceToButtonName = 24563 573343
02-13 18:50:53.737 I/contactsAdapter(  404): displayName = Chloe Kreeger
02-13 18:50:53.737 I/contactsAdapter(  404): globPieceToButtonName = 24563 5733437
02-13 18:50:53.737 I/contactsAdapter(  404): globPieceToButtonName.contains(input2) 4
02-13 18:50:53.917 I/SmartDialerActivity(  404): Enter onInterceptTouchEvent 0x=158.67769y=284.81116
02-13 18:50:53.957 I/SmartDialerActivity(  404): Enter onInterceptTouchEvent 2x=158.67769y=284.14957
02-13 18:50:53.998 I/SmartDialerActivity(  404): Enter onInterceptTouchEvent 2x=159.66942y=283.81876
02-13 18:50:54.008 I/SmartDialerActivity(  404): Enter onInterceptTouchEvent 2x=160.66115y=283.15714
02-13 18:50:54.028 I/SmartDialerActivity(  404): Enter onInterceptTouchEvent 1x=160.33058y=282.82632
02-13 18:50:54.028 D/SmartDialerActivity(  404): keyPressed15
02-13 18:50:54.028 W/KeyCharacterMap(  404): No keyboard for id 0
02-13 18:50:54.028 W/KeyCharacterMap(  404): Using default keymap: /system/usr/keychars/qwerty.kcm.bin
02-13 18:50:54.028 D/SmartDialerActivity(  404): afterTextChanged
02-13 18:50:54.028 D/SmartDialerActivity(  404): updateAddtoContactsButtonEnabledStatetrue
02-13 18:50:54.028 D/SmartDialerActivity(  404): getDelayTime = 0
02-13 18:50:54.038 I/ContactAccessorSdk5(  404): Phone.CONTENT_FILTER_URI = content://com.android.contacts/data/phones/filter
02-13 18:50:54.038 I/ContactAccessorSdk5(  404): recalculate number = 48
02-13 18:50:54.038 I/ContactAccessorSdk5(  404): recalculate filterName = [4GHI][8TUV]
02-13 18:50:54.038 I/ContactAccessorSdk5(  404): recalculate reversed = 84
02-13 18:50:54.038 I/ContactAccessorSdk5(  404): mQueryHandler = Handler{40581888}
02-13 18:50:54.038 W/CallLogProvider(  404): query: match = 4
02-13 18:50:54.038 D/CallLogProvider(  404): DIALER_CALLS
02-13 18:50:54.038 I/ContactsProvider(  404): query: content://com.android.contacts/contacts/dailkey_filter/48
02-13 18:50:54.038 I/ContactsProvider(  404): query isCallerRegistered= true
02-13 18:50:54.038 I/ContactsProvider(  404): query forOnlyOneContactString= 0
02-13 18:50:54.038 D/ContactsProvider(  404):  query in DIALKEY_FILTER
02-13 18:50:54.038 I/ContactsProvider(  404): reversed number=84
02-13 18:50:54.038 I/ContactsProvider(  404): original sortOrder = sort_key
02-13 18:50:54.038 I/ContactsProvider(  404): changed sortOrder = REPLACE(dialer_number_header,' ','') GLOB '48*' DESC, REPLACE(dialer_number_full,' ','') GLOB '48*' DESC, sort_key
02-13 18:50:54.068 I/ContactAccessorSdk5(  404): mergeCursor.getCount = 3
02-13 18:50:54.068 I/ContactAccessorSdk5(  404): activity.myAdapter = com.android.contacts.smartdialer.contactsAdapter@405e6910
02-13 18:50:54.068 D/contactsAdapter(  404): fillView.counter:0
02-13 18:50:54.068 D/contactsAdapter(  404): fillView.position:0 calllogcounter=0
02-13 18:50:54.068 I/contactsAdapter(  404): globPieceToInputTextNum = 4
02-13 18:50:54.068 I/contactsAdapter(  404): globPieceToInputTextNum = 48
02-13 18:50:54.068 D/contactsAdapter(  404): inputText = 48
02-13 18:50:54.068 D/contactsAdapter(  404): phoneNumber =  48607256847
02-13 18:50:54.068 D/contactsAdapter(  404): heightLightStartPos = 0
02-13 18:50:54.068 D/contactsAdapter(  404): heightLightEndPos = 0
02-13 18:50:54.068 D/contactsAdapter(  404): heightLightedSection = 
02-13 18:50:54.068 D/contactsAdapter(  404): restLength = 2
02-13 18:50:54.068 I/contactsAdapter(  404): displayName = Ada Maciejczyk
02-13 18:50:54.068 I/contactsAdapter(  404): globPieceToButtonName = 4
02-13 18:50:54.068 I/contactsAdapter(  404): displayName = Ada Maciejczyk
02-13 18:50:54.068 I/contactsAdapter(  404): globPieceToButtonName = 48
02-13 18:50:54.068 D/contactsAdapter(  404): name.toLowerCase() = ada maciejczyk
02-13 18:50:54.068 D/contactsAdapter(  404):  Namechars.length =14
02-13 18:50:54.068 D/contactsAdapter(  404):  hasChinese =false
02-13 18:50:54.068 I/contactsAdapter(  404): inputtext = 48
02-13 18:50:54.068 I/contactsAdapter(  404): firstFromDatabase = 2 6
02-13 18:50:54.068 I/contactsAdapter(  404): newStringFirstChar========> 2 6
02-13 18:50:54.068 I/contactsAdapter(  404): allCharsFromDatabase = 232 6224352995
02-13 18:50:54.068 I/contactsAdapter(  404): newStringAllChar========> 232 6224352995
02-13 18:50:54.068 D/contactsAdapter(  404): In the displayNameString ,divider postion = 0
02-13 18:50:54.068 D/contactsAdapter(  404): In the displayNameString ,divider postion = 4
02-13 18:50:54.078 D/contactsAdapter(  404): fillView.counter:1
02-13 18:50:54.078 D/contactsAdapter(  404): fillView.position:1 calllogcounter=0
02-13 18:50:54.078 I/contactsAdapter(  404): globPieceToInputTextNum = 4
02-13 18:50:54.078 I/contactsAdapter(  404): globPieceToInputTextNum = 48
02-13 18:50:54.078 D/contactsAdapter(  404): inputText = 48
02-13 18:50:54.078 D/contactsAdapter(  404): phoneNumber =  48607256847
02-13 18:50:54.078 D/contactsAdapter(  404): heightLightStartPos = 0
02-13 18:50:54.078 D/contactsAdapter(  404): heightLightEndPos = 0
02-13 18:50:54.078 D/contactsAdapter(  404): heightLightedSection = 
02-13 18:50:54.078 D/contactsAdapter(  404): restLength = 2
02-13 18:50:54.078 I/contactsAdapter(  404): displayName = Ada Maciejczyk
02-13 18:50:54.078 I/contactsAdapter(  404): globPieceToButtonName = 4
02-13 18:50:54.078 I/contactsAdapter(  404): displayName = Ada Maciejczyk
02-13 18:50:54.078 I/contactsAdapter(  404): globPieceToButtonName = 48
02-13 18:50:54.078 D/contactsAdapter(  404): name.toLowerCase() = ada maciejczyk
02-13 18:50:54.078 D/contactsAdapter(  404):  Namechars.length =14
02-13 18:50:54.078 D/contactsAdapter(  404):  hasChinese =false
02-13 18:50:54.078 I/contactsAdapter(  404): inputtext = 48
02-13 18:50:54.078 I/contactsAdapter(  404): firstFromDatabase = 2 6
02-13 18:50:54.078 I/contactsAdapter(  404): newStringFirstChar========> 2 6
02-13 18:50:54.078 I/contactsAdapter(  404): allCharsFromDatabase = 232 6224352995
02-13 18:50:54.078 I/contactsAdapter(  404): newStringAllChar========> 232 6224352995
02-13 18:50:54.078 D/contactsAdapter(  404): In the displayNameString ,divider postion = 0
02-13 18:50:54.078 D/contactsAdapter(  404): In the displayNameString ,divider postion = 4
02-13 18:50:54.298 I/SmartDialerActivity(  404): Enter onInterceptTouchEvent 0x=280.0y=235.85184
02-13 18:50:54.328 I/SmartDialerActivity(  404): Enter onInterceptTouchEvent 2x=279.33884y=235.85184
02-13 18:50:54.378 D/DATA    (  342): [DSST(0)] pollstate() : reason = data network state changed
02-13 18:50:54.388 I/SmartDialerActivity(  404): Enter onInterceptTouchEvent 2x=278.67767y=235.19022
02-13 18:50:54.408 D/MobileDataStateTracker(  256): [hipri]  MobileDataStateReceiver onReceive(): Entry.
02-13 18:50:54.408 D/MobileDataStateTracker(  256): [hipri]  intent.getAction()= android.intent.action.SERVICE_STATE
02-13 18:50:54.408 D/MobileDataStateTracker(  256): [hipri]  mEnabled = false
02-13 18:50:54.408 I/SmartDialerActivity(  404): Enter onInterceptTouchEvent 1x=278.3471y=234.5286
02-13 18:50:54.408 D/MobileDataStateTracker(  256): [dun]  MobileDataStateReceiver onReceive(): Entry.
02-13 18:50:54.408 D/MobileDataStateTracker(  256): [dun]  intent.getAction()= android.intent.action.SERVICE_STATE
02-13 18:50:54.408 D/MobileDataStateTracker(  256): [dun]  mEnabled = false
02-13 18:50:54.408 D/SmartDialerActivity(  404): keyPressed13
02-13 18:50:54.408 D/SmartDialerActivity(  404): afterTextChanged
02-13 18:50:54.408 D/SmartDialerActivity(  404): updateAddtoContactsButtonEnabledStatetrue
02-13 18:50:54.408 D/SmartDialerActivity(  404): getDelayTime = 0
02-13 18:50:54.418 D/MobileDataStateTracker(  256): [supl]  MobileDataStateReceiver onReceive(): Entry.
02-13 18:50:54.418 D/MobileDataStateTracker(  256): [supl]  intent.getAction()= android.intent.action.SERVICE_STATE
02-13 18:50:54.418 D/MobileDataStateTracker(  256): [supl]  mEnabled = false
02-13 18:50:54.418 D/MobileDataStateTracker(  256): [mms]  MobileDataStateReceiver onReceive(): Entry.
02-13 18:50:54.418 D/MobileDataStateTracker(  256): [mms]  intent.getAction()= android.intent.action.SERVICE_STATE
02-13 18:50:54.418 D/MobileDataStateTracker(  256): [mms]  mEnabled = false
02-13 18:50:54.418 D/MobileDataStateTracker(  256): [default]  MobileDataStateReceiver onReceive(): Entry.
02-13 18:50:54.418 D/MobileDataStateTracker(  256): [default]  intent.getAction()= android.intent.action.SERVICE_STATE
02-13 18:50:54.418 D/MobileDataStateTracker(  256): [default]  mEnabled = true
02-13 18:50:54.428 D/CallManager(  342):  handleMessage (EVENT_SERVICE_STATE_CHANGED)
02-13 18:50:54.428 E/BT HS/HF(  342): SERVICE_STATE_CHANGED called
02-13 18:50:54.428 E/BT HS/HF(  342): updateServiceState called, sendUpdate:false  ServiceState:0 home Sprint  310099  EvDo rev. A CSS not supported 41 4139RoamInd: 1RoamStatus(sprint): 1DefRoamInd: 160EmergOnly: false
02-13 18:50:54.428 E/BT HS/HF(  342): service:1 mService:1
02-13 18:50:54.428 D/DATA    (  342): [DSST(0)]  registrationState = 1  radioTechnology = 8 reasonForDenial = 0
02-13 18:50:54.428 D/DATA    (  342): [DSST(0)]  set mNewDataConnectionState = 0
02-13 18:50:54.428 D/DATA    (  342): [DSST(0)]  mNewDataConnectionState : 0  mDataConnectionState : 0
02-13 18:50:54.428 D/DATA    (  342): [DSST(0)] Poll ServiceState done: oldSS=[0 home null null null  EvDo rev. A CSS not supported -1 -1RoamInd: -1RoamStatus(sprint): -1DefRoamInd: -1EmergOnly: false] newSS=[0 home null null null  EvDo rev. A CSS not supported -1 -1RoamInd: -1RoamStatus(sprint): -1DefRoamInd: -1EmergOnly: false]
02-13 18:50:54.428 D/DATA    (  342): [DSST(0)]  mDataConnectionState = 0
02-13 18:50:54.448 I/ContactAccessorSdk5(  404): Phone.CONTENT_FILTER_URI = content://com.android.contacts/data/phones/filter
02-13 18:50:54.448 I/ContactAccessorSdk5(  404): recalculate number = 486
02-13 18:50:54.448 I/ContactAccessorSdk5(  404): recalculate filterName = [4GHI][8TUV][6MNO]
02-13 18:50:54.448 I/ContactAccessorSdk5(  404): recalculate reversed = 684
02-13 18:50:54.448 I/ContactAccessorSdk5(  404): mQueryHandler = Handler{40581888}
02-13 18:50:54.448 W/CallLogProvider(  404): query: match = 4
02-13 18:50:54.448 D/CallLogProvider(  404): DIALER_CALLS
02-13 18:50:54.448 I/ContactsProvider(  404): query: content://com.android.contacts/contacts/dailkey_filter/486
02-13 18:50:54.448 I/ContactsProvider(  404): query isCallerRegistered= true
02-13 18:50:54.448 I/ContactsProvider(  404): query forOnlyOneContactString= 0
02-13 18:50:54.448 D/ContactsProvider(  404):  query in DIALKEY_FILTER
02-13 18:50:54.448 I/ContactsProvider(  404): reversed number=684
02-13 18:50:54.448 I/ContactsProvider(  404): original sortOrder = sort_key
02-13 18:50:54.448 I/ContactsProvider(  404): changed sortOrder = REPLACE(dialer_number_header,' ','') GLOB '486*' DESC, REPLACE(dialer_number_full,' ','') GLOB '486*' DESC, sort_key
02-13 18:50:54.468 D/Mms     (  774): currentRoamingStatus:1
02-13 18:50:54.478 I/ContactAccessorSdk5(  404): mergeCursor.getCount = 2
02-13 18:50:54.478 I/ContactAccessorSdk5(  404): activity.myAdapter = com.android.contacts.smartdialer.contactsAdapter@405e6910
02-13 18:50:54.478 D/contactsAdapter(  404): fillView.counter:0
02-13 18:50:54.478 D/contactsAdapter(  404): fillView.position:0 calllogcounter=0
02-13 18:50:54.478 I/contactsAdapter(  404): globPieceToInputTextNum = 4
02-13 18:50:54.478 I/contactsAdapter(  404): globPieceToInputTextNum = 48
02-13 18:50:54.478 I/contactsAdapter(  404): globPieceToInputTextNum = 486
02-13 18:50:54.478 D/contactsAdapter(  404): inputText = 486
02-13 18:50:54.478 D/contactsAdapter(  404): phoneNumber =  48607256847
02-13 18:50:54.478 D/contactsAdapter(  404): heightLightStartPos = 0
02-13 18:50:54.478 D/contactsAdapter(  404): heightLightEndPos = 0
02-13 18:50:54.478 D/contactsAdapter(  404): heightLightedSection = 
02-13 18:50:54.478 D/contactsAdapter(  404): restLength = 3
02-13 18:50:54.478 I/contactsAdapter(  404): displayName = Ada Maciejczyk
02-13 18:50:54.478 I/contactsAdapter(  404): globPieceToButtonName = 4
02-13 18:50:54.478 I/contactsAdapter(  404): displayName = Ada Maciejczyk
02-13 18:50:54.478 I/contactsAdapter(  404): globPieceToButtonName = 48
02-13 18:50:54.478 I/contactsAdapter(  404): displayName = Ada Maciejczyk
02-13 18:50:54.478 I/contactsAdapter(  404): globPieceToButtonName = 486
02-13 18:50:54.478 D/contactsAdapter(  404): name.toLowerCase() = ada maciejczyk
02-13 18:50:54.478 D/contactsAdapter(  404):  Namechars.length =14
02-13 18:50:54.478 D/contactsAdapter(  404):  hasChinese =false
02-13 18:50:54.478 I/contactsAdapter(  404): inputtext = 486
02-13 18:50:54.478 I/contactsAdapter(  404): firstFromDatabase = 2 6
02-13 18:50:54.478 I/contactsAdapter(  404): newStringFirstChar========> 2 6
02-13 18:50:54.478 I/contactsAdapter(  404): allCharsFromDatabase = 232 6224352995
02-13 18:50:54.478 I/contactsAdapter(  404): newStringAllChar========> 232 6224352995
02-13 18:50:54.478 D/contactsAdapter(  404): In the displayNameString ,divider postion = 0
02-13 18:50:54.478 D/contactsAdapter(  404): In the displayNameString ,divider postion = 4
02-13 18:50:54.478 D/contactsAdapter(  404): fillView.counter:1
02-13 18:50:54.488 D/contactsAdapter(  404): fillView.position:1 calllogcounter=0
02-13 18:50:54.488 I/contactsAdapter(  404): globPieceToInputTextNum = 4
02-13 18:50:54.488 I/contactsAdapter(  404): globPieceToInputTextNum = 48
02-13 18:50:54.488 I/contactsAdapter(  404): globPieceToInputTextNum = 486
02-13 18:50:54.488 D/contactsAdapter(  404): inputText = 486
02-13 18:50:54.488 D/contactsAdapter(  404): phoneNumber =  48607256847
02-13 18:50:54.488 D/contactsAdapter(  404): heightLightStartPos = 0
02-13 18:50:54.488 D/contactsAdapter(  404): heightLightEndPos = 0
02-13 18:50:54.488 D/contactsAdapter(  404): heightLightedSection = 
02-13 18:50:54.488 D/contactsAdapter(  404): restLength = 3
02-13 18:50:54.488 I/contactsAdapter(  404): displayName = Ada Maciejczyk
02-13 18:50:54.488 I/contactsAdapter(  404): globPieceToButtonName = 4
02-13 18:50:54.488 I/contactsAdapter(  404): displayName = Ada Maciejczyk
02-13 18:50:54.488 I/contactsAdapter(  404): globPieceToButtonName = 48
02-13 18:50:54.488 I/contactsAdapter(  404): displayName = Ada Maciejczyk
02-13 18:50:54.488 I/contactsAdapter(  404): globPieceToButtonName = 486
02-13 18:50:54.488 D/contactsAdapter(  404): name.toLowerCase() = ada maciejczyk
02-13 18:50:54.488 D/contactsAdapter(  404):  Namechars.length =14
02-13 18:50:54.488 D/contactsAdapter(  404):  hasChinese =false
02-13 18:50:54.488 I/contactsAdapter(  404): inputtext = 486
02-13 18:50:54.488 I/contactsAdapter(  404): firstFromDatabase = 2 6
02-13 18:50:54.488 I/contactsAdapter(  404): newStringFirstChar========> 2 6
02-13 18:50:54.488 I/contactsAdapter(  404): allCharsFromDatabase = 232 6224352995
02-13 18:50:54.488 I/contactsAdapter(  404): newStringAllChar========> 232 6224352995
02-13 18:50:54.488 D/contactsAdapter(  404): In the displayNameString ,divider postion = 0
02-13 18:50:54.488 D/contactsAdapter(  404): In the displayNameString ,divider postion = 4
02-13 18:50:54.748 I/SmartDialerActivity(  404): Enter onInterceptTouchEvent 0x=52.231403y=233.20538
02-13 18:50:54.808 I/SmartDialerActivity(  404): Enter onInterceptTouchEvent 2x=51.570248y=233.20538
02-13 18:50:54.858 I/SmartDialerActivity(  404): Enter onInterceptTouchEvent 2x=50.247932y=233.20538
02-13 18:50:54.878 I/SmartDialerActivity(  404): Enter onInterceptTouchEvent 2x=45.289257y=233.20538
02-13 18:50:54.898 I/SmartDialerActivity(  404): Enter onInterceptTouchEvent 1x=43.305786y=233.20538
02-13 18:50:54.898 D/SmartDialerActivity(  404): keyPressed11
02-13 18:50:54.898 D/SmartDialerActivity(  404): afterTextChanged
02-13 18:50:54.898 D/SmartDialerActivity(  404): updateAddtoContactsButtonEnabledStatetrue
02-13 18:50:54.898 D/SmartDialerActivity(  404): getDelayTime = 0
02-13 18:50:54.908 I/ContactAccessorSdk5(  404): Phone.CONTENT_FILTER_URI = content://com.android.contacts/data/phones/filter
02-13 18:50:54.908 I/ContactAccessorSdk5(  404): recalculate number = 4864
02-13 18:50:54.908 I/ContactAccessorSdk5(  404): recalculate filterName = [4GHI][8TUV][6MNO][4GHI]
02-13 18:50:54.908 I/ContactAccessorSdk5(  404): recalculate reversed = 4684
02-13 18:50:54.908 I/ContactAccessorSdk5(  404): mQueryHandler = Handler{40581888}
02-13 18:50:54.908 W/CallLogProvider(  404): query: match = 4
02-13 18:50:54.908 D/CallLogProvider(  404): DIALER_CALLS
02-13 18:50:54.908 I/ContactsProvider(  404): query: content://com.android.contacts/contacts/dailkey_filter/4864
02-13 18:50:54.908 I/ContactsProvider(  404): query isCallerRegistered= true
02-13 18:50:54.908 I/ContactsProvider(  404): query forOnlyOneContactString= 0
02-13 18:50:54.908 D/ContactsProvider(  404):  query in DIALKEY_FILTER
02-13 18:50:54.908 I/ContactsProvider(  404): reversed number=4684
02-13 18:50:54.908 I/ContactsProvider(  404): original sortOrder = sort_key
02-13 18:50:54.908 I/ContactsProvider(  404): changed sortOrder = REPLACE(dialer_number_header,' ','') GLOB '4864*' DESC, REPLACE(dialer_number_full,' ','') GLOB '4864*' DESC, sort_key
02-13 18:50:54.938 I/ContactAccessorSdk5(  404): mergeCursor.getCount = 0
02-13 18:50:54.938 I/ContactAccessorSdk5(  404): activity.myAdapter = com.android.contacts.smartdialer.contactsAdapter@405e6910
02-13 18:50:54.948 D/KeyguardViewMediator(  256): setHidden false
02-13 18:50:54.978 I/SmartDialerActivity(  404): Enter onInterceptTouchEvent 0x=268.42975y=178.29153
02-13 18:50:54.978 I/SmartDialerActivity(  404): Enter onInterceptTouchEvent 2x=267.7686y=178.62234
02-13 18:50:54.988 I/SmartDialerActivity(  404): Enter onInterceptTouchEvent 2x=267.10742y=179.61475
02-13 18:50:55.039 I/SmartDialerActivity(  404): Enter onInterceptTouchEvent 2x=267.10742y=180.27637
02-13 18:50:55.059 I/SmartDialerActivity(  404): Enter onInterceptTouchEvent 2x=267.7686y=180.93799
02-13 18:50:55.079 I/SmartDialerActivity(  404): Enter onInterceptTouchEvent 2x=269.0909y=179.61475
02-13 18:50:55.099 I/SmartDialerActivity(  404): Enter onInterceptTouchEvent 1x=270.7438y=177.2991
02-13 18:50:55.099 D/SmartDialerActivity(  404): keyPressed10
02-13 18:50:55.099 D/SmartDialerActivity(  404): afterTextChanged
02-13 18:50:55.099 D/SmartDialerActivity(  404): updateAddtoContactsButtonEnabledStatetrue
02-13 18:50:55.099 D/SmartDialerActivity(  404): getDelayTime = 0
02-13 18:50:55.099 I/ContactAccessorSdk5(  404): Phone.CONTENT_FILTER_URI = content://com.android.contacts/data/phones/filter
02-13 18:50:55.099 I/ContactAccessorSdk5(  404): recalculate number = 48643
02-13 18:50:55.099 I/ContactAccessorSdk5(  404): recalculate filterName = [4GHI][8TUV][6MNO][4GHI][3DEF]
02-13 18:50:55.099 I/ContactAccessorSdk5(  404): recalculate reversed = 34684
02-13 18:50:55.099 I/ContactAccessorSdk5(  404): mQueryHandler = Handler{40581888}
02-13 18:50:55.099 W/CallLogProvider(  404): query: match = 4
02-13 18:50:55.099 D/CallLogProvider(  404): DIALER_CALLS
02-13 18:50:55.109 I/ContactsProvider(  404): query: content://com.android.contacts/contacts/dailkey_filter/48643
02-13 18:50:55.109 I/ContactsProvider(  404): query isCallerRegistered= true
02-13 18:50:55.109 I/ContactsProvider(  404): query forOnlyOneContactString= 0
02-13 18:50:55.109 D/ContactsProvider(  404):  query in DIALKEY_FILTER
02-13 18:50:55.109 I/ContactsProvider(  404): reversed number=34684
02-13 18:50:55.109 I/ContactsProvider(  404): original sortOrder = sort_key
02-13 18:50:55.109 I/ContactsProvider(  404): changed sortOrder = REPLACE(dialer_number_header,' ','') GLOB '48643*' DESC, REPLACE(dialer_number_full,' ','') GLOB '48643*' DESC, sort_key
02-13 18:50:55.129 I/ContactAccessorSdk5(  404): mergeCursor.getCount = 0
02-13 18:50:55.129 I/ContactAccessorSdk5(  404): activity.myAdapter = com.android.contacts.smartdialer.contactsAdapter@405e6910
02-13 18:50:55.279 I/SmartDialerActivity(  404): Enter onInterceptTouchEvent 0x=179.50414y=234.8594
02-13 18:50:55.299 I/SmartDialerActivity(  404): Enter onInterceptTouchEvent 2x=178.84297y=234.19778
02-13 18:50:55.349 I/SmartDialerActivity(  404): Enter onInterceptTouchEvent 2x=177.85124y=234.19778
02-13 18:50:55.359 I/SmartDialerActivity(  404): Enter onInterceptTouchEvent 1x=176.52892y=235.19022
02-13 18:50:55.359 D/SmartDialerActivity(  404): keyPressed12
02-13 18:50:55.359 D/SmartDialerActivity(  404): afterTextChanged
02-13 18:50:55.359 D/SmartDialerActivity(  404): updateAddtoContactsButtonEnabledStatetrue
02-13 18:50:55.359 D/SmartDialerActivity(  404): getDelayTime = 0
02-13 18:50:55.359 D/SmartDialerActivity(  404): afterTextChanged
02-13 18:50:55.359 D/SmartDialerActivity(  404): updateAddtoContactsButtonEnabledStatetrue
02-13 18:50:55.359 D/SmartDialerActivity(  404): getDelayTime = 0
02-13 18:50:55.379 I/ContactAccessorSdk5(  404): Phone.CONTENT_FILTER_URI = content://com.android.contacts/data/phones/filter
02-13 18:50:55.379 I/ContactAccessorSdk5(  404): recalculate number = 486-435
02-13 18:50:55.379 I/ContactAccessorSdk5(  404): recalculate filterName = [4GHI][8TUV][6MNO][4GHI][3DEF][5JKL]
02-13 18:50:55.379 I/ContactAccessorSdk5(  404): recalculate reversed = 534684
02-13 18:50:55.379 I/ContactAccessorSdk5(  404): mQueryHandler = Handler{40581888}
02-13 18:50:55.379 W/CallLogProvider(  404): query: match = 4
02-13 18:50:55.379 D/CallLogProvider(  404): DIALER_CALLS
02-13 18:50:55.379 I/ContactsProvider(  404): query: content://com.android.contacts/contacts/dailkey_filter/486-435
02-13 18:50:55.379 I/ContactsProvider(  404): query isCallerRegistered= true
02-13 18:50:55.379 I/ContactsProvider(  404): query forOnlyOneContactString= 0
02-13 18:50:55.379 D/ContactsProvider(  404):  query in DIALKEY_FILTER
02-13 18:50:55.379 I/ContactsProvider(  404): reversed number=534684
02-13 18:50:55.379 I/ContactsProvider(  404): original sortOrder = sort_key
02-13 18:50:55.389 I/ContactsProvider(  404): changed sortOrder = REPLACE(dialer_number_header,' ','') GLOB '486-435*' DESC, REPLACE(dialer_number_full,' ','') GLOB '486-435*' DESC, sort_key
02-13 18:50:55.409 I/ContactAccessorSdk5(  404): mergeCursor.getCount = 0
02-13 18:50:55.409 I/ContactAccessorSdk5(  404): activity.myAdapter = com.android.contacts.smartdialer.contactsAdapter@405e6910
02-13 18:50:55.549 I/SmartDialerActivity(  404): Enter onInterceptTouchEvent 0x=63.471073y=190.86218
02-13 18:50:55.569 I/SmartDialerActivity(  404): Enter onInterceptTouchEvent 2x=64.13223y=190.86218
02-13 18:50:55.589 I/SmartDialerActivity(  404): Enter onInterceptTouchEvent 2x=64.46281y=191.19296
02-13 18:50:55.599 I/SmartDialerActivity(  404): Enter onInterceptTouchEvent 2x=62.809917y=190.20056
02-13 18:50:55.609 I/SmartDialerActivity(  404): Enter onInterceptTouchEvent 1x=61.81818y=189.53894
02-13 18:50:55.609 D/SmartDialerActivity(  404): keyPressed8
02-13 18:50:55.609 D/SmartDialerActivity(  404): afterTextChanged
02-13 18:50:55.609 D/SmartDialerActivity(  404): updateAddtoContactsButtonEnabledStatetrue
02-13 18:50:55.609 D/SmartDialerActivity(  404): getDelayTime = 0
02-13 18:50:55.619 D/SmartDialerActivity(  404): afterTextChanged
02-13 18:50:55.619 D/SmartDialerActivity(  404): updateAddtoContactsButtonEnabledStatetrue
02-13 18:50:55.619 D/SmartDialerActivity(  404): getDelayTime = 0
02-13 18:50:55.619 D/SmartDialerActivity(  404): afterTextChanged
02-13 18:50:55.619 D/SmartDialerActivity(  404): updateAddtoContactsButtonEnabledStatetrue
02-13 18:50:55.619 D/SmartDialerActivity(  404): getDelayTime = 0
02-13 18:50:55.619 I/ContactAccessorSdk5(  404): Phone.CONTENT_FILTER_URI = content://com.android.contacts/data/phones/filter
02-13 18:50:55.619 I/ContactAccessorSdk5(  404): recalculate number = 486-4351
02-13 18:50:55.619 I/ContactAccessorSdk5(  404): recalculate filterName = [4GHI][8TUV][6MNO][4GHI][3DEF][5JKL][1]
02-13 18:50:55.619 I/ContactAccessorSdk5(  404): recalculate reversed = 1534684
02-13 18:50:55.619 I/ContactAccessorSdk5(  404): mQueryHandler = Handler{40581888}
02-13 18:50:55.619 W/CallLogProvider(  404): query: match = 4
02-13 18:50:55.619 D/CallLogProvider(  404): DIALER_CALLS
02-13 18:50:55.629 I/ContactsProvider(  404): query: content://com.android.contacts/contacts/dailkey_filter/486-4351
02-13 18:50:55.629 I/ContactsProvider(  404): query isCallerRegistered= true
02-13 18:50:55.629 I/ContactsProvider(  404): query forOnlyOneContactString= 0
02-13 18:50:55.629 D/ContactsProvider(  404):  query in DIALKEY_FILTER
02-13 18:50:55.629 I/ContactsProvider(  404): reversed number=1534684
02-13 18:50:55.629 I/ContactsProvider(  404): original sortOrder = sort_key
02-13 18:50:55.629 I/ContactsProvider(  404): changed sortOrder = REPLACE(dialer_number_header,' ','') GLOB '486-4351*' DESC, REPLACE(dialer_number_full,' ','') GLOB '486-4351*' DESC, sort_key
02-13 18:50:55.649 I/ContactAccessorSdk5(  404): mergeCursor.getCount = 0
02-13 18:50:55.649 I/ContactAccessorSdk5(  404): activity.myAdapter = com.android.contacts.smartdialer.contactsAdapter@405e6910
02-13 18:50:56.620 I/SmartDialerActivity(  404): Enter onInterceptTouchEvent 0x=180.49586y=374.12888
02-13 18:50:56.640 I/SmartDialerActivity(  404): Enter onInterceptTouchEvent 2x=180.82645y=374.12888
02-13 18:50:56.660 I/SmartDialerActivity(  404): Enter onInterceptTouchEvent 2x=180.16528y=376.1137
02-13 18:50:56.660 I/SmartDialerActivity(  404): Enter onInterceptTouchEvent 1x=178.51239y=378.76016
02-13 18:50:56.660 D/SmartDialerActivity(  404): placeCall:486-4351
02-13 18:50:56.670 D/SmartDialerActivity(  404): afterTextChanged
02-13 18:50:56.670 D/SmartDialerActivity(  404): updateAddtoContactsButtonEnabledStatefalse
02-13 18:50:56.670 D/SmartDialerActivity(  404): getDelayTime = 0
02-13 18:50:56.680 D/ToneGenerator(  404): stopTone
02-13 18:50:56.680 D/AudioTrack(  404): stop 0x341dc8
02-13 18:50:56.690 D/AudioFlinger(  114): remove track (4098) and delete from mixer
02-13 18:50:56.700 D/PhoneApp(  342): pulse screen lock
02-13 18:50:56.700 D/PhoneUtils(  342): checkAndCopyPhoneProviderExtras: some or all extras are missing.
02-13 18:50:56.700 D/KeyguardViewMediator(  256): setHidden false
02-13 18:50:56.700 I/hubo    (  256): Activity {com.android.phone/com.android.phone.PrivilegedOutgoingCallBroadcaster}
02-13 18:50:56.710 I/ContactAccessorSdk5(  404): Phone.CONTENT_FILTER_URI = content://com.android.contacts/data/phones/filter
02-13 18:50:56.720 I/ContactAccessorSdk5(  404): recalculate number = 
02-13 18:50:56.720 I/ContactAccessorSdk5(  404): recalculate filterName = 
02-13 18:50:56.720 I/ContactAccessorSdk5(  404): recalculate reversed = 
02-13 18:50:56.720 I/ContactAccessorSdk5(  404): mQueryHandler = Handler{40581888}
02-13 18:50:56.720 W/CallLogProvider(  404): query: match = 4
02-13 18:50:56.720 D/CallLogProvider(  404): DIALER_CALLS
02-13 18:50:56.720 I/ContactsProvider(  404): query: content://com.android.contacts/data/phones
02-13 18:50:56.720 I/ContactsProvider(  404): query isCallerRegistered= true
02-13 18:50:56.720 I/ContactsProvider(  404): query forOnlyOneContactString= 0
02-13 18:50:56.730 D/PhoneUtils(  342): checkAndCopyPhoneProviderExtras: some or all extras are missing.
02-13 18:50:56.740 D/KeyguardViewMediator(  256): setHidden false
02-13 18:50:56.740 I/hubo    (  256): Activity {com.android.phone/com.android.phone.SipCallOptionHandler}
02-13 18:50:56.760 D/KeyguardViewMediator(  256): setHidden false
02-13 18:50:56.760 I/hubo    (  256): Activity {com.android.phone/com.android.phone.InCallScreen}
02-13 18:50:56.760 D/InCallScreen(  342): onNewIntent: intent=Intent { act=android.intent.action.CALL dat=tel:xxx-xxx-xxxx flg=0x10c00000 cmp=com.android.phone/.InCallScreen (has extras) }
02-13 18:50:56.760 D/InCallScreen(  342): checkIsOtaCall...
02-13 18:50:56.760 D/InCallScreen(  342): checkIsOtaCall: isOtaCall =false
02-13 18:50:56.760 D/InCallScreen(  342): internalResolveIntent: action=android.intent.action.CALL
02-13 18:50:56.760 D/InCallScreen(  342): Attempting call on sub: 0
02-13 18:50:56.760 D/InCallScreen(  342): placeCall()...  intent = Intent { act=android.intent.action.CALL dat=tel:xxx-xxx-xxxx flg=0x10c00000 cmp=com.android.phone/.InCallScreen (has extras) }
02-13 18:50:56.770 D/InCallScreen(  342): checkIfOkToInitiateOutgoingCall: ServiceState = 0
02-13 18:50:56.770 D/PhoneUtils(  342): pickPhoneBasedOnNumber: scheme tel, number 4864351, sipUri null
02-13 18:50:56.770 D/InCallScreen(  342): - got Phone instance: Handler{4057b620}, class = class com.android.internal.telephony.PhoneProxy
02-13 18:50:56.770 D/InCallScreen(  342): checkIfOkToInitiateOutgoingCall: ServiceState = 0
02-13 18:50:56.770 D/InCallScreen(  342): roamingStatus = 1
02-13 18:50:56.770 D/InCallScreen(  342): isDemesticRoamingChecked = true
02-13 18:50:56.770 D/InCallScreen(  342): isInternationalRoamingChecked = true
02-13 18:50:56.770 D/InCallScreen(  342): isToAskWhenCallInRoaming =false
02-13 18:50:56.770 D/PhoneUtils(  342): placeCall: '4864351'...
02-13 18:50:56.770 D/CallManager(  342):  dial(Handler{4057c160}, 4864351)
02-13 18:50:56.770 D/CallManager(  342): ########### Dump CallManager ############
02-13 18:50:56.770 D/CallManager(  342): CallManager state = IDLE
02-13 18:50:56.770 D/CallManager(  342):    - Foreground: IDLE from Handler{4057c160}
02-13 18:50:56.770 D/CallManager(  342):      Conn: []
02-13 18:50:56.770 D/CallManager(  342):    - Background: IDLE from Handler{4057c160}
02-13 18:50:56.770 D/CallManager(  342):      Conn: []
02-13 18:50:56.770 D/CallManager(  342):    - Ringing: IDLE from Handler{4057c160}
02-13 18:50:56.770 D/CallManager(  342):  Phone: Handler{4057c160}, name = CDMA, state = IDLE
02-13 18:50:56.770 D/CallManager(  342):    - Foreground: IDLE Background: IDLE Ringing: IDLE
02-13 18:50:56.770 D/CallManager(  342): ########## End Dump CallManager ##########
02-13 18:50:56.780 I/AudioService(  256):  AudioFocus  requestAudioFocus() from AudioFocus_For_Phone_Ring_And_Calls
02-13 18:50:56.790 D/DMC     (  467): OFFHOOK
02-13 18:50:56.790 D/KeyguardUpdateMonitor(  256): received broadcast android.intent.action.PHONE_STATE
02-13 18:50:56.790 D/KeyguardUpdateMonitor(  256): handlePhoneStateChanged(OFFHOOK)
02-13 18:50:56.790 I/VdmcBroadcastReceiver(  467): ACTION=android.intent.action.PHONE_STATE
02-13 18:50:56.790 I/vDM     (  467): Vdmc getInstance
02-13 18:50:56.790 I/vDM     (  467): Vdmc getInstance
02-13 18:50:56.800 D/CallManager(  342): End dial(Handler{4057c160}, 4864351)
02-13 18:50:56.800 D/CallManager(  342): ########### Dump CallManager ############
02-13 18:50:56.800 D/CallManager(  342): CallManager state = OFFHOOK
02-13 18:50:56.800 D/CallManager(  342):    - Foreground: DIALING from Handler{4057c160}
02-13 18:50:56.800 D/CallManager(  342):      Conn: [ incoming: false state: DIALING post dial state: NOT_STARTED]
02-13 18:50:56.800 D/CallManager(  342):    - Background: IDLE from Handler{4057c160}
02-13 18:50:56.800 D/CallManager(  342):      Conn: []
02-13 18:50:56.800 D/CallManager(  342):    - Ringing: IDLE from Handler{4057c160}
02-13 18:50:56.800 D/CallManager(  342):  Phone: Handler{4057c160}, name = CDMA, state = OFFHOOK
02-13 18:50:56.800 D/CallManager(  342):    - Foreground: DIALING Background: IDLE Ringing: IDLE
02-13 18:50:56.800 D/CallManager(  342): ########## End Dump CallManager ##########
02-13 18:50:56.800 D/PhoneUtils(  342): ===> phone.dial() returned:  incoming: false state: DIALING post dial state: NOT_STARTED
02-13 18:50:56.800 D/PhoneUtils(  342): setAudioMode()...OFFHOOK
02-13 18:50:56.800 D/AudioFlinger(  114): setMode(2)
02-13 18:50:56.800 E/AudioHardwareMSM7X30(  114): AudioStreamOutMSM72xx::setParameters() routing=1
02-13 18:50:56.800 E/AudioHardwareMSM7X30(  114): set output routing 1
02-13 18:50:56.800 E/AudioHardwareMSM7X30(  114): doAudioRouteOrMute() device 0, mMode 2, mMicMute 0
02-13 18:50:56.800 E/AudioHardwareMSM7X30(  114): do_route_audio_rpc(0, 0, 0)
02-13 18:50:56.800 E/AudioHardwareMSM7X30(  114): cur_rx = 0, DEV_ID(cur_rx)=0
02-13 18:50:56.800 E/AudioHardwareMSM7X30(  114): cur_tx = 9, DEV_ID(cur_tx)=12
02-13 18:50:56.800 D/AudioHardwareMSM7X30(  114): new_rx_device = 0, DEV_ID(new_rx_device)=0
02-13 18:50:56.800 D/AudioHardwareMSM7X30(  114): new_tx_device = 9, DEV_ID(new_tx_device)=12
02-13 18:50:56.800 D/AudioHardwareMSM7X30(  114): Starting voice on Rx 0 and Tx 12 device
02-13 18:50:56.800 D/AudioHardwareMSM7X30(  114): value of device and enable is 0 1 ALSA dev id:0
02-13 18:50:56.820 I/ContactAccessorSdk5(  404): mergeCursor.getCount = 76
02-13 18:50:56.820 I/ContactAccessorSdk5(  404): activity.myAdapter = com.android.contacts.smartdialer.contactsAdapter@405e6910
02-13 18:50:56.820 D/KeyguardViewMediator(  256): setHidden false
02-13 18:50:56.830 D/contactsAdapter(  404): fillView.counter:0
02-13 18:50:56.830 D/contactsAdapter(  404): fillView.position:0 calllogcounter=2
02-13 18:50:56.830 D/contactsAdapter(  404): OUTGOING_TYPE
02-13 18:50:56.830 I/contactsAdapter(  404): displayName = Home
02-13 18:50:56.830 I/contactsAdapter(  404): globPieceToButtonName = 4
02-13 18:50:56.830 I/contactsAdapter(  404): displayName = Home
02-13 18:50:56.830 I/contactsAdapter(  404): globPieceToButtonName = 46
02-13 18:50:56.830 I/contactsAdapter(  404): displayName = Home
02-13 18:50:56.830 I/contactsAdapter(  404): globPieceToButtonName = 466
02-13 18:50:56.830 I/contactsAdapter(  404): displayName = Home
02-13 18:50:56.830 I/contactsAdapter(  404): globPieceToButtonName = 4663
02-13 18:50:56.830 I/contactsAdapter(  404): !!!!!!!!contains(input2) 
02-13 18:50:56.840 D/contactsAdapter(  404): fillView.counter:1
02-13 18:50:56.840 D/contactsAdapter(  404): fillView.position:1 calllogcounter=2
02-13 18:50:56.840 D/contactsAdapter(  404): INCOMING_TYPE
02-13 18:50:56.840 I/contactsAdapter(  404): displayName = Chloe Kreeger
02-13 18:50:56.840 I/contactsAdapter(  404): globPieceToButtonName = 2
02-13 18:50:56.840 I/contactsAdapter(  404): displayName = Chloe Kreeger
02-13 18:50:56.840 I/contactsAdapter(  404): globPieceToButtonName = 24
02-13 18:50:56.840 I/contactsAdapter(  404): displayName = Chloe Kreeger
02-13 18:50:56.840 I/contactsAdapter(  404): globPieceToButtonName = 245
02-13 18:50:56.840 I/contactsAdapter(  404): displayName = Chloe Kreeger
02-13 18:50:56.840 I/contactsAdapter(  404): globPieceToButtonName = 2456
02-13 18:50:56.840 I/contactsAdapter(  404): displayName = Chloe Kreeger
02-13 18:50:56.840 I/contactsAdapter(  404): globPieceToButtonName = 24563
02-13 18:50:56.840 I/contactsAdapter(  404): displayName = Chloe Kreeger
02-13 18:50:56.840 I/contactsAdapter(  404): globPieceToButtonName = 24563 
02-13 18:50:56.840 I/contactsAdapter(  404): displayName = Chloe Kreeger
02-13 18:50:56.840 I/contactsAdapter(  404): globPieceToButtonName = 24563 5
02-13 18:50:56.840 I/contactsAdapter(  404): displayName = Chloe Kreeger
02-13 18:50:56.840 I/contactsAdapter(  404): globPieceToButtonName = 24563 57
02-13 18:50:56.840 I/contactsAdapter(  404): displayName = Chloe Kreeger
02-13 18:50:56.840 I/contactsAdapter(  404): globPieceToButtonName = 24563 573
02-13 18:50:56.840 I/contactsAdapter(  404): displayName = Chloe Kreeger
02-13 18:50:56.840 I/contactsAdapter(  404): globPieceToButtonName = 24563 5733
02-13 18:50:56.840 I/contactsAdapter(  404): displayName = Chloe Kreeger
02-13 18:50:56.840 I/contactsAdapter(  404): globPieceToButtonName = 24563 57334
02-13 18:50:56.840 I/contactsAdapter(  404): displayName = Chloe Kreeger
02-13 18:50:56.840 I/contactsAdapter(  404): globPieceToButtonName = 24563 573343
02-13 18:50:56.840 I/contactsAdapter(  404): displayName = Chloe Kreeger
02-13 18:50:56.850 I/contactsAdapter(  404): globPieceToButtonName = 24563 5733437
02-13 18:50:56.850 I/contactsAdapter(  404): !!!!!!!!contains(input2) 
02-13 18:50:56.870 D/AudioHardwareMSM7X30(  114): value of device and enable is 9 1 ALSA dev id:12
02-13 18:50:56.890 D/AudioHardwareMSM7X30(  114): Starting voice call and UnMuting the call
02-13 18:50:56.890 D/AudioHardwareMSM7X30(  114): updateDeviceInfo: E rx_device 0 and tx_device 9
02-13 18:50:56.890 D/AudioHardwareMSM7X30(  114): case VOICE_CALL
02-13 18:50:56.890 D/AudioHardwareMSM7X30(  114): updateDeviceInfo: X cur_rx 0 cur_tx 9
02-13 18:50:56.890 D/AudioHardwareMSM7X30(  114): setVoiceVolume(1.000000)
02-13 18:50:56.900 D/AudioHardwareMSM7X30(  114): setVoiceVolume(1.000000)
02-13 18:50:56.900 D/PhoneUtils(  342): activateSpeakerIfDocked()...
02-13 18:50:56.900 D/InCallScreen(  342): placeCall: PhoneUtils.placeCall() succeeded for regular call '4864351'.
02-13 18:50:56.900 D/PhoneApp(  342): updateProximitySensorMode: state = OFFHOOK
02-13 18:50:56.900 D/PhoneApp(  342): updateProximitySensorMode: acquiring...
02-13 18:50:56.900 D/PowerManagerService(  256): acquireWakeLock flags=0x20 tag=PhoneApp
02-13 18:50:56.910 D/InCallScreen(  342): onStart()...
