02-13 18:50:57.321 D/MobileDataStateTracker(  256): [supl]  MobileDataStateReceiver onReceive(): Entry.
02-13 18:50:57.321 D/MobileDataStateTracker(  256): [supl]  intent.getAction()= android.intent.action.ANY_DATA_STATE
02-13 18:50:57.321 D/MobileDataStateTracker(  256): [supl]  mEnabled = false
02-13 18:50:57.321 D/Phone   (  342): [PhoneNotifier] [DefaultPhoneNotifier] : dun, INET, DISCONNECTED
02-13 18:50:57.321 D/MobileDataStateTracker(  256): [supl]  apnTypeList = supl
02-13 18:50:57.321 D/MobileDataStateTracker(  256): [supl]  unavailable = false
02-13 18:50:57.321 D/MobileDataStateTracker(  256): [supl] Do not process intents if disabled.
02-13 18:50:57.321 D/MobileDataStateTracker(  256): [mms]  MobileDataStateReceiver onReceive(): Entry.
02-13 18:50:57.321 D/MobileDataStateTracker(  256): [mms]  intent.getAction()= android.intent.action.ANY_DATA_STATE
02-13 18:50:57.321 D/MobileDataStateTracker(  256): [mms]  mEnabled = false
02-13 18:50:57.321 D/MobileDataStateTracker(  256): [mms]  apnTypeList = supl
02-13 18:50:57.321 D/MobileDataStateTracker(  256): [mms]  unavailable = false
02-13 18:50:57.331 D/MobileDataStateTracker(  256): [mms] Do not process intents if disabled.
02-13 18:50:57.331 D/MobileDataStateTracker(  256): [default]  MobileDataStateReceiver onReceive(): Entry.
02-13 18:50:57.331 D/MobileDataStateTracker(  256): [default]  intent.getAction()= android.intent.action.ANY_DATA_STATE
02-13 18:50:57.331 D/MobileDataStateTracker(  256): [default]  mEnabled = true
02-13 18:50:57.331 D/MobileDataStateTracker(  256): [default]  apnTypeList = supl
02-13 18:50:57.331 D/MobileDataStateTracker(  256): [default]  unavailable = false
02-13 18:50:57.331 D/MobileDataStateTracker(  256): [default] not what we are looking for.
02-13 18:50:57.331 I/TelephonyRegistry(  256): notifyDataConnection: state=0 isDataConnectivityPossible=true reason=2GVoiceCallStarted interfaceName=null networkType=6 apnType=dun apn=null
02-13 18:50:57.331 I/TelephonyRegistry(  256): +++broadcastDataConnectionStateChanged
02-13 18:50:57.331 I/TelephonyRegistry(  256): +++sendStickyBroadcast
02-13 18:50:57.331 D/MobileDataStateTracker(  256): [hipri]  MobileDataStateReceiver onReceive(): Entry.
02-13 18:50:57.331 D/MobileDataStateTracker(  256): [hipri]  intent.getAction()= android.intent.action.ANY_DATA_STATE
02-13 18:50:57.331 D/MobileDataStateTracker(  256): [hipri]  mEnabled = false
02-13 18:50:57.341 D/MobileDataStateTracker(  256): [hipri]  apnTypeList = dun
02-13 18:50:57.341 D/MobileDataStateTracker(  256): [hipri]  unavailable = false
02-13 18:50:57.341 D/MobileDataStateTracker(  256): [hipri] Do not process intents if disabled.
02-13 18:50:57.341 D/MobileDataStateTracker(  256): [dun]  MobileDataStateReceiver onReceive(): Entry.
02-13 18:50:57.341 D/MobileDataStateTracker(  256): [dun]  intent.getAction()= android.intent.action.ANY_DATA_STATE
02-13 18:50:57.341 D/MobileDataStateTracker(  256): [dun]  mEnabled = false
02-13 18:50:57.341 D/MobileDataStateTracker(  256): [dun]  apnTypeList = dun
02-13 18:50:57.341 D/MobileDataStateTracker(  256): [dun]  unavailable = false
02-13 18:50:57.341 D/MobileDataStateTracker(  256): [dun] Do not process intents if disabled.
02-13 18:50:57.341 D/MobileDataStateTracker(  256): [supl]  MobileDataStateReceiver onReceive(): Entry.
02-13 18:50:57.341 D/MobileDataStateTracker(  256): [supl]  intent.getAction()= android.intent.action.ANY_DATA_STATE
02-13 18:50:57.341 D/MobileDataStateTracker(  256): [supl]  mEnabled = false
02-13 18:50:57.341 D/Phone   (  342): [PhoneNotifier] [DefaultPhoneNotifier] : dun, INET6, DISCONNECTED
02-13 18:50:57.351 D/MobileDataStateTracker(  256): [supl]  apnTypeList = dun
02-13 18:50:57.351 D/MobileDataStateTracker(  256): [supl]  unavailable = false
02-13 18:50:57.351 D/MobileDataStateTracker(  256): [supl] Do not process intents if disabled.
02-13 18:50:57.351 D/MobileDataStateTracker(  256): [mms]  MobileDataStateReceiver onReceive(): Entry.
02-13 18:50:57.351 D/MobileDataStateTracker(  256): [mms]  intent.getAction()= android.intent.action.ANY_DATA_STATE
02-13 18:50:57.351 D/MobileDataStateTracker(  256): [mms]  mEnabled = false
02-13 18:50:57.351 D/MobileDataStateTracker(  256): [mms]  apnTypeList = dun
02-13 18:50:57.351 D/MobileDataStateTracker(  256): [mms]  unavailable = false
02-13 18:50:57.351 D/MobileDataStateTracker(  256): [mms] Do not process intents if disabled.
02-13 18:50:57.351 D/MobileDataStateTracker(  256): [default]  MobileDataStateReceiver onReceive(): Entry.
02-13 18:50:57.351 D/MobileDataStateTracker(  256): [default]  intent.getAction()= android.intent.action.ANY_DATA_STATE
02-13 18:50:57.351 D/MobileDataStateTracker(  256): [default]  mEnabled = true
02-13 18:50:57.361 D/MobileDataStateTracker(  256): [default]  apnTypeList = dun
02-13 18:50:57.361 D/MobileDataStateTracker(  256): [default]  unavailable = false
02-13 18:50:57.361 D/MobileDataStateTracker(  256): [default] not what we are looking for.
02-13 18:50:57.361 I/TelephonyRegistry(  256): notifyDataConnection: state=0 isDataConnectivityPossible=true reason=2GVoiceCallStarted interfaceName=null networkType=6 apnType=dun apn=null
02-13 18:50:57.361 I/TelephonyRegistry(  256): +++broadcastDataConnectionStateChanged
02-13 18:50:57.361 I/TelephonyRegistry(  256): +++sendStickyBroadcast
02-13 18:50:57.361 D/MobileDataStateTracker(  256): [hipri]  MobileDataStateReceiver onReceive(): Entry.
02-13 18:50:57.361 D/MobileDataStateTracker(  256): [hipri]  intent.getAction()= android.intent.action.ANY_DATA_STATE
02-13 18:50:57.361 D/MobileDataStateTracker(  256): [hipri]  mEnabled = false
02-13 18:50:57.361 D/MobileDataStateTracker(  256): [hipri]  apnTypeList = dun
02-13 18:50:57.361 D/MobileDataStateTracker(  256): [hipri]  unavailable = false
02-13 18:50:57.361 D/MobileDataStateTracker(  256): [hipri] Do not process intents if disabled.
02-13 18:50:57.361 D/MobileDataStateTracker(  256): [dun]  MobileDataStateReceiver onReceive(): Entry.
02-13 18:50:57.361 D/MobileDataStateTracker(  256): [dun]  intent.getAction()= android.intent.action.ANY_DATA_STATE
02-13 18:50:57.361 D/MobileDataStateTracker(  256): [dun]  mEnabled = false
02-13 18:50:57.361 D/MobileDataStateTracker(  256): [dun]  apnTypeList = dun
02-13 18:50:57.361 D/MobileDataStateTracker(  256): [dun]  unavailable = false
02-13 18:50:57.361 D/MobileDataStateTracker(  256): [dun] Do not process intents if disabled.
02-13 18:50:57.361 D/MobileDataStateTracker(  256): [supl]  MobileDataStateReceiver onReceive(): Entry.
02-13 18:50:57.361 D/MobileDataStateTracker(  256): [supl]  intent.getAction()= android.intent.action.ANY_DATA_STATE
02-13 18:50:57.361 D/MobileDataStateTracker(  256): [supl]  mEnabled = false
02-13 18:50:57.371 D/MobileDataStateTracker(  256): [supl]  apnTypeList = dun
02-13 18:50:57.371 D/MobileDataStateTracker(  256): [supl]  unavailable = false
02-13 18:50:57.371 D/MobileDataStateTracker(  256): [supl] Do not process intents if disabled.
02-13 18:50:57.371 D/MobileDataStateTracker(  256): [mms]  MobileDataStateReceiver onReceive(): Entry.
02-13 18:50:57.371 D/MobileDataStateTracker(  256): [mms]  intent.getAction()= android.intent.action.ANY_DATA_STATE
02-13 18:50:57.371 D/MobileDataStateTracker(  256): [mms]  mEnabled = false
02-13 18:50:57.371 D/Phone   (  342): [PhoneNotifier] [DefaultPhoneNotifier] : hipri, INET, SUSPENDED
02-13 18:50:57.381 I/GTalkService(  377): [GTalkConnection.26] connectionClosed: connId=2002, error=NO NETWORK
02-13 18:50:57.381 D/MobileDataStateTracker(  256): [mms]  apnTypeList = dun
02-13 18:50:57.381 D/MobileDataStateTracker(  256): [mms]  unavailable = false
02-13 18:50:57.381 D/MobileDataStateTracker(  256): [mms] Do not process intents if disabled.
02-13 18:50:57.381 D/MobileDataStateTracker(  256): [default]  MobileDataStateReceiver onReceive(): Entry.
02-13 18:50:57.381 D/MobileDataStateTracker(  256): [default]  intent.getAction()= android.intent.action.ANY_DATA_STATE
02-13 18:50:57.381 D/MobileDataStateTracker(  256): [default]  mEnabled = true
02-13 18:50:57.381 D/MobileDataStateTracker(  256): [default]  apnTypeList = dun
02-13 18:50:57.381 D/MobileDataStateTracker(  256): [default]  unavailable = false
02-13 18:50:57.381 D/MobileDataStateTracker(  256): [default] not what we are looking for.
02-13 18:50:57.381 I/TelephonyRegistry(  256): notifyDataConnection: state=3 isDataConnectivityPossible=true reason=2GVoiceCallStarted interfaceName=rmnet0 networkType=6 apnType=hipri apn=null
02-13 18:50:57.381 I/TelephonyRegistry(  256): +++broadcastDataConnectionStateChanged
02-13 18:50:57.381 I/TelephonyRegistry(  256): +++sendStickyBroadcast
02-13 18:50:57.381 D/MobileDataStateTracker(  256): [hipri]  MobileDataStateReceiver onReceive(): Entry.
02-13 18:50:57.381 D/MobileDataStateTracker(  256): [hipri]  intent.getAction()= android.intent.action.ANY_DATA_STATE
02-13 18:50:57.381 D/MobileDataStateTracker(  256): [hipri]  mEnabled = false
02-13 18:50:57.391 D/MobileDataStateTracker(  256): [hipri]  apnTypeList = hipri
02-13 18:50:57.391 D/MobileDataStateTracker(  256): [hipri]  unavailable = false
02-13 18:50:57.391 D/MobileDataStateTracker(  256): [hipri] Do not process intents if disabled.
02-13 18:50:57.391 D/MobileDataStateTracker(  256): [dun]  MobileDataStateReceiver onReceive(): Entry.
02-13 18:50:57.391 D/MobileDataStateTracker(  256): [dun]  intent.getAction()= android.intent.action.ANY_DATA_STATE
02-13 18:50:57.391 D/MobileDataStateTracker(  256): [dun]  mEnabled = false
02-13 18:50:57.391 D/MobileDataStateTracker(  256): [dun]  apnTypeList = hipri
02-13 18:50:57.391 D/MobileDataStateTracker(  256): [dun]  unavailable = false
02-13 18:50:57.391 D/MobileDataStateTracker(  256): [dun] Do not process intents if disabled.
02-13 18:50:57.391 D/MobileDataStateTracker(  256): [supl]  MobileDataStateReceiver onReceive(): Entry.
02-13 18:50:57.391 D/MobileDataStateTracker(  256): [supl]  intent.getAction()= android.intent.action.ANY_DATA_STATE
02-13 18:50:57.391 D/MobileDataStateTracker(  256): [supl]  mEnabled = false
02-13 18:50:57.391 D/MobileDataStateTracker(  256): [supl]  apnTypeList = hipri
02-13 18:50:57.391 D/MobileDataStateTracker(  256): [supl]  unavailable = false
02-13 18:50:57.391 D/MobileDataStateTracker(  256): [supl] Do not process intents if disabled.
02-13 18:50:57.391 D/MobileDataStateTracker(  256): [mms]  MobileDataStateReceiver onReceive(): Entry.
02-13 18:50:57.391 D/MobileDataStateTracker(  256): [mms]  intent.getAction()= android.intent.action.ANY_DATA_STATE
02-13 18:50:57.391 D/MobileDataStateTracker(  256): [mms]  mEnabled = false
02-13 18:50:57.391 D/Phone   (  342): [PhoneNotifier] [DefaultPhoneNotifier] : hipri, INET6, DISCONNECTED
02-13 18:50:57.401 D/MobileDataStateTracker(  256): [mms]  apnTypeList = hipri
02-13 18:50:57.401 D/MobileDataStateTracker(  256): [mms]  unavailable = false
02-13 18:50:57.401 D/MobileDataStateTracker(  256): [mms] Do not process intents if disabled.
02-13 18:50:57.401 D/MobileDataStateTracker(  256): [default]  MobileDataStateReceiver onReceive(): Entry.
02-13 18:50:57.401 D/MobileDataStateTracker(  256): [default]  intent.getAction()= android.intent.action.ANY_DATA_STATE
02-13 18:50:57.401 D/MobileDataStateTracker(  256): [default]  mEnabled = true
02-13 18:50:57.401 D/MobileDataStateTracker(  256): [default]  apnTypeList = hipri
02-13 18:50:57.401 D/MobileDataStateTracker(  256): [default]  unavailable = false
02-13 18:50:57.401 D/MobileDataStateTracker(  256): [default] not what we are looking for.
02-13 18:50:57.401 I/TelephonyRegistry(  256): notifyDataConnection: state=0 isDataConnectivityPossible=true reason=2GVoiceCallStarted interfaceName=null networkType=6 apnType=hipri apn=null
02-13 18:50:57.401 I/TelephonyRegistry(  256): +++broadcastDataConnectionStateChanged
02-13 18:50:57.401 I/TelephonyRegistry(  256): +++sendStickyBroadcast
02-13 18:50:57.411 D/MobileDataStateTracker(  256): [hipri]  MobileDataStateReceiver onReceive(): Entry.
02-13 18:50:57.411 D/MobileDataStateTracker(  256): [hipri]  intent.getAction()= android.intent.action.ANY_DATA_STATE
02-13 18:50:57.411 D/MobileDataStateTracker(  256): [hipri]  mEnabled = false
02-13 18:50:57.411 D/MobileDataStateTracker(  256): [hipri]  apnTypeList = hipri
02-13 18:50:57.411 D/MobileDataStateTracker(  256): [hipri]  unavailable = false
02-13 18:50:57.411 D/MobileDataStateTracker(  256): [hipri] Do not process intents if disabled.
02-13 18:50:57.411 D/MobileDataStateTracker(  256): [dun]  MobileDataStateReceiver onReceive(): Entry.
02-13 18:50:57.411 D/MobileDataStateTracker(  256): [dun]  intent.getAction()= android.intent.action.ANY_DATA_STATE
02-13 18:50:57.411 D/MobileDataStateTracker(  256): [dun]  mEnabled = false
02-13 18:50:57.411 D/BT HS/HF(  342): updatePhoneState()
02-13 18:50:57.411 D/BT HS/HF(  342): Foreground call state : DIALING
02-13 18:50:57.411 D/BT HS/HF(  342): terminateVirtualVoiceCall: Received
02-13 18:50:57.411 D/BT HS/HF(  342): terminateVirtualVoiceCall: VirtualCall is not in progress
02-13 18:50:57.411 D/BT HS/HF(  342): audioOn()
02-13 18:50:57.411 D/BT HS/HF(  342): audioOn(): headset is not connected!
02-13 18:50:57.411 D/BT HS/HF(  342): Ringing call state : IDLE
02-13 18:50:57.411 D/BT HS/HF(  342): Background call state : IDLE
02-13 18:50:57.411 E/BT HS/HF(  342): prev mIsCdmaFirstConnectionHeld  is false
02-13 18:50:57.411 E/BT HS/HF(  342): current mIsCdmaFirstConnectionHeld is false
02-13 18:50:57.411 D/BT HS/HF(  342): CallSetup: 2
02-13 18:50:57.411 D/BT HS/HF(  342): Call: 0
02-13 18:50:57.411 D/BT HS/HF(  342): CallHeld: 0
02-13 18:50:57.411 D/CallNotifier(  342): handleMessage() Msg Type: 1
02-13 18:50:57.411 D/PhoneApp(  342): old phone type:2, New Phone type:2
02-13 18:50:57.411 D/CallNotifier(  342): onPhoneStateChanged: state = OFFHOOK
02-13 18:50:57.411 D/PhoneApp(  342): updateProximitySensorMode: state = OFFHOOK
02-13 18:50:57.411 D/MobileDataStateTracker(  256): [dun]  apnTypeList = hipri
02-13 18:50:57.411 D/MobileDataStateTracker(  256): [dun]  unavailable = false
02-13 18:50:57.411 D/MobileDataStateTracker(  256): [dun] Do not process intents if disabled.
02-13 18:50:57.411 D/MobileDataStateTracker(  256): [supl]  MobileDataStateReceiver onReceive(): Entry.
02-13 18:50:57.411 D/MobileDataStateTracker(  256): [supl]  intent.getAction()= android.intent.action.ANY_DATA_STATE
02-13 18:50:57.411 D/MobileDataStateTracker(  256): [supl]  mEnabled = false
02-13 18:50:57.411 D/MobileDataStateTracker(  256): [supl]  apnTypeList = hipri
02-13 18:50:57.411 D/MobileDataStateTracker(  256): [supl]  unavailable = false
02-13 18:50:57.411 D/MobileDataStateTracker(  256): [supl] Do not process intents if disabled.
02-13 18:50:57.411 D/MobileDataStateTracker(  256): [mms]  MobileDataStateReceiver onReceive(): Entry.
02-13 18:50:57.411 D/MobileDataStateTracker(  256): [mms]  intent.getAction()= android.intent.action.ANY_DATA_STATE
02-13 18:50:57.411 D/MobileDataStateTracker(  256): [mms]  mEnabled = false
02-13 18:50:57.421 D/PhoneApp(  342): updateProximitySensorMode: lock already held.
02-13 18:50:57.421 D/CallNotifier(  342): onPhoneStateChanged: OFF HOOK
02-13 18:50:57.421 D/PhoneUtils(  342): setAudioMode()...OFFHOOK
02-13 18:50:57.421 D/MobileDataStateTracker(  256): [mms]  apnTypeList = hipri
02-13 18:50:57.421 D/MobileDataStateTracker(  256): [mms]  unavailable = false
02-13 18:50:57.421 D/MobileDataStateTracker(  256): [mms] Do not process intents if disabled.
02-13 18:50:57.421 D/MobileDataStateTracker(  256): [default]  MobileDataStateReceiver onReceive(): Entry.
02-13 18:50:57.421 D/MobileDataStateTracker(  256): [default]  intent.getAction()= android.intent.action.ANY_DATA_STATE
02-13 18:50:57.421 D/MobileDataStateTracker(  256): [default]  mEnabled = true
02-13 18:50:57.421 D/MobileDataStateTracker(  256): [default]  apnTypeList = hipri
02-13 18:50:57.421 D/MobileDataStateTracker(  256): [default]  unavailable = false
02-13 18:50:57.421 D/MobileDataStateTracker(  256): [default] not what we are looking for.
02-13 18:50:57.421 D/PhoneUtils(  342): setAudioMode() no change: MODE_IN_CALL
02-13 18:50:57.421 D/CallNotifier(  342): stopRing()... (OFFHOOK state)
02-13 18:50:57.421 D/CallNotifier(  342): Reset Auto answer timeout
02-13 18:50:57.421 D/CallNotifier(  342): - updating notification for phone state change...
02-13 18:50:57.421 D/NotificationMgr(  342): updateInCallNotification()...
02-13 18:50:57.421 D/NotificationMgr(  342):   - hasRingingCall = false
02-13 18:50:57.421 D/NotificationMgr(  342):   - hasActiveCall = true
02-13 18:50:57.421 D/NotificationMgr(  342):   - hasHoldingCall = false
02-13 18:50:57.421 D/NotificationMgr(  342): updateInCallNotification: enhancedVoicePrivacy = false
02-13 18:50:57.421 D/NotificationMgr(  342): - Updating status bar icon: resId = 2130837684
02-13 18:50:57.421 D/PhoneApp(  342): createInCallIntent subscription:
02-13 18:50:57.421 D/NotificationMgr(  342): - Updating expanded view: line 1 'xxxxxxx'
02-13 18:50:57.421 D/PhoneUtils(  342): startGetCallerInfo: query already done, returning CallerInfo
02-13 18:50:57.421 D/PhoneUtils(  342): getCompactNameFromCallerInfo: info = CallerInfo { name non-null, phoneNumber non-null }
02-13 18:50:57.421 D/PhoneUtils(  342): getCompactNameFromCallerInfo: compactName=Jodi Smith
02-13 18:50:57.421 D/NotificationMgr(  342): - Updating expanded view: line 2 'xxxxxxx'
02-13 18:50:57.421 D/NotificationMgr(  342): - Setting fullScreenIntent: PendingIntent{406a7588: android.os.BinderProxy@4064c5e8}
02-13 18:50:57.421 D/NotificationMgr(  342): Notifying IN_CALL_NOTIFICATION: Notification(vibrate=null,sound=null,defaults=0x0,flags=0x2)
02-13 18:50:57.441 D/PicasaSyncManager(  667): active network: null
02-13 18:50:57.441 D/NotificationMgr(  342): updateSpeakerNotification: speaker OFF (or not offhook)
02-13 18:50:57.441 D/PhoneUtils(  342): audioManager.isMicrophoneMute: false
02-13 18:50:57.441 D/NotificationMgr(  342): updateMuteNotification: not muted (or not offhook)
02-13 18:50:57.441 D/PhoneUtils(  342): ConnectionHandler: updating mute state for each connection
02-13 18:50:57.441 D/PhoneUtils(  342): setMuteInternal: false
02-13 18:50:57.441 D/PhoneUtils(  342): setMuteInternal: falsephoneType = 2
02-13 18:50:57.441 D/PhoneUtils(  342): setMicrophoneMute: false
02-13 18:50:57.441 D/PhoneUtils(  342): audioManager.isMicrophoneMute: false
02-13 18:50:57.441 D/NotificationMgr(  342): updateMuteNotification: not muted (or not offhook)
02-13 18:50:57.441 D/InCallScreen(  342): onPhoneStateChanged()...
02-13 18:50:57.441 D/InCallScreen(  342): updateScreen()...
02-13 18:50:57.441 D/InCallScreen(  342): - updateScreen: updating the in-call UI...
02-13 18:50:57.451 D/CallCard(  342): updateState(########### Dump CallManager ############
02-13 18:50:57.451 D/CallCard(  342): CallManager state = OFFHOOK
02-13 18:50:57.451 D/CallCard(  342):    - Foreground: DIALING from Handler{4057c160}
02-13 18:50:57.451 D/CallCard(  342):      Conn: [ incoming: false state: DIALING post dial state: NOT_STARTED]
02-13 18:50:57.451 D/CallCard(  342):    - Background: IDLE from Handler{4057c160}
02-13 18:50:57.451 D/CallCard(  342):      Conn: []
02-13 18:50:57.451 D/CallCard(  342):    - Ringing: IDLE from Handler{4057c160}
02-13 18:50:57.451 D/CallCard(  342):  Phone: Handler{4057c160}, name = CDMA, state = OFFHOOK
02-13 18:50:57.451 D/CallCard(  342):    - Foreground: DIALING Background: IDLE Ringing: IDLE
02-13 18:50:57.451 D/CallCard(  342): ########## End Dump CallManager ##########)...
02-13 18:50:57.451 D/CallCard(  342): updateForegroundCall()...
02-13 18:50:57.451 D/CallCard(  342): displayMainCallStatus(call DIALING)...
02-13 18:50:57.451 D/CallCard(  342):   - call.state: DIALING
02-13 18:50:57.451 D/CallCard(  342): updateCardTitleWidgets(call DIALING)...
02-13 18:50:57.451 D/CallCard(  342): - getTitleForCallCard(Call DIALING)...
02-13 18:50:57.451 D/CallCard(  342):   ==> result: Dialing
02-13 18:50:57.451 D/CallCard(  342): updateCardTitleWidgets: Dialing
02-13 18:50:57.451 D/InCallScreen(  342): getUpdatedInCallControlState()...
02-13 18:50:57.451 D/PhoneUtils(  342): isEmergencyCall()...
02-13 18:50:57.451 D/PhoneUtils(  342): (add_call,fgCallState == Call.State.ACTIVE) = false
02-13 18:50:57.451 D/PhoneUtils(  342): (add_call,app.cdmaPhoneCallState.getAddCallMenuStateAfterCallWaiting() = true
02-13 18:50:57.451 D/InCallScreen(  342): isBluetoothAvailable()...
02-13 18:50:57.451 D/InCallScreen(  342):   - headset state = 0
02-13 18:50:57.451 D/InCallScreen(  342):   - headset address: null
02-13 18:50:57.451 D/InCallScreen(  342):   ==> false
02-13 18:50:57.451 D/PhoneUtils(  342): audioManager.isMicrophoneMute: false
02-13 18:50:57.451 D/InCallScreen(  342): [okToDialDTMFTones] foreground state: DIALING, ringing state: false, call screen mode: NORMAL, result: false
02-13 18:50:57.451 D/InCallControlState(  342): InCallControlState:
02-13 18:50:57.451 D/InCallControlState(  342):   manageConferenceVisible: false
02-13 18:50:57.451 D/InCallControlState(  342):   manageConferenceEnabled: false
02-13 18:50:57.451 D/InCallControlState(  342):   canAddCall: false
02-13 18:50:57.451 D/InCallControlState(  342):   canSwap: false
02-13 18:50:57.451 D/InCallControlState(  342):   canMerge: false
02-13 18:50:57.451 D/InCallControlState(  342):   bluetoothEnabled: false
02-13 18:50:57.451 D/InCallControlState(  342):   bluetoothIndicatorOn: false
02-13 18:50:57.451 D/InCallControlState(  342):   speakerEnabled: true
02-13 18:50:57.461 D/InCallControlState(  342):   speakerOn: false
02-13 18:50:57.461 D/InCallControlState(  342):   canMute: false
02-13 18:50:57.461 D/InCallControlState(  342):   muteIndicatorOn: false
02-13 18:50:57.461 D/InCallControlState(  342):   dialpadEnabled: false
02-13 18:50:57.461 D/InCallControlState(  342):   dialpadVisible: false
02-13 18:50:57.461 D/InCallControlState(  342):   onHold: false
02-13 18:50:57.461 D/InCallControlState(  342):   canHold: false
02-13 18:50:57.461 D/CallCard(  342): yangliu,getCurrentCallState: SINGLE_ACTIVE
02-13 18:50:57.461 D/CallCard(  342): yangliu,inCallControlState.onHold: false
02-13 18:50:57.461 D/CallCard(  342):   - CONN:  incoming: false state: DIALING post dial state: NOT_STARTED, state = DIALING
02-13 18:50:57.461 D/CallCard(  342): - displayMainCallStatus: updatedNumber = 4864351
02-13 18:50:57.461 D/CallCard(  342): - displayMainCallStatus: starting CallerInfo query...
02-13 18:50:57.461 D/PhoneUtils(  342): startGetCallerInfo: query already done, returning CallerInfo
02-13 18:50:57.461 D/CallCard(  342): updateDisplayForPerson(CallerInfo { name non-null, phoneNumber non-null })
02-13 18:50:57.461 D/CallCard(  342): presentation:1 isTemporary:false
02-13 18:50:57.461 D/CallCard(  342): - got personUri: 'content://com.android.contacts/contacts/179', based on info.person_id: 179
02-13 18:50:57.461 D/CallCard(  342): updatePhotoForCallState(DIALING)...
02-13 18:50:57.461 D/CallCard(  342): yangliu_sprint,updatePhotoForCallState,isEarliestConnHold = false
02-13 18:50:57.461 D/CallCard(  342): displayOnHoldCallStatus(call =IDLE)...
02-13 18:50:57.461 D/PhoneApp(  342): - isOtaCallInActiveState false
02-13 18:50:57.461 D/InCallScreen(  342): [okToDialDTMFTones] foreground state: DIALING, ringing state: false, call screen mode: NORMAL, result: false
02-13 18:50:57.461 D/InCallScreen(  342): isBluetoothAudioConnected: ==> isAudioOn = false
02-13 18:50:57.461 D/InCallScreen(  342): getUpdatedInCallControlState()...
02-13 18:50:57.461 D/PhoneUtils(  342): isEmergencyCall()...
02-13 18:50:57.461 D/PhoneUtils(  342): (add_call,fgCallState == Call.State.ACTIVE) = false
02-13 18:50:57.461 D/PhoneUtils(  342): (add_call,app.cdmaPhoneCallState.getAddCallMenuStateAfterCallWaiting() = true
02-13 18:50:57.461 D/InCallScreen(  342): isBluetoothAvailable()...
02-13 18:50:57.461 D/KeyguardViewMediator(  256): setHidden false
02-13 18:50:57.471 D/InCallScreen(  342):   - headset state = 0
02-13 18:50:57.471 D/InCallScreen(  342):   - headset address: null
02-13 18:50:57.471 D/InCallScreen(  342):   ==> false
02-13 18:50:57.471 I/ContactsProvider(  404): query: content://com.android.contacts/contacts/179/photo
02-13 18:50:57.471 E/ContactsProvider(  404): 101123 isCallerRegisterNeedSIMProc callerPid:342, acorePid:404
02-13 18:50:57.471 I/ContactsProvider(  404): query isCallerRegistered= true
02-13 18:50:57.471 I/ContactsProvider(  404): query forOnlyOneContactString= 0
02-13 18:50:57.471 D/PhoneUtils(  342): audioManager.isMicrophoneMute: false
02-13 18:50:57.481 D/InCallScreen(  342): [okToDialDTMFTones] foreground state: DIALING, ringing state: false, call screen mode: NORMAL, result: false
02-13 18:50:57.481 D/InCallControlState(  342): InCallControlState:
02-13 18:50:57.481 D/InCallControlState(  342):   manageConferenceVisible: false
02-13 18:50:57.481 D/InCallControlState(  342):   manageConferenceEnabled: false
02-13 18:50:57.481 D/InCallControlState(  342):   canAddCall: false
02-13 18:50:57.481 D/InCallControlState(  342):   canSwap: false
02-13 18:50:57.481 D/InCallControlState(  342):   canMerge: false
02-13 18:50:57.481 D/InCallControlState(  342):   bluetoothEnabled: false
02-13 18:50:57.481 D/InCallControlState(  342):   bluetoothIndicatorOn: false
02-13 18:50:57.481 D/InCallControlState(  342):   speakerEnabled: true
02-13 18:50:57.481 D/InCallControlState(  342):   speakerOn: false
02-13 18:50:57.481 D/InCallControlState(  342):   canMute: false
02-13 18:50:57.481 D/InCallControlState(  342):   muteIndicatorOn: false
02-13 18:50:57.481 D/InCallControlState(  342):   dialpadEnabled: false
02-13 18:50:57.481 D/InCallControlState(  342):   dialpadVisible: false
02-13 18:50:57.481 D/InCallControlState(  342):   onHold: false
02-13 18:50:57.481 D/InCallControlState(  342):   canHold: false
02-13 18:50:57.481 D/InCallScreen(  342): updateProviderOverlay: false
02-13 18:50:57.481 D/InCallScreen(  342): updateMenuButtonHint()...
02-13 18:50:57.481 D/KeyguardViewMediator(  256): setHidden false
02-13 18:50:57.491 D/PicasaSyncManager(  667): background data: true
02-13 18:50:57.491 D/PhoneApp(  342): updateWakeState: callscreen true, dialer false, speaker false...
02-13 18:50:57.491 D/PhoneApp(  342): setScreenTimeout(MEDIUM)...
02-13 18:50:57.491 D/PhoneApp(  342): updateWakeState: keepScreenOn = true (isRinging false, isDialing true, showingDisc false)
02-13 18:50:57.491 D/PhoneApp(  342): requestWakeState(FULL)...
02-13 18:50:57.491 D/CallManager(  342):  handleMessage (EVENT_IN_CALL_VOICE_PRIVACY_OFF)
02-13 18:50:57.491 D/CallManager(  342):  handleMessage (EVENT_IN_CALL_VOICE_PRIVACY_OFF)
02-13 18:50:57.491 D/BT HS/HF(  342): updatePhoneState()
02-13 18:50:57.491 D/BT HS/HF(  342): Foreground call state : DIALING
02-13 18:50:57.491 D/BT HS/HF(  342): terminateVirtualVoiceCall: Received
02-13 18:50:57.491 D/BT HS/HF(  342): terminateVirtualVoiceCall: VirtualCall is not in progress
02-13 18:50:57.491 D/BT HS/HF(  342): audioOn()
02-13 18:50:57.491 D/BT HS/HF(  342): audioOn(): headset is not connected!
02-13 18:50:57.491 D/BT HS/HF(  342): Ringing call state : IDLE
02-13 18:50:57.491 D/BT HS/HF(  342): Background call state : IDLE
02-13 18:50:57.491 E/BT HS/HF(  342): prev mIsCdmaFirstConnectionHeld  is false
02-13 18:50:57.491 E/BT HS/HF(  342): current mIsCdmaFirstConnectionHeld is false
02-13 18:50:57.491 D/BT HS/HF(  342): CallSetup: 2
02-13 18:50:57.491 D/BT HS/HF(  342): Call: 0
02-13 18:50:57.491 D/BT HS/HF(  342): CallHeld: 0
02-13 18:50:57.491 D/CallNotifier(  342): handleMessage() Msg Type: 1
02-13 18:50:57.491 D/PhoneApp(  342): old phone type:2, New Phone type:2
02-13 18:50:57.491 D/CallNotifier(  342): onPhoneStateChanged: state = OFFHOOK
02-13 18:50:57.491 D/PhoneApp(  342): updateProximitySensorMode: state = OFFHOOK
02-13 18:50:57.501 D/PhoneApp(  342): updateProximitySensorMode: lock already held.
02-13 18:50:57.501 D/CallNotifier(  342): onPhoneStateChanged: OFF HOOK
02-13 18:50:57.501 D/PhoneUtils(  342): setAudioMode()...OFFHOOK
02-13 18:50:57.501 D/PhoneUtils(  342): setAudioMode() no change: MODE_IN_CALL
02-13 18:50:57.501 D/CallNotifier(  342): stopRing()... (OFFHOOK state)
02-13 18:50:57.501 D/CallNotifier(  342): Reset Auto answer timeout
02-13 18:50:57.501 D/CallNotifier(  342): - updating notification for phone state change...
02-13 18:50:57.501 D/NotificationMgr(  342): updateInCallNotification()...
02-13 18:50:57.501 D/NotificationMgr(  342):   - hasRingingCall = false
02-13 18:50:57.501 D/NotificationMgr(  342):   - hasActiveCall = true
02-13 18:50:57.501 D/NotificationMgr(  342):   - hasHoldingCall = false
02-13 18:50:57.501 D/NotificationMgr(  342): updateInCallNotification: enhancedVoicePrivacy = false
02-13 18:50:57.501 D/NotificationMgr(  342): - Updating status bar icon: resId = 2130837684
02-13 18:50:57.501 D/PhoneApp(  342): createInCallIntent subscription:
02-13 18:50:57.501 D/NotificationMgr(  342): - Updating expanded view: line 1 'xxxxxxx'
02-13 18:50:57.501 D/PhoneUtils(  342): startGetCallerInfo: query already done, returning CallerInfo
02-13 18:50:57.501 D/PhoneUtils(  342): getCompactNameFromCallerInfo: info = CallerInfo { name non-null, phoneNumber non-null }
02-13 18:50:57.501 D/PhoneUtils(  342): getCompactNameFromCallerInfo: compactName=Jodi Smith
02-13 18:50:57.501 D/NotificationMgr(  342): - Updating expanded view: line 2 'xxxxxxx'
02-13 18:50:57.511 D/NotificationMgr(  342): - Setting fullScreenIntent: PendingIntent{40728020: android.os.BinderProxy@4064c5e8}
02-13 18:50:57.511 D/NotificationMgr(  342): Notifying IN_CALL_NOTIFICATION: Notification(vibrate=null,sound=null,defaults=0x0,flags=0x2)
02-13 18:50:57.511 D/NotificationMgr(  342): updateSpeakerNotification: speaker OFF (or not offhook)
02-13 18:50:57.511 D/PhoneUtils(  342): audioManager.isMicrophoneMute: false
02-13 18:50:57.511 D/NotificationMgr(  342): updateMuteNotification: not muted (or not offhook)
02-13 18:50:57.511 D/PhoneUtils(  342): ConnectionHandler: updating mute state for each connection
02-13 18:50:57.511 D/PhoneUtils(  342): setMuteInternal: false
02-13 18:50:57.511 D/PhoneUtils(  342): setMuteInternal: falsephoneType = 2
02-13 18:50:57.511 D/PhoneUtils(  342): setMicrophoneMute: false
02-13 18:50:57.511 D/PhoneUtils(  342): audioManager.isMicrophoneMute: false
02-13 18:50:57.511 D/NotificationMgr(  342): updateMuteNotification: not muted (or not offhook)
02-13 18:50:57.511 D/InCallScreen(  342): onPhoneStateChanged()...
02-13 18:50:57.511 D/InCallScreen(  342): updateScreen()...
02-13 18:50:57.511 D/InCallScreen(  342): - updateScreen: updating the in-call UI...
02-13 18:50:57.521 D/CallCard(  342): updateState(########### Dump CallManager ############
02-13 18:50:57.521 D/CallCard(  342): CallManager state = OFFHOOK
02-13 18:50:57.521 D/CallCard(  342):    - Foreground: DIALING from Handler{4057c160}
02-13 18:50:57.521 D/CallCard(  342):      Conn: [ incoming: false state: DIALING post dial state: NOT_STARTED]
02-13 18:50:57.521 D/CallCard(  342):    - Background: IDLE from Handler{4057c160}
02-13 18:50:57.521 D/CallCard(  342):      Conn: []
02-13 18:50:57.521 D/CallCard(  342):    - Ringing: IDLE from Handler{4057c160}
02-13 18:50:57.521 D/CallCard(  342):  Phone: Handler{4057c160}, name = CDMA, state = OFFHOOK
02-13 18:50:57.521 D/CallCard(  342):    - Foreground: DIALING Background: IDLE Ringing: IDLE
02-13 18:50:57.521 D/CallCard(  342): ########## End Dump CallManager ##########)...
02-13 18:50:57.521 D/CallCard(  342): updateForegroundCall()...
02-13 18:50:57.521 D/CallCard(  342): displayMainCallStatus(call DIALING)...
02-13 18:50:57.521 D/CallCard(  342):   - call.state: DIALING
02-13 18:50:57.521 D/CallCard(  342): updateCardTitleWidgets(call DIALING)...
02-13 18:50:57.521 D/CallCard(  342): - getTitleForCallCard(Call DIALING)...
02-13 18:50:57.521 D/CallCard(  342):   ==> result: Dialing
02-13 18:50:57.521 D/CallCard(  342): updateCardTitleWidgets: Dialing
02-13 18:50:57.521 D/InCallScreen(  342): getUpdatedInCallControlState()...
02-13 18:50:57.521 D/PhoneUtils(  342): isEmergencyCall()...
02-13 18:50:57.521 D/PhoneUtils(  342): (add_call,fgCallState == Call.State.ACTIVE) = false
02-13 18:50:57.521 D/PhoneUtils(  342): (add_call,app.cdmaPhoneCallState.getAddCallMenuStateAfterCallWaiting() = true
02-13 18:50:57.521 D/InCallScreen(  342): isBluetoothAvailable()...
02-13 18:50:57.521 D/InCallScreen(  342):   - headset state = 0
02-13 18:50:57.521 D/InCallScreen(  342):   - headset address: null
02-13 18:50:57.521 D/InCallScreen(  342):   ==> false
02-13 18:50:57.521 D/PhoneUtils(  342): audioManager.isMicrophoneMute: false
02-13 18:50:57.521 D/InCallScreen(  342): [okToDialDTMFTones] foreground state: DIALING, ringing state: false, call screen mode: NORMAL, result: false
02-13 18:50:57.521 D/InCallControlState(  342): InCallControlState:
02-13 18:50:57.521 D/InCallControlState(  342):   manageConferenceVisible: false
02-13 18:50:57.521 D/InCallControlState(  342):   manageConferenceEnabled: false
02-13 18:50:57.521 D/InCallControlState(  342):   canAddCall: false
02-13 18:50:57.521 D/InCallControlState(  342):   canSwap: false
02-13 18:50:57.521 D/InCallControlState(  342):   canMerge: false
02-13 18:50:57.521 D/InCallControlState(  342):   bluetoothEnabled: false
02-13 18:50:57.521 D/InCallControlState(  342):   bluetoothIndicatorOn: false
02-13 18:50:57.521 D/InCallControlState(  342):   speakerEnabled: true
02-13 18:50:57.521 D/InCallControlState(  342):   speakerOn: false
02-13 18:50:57.521 D/InCallControlState(  342):   canMute: false
02-13 18:50:57.521 D/InCallControlState(  342):   muteIndicatorOn: false
02-13 18:50:57.521 D/InCallControlState(  342):   dialpadEnabled: false
02-13 18:50:57.521 D/InCallControlState(  342):   dialpadVisible: false
02-13 18:50:57.521 D/InCallControlState(  342):   onHold: false
02-13 18:50:57.521 D/InCallControlState(  342):   canHold: false
02-13 18:50:57.521 D/CallCard(  342): yangliu,getCurrentCallState: SINGLE_ACTIVE
02-13 18:50:57.521 D/CallCard(  342): yangliu,inCallControlState.onHold: false
02-13 18:50:57.521 D/CallCard(  342):   - CONN:  incoming: false state: DIALING post dial state: NOT_STARTED, state = DIALING
02-13 18:50:57.521 D/CallCard(  342): - displayMainCallStatus: updatedNumber = 4864351
02-13 18:50:57.521 D/CallCard(  342): - displayMainCallStatus: starting CallerInfo query...
02-13 18:50:57.521 D/PhoneUtils(  342): startGetCallerInfo: query already done, returning CallerInfo
02-13 18:50:57.521 D/CallCard(  342): updateDisplayForPerson(CallerInfo { name non-null, phoneNumber non-null })
02-13 18:50:57.521 D/CallCard(  342): presentation:1 isTemporary:false
02-13 18:50:57.521 D/CallCard(  342): - got personUri: 'content://com.android.contacts/contacts/179', based on info.person_id: 179
02-13 18:50:57.521 I/ContactsProvider(  404): query: content://com.android.contacts/contacts/179/photo
02-13 18:50:57.521 E/ContactsProvider(  404): 101123 isCallerRegisterNeedSIMProc callerPid:342, acorePid:404
02-13 18:50:57.521 I/ContactsProvider(  404): query isCallerRegistered= true
02-13 18:50:57.521 I/ContactsProvider(  404): query forOnlyOneContactString= 0
02-13 18:50:57.541 D/CallCard(  342): updatePhotoForCallState(DIALING)...
02-13 18:50:57.541 D/CallCard(  342): yangliu_sprint,updatePhotoForCallState,isEarliestConnHold = false
02-13 18:50:57.541 D/CallCard(  342): displayOnHoldCallStatus(call =IDLE)...
02-13 18:50:57.541 D/PhoneApp(  342): - isOtaCallInActiveState false
02-13 18:50:57.541 D/InCallScreen(  342): [okToDialDTMFTones] foreground state: DIALING, ringing state: false, call screen mode: NORMAL, result: false
02-13 18:50:57.541 D/InCallScreen(  342): isBluetoothAudioConnected: ==> isAudioOn = false
02-13 18:50:57.541 D/InCallScreen(  342): getUpdatedInCallControlState()...
02-13 18:50:57.541 D/PhoneUtils(  342): isEmergencyCall()...
02-13 18:50:57.541 D/PhoneUtils(  342): (add_call,fgCallState == Call.State.ACTIVE) = false
02-13 18:50:57.541 D/PhoneUtils(  342): (add_call,app.cdmaPhoneCallState.getAddCallMenuStateAfterCallWaiting() = true
02-13 18:50:57.541 D/InCallScreen(  342): isBluetoothAvailable()...
02-13 18:50:57.541 D/KeyguardViewMediator(  256): setHidden false
02-13 18:50:57.551 D/InCallScreen(  342):   - headset state = 0
02-13 18:50:57.551 D/InCallScreen(  342):   - headset address: null
02-13 18:50:57.551 D/InCallScreen(  342):   ==> false
02-13 18:50:57.551 D/PhoneUtils(  342): audioManager.isMicrophoneMute: false
02-13 18:50:57.551 D/KeyguardViewMediator(  256): setHidden false
02-13 18:50:57.551 D/InCallScreen(  342): [okToDialDTMFTones] foreground state: DIALING, ringing state: false, call screen mode: NORMAL, result: false
02-13 18:50:57.551 D/InCallControlState(  342): InCallControlState:
02-13 18:50:57.551 D/InCallControlState(  342):   manageConferenceVisible: false
02-13 18:50:57.551 D/InCallControlState(  342):   manageConferenceEnabled: false
02-13 18:50:57.551 D/InCallControlState(  342):   canAddCall: false
02-13 18:50:57.551 D/InCallControlState(  342):   canSwap: false
02-13 18:50:57.551 D/InCallControlState(  342):   canMerge: false
02-13 18:50:57.551 D/InCallControlState(  342):   bluetoothEnabled: false
02-13 18:50:57.551 D/InCallControlState(  342):   bluetoothIndicatorOn: false
02-13 18:50:57.551 D/InCallControlState(  342):   speakerEnabled: true
02-13 18:50:57.551 D/InCallControlState(  342):   speakerOn: false
02-13 18:50:57.551 D/InCallControlState(  342):   canMute: false
02-13 18:50:57.551 D/InCallControlState(  342):   muteIndicatorOn: false
02-13 18:50:57.551 D/InCallControlState(  342):   dialpadEnabled: false
02-13 18:50:57.551 D/InCallControlState(  342):   dialpadVisible: false
02-13 18:50:57.551 D/InCallControlState(  342):   onHold: false
02-13 18:50:57.551 D/InCallControlState(  342):   canHold: false
02-13 18:50:57.551 D/InCallScreen(  342): updateProviderOverlay: false
02-13 18:50:57.551 D/InCallScreen(  342): updateMenuButtonHint()...
02-13 18:50:57.561 D/PhoneApp(  342): updateWakeState: callscreen true, dialer false, speaker false...
02-13 18:50:57.561 D/PhoneApp(  342): setScreenTimeout(MEDIUM)...
02-13 18:50:57.561 D/PhoneApp(  342): updateWakeState: keepScreenOn = true (isRinging false, isDialing true, showingDisc false)
02-13 18:50:57.561 D/PhoneApp(  342): requestWakeState(FULL)...
02-13 18:50:57.561 D/CallerInfoAsyncQuery(  342): ##### onQueryComplete() #####   query complete for token: -1
02-13 18:50:57.561 D/CallCard(  342): updatePhotoForCallState(DIALING)...
02-13 18:50:57.561 D/CallCard(  342): yangliu_sprint,updatePhotoForCallState,isEarliestConnHold = false
02-13 18:50:57.581 D/KeyguardViewMediator(  256): setHidden false
02-13 18:50:57.611 D/InCallScreen(  342): onPause()...
02-13 18:50:57.611 D/InCallScreen(  342): updateProviderOverlay: false
02-13 18:50:57.611 D/PhoneApp(  342): updateProximitySensorMode: state = OFFHOOK
02-13 18:50:57.611 D/PhoneApp(  342): updateProximitySensorMode: lock already held.
02-13 18:50:57.611 D/ToneGenerator(  342): stopTone
02-13 18:50:57.611 D/AudioTrack(  342): stop 0x3aaaf0
02-13 18:50:57.611 D/InCallScreen(  342): dismissMenu(immediate = true)...
02-13 18:50:57.611 D/InCallScreen(  342): dismissAllDialogs()...
02-13 18:50:57.611 D/NotificationMgr(  342): updating status bar state: 4
02-13 18:50:57.611 D/AudioFlinger(  114): remove track (4098) and delete from mixer
02-13 18:50:57.611 D/PhoneApp(  342): re-enable status bar
02-13 18:50:57.611 D/PhoneApp(  342): StatusBarManager.DISABLE_NONE
02-13 18:50:57.611 D/PhoneApp(  342): updateWakeState: callscreen false, dialer false, speaker false...
02-13 18:50:57.611 D/PhoneApp(  342): setScreenTimeout(DEFAULT)...
02-13 18:50:57.611 D/PhoneApp(  342): updateWakeState: keepScreenOn = true (isRinging false, isDialing true, showingDisc false)
02-13 18:50:57.611 D/PhoneApp(  342): requestWakeState(FULL)...
02-13 18:50:57.611 D/InCallScreen(  342): onNewIntent: intent=Intent { act=android.intent.action.MAIN flg=0x10840000 cmp=com.android.phone/.InCallScreen (has extras) }
02-13 18:50:57.611 D/InCallScreen(  342): checkIsOtaCall...
02-13 18:50:57.611 D/InCallScreen(  342): checkIsOtaCall action ACTION_MAIN
02-13 18:50:57.611 D/InCallScreen(  342): checkIsOtaCall: isOtaCall =false
02-13 18:50:57.611 D/InCallScreen(  342): internalResolveIntent: action=android.intent.action.MAIN
02-13 18:50:57.611 D/InCallScreen(  342): onResume()...
02-13 18:50:57.611 D/PhoneApp(  342): disable status bar
02-13 18:50:57.611 D/PhoneApp(  342): StatusBarManager.DISABLE_EXPAND
02-13 18:50:57.621 D/PhoneApp(  342): setIgnoreTouchUserActivity(true)...
02-13 18:50:57.621 D/NotificationMgr(  342): updating status bar state: 5
02-13 18:50:57.621 D/AudioTrack(  342): Request AudioFlinger to create track
02-13 18:50:57.621 D/AudioFlinger(  114): createTrack() lSessionId: 22
02-13 18:50:57.621 D/AudioFlinger(  114): Track constructor name 4098, calling thread 342
02-13 18:50:57.621 D/InCallScreen(  342): - onResume: initial status = SUCCESS
02-13 18:50:57.621 D/InCallScreen(  342): isBluetoothAudioConnected: ==> isAudioOn = false
02-13 18:50:57.621 D/InCallScreen(  342): checkIsOtaCall...
02-13 18:50:57.621 D/InCallScreen(  342): checkIsOtaCall action ACTION_MAIN
02-13 18:50:57.621 D/InCallScreen(  342): checkIsOtaCall: isOtaCall =false
02-13 18:50:57.621 D/InCallScreen(  342): setInCallScreenMode: NORMAL
02-13 18:50:57.621 D/InCallScreen(  342): [okToDialDTMFTones] foreground state: DIALING, ringing state: false, call screen mode: NORMAL, result: false
02-13 18:50:57.621 D/InCallScreen(  342): isBluetoothAudioConnected: ==> isAudioOn = false
02-13 18:50:57.631 D/InCallScreen(  342): getUpdatedInCallControlState()...
02-13 18:50:57.631 D/PhoneUtils(  342): isEmergencyCall()...
02-13 18:50:57.631 D/PhoneUtils(  342): (add_call,fgCallState == Call.State.ACTIVE) = false
02-13 18:50:57.631 D/PhoneUtils(  342): (add_call,app.cdmaPhoneCallState.getAddCallMenuStateAfterCallWaiting() = true
02-13 18:50:57.631 D/InCallScreen(  342): isBluetoothAvailable()...
02-13 18:50:57.631 D/InCallScreen(  342):   - headset state = 0
02-13 18:50:57.631 D/InCallScreen(  342):   - headset address: null
02-13 18:50:57.631 D/InCallScreen(  342):   ==> false
02-13 18:50:57.631 D/PhoneUtils(  342): audioManager.isMicrophoneMute: false
02-13 18:50:57.631 D/InCallScreen(  342): [okToDialDTMFTones] foreground state: DIALING, ringing state: false, call screen mode: NORMAL, result: false
02-13 18:50:57.631 D/InCallControlState(  342): InCallControlState:
02-13 18:50:57.631 D/InCallControlState(  342):   manageConferenceVisible: false
02-13 18:50:57.631 D/InCallControlState(  342):   manageConferenceEnabled: false
02-13 18:50:57.631 D/InCallControlState(  342):   canAddCall: false
02-13 18:50:57.631 D/InCallControlState(  342):   canSwap: false
02-13 18:50:57.631 D/InCallControlState(  342):   canMerge: false
02-13 18:50:57.631 D/InCallControlState(  342):   bluetoothEnabled: false
02-13 18:50:57.631 D/InCallControlState(  342):   bluetoothIndicatorOn: false
02-13 18:50:57.631 D/InCallControlState(  342):   speakerEnabled: true
02-13 18:50:57.631 D/InCallControlState(  342):   speakerOn: false
02-13 18:50:57.631 D/InCallControlState(  342):   canMute: false
02-13 18:50:57.631 D/InCallControlState(  342):   muteIndicatorOn: false
02-13 18:50:57.631 D/InCallControlState(  342):   dialpadEnabled: false
02-13 18:50:57.631 D/InCallControlState(  342):   dialpadVisible: false
02-13 18:50:57.631 D/InCallControlState(  342):   onHold: false
02-13 18:50:57.631 D/InCallControlState(  342):   canHold: false
02-13 18:50:57.631 D/InCallScreen(  342): syncWithPhoneState()...
02-13 18:50:57.631 D/PhoneUtils(  342): dumpCallState():
02-13 18:50:57.631 D/PhoneUtils(  342): - Call state = OFFHOOK
02-13 18:50:57.631 D/PhoneUtils(  342):   - FG call: DIALING CDMA isAlive true isRinging false isDialing true isIdle false hasConnections true
02-13 18:50:57.631 D/PhoneUtils(  342):   - BG call: IDLE CDMA isAlive false isRinging false isDialing false isIdle true hasConnections false
02-13 18:50:57.631 D/PhoneUtils(  342):   - RINGING call: IDLE CDMA isAlive false isRinging false isDialing false isIdle true hasConnections false
02-13 18:50:57.631 D/PhoneUtils(  342):   - hasRingingCall false hasActiveCall true hasHoldingCall false allLinesTaken false
02-13 18:50:57.631 D/PhoneUtils(  342):   - CDMA call state: SINGLE_ACTIVE
02-13 18:50:57.631 D/PhoneUtils(  342):   - Ringer state: false
02-13 18:50:57.631 D/InCallScreen(  342): ============== dumpBluetoothState() =============
02-13 18:50:57.631 D/InCallScreen(  342): isBluetoothAvailable()...
02-13 18:50:57.631 D/InCallScreen(  342):   - headset state = 0
02-13 18:50:57.631 D/InCallScreen(  342):   - headset address: null
02-13 18:50:57.631 D/InCallScreen(  342):   ==> false
02-13 18:50:57.631 D/InCallScreen(  342): = isBluetoothAvailable: false
02-13 18:50:57.631 D/InCallScreen(  342): isBluetoothAudioConnected: ==> isAudioOn = false
02-13 18:50:57.631 D/InCallScreen(  342): = isBluetoothAudioConnected: false
02-13 18:50:57.631 D/InCallScreen(  342): isBluetoothAudioConnected: ==> isAudioOn = false
02-13 18:50:57.631 D/InCallScreen(  342): isBluetoothAudioConnectedOrPending: ==> FALSE
02-13 18:50:57.631 D/InCallScreen(  342): = isBluetoothAudioConnectedOrPending: false
02-13 18:50:57.641 D/InCallScreen(  342): = PhoneApp.showBluetoothIndication: false
02-13 18:50:57.641 D/InCallScreen(  342): =
02-13 18:50:57.641 D/InCallScreen(  342): = BluetoothHandsfree.isAudioOn: false
02-13 18:50:57.641 D/InCallScreen(  342): = BluetoothHeadset.getCurrentHeadset: null
02-13 18:50:57.641 D/InCallScreen(  342): syncWithPhoneState: it's ok to be here; update the screen...
02-13 18:50:57.641 D/InCallScreen(  342): updateScreen()...
02-13 18:50:57.641 D/InCallScreen(  342): - updateScreen: updating the in-call UI...
02-13 18:50:57.641 D/CallCard(  342): updateState(########### Dump CallManager ############
02-13 18:50:57.641 D/CallCard(  342): CallManager state = OFFHOOK
02-13 18:50:57.641 D/CallCard(  342):    - Foreground: DIALING from Handler{4057c160}
02-13 18:50:57.641 D/CallCard(  342):      Conn: [ incoming: false state: DIALING post dial state: NOT_STARTED]
02-13 18:50:57.641 D/CallCard(  342):    - Background: IDLE from Handler{4057c160}
02-13 18:50:57.641 D/CallCard(  342):      Conn: []
02-13 18:50:57.641 D/CallCard(  342):    - Ringing: IDLE from Handler{4057c160}
02-13 18:50:57.641 D/CallCard(  342):  Phone: Handler{4057c160}, name = CDMA, state = OFFHOOK
02-13 18:50:57.641 D/CallCard(  342):    - Foreground: DIALING Background: IDLE Ringing: IDLE
02-13 18:50:57.641 D/CallCard(  342): ########## End Dump CallManager ##########)...
02-13 18:50:57.641 D/CallCard(  342): updateForegroundCall()...
02-13 18:50:57.641 D/CallCard(  342): displayMainCallStatus(call DIALING)...
02-13 18:50:57.641 D/CallCard(  342):   - call.state: DIALING
02-13 18:50:57.641 D/CallCard(  342): updateCardTitleWidgets(call DIALING)...
02-13 18:50:57.641 D/CallCard(  342): - getTitleForCallCard(Call DIALING)...
02-13 18:50:57.641 D/CallCard(  342):   ==> result: Dialing
02-13 18:50:57.641 D/CallCard(  342): updateCardTitleWidgets: Dialing
02-13 18:50:57.641 D/InCallScreen(  342): getUpdatedInCallControlState()...
02-13 18:50:57.641 D/PhoneUtils(  342): isEmergencyCall()...
02-13 18:50:57.641 D/PhoneUtils(  342): (add_call,fgCallState == Call.State.ACTIVE) = false
02-13 18:50:57.641 D/PhoneUtils(  342): (add_call,app.cdmaPhoneCallState.getAddCallMenuStateAfterCallWaiting() = true
02-13 18:50:57.641 D/InCallScreen(  342): isBluetoothAvailable()...
02-13 18:50:57.641 D/InCallScreen(  342):   - headset state = 0
02-13 18:50:57.641 D/InCallScreen(  342):   - headset address: null
02-13 18:50:57.641 D/InCallScreen(  342):   ==> false
02-13 18:50:57.641 D/PhoneUtils(  342): audioManager.isMicrophoneMute: false
02-13 18:50:57.641 D/InCallScreen(  342): [okToDialDTMFTones] foreground state: DIALING, ringing state: false, call screen mode: NORMAL, result: false
02-13 18:50:57.641 D/InCallControlState(  342): InCallControlState:
02-13 18:50:57.651 D/InCallControlState(  342):   manageConferenceVisible: false
02-13 18:50:57.651 D/InCallControlState(  342):   manageConferenceEnabled: false
02-13 18:50:57.651 D/InCallControlState(  342):   canAddCall: false
02-13 18:50:57.651 D/InCallControlState(  342):   canSwap: false
02-13 18:50:57.651 D/InCallControlState(  342):   canMerge: false
02-13 18:50:57.651 D/InCallControlState(  342):   bluetoothEnabled: false
02-13 18:50:57.651 D/InCallControlState(  342):   bluetoothIndicatorOn: false
02-13 18:50:57.651 D/InCallControlState(  342):   speakerEnabled: true
02-13 18:50:57.651 D/InCallControlState(  342):   speakerOn: false
02-13 18:50:57.651 D/InCallControlState(  342):   canMute: false
02-13 18:50:57.651 D/InCallControlState(  342):   muteIndicatorOn: false
02-13 18:50:57.651 D/InCallControlState(  342):   dialpadEnabled: false
02-13 18:50:57.651 D/InCallControlState(  342):   dialpadVisible: false
02-13 18:50:57.651 D/InCallControlState(  342):   onHold: false
02-13 18:50:57.651 D/InCallControlState(  342):   canHold: false
02-13 18:50:57.651 D/CallCard(  342): yangliu,getCurrentCallState: SINGLE_ACTIVE
02-13 18:50:57.651 D/CallCard(  342): yangliu,inCallControlState.onHold: false
02-13 18:50:57.651 D/CallCard(  342):   - CONN:  incoming: false state: DIALING post dial state: NOT_STARTED, state = DIALING
02-13 18:50:57.651 D/CallCard(  342): - displayMainCallStatus: updatedNumber = 4864351
02-13 18:50:57.651 D/CallCard(  342): - displayMainCallStatus: starting CallerInfo query...
02-13 18:50:57.651 D/PhoneUtils(  342): startGetCallerInfo: query already done, returning CallerInfo
02-13 18:50:57.651 D/CallCard(  342): updateDisplayForPerson(CallerInfo { name non-null, phoneNumber non-null })
02-13 18:50:57.651 D/CallCard(  342): presentation:1 isTemporary:false
02-13 18:50:57.651 D/CallCard(  342): - got personUri: 'content://com.android.contacts/contacts/179', based on info.person_id: 179
