02-13 18:52:21.693 D/KeyguardViewMediator(  256): setHidden false
02-13 18:52:21.693 D/KeyguardViewMediator(  256): setHidden false
02-13 18:52:21.713 D/KeyguardViewMediator(  256): setHidden false
02-13 18:52:21.733 D/KeyguardViewMediator(  256): setHidden false
02-13 18:52:21.753 D/KeyguardViewMediator(  256): setHidden false
02-13 18:52:21.763 D/KeyguardViewMediator(  256): setHidden false
02-13 18:52:21.783 D/KeyguardViewMediator(  256): setHidden false
02-13 18:52:21.793 D/KeyguardViewMediator(  256): setHidden false
02-13 18:52:21.813 D/KeyguardViewMediator(  256): setHidden false
02-13 18:52:21.833 D/KeyguardViewMediator(  256): setHidden false
02-13 18:52:21.843 D/KeyguardViewMediator(  256): setHidden false
02-13 18:52:22.624 D/KeyguardViewMediator(  256): setHidden false
02-13 18:52:22.644 D/KeyguardViewMediator(  256): setHidden false
02-13 18:52:22.654 D/KeyguardViewMediator(  256): setHidden false
02-13 18:52:22.754 I/Mms/compose(  774): SLIDESHOW updateSendButtonState enable = true
02-13 18:52:22.754 I/Mms/compose(  774): SLIDESHOW setSendButtonText isMms = false
02-13 18:52:22.754 I/Mms/compose(  774): SLIDESHOW setSendButtonText isMms = false
02-13 18:52:22.764 D/KeyguardViewMediator(  256): setHidden false
02-13 18:52:22.784 D/KeyguardViewMediator(  256): setHidden false
02-13 18:52:22.794 D/KeyguardViewMediator(  256): setHidden false
02-13 18:52:22.794 D/KeyguardViewMediator(  256): setHidden false
02-13 18:52:22.814 D/KeyguardViewMediator(  256): setHidden false
02-13 18:52:22.834 D/KeyguardViewMediator(  256): setHidden false
02-13 18:52:22.844 D/KeyguardViewMediator(  256): setHidden false
02-13 18:52:22.864 D/KeyguardViewMediator(  256): setHidden false
02-13 18:52:22.874 D/KeyguardViewMediator(  256): setHidden false
02-13 18:52:22.884 D/KeyguardViewMediator(  256): setHidden false
02-13 18:52:22.884 D/KeyguardViewMediator(  256): setHidden false
02-13 18:52:22.894 D/KeyguardViewMediator(  256): setHidden false
02-13 18:52:22.904 D/KeyguardViewMediator(  256): setHidden false
02-13 18:52:22.914 D/KeyguardViewMediator(  256): setHidden false
02-13 18:52:22.934 D/KeyguardViewMediator(  256): setHidden false
02-13 18:52:22.944 D/KeyguardViewMediator(  256): setHidden false
02-13 18:52:22.964 D/KeyguardViewMediator(  256): setHidden false
02-13 18:52:22.984 D/KeyguardViewMediator(  256): setHidden false
02-13 18:52:22.984 I/Mms/compose(  774): SLIDESHOW updateSendButtonState enable = true
02-13 18:52:22.984 I/Mms/compose(  774): SLIDESHOW setSendButtonText isMms = false
02-13 18:52:22.994 I/Mms/compose(  774): SLIDESHOW setSendButtonText isMms = false
02-13 18:52:22.994 D/KeyguardViewMediator(  256): setHidden false
02-13 18:52:23.004 D/KeyguardViewMediator(  256): setHidden false
02-13 18:52:23.014 D/KeyguardViewMediator(  256): setHidden false
02-13 18:52:23.024 D/KeyguardViewMediator(  256): setHidden false
02-13 18:52:23.044 D/KeyguardViewMediator(  256): setHidden false
02-13 18:52:23.064 D/KeyguardViewMediator(  256): setHidden false
02-13 18:52:23.074 D/KeyguardViewMediator(  256): setHidden false
02-13 18:52:23.094 D/KeyguardViewMediator(  256): setHidden false
02-13 18:52:23.124 D/KeyguardViewMediator(  256): setHidden false
02-13 18:52:23.185 D/KeyguardViewMediator(  256): setHidden false
02-13 18:52:23.195 D/KeyguardViewMediator(  256): setHidden false
02-13 18:52:23.205 D/KeyguardViewMediator(  256): setHidden false
02-13 18:52:23.275 D/DATA    (  342): [DSST(0)] pollstate() : reason = data network state changed
02-13 18:52:23.315 I/Mms/compose(  774): SLIDESHOW updateSendButtonState enable = true
02-13 18:52:23.315 I/Mms/compose(  774): SLIDESHOW setSendButtonText isMms = false
02-13 18:52:23.315 I/Mms/compose(  774): SLIDESHOW setSendButtonText isMms = false
02-13 18:52:23.325 D/MobileDataStateTracker(  256): [hipri]  MobileDataStateReceiver onReceive(): Entry.
02-13 18:52:23.325 D/MobileDataStateTracker(  256): [hipri]  intent.getAction()= android.intent.action.SERVICE_STATE
02-13 18:52:23.325 D/MobileDataStateTracker(  256): [hipri]  mEnabled = false
02-13 18:52:23.335 D/MobileDataStateTracker(  256): [dun]  MobileDataStateReceiver onReceive(): Entry.
02-13 18:52:23.335 D/MobileDataStateTracker(  256): [dun]  intent.getAction()= android.intent.action.SERVICE_STATE
02-13 18:52:23.335 D/MobileDataStateTracker(  256): [dun]  mEnabled = false
02-13 18:52:23.335 D/CallManager(  342):  handleMessage (EVENT_SERVICE_STATE_CHANGED)
02-13 18:52:23.335 E/BT HS/HF(  342): SERVICE_STATE_CHANGED called
02-13 18:52:23.335 E/BT HS/HF(  342): updateServiceState called, sendUpdate:false  ServiceState:0 home Sprint  310099  EvDo rev. A CSS not supported 41 4139RoamInd: 1RoamStatus(sprint): 1DefRoamInd: 160EmergOnly: false
02-13 18:52:23.335 E/BT HS/HF(  342): service:1 mService:1
02-13 18:52:23.335 D/DATA    (  342): [DSST(0)]  registrationState = 1  radioTechnology = 8 reasonForDenial = 0
02-13 18:52:23.335 D/DATA    (  342): [DSST(0)]  set mNewDataConnectionState = 0
02-13 18:52:23.335 D/DATA    (  342): [DSST(0)]  mNewDataConnectionState : 0  mDataConnectionState : 0
02-13 18:52:23.335 D/DATA    (  342): [DSST(0)] Poll ServiceState done: oldSS=[0 home null null null  EvDo rev. A CSS not supported -1 -1RoamInd: -1RoamStatus(sprint): -1DefRoamInd: -1EmergOnly: false] newSS=[0 home null null null  EvDo rev. A CSS not supported -1 -1RoamInd: -1RoamStatus(sprint): -1DefRoamInd: -1EmergOnly: false]
02-13 18:52:23.335 D/DATA    (  342): [DSST(0)]  mDataConnectionState = 0
02-13 18:52:23.335 D/MobileDataStateTracker(  256): [supl]  MobileDataStateReceiver onReceive(): Entry.
02-13 18:52:23.335 D/MobileDataStateTracker(  256): [supl]  intent.getAction()= android.intent.action.SERVICE_STATE
02-13 18:52:23.335 D/MobileDataStateTracker(  256): [supl]  mEnabled = false
02-13 18:52:23.345 D/MobileDataStateTracker(  256): [mms]  MobileDataStateReceiver onReceive(): Entry.
02-13 18:52:23.345 D/MobileDataStateTracker(  256): [mms]  intent.getAction()= android.intent.action.SERVICE_STATE
02-13 18:52:23.345 D/MobileDataStateTracker(  256): [mms]  mEnabled = false
02-13 18:52:23.345 D/MobileDataStateTracker(  256): [default]  MobileDataStateReceiver onReceive(): Entry.
02-13 18:52:23.345 D/MobileDataStateTracker(  256): [default]  intent.getAction()= android.intent.action.SERVICE_STATE
02-13 18:52:23.345 D/MobileDataStateTracker(  256): [default]  mEnabled = true
02-13 18:52:23.355 D/Mms     (  774): currentRoamingStatus:1
02-13 18:52:23.355 D/KeyguardViewMediator(  256): setHidden false
02-13 18:52:23.375 D/KeyguardViewMediator(  256): setHidden false
02-13 18:52:23.385 D/KeyguardViewMediator(  256): setHidden false
02-13 18:52:23.405 D/KeyguardViewMediator(  256): setHidden false
02-13 18:52:23.415 D/KeyguardViewMediator(  256): setHidden false
02-13 18:52:23.445 D/KeyguardViewMediator(  256): setHidden false
02-13 18:52:23.455 D/KeyguardViewMediator(  256): setHidden false
02-13 18:52:23.475 D/KeyguardViewMediator(  256): setHidden false
02-13 18:52:23.825 D/KeyguardViewMediator(  256): setHidden false
02-13 18:52:23.835 D/KeyguardViewMediator(  256): setHidden false
02-13 18:52:23.855 D/KeyguardViewMediator(  256): setHidden false
02-13 18:52:23.945 I/Mms/compose(  774): SLIDESHOW updateSendButtonState enable = true
02-13 18:52:23.945 I/Mms/compose(  774): SLIDESHOW setSendButtonText isMms = false
02-13 18:52:23.945 I/Mms/compose(  774): SLIDESHOW setSendButtonText isMms = false
02-13 18:52:23.955 I/Mms/compose(  774): SLIDESHOW updateSendButtonState enable = true
02-13 18:52:23.955 I/Mms/compose(  774): SLIDESHOW setSendButtonText isMms = false
02-13 18:52:23.955 I/Mms/compose(  774): SLIDESHOW setSendButtonText isMms = false
02-13 18:52:23.975 D/KeyguardViewMediator(  256): setHidden false
02-13 18:52:23.985 D/KeyguardViewMediator(  256): setHidden false
02-13 18:52:24.005 D/KeyguardViewMediator(  256): setHidden false
02-13 18:52:24.025 D/KeyguardViewMediator(  256): setHidden false
02-13 18:52:24.035 D/KeyguardViewMediator(  256): setHidden false
02-13 18:52:24.045 D/KeyguardViewMediator(  256): setHidden false
02-13 18:52:24.055 D/KeyguardViewMediator(  256): setHidden false
02-13 18:52:24.055 D/KeyguardViewMediator(  256): setHidden false
02-13 18:52:24.065 D/KeyguardViewMediator(  256): setHidden false
02-13 18:52:24.135 I/Mms/compose(  774): SLIDESHOW updateSendButtonState enable = true
02-13 18:52:24.135 I/Mms/compose(  774): SLIDESHOW setSendButtonText isMms = false
02-13 18:52:24.135 I/Mms/compose(  774): SLIDESHOW setSendButtonText isMms = false
02-13 18:52:24.145 D/KeyguardViewMediator(  256): setHidden false
02-13 18:52:24.165 D/KeyguardViewMediator(  256): setHidden false
02-13 18:52:24.176 D/KeyguardViewMediator(  256): setHidden false
02-13 18:52:24.196 D/KeyguardViewMediator(  256): setHidden false
02-13 18:52:24.206 D/KeyguardViewMediator(  256): setHidden false
02-13 18:52:24.236 D/KeyguardViewMediator(  256): setHidden false
02-13 18:52:24.246 D/KeyguardViewMediator(  256): setHidden false
02-13 18:52:24.246 D/KeyguardViewMediator(  256): setHidden false
02-13 18:52:24.256 D/KeyguardViewMediator(  256): setHidden false
02-13 18:52:24.276 D/KeyguardViewMediator(  256): setHidden false
02-13 18:52:24.316 I/Mms/compose(  774): SLIDESHOW updateSendButtonState enable = true
02-13 18:52:24.316 I/Mms/compose(  774): SLIDESHOW setSendButtonText isMms = false
02-13 18:52:24.316 I/Mms/compose(  774): SLIDESHOW setSendButtonText isMms = false
02-13 18:52:24.366 D/KeyguardViewMediator(  256): setHidden false
02-13 18:52:24.376 D/KeyguardViewMediator(  256): setHidden false
02-13 18:52:24.396 D/KeyguardViewMediator(  256): setHidden false
02-13 18:52:24.416 D/KeyguardViewMediator(  256): setHidden false
02-13 18:52:24.426 D/KeyguardViewMediator(  256): setHidden false
02-13 18:52:24.446 D/KeyguardViewMediator(  256): setHidden false
02-13 18:52:24.466 D/KeyguardViewMediator(  256): setHidden false
02-13 18:52:24.476 D/KeyguardViewMediator(  256): setHidden false
02-13 18:52:24.576 D/KeyguardViewMediator(  256): setHidden false
02-13 18:52:24.606 D/KeyguardViewMediator(  256): setHidden false
02-13 18:52:24.616 D/KeyguardViewMediator(  256): setHidden false
02-13 18:52:24.716 I/Mms/compose(  774): SLIDESHOW updateSendButtonState enable = true
02-13 18:52:24.716 I/Mms/compose(  774): SLIDESHOW setSendButtonText isMms = false
02-13 18:52:24.726 I/Mms/compose(  774): SLIDESHOW setSendButtonText isMms = false
02-13 18:52:24.746 D/KeyguardViewMediator(  256): setHidden false
02-13 18:52:24.756 D/KeyguardViewMediator(  256): setHidden false
02-13 18:52:24.776 D/KeyguardViewMediator(  256): setHidden false
02-13 18:52:24.786 D/KeyguardViewMediator(  256): setHidden false
02-13 18:52:24.806 D/KeyguardViewMediator(  256): setHidden false
02-13 18:52:24.826 D/KeyguardViewMediator(  256): setHidden false
02-13 18:52:24.836 D/KeyguardViewMediator(  256): setHidden false
02-13 18:52:24.846 D/KeyguardViewMediator(  256): setHidden false
02-13 18:52:25.026 D/KeyguardViewMediator(  256): setHidden false
02-13 18:52:25.046 D/KeyguardViewMediator(  256): setHidden false
02-13 18:52:25.056 D/KeyguardViewMediator(  256): setHidden false
02-13 18:52:25.086 I/Mms/compose(  774): SLIDESHOW updateSendButtonState enable = true
02-13 18:52:25.086 I/Mms/compose(  774): SLIDESHOW setSendButtonText isMms = false
02-13 18:52:25.086 I/Mms/compose(  774): SLIDESHOW setSendButtonText isMms = false
02-13 18:52:25.106 D/KeyguardViewMediator(  256): setHidden false
02-13 18:52:25.116 D/KeyguardViewMediator(  256): setHidden false
02-13 18:52:25.136 D/KeyguardViewMediator(  256): setHidden false
02-13 18:52:25.166 D/KeyguardViewMediator(  256): setHidden false
02-13 18:52:25.176 D/KeyguardViewMediator(  256): setHidden false
02-13 18:52:25.197 D/KeyguardViewMediator(  256): setHidden false
02-13 18:52:25.207 D/KeyguardViewMediator(  256): setHidden false
02-13 18:52:25.207 D/KeyguardViewMediator(  256): setHidden false
02-13 18:52:25.517 D/DATA    (  342): [DSST(0)] pollstate() : reason = data network state changed
02-13 18:52:25.567 D/MobileDataStateTracker(  256): [hipri]  MobileDataStateReceiver onReceive(): Entry.
02-13 18:52:25.567 D/MobileDataStateTracker(  256): [hipri]  intent.getAction()= android.intent.action.SERVICE_STATE
02-13 18:52:25.567 D/MobileDataStateTracker(  256): [hipri]  mEnabled = false
02-13 18:52:25.567 D/MobileDataStateTracker(  256): [dun]  MobileDataStateReceiver onReceive(): Entry.
02-13 18:52:25.567 D/MobileDataStateTracker(  256): [dun]  intent.getAction()= android.intent.action.SERVICE_STATE
02-13 18:52:25.567 D/MobileDataStateTracker(  256): [dun]  mEnabled = false
02-13 18:52:25.577 D/Mms     (  774): currentRoamingStatus:1
02-13 18:52:25.577 D/MobileDataStateTracker(  256): [supl]  MobileDataStateReceiver onReceive(): Entry.
02-13 18:52:25.577 D/MobileDataStateTracker(  256): [supl]  intent.getAction()= android.intent.action.SERVICE_STATE
02-13 18:52:25.577 D/MobileDataStateTracker(  256): [supl]  mEnabled = false
02-13 18:52:25.577 D/MobileDataStateTracker(  256): [mms]  MobileDataStateReceiver onReceive(): Entry.
02-13 18:52:25.577 D/MobileDataStateTracker(  256): [mms]  intent.getAction()= android.intent.action.SERVICE_STATE
02-13 18:52:25.577 D/MobileDataStateTracker(  256): [mms]  mEnabled = false
02-13 18:52:25.577 D/MobileDataStateTracker(  256): [default]  MobileDataStateReceiver onReceive(): Entry.
02-13 18:52:25.577 D/MobileDataStateTracker(  256): [default]  intent.getAction()= android.intent.action.SERVICE_STATE
02-13 18:52:25.577 D/MobileDataStateTracker(  256): [default]  mEnabled = true
02-13 18:52:25.577 D/CallManager(  342):  handleMessage (EVENT_SERVICE_STATE_CHANGED)
02-13 18:52:25.577 E/BT HS/HF(  342): SERVICE_STATE_CHANGED called
02-13 18:52:25.577 E/BT HS/HF(  342): updateServiceState called, sendUpdate:false  ServiceState:0 home Sprint  310099  EvDo rev. A CSS not supported 41 4139RoamInd: 1RoamStatus(sprint): 1DefRoamInd: 160EmergOnly: false
02-13 18:52:25.587 E/BT HS/HF(  342): service:1 mService:1
02-13 18:52:25.587 D/DATA    (  342): [DSST(0)]  registrationState = 1  radioTechnology = 8 reasonForDenial = 0
02-13 18:52:25.587 D/DATA    (  342): [DSST(0)]  set mNewDataConnectionState = 0
02-13 18:52:25.587 D/DATA    (  342): [DSST(0)]  mNewDataConnectionState : 0  mDataConnectionState : 0
02-13 18:52:25.587 D/DATA    (  342): [DSST(0)] Poll ServiceState done: oldSS=[0 home null null null  EvDo rev. A CSS not supported -1 -1RoamInd: -1RoamStatus(sprint): -1DefRoamInd: -1EmergOnly: false] newSS=[0 home null null null  EvDo rev. A CSS not supported -1 -1RoamInd: -1RoamStatus(sprint): -1DefRoamInd: -1EmergOnly: false]
02-13 18:52:25.587 D/DATA    (  342): [DSST(0)]  mDataConnectionState = 0
02-13 18:52:25.897 I/Mms/compose(  774): SLIDESHOW updateSendButtonState enable = true
02-13 18:52:25.897 I/Mms/compose(  774): SLIDESHOW setSendButtonText isMms = false
02-13 18:52:25.897 I/Mms/compose(  774): SLIDESHOW setSendButtonText isMms = false
02-13 18:52:25.917 D/KeyguardViewMediator(  256): setHidden false
02-13 18:52:25.927 D/KeyguardViewMediator(  256): setHidden false
02-13 18:52:25.947 D/KeyguardViewMediator(  256): setHidden false
02-13 18:52:25.977 D/KeyguardViewMediator(  256): setHidden false
02-13 18:52:25.997 D/KeyguardViewMediator(  256): setHidden false
02-13 18:52:26.007 D/KeyguardViewMediator(  256): setHidden false
02-13 18:52:26.027 D/KeyguardViewMediator(  256): setHidden false
02-13 18:52:26.047 D/KeyguardViewMediator(  256): setHidden false
02-13 18:52:26.057 D/KeyguardViewMediator(  256): setHidden false
02-13 18:52:26.077 D/KeyguardViewMediator(  256): setHidden false
02-13 18:52:26.087 D/KeyguardViewMediator(  256): setHidden false
02-13 18:52:26.177 D/KeyguardViewMediator(  256): setHidden false
02-13 18:52:26.187 D/KeyguardViewMediator(  256): setHidden false
02-13 18:52:26.207 D/KeyguardViewMediator(  256): setHidden false
02-13 18:52:26.298 D/KeyguardViewMediator(  256): setHidden false
02-13 18:52:26.308 D/KeyguardViewMediator(  256): setHidden false
02-13 18:52:26.338 D/KeyguardViewMediator(  256): setHidden false
02-13 18:52:26.358 D/KeyguardViewMediator(  256): setHidden false
02-13 18:52:26.368 D/KeyguardViewMediator(  256): setHidden false
02-13 18:52:26.388 D/KeyguardViewMediator(  256): setHidden false
02-13 18:52:26.398 D/KeyguardViewMediator(  256): setHidden false
02-13 18:52:26.408 D/KeyguardViewMediator(  256): setHidden false
02-13 18:52:26.678 D/KeyguardViewMediator(  256): setHidden false
02-13 18:52:26.688 D/KeyguardViewMediator(  256): setHidden false
02-13 18:52:26.718 D/KeyguardViewMediator(  256): setHidden false
02-13 18:52:26.748 I/Mms/compose(  774): SLIDESHOW updateSendButtonState enable = true
02-13 18:52:26.748 I/Mms/compose(  774): SLIDESHOW setSendButtonText isMms = false
02-13 18:52:26.748 I/Mms/compose(  774): SLIDESHOW setSendButtonText isMms = false
02-13 18:52:26.758 D/KeyguardViewMediator(  256): setHidden false
02-13 18:52:26.778 D/KeyguardViewMediator(  256): setHidden false
02-13 18:52:26.798 D/KeyguardViewMediator(  256): setHidden false
02-13 18:52:26.808 D/KeyguardViewMediator(  256): setHidden false
02-13 18:52:26.828 D/KeyguardViewMediator(  256): setHidden false
02-13 18:52:26.848 D/KeyguardViewMediator(  256): setHidden false
02-13 18:52:26.868 D/KeyguardViewMediator(  256): setHidden false
02-13 18:52:26.868 D/KeyguardViewMediator(  256): setHidden false
02-13 18:52:27.198 W/KeyCharacterMap(  774): No keyboard for id 0
02-13 18:52:27.198 W/KeyCharacterMap(  774): Using default keymap: /system/usr/keychars/qwerty.kcm.bin
02-13 18:52:27.208 I/Mms/compose(  774): SLIDESHOW updateSendButtonState enable = true
02-13 18:52:27.208 I/Mms/compose(  774): SLIDESHOW setSendButtonText isMms = false
02-13 18:52:27.208 I/Mms/compose(  774): SLIDESHOW setSendButtonText isMms = false
02-13 18:52:27.218 D/KeyguardViewMediator(  256): setHidden false
02-13 18:52:27.238 D/KeyguardViewMediator(  256): setHidden false
02-13 18:52:27.259 D/KeyguardViewMediator(  256): setHidden false
02-13 18:52:27.339 D/KeyguardViewMediator(  256): setHidden false
02-13 18:52:27.349 D/KeyguardViewMediator(  256): setHidden false
02-13 18:52:27.379 D/KeyguardViewMediator(  256): setHidden false
02-13 18:52:27.379 D/KeyguardViewMediator(  256): setHidden false
02-13 18:52:27.409 D/KeyguardViewMediator(  256): setHidden false
02-13 18:52:27.429 D/KeyguardViewMediator(  256): setHidden false
02-13 18:52:27.439 D/KeyguardViewMediator(  256): setHidden false
02-13 18:52:27.449 D/KeyguardViewMediator(  256): setHidden false
02-13 18:52:27.759 D/KeyguardViewMediator(  256): setHidden false
02-13 18:52:27.769 D/KeyguardViewMediator(  256): setHidden false
02-13 18:52:27.789 D/KeyguardViewMediator(  256): setHidden false
02-13 18:52:27.899 D/KeyguardViewMediator(  256): setHidden false
02-13 18:52:27.909 D/KeyguardViewMediator(  256): setHidden false
02-13 18:52:27.929 D/KeyguardViewMediator(  256): setHidden false
02-13 18:52:27.949 D/KeyguardViewMediator(  256): setHidden false
02-13 18:52:27.969 D/KeyguardViewMediator(  256): setHidden false
02-13 18:52:27.979 D/KeyguardViewMediator(  256): setHidden false
02-13 18:52:27.989 D/KeyguardViewMediator(  256): setHidden false
02-13 18:52:28.009 D/KeyguardViewMediator(  256): setHidden false
02-13 18:52:28.490 D/KeyguardViewMediator(  256): setHidden false
02-13 18:52:28.500 D/KeyguardViewMediator(  256): setHidden false
02-13 18:52:28.510 D/KeyguardViewMediator(  256): setHidden false
02-13 18:52:28.590 D/KeyguardViewMediator(  256): setHidden false
02-13 18:52:28.610 D/KeyguardViewMediator(  256): setHidden false
02-13 18:52:28.620 D/KeyguardViewMediator(  256): setHidden false
02-13 18:52:28.640 D/KeyguardViewMediator(  256): setHidden false
02-13 18:52:28.660 D/KeyguardViewMediator(  256): setHidden false
02-13 18:52:28.680 D/KeyguardViewMediator(  256): setHidden false
02-13 18:52:28.690 D/KeyguardViewMediator(  256): setHidden false
02-13 18:52:28.700 D/KeyguardViewMediator(  256): setHidden false
02-13 18:52:29.150 D/DATA    (  342): [DSST(0)] pollstate() : reason = data network state changed
02-13 18:52:29.210 D/MobileDataStateTracker(  256): [hipri]  MobileDataStateReceiver onReceive(): Entry.
02-13 18:52:29.210 D/MobileDataStateTracker(  256): [hipri]  intent.getAction()= android.intent.action.SERVICE_STATE
02-13 18:52:29.210 D/MobileDataStateTracker(  256): [hipri]  mEnabled = false
02-13 18:52:29.210 D/MobileDataStateTracker(  256): [dun]  MobileDataStateReceiver onReceive(): Entry.
02-13 18:52:29.210 D/MobileDataStateTracker(  256): [dun]  intent.getAction()= android.intent.action.SERVICE_STATE
02-13 18:52:29.210 D/MobileDataStateTracker(  256): [dun]  mEnabled = false
02-13 18:52:29.210 D/Mms     (  774): currentRoamingStatus:1
02-13 18:52:29.210 D/MobileDataStateTracker(  256): [supl]  MobileDataStateReceiver onReceive(): Entry.
02-13 18:52:29.210 D/MobileDataStateTracker(  256): [supl]  intent.getAction()= android.intent.action.SERVICE_STATE
02-13 18:52:29.210 D/MobileDataStateTracker(  256): [supl]  mEnabled = false
02-13 18:52:29.220 D/MobileDataStateTracker(  256): [mms]  MobileDataStateReceiver onReceive(): Entry.
02-13 18:52:29.220 D/MobileDataStateTracker(  256): [mms]  intent.getAction()= android.intent.action.SERVICE_STATE
02-13 18:52:29.220 D/MobileDataStateTracker(  256): [mms]  mEnabled = false
02-13 18:52:29.220 D/MobileDataStateTracker(  256): [default]  MobileDataStateReceiver onReceive(): Entry.
02-13 18:52:29.220 D/MobileDataStateTracker(  256): [default]  intent.getAction()= android.intent.action.SERVICE_STATE
02-13 18:52:29.220 D/MobileDataStateTracker(  256): [default]  mEnabled = true
02-13 18:52:29.220 D/CallManager(  342):  handleMessage (EVENT_SERVICE_STATE_CHANGED)
02-13 18:52:29.220 E/BT HS/HF(  342): SERVICE_STATE_CHANGED called
02-13 18:52:29.220 E/BT HS/HF(  342): updateServiceState called, sendUpdate:false  ServiceState:0 home Sprint  310099  EvDo rev. A CSS not supported 41 4139RoamInd: 1RoamStatus(sprint): 1DefRoamInd: 160EmergOnly: false
02-13 18:52:29.220 E/BT HS/HF(  342): service:1 mService:1
02-13 18:52:29.220 D/DATA    (  342): [DSST(0)]  registrationState = 1  radioTechnology = 8 reasonForDenial = 0
02-13 18:52:29.230 D/DATA    (  342): [DSST(0)]  set mNewDataConnectionState = 0
02-13 18:52:29.230 D/DATA    (  342): [DSST(0)]  mNewDataConnectionState : 0  mDataConnectionState : 0
02-13 18:52:29.240 D/DATA    (  342): [DSST(0)] Poll ServiceState done: oldSS=[0 home null null null  EvDo rev. A CSS not supported -1 -1RoamInd: -1RoamStatus(sprint): -1DefRoamInd: -1EmergOnly: false] newSS=[0 home null null null  EvDo rev. A CSS not supported -1 -1RoamInd: -1RoamStatus(sprint): -1DefRoamInd: -1EmergOnly: false]
02-13 18:52:29.240 D/DATA    (  342): [DSST(0)]  mDataConnectionState = 0
02-13 18:52:29.531 D/KeyguardViewMediator(  256): setHidden false
02-13 18:52:29.551 D/KeyguardViewMediator(  256): setHidden false
02-13 18:52:29.561 D/KeyguardViewMediator(  256): setHidden false
02-13 18:52:29.651 D/KeyguardViewMediator(  256): setHidden false
02-13 18:52:29.671 D/KeyguardViewMediator(  256): setHidden false
02-13 18:52:29.681 D/KeyguardViewMediator(  256): setHidden false
02-13 18:52:29.711 D/KeyguardViewMediator(  256): setHidden false
02-13 18:52:29.721 D/KeyguardViewMediator(  256): setHidden false
02-13 18:52:29.741 D/KeyguardViewMediator(  256): setHidden false
02-13 18:52:29.761 D/KeyguardViewMediator(  256): setHidden false
02-13 18:52:29.761 D/KeyguardViewMediator(  256): setHidden false
02-13 18:52:29.961 D/KeyguardViewMediator(  256): setHidden false
02-13 18:52:29.971 D/KeyguardViewMediator(  256): setHidden false
02-13 18:52:29.981 D/KeyguardViewMediator(  256): setHidden false
02-13 18:52:30.051 I/Mms/compose(  774): SLIDESHOW updateSendButtonState enable = true
02-13 18:52:30.051 I/Mms/compose(  774): SLIDESHOW setSendButtonText isMms = false
02-13 18:52:30.051 I/Mms/compose(  774): SLIDESHOW setSendButtonText isMms = false
02-13 18:52:30.081 D/KeyguardViewMediator(  256): setHidden false
02-13 18:52:30.101 D/KeyguardViewMediator(  256): setHidden false
02-13 18:52:30.111 D/KeyguardViewMediator(  256): setHidden false
02-13 18:52:30.131 D/KeyguardViewMediator(  256): setHidden false
02-13 18:52:30.141 D/KeyguardViewMediator(  256): setHidden false
02-13 18:52:30.161 D/KeyguardViewMediator(  256): setHidden false
02-13 18:52:30.181 D/KeyguardViewMediator(  256): setHidden false
02-13 18:52:30.181 D/KeyguardViewMediator(  256): setHidden false
02-13 18:52:30.352 D/KeyguardViewMediator(  256): setHidden false
02-13 18:52:30.362 D/KeyguardViewMediator(  256): setHidden false
02-13 18:52:30.372 D/KeyguardViewMediator(  256): setHidden false
02-13 18:52:30.462 I/Mms/compose(  774): SLIDESHOW updateSendButtonState enable = true
02-13 18:52:30.462 I/Mms/compose(  774): SLIDESHOW setSendButtonText isMms = false
02-13 18:52:30.472 I/Mms/compose(  774): SLIDESHOW setSendButtonText isMms = false
02-13 18:52:30.482 D/KeyguardViewMediator(  256): setHidden false
02-13 18:52:30.502 D/KeyguardViewMediator(  256): setHidden false
02-13 18:52:30.512 D/KeyguardViewMediator(  256): setHidden false
02-13 18:52:30.522 D/KeyguardViewMediator(  256): setHidden false
02-13 18:52:30.532 D/KeyguardViewMediator(  256): setHidden false
02-13 18:52:30.542 D/KeyguardViewMediator(  256): setHidden false
02-13 18:52:30.552 D/KeyguardViewMediator(  256): setHidden false
02-13 18:52:30.562 D/KeyguardViewMediator(  256): setHidden false
02-13 18:52:30.582 D/KeyguardViewMediator(  256): setHidden false
02-13 18:52:30.582 D/KeyguardViewMediator(  256): setHidden false
02-13 18:52:30.602 I/Mms/compose(  774): SLIDESHOW updateSendButtonState enable = true
02-13 18:52:30.602 I/Mms/compose(  774): SLIDESHOW setSendButtonText isMms = false
02-13 18:52:30.602 I/Mms/compose(  774): SLIDESHOW setSendButtonText isMms = false
02-13 18:52:30.622 D/KeyguardViewMediator(  256): setHidden false
02-13 18:52:30.632 D/KeyguardViewMediator(  256): setHidden false
02-13 18:52:30.652 D/KeyguardViewMediator(  256): setHidden false
02-13 18:52:30.662 D/KeyguardViewMediator(  256): setHidden false
02-13 18:52:30.682 D/KeyguardViewMediator(  256): setHidden false
02-13 18:52:30.702 D/KeyguardViewMediator(  256): setHidden false
02-13 18:52:30.712 D/KeyguardViewMediator(  256): setHidden false
02-13 18:52:30.712 D/KeyguardViewMediator(  256): setHidden false
02-13 18:52:30.852 D/KeyguardViewMediator(  256): setHidden false
02-13 18:52:30.862 D/KeyguardViewMediator(  256): setHidden false
02-13 18:52:30.872 D/KeyguardViewMediator(  256): setHidden false
02-13 18:52:30.932 D/KeyguardViewMediator(  256): setHidden false
02-13 18:52:30.942 I/DATA    (  342): [DCT(0) ] onDataCallListChanged:
02-13 18:52:30.942 I/DATA    (  342): [DCT(0) ] ---dc state list---
02-13 18:52:30.942 I/DATA    (  342): [DCT(0) ] DataCallState: { cid: 0, active: 1, type: , apn: , address: 173.155.101.96 }
02-13 18:52:30.942 I/DATA    (  342): [DCT(0) ] ---dc list---
02-13 18:52:30.942 I/DATA    (  342): [DCT(0) ] cid = 0, state = DcActiveState, bearerType = IP, ipaddress = 173.155.101.96, gw=173.155.101.97, dns=[68.28.67.132, 68.28.68.132]
02-13 18:52:30.942 D/KeyguardViewMediator(  256): setHidden false
02-13 18:52:30.962 D/KeyguardViewMediator(  256): setHidden false
02-13 18:52:30.972 D/KeyguardViewMediator(  256): setHidden false
02-13 18:52:30.992 D/KeyguardViewMediator(  256): setHidden false
02-13 18:52:31.012 D/KeyguardViewMediator(  256): setHidden false
02-13 18:52:31.032 D/KeyguardViewMediator(  256): setHidden false
02-13 18:52:31.032 D/KeyguardViewMediator(  256): setHidden false
02-13 18:52:31.533 D/KeyguardViewMediator(  256): setHidden false
02-13 18:52:31.553 D/KeyguardViewMediator(  256): setHidden false
02-13 18:52:31.573 D/KeyguardViewMediator(  256): setHidden false
02-13 18:52:31.623 I/Mms/compose(  774): SLIDESHOW updateSendButtonState enable = true
02-13 18:52:31.623 I/Mms/compose(  774): SLIDESHOW setSendButtonText isMms = false
02-13 18:52:31.623 I/Mms/compose(  774): SLIDESHOW setSendButtonText isMms = false
02-13 18:52:31.633 D/KeyguardViewMediator(  256): setHidden false
02-13 18:52:31.653 D/KeyguardViewMediator(  256): setHidden false
02-13 18:52:31.663 D/KeyguardViewMediator(  256): setHidden false
02-13 18:52:31.683 D/KeyguardViewMediator(  256): setHidden false
02-13 18:52:31.703 D/KeyguardViewMediator(  256): setHidden false
02-13 18:52:31.713 D/KeyguardViewMediator(  256): setHidden false
02-13 18:52:31.733 D/KeyguardViewMediator(  256): setHidden false
02-13 18:52:31.753 D/KeyguardViewMediator(  256): setHidden false
02-13 18:52:31.843 D/KeyguardViewMediator(  256): setHidden false
02-13 18:52:31.863 D/KeyguardViewMediator(  256): setHidden false
02-13 18:52:31.873 D/KeyguardViewMediator(  256): setHidden false
02-13 18:52:32.003 D/KeyguardViewMediator(  256): setHidden false
02-13 18:52:32.013 D/KeyguardViewMediator(  256): setHidden false
02-13 18:52:32.033 D/KeyguardViewMediator(  256): setHidden false
02-13 18:52:32.053 D/KeyguardViewMediator(  256): setHidden false
02-13 18:52:32.063 D/KeyguardViewMediator(  256): setHidden false
02-13 18:52:32.083 D/KeyguardViewMediator(  256): setHidden false
02-13 18:52:32.093 D/KeyguardViewMediator(  256): setHidden false
02-13 18:52:32.113 D/KeyguardViewMediator(  256): setHidden false
02-13 18:52:32.404 D/KeyguardViewMediator(  256): setHidden false
02-13 18:52:32.414 D/KeyguardViewMediator(  256): setHidden false
02-13 18:52:32.434 D/KeyguardViewMediator(  256): setHidden false
02-13 18:52:32.514 I/Mms/compose(  774): SLIDESHOW updateSendButtonState enable = true
02-13 18:52:32.514 I/Mms/compose(  774): SLIDESHOW setSendButtonText isMms = false
02-13 18:52:32.524 I/Mms/compose(  774): SLIDESHOW setSendButtonText isMms = false
02-13 18:52:32.534 D/KeyguardViewMediator(  256): setHidden false
02-13 18:52:32.554 D/KeyguardViewMediator(  256): setHidden false
02-13 18:52:32.564 D/KeyguardViewMediator(  256): setHidden false
02-13 18:52:32.584 D/KeyguardViewMediator(  256): setHidden false
02-13 18:52:32.604 D/KeyguardViewMediator(  256): setHidden false
02-13 18:52:32.614 D/KeyguardViewMediator(  256): setHidden false
02-13 18:52:32.634 D/KeyguardViewMediator(  256): setHidden false
02-13 18:52:32.654 D/KeyguardViewMediator(  256): setHidden false
02-13 18:52:32.844 D/KeyguardViewMediator(  256): setHidden false
02-13 18:52:32.864 D/KeyguardViewMediator(  256): setHidden false
02-13 18:52:32.884 D/KeyguardViewMediator(  256): setHidden false
02-13 18:52:32.954 I/Mms/compose(  774): SLIDESHOW updateSendButtonState enable = true
02-13 18:52:32.954 I/Mms/compose(  774): SLIDESHOW setSendButtonText isMms = false
02-13 18:52:32.954 I/Mms/compose(  774): SLIDESHOW setSendButtonText isMms = false
02-13 18:52:32.964 I/Mms/compose(  774): SLIDESHOW updateSendButtonState enable = true
02-13 18:52:32.964 I/Mms/compose(  774): SLIDESHOW setSendButtonText isMms = false
02-13 18:52:32.964 I/Mms/compose(  774): SLIDESHOW setSendButtonText isMms = false
02-13 18:52:32.984 D/KeyguardViewMediator(  256): setHidden false
02-13 18:52:32.994 D/KeyguardViewMediator(  256): setHidden false
02-13 18:52:33.014 D/KeyguardViewMediator(  256): setHidden false
02-13 18:52:33.034 D/KeyguardViewMediator(  256): setHidden false
02-13 18:52:33.054 D/KeyguardViewMediator(  256): setHidden false
02-13 18:52:33.064 D/KeyguardViewMediator(  256): setHidden false
02-13 18:52:33.084 D/KeyguardViewMediator(  256): setHidden false
02-13 18:52:33.084 D/KeyguardViewMediator(  256): setHidden false
02-13 18:52:33.445 D/KeyguardViewMediator(  256): setHidden false
02-13 18:52:33.465 D/KeyguardViewMediator(  256): setHidden false
02-13 18:52:33.475 D/KeyguardViewMediator(  256): setHidden false
02-13 18:52:33.585 I/Mms/compose(  774): SLIDESHOW updateSendButtonState enable = true
02-13 18:52:33.585 I/Mms/compose(  774): SLIDESHOW setSendButtonText isMms = false
02-13 18:52:33.585 I/Mms/compose(  774): SLIDESHOW setSendButtonText isMms = false
02-13 18:52:33.625 D/KeyguardViewMediator(  256): setHidden false
02-13 18:52:33.645 D/KeyguardViewMediator(  256): setHidden false
02-13 18:52:33.655 D/KeyguardViewMediator(  256): setHidden false
02-13 18:52:33.675 D/KeyguardViewMediator(  256): setHidden false
02-13 18:52:33.685 D/KeyguardViewMediator(  256): setHidden false
02-13 18:52:33.705 D/KeyguardViewMediator(  256): setHidden false
02-13 18:52:33.725 D/KeyguardViewMediator(  256): setHidden false
02-13 18:52:33.725 D/KeyguardViewMediator(  256): setHidden false
02-13 18:52:33.775 D/KeyguardViewMediator(  256): setHidden false
02-13 18:52:33.805 D/KeyguardViewMediator(  256): setHidden false
02-13 18:52:33.815 D/KeyguardViewMediator(  256): setHidden false
02-13 18:52:33.875 I/Mms/compose(  774): SLIDESHOW updateSendButtonState enable = true
02-13 18:52:33.875 I/Mms/compose(  774): SLIDESHOW setSendButtonText isMms = false
02-13 18:52:33.875 I/Mms/compose(  774): SLIDESHOW setSendButtonText isMms = false
02-13 18:52:33.895 D/KeyguardViewMediator(  256): setHidden false
02-13 18:52:33.905 D/KeyguardViewMediator(  256): setHidden false
02-13 18:52:33.925 D/KeyguardViewMediator(  256): setHidden false
02-13 18:52:33.935 D/KeyguardViewMediator(  256): setHidden false
02-13 18:52:33.955 D/KeyguardViewMediator(  256): setHidden false
02-13 18:52:33.975 D/KeyguardViewMediator(  256): setHidden false
02-13 18:52:33.985 D/KeyguardViewMediator(  256): setHidden false
02-13 18:52:33.995 D/KeyguardViewMediator(  256): setHidden false
02-13 18:52:34.065 D/KeyguardViewMediator(  256): setHidden false
02-13 18:52:34.075 D/KeyguardViewMediator(  256): setHidden false
02-13 18:52:34.095 D/KeyguardViewMediator(  256): setHidden false
02-13 18:52:34.125 I/Mms/compose(  774): SLIDESHOW updateSendButtonState enable = true
02-13 18:52:34.125 I/Mms/compose(  774): SLIDESHOW setSendButtonText isMms = false
02-13 18:52:34.125 I/Mms/compose(  774): SLIDESHOW setSendButtonText isMms = false
02-13 18:52:34.155 D/KeyguardViewMediator(  256): setHidden false
02-13 18:52:34.175 D/KeyguardViewMediator(  256): setHidden false
02-13 18:52:34.185 D/KeyguardViewMediator(  256): setHidden false
02-13 18:52:34.205 D/KeyguardViewMediator(  256): setHidden false
02-13 18:52:34.225 D/KeyguardViewMediator(  256): setHidden false
02-13 18:52:34.235 D/KeyguardViewMediator(  256): setHidden false
02-13 18:52:34.255 D/KeyguardViewMediator(  256): setHidden false
02-13 18:52:34.255 D/KeyguardViewMediator(  256): setHidden false
02-13 18:52:34.736 D/KeyguardViewMediator(  256): setHidden false
02-13 18:52:34.756 D/KeyguardViewMediator(  256): setHidden false
02-13 18:52:34.776 D/KeyguardViewMediator(  256): setHidden false
02-13 18:52:34.856 I/Mms/compose(  774): SLIDESHOW updateSendButtonState enable = true
02-13 18:52:34.856 I/Mms/compose(  774): SLIDESHOW setSendButtonText isMms = false
02-13 18:52:34.866 I/Mms/compose(  774): SLIDESHOW setSendButtonText isMms = false
02-13 18:52:34.896 I/Mms/compose(  774): SLIDESHOW updateSendButtonState enable = true
02-13 18:52:34.896 I/Mms/compose(  774): SLIDESHOW setSendButtonText isMms = false
02-13 18:52:34.906 I/Mms/compose(  774): SLIDESHOW setSendButtonText isMms = false
02-13 18:52:34.916 D/KeyguardViewMediator(  256): setHidden false
02-13 18:52:34.926 D/KeyguardViewMediator(  256): setHidden false
02-13 18:52:34.946 D/KeyguardViewMediator(  256): setHidden false
02-13 18:52:34.966 D/KeyguardViewMediator(  256): setHidden false
02-13 18:52:34.976 D/KeyguardViewMediator(  256): setHidden false
02-13 18:52:34.996 D/KeyguardViewMediator(  256): setHidden false
02-13 18:52:34.996 D/KeyguardViewMediator(  256): setHidden false
02-13 18:52:35.006 D/KeyguardViewMediator(  256): setHidden false
02-13 18:52:35.006 D/KeyguardViewMediator(  256): setHidden false
02-13 18:52:35.056 I/Mms/compose(  774): SLIDESHOW updateSendButtonState enable = true
02-13 18:52:35.056 I/Mms/compose(  774): SLIDESHOW setSendButtonText isMms = false
02-13 18:52:35.056 I/Mms/compose(  774): SLIDESHOW setSendButtonText isMms = false
02-13 18:52:35.076 D/KeyguardViewMediator(  256): setHidden false
02-13 18:52:35.086 D/KeyguardViewMediator(  256): setHidden false
02-13 18:52:35.106 D/KeyguardViewMediator(  256): setHidden false
02-13 18:52:35.126 D/KeyguardViewMediator(  256): setHidden false
02-13 18:52:35.136 D/KeyguardViewMediator(  256): setHidden false
02-13 18:52:35.146 D/KeyguardViewMediator(  256): setHidden false
02-13 18:52:35.156 D/KeyguardViewMediator(  256): setHidden false
02-13 18:52:35.156 D/KeyguardViewMediator(  256): setHidden false
02-13 18:52:35.166 D/KeyguardViewMediator(  256): setHidden false
02-13 18:52:35.176 D/KeyguardViewMediator(  256): setHidden false
02-13 18:52:35.256 I/Mms/compose(  774): SLIDESHOW updateSendButtonState enable = true
02-13 18:52:35.256 I/Mms/compose(  774): SLIDESHOW setSendButtonText isMms = false
02-13 18:52:35.256 I/Mms/compose(  774): SLIDESHOW setSendButtonText isMms = false
02-13 18:52:35.266 I/Mms/compose(  774): SLIDESHOW updateSendButtonState enable = true
02-13 18:52:35.266 I/Mms/compose(  774): SLIDESHOW setSendButtonText isMms = false
02-13 18:52:35.266 I/Mms/compose(  774): SLIDESHOW setSendButtonText isMms = false
02-13 18:52:35.276 D/KeyguardViewMediator(  256): setHidden false
02-13 18:52:35.286 D/KeyguardViewMediator(  256): setHidden false
02-13 18:52:35.306 D/KeyguardViewMediator(  256): setHidden false
02-13 18:52:35.336 D/KeyguardViewMediator(  256): setHidden false
02-13 18:52:35.346 D/KeyguardViewMediator(  256): setHidden false
02-13 18:52:35.366 D/KeyguardViewMediator(  256): setHidden false
02-13 18:52:35.376 D/KeyguardViewMediator(  256): setHidden false
02-13 18:52:35.376 D/KeyguardViewMediator(  256): setHidden false
02-13 18:52:35.487 D/KeyguardViewMediator(  256): setHidden false
02-13 18:52:35.507 D/KeyguardViewMediator(  256): setHidden false
02-13 18:52:35.517 D/KeyguardViewMediator(  256): setHidden false
02-13 18:52:35.567 I/Mms/compose(  774): SLIDESHOW updateSendButtonState enable = true
02-13 18:52:35.567 I/Mms/compose(  774): SLIDESHOW setSendButtonText isMms = false
02-13 18:52:35.567 I/Mms/compose(  774): SLIDESHOW setSendButtonText isMms = false
02-13 18:52:35.577 D/KeyguardViewMediator(  256): setHidden false
02-13 18:52:35.597 D/KeyguardViewMediator(  256): setHidden false
02-13 18:52:35.617 D/KeyguardViewMediator(  256): setHidden false
02-13 18:52:35.637 D/KeyguardViewMediator(  256): setHidden false
02-13 18:52:35.647 D/KeyguardViewMediator(  256): setHidden false
02-13 18:52:35.667 D/KeyguardViewMediator(  256): setHidden false
02-13 18:52:35.667 D/KeyguardViewMediator(  256): setHidden false
02-13 18:52:35.677 D/KeyguardViewMediator(  256): setHidden false
02-13 18:52:35.677 D/KeyguardViewMediator(  256): setHidden false
02-13 18:52:35.687 D/KeyguardViewMediator(  256): setHidden false
02-13 18:52:35.697 D/KeyguardViewMediator(  256): setHidden false
02-13 18:52:35.787 I/Mms/compose(  774): SLIDESHOW updateSendButtonState enable = true
02-13 18:52:35.787 I/Mms/compose(  774): SLIDESHOW setSendButtonText isMms = false
02-13 18:52:35.787 I/Mms/compose(  774): SLIDESHOW setSendButtonText isMms = false
02-13 18:52:35.807 D/KeyguardViewMediator(  256): setHidden false
02-13 18:52:35.817 D/KeyguardViewMediator(  256): setHidden false
02-13 18:52:35.847 D/KeyguardViewMediator(  256): setHidden false
02-13 18:52:35.847 D/KeyguardViewMediator(  256): setHidden false
02-13 18:52:35.877 D/KeyguardViewMediator(  256): setHidden false
02-13 18:52:35.897 D/KeyguardViewMediator(  256): setHidden false
02-13 18:52:35.897 D/KeyguardViewMediator(  256): setHidden false
02-13 18:52:35.907 D/KeyguardViewMediator(  256): setHidden false
02-13 18:52:35.927 D/KeyguardViewMediator(  256): setHidden false
02-13 18:52:35.937 D/KeyguardViewMediator(  256): setHidden false
02-13 18:52:35.957 D/KeyguardViewMediator(  256): setHidden false
02-13 18:52:36.017 I/Mms/compose(  774): SLIDESHOW updateSendButtonState enable = true
02-13 18:52:36.017 I/Mms/compose(  774): SLIDESHOW setSendButtonText isMms = false
02-13 18:52:36.017 I/Mms/compose(  774): SLIDESHOW setSendButtonText isMms = false
02-13 18:52:36.037 D/KeyguardViewMediator(  256): setHidden false
02-13 18:52:36.047 D/KeyguardViewMediator(  256): setHidden false
02-13 18:52:36.067 D/KeyguardViewMediator(  256): setHidden false
02-13 18:52:36.087 D/KeyguardViewMediator(  256): setHidden false
02-13 18:52:36.107 D/KeyguardViewMediator(  256): setHidden false
02-13 18:52:36.117 D/KeyguardViewMediator(  256): setHidden false
02-13 18:52:36.127 D/KeyguardViewMediator(  256): setHidden false
02-13 18:52:36.137 D/KeyguardViewMediator(  256): setHidden false
02-13 18:52:36.237 D/KeyguardViewMediator(  256): setHidden false
02-13 18:52:36.247 D/KeyguardViewMediator(  256): setHidden false
02-13 18:52:36.267 D/KeyguardViewMediator(  256): setHidden false
02-13 18:52:36.327 I/Mms/compose(  774): SLIDESHOW updateSendButtonState enable = true
02-13 18:52:36.327 I/Mms/compose(  774): SLIDESHOW setSendButtonText isMms = false
02-13 18:52:36.327 I/Mms/compose(  774): SLIDESHOW setSendButtonText isMms = false
02-13 18:52:36.347 D/KeyguardViewMediator(  256): setHidden false
02-13 18:52:36.357 D/KeyguardViewMediator(  256): setHidden false
02-13 18:52:36.377 D/KeyguardViewMediator(  256): setHidden false
02-13 18:52:36.407 D/KeyguardViewMediator(  256): setHidden false
02-13 18:52:36.417 D/KeyguardViewMediator(  256): setHidden false
02-13 18:52:36.427 D/KeyguardViewMediator(  256): setHidden false
02-13 18:52:36.447 D/KeyguardViewMediator(  256): setHidden false
02-13 18:52:36.457 D/KeyguardViewMediator(  256): setHidden false
02-13 18:52:36.468 D/KeyguardViewMediator(  256): setHidden false
02-13 18:52:36.478 D/KeyguardViewMediator(  256): setHidden false
02-13 18:52:36.488 D/KeyguardViewMediator(  256): setHidden false
02-13 18:52:36.548 I/Mms/compose(  774): SLIDESHOW updateSendButtonState enable = true
02-13 18:52:36.548 I/Mms/compose(  774): SLIDESHOW setSendButtonText isMms = false
02-13 18:52:36.558 I/Mms/compose(  774): SLIDESHOW setSendButtonText isMms = false
02-13 18:52:36.568 I/Mms/compose(  774): SLIDESHOW updateSendButtonState enable = true
02-13 18:52:36.568 I/Mms/compose(  774): SLIDESHOW setSendButtonText isMms = false
02-13 18:52:36.568 I/Mms/compose(  774): SLIDESHOW setSendButtonText isMms = false
02-13 18:52:36.588 D/KeyguardViewMediator(  256): setHidden false
02-13 18:52:36.598 D/KeyguardViewMediator(  256): setHidden false
02-13 18:52:36.618 D/KeyguardViewMediator(  256): setHidden false
02-13 18:52:36.638 D/KeyguardViewMediator(  256): setHidden false
02-13 18:52:36.648 D/KeyguardViewMediator(  256): setHidden false
02-13 18:52:36.678 D/KeyguardViewMediator(  256): setHidden false
02-13 18:52:36.688 D/KeyguardViewMediator(  256): setHidden false
02-13 18:52:36.698 D/KeyguardViewMediator(  256): setHidden false
02-13 18:52:36.758 D/KeyguardViewMediator(  256): setHidden false
02-13 18:52:36.778 D/KeyguardViewMediator(  256): setHidden false
02-13 18:52:36.798 D/KeyguardViewMediator(  256): setHidden false
02-13 18:52:36.878 I/Mms/compose(  774): SLIDESHOW updateSendButtonState enable = true
02-13 18:52:36.878 I/Mms/compose(  774): SLIDESHOW setSendButtonText isMms = false
02-13 18:52:36.878 I/Mms/compose(  774): SLIDESHOW setSendButtonText isMms = false
02-13 18:52:36.888 D/KeyguardViewMediator(  256): setHidden false
02-13 18:52:36.908 D/KeyguardViewMediator(  256): setHidden false
02-13 18:52:36.928 D/KeyguardViewMediator(  256): setHidden false
02-13 18:52:36.938 D/KeyguardViewMediator(  256): setHidden false
02-13 18:52:36.938 D/KeyguardViewMediator(  256): setHidden false
02-13 18:52:36.948 D/KeyguardViewMediator(  256): setHidden false
02-13 18:52:36.958 D/KeyguardViewMediator(  256): setHidden false
02-13 18:52:36.968 D/KeyguardViewMediator(  256): setHidden false
02-13 18:52:36.988 D/KeyguardViewMediator(  256): setHidden false
02-13 18:52:36.988 D/KeyguardViewMediator(  256): setHidden false
02-13 18:52:37.048 I/Mms/compose(  774): SLIDESHOW updateSendButtonState enable = true
02-13 18:52:37.048 I/Mms/compose(  774): SLIDESHOW setSendButtonText isMms = false
02-13 18:52:37.048 I/Mms/compose(  774): SLIDESHOW setSendButtonText isMms = false
02-13 18:52:37.058 D/KeyguardViewMediator(  256): setHidden false
02-13 18:52:37.078 D/KeyguardViewMediator(  256): setHidden false
02-13 18:52:37.088 D/KeyguardViewMediator(  256): setHidden false
02-13 18:52:37.108 D/KeyguardViewMediator(  256): setHidden false
02-13 18:52:37.128 D/KeyguardViewMediator(  256): setHidden false
02-13 18:52:37.148 D/KeyguardViewMediator(  256): setHidden false
02-13 18:52:37.158 D/KeyguardViewMediator(  256): setHidden false
02-13 18:52:37.168 D/KeyguardViewMediator(  256): setHidden false
02-13 18:52:37.238 D/KeyguardViewMediator(  256): setHidden false
02-13 18:52:37.248 D/KeyguardViewMediator(  256): setHidden false
02-13 18:52:37.268 D/KeyguardViewMediator(  256): setHidden false
02-13 18:52:37.318 I/Mms/compose(  774): SLIDESHOW updateSendButtonState enable = true
02-13 18:52:37.318 I/Mms/compose(  774): SLIDESHOW setSendButtonText isMms = false
02-13 18:52:37.318 I/Mms/compose(  774): SLIDESHOW setSendButtonText isMms = false
02-13 18:52:37.328 I/Mms/compose(  774): SLIDESHOW updateSendButtonState enable = true
02-13 18:52:37.328 I/Mms/compose(  774): SLIDESHOW setSendButtonText isMms = false
02-13 18:52:37.328 I/Mms/compose(  774): SLIDESHOW setSendButtonText isMms = false
02-13 18:52:37.348 D/KeyguardViewMediator(  256): setHidden false
02-13 18:52:37.368 D/KeyguardViewMediator(  256): setHidden false
02-13 18:52:37.378 D/KeyguardViewMediator(  256): setHidden false
02-13 18:52:37.408 D/KeyguardViewMediator(  256): setHidden false
02-13 18:52:37.418 D/KeyguardViewMediator(  256): setHidden false
02-13 18:52:37.438 D/KeyguardViewMediator(  256): setHidden false
02-13 18:52:37.448 D/KeyguardViewMediator(  256): setHidden false
02-13 18:52:37.458 D/KeyguardViewMediator(  256): setHidden false
02-13 18:52:37.539 D/KeyguardViewMediator(  256): setHidden false
02-13 18:52:37.559 D/KeyguardViewMediator(  256): setHidden false
02-13 18:52:37.569 D/KeyguardViewMediator(  256): setHidden false
02-13 18:52:37.659 I/Mms/compose(  774): SLIDESHOW updateSendButtonState enable = true
02-13 18:52:37.659 I/Mms/compose(  774): SLIDESHOW setSendButtonText isMms = false
02-13 18:52:37.669 I/Mms/compose(  774): SLIDESHOW setSendButtonText isMms = false
02-13 18:52:37.689 D/KeyguardViewMediator(  256): setHidden false
02-13 18:52:37.699 D/KeyguardViewMediator(  256): setHidden false
02-13 18:52:37.719 D/KeyguardViewMediator(  256): setHidden false
02-13 18:52:37.729 D/KeyguardViewMediator(  256): setHidden false
02-13 18:52:37.749 D/KeyguardViewMediator(  256): setHidden false
02-13 18:52:37.769 D/KeyguardViewMediator(  256): setHidden false
02-13 18:52:37.779 D/KeyguardViewMediator(  256): setHidden false
02-13 18:52:37.789 D/KeyguardViewMediator(  256): setHidden false
02-13 18:52:37.809 D/KeyguardViewMediator(  256): setHidden false
02-13 18:52:37.819 D/KeyguardViewMediator(  256): setHidden false
02-13 18:52:37.829 D/KeyguardViewMediator(  256): setHidden false
02-13 18:52:37.889 I/Mms/compose(  774): SLIDESHOW updateSendButtonState enable = true
02-13 18:52:37.889 I/Mms/compose(  774): SLIDESHOW setSendButtonText isMms = false
02-13 18:52:37.899 I/Mms/compose(  774): SLIDESHOW setSendButtonText isMms = false
02-13 18:52:37.929 D/KeyguardViewMediator(  256): setHidden false
02-13 18:52:37.939 D/KeyguardViewMediator(  256): setHidden false
02-13 18:52:37.959 D/KeyguardViewMediator(  256): setHidden false
02-13 18:52:37.979 D/KeyguardViewMediator(  256): setHidden false
02-13 18:52:37.989 D/KeyguardViewMediator(  256): setHidden false
02-13 18:52:38.009 D/KeyguardViewMediator(  256): setHidden false
02-13 18:52:38.019 D/KeyguardViewMediator(  256): setHidden false
02-13 18:52:38.019 D/KeyguardViewMediator(  256): setHidden false
02-13 18:52:38.029 D/KeyguardViewMediator(  256): setHidden false
02-13 18:52:38.079 I/Mms/compose(  774): SLIDESHOW updateSendButtonState enable = true
02-13 18:52:38.079 I/Mms/compose(  774): SLIDESHOW setSendButtonText isMms = false
02-13 18:52:38.079 I/Mms/compose(  774): SLIDESHOW setSendButtonText isMms = false
02-13 18:52:38.079 I/Mms/compose(  774): SLIDESHOW updateSendButtonState enable = true
02-13 18:52:38.079 I/Mms/compose(  774): SLIDESHOW setSendButtonText isMms = false
02-13 18:52:38.079 I/Mms/compose(  774): SLIDESHOW setSendButtonText isMms = false
02-13 18:52:38.099 D/KeyguardViewMediator(  256): setHidden false
02-13 18:52:38.119 D/KeyguardViewMediator(  256): setHidden false
02-13 18:52:38.129 D/KeyguardViewMediator(  256): setHidden false
02-13 18:52:38.149 D/KeyguardViewMediator(  256): setHidden false
02-13 18:52:38.169 D/KeyguardViewMediator(  256): setHidden false
02-13 18:52:38.189 D/KeyguardViewMediator(  256): setHidden false
02-13 18:52:38.199 D/KeyguardViewMediator(  256): setHidden false
02-13 18:52:38.209 D/KeyguardViewMediator(  256): setHidden false
02-13 18:52:38.309 D/KeyguardViewMediator(  256): setHidden false
02-13 18:52:38.339 D/KeyguardViewMediator(  256): setHidden false
02-13 18:52:38.349 D/KeyguardViewMediator(  256): setHidden false
02-13 18:52:38.419 I/Mms/compose(  774): SLIDESHOW updateSendButtonState enable = true
02-13 18:52:38.419 I/Mms/compose(  774): SLIDESHOW setSendButtonText isMms = false
02-13 18:52:38.419 I/Mms/compose(  774): SLIDESHOW setSendButtonText isMms = false
02-13 18:52:38.439 D/KeyguardViewMediator(  256): setHidden false
02-13 18:52:38.449 D/KeyguardViewMediator(  256): setHidden false
02-13 18:52:38.459 D/KeyguardViewMediator(  256): setHidden false
02-13 18:52:38.459 D/KeyguardViewMediator(  256): setHidden false
02-13 18:52:38.479 D/KeyguardViewMediator(  256): setHidden false
02-13 18:52:38.489 D/KeyguardViewMediator(  256): setHidden false
02-13 18:52:38.509 D/KeyguardViewMediator(  256): setHidden false
