02-13 18:52:15.817 D/MobileDataStateTracker(  256): [default]  MobileDataStateReceiver onReceive(): Entry.
02-13 18:52:15.817 D/MobileDataStateTracker(  256): [default]  intent.getAction()= android.intent.action.ANY_DATA_STATE
02-13 18:52:15.817 D/MobileDataStateTracker(  256): [default]  mEnabled = true
02-13 18:52:15.817 D/KeyguardViewMediator(  256): keyguardDone(true)
02-13 18:52:15.817 D/Phone   (  342): [PhoneNotifier] [DefaultPhoneNotifier] : mms, INET, CONNECTED
02-13 18:52:15.827 D/MobileDataStateTracker(  256): [default]  apnTypeList = default
02-13 18:52:15.827 D/MobileDataStateTracker(  256): [default]  unavailable = false
02-13 18:52:15.827 D/MobileDataStateTracker(  256): [default] CALL updateMobileInfoFromIntent
02-13 18:52:15.827 I/MobileDataStateTracker(  256): [default] dc state change intent received for default/INET with state  CONNECTED. enabled=true state change reason = radioTechnologyChanged
02-13 18:52:15.827 I/MobileDataStateTracker(  256): [default] old state = CONNECTED
02-13 18:52:15.827 I/MobileDataStateTracker(  256): [default] no change,  just return
02-13 18:52:15.827 D/MobileDataStateTracker(  256): [default] No need to update detailed state
02-13 18:52:15.827 D/MobileDataStateTracker(  256): [hipri]  MobileDataStateReceiver onReceive(): Entry.
02-13 18:52:15.827 D/MobileDataStateTracker(  256): [hipri]  intent.getAction()= android.intent.action.ANY_DATA_STATE
02-13 18:52:15.827 D/MobileDataStateTracker(  256): [hipri]  mEnabled = false
02-13 18:52:15.837 I/TelephonyRegistry(  256): notifyDataConnection: state=2 isDataConnectivityPossible=true reason=radioTechnologyChanged interfaceName=rmnet0 networkType=7 apnType=mms apn=null
02-13 18:52:15.837 I/TelephonyRegistry(  256): +++broadcastDataConnectionStateChanged
02-13 18:52:15.837 I/TelephonyRegistry(  256): +++sendStickyBroadcast
02-13 18:52:15.847 D/MobileDataStateTracker(  256): [hipri]  apnTypeList = default
02-13 18:52:15.847 D/MobileDataStateTracker(  256): [hipri]  unavailable = false
02-13 18:52:15.847 D/MobileDataStateTracker(  256): [hipri] Do not process intents if disabled.
02-13 18:52:15.847 D/MobileDataStateTracker(  256): [dun]  MobileDataStateReceiver onReceive(): Entry.
02-13 18:52:15.847 D/MobileDataStateTracker(  256): [dun]  intent.getAction()= android.intent.action.ANY_DATA_STATE
02-13 18:52:15.847 D/MobileDataStateTracker(  256): [dun]  mEnabled = false
02-13 18:52:15.847 D/KeyguardViewMediator(  256): handleKeyguardDone
02-13 18:52:15.847 D/KeyguardViewMediator(  256): handleHide
02-13 18:52:15.847 D/KeyguardViewMediator(  256): adjustUserActivityLocked mShowing: false mHidden: false
02-13 18:52:15.847 D/Phone   (  342): [PhoneNotifier] [DefaultPhoneNotifier] : mms, INET6, DISCONNECTED
02-13 18:52:15.857 D/PowerManagerService(  256): UnPartial  wakeLock  reactivate ,flags=0x1000001a tag=keyguard
02-13 18:52:15.857 D/PowerManagerService(  256): releaseWakeLock flags=0x1000001a tag=keyguard
02-13 18:52:15.857 D/KeyguardViewMediator(  256): setHidden false
02-13 18:52:15.867 D/KeyguardViewMediator(  256): setHidden false
02-13 18:52:15.877 D/KeyguardViewMediator(  256): setHidden false
02-13 18:52:15.887 D/KeyguardViewMediator(  256): setHidden false
02-13 18:52:15.907 D/KeyguardViewMediator(  256): setHidden false
02-13 18:52:15.927 D/MobileDataStateTracker(  256): [dun]  apnTypeList = default
02-13 18:52:15.927 D/MobileDataStateTracker(  256): [dun]  unavailable = false
02-13 18:52:15.927 D/MobileDataStateTracker(  256): [dun] Do not process intents if disabled.
02-13 18:52:15.927 D/MobileDataStateTracker(  256): [supl]  MobileDataStateReceiver onReceive(): Entry.
02-13 18:52:15.927 D/MobileDataStateTracker(  256): [supl]  intent.getAction()= android.intent.action.ANY_DATA_STATE
02-13 18:52:15.927 D/MobileDataStateTracker(  256): [supl]  mEnabled = false
02-13 18:52:15.927 I/TelephonyRegistry(  256): notifyDataConnection: state=0 isDataConnectivityPossible=true reason=radioTechnologyChanged interfaceName=null networkType=7 apnType=mms apn=null
02-13 18:52:15.927 I/TelephonyRegistry(  256): +++broadcastDataConnectionStateChanged
02-13 18:52:15.927 D/KeyguardViewMediator(  256): setHidden false
02-13 18:52:15.927 I/TelephonyRegistry(  256): +++sendStickyBroadcast
02-13 18:52:15.937 D/MobileDataStateTracker(  256): [supl]  apnTypeList = default
02-13 18:52:15.937 D/MobileDataStateTracker(  256): [supl]  unavailable = false
02-13 18:52:15.937 D/MobileDataStateTracker(  256): [supl] Do not process intents if disabled.
02-13 18:52:15.937 D/MobileDataStateTracker(  256): [mms]  MobileDataStateReceiver onReceive(): Entry.
02-13 18:52:15.937 D/MobileDataStateTracker(  256): [mms]  intent.getAction()= android.intent.action.ANY_DATA_STATE
02-13 18:52:15.937 D/MobileDataStateTracker(  256): [mms]  mEnabled = false
02-13 18:52:15.937 D/MobileDataStateTracker(  256): [mms]  apnTypeList = default
02-13 18:52:15.937 D/MobileDataStateTracker(  256): [mms]  unavailable = false
02-13 18:52:15.937 D/MobileDataStateTracker(  256): [mms] Do not process intents if disabled.
02-13 18:52:15.937 D/MobileDataStateTracker(  256): [default]  MobileDataStateReceiver onReceive(): Entry.
02-13 18:52:15.937 D/MobileDataStateTracker(  256): [default]  intent.getAction()= android.intent.action.ANY_DATA_STATE
02-13 18:52:15.937 D/MobileDataStateTracker(  256): [default]  mEnabled = true
02-13 18:52:15.937 D/KeyguardViewMediator(  256): setHidden false
02-13 18:52:15.947 D/Phone   (  342): [PhoneNotifier] [DefaultPhoneNotifier] : supl, INET, CONNECTED
02-13 18:52:15.957 D/MobileDataStateTracker(  256): [default]  apnTypeList = default
02-13 18:52:15.957 D/MobileDataStateTracker(  256): [default]  unavailable = false
02-13 18:52:15.957 D/MobileDataStateTracker(  256): [default] CALL updateMobileInfoFromIntent
02-13 18:52:15.957 I/MobileDataStateTracker(  256): [default] dc state change intent received for default/INET6 with state  DISCONNECTED. enabled=true state change reason = radioTechnologyChanged
02-13 18:52:15.957 I/MobileDataStateTracker(  256): [default] old state = DISCONNECTED
02-13 18:52:15.957 I/MobileDataStateTracker(  256): [default] no change,  just return
02-13 18:52:15.957 D/MobileDataStateTracker(  256): [default] No need to update detailed state
02-13 18:52:15.957 D/MobileDataStateTracker(  256): [hipri]  MobileDataStateReceiver onReceive(): Entry.
02-13 18:52:15.957 D/MobileDataStateTracker(  256): [hipri]  intent.getAction()= android.intent.action.ANY_DATA_STATE
02-13 18:52:15.957 D/MobileDataStateTracker(  256): [hipri]  mEnabled = false
02-13 18:52:15.957 I/TelephonyRegistry(  256): notifyDataConnection: state=2 isDataConnectivityPossible=true reason=radioTechnologyChanged interfaceName=rmnet0 networkType=7 apnType=supl apn=null
02-13 18:52:15.957 I/TelephonyRegistry(  256): +++broadcastDataConnectionStateChanged
02-13 18:52:15.957 I/TelephonyRegistry(  256): +++sendStickyBroadcast
02-13 18:52:15.957 D/KeyguardViewMediator(  256): setHidden false
02-13 18:52:15.957 D/MobileDataStateTracker(  256): [hipri]  apnTypeList = mms
02-13 18:52:15.957 D/MobileDataStateTracker(  256): [hipri]  unavailable = false
02-13 18:52:15.957 D/MobileDataStateTracker(  256): [hipri] Do not process intents if disabled.
02-13 18:52:15.957 D/MobileDataStateTracker(  256): [dun]  MobileDataStateReceiver onReceive(): Entry.
02-13 18:52:15.957 D/MobileDataStateTracker(  256): [dun]  intent.getAction()= android.intent.action.ANY_DATA_STATE
02-13 18:52:15.957 D/MobileDataStateTracker(  256): [dun]  mEnabled = false
02-13 18:52:15.968 D/MobileDataStateTracker(  256): [dun]  apnTypeList = mms
02-13 18:52:15.968 D/MobileDataStateTracker(  256): [dun]  unavailable = false
02-13 18:52:15.968 D/MobileDataStateTracker(  256): [dun] Do not process intents if disabled.
02-13 18:52:15.968 D/MobileDataStateTracker(  256): [supl]  MobileDataStateReceiver onReceive(): Entry.
02-13 18:52:15.968 D/MobileDataStateTracker(  256): [supl]  intent.getAction()= android.intent.action.ANY_DATA_STATE
02-13 18:52:15.978 D/MobileDataStateTracker(  256): [supl]  mEnabled = false
02-13 18:52:15.978 D/Phone   (  342): [PhoneNotifier] [DefaultPhoneNotifier] : supl, INET6, DISCONNECTED
02-13 18:52:15.978 D/KeyguardViewMediator(  256): setHidden false
02-13 18:52:15.978 I/TelephonyRegistry(  256): notifyDataConnection: state=0 isDataConnectivityPossible=true reason=radioTechnologyChanged interfaceName=null networkType=7 apnType=supl apn=null
02-13 18:52:15.978 I/TelephonyRegistry(  256): +++broadcastDataConnectionStateChanged
02-13 18:52:15.988 D/MobileDataStateTracker(  256): [supl]  apnTypeList = mms
02-13 18:52:15.988 D/MobileDataStateTracker(  256): [supl]  unavailable = false
02-13 18:52:15.988 D/MobileDataStateTracker(  256): [supl] Do not process intents if disabled.
02-13 18:52:15.988 D/MobileDataStateTracker(  256): [mms]  MobileDataStateReceiver onReceive(): Entry.
02-13 18:52:15.988 D/MobileDataStateTracker(  256): [mms]  intent.getAction()= android.intent.action.ANY_DATA_STATE
02-13 18:52:15.988 D/MobileDataStateTracker(  256): [mms]  mEnabled = false
02-13 18:52:15.988 I/TelephonyRegistry(  256): +++sendStickyBroadcast
02-13 18:52:15.988 D/MobileDataStateTracker(  256): [mms]  apnTypeList = mms
02-13 18:52:15.988 D/MobileDataStateTracker(  256): [mms]  unavailable = false
02-13 18:52:15.988 D/MobileDataStateTracker(  256): [mms] Do not process intents if disabled.
02-13 18:52:15.988 D/MobileDataStateTracker(  256): [default]  MobileDataStateReceiver onReceive(): Entry.
02-13 18:52:15.988 D/MobileDataStateTracker(  256): [default]  intent.getAction()= android.intent.action.ANY_DATA_STATE
02-13 18:52:15.988 D/MobileDataStateTracker(  256): [default]  mEnabled = true
02-13 18:52:15.988 D/MobileDataStateTracker(  256): [default]  apnTypeList = mms
02-13 18:52:15.988 D/MobileDataStateTracker(  256): [default]  unavailable = false
02-13 18:52:15.988 D/MobileDataStateTracker(  256): [default] not what we are looking for.
02-13 18:52:15.988 D/MobileDataStateTracker(  256): [hipri]  MobileDataStateReceiver onReceive(): Entry.
02-13 18:52:15.988 D/MobileDataStateTracker(  256): [hipri]  intent.getAction()= android.intent.action.ANY_DATA_STATE
02-13 18:52:15.988 D/MobileDataStateTracker(  256): [hipri]  mEnabled = false
02-13 18:52:15.998 D/KeyguardViewMediator(  256): setHidden false
02-13 18:52:15.998 D/Phone   (  342): [PhoneNotifier] [DefaultPhoneNotifier] : dun, INET, DISCONNECTED
02-13 18:52:16.008 I/TelephonyRegistry(  256): notifyDataConnection: state=0 isDataConnectivityPossible=true reason=radioTechnologyChanged interfaceName=null networkType=7 apnType=dun apn=null
02-13 18:52:16.008 I/TelephonyRegistry(  256): +++broadcastDataConnectionStateChanged
02-13 18:52:16.008 I/TelephonyRegistry(  256): +++sendStickyBroadcast
02-13 18:52:16.008 D/MobileDataStateTracker(  256): [hipri]  apnTypeList = mms
02-13 18:52:16.008 D/MobileDataStateTracker(  256): [hipri]  unavailable = false
02-13 18:52:16.008 D/MobileDataStateTracker(  256): [hipri] Do not process intents if disabled.
02-13 18:52:16.008 D/MobileDataStateTracker(  256): [dun]  MobileDataStateReceiver onReceive(): Entry.
02-13 18:52:16.008 D/MobileDataStateTracker(  256): [dun]  intent.getAction()= android.intent.action.ANY_DATA_STATE
02-13 18:52:16.008 D/MobileDataStateTracker(  256): [dun]  mEnabled = false
02-13 18:52:16.008 D/KeyguardViewMediator(  256): setHidden false
02-13 18:52:16.008 D/MobileDataStateTracker(  256): [dun]  apnTypeList = mms
02-13 18:52:16.008 D/MobileDataStateTracker(  256): [dun]  unavailable = false
02-13 18:52:16.008 D/MobileDataStateTracker(  256): [dun] Do not process intents if disabled.
02-13 18:52:16.008 D/MobileDataStateTracker(  256): [supl]  MobileDataStateReceiver onReceive(): Entry.
02-13 18:52:16.008 D/MobileDataStateTracker(  256): [supl]  intent.getAction()= android.intent.action.ANY_DATA_STATE
02-13 18:52:16.008 D/MobileDataStateTracker(  256): [supl]  mEnabled = false
02-13 18:52:16.018 D/MobileDataStateTracker(  256): [supl]  apnTypeList = mms
02-13 18:52:16.018 D/MobileDataStateTracker(  256): [supl]  unavailable = false
02-13 18:52:16.018 D/MobileDataStateTracker(  256): [supl] Do not process intents if disabled.
02-13 18:52:16.018 D/MobileDataStateTracker(  256): [mms]  MobileDataStateReceiver onReceive(): Entry.
02-13 18:52:16.018 D/MobileDataStateTracker(  256): [mms]  intent.getAction()= android.intent.action.ANY_DATA_STATE
02-13 18:52:16.018 D/MobileDataStateTracker(  256): [mms]  mEnabled = false
02-13 18:52:16.018 D/MobileDataStateTracker(  256): [mms]  apnTypeList = mms
02-13 18:52:16.018 D/MobileDataStateTracker(  256): [mms]  unavailable = false
02-13 18:52:16.018 D/MobileDataStateTracker(  256): [mms] Do not process intents if disabled.
02-13 18:52:16.018 D/MobileDataStateTracker(  256): [default]  MobileDataStateReceiver onReceive(): Entry.
02-13 18:52:16.018 D/MobileDataStateTracker(  256): [default]  intent.getAction()= android.intent.action.ANY_DATA_STATE
02-13 18:52:16.018 D/MobileDataStateTracker(  256): [default]  mEnabled = true
02-13 18:52:16.018 D/MobileDataStateTracker(  256): [default]  apnTypeList = mms
02-13 18:52:16.018 D/MobileDataStateTracker(  256): [default]  unavailable = false
02-13 18:52:16.018 D/MobileDataStateTracker(  256): [default] not what we are looking for.
02-13 18:52:16.018 D/MobileDataStateTracker(  256): [hipri]  MobileDataStateReceiver onReceive(): Entry.
02-13 18:52:16.018 D/MobileDataStateTracker(  256): [hipri]  intent.getAction()= android.intent.action.ANY_DATA_STATE
02-13 18:52:16.018 D/MobileDataStateTracker(  256): [hipri]  mEnabled = false
02-13 18:52:16.028 D/Mms     (  774): currentRoamingStatus:1
02-13 18:52:16.028 D/KeyguardViewMediator(  256): setHidden false
02-13 18:52:16.028 D/Phone   (  342): [PhoneNotifier] [DefaultPhoneNotifier] : dun, INET6, DISCONNECTED
02-13 18:52:16.038 D/MobileDataStateTracker(  256): [hipri]  apnTypeList = supl
02-13 18:52:16.038 D/MobileDataStateTracker(  256): [hipri]  unavailable = false
02-13 18:52:16.038 D/MobileDataStateTracker(  256): [hipri] Do not process intents if disabled.
02-13 18:52:16.038 D/MobileDataStateTracker(  256): [dun]  MobileDataStateReceiver onReceive(): Entry.
02-13 18:52:16.038 D/MobileDataStateTracker(  256): [dun]  intent.getAction()= android.intent.action.ANY_DATA_STATE
02-13 18:52:16.038 D/MobileDataStateTracker(  256): [dun]  mEnabled = false
02-13 18:52:16.038 D/KeyguardViewMediator(  256): setHidden false
02-13 18:52:16.048 I/TelephonyRegistry(  256): notifyDataConnection: state=0 isDataConnectivityPossible=true reason=radioTechnologyChanged interfaceName=null networkType=7 apnType=dun apn=null
02-13 18:52:16.048 I/TelephonyRegistry(  256): +++broadcastDataConnectionStateChanged
02-13 18:52:16.048 D/MobileDataStateTracker(  256): [dun]  apnTypeList = supl
02-13 18:52:16.048 D/MobileDataStateTracker(  256): [dun]  unavailable = false
02-13 18:52:16.048 D/MobileDataStateTracker(  256): [dun] Do not process intents if disabled.
02-13 18:52:16.048 D/MobileDataStateTracker(  256): [supl]  MobileDataStateReceiver onReceive(): Entry.
02-13 18:52:16.048 D/MobileDataStateTracker(  256): [supl]  intent.getAction()= android.intent.action.ANY_DATA_STATE
02-13 18:52:16.048 D/MobileDataStateTracker(  256): [supl]  mEnabled = false
02-13 18:52:16.048 I/TelephonyRegistry(  256): +++sendStickyBroadcast
02-13 18:52:16.048 D/MobileDataStateTracker(  256): [supl]  apnTypeList = supl
02-13 18:52:16.048 D/MobileDataStateTracker(  256): [supl]  unavailable = false
02-13 18:52:16.058 D/MobileDataStateTracker(  256): [supl] Do not process intents if disabled.
02-13 18:52:16.058 D/MobileDataStateTracker(  256): [mms]  MobileDataStateReceiver onReceive(): Entry.
02-13 18:52:16.058 D/MobileDataStateTracker(  256): [mms]  intent.getAction()= android.intent.action.ANY_DATA_STATE
02-13 18:52:16.058 D/MobileDataStateTracker(  256): [mms]  mEnabled = false
02-13 18:52:16.058 D/MobileDataStateTracker(  256): [mms]  apnTypeList = supl
02-13 18:52:16.058 D/MobileDataStateTracker(  256): [mms]  unavailable = false
02-13 18:52:16.058 D/MobileDataStateTracker(  256): [mms] Do not process intents if disabled.
02-13 18:52:16.058 D/MobileDataStateTracker(  256): [default]  MobileDataStateReceiver onReceive(): Entry.
02-13 18:52:16.058 D/MobileDataStateTracker(  256): [default]  intent.getAction()= android.intent.action.ANY_DATA_STATE
02-13 18:52:16.058 D/MobileDataStateTracker(  256): [default]  mEnabled = true
02-13 18:52:16.058 D/MobileDataStateTracker(  256): [default]  apnTypeList = supl
02-13 18:52:16.058 D/MobileDataStateTracker(  256): [default]  unavailable = false
02-13 18:52:16.058 D/MobileDataStateTracker(  256): [default] not what we are looking for.
02-13 18:52:16.058 D/MobileDataStateTracker(  256): [hipri]  MobileDataStateReceiver onReceive(): Entry.
02-13 18:52:16.058 D/MobileDataStateTracker(  256): [hipri]  intent.getAction()= android.intent.action.ANY_DATA_STATE
02-13 18:52:16.058 D/MobileDataStateTracker(  256): [hipri]  mEnabled = false
02-13 18:52:16.058 D/KeyguardViewMediator(  256): setHidden false
02-13 18:52:16.068 D/Phone   (  342): [PhoneNotifier] [DefaultPhoneNotifier] : hipri, INET, CONNECTED
02-13 18:52:16.068 I/TelephonyRegistry(  256): notifyDataConnection: state=2 isDataConnectivityPossible=true reason=radioTechnologyChanged interfaceName=rmnet0 networkType=7 apnType=hipri apn=null
02-13 18:52:16.068 I/TelephonyRegistry(  256): +++broadcastDataConnectionStateChanged
02-13 18:52:16.068 I/TelephonyRegistry(  256): +++sendStickyBroadcast
02-13 18:52:16.068 D/Phone   (  342): [PhoneNotifier] [DefaultPhoneNotifier] : hipri, INET6, DISCONNECTED
02-13 18:52:16.078 D/MobileDataStateTracker(  256): [hipri]  apnTypeList = supl
02-13 18:52:16.078 D/MobileDataStateTracker(  256): [hipri]  unavailable = false
02-13 18:52:16.078 D/MobileDataStateTracker(  256): [hipri] Do not process intents if disabled.
02-13 18:52:16.078 D/MobileDataStateTracker(  256): [dun]  MobileDataStateReceiver onReceive(): Entry.
02-13 18:52:16.078 D/MobileDataStateTracker(  256): [dun]  intent.getAction()= android.intent.action.ANY_DATA_STATE
02-13 18:52:16.078 D/KeyguardViewMediator(  256): setHidden false
02-13 18:52:16.078 D/MobileDataStateTracker(  256): [dun]  mEnabled = false
02-13 18:52:16.078 D/MobileDataStateTracker(  256): [dun]  apnTypeList = supl
02-13 18:52:16.078 D/MobileDataStateTracker(  256): [dun]  unavailable = false
02-13 18:52:16.078 D/MobileDataStateTracker(  256): [dun] Do not process intents if disabled.
02-13 18:52:16.078 D/MobileDataStateTracker(  256): [supl]  MobileDataStateReceiver onReceive(): Entry.
02-13 18:52:16.078 D/MobileDataStateTracker(  256): [supl]  intent.getAction()= android.intent.action.ANY_DATA_STATE
02-13 18:52:16.078 D/MobileDataStateTracker(  256): [supl]  mEnabled = false
02-13 18:52:16.088 D/MobileDataStateTracker(  256): [supl]  apnTypeList = supl
02-13 18:52:16.088 D/MobileDataStateTracker(  256): [supl]  unavailable = false
02-13 18:52:16.088 D/MobileDataStateTracker(  256): [supl] Do not process intents if disabled.
02-13 18:52:16.088 D/MobileDataStateTracker(  256): [mms]  MobileDataStateReceiver onReceive(): Entry.
02-13 18:52:16.088 D/MobileDataStateTracker(  256): [mms]  intent.getAction()= android.intent.action.ANY_DATA_STATE
02-13 18:52:16.088 D/MobileDataStateTracker(  256): [mms]  mEnabled = false
02-13 18:52:16.088 I/TelephonyRegistry(  256): notifyDataConnection: state=0 isDataConnectivityPossible=true reason=radioTechnologyChanged interfaceName=null networkType=7 apnType=hipri apn=null
02-13 18:52:16.088 I/TelephonyRegistry(  256): +++broadcastDataConnectionStateChanged
02-13 18:52:16.088 I/TelephonyRegistry(  256): +++sendStickyBroadcast
02-13 18:52:16.088 D/AudioHardwareMSM7X30(  114): AudioStreamOutMSM72xx::standby()
02-13 18:52:16.088 D/AudioHardwareMSM7X30(  114): Deroute pcm out stream
02-13 18:52:16.088 D/AudioHardwareMSM7X30(  114): updateDeviceInfo: E rx_device 0 and tx_device 9
02-13 18:52:16.088 D/AudioHardwareMSM7X30(  114): No active voicecall/playback, disabling cur_rx 0
02-13 18:52:16.088 D/AudioHardwareMSM7X30(  114): value of device and enable is 0 0 ALSA dev id:0
02-13 18:52:16.088 D/AudioHardwareMSM7X30(  114): No active voicecall/recording, disabling cur_tx 9
02-13 18:52:16.088 D/AudioHardwareMSM7X30(  114): value of device and enable is 9 0 ALSA dev id:12
02-13 18:52:16.088 E/AudioHardwareMSM7X30(  114): There is no node in the routing table!
02-13 18:52:16.088 D/AudioHardwareMSM7X30(  114): updateDeviceInfo: X cur_rx 0 cur_tx 9
02-13 18:52:16.088 D/KeyguardViewMediator(  256): setHidden false
02-13 18:52:16.098 D/Mms     (  774): currentRoamingStatus:1
02-13 18:52:16.098 D/MobileDataStateTracker(  256): [mms]  apnTypeList = supl
02-13 18:52:16.098 D/MobileDataStateTracker(  256): [mms]  unavailable = false
02-13 18:52:16.098 D/MobileDataStateTracker(  256): [mms] Do not process intents if disabled.
02-13 18:52:16.098 D/MobileDataStateTracker(  256): [default]  MobileDataStateReceiver onReceive(): Entry.
02-13 18:52:16.098 D/MobileDataStateTracker(  256): [default]  intent.getAction()= android.intent.action.ANY_DATA_STATE
02-13 18:52:16.098 D/MobileDataStateTracker(  256): [default]  mEnabled = true
02-13 18:52:16.098 D/MobileDataStateTracker(  256): [default]  apnTypeList = supl
02-13 18:52:16.098 D/MobileDataStateTracker(  256): [default]  unavailable = false
02-13 18:52:16.098 D/MobileDataStateTracker(  256): [default] not what we are looking for.
02-13 18:52:16.098 D/MobileDataStateTracker(  256): [hipri]  MobileDataStateReceiver onReceive(): Entry.
02-13 18:52:16.098 D/MobileDataStateTracker(  256): [hipri]  intent.getAction()= android.intent.action.ANY_DATA_STATE
02-13 18:52:16.098 D/MobileDataStateTracker(  256): [hipri]  mEnabled = false
02-13 18:52:16.108 D/MobileDataStateTracker(  256): [hipri]  apnTypeList = dun
02-13 18:52:16.108 D/MobileDataStateTracker(  256): [hipri]  unavailable = false
02-13 18:52:16.108 D/MobileDataStateTracker(  256): [hipri] Do not process intents if disabled.
02-13 18:52:16.108 D/MobileDataStateTracker(  256): [dun]  MobileDataStateReceiver onReceive(): Entry.
02-13 18:52:16.108 D/MobileDataStateTracker(  256): [dun]  intent.getAction()= android.intent.action.ANY_DATA_STATE
02-13 18:52:16.108 D/MobileDataStateTracker(  256): [dun]  mEnabled = false
02-13 18:52:16.108 D/MobileDataStateTracker(  256): [dun]  apnTypeList = dun
02-13 18:52:16.108 D/MobileDataStateTracker(  256): [dun]  unavailable = false
02-13 18:52:16.108 D/MobileDataStateTracker(  256): [dun] Do not process intents if disabled.
02-13 18:52:16.108 D/MobileDataStateTracker(  256): [supl]  MobileDataStateReceiver onReceive(): Entry.
02-13 18:52:16.108 D/MobileDataStateTracker(  256): [supl]  intent.getAction()= android.intent.action.ANY_DATA_STATE
02-13 18:52:16.108 D/MobileDataStateTracker(  256): [supl]  mEnabled = false
02-13 18:52:16.108 D/KeyguardViewMediator(  256): setHidden false
02-13 18:52:16.118 D/DATA    (  342): [DCT(0) ] Resetting all profiles and service states!
02-13 18:52:16.118 D/PhoneApp(  342): mReceiver: ACTION_ANY_DATA_CONNECTION_STATE_CHANGED
02-13 18:52:16.118 D/PhoneApp(  342): - state: CONNECTED
02-13 18:52:16.118 D/PhoneApp(  342): - reason: radioTechnologyChanged
02-13 18:52:16.118 D/PhoneApp(  342): mReceiver: ACTION_ANY_DATA_CONNECTION_STATE_CHANGED
02-13 18:52:16.118 D/PhoneApp(  342): - state: CONNECTED
02-13 18:52:16.118 D/PhoneApp(  342): - reason: radioTechnologyChanged
02-13 18:52:16.118 D/PhoneApp(  342): mReceiver: ACTION_ANY_DATA_CONNECTION_STATE_CHANGED
02-13 18:52:16.118 D/PhoneApp(  342): - state: CONNECTED
02-13 18:52:16.118 D/PhoneApp(  342): - reason: radioTechnologyChanged
02-13 18:52:16.118 D/PhoneApp(  342): mReceiver: ACTION_ANY_DATA_CONNECTION_STATE_CHANGED
02-13 18:52:16.118 D/PhoneApp(  342): - state: CONNECTED
02-13 18:52:16.118 D/PhoneApp(  342): - reason: radioTechnologyChanged
02-13 18:52:16.118 D/PhoneApp(  342): mReceiver: ACTION_ANY_DATA_CONNECTION_STATE_CHANGED
02-13 18:52:16.118 D/PhoneApp(  342): - state: CONNECTED
02-13 18:52:16.118 D/PhoneApp(  342): - reason: radioTechnologyChanged
02-13 18:52:16.118 D/PhoneApp(  342): mReceiver: ACTION_ANY_DATA_CONNECTION_STATE_CHANGED
02-13 18:52:16.118 D/PhoneApp(  342): - state: CONNECTED
02-13 18:52:16.118 D/PhoneApp(  342): - reason: radioTechnologyChanged
02-13 18:52:16.118 D/PhoneApp(  342): mReceiver: ACTION_ANY_DATA_CONNECTION_STATE_CHANGED
02-13 18:52:16.118 D/PhoneApp(  342): - state: CONNECTED
02-13 18:52:16.118 D/PhoneApp(  342): - reason: radioTechnologyChanged
02-13 18:52:16.118 D/PhoneApp(  342): mReceiver: ACTION_ANY_DATA_CONNECTION_STATE_CHANGED
02-13 18:52:16.118 D/PhoneApp(  342): - state: CONNECTED
02-13 18:52:16.118 D/PhoneApp(  342): - reason: radioTechnologyChanged
02-13 18:52:16.118 D/PhoneApp(  342): mReceiver: ACTION_ANY_DATA_CONNECTION_STATE_CHANGED
02-13 18:52:16.118 D/PhoneApp(  342): - state: CONNECTED
02-13 18:52:16.118 D/PhoneApp(  342): - reason: radioTechnologyChanged
02-13 18:52:16.118 I/DATA    (  342): [DCT(0) ] onUpdateDataConnections: reason=radioTechnologyChanged
02-13 18:52:16.118 I/DATA    (  342): [DCT(0) ] ---dc list---
02-13 18:52:16.118 I/DATA    (  342): [DCT(0) ] cid = 0, state = DcActiveState, bearerType = IP, ipaddress = 173.155.101.96, gw=173.155.101.97, dns=[68.28.67.132, 68.28.68.132]
02-13 18:52:16.118 I/DATA    (  342): [DCT(0) ] ---ds list---
02-13 18:52:16.118 I/DATA    (  342): [DCT(0) ] ds= SERVICE_TYPE_DEFAULT, enabled = true, active = v4:CONNECTED(0) v6:IDLE
02-13 18:52:16.118 I/DATA    (  342): [DCT(0) ] ds= SERVICE_TYPE_MMS, enabled = false, active = v4:CONNECTED(0) v6:IDLE
02-13 18:52:16.118 I/DATA    (  342): [DCT(0) ] ds= SERVICE_TYPE_SUPL, enabled = false, active = v4:CONNECTED(0) v6:IDLE
02-13 18:52:16.118 I/DATA    (  342): [DCT(0) ] ds= SERVICE_TYPE_DUN, enabled = false, active = v4:IDLE v6:IDLE
02-13 18:52:16.118 I/DATA    (  342): [DCT(0) ] ds= SERVICE_TYPE_HIPRI, enabled = false, active = v4:CONNECTED(0) v6:IDLE
02-13 18:52:16.118 I/DATA    (  342): [DCT(0) ] Ready for data : 
02-13 18:52:16.118 I/DATA    (  342): [DCT(0) ]    getDesiredPowerState() = true
02-13 18:52:16.118 I/DATA    (  342): [DCT(0) ]    mCm.getRadioState() = RADIO_ON
02-13 18:52:16.118 I/DATA    (  342): [DCT(0) ]    [DataRadioTech = RADIO_TECH_1xRTT, data network state = 0, mMasterDataEnabled = true, is Roaming = false, dataOnRoamingEnable = false, isPsRestricted = false, desiredPowerState  = true, mSIMRecords = , cdmaSubSource = 1/310120, mRuimRecords = , checks = true/true]
02-13 18:52:16.118 D/PhoneApp(  342): old phone type:2, New Phone type:2
02-13 18:52:16.118 D/NotificationMgr(  342): hideDataDisconnectedRoaming()...
02-13 18:52:16.118 D/KeyguardViewMediator(  256): setHidden false
02-13 18:52:16.128 D/MobileDataStateTracker(  256): [supl]  apnTypeList = dun
02-13 18:52:16.128 D/MobileDataStateTracker(  256): [supl]  unavailable = false
02-13 18:52:16.128 D/MobileDataStateTracker(  256): [supl] Do not process intents if disabled.
02-13 18:52:16.128 D/MobileDataStateTracker(  256): [mms]  MobileDataStateReceiver onReceive(): Entry.
02-13 18:52:16.128 D/MobileDataStateTracker(  256): [mms]  intent.getAction()= android.intent.action.ANY_DATA_STATE
02-13 18:52:16.128 D/MobileDataStateTracker(  256): [mms]  mEnabled = false
02-13 18:52:16.138 D/PhoneApp(  342): old phone type:2, New Phone type:2
02-13 18:52:16.138 D/NotificationMgr(  342): hideDataDisconnectedRoaming()...
02-13 18:52:16.138 D/MobileDataStateTracker(  256): [mms]  apnTypeList = dun
02-13 18:52:16.138 D/MobileDataStateTracker(  256): [mms]  unavailable = false
02-13 18:52:16.138 D/MobileDataStateTracker(  256): [mms] Do not process intents if disabled.
02-13 18:52:16.138 D/MobileDataStateTracker(  256): [default]  MobileDataStateReceiver onReceive(): Entry.
02-13 18:52:16.138 D/MobileDataStateTracker(  256): [default]  intent.getAction()= android.intent.action.ANY_DATA_STATE
02-13 18:52:16.138 D/MobileDataStateTracker(  256): [default]  mEnabled = true
02-13 18:52:16.138 D/MobileDataStateTracker(  256): [default]  apnTypeList = dun
02-13 18:52:16.138 D/MobileDataStateTracker(  256): [default]  unavailable = false
02-13 18:52:16.138 D/MobileDataStateTracker(  256): [default] not what we are looking for.
02-13 18:52:16.138 D/MobileDataStateTracker(  256): [hipri]  MobileDataStateReceiver onReceive(): Entry.
02-13 18:52:16.138 D/MobileDataStateTracker(  256): [hipri]  intent.getAction()= android.intent.action.ANY_DATA_STATE
02-13 18:52:16.138 D/MobileDataStateTracker(  256): [hipri]  mEnabled = false
02-13 18:52:16.138 D/KeyguardViewMediator(  256): setHidden false
02-13 18:52:16.148 D/MobileDataStateTracker(  256): [hipri]  apnTypeList = dun
02-13 18:52:16.148 D/MobileDataStateTracker(  256): [hipri]  unavailable = false
02-13 18:52:16.148 D/MobileDataStateTracker(  256): [hipri] Do not process intents if disabled.
02-13 18:52:16.148 D/MobileDataStateTracker(  256): [dun]  MobileDataStateReceiver onReceive(): Entry.
02-13 18:52:16.148 D/MobileDataStateTracker(  256): [dun]  intent.getAction()= android.intent.action.ANY_DATA_STATE
02-13 18:52:16.148 D/MobileDataStateTracker(  256): [dun]  mEnabled = false
02-13 18:52:16.148 D/MobileDataStateTracker(  256): [dun]  apnTypeList = dun
02-13 18:52:16.148 D/MobileDataStateTracker(  256): [dun]  unavailable = false
02-13 18:52:16.148 D/MobileDataStateTracker(  256): [dun] Do not process intents if disabled.
02-13 18:52:16.148 D/MobileDataStateTracker(  256): [supl]  MobileDataStateReceiver onReceive(): Entry.
02-13 18:52:16.148 D/MobileDataStateTracker(  256): [supl]  intent.getAction()= android.intent.action.ANY_DATA_STATE
02-13 18:52:16.148 D/MobileDataStateTracker(  256): [supl]  mEnabled = false
02-13 18:52:16.148 D/MobileDataStateTracker(  256): [supl]  apnTypeList = dun
02-13 18:52:16.148 D/MobileDataStateTracker(  256): [supl]  unavailable = false
02-13 18:52:16.148 D/MobileDataStateTracker(  256): [supl] Do not process intents if disabled.
02-13 18:52:16.148 D/MobileDataStateTracker(  256): [mms]  MobileDataStateReceiver onReceive(): Entry.
02-13 18:52:16.148 D/MobileDataStateTracker(  256): [mms]  intent.getAction()= android.intent.action.ANY_DATA_STATE
02-13 18:52:16.148 D/MobileDataStateTracker(  256): [mms]  mEnabled = false
02-13 18:52:16.148 D/MobileDataStateTracker(  256): [mms]  apnTypeList = dun
02-13 18:52:16.148 D/MobileDataStateTracker(  256): [mms]  unavailable = false
02-13 18:52:16.148 D/MobileDataStateTracker(  256): [mms] Do not process intents if disabled.
02-13 18:52:16.148 D/MobileDataStateTracker(  256): [default]  MobileDataStateReceiver onReceive(): Entry.
02-13 18:52:16.148 D/MobileDataStateTracker(  256): [default]  intent.getAction()= android.intent.action.ANY_DATA_STATE
02-13 18:52:16.148 D/MobileDataStateTracker(  256): [default]  mEnabled = true
02-13 18:52:16.148 D/PhoneApp(  342): old phone type:2, New Phone type:2
02-13 18:52:16.148 D/NotificationMgr(  342): hideDataDisconnectedRoaming()...
02-13 18:52:16.148 D/PhoneApp(  342): old phone type:2, New Phone type:2
02-13 18:52:16.148 D/NotificationMgr(  342): hideDataDisconnectedRoaming()...
02-13 18:52:16.158 D/PhoneApp(  342): old phone type:2, New Phone type:2
02-13 18:52:16.158 D/NotificationMgr(  342): hideDataDisconnectedRoaming()...
02-13 18:52:16.158 D/KeyguardViewMediator(  256): setHidden false
02-13 18:52:16.158 D/PhoneApp(  342): mReceiver: ACTION_ANY_DATA_CONNECTION_STATE_CHANGED
02-13 18:52:16.158 D/PhoneApp(  342): - state: CONNECTED
02-13 18:52:16.158 D/PhoneApp(  342): - reason: radioTechnologyChanged
02-13 18:52:16.158 D/PhoneApp(  342): old phone type:2, New Phone type:2
02-13 18:52:16.158 D/NotificationMgr(  342): hideDataDisconnectedRoaming()...
02-13 18:52:16.168 D/MobileDataStateTracker(  256): [default]  apnTypeList = dun
02-13 18:52:16.168 D/MobileDataStateTracker(  256): [default]  unavailable = false
02-13 18:52:16.168 D/MobileDataStateTracker(  256): [default] not what we are looking for.
02-13 18:52:16.168 D/MobileDataStateTracker(  256): [hipri]  MobileDataStateReceiver onReceive(): Entry.
02-13 18:52:16.168 D/MobileDataStateTracker(  256): [hipri]  intent.getAction()= android.intent.action.ANY_DATA_STATE
02-13 18:52:16.168 D/MobileDataStateTracker(  256): [hipri]  mEnabled = false
02-13 18:52:16.168 D/MobileDataStateTracker(  256): [hipri]  apnTypeList = hipri
02-13 18:52:16.168 D/MobileDataStateTracker(  256): [hipri]  unavailable = false
02-13 18:52:16.168 D/MobileDataStateTracker(  256): [hipri] Do not process intents if disabled.
02-13 18:52:16.168 D/MobileDataStateTracker(  256): [dun]  MobileDataStateReceiver onReceive(): Entry.
02-13 18:52:16.168 D/MobileDataStateTracker(  256): [dun]  intent.getAction()= android.intent.action.ANY_DATA_STATE
02-13 18:52:16.168 D/MobileDataStateTracker(  256): [dun]  mEnabled = false
02-13 18:52:16.168 D/PhoneApp(  342): old phone type:2, New Phone type:2
02-13 18:52:16.168 D/NotificationMgr(  342): hideDataDisconnectedRoaming()...
02-13 18:52:16.168 D/PhoneApp(  342): old phone type:2, New Phone type:2
02-13 18:52:16.168 D/NotificationMgr(  342): hideDataDisconnectedRoaming()...
02-13 18:52:16.168 D/PhoneApp(  342): old phone type:2, New Phone type:2
02-13 18:52:16.168 D/NotificationMgr(  342): hideDataDisconnectedRoaming()...
02-13 18:52:16.168 D/KeyguardViewMediator(  256): setHidden false
02-13 18:52:16.168 D/PhoneApp(  342): old phone type:2, New Phone type:2
02-13 18:52:16.168 D/NotificationMgr(  342): hideDataDisconnectedRoaming()...
02-13 18:52:16.178 D/MobileDataStateTracker(  256): [dun]  apnTypeList = hipri
02-13 18:52:16.178 D/MobileDataStateTracker(  256): [dun]  unavailable = false
02-13 18:52:16.178 D/MobileDataStateTracker(  256): [dun] Do not process intents if disabled.
02-13 18:52:16.178 D/MobileDataStateTracker(  256): [supl]  MobileDataStateReceiver onReceive(): Entry.
02-13 18:52:16.178 D/MobileDataStateTracker(  256): [supl]  intent.getAction()= android.intent.action.ANY_DATA_STATE
02-13 18:52:16.178 D/MobileDataStateTracker(  256): [supl]  mEnabled = false
02-13 18:52:16.178 D/MobileDataStateTracker(  256): [supl]  apnTypeList = hipri
02-13 18:52:16.178 D/MobileDataStateTracker(  256): [supl]  unavailable = false
02-13 18:52:16.178 D/MobileDataStateTracker(  256): [supl] Do not process intents if disabled.
02-13 18:52:16.178 D/MobileDataStateTracker(  256): [mms]  MobileDataStateReceiver onReceive(): Entry.
02-13 18:52:16.178 D/MobileDataStateTracker(  256): [mms]  intent.getAction()= android.intent.action.ANY_DATA_STATE
02-13 18:52:16.178 D/MobileDataStateTracker(  256): [mms]  mEnabled = false
02-13 18:52:16.188 D/MobileDataStateTracker(  256): [mms]  apnTypeList = hipri
02-13 18:52:16.188 D/MobileDataStateTracker(  256): [mms]  unavailable = false
02-13 18:52:16.188 D/MobileDataStateTracker(  256): [mms] Do not process intents if disabled.
02-13 18:52:16.188 D/MobileDataStateTracker(  256): [default]  MobileDataStateReceiver onReceive(): Entry.
02-13 18:52:16.188 D/MobileDataStateTracker(  256): [default]  intent.getAction()= android.intent.action.ANY_DATA_STATE
02-13 18:52:16.188 D/MobileDataStateTracker(  256): [default]  mEnabled = true
02-13 18:52:16.188 D/MobileDataStateTracker(  256): [default]  apnTypeList = hipri
02-13 18:52:16.188 D/MobileDataStateTracker(  256): [default]  unavailable = false
02-13 18:52:16.188 D/MobileDataStateTracker(  256): [default] not what we are looking for.
02-13 18:52:16.188 D/MobileDataStateTracker(  256): [hipri]  MobileDataStateReceiver onReceive(): Entry.
02-13 18:52:16.188 D/MobileDataStateTracker(  256): [hipri]  intent.getAction()= android.intent.action.ANY_DATA_STATE
02-13 18:52:16.188 D/MobileDataStateTracker(  256): [hipri]  mEnabled = false
02-13 18:52:16.188 D/KeyguardViewMediator(  256): setHidden false
02-13 18:52:16.198 D/MobileDataStateTracker(  256): [hipri]  apnTypeList = hipri
02-13 18:52:16.198 D/MobileDataStateTracker(  256): [hipri]  unavailable = false
02-13 18:52:16.198 D/MobileDataStateTracker(  256): [hipri] Do not process intents if disabled.
02-13 18:52:16.198 D/MobileDataStateTracker(  256): [dun]  MobileDataStateReceiver onReceive(): Entry.
02-13 18:52:16.198 D/MobileDataStateTracker(  256): [dun]  intent.getAction()= android.intent.action.ANY_DATA_STATE
02-13 18:52:16.198 D/MobileDataStateTracker(  256): [dun]  mEnabled = false
02-13 18:52:16.198 D/MobileDataStateTracker(  256): [dun]  apnTypeList = hipri
02-13 18:52:16.198 D/MobileDataStateTracker(  256): [dun]  unavailable = false
02-13 18:52:16.198 D/MobileDataStateTracker(  256): [dun] Do not process intents if disabled.
02-13 18:52:16.198 D/MobileDataStateTracker(  256): [supl]  MobileDataStateReceiver onReceive(): Entry.
02-13 18:52:16.198 D/MobileDataStateTracker(  256): [supl]  intent.getAction()= android.intent.action.ANY_DATA_STATE
02-13 18:52:16.198 D/MobileDataStateTracker(  256): [supl]  mEnabled = false
02-13 18:52:16.198 D/MobileDataStateTracker(  256): [supl]  apnTypeList = hipri
02-13 18:52:16.198 D/MobileDataStateTracker(  256): [supl]  unavailable = false
02-13 18:52:16.198 D/MobileDataStateTracker(  256): [supl] Do not process intents if disabled.
02-13 18:52:16.198 D/MobileDataStateTracker(  256): [mms]  MobileDataStateReceiver onReceive(): Entry.
02-13 18:52:16.198 D/MobileDataStateTracker(  256): [mms]  intent.getAction()= android.intent.action.ANY_DATA_STATE
02-13 18:52:16.198 D/MobileDataStateTracker(  256): [mms]  mEnabled = false
02-13 18:52:16.198 D/MobileDataStateTracker(  256): [mms]  apnTypeList = hipri
02-13 18:52:16.198 D/MobileDataStateTracker(  256): [mms]  unavailable = false
02-13 18:52:16.198 D/MobileDataStateTracker(  256): [mms] Do not process intents if disabled.
02-13 18:52:16.198 D/MobileDataStateTracker(  256): [default]  MobileDataStateReceiver onReceive(): Entry.
02-13 18:52:16.198 D/MobileDataStateTracker(  256): [default]  intent.getAction()= android.intent.action.ANY_DATA_STATE
02-13 18:52:16.198 D/MobileDataStateTracker(  256): [default]  mEnabled = true
02-13 18:52:16.198 D/KeyguardViewMediator(  256): setHidden false
02-13 18:52:16.208 D/MobileDataStateTracker(  256): [default]  apnTypeList = hipri
02-13 18:52:16.208 D/MobileDataStateTracker(  256): [default]  unavailable = false
02-13 18:52:16.208 D/MobileDataStateTracker(  256): [default] not what we are looking for.
02-13 18:52:16.218 D/KeyguardViewMediator(  256): setHidden false
02-13 18:52:16.248 D/KeyguardViewMediator(  256): setHidden false
02-13 18:52:16.258 D/KeyguardViewMediator(  256): setHidden false
02-13 18:52:16.278 D/KeyguardViewMediator(  256): setHidden false
02-13 18:52:16.288 D/KeyguardViewMediator(  256): setHidden false
02-13 18:52:16.288 D/KeyguardViewMediator(  256): setHidden false
02-13 18:52:16.288 D/KeyguardViewMediator(  256): setHidden false
02-13 18:52:16.898 D/DATA    (  342): [DSST(0)] pollstate() : reason = data network state changed
02-13 18:52:16.958 D/MobileDataStateTracker(  256): [hipri]  MobileDataStateReceiver onReceive(): Entry.
02-13 18:52:16.958 D/MobileDataStateTracker(  256): [hipri]  intent.getAction()= android.intent.action.SERVICE_STATE
02-13 18:52:16.958 D/MobileDataStateTracker(  256): [hipri]  mEnabled = false
02-13 18:52:16.958 D/MobileDataStateTracker(  256): [dun]  MobileDataStateReceiver onReceive(): Entry.
02-13 18:52:16.958 D/MobileDataStateTracker(  256): [dun]  intent.getAction()= android.intent.action.SERVICE_STATE
02-13 18:52:16.958 D/MobileDataStateTracker(  256): [dun]  mEnabled = false
02-13 18:52:16.958 D/MobileDataStateTracker(  256): [supl]  MobileDataStateReceiver onReceive(): Entry.
02-13 18:52:16.958 D/MobileDataStateTracker(  256): [supl]  intent.getAction()= android.intent.action.SERVICE_STATE
02-13 18:52:16.958 D/MobileDataStateTracker(  256): [supl]  mEnabled = false
02-13 18:52:16.968 D/MobileDataStateTracker(  256): [mms]  MobileDataStateReceiver onReceive(): Entry.
02-13 18:52:16.968 D/MobileDataStateTracker(  256): [mms]  intent.getAction()= android.intent.action.SERVICE_STATE
02-13 18:52:16.968 D/MobileDataStateTracker(  256): [mms]  mEnabled = false
02-13 18:52:16.968 D/MobileDataStateTracker(  256): [default]  MobileDataStateReceiver onReceive(): Entry.
02-13 18:52:16.968 D/MobileDataStateTracker(  256): [default]  intent.getAction()= android.intent.action.SERVICE_STATE
02-13 18:52:16.968 D/MobileDataStateTracker(  256): [default]  mEnabled = true
02-13 18:52:16.968 D/CallManager(  342):  handleMessage (EVENT_SERVICE_STATE_CHANGED)
02-13 18:52:16.968 E/BT HS/HF(  342): SERVICE_STATE_CHANGED called
02-13 18:52:16.978 E/BT HS/HF(  342): updateServiceState called, sendUpdate:false  ServiceState:0 home Sprint  310099  1xRTT CSS not supported 41 4139RoamInd: 1RoamStatus(sprint): 1DefRoamInd: 160EmergOnly: false
02-13 18:52:16.978 E/BT HS/HF(  342): service:1 mService:1
02-13 18:52:16.978 D/DATA    (  342): [DSST(0)]  registrationState = 1  radioTechnology = 6 reasonForDenial = 0
02-13 18:52:16.978 D/DATA    (  342): [DSST(0)]  set mNewDataConnectionState = 0
02-13 18:52:16.978 D/DATA    (  342): [DSST(0)]  mNewDataConnectionState : 0  mDataConnectionState : 0
02-13 18:52:16.988 D/DATA    (  342): [DSST(0)] Poll ServiceState done: oldSS=[0 home null null null  1xRTT CSS not supported -1 -1RoamInd: -1RoamStatus(sprint): -1DefRoamInd: -1EmergOnly: false] newSS=[0 home null null null  1xRTT CSS not supported -1 -1RoamInd: -1RoamStatus(sprint): -1DefRoamInd: -1EmergOnly: false]
02-13 18:52:16.988 D/DATA    (  342): [DSST(0)]  mDataConnectionState = 0
02-13 18:52:17.029 D/Mms     (  774): currentRoamingStatus:1
02-13 18:52:17.419 W/KeyCharacterMap(  404): Can't open keycharmap file
02-13 18:52:17.419 W/KeyCharacterMap(  404): Error loading keycharmap file '/system/usr/keychars/synaptics-rmi4-ts.kcm.bin'. hw.keyboards.262146.devname='synaptics-rmi4-ts'
02-13 18:52:17.419 W/KeyCharacterMap(  404): Using default keymap: /system/usr/keychars/qwerty.kcm.bin
02-13 18:52:17.419 D/SmartDialerActivity(  404): KEYCODE_BACK
02-13 18:52:17.419 D/ToneGenerator(  404): stopTone
02-13 18:52:17.419 D/AudioTrack(  404): stop 0x4de530
02-13 18:52:17.419 D/AudioFlinger(  114): remove track (4098) and delete from mixer
02-13 18:52:17.429 D/KeyguardViewMediator(  256): setHidden false
02-13 18:52:17.439 D/Warhol  (  364): A pack appears to be installed -- skipping Installer
02-13 18:52:17.439 D/KeyguardViewMediator(  256): setHidden false
02-13 18:52:17.439 D/KeyguardViewMediator(  256): setHidden false
02-13 18:52:17.449 I/hubo    (  256): Activity {com.android.launcher/com.android.launcher2.Launcher}
02-13 18:52:17.459 I/vDM     (  467): KeyCode = 4
02-13 18:52:17.459 D/KeyguardViewMediator(  256): setHidden false
02-13 18:52:17.469 D/DATA    (  342): [DSST(0)] pollstate() : reason = data network state changed
02-13 18:52:17.499 D/KeyguardViewMediator(  256): setHidden false
02-13 18:52:17.499 D/KeyguardViewMediator(  256): setHidden false
02-13 18:52:17.509 D/KeyguardViewMediator(  256): setHidden false
02-13 18:52:17.509 I/vDM     (  467): Vdmc getInstance
02-13 18:52:17.509 I/vDM     (  467): Vdmc getInstance
02-13 18:52:17.509 D/DMC     (  467): MyCIMMI getInstance
02-13 18:52:17.519 I/vDM     (  467): Vdmc getInstance
02-13 18:52:17.519 D/KeyguardViewMediator(  256): setHidden false
02-13 18:52:17.529 D/KeyguardViewMediator(  256): setHidden false
02-13 18:52:17.549 D/KeyguardViewMediator(  256): setHidden false
02-13 18:52:17.559 I/vDM     (  467): KeyCode = 4
02-13 18:52:17.569 D/KeyguardViewMediator(  256): setHidden false
02-13 18:52:17.569 I/vDM     (  467): Vdmc getInstance
02-13 18:52:17.579 I/vDM     (  467): Vdmc getInstance
02-13 18:52:17.579 D/DMC     (  467): MyCIMMI getInstance
02-13 18:52:17.579 I/vDM     (  467): Vdmc getInstance
02-13 18:52:17.579 D/KeyguardViewMediator(  256): setHidden false
02-13 18:52:17.599 D/MobileDataStateTracker(  256): [hipri]  MobileDataStateReceiver onReceive(): Entry.
02-13 18:52:17.599 D/MobileDataStateTracker(  256): [hipri]  intent.getAction()= android.intent.action.SERVICE_STATE
02-13 18:52:17.599 D/MobileDataStateTracker(  256): [hipri]  mEnabled = false
02-13 18:52:17.599 D/MobileDataStateTracker(  256): [dun]  MobileDataStateReceiver onReceive(): Entry.
02-13 18:52:17.599 D/MobileDataStateTracker(  256): [dun]  intent.getAction()= android.intent.action.SERVICE_STATE
02-13 18:52:17.599 D/MobileDataStateTracker(  256): [dun]  mEnabled = false
02-13 18:52:17.599 D/KeyguardViewMediator(  256): setHidden false
02-13 18:52:17.599 D/MobileDataStateTracker(  256): [supl]  MobileDataStateReceiver onReceive(): Entry.
02-13 18:52:17.599 D/MobileDataStateTracker(  256): [supl]  intent.getAction()= android.intent.action.SERVICE_STATE
02-13 18:52:17.599 D/MobileDataStateTracker(  256): [supl]  mEnabled = false
02-13 18:52:17.609 D/MobileDataStateTracker(  256): [mms]  MobileDataStateReceiver onReceive(): Entry.
02-13 18:52:17.609 D/MobileDataStateTracker(  256): [mms]  intent.getAction()= android.intent.action.SERVICE_STATE
02-13 18:52:17.609 D/MobileDataStateTracker(  256): [mms]  mEnabled = false
02-13 18:52:17.609 D/MobileDataStateTracker(  256): [default]  MobileDataStateReceiver onReceive(): Entry.
02-13 18:52:17.609 D/MobileDataStateTracker(  256): [default]  intent.getAction()= android.intent.action.SERVICE_STATE
02-13 18:52:17.609 D/MobileDataStateTracker(  256): [default]  mEnabled = true
02-13 18:52:17.609 D/DATA    (  342): [DSST(0)]  registrationState = 1  radioTechnology = 8 reasonForDenial = 0
02-13 18:52:17.609 D/DATA    (  342): [DSST(0)]  set mNewDataConnectionState = 0
02-13 18:52:17.609 D/DATA    (  342): [DSST(0)]  mNewDataConnectionState : 0  mDataConnectionState : 0
02-13 18:52:17.609 D/DATA    (  342): [DSST(0)] Poll ServiceState done: oldSS=[0 home null null null  1xRTT CSS not supported -1 -1RoamInd: -1RoamStatus(sprint): -1DefRoamInd: -1EmergOnly: false] newSS=[0 home null null null  EvDo rev. A CSS not supported -1 -1RoamInd: -1RoamStatus(sprint): -1DefRoamInd: -1EmergOnly: false]
02-13 18:52:17.609 D/DATA    (  342): [DSST(0)]  mDataConnectionState = 0
02-13 18:52:17.619 D/KeyguardViewMediator(  256): setHidden false
02-13 18:52:17.629 D/MobileDataStateTracker(  256): [hipri]  MobileDataStateReceiver onReceive(): Entry.
02-13 18:52:17.629 D/MobileDataStateTracker(  256): [hipri]  intent.getAction()= android.intent.action.SERVICE_STATE
02-13 18:52:17.629 D/MobileDataStateTracker(  256): [hipri]  mEnabled = false
02-13 18:52:17.629 D/KeyguardViewMediator(  256): setHidden false
02-13 18:52:17.639 D/MobileDataStateTracker(  256): [hipri] subType changed, oldSubtype = 7new subtype = 6
02-13 18:52:17.639 D/MobileDataStateTracker(  256): [dun]  MobileDataStateReceiver onReceive(): Entry.
02-13 18:52:17.639 D/MobileDataStateTracker(  256): [dun]  intent.getAction()= android.intent.action.SERVICE_STATE
02-13 18:52:17.639 D/MobileDataStateTracker(  256): [dun]  mEnabled = false
02-13 18:52:17.639 D/MobileDataStateTracker(  256): [dun] subType changed, oldSubtype = 7new subtype = 6
02-13 18:52:17.639 D/MobileDataStateTracker(  256): [supl]  MobileDataStateReceiver onReceive(): Entry.
02-13 18:52:17.639 D/MobileDataStateTracker(  256): [supl]  intent.getAction()= android.intent.action.SERVICE_STATE
02-13 18:52:17.639 D/MobileDataStateTracker(  256): [supl]  mEnabled = false
02-13 18:52:17.639 D/MobileDataStateTracker(  256): [supl] subType changed, oldSubtype = 7new subtype = 6
02-13 18:52:17.639 D/MobileDataStateTracker(  256): [mms]  MobileDataStateReceiver onReceive(): Entry.
02-13 18:52:17.639 D/MobileDataStateTracker(  256): [mms]  intent.getAction()= android.intent.action.SERVICE_STATE
02-13 18:52:17.639 D/MobileDataStateTracker(  256): [mms]  mEnabled = false
02-13 18:52:17.639 D/MobileDataStateTracker(  256): [mms] subType changed, oldSubtype = 7new subtype = 6
02-13 18:52:17.649 D/CallManager(  342):  handleMessage (EVENT_SERVICE_STATE_CHANGED)
02-13 18:52:17.649 E/BT HS/HF(  342): SERVICE_STATE_CHANGED called
02-13 18:52:17.649 E/BT HS/HF(  342): updateServiceState called, sendUpdate:false  ServiceState:0 home Sprint  310099  1xRTT CSS not supported 41 4139RoamInd: 1RoamStatus(sprint): 1DefRoamInd: 160EmergOnly: false
02-13 18:52:17.649 E/BT HS/HF(  342): service:1 mService:1
02-13 18:52:17.649 D/KeyguardViewMediator(  256): setHidden false
02-13 18:52:17.649 D/MobileDataStateTracker(  256): [default]  MobileDataStateReceiver onReceive(): Entry.
02-13 18:52:17.649 D/MobileDataStateTracker(  256): [default]  intent.getAction()= android.intent.action.SERVICE_STATE
02-13 18:52:17.649 D/MobileDataStateTracker(  256): [default]  mEnabled = true
02-13 18:52:17.649 D/MobileDataStateTracker(  256): [default] subType changed, oldSubtype = 7new subtype = 6
02-13 18:52:17.659 D/CallManager(  342):  handleMessage (EVENT_SERVICE_STATE_CHANGED)
02-13 18:52:17.659 E/BT HS/HF(  342): SERVICE_STATE_CHANGED called
02-13 18:52:17.659 E/BT HS/HF(  342): updateServiceState called, sendUpdate:false  ServiceState:0 home Sprint  310099  EvDo rev. A CSS not supported 41 4139RoamInd: 1RoamStatus(sprint): 1DefRoamInd: 160EmergOnly: false
02-13 18:52:17.659 E/BT HS/HF(  342): service:1 mService:1
02-13 18:52:17.659 D/Phone   (  342): [PhoneNotifier] [DefaultPhoneNotifier] : default, INET, CONNECTED
02-13 18:52:17.659 I/TelephonyRegistry(  256): notifyDataConnection: state=2 isDataConnectivityPossible=true reason=radioTechnologyChanged interfaceName=rmnet0 networkType=6 apnType=default apn=null
02-13 18:52:17.659 I/TelephonyRegistry(  256): +++broadcastDataConnectionStateChanged
02-13 18:52:17.669 D/KeyguardViewMediator(  256): setHidden false
02-13 18:52:17.669 I/TelephonyRegistry(  256): +++sendStickyBroadcast
02-13 18:52:17.679 D/MobileDataStateTracker(  256): [hipri]  MobileDataStateReceiver onReceive(): Entry.
02-13 18:52:17.679 D/MobileDataStateTracker(  256): [hipri]  intent.getAction()= android.intent.action.ANY_DATA_STATE
02-13 18:52:17.679 D/MobileDataStateTracker(  256): [hipri]  mEnabled = false
02-13 18:52:17.679 D/MobileDataStateTracker(  256): [hipri]  apnTypeList = default
