02-13 18:50:56.910 D/InCallScreen(  342): onResume()...
02-13 18:50:56.910 D/PhoneApp(  342): disable status bar
02-13 18:50:56.910 D/PhoneApp(  342): StatusBarManager.DISABLE_EXPAND
02-13 18:50:56.910 D/PhoneApp(  342): setIgnoreTouchUserActivity(true)...
02-13 18:50:56.910 D/NotificationMgr(  342): updating status bar state: 1
02-13 18:50:56.910 D/AudioTrack(  342): Request AudioFlinger to create track
02-13 18:50:56.910 D/AudioFlinger(  114): createTrack() lSessionId: 21
02-13 18:50:56.910 D/AudioFlinger(  114): Track constructor name 4098, calling thread 342
02-13 18:50:56.920 D/InCallScreen(  342): - onResume: initial status = SUCCESS
02-13 18:50:56.920 D/InCallScreen(  342): isBluetoothAudioConnected: ==> isAudioOn = false
02-13 18:50:56.920 D/InCallScreen(  342): checkIsOtaCall...
02-13 18:50:56.920 D/InCallScreen(  342): checkIsOtaCall: isOtaCall =false
02-13 18:50:56.920 D/InCallScreen(  342): setInCallScreenMode: NORMAL
02-13 18:50:56.920 D/InCallScreen(  342): [okToDialDTMFTones] foreground state: DIALING, ringing state: false, call screen mode: NORMAL, result: false
02-13 18:50:56.920 D/InCallScreen(  342): isBluetoothAudioConnected: ==> isAudioOn = false
02-13 18:50:56.920 D/InCallScreen(  342): getUpdatedInCallControlState()...
02-13 18:50:56.920 D/PhoneUtils(  342): isEmergencyCall()...
02-13 18:50:56.920 D/PhoneUtils(  342): (add_call,fgCallState == Call.State.ACTIVE) = false
02-13 18:50:56.920 D/PhoneUtils(  342): (add_call,app.cdmaPhoneCallState.getAddCallMenuStateAfterCallWaiting() = true
02-13 18:50:56.920 D/InCallScreen(  342): isBluetoothAvailable()...
02-13 18:50:56.920 D/InCallScreen(  342):   - headset state = 0
02-13 18:50:56.920 D/InCallScreen(  342):   - headset address: null
02-13 18:50:56.920 D/InCallScreen(  342):   ==> false
02-13 18:50:56.930 D/PhoneUtils(  342): audioManager.isMicrophoneMute: false
02-13 18:50:56.930 D/InCallScreen(  342): [okToDialDTMFTones] foreground state: DIALING, ringing state: false, call screen mode: NORMAL, result: false
02-13 18:50:56.930 D/InCallControlState(  342): InCallControlState:
02-13 18:50:56.930 D/InCallControlState(  342):   manageConferenceVisible: false
02-13 18:50:56.930 D/InCallControlState(  342):   manageConferenceEnabled: false
02-13 18:50:56.930 D/InCallControlState(  342):   canAddCall: false
02-13 18:50:56.930 D/InCallControlState(  342):   canSwap: false
02-13 18:50:56.930 D/InCallControlState(  342):   canMerge: false
02-13 18:50:56.930 D/InCallControlState(  342):   bluetoothEnabled: false
02-13 18:50:56.930 D/InCallControlState(  342):   bluetoothIndicatorOn: false
02-13 18:50:56.930 D/InCallControlState(  342):   speakerEnabled: true
02-13 18:50:56.930 D/InCallControlState(  342):   speakerOn: false
02-13 18:50:56.930 D/InCallControlState(  342):   canMute: false
02-13 18:50:56.930 D/InCallControlState(  342):   muteIndicatorOn: false
02-13 18:50:56.930 D/InCallControlState(  342):   dialpadEnabled: false
02-13 18:50:56.930 D/InCallControlState(  342):   dialpadVisible: false
02-13 18:50:56.930 D/InCallControlState(  342):   onHold: false
02-13 18:50:56.930 D/InCallControlState(  342):   canHold: false
02-13 18:50:56.930 D/InCallScreen(  342): syncWithPhoneState()...
02-13 18:50:56.930 D/PhoneUtils(  342): dumpCallState():
02-13 18:50:56.930 D/PhoneUtils(  342): - Call state = OFFHOOK
02-13 18:50:56.930 D/PhoneUtils(  342):   - FG call: DIALING CDMA isAlive true isRinging false isDialing true isIdle false hasConnections true
02-13 18:50:56.930 D/PhoneUtils(  342):   - BG call: IDLE CDMA isAlive false isRinging false isDialing false isIdle true hasConnections false
02-13 18:50:56.940 D/PhoneUtils(  342):   - RINGING call: IDLE CDMA isAlive false isRinging false isDialing false isIdle true hasConnections false
02-13 18:50:56.940 D/PhoneUtils(  342):   - hasRingingCall false hasActiveCall true hasHoldingCall false allLinesTaken false
02-13 18:50:56.940 D/PhoneUtils(  342):   - CDMA call state: SINGLE_ACTIVE
02-13 18:50:56.940 D/PhoneUtils(  342):   - Ringer state: false
02-13 18:50:56.940 D/InCallScreen(  342): ============== dumpBluetoothState() =============
02-13 18:50:56.940 D/InCallScreen(  342): isBluetoothAvailable()...
02-13 18:50:56.940 D/InCallScreen(  342):   - headset state = 0
02-13 18:50:56.940 D/InCallScreen(  342):   - headset address: null
02-13 18:50:56.940 D/InCallScreen(  342):   ==> false
02-13 18:50:56.940 D/InCallScreen(  342): = isBluetoothAvailable: false
02-13 18:50:56.940 D/InCallScreen(  342): isBluetoothAudioConnected: ==> isAudioOn = false
02-13 18:50:56.940 D/InCallScreen(  342): = isBluetoothAudioConnected: false
02-13 18:50:56.940 D/InCallScreen(  342): isBluetoothAudioConnected: ==> isAudioOn = false
02-13 18:50:56.940 D/InCallScreen(  342): isBluetoothAudioConnectedOrPending: ==> FALSE
02-13 18:50:56.940 D/InCallScreen(  342): = isBluetoothAudioConnectedOrPending: false
02-13 18:50:56.940 D/InCallScreen(  342): = PhoneApp.showBluetoothIndication: false
02-13 18:50:56.940 D/InCallScreen(  342): =
02-13 18:50:56.940 D/InCallScreen(  342): = BluetoothHandsfree.isAudioOn: false
02-13 18:50:56.940 D/InCallScreen(  342): = BluetoothHeadset.getCurrentHeadset: null
02-13 18:50:56.940 D/InCallScreen(  342): syncWithPhoneState: it's ok to be here; update the screen...
02-13 18:50:56.940 D/InCallScreen(  342): updateScreen()...
02-13 18:50:56.940 D/InCallScreen(  342): - updateScreen: updating the in-call UI...
02-13 18:50:56.950 D/CallCard(  342): updateState(########### Dump CallManager ############
02-13 18:50:56.950 D/CallCard(  342): CallManager state = OFFHOOK
02-13 18:50:56.950 D/CallCard(  342):    - Foreground: DIALING from Handler{4057c160}
02-13 18:50:56.950 D/CallCard(  342):      Conn: [ incoming: false state: DIALING post dial state: NOT_STARTED]
02-13 18:50:56.950 D/CallCard(  342):    - Background: IDLE from Handler{4057c160}
02-13 18:50:56.950 D/CallCard(  342):      Conn: []
02-13 18:50:56.950 D/CallCard(  342):    - Ringing: IDLE from Handler{4057c160}
02-13 18:50:56.950 D/CallCard(  342):  Phone: Handler{4057c160}, name = CDMA, state = OFFHOOK
02-13 18:50:56.950 D/CallCard(  342):    - Foreground: DIALING Background: IDLE Ringing: IDLE
02-13 18:50:56.950 D/CallCard(  342): ########## End Dump CallManager ##########)...
02-13 18:50:56.950 D/CallCard(  342): updateForegroundCall()...
02-13 18:50:56.950 D/CallCard(  342): displayMainCallStatus(call DIALING)...
02-13 18:50:56.950 D/CallCard(  342):   - call.state: DIALING
02-13 18:50:56.950 D/CallCard(  342): updateCardTitleWidgets(call DIALING)...
02-13 18:50:56.950 D/CallCard(  342): - getTitleForCallCard(Call DIALING)...
02-13 18:50:56.950 D/CallCard(  342):   ==> result: Dialing
02-13 18:50:56.950 D/CallCard(  342): updateCardTitleWidgets: Dialing
02-13 18:50:56.950 D/InCallScreen(  342): getUpdatedInCallControlState()...
02-13 18:50:56.950 D/PhoneUtils(  342): isEmergencyCall()...
02-13 18:50:56.950 D/PhoneUtils(  342): (add_call,fgCallState == Call.State.ACTIVE) = false
02-13 18:50:56.950 D/PhoneUtils(  342): (add_call,app.cdmaPhoneCallState.getAddCallMenuStateAfterCallWaiting() = true
02-13 18:50:56.950 D/InCallScreen(  342): isBluetoothAvailable()...
02-13 18:50:56.950 D/InCallScreen(  342):   - headset state = 0
02-13 18:50:56.950 D/InCallScreen(  342):   - headset address: null
02-13 18:50:56.950 D/InCallScreen(  342):   ==> false
02-13 18:50:56.950 D/PhoneUtils(  342): audioManager.isMicrophoneMute: false
02-13 18:50:56.950 D/InCallScreen(  342): [okToDialDTMFTones] foreground state: DIALING, ringing state: false, call screen mode: NORMAL, result: false
02-13 18:50:56.950 D/InCallControlState(  342): InCallControlState:
02-13 18:50:56.950 D/InCallControlState(  342):   manageConferenceVisible: false
02-13 18:50:56.950 D/InCallControlState(  342):   manageConferenceEnabled: false
02-13 18:50:56.950 D/InCallControlState(  342):   canAddCall: false
02-13 18:50:56.950 D/InCallControlState(  342):   canSwap: false
02-13 18:50:56.950 D/InCallControlState(  342):   canMerge: false
02-13 18:50:56.950 D/InCallControlState(  342):   bluetoothEnabled: false
02-13 18:50:56.950 D/InCallControlState(  342):   bluetoothIndicatorOn: false
02-13 18:50:56.950 D/InCallControlState(  342):   speakerEnabled: true
02-13 18:50:56.950 D/InCallControlState(  342):   speakerOn: false
02-13 18:50:56.950 D/InCallControlState(  342):   canMute: false
02-13 18:50:56.950 D/InCallControlState(  342):   muteIndicatorOn: false
02-13 18:50:56.950 D/InCallControlState(  342):   dialpadEnabled: false
02-13 18:50:56.950 D/InCallControlState(  342):   dialpadVisible: false
02-13 18:50:56.950 D/InCallControlState(  342):   onHold: false
02-13 18:50:56.950 D/InCallControlState(  342):   canHold: false
02-13 18:50:56.950 D/CallCard(  342): yangliu,getCurrentCallState: SINGLE_ACTIVE
02-13 18:50:56.950 D/CallCard(  342): yangliu,inCallControlState.onHold: false
02-13 18:50:56.950 D/CallCard(  342):   - CONN:  incoming: false state: DIALING post dial state: NOT_STARTED, state = DIALING
02-13 18:50:56.950 D/CallCard(  342): - displayMainCallStatus: starting CallerInfo query...
02-13 18:50:56.950 D/PhoneUtils(  342): Original Call Number is 4864351
02-13 18:50:56.950 D/PhoneUtils(  342): ###### PhoneUtils.startGetCallerInfo: new query for phone number #####
02-13 18:50:56.950 D/PhoneUtils(  342): - number (address): 4864351
02-13 18:50:56.950 D/PhoneUtils(  342): - c:  incoming: false state: DIALING post dial state: NOT_STARTED
02-13 18:50:56.960 D/PhoneUtils(  342): - phone: Handler{4057c160}
02-13 18:50:56.960 D/PhoneUtils(  342): - phoneType: 2
02-13 18:50:56.960 D/PhoneUtils(  342):   ==> PHONE_TYPE_CDMA
02-13 18:50:56.960 D/PhoneUtils(  342): startGetCallerInfo: number = 4864351
02-13 18:50:56.960 D/PhoneUtils(  342): startGetCallerInfo: CNAP Info from FW(1): name=null, Name/Number Pres=1
02-13 18:50:56.960 D/PhoneUtils(  342): modifyForSpecialCnapCases: initially, number=4864351, presentation=1 ci CallerInfo { name null, phoneNumber null }
02-13 18:50:56.960 D/PhoneUtils(  342): checkCnapSpecialCases, normal str. number: 4864351
02-13 18:50:56.960 D/PhoneUtils(  342): modifyForSpecialCnapCases: returning number string=4864351
02-13 18:50:56.960 D/CallerInfoAsyncQuery(  342): ##### CallerInfoAsyncQuery startQuery()... #####
02-13 18:50:56.960 D/CallerInfoAsyncQuery(  342): - number: xxxxxxx
02-13 18:50:56.960 D/CallerInfoAsyncQuery(  342): - cookie:  incoming: false state: DIALING post dial state: NOT_STARTED
02-13 18:50:56.960 D/CallerInfoAsyncQuery(  342): startQuery number: 4864351
02-13 18:50:56.960 D/CallerInfoAsyncQuery(  342): ==> contactRef: content://com.android.contacts/phone_lookup/xxxxxxx
02-13 18:50:56.960 D/CallerInfoAsyncQuery(  342): ==> selection: null
02-13 18:50:56.960 D/CallerInfoAsyncQuery(  342): Processing event: 1 token (arg1): 1 command: -1 query URI: content://com.android.contacts/phone_lookup/xxxxxxx
02-13 18:50:56.960 I/ContactsProvider(  404): query: content://com.android.contacts/phone_lookup/4864351
02-13 18:50:56.960 E/ContactsProvider(  404): 101123 isCallerRegisterNeedSIMProc callerPid:342, acorePid:404
02-13 18:50:56.960 I/ContactsProvider(  404): query isCallerRegistered= true
02-13 18:50:56.970 I/ContactsProvider(  404): query forOnlyOneContactString= 0
02-13 18:50:56.970 D/CallerInfoAsyncQuery(  342): adding listener to query: content://com.android.contacts/phone_lookup/xxxxxxx handler: Handler{40647af8}
02-13 18:50:56.970 D/PhoneUtils(  342): startGetCallerInfo: query based on number: 4864351
02-13 18:50:56.970 D/CallCard(  342): updateDisplayForPerson(CallerInfo { name null, phoneNumber non-null })
02-13 18:50:56.970 D/CallCard(  342): presentation:1 isTemporary:true
02-13 18:50:56.970 D/CallCard(  342): - got personUri: 'content://com.android.contacts/contacts/0', based on info.person_id: 0
02-13 18:50:56.970 D/CallCard(  342): updatePhotoForCallState(DIALING)...
02-13 18:50:56.970 D/CallCard(  342): yangliu_sprint,updatePhotoForCallState,isEarliestConnHold = false
02-13 18:50:56.970 D/CallCard(  342): displayOnHoldCallStatus(call =IDLE)...
02-13 18:50:56.970 D/PhoneApp(  342): - isOtaCallInActiveState false
02-13 18:50:56.970 D/InCallScreen(  342): [okToDialDTMFTones] foreground state: DIALING, ringing state: false, call screen mode: NORMAL, result: false
02-13 18:50:56.970 D/InCallScreen(  342): isBluetoothAudioConnected: ==> isAudioOn = false
02-13 18:50:56.970 D/InCallScreen(  342): getUpdatedInCallControlState()...
02-13 18:50:56.970 D/PhoneUtils(  342): isEmergencyCall()...
02-13 18:50:56.970 D/PhoneUtils(  342): (add_call,fgCallState == Call.State.ACTIVE) = false
02-13 18:50:56.970 D/PhoneUtils(  342): (add_call,app.cdmaPhoneCallState.getAddCallMenuStateAfterCallWaiting() = true
02-13 18:50:56.970 D/InCallScreen(  342): isBluetoothAvailable()...
02-13 18:50:56.970 D/InCallScreen(  342):   - headset state = 0
02-13 18:50:56.970 D/InCallScreen(  342):   - headset address: null
02-13 18:50:56.970 D/InCallScreen(  342):   ==> false
02-13 18:50:56.980 D/CallerInfoAsyncQuery(  342): Processing event: 2 token (arg1): 1 command: -1 query URI: 
02-13 18:50:56.980 D/PhoneUtils(  342): audioManager.isMicrophoneMute: false
02-13 18:50:56.980 D/InCallScreen(  342): [okToDialDTMFTones] foreground state: DIALING, ringing state: false, call screen mode: NORMAL, result: false
02-13 18:50:56.980 D/InCallControlState(  342): InCallControlState:
02-13 18:50:56.980 D/InCallControlState(  342):   manageConferenceVisible: false
02-13 18:50:56.980 D/InCallControlState(  342):   manageConferenceEnabled: false
02-13 18:50:56.980 D/InCallControlState(  342):   canAddCall: false
02-13 18:50:56.980 D/InCallControlState(  342):   canSwap: false
02-13 18:50:56.980 D/InCallControlState(  342):   canMerge: false
02-13 18:50:56.980 D/InCallControlState(  342):   bluetoothEnabled: false
02-13 18:50:56.980 D/InCallControlState(  342):   bluetoothIndicatorOn: false
02-13 18:50:56.980 D/InCallControlState(  342):   speakerEnabled: true
02-13 18:50:56.980 D/InCallControlState(  342):   speakerOn: false
02-13 18:50:56.980 D/InCallControlState(  342):   canMute: false
02-13 18:50:56.980 D/InCallControlState(  342):   muteIndicatorOn: false
02-13 18:50:56.980 D/InCallControlState(  342):   dialpadEnabled: false
02-13 18:50:56.980 D/InCallControlState(  342):   dialpadVisible: false
02-13 18:50:56.980 D/InCallControlState(  342):   onHold: false
02-13 18:50:56.980 D/InCallControlState(  342):   canHold: false
02-13 18:50:56.980 D/InCallScreen(  342): updateProviderOverlay: false
02-13 18:50:56.980 D/InCallScreen(  342): updateMenuButtonHint()...
02-13 18:50:56.980 D/PhoneApp(  342): - preventScreenOn(false)...
02-13 18:50:56.980 D/PhoneApp(  342): updateWakeState: callscreen true, dialer false, speaker false...
02-13 18:50:56.980 D/PhoneApp(  342): setScreenTimeout(MEDIUM)...
02-13 18:50:56.980 D/PhoneApp(  342): updateWakeState: keepScreenOn = true (isRinging false, isDialing true, showingDisc false)
02-13 18:50:56.980 D/PhoneApp(  342): requestWakeState(FULL)...
02-13 18:50:56.980 D/PowerManagerService(  256): acquireWakeLock flags=0x3000001a tag=PhoneApp
02-13 18:50:56.980 D/PowerManagerService(  256): UnPartial  wakeLock  reactivate ,flags=0x20 tag=PhoneApp
02-13 18:50:56.980 D/PowerManagerService(  256): UnPartial  wakeLock  reactivate ,flags=0x3000001a tag=PhoneApp
02-13 18:50:56.980 D/InCallScreen(  342): enableTouchLock(false)...
02-13 18:50:56.990 D/InCallScreen(  342): onResume() done.
02-13 18:50:57.000 D/KeyguardViewMediator(  256): setHidden false
02-13 18:50:57.010 D/CallManager(  342):  handleMessage (EVENT_PRECISE_CALL_STATE_CHANGED)
02-13 18:50:57.010 I/DATA    (  342): [DCT(0) ] intent received :android.intent.action.VOICE_CALL_STARTED
02-13 18:50:57.010 D/CallManager(  342):  handleMessage (EVENT_PRECISE_CALL_STATE_CHANGED)
02-13 18:50:57.020 D/CallManager(  342):  handleMessage (EVENT_PRECISE_CALL_STATE_CHANGED)
02-13 18:50:57.020 D/CallerInfoAsyncQuery(  342): ##### onQueryComplete() #####   query complete for token: -1
02-13 18:50:57.020 D/CallerInfoAsyncQuery(  342): ==> Got mCallerInfo: CallerInfo { name non-null, phoneNumber non-null }
02-13 18:50:57.020 D/CallerInfoAsyncQuery(  342): constructing CallerInfo object for token: -1
02-13 18:50:57.020 D/CallerInfoAsyncQuery(  342): Processing event: 3 token (arg1): 1 command: -1 query URI: 
02-13 18:50:57.020 D/CallerInfoAsyncQuery(  342): notifying listener: class com.android.phone.PhoneUtils$6 for token: -1CallerInfo { name non-null, phoneNumber non-null }
02-13 18:50:57.020 D/PhoneUtils(  342): query complete, updating connection.userdata
02-13 18:50:57.020 D/PhoneUtils(  342): - onQueryComplete: CallerInfo:CallerInfo { name non-null, phoneNumber non-null }
02-13 18:50:57.020 D/CallerInfoAsyncQuery(  342): ##### onQueryComplete() #####   query complete for token: -1
02-13 18:50:57.020 D/CallerInfoAsyncQuery(  342): notifying listener: class com.android.phone.CallCard for token: -1CallerInfo { name non-null, phoneNumber non-null }
02-13 18:50:57.020 D/CallCard(  342): onQueryComplete: token -1, cookie DIALING, ci CallerInfo { name non-null, phoneNumber non-null }
02-13 18:50:57.020 D/CallCard(  342): callerinfo query complete, updating ui from displayMainCallStatus()
02-13 18:50:57.020 D/PhoneUtils(  342): startGetCallerInfo: query already done, returning CallerInfo
02-13 18:50:57.020 D/CallCard(  342): - onQueryComplete: presentation=1, contactExists=true
02-13 18:50:57.020 D/CallCard(  342): updateDisplayForPerson(CallerInfo { name non-null, phoneNumber non-null })
02-13 18:50:57.020 D/CallCard(  342): presentation:1 isTemporary:false
02-13 18:50:57.020 D/CallCard(  342): - got personUri: 'content://com.android.contacts/contacts/179', based on info.person_id: 179
02-13 18:50:57.020 I/ContactsProvider(  404): query: content://com.android.contacts/contacts/179/photo
02-13 18:50:57.020 E/ContactsProvider(  404): 101123 isCallerRegisterNeedSIMProc callerPid:342, acorePid:404
02-13 18:50:57.030 I/ContactsProvider(  404): query isCallerRegistered= true
02-13 18:50:57.030 I/ContactsProvider(  404): query forOnlyOneContactString= 0
02-13 18:50:57.030 D/CallCard(  342): updatePhotoForCallState(DIALING)...
02-13 18:50:57.030 D/CallCard(  342): yangliu_sprint,updatePhotoForCallState,isEarliestConnHold = false
02-13 18:50:57.040 D/BT HS/HF(  342): updatePhoneState()
02-13 18:50:57.040 I/BluetoothService(  256): Got Call State change - new call state = 1
02-13 18:50:57.040 D/BT HS/HF(  342): Foreground call state : DIALING
02-13 18:50:57.040 D/BT HS/HF(  342): terminateVirtualVoiceCall: Received
02-13 18:50:57.040 D/BT HS/HF(  342): terminateVirtualVoiceCall: VirtualCall is not in progress
02-13 18:50:57.040 D/BT HS/HF(  342): audioOn()
02-13 18:50:57.040 D/BT HS/HF(  342): audioOn(): headset is not connected!
02-13 18:50:57.040 D/BT HS/HF(  342): Ringing call state : IDLE
02-13 18:50:57.040 D/BT HS/HF(  342): Background call state : IDLE
02-13 18:50:57.040 E/BT HS/HF(  342): prev mIsCdmaFirstConnectionHeld  is false
02-13 18:50:57.040 E/BT HS/HF(  342): current mIsCdmaFirstConnectionHeld is false
02-13 18:50:57.040 D/BT HS/HF(  342): CallSetup: 2
02-13 18:50:57.040 D/BT HS/HF(  342): Call: 0
02-13 18:50:57.040 D/BT HS/HF(  342): CallHeld: 0
02-13 18:50:57.040 D/CallNotifier(  342): handleMessage() Msg Type: 1
02-13 18:50:57.040 D/PhoneApp(  342): old phone type:2, New Phone type:2
02-13 18:50:57.040 D/CallNotifier(  342): onPhoneStateChanged: state = OFFHOOK
02-13 18:50:57.040 D/NotificationMgr(  342): updating status bar state: 5
02-13 18:50:57.040 D/PhoneApp(  342): updateProximitySensorMode: state = OFFHOOK
02-13 18:50:57.040 D/PhoneApp(  342): updateProximitySensorMode: lock already held.
02-13 18:50:57.040 D/PhoneApp(  342): updateProximitySensorMode: state = OFFHOOK
02-13 18:50:57.040 D/PhoneApp(  342): updateProximitySensorMode: lock already held.
02-13 18:50:57.040 D/AccelerometerListener(  342): enable(true)
02-13 18:50:57.040 E/Sensors (  256): [HAL]ready to call enable(Accelerometer,1),AAAAAAAA
02-13 18:50:57.051 D/CallNotifier(  342): onPhoneStateChanged: OFF HOOK
02-13 18:50:57.051 D/PhoneUtils(  342): setAudioMode()...OFFHOOK
02-13 18:50:57.051 D/PhoneUtils(  342): setAudioMode() no change: MODE_IN_CALL
02-13 18:50:57.051 D/CallNotifier(  342): stopRing()... (OFFHOOK state)
02-13 18:50:57.051 D/CallNotifier(  342): Reset Auto answer timeout
02-13 18:50:57.051 D/CallNotifier(  342): - updating notification for phone state change...
02-13 18:50:57.051 D/NotificationMgr(  342): updateInCallNotification()...
02-13 18:50:57.051 D/NotificationMgr(  342):   - hasRingingCall = false
02-13 18:50:57.051 D/NotificationMgr(  342):   - hasActiveCall = true
02-13 18:50:57.051 D/NotificationMgr(  342):   - hasHoldingCall = false
02-13 18:50:57.051 D/NotificationMgr(  342): updateInCallNotification: enhancedVoicePrivacy = false
02-13 18:50:57.051 D/NotificationMgr(  342): - Updating status bar icon: resId = 2130837684
02-13 18:50:57.051 D/PhoneApp(  342): createInCallIntent subscription:
02-13 18:50:57.051 D/NotificationMgr(  342): - Updating expanded view: line 1 'xxxxxxx'
02-13 18:50:57.051 D/PhoneUtils(  342): startGetCallerInfo: query already done, returning CallerInfo
02-13 18:50:57.051 D/PhoneUtils(  342): getCompactNameFromCallerInfo: info = CallerInfo { name non-null, phoneNumber non-null }
02-13 18:50:57.051 D/PhoneUtils(  342): getCompactNameFromCallerInfo: compactName=Jodi Smith
02-13 18:50:57.051 D/NotificationMgr(  342): - Updating expanded view: line 2 'xxxxxxx'
02-13 18:50:57.051 D/NotificationMgr(  342): - Setting fullScreenIntent: PendingIntent{40649f18: android.os.BinderProxy@4064c5e8}
02-13 18:50:57.051 D/NotificationMgr(  342): Notifying IN_CALL_NOTIFICATION: Notification(vibrate=null,sound=null,defaults=0x0,flags=0x2)
02-13 18:50:57.051 D/KeyguardViewMediator(  256): setHidden false
02-13 18:50:57.071 D/NotificationMgr(  342): updateSpeakerNotification: speaker OFF (or not offhook)
02-13 18:50:57.071 D/PhoneUtils(  342): audioManager.isMicrophoneMute: false
02-13 18:50:57.071 D/NotificationMgr(  342): updateMuteNotification: not muted (or not offhook)
02-13 18:50:57.071 D/PhoneUtils(  342): ConnectionHandler: updating mute state for each connection
02-13 18:50:57.071 D/PhoneUtils(  342): setMuteInternal: false
02-13 18:50:57.071 D/PhoneUtils(  342): setMuteInternal: falsephoneType = 2
02-13 18:50:57.071 D/PhoneUtils(  342): setMicrophoneMute: false
02-13 18:50:57.071 D/PhoneUtils(  342): audioManager.isMicrophoneMute: false
02-13 18:50:57.071 D/NotificationMgr(  342): updateMuteNotification: not muted (or not offhook)
02-13 18:50:57.071 D/InCallScreen(  342): onPhoneStateChanged()...
02-13 18:50:57.071 D/InCallScreen(  342): updateScreen()...
02-13 18:50:57.071 D/InCallScreen(  342): - updateScreen: updating the in-call UI...
02-13 18:50:57.071 D/CallCard(  342): updateState(########### Dump CallManager ############
02-13 18:50:57.071 D/CallCard(  342): CallManager state = OFFHOOK
02-13 18:50:57.071 D/CallCard(  342):    - Foreground: DIALING from Handler{4057c160}
02-13 18:50:57.071 D/CallCard(  342):      Conn: [ incoming: false state: DIALING post dial state: NOT_STARTED]
02-13 18:50:57.071 D/CallCard(  342):    - Background: IDLE from Handler{4057c160}
02-13 18:50:57.071 D/CallCard(  342):      Conn: []
02-13 18:50:57.071 D/CallCard(  342):    - Ringing: IDLE from Handler{4057c160}
02-13 18:50:57.071 D/CallCard(  342):  Phone: Handler{4057c160}, name = CDMA, state = OFFHOOK
02-13 18:50:57.071 D/CallCard(  342):    - Foreground: DIALING Background: IDLE Ringing: IDLE
02-13 18:50:57.071 D/CallCard(  342): ########## End Dump CallManager ##########)...
02-13 18:50:57.071 D/CallCard(  342): updateForegroundCall()...
02-13 18:50:57.071 D/CallCard(  342): displayMainCallStatus(call DIALING)...
02-13 18:50:57.071 D/CallCard(  342):   - call.state: DIALING
02-13 18:50:57.071 D/CallCard(  342): updateCardTitleWidgets(call DIALING)...
02-13 18:50:57.071 D/CallCard(  342): - getTitleForCallCard(Call DIALING)...
02-13 18:50:57.071 D/CallCard(  342):   ==> result: Dialing
02-13 18:50:57.071 D/CallCard(  342): updateCardTitleWidgets: Dialing
02-13 18:50:57.071 D/InCallScreen(  342): getUpdatedInCallControlState()...
02-13 18:50:57.071 D/PhoneUtils(  342): isEmergencyCall()...
02-13 18:50:57.071 D/PhoneUtils(  342): (add_call,fgCallState == Call.State.ACTIVE) = false
02-13 18:50:57.071 D/PhoneUtils(  342): (add_call,app.cdmaPhoneCallState.getAddCallMenuStateAfterCallWaiting() = true
02-13 18:50:57.071 D/InCallScreen(  342): isBluetoothAvailable()...
02-13 18:50:57.071 D/InCallScreen(  342):   - headset state = 0
02-13 18:50:57.071 D/InCallScreen(  342):   - headset address: null
02-13 18:50:57.071 D/InCallScreen(  342):   ==> false
02-13 18:50:57.071 D/PhoneUtils(  342): audioManager.isMicrophoneMute: false
02-13 18:50:57.071 D/InCallScreen(  342): [okToDialDTMFTones] foreground state: DIALING, ringing state: false, call screen mode: NORMAL, result: false
02-13 18:50:57.071 D/InCallControlState(  342): InCallControlState:
02-13 18:50:57.071 D/InCallControlState(  342):   manageConferenceVisible: false
02-13 18:50:57.071 D/InCallControlState(  342):   manageConferenceEnabled: false
02-13 18:50:57.071 D/InCallControlState(  342):   canAddCall: false
02-13 18:50:57.071 D/InCallControlState(  342):   canSwap: false
02-13 18:50:57.071 D/InCallControlState(  342):   canMerge: false
02-13 18:50:57.071 D/InCallControlState(  342):   bluetoothEnabled: false
02-13 18:50:57.071 D/InCallControlState(  342):   bluetoothIndicatorOn: false
02-13 18:50:57.071 D/InCallControlState(  342):   speakerEnabled: true
02-13 18:50:57.071 D/InCallControlState(  342):   speakerOn: false
02-13 18:50:57.071 D/InCallControlState(  342):   canMute: false
02-13 18:50:57.071 D/InCallControlState(  342):   muteIndicatorOn: false
02-13 18:50:57.081 D/InCallControlState(  342):   dialpadEnabled: false
02-13 18:50:57.081 D/InCallControlState(  342):   dialpadVisible: false
02-13 18:50:57.081 D/InCallControlState(  342):   onHold: false
02-13 18:50:57.081 D/InCallControlState(  342):   canHold: false
02-13 18:50:57.081 D/CallCard(  342): yangliu,getCurrentCallState: SINGLE_ACTIVE
02-13 18:50:57.081 D/CallCard(  342): yangliu,inCallControlState.onHold: false
02-13 18:50:57.081 D/CallCard(  342):   - CONN:  incoming: false state: DIALING post dial state: NOT_STARTED, state = DIALING
02-13 18:50:57.081 D/CallCard(  342): - displayMainCallStatus: updatedNumber = 4864351
02-13 18:50:57.081 D/CallCard(  342): - displayMainCallStatus: starting CallerInfo query...
02-13 18:50:57.081 D/PhoneUtils(  342): startGetCallerInfo: query already done, returning CallerInfo
02-13 18:50:57.081 D/CallCard(  342): updateDisplayForPerson(CallerInfo { name non-null, phoneNumber non-null })
02-13 18:50:57.081 D/CallCard(  342): presentation:1 isTemporary:false
02-13 18:50:57.081 D/CallCard(  342): - got personUri: 'content://com.android.contacts/contacts/179', based on info.person_id: 179
02-13 18:50:57.081 I/ContactsProvider(  404): query: content://com.android.contacts/contacts/179/photo
02-13 18:50:57.081 E/ContactsProvider(  404): 101123 isCallerRegisterNeedSIMProc callerPid:342, acorePid:404
02-13 18:50:57.091 I/ContactsProvider(  404): query isCallerRegistered= true
02-13 18:50:57.091 I/ContactsProvider(  404): query forOnlyOneContactString= 0
02-13 18:50:57.091 D/CallCard(  342): updatePhotoForCallState(DIALING)...
02-13 18:50:57.091 D/CallCard(  342): yangliu_sprint,updatePhotoForCallState,isEarliestConnHold = false
02-13 18:50:57.091 D/CallCard(  342): displayOnHoldCallStatus(call =IDLE)...
02-13 18:50:57.091 D/PhoneApp(  342): - isOtaCallInActiveState false
02-13 18:50:57.091 D/InCallScreen(  342): [okToDialDTMFTones] foreground state: DIALING, ringing state: false, call screen mode: NORMAL, result: false
02-13 18:50:57.091 D/InCallScreen(  342): isBluetoothAudioConnected: ==> isAudioOn = false
02-13 18:50:57.091 D/InCallScreen(  342): getUpdatedInCallControlState()...
02-13 18:50:57.091 D/PhoneUtils(  342): isEmergencyCall()...
02-13 18:50:57.091 D/PhoneUtils(  342): (add_call,fgCallState == Call.State.ACTIVE) = false
02-13 18:50:57.091 D/PhoneUtils(  342): (add_call,app.cdmaPhoneCallState.getAddCallMenuStateAfterCallWaiting() = true
02-13 18:50:57.091 D/InCallScreen(  342): isBluetoothAvailable()...
02-13 18:50:57.101 D/InCallScreen(  342):   - headset state = 0
02-13 18:50:57.101 D/InCallScreen(  342):   - headset address: null
02-13 18:50:57.101 D/InCallScreen(  342):   ==> false
02-13 18:50:57.101 D/PhoneUtils(  342): audioManager.isMicrophoneMute: false
02-13 18:50:57.101 D/InCallScreen(  342): [okToDialDTMFTones] foreground state: DIALING, ringing state: false, call screen mode: NORMAL, result: false
02-13 18:50:57.101 D/InCallControlState(  342): InCallControlState:
02-13 18:50:57.101 D/InCallControlState(  342):   manageConferenceVisible: false
02-13 18:50:57.101 D/InCallControlState(  342):   manageConferenceEnabled: false
02-13 18:50:57.101 D/InCallControlState(  342):   canAddCall: false
02-13 18:50:57.101 D/InCallControlState(  342):   canSwap: false
02-13 18:50:57.101 D/InCallControlState(  342):   canMerge: false
02-13 18:50:57.101 D/InCallControlState(  342):   bluetoothEnabled: false
02-13 18:50:57.101 D/InCallControlState(  342):   bluetoothIndicatorOn: false
02-13 18:50:57.101 D/InCallControlState(  342):   speakerEnabled: true
02-13 18:50:57.101 D/InCallControlState(  342):   speakerOn: false
02-13 18:50:57.101 D/InCallControlState(  342):   canMute: false
02-13 18:50:57.101 D/InCallControlState(  342):   muteIndicatorOn: false
02-13 18:50:57.101 D/InCallControlState(  342):   dialpadEnabled: false
02-13 18:50:57.101 D/InCallControlState(  342):   dialpadVisible: false
02-13 18:50:57.101 D/InCallControlState(  342):   onHold: false
02-13 18:50:57.101 D/InCallControlState(  342):   canHold: false
02-13 18:50:57.101 D/InCallScreen(  342): updateProviderOverlay: false
02-13 18:50:57.101 D/InCallScreen(  342): updateMenuButtonHint()...
02-13 18:50:57.101 D/PhoneApp(  342): updateWakeState: callscreen true, dialer false, speaker false...
02-13 18:50:57.101 D/PhoneApp(  342): setScreenTimeout(MEDIUM)...
02-13 18:50:57.101 D/PhoneApp(  342): updateWakeState: keepScreenOn = true (isRinging false, isDialing true, showingDisc false)
02-13 18:50:57.111 D/PhoneApp(  342): requestWakeState(FULL)...
02-13 18:50:57.111 D/Phone   (  342): [PhoneNotifier] [DefaultPhoneNotifier] : default, INET, SUSPENDED
02-13 18:50:57.111 D/KeyguardViewMediator(  256): setHidden false
02-13 18:50:57.111 D/KeyguardViewMediator(  256): setHidden false
02-13 18:50:57.121 I/TelephonyRegistry(  256): notifyDataConnection: state=3 isDataConnectivityPossible=true reason=2GVoiceCallStarted interfaceName=rmnet0 networkType=6 apnType=default apn=null
02-13 18:50:57.121 I/TelephonyRegistry(  256): +++broadcastDataConnectionStateChanged
02-13 18:50:57.121 I/TelephonyRegistry(  256): +++sendStickyBroadcast
02-13 18:50:57.131 D/MobileDataStateTracker(  256): [hipri]  MobileDataStateReceiver onReceive(): Entry.
02-13 18:50:57.131 D/MobileDataStateTracker(  256): [hipri]  intent.getAction()= android.intent.action.ANY_DATA_STATE
02-13 18:50:57.131 D/MobileDataStateTracker(  256): [hipri]  mEnabled = false
02-13 18:50:57.131 D/MobileDataStateTracker(  256): [hipri]  apnTypeList = default
02-13 18:50:57.131 D/MobileDataStateTracker(  256): [hipri]  unavailable = false
02-13 18:50:57.131 D/MobileDataStateTracker(  256): [hipri] Do not process intents if disabled.
02-13 18:50:57.131 D/MobileDataStateTracker(  256): [dun]  MobileDataStateReceiver onReceive(): Entry.
02-13 18:50:57.131 D/MobileDataStateTracker(  256): [dun]  intent.getAction()= android.intent.action.ANY_DATA_STATE
02-13 18:50:57.131 D/MobileDataStateTracker(  256): [dun]  mEnabled = false
02-13 18:50:57.131 D/MobileDataStateTracker(  256): [dun]  apnTypeList = default
02-13 18:50:57.131 D/MobileDataStateTracker(  256): [dun]  unavailable = false
02-13 18:50:57.131 D/MobileDataStateTracker(  256): [dun] Do not process intents if disabled.
02-13 18:50:57.131 D/MobileDataStateTracker(  256): [supl]  MobileDataStateReceiver onReceive(): Entry.
02-13 18:50:57.131 D/MobileDataStateTracker(  256): [supl]  intent.getAction()= android.intent.action.ANY_DATA_STATE
02-13 18:50:57.131 D/MobileDataStateTracker(  256): [supl]  mEnabled = false
02-13 18:50:57.141 D/MobileDataStateTracker(  256): [supl]  apnTypeList = default
02-13 18:50:57.141 D/MobileDataStateTracker(  256): [supl]  unavailable = false
02-13 18:50:57.141 D/MobileDataStateTracker(  256): [supl] Do not process intents if disabled.
02-13 18:50:57.141 D/MobileDataStateTracker(  256): [mms]  MobileDataStateReceiver onReceive(): Entry.
02-13 18:50:57.141 D/MobileDataStateTracker(  256): [mms]  intent.getAction()= android.intent.action.ANY_DATA_STATE
02-13 18:50:57.141 D/MobileDataStateTracker(  256): [mms]  mEnabled = false
02-13 18:50:57.141 D/MobileDataStateTracker(  256): [mms]  apnTypeList = default
02-13 18:50:57.141 D/MobileDataStateTracker(  256): [mms]  unavailable = false
02-13 18:50:57.141 D/MobileDataStateTracker(  256): [mms] Do not process intents if disabled.
02-13 18:50:57.141 D/MobileDataStateTracker(  256): [default]  MobileDataStateReceiver onReceive(): Entry.
02-13 18:50:57.141 D/MobileDataStateTracker(  256): [default]  intent.getAction()= android.intent.action.ANY_DATA_STATE
02-13 18:50:57.141 D/MobileDataStateTracker(  256): [default]  mEnabled = true
02-13 18:50:57.141 D/MobileDataStateTracker(  256): [default]  apnTypeList = default
02-13 18:50:57.141 D/MobileDataStateTracker(  256): [default]  unavailable = false
02-13 18:50:57.141 D/MobileDataStateTracker(  256): [default] CALL updateMobileInfoFromIntent
02-13 18:50:57.141 I/MobileDataStateTracker(  256): [default] dc state change intent received for default/INET with state  SUSPENDED. enabled=true state change reason = 2GVoiceCallStarted
02-13 18:50:57.151 D/Phone   (  342): [PhoneNotifier] [DefaultPhoneNotifier] : default, INET6, DISCONNECTED
02-13 18:50:57.151 I/MobileDataStateTracker(  256): [default] old state = CONNECTED
02-13 18:50:57.151 I/MobileDataStateTracker(  256): [default] updated mobile state info for INET : [state=SUSPENDED, iface=rmnet0, mApnName=null, mIpAddress=/173.155.101.96, mGateway=/173.155.101.97]
02-13 18:50:57.151 D/NetworkStateTracker(  256): setDetailed state, old =CONNECTED and new state=SUSPENDED
02-13 18:50:57.151 W/NetworkStateTracker(  256): ### removeDefaultRoute. do nothing 
02-13 18:50:57.161 D/GTalkService(  377): ##### Network broadcast (connected=false) type=mobile, state=SUSPENDED
02-13 18:50:57.161 I/GTalkService(  377): [GTalkConnection.1] setInternalNetworkState: type=0, state=SUSPENDED
02-13 18:50:57.161 D/Tethering(  256): MasterInitialState.processMessage what=3
02-13 18:50:57.181 I/TelephonyRegistry(  256): notifyDataConnection: state=0 isDataConnectivityPossible=true reason=2GVoiceCallStarted interfaceName=null networkType=6 apnType=default apn=null
02-13 18:50:57.181 I/TelephonyRegistry(  256): +++broadcastDataConnectionStateChanged
02-13 18:50:57.181 I/TelephonyRegistry(  256): +++sendStickyBroadcast
02-13 18:50:57.191 I/MediaUploader(  688): No need to wake up
02-13 18:50:57.191 D/MobileDataStateTracker(  256): [hipri]  MobileDataStateReceiver onReceive(): Entry.
02-13 18:50:57.191 D/MobileDataStateTracker(  256): [hipri]  intent.getAction()= android.intent.action.ANY_DATA_STATE
02-13 18:50:57.191 D/MobileDataStateTracker(  256): [hipri]  mEnabled = false
02-13 18:50:57.191 D/MobileDataStateTracker(  256): [hipri]  apnTypeList = default
02-13 18:50:57.191 D/MobileDataStateTracker(  256): [hipri]  unavailable = false
02-13 18:50:57.191 D/MobileDataStateTracker(  256): [hipri] Do not process intents if disabled.
02-13 18:50:57.191 D/Phone   (  342): [PhoneNotifier] [DefaultPhoneNotifier] : mms, INET, SUSPENDED
02-13 18:50:57.191 I/TelephonyRegistry(  256): notifyDataConnection: state=3 isDataConnectivityPossible=true reason=2GVoiceCallStarted interfaceName=rmnet0 networkType=6 apnType=mms apn=null
02-13 18:50:57.191 I/TelephonyRegistry(  256): +++broadcastDataConnectionStateChanged
02-13 18:50:57.191 I/TelephonyRegistry(  256): +++sendStickyBroadcast
02-13 18:50:57.201 D/GpsLocationProvider(  256): updateNetworkState unavailable info: NetworkInfo: type: mobile[CDMA - EvDo rev. A], state: SUSPENDED/SUSPENDED, reason: 2GVoiceCallStarted, extra: (none), roaming: false, failover: false, isAvailable: true, isIpv4Connected: false, isIpv6Connected: false, ipv4Name: null, ipv6Name: null
02-13 18:50:57.201 D/MobileDataStateTracker(  256): [dun]  MobileDataStateReceiver onReceive(): Entry.
02-13 18:50:57.201 D/MobileDataStateTracker(  256): [dun]  intent.getAction()= android.intent.action.ANY_DATA_STATE
02-13 18:50:57.201 D/MobileDataStateTracker(  256): [dun]  mEnabled = false
02-13 18:50:57.201 D/MobileDataStateTracker(  256): [dun]  apnTypeList = default
02-13 18:50:57.201 D/MobileDataStateTracker(  256): [dun]  unavailable = false
02-13 18:50:57.201 D/MobileDataStateTracker(  256): [dun] Do not process intents if disabled.
02-13 18:50:57.201 D/MobileDataStateTracker(  256): [supl]  MobileDataStateReceiver onReceive(): Entry.
02-13 18:50:57.201 D/MobileDataStateTracker(  256): [supl]  intent.getAction()= android.intent.action.ANY_DATA_STATE
02-13 18:50:57.201 D/MobileDataStateTracker(  256): [supl]  mEnabled = false
02-13 18:50:57.201 D/MobileDataStateTracker(  256): [supl]  apnTypeList = default
02-13 18:50:57.201 D/MobileDataStateTracker(  256): [supl]  unavailable = false
02-13 18:50:57.201 D/MobileDataStateTracker(  256): [supl] Do not process intents if disabled.
02-13 18:50:57.201 D/MobileDataStateTracker(  256): [mms]  MobileDataStateReceiver onReceive(): Entry.
02-13 18:50:57.201 D/MobileDataStateTracker(  256): [mms]  intent.getAction()= android.intent.action.ANY_DATA_STATE
02-13 18:50:57.201 D/MobileDataStateTracker(  256): [mms]  mEnabled = false
02-13 18:50:57.201 D/MobileDataStateTracker(  256): [mms]  apnTypeList = default
02-13 18:50:57.201 D/MobileDataStateTracker(  256): [mms]  unavailable = false
02-13 18:50:57.201 D/MobileDataStateTracker(  256): [mms] Do not process intents if disabled.
02-13 18:50:57.201 D/MobileDataStateTracker(  256): [default]  MobileDataStateReceiver onReceive(): Entry.
02-13 18:50:57.201 D/MobileDataStateTracker(  256): [default]  intent.getAction()= android.intent.action.ANY_DATA_STATE
02-13 18:50:57.201 D/MobileDataStateTracker(  256): [default]  mEnabled = true
02-13 18:50:57.201 D/MobileDataStateTracker(  256): [default]  apnTypeList = default
02-13 18:50:57.201 D/MobileDataStateTracker(  256): [default]  unavailable = false
02-13 18:50:57.201 D/MobileDataStateTracker(  256): [default] CALL updateMobileInfoFromIntent
02-13 18:50:57.201 I/MobileDataStateTracker(  256): [default] dc state change intent received for default/INET6 with state  DISCONNECTED. enabled=true state change reason = 2GVoiceCallStarted
02-13 18:50:57.201 I/MobileDataStateTracker(  256): [default] old state = DISCONNECTED
02-13 18:50:57.201 I/MobileDataStateTracker(  256): [default] no change,  just return
02-13 18:50:57.201 D/MobileDataStateTracker(  256): [default] No need to update detailed state
02-13 18:50:57.221 D/MobileDataStateTracker(  256): [hipri]  MobileDataStateReceiver onReceive(): Entry.
02-13 18:50:57.221 D/MobileDataStateTracker(  256): [hipri]  intent.getAction()= android.intent.action.ANY_DATA_STATE
02-13 18:50:57.221 D/MobileDataStateTracker(  256): [hipri]  mEnabled = false
02-13 18:50:57.231 D/MobileDataStateTracker(  256): [hipri]  apnTypeList = mms
02-13 18:50:57.231 D/MobileDataStateTracker(  256): [hipri]  unavailable = false
02-13 18:50:57.231 D/MobileDataStateTracker(  256): [hipri] Do not process intents if disabled.
02-13 18:50:57.231 D/MobileDataStateTracker(  256): [dun]  MobileDataStateReceiver onReceive(): Entry.
02-13 18:50:57.231 D/MobileDataStateTracker(  256): [dun]  intent.getAction()= android.intent.action.ANY_DATA_STATE
02-13 18:50:57.231 D/MobileDataStateTracker(  256): [dun]  mEnabled = false
02-13 18:50:57.231 D/MobileDataStateTracker(  256): [dun]  apnTypeList = mms
02-13 18:50:57.231 D/MobileDataStateTracker(  256): [dun]  unavailable = false
02-13 18:50:57.231 D/MobileDataStateTracker(  256): [dun] Do not process intents if disabled.
02-13 18:50:57.231 D/MobileDataStateTracker(  256): [supl]  MobileDataStateReceiver onReceive(): Entry.
02-13 18:50:57.231 D/MobileDataStateTracker(  256): [supl]  intent.getAction()= android.intent.action.ANY_DATA_STATE
02-13 18:50:57.231 D/MobileDataStateTracker(  256): [supl]  mEnabled = false
02-13 18:50:57.231 D/MobileDataStateTracker(  256): [supl]  apnTypeList = mms
02-13 18:50:57.231 D/MobileDataStateTracker(  256): [supl]  unavailable = false
02-13 18:50:57.231 D/MobileDataStateTracker(  256): [supl] Do not process intents if disabled.
02-13 18:50:57.231 D/MobileDataStateTracker(  256): [mms]  MobileDataStateReceiver onReceive(): Entry.
02-13 18:50:57.231 D/MobileDataStateTracker(  256): [mms]  intent.getAction()= android.intent.action.ANY_DATA_STATE
02-13 18:50:57.231 D/MobileDataStateTracker(  256): [mms]  mEnabled = false
02-13 18:50:57.231 D/MobileDataStateTracker(  256): [mms]  apnTypeList = mms
02-13 18:50:57.231 D/MobileDataStateTracker(  256): [mms]  unavailable = false
02-13 18:50:57.231 D/MobileDataStateTracker(  256): [mms] Do not process intents if disabled.
02-13 18:50:57.231 D/MobileDataStateTracker(  256): [default]  MobileDataStateReceiver onReceive(): Entry.
02-13 18:50:57.231 D/MobileDataStateTracker(  256): [default]  intent.getAction()= android.intent.action.ANY_DATA_STATE
02-13 18:50:57.231 D/MobileDataStateTracker(  256): [default]  mEnabled = true
02-13 18:50:57.241 D/Phone   (  342): [PhoneNotifier] [DefaultPhoneNotifier] : mms, INET6, DISCONNECTED
02-13 18:50:57.241 D/MobileDataStateTracker(  256): [default]  apnTypeList = mms
02-13 18:50:57.241 D/MobileDataStateTracker(  256): [default]  unavailable = false
02-13 18:50:57.241 D/MobileDataStateTracker(  256): [default] not what we are looking for.
02-13 18:50:57.251 I/TelephonyRegistry(  256): notifyDataConnection: state=0 isDataConnectivityPossible=true reason=2GVoiceCallStarted interfaceName=null networkType=6 apnType=mms apn=null
02-13 18:50:57.251 I/TelephonyRegistry(  256): +++broadcastDataConnectionStateChanged
02-13 18:50:57.251 I/TelephonyRegistry(  256): +++sendStickyBroadcast
02-13 18:50:57.251 D/MobileDataStateTracker(  256): [hipri]  MobileDataStateReceiver onReceive(): Entry.
02-13 18:50:57.251 D/MobileDataStateTracker(  256): [hipri]  intent.getAction()= android.intent.action.ANY_DATA_STATE
02-13 18:50:57.251 D/MobileDataStateTracker(  256): [hipri]  mEnabled = false
02-13 18:50:57.251 D/MobileDataStateTracker(  256): [hipri]  apnTypeList = mms
02-13 18:50:57.251 D/MobileDataStateTracker(  256): [hipri]  unavailable = false
02-13 18:50:57.251 D/MobileDataStateTracker(  256): [hipri] Do not process intents if disabled.
02-13 18:50:57.251 D/MobileDataStateTracker(  256): [dun]  MobileDataStateReceiver onReceive(): Entry.
02-13 18:50:57.251 D/MobileDataStateTracker(  256): [dun]  intent.getAction()= android.intent.action.ANY_DATA_STATE
02-13 18:50:57.251 D/MobileDataStateTracker(  256): [dun]  mEnabled = false
02-13 18:50:57.271 D/Phone   (  342): [PhoneNotifier] [DefaultPhoneNotifier] : supl, INET, SUSPENDED
02-13 18:50:57.271 D/MobileDataStateTracker(  256): [dun]  apnTypeList = mms
02-13 18:50:57.271 D/MobileDataStateTracker(  256): [dun]  unavailable = false
02-13 18:50:57.271 D/MobileDataStateTracker(  256): [dun] Do not process intents if disabled.
02-13 18:50:57.271 D/MobileDataStateTracker(  256): [supl]  MobileDataStateReceiver onReceive(): Entry.
02-13 18:50:57.271 D/MobileDataStateTracker(  256): [supl]  intent.getAction()= android.intent.action.ANY_DATA_STATE
02-13 18:50:57.271 D/MobileDataStateTracker(  256): [supl]  mEnabled = false
02-13 18:50:57.271 D/MobileDataStateTracker(  256): [supl]  apnTypeList = mms
02-13 18:50:57.271 D/MobileDataStateTracker(  256): [supl]  unavailable = false
02-13 18:50:57.271 D/MobileDataStateTracker(  256): [supl] Do not process intents if disabled.
02-13 18:50:57.271 D/MobileDataStateTracker(  256): [mms]  MobileDataStateReceiver onReceive(): Entry.
02-13 18:50:57.271 D/MobileDataStateTracker(  256): [mms]  intent.getAction()= android.intent.action.ANY_DATA_STATE
02-13 18:50:57.271 D/MobileDataStateTracker(  256): [mms]  mEnabled = false
02-13 18:50:57.271 D/MobileDataStateTracker(  256): [mms]  apnTypeList = mms
02-13 18:50:57.271 D/MobileDataStateTracker(  256): [mms]  unavailable = false
02-13 18:50:57.271 D/MobileDataStateTracker(  256): [mms] Do not process intents if disabled.
02-13 18:50:57.271 D/MobileDataStateTracker(  256): [default]  MobileDataStateReceiver onReceive(): Entry.
02-13 18:50:57.271 D/MobileDataStateTracker(  256): [default]  intent.getAction()= android.intent.action.ANY_DATA_STATE
02-13 18:50:57.271 D/MobileDataStateTracker(  256): [default]  mEnabled = true
02-13 18:50:57.291 D/MobileDataStateTracker(  256): [default]  apnTypeList = mms
02-13 18:50:57.291 D/MobileDataStateTracker(  256): [default]  unavailable = false
02-13 18:50:57.291 D/MobileDataStateTracker(  256): [default] not what we are looking for.
02-13 18:50:57.291 I/TelephonyRegistry(  256): notifyDataConnection: state=3 isDataConnectivityPossible=true reason=2GVoiceCallStarted interfaceName=rmnet0 networkType=6 apnType=supl apn=null
02-13 18:50:57.291 I/TelephonyRegistry(  256): +++broadcastDataConnectionStateChanged
02-13 18:50:57.291 I/TelephonyRegistry(  256): +++sendStickyBroadcast
02-13 18:50:57.291 D/Phone   (  342): [PhoneNotifier] [DefaultPhoneNotifier] : supl, INET6, DISCONNECTED
02-13 18:50:57.301 D/MobileDataStateTracker(  256): [hipri]  MobileDataStateReceiver onReceive(): Entry.
02-13 18:50:57.301 D/MobileDataStateTracker(  256): [hipri]  intent.getAction()= android.intent.action.ANY_DATA_STATE
02-13 18:50:57.301 D/MobileDataStateTracker(  256): [hipri]  mEnabled = false
02-13 18:50:57.301 D/MobileDataStateTracker(  256): [hipri]  apnTypeList = supl
02-13 18:50:57.301 D/MobileDataStateTracker(  256): [hipri]  unavailable = false
02-13 18:50:57.301 D/MobileDataStateTracker(  256): [hipri] Do not process intents if disabled.
02-13 18:50:57.301 D/MobileDataStateTracker(  256): [dun]  MobileDataStateReceiver onReceive(): Entry.
02-13 18:50:57.301 D/MobileDataStateTracker(  256): [dun]  intent.getAction()= android.intent.action.ANY_DATA_STATE
02-13 18:50:57.301 D/MobileDataStateTracker(  256): [dun]  mEnabled = false
02-13 18:50:57.301 D/MobileDataStateTracker(  256): [dun]  apnTypeList = supl
02-13 18:50:57.301 D/MobileDataStateTracker(  256): [dun]  unavailable = false
02-13 18:50:57.301 D/MobileDataStateTracker(  256): [dun] Do not process intents if disabled.
02-13 18:50:57.301 D/MobileDataStateTracker(  256): [supl]  MobileDataStateReceiver onReceive(): Entry.
02-13 18:50:57.301 D/MobileDataStateTracker(  256): [supl]  intent.getAction()= android.intent.action.ANY_DATA_STATE
02-13 18:50:57.301 D/MobileDataStateTracker(  256): [supl]  mEnabled = false
02-13 18:50:57.301 D/MobileDataStateTracker(  256): [supl]  apnTypeList = supl
02-13 18:50:57.301 D/MobileDataStateTracker(  256): [supl]  unavailable = false
02-13 18:50:57.301 D/MobileDataStateTracker(  256): [supl] Do not process intents if disabled.
02-13 18:50:57.301 D/MobileDataStateTracker(  256): [mms]  MobileDataStateReceiver onReceive(): Entry.
02-13 18:50:57.301 D/MobileDataStateTracker(  256): [mms]  intent.getAction()= android.intent.action.ANY_DATA_STATE
02-13 18:50:57.301 D/MobileDataStateTracker(  256): [mms]  mEnabled = false
02-13 18:50:57.301 D/MobileDataStateTracker(  256): [mms]  apnTypeList = supl
02-13 18:50:57.301 D/MobileDataStateTracker(  256): [mms]  unavailable = false
02-13 18:50:57.301 D/MobileDataStateTracker(  256): [mms] Do not process intents if disabled.
02-13 18:50:57.301 D/MobileDataStateTracker(  256): [default]  MobileDataStateReceiver onReceive(): Entry.
02-13 18:50:57.301 D/MobileDataStateTracker(  256): [default]  intent.getAction()= android.intent.action.ANY_DATA_STATE
02-13 18:50:57.301 D/MobileDataStateTracker(  256): [default]  mEnabled = true
02-13 18:50:57.311 D/MobileDataStateTracker(  256): [default]  apnTypeList = supl
02-13 18:50:57.311 D/MobileDataStateTracker(  256): [default]  unavailable = false
02-13 18:50:57.311 D/MobileDataStateTracker(  256): [default] not what we are looking for.
02-13 18:50:57.311 I/TelephonyRegistry(  256): notifyDataConnection: state=0 isDataConnectivityPossible=true reason=2GVoiceCallStarted interfaceName=null networkType=6 apnType=supl apn=null
02-13 18:50:57.311 I/TelephonyRegistry(  256): +++broadcastDataConnectionStateChanged
02-13 18:50:57.311 I/TelephonyRegistry(  256): +++sendStickyBroadcast
02-13 18:50:57.311 D/MobileDataStateTracker(  256): [hipri]  MobileDataStateReceiver onReceive(): Entry.
02-13 18:50:57.311 D/MobileDataStateTracker(  256): [hipri]  intent.getAction()= android.intent.action.ANY_DATA_STATE
02-13 18:50:57.311 D/MobileDataStateTracker(  256): [hipri]  mEnabled = false
02-13 18:50:57.321 D/MobileDataStateTracker(  256): [hipri]  apnTypeList = supl
02-13 18:50:57.321 D/MobileDataStateTracker(  256): [hipri]  unavailable = false
02-13 18:50:57.321 D/MobileDataStateTracker(  256): [hipri] Do not process intents if disabled.
02-13 18:50:57.321 D/MobileDataStateTracker(  256): [dun]  MobileDataStateReceiver onReceive(): Entry.
02-13 18:50:57.321 D/MobileDataStateTracker(  256): [dun]  intent.getAction()= android.intent.action.ANY_DATA_STATE
02-13 18:50:57.321 D/MobileDataStateTracker(  256): [dun]  mEnabled = false
02-13 18:50:57.321 D/MobileDataStateTracker(  256): [dun]  apnTypeList = supl
02-13 18:50:57.321 D/MobileDataStateTracker(  256): [dun]  unavailable = false
02-13 18:50:57.321 D/MobileDataStateTracker(  256): [dun] Do not process intents if disabled.
