02-07 22:17:23.260 I/db_sample(30936): [/data/data/com.google.android.gsf/databases/talk.db,COMMIT;INSERT INTO s2dRmqIds(rmq_id) VALUES(?);,707,,100]
02-07 22:17:23.260 I/content_update_sample(30936): [content://com.google.android.providers.talk/s2dids,insert,,713,,100]
02-07 22:17:23.260 I/c2dm    (30936): [3,0:1328674637175995%62cfc3ee62cfc3ee,12,-1]
02-07 22:17:23.730 I/dvm_gc_madvise_info( 2670): [638976,126976]
02-07 22:17:24.351 I/dvm_gc_info( 2670): [3349111792835311215,-9054057930289158094,-3990605949050193875,8624183]
02-07 22:17:25.882 I/dvm_gc_madvise_info(31602): [1740800,126976]
02-07 22:17:29.165 I/force_gc(31460): bg
02-07 22:17:29.255 I/dvm_gc_info(31460): [3345437233800164659,-9050117280631830467,-4002709373048752083,7358131]
02-07 22:17:29.376 I/dvm_gc_madvise_info( 2670): [315392,126976]
02-07 22:17:29.536 I/c2dm    (30936): [3,0:1328674649785774%62cfc3ee62cfc3ee,13,-1]
02-07 22:17:29.926 I/db_sample( 2670): [/data/data/com.sprint.zone/databases/zone.db,UPDATE features_tbl SET icon=? WHERE id=183,36,,8]
02-07 22:17:30.557 I/dvm_gc_info( 2670): [3349111792835376910,-8996636691375691725,-3985820874446112723,8685634]
02-07 22:17:32.008 I/db_sample( 2670): [/data/data/com.sprint.zone/databases/zone.db,INSERT INTO report_tbl(data, action, id, time, slot, type) VALUE,30,,7]
02-07 22:18:08.610 I/dvm_gc_info(30936): [7449358886915602012,-8969333756174219206,-4003553797978884051,7358131]
02-07 22:18:08.730 I/c2dm    (30936): [3,0:1328674684784571%62cfc3ee62cfc3ee,14,-1]
02-07 22:18:08.890 I/notification_cancel(30833): [com.google.android.apps.googlevoice,1001,0]
02-07 22:18:08.910 I/notification_enqueue(30833): [com.google.android.apps.googlevoice,1001,Notification(vibrate=default,sound=,defaults=0x2,flags=0x1)]
02-07 22:18:08.920 I/binder_sample(30891): [android.view.IWindowSession,4,13,com.android.systemui,2]
02-07 22:18:09.120 I/db_sample( 2670): [/data/data/com.sprint.zone/databases/zone.db,INSERT INTO report_tbl(data, action, id, time, slot, type) VALUE,310,,63]
02-07 22:18:09.400 I/dvm_gc_info(31602): [7453298398305794088,-8883753746826078061,-3971465650633869267,7358144]
02-07 22:18:09.690 I/db_sample( 2670): [/data/data/com.sprint.zone/databases/zone.db,INSERT INTO categories_tbl(sid, title, expanded, app_scheme) VAL,467,,94]
02-07 22:18:09.810 I/db_sample( 2670): [/data/data/com.sprint.zone/databases/zone.db,INSERT INTO features_tbl(enabled, sid, desc, visible, expiration,107,,22]
02-07 22:18:33.500 I/am_create_service(30833): [1084535152,com.google.android.apps.maps/com.google.googlenav.prefetch.android.PrefetcherService,,31460]
02-07 22:18:33.570 I/db_sample(31602): [/data/data/com.google.android.apps.googlevoice/databases/model.db,INSERT INTO conversations(data, conversation_id) VALUES(?, ?);,0,,1]
02-07 22:18:33.620 I/db_sample( 2670): [/data/data/com.sprint.zone/databases/zone.db,INSERT INTO features_tbl(enabled, sid, desc, visible, expiration,345,,70]
02-07 22:18:33.730 I/dvm_gc_madvise_info(31460): [274432,126976]
02-07 22:19:15.560 I/db_sample(31602): [/data/data/com.google.android.apps.googlevoice/databases/model.actions.db,COMMIT;DELETE FROM actions,379,,76]
02-07 22:19:15.640 I/c2dm    (30936): [3,0:1328674750092692%62cfc3ee62cfc3ee,15,-1]
02-07 22:19:15.740 I/db_sample( 2670): [/data/data/com.sprint.zone/databases/zone.db,UPDATE features_tbl SET icon=? WHERE id=184,138,,28]
02-07 22:19:16.150 I/dvm_gc_madvise_info( 2670): [655360,126976]
02-07 22:19:16.610 I/db_sample( 2670): [/data/data/com.sprint.zone/databases/zone.db,UPDATE features_tbl SET icon=? WHERE id=185,842,,100]
02-07 22:19:35.540 I/db_sample( 2670): [/data/data/com.sprint.zone/databases/zone.db,UPDATE features_tbl SET icon=? WHERE id=186,316,,64]
02-07 22:19:35.560 I/c2dm    (30936): [4,NULL,16,-1]
02-07 22:19:36.820 I/dvm_gc_madvise_info(30936): [380928,126976]
02-07 22:19:37.641 I/dvm_gc_madvise_info(31602): [1552384,126976]
02-07 22:20:11.540 I/db_sample( 2670): [/data/data/com.sprint.zone/databases/zone.db,INSERT INTO pages_tbl(sid, pid, page_order) VALUES(?, ?, ?);,3227,,100]
02-07 22:20:11.560 I/c2dm    (30936): [4,NULL,17,-1]
02-07 22:20:14.482 I/db_sample( 2670): [/data/data/com.sprint.zone/databases/zone.db,INSERT INTO pages_tbl(sid, pid, page_order) VALUES(?, ?, ?);,2933,,100]
02-07 22:20:43.500 I/battery_level(30833): [87,4045,230]
02-07 22:20:43.580 I/db_sample( 2670): [/data/data/com.sprint.zone/databases/zone.db,INSERT INTO pages_tbl(sid, pid, page_order) VALUES(?, ?, ?);,318,,64]
02-07 22:20:43.670 I/db_sample(30936): [/data/data/com.google.android.gsf/databases/talk.db,COMMIT;INSERT INTO s2dRmqIds(rmq_id) VALUES(?);,139,,28]
02-07 22:20:43.670 I/c2dm    (30936): [3,0:1328674839991661%e7a71353002eb0e3,18,-1]
02-07 22:20:43.690 I/am_create_service(30833): [1085540392,com.google.android.gsf/.subscribedfeeds.SubscribedFeedsIntentService,act=com.google.android.c2dm.intent.RECEIVE cat=[com.google.android.gsf.subscribedfeeds],30936]
02-07 22:20:43.710 I/tickle  (30936): com.android.contacts
02-07 22:20:43.720 I/am_destroy_service(30833): [1085540392,com.google.android.gsf/.subscribedfeeds.SubscribedFeedsIntentService,30936]
02-07 22:20:43.750 I/sync    (30833): [com.android.contacts,0,0,-1565529355]
02-07 22:20:43.760 I/am_create_service(30833): [1083571304,com.google.android.syncadapters.contacts/.ContactsSyncAdapterService,act=android.content.SyncAdapter,30936]
02-07 22:20:43.880 I/db_sample( 2670): [/data/data/com.sprint.zone/databases/zone.db,DELETE FROM strings_tbl,111,,23]
02-07 22:20:44.000 I/db_sample( 2670): [/data/data/com.sprint.zone/databases/zone.db,DELETE FROM info_tbl,116,,24]
02-07 22:20:44.000 I/dvm_gc_info(30833): [8320808730291677142,-8888544938956810126,-3966962051006498771,8685629]
02-07 22:20:44.140 I/dvm_gc_info(30936): [7449358886915638882,-8991288804357650374,-4003553797978884051,7358131]
02-07 22:20:44.240 I/db_sample( 2670): [/data/data/com.sprint.zone/databases/zone.db,INSERT INTO info_tbl(action, id, title, uri, description) VALUES,17,,4]
02-07 22:20:44.440 I/am_destroy_service(30833): [1084535152,com.google.android.apps.maps/com.google.googlenav.prefetch.android.PrefetcherService,31460]
02-07 22:20:44.810 I/db_sample( 2670): [/data/data/com.sprint.zone/databases/zone.db,INSERT INTO strings_tbl(value, id, name) VALUES(?, ?, ?);,25,,6]
02-07 22:20:45.901 I/db_sample( 2670): [/data/data/com.sprint.zone/databases/zone.db,INSERT INTO strings_tbl(value, id, name) VALUES(?, ?, ?);,795,,100]
02-07 22:20:47.753 I/db_sample( 2670): [/data/data/com.sprint.zone/databases/zone.db,INSERT INTO strings_tbl(value, id, name) VALUES(?, ?, ?);,86,,18]
02-07 22:20:47.833 I/google_http_request(30936): [3490,200,Android-GData-Contacts/1.3,1]
02-07 22:20:47.923 I/dvm_gc_info(30936): [7449358886915601991,-8978622430405650372,-4002990848025462739,7358131]
02-07 22:20:48.103 I/db_sample( 2670): [/data/data/com.sprint.zone/databases/zone.db,INSERT INTO strings_tbl(value, id, name) VALUES(?, ?, ?);,24,,5]
02-07 22:20:48.424 I/dvm_gc_info(30972): [7017575181484877397,-8971023155891025866,-4004679697885726675,7358131]
02-07 22:20:49.074 I/dvm_gc_madvise_info(30833): [413696,126976]
02-07 22:20:49.244 I/db_sample( 2670): [/data/data/com.sprint.zone/databases/zone.db,INSERT INTO diagnostics_tbl(rank, title, group_key, description,,99,,20]
02-07 22:20:49.375 I/google_http_request(30936): [626,200,Android-GData-Contacts/1.3,1]
02-07 22:20:51.677 I/db_sample( 2670): [/data/data/com.sprint.zone/databases/zone.db,INSERT INTO strings_tbl(value, id, name) VALUES(?, ?, ?);,2266,,100]
02-07 22:20:52.578 I/db_sample(30972): [/data/data/com.android.providers.contacts/databases/contacts2.db,COMMIT;UPDATE contacts SET photo_id=?  WHERE _id=?,3142,,100]
02-07 22:20:52.588 I/db_sample( 2670): [/data/data/com.sprint.zone/databases/zone.db,DELETE FROM diagnostic_groups_tbl,905,,100]
02-07 22:20:52.768 I/sync_details(30936): [com.android.contacts,1552,7724,u1n1P1]
02-07 22:20:52.778 I/sync    (30833): [com.android.contacts,1,0,-1565529355]
02-07 22:20:52.778 I/am_destroy_service(30833): [1085047384,com.sprint.zone/.UpdateService,2670]
02-07 22:20:52.788 I/am_destroy_service(30833): [1083571304,com.google.android.syncadapters.contacts/.ContactsSyncAdapterService,30936]
02-07 22:20:52.798 I/notification_cancel(30833): [android,707653501,0]
02-07 22:21:12.520 I/dvm_gc_madvise_info(30936): [352256,126976]
02-07 22:21:12.780 I/dvm_gc_madvise_info(30972): [184320,126976]
02-07 22:22:28.500 I/am_create_service(30833): [1085561496,com.google.android.gsf/.checkin.EventLogService,,30936]
02-07 22:22:28.570 I/aggregation(30936): 1328674948577
02-07 22:22:28.630 I/am_destroy_service(30833): [1085561496,com.google.android.gsf/.checkin.EventLogService,30936]
02-07 22:23:41.660 I/c2dm    (30936): [3,0:1328675020400580%62cfc3ee62cfc3ee,19,-1]
02-07 22:23:41.660 I/c2dm    (30936): [-4,NULL,5,19]
02-07 22:23:41.840 I/dvm_gc_info(31602): [7453298398305798178,-8896701595754768238,-3972028600587290579,7358144]
02-07 22:23:41.930 I/notification_cancel(30833): [com.google.android.apps.googlevoice,1001,0]
02-07 22:23:41.950 I/notification_enqueue(30833): [com.google.android.apps.googlevoice,1001,Notification(vibrate=default,sound=,defaults=0x2,flags=0x1)]
02-07 22:23:42.750 I/dvm_gc_info(31602): [7453298398305871641,-8919501068868310880,-3967806475936630739,7358144]
02-07 22:23:43.211 I/db_sample(31602): [/data/data/com.google.android.apps.googlevoice/databases/model.db,INSERT INTO conversations(data, conversation_id) VALUES(?, ?);,424,,85]
02-07 22:24:53.550 I/db_sample(31602): [/data/data/com.google.android.apps.googlevoice/databases/model.db,COMMIT;INSERT INTO labels(data, label) VALUES(?, ?);,1618,,100]
02-07 22:25:28.550 I/db_sample(30936): [/data/data/com.google.android.gsf/databases/talk.db,INSERT INTO s2dRmqIds(rmq_id) VALUES(?);,0,,1]
02-07 22:25:28.700 I/db_sample(30936): [/data/data/com.google.android.gsf/databases/talk.db,COMMIT;DELETE FROM s2dRmqIds WHERE rmq_id=? OR rmq_id=? OR rmq_i,36,,8]
02-07 22:25:28.700 I/content_update_sample(30936): [content://com.google.android.providers.talk/s2dids,delete,rmq_id=? OR rmq_id=? OR rmq_id=? OR rmq_id=? OR rmq_id=? OR rmq_id=? OR rmq_id=? OR rmq_id=?,40,,9]
02-07 22:25:28.700 I/c2dm    (30936): [3,0:1328675123007358%62cfc3ee62cfc3ee,20,5]
02-07 22:25:29.160 I/dvm_gc_madvise_info(31602): [1933312,126976]
02-07 22:25:59.610 I/c2dm    (30936): [3,0:1328675156457490%62cfc3ee62cfc3ee,21,-1]
02-07 22:25:59.780 I/notification_cancel(30833): [com.google.android.apps.googlevoice,1001,0]
02-07 22:25:59.780 I/notification_enqueue(30833): [com.google.android.apps.googlevoice,1001,Notification(vibrate=default,sound=,defaults=0x2,flags=0x1)]
02-07 22:26:00.290 I/db_sample(31602): [/data/data/com.google.android.apps.googlevoice/databases/model.db,INSERT INTO conversations(data, conversation_id) VALUES(?, ?);,0,,1]
02-07 22:26:00.500 I/dvm_gc_info(31602): [7453298398305789990,-8885161121709623142,-3969776800773605331,7358144]
02-07 22:26:00.660 I/db_sample(31602): [/data/data/com.google.android.apps.googlevoice/databases/model.db,INSERT INTO conversations(data, conversation_id) VALUES(?, ?);,69,,14]
02-07 22:26:50.660 I/c2dm    (30936): [3,0:1328675205897359%62cfc3ee62cfc3ee,22,-1]
02-07 22:26:50.760 I/db_sample(31602): [/data/data/com.google.android.apps.googlevoice/databases/model.db,INSERT INTO labels(data, label) VALUES(?, ?);,0,,1]
02-07 22:26:50.900 I/db_sample(31602): [/data/data/com.google.android.apps.googlevoice/databases/model.db,COMMIT;INSERT INTO labels(data, label) VALUES(?, ?);,137,,28]
02-07 22:27:26.760 I/c2dm    (30936): [3,0:1328675240795738%62cfc3ee62cfc3ee,23,-1]
02-07 22:28:09.510 I/power_screen_state(30833): [1,3,0,0]
02-07 22:28:09.510 I/power_screen_broadcast_send(30833): 1
02-07 22:28:09.510 I/screen_toggled(30833): 1
02-07 22:28:09.520 I/am_resume_activity(30833): [1082299808,2,com.android.launcher/com.android.launcher2.Launcher]
02-07 22:28:09.530 I/am_on_resume_called(30911): com.android.launcher2.Launcher
02-07 22:28:09.630 I/power_screen_broadcast_done(30833): [1,125,1]
02-07 22:28:09.680 I/notification_cancel(30833): [com.android.phone,111,0]
02-07 22:28:10.230 I/notification_cancel(30833): [com.android.phone,111,0]
02-07 22:28:10.840 I/screen_toggled(30833): 2
02-07 22:28:10.910 I/c2dm    (30936): [-4,NULL,6,23]
02-07 22:28:11.070 I/dvm_gc_madvise_info(31602): [1736704,126976]
02-07 22:28:11.771 I/c2dm    (30936): [5,NULL,24,6]
02-07 22:28:19.178 I/c2dm    (30936): [3,0:1328675299423973%62cfc3ee62cfc3ee,25,-1]
02-07 22:28:19.308 I/db_sample(31602): [/data/data/com.google.android.apps.googlevoice/databases/model.db,DELETE FROM conversations,5,,2]
02-07 22:28:19.379 I/notification_cancel(30833): [com.google.android.apps.googlevoice,1001,0]
02-07 22:28:19.399 I/notification_enqueue(30833): [com.google.android.apps.googlevoice,1001,Notification(vibrate=default,sound=,defaults=0x2,flags=0x1)]
02-07 22:28:19.649 I/dvm_gc_info(31602): [7453298398305806374,-8886005546639763308,-3971465650633869267,7358144]
02-07 22:28:21.280 I/db_sample(31602): [/data/data/com.google.android.apps.googlevoice/databases/model.db,COMMIT;INSERT INTO labels(data, label) VALUES(?, ?);,1014,,100]
02-07 22:28:24.724 I/dvm_gc_madvise_info(31602): [1552384,126976]
02-07 22:28:24.814 I/am_create_task(30833): 12
02-07 22:28:24.814 I/am_create_activity(30833): [1085394872,12,com.google.android.apps.googlevoice/.PhoneCallListActivity,NULL,NULL,googlevoice://conversations/63156e3c51b0428222537306c859856ce4bc120e,0]
02-07 22:28:24.834 I/am_pause_activity(30833): [1082299808,com.android.launcher/com.android.launcher2.Launcher]
02-07 22:28:24.834 I/am_on_paused_called(30911): com.android.launcher2.Launcher
02-07 22:28:24.864 I/am_restart_activity(30833): [1085394872,12,com.google.android.apps.googlevoice/.PhoneCallListActivity]
02-07 22:28:24.864 I/notification_cancel(30833): [com.google.android.apps.googlevoice,1001,16]
02-07 22:28:24.944 I/notification_cancel(30833): [com.google.android.apps.googlevoice,1001,16]
02-07 22:28:25.034 I/binder_sample(30911): [android.view.IWindowSession,4,40,com.android.launcher,8]
02-07 22:28:25.134 I/binder_sample(30891): [android.view.IWindowSession,4,16,com.android.systemui,3]
02-07 22:28:25.304 I/dvm_gc_info(31602): [7453298398306138025,-8911056819566999401,-3971465650633869267,7358211]
02-07 22:28:25.394 I/notification_cancel(30833): [com.google.android.apps.googlevoice,1001,0]
02-07 22:28:25.434 I/am_on_resume_called(31602): com.google.android.apps.googlevoice.PhoneCallListActivity
02-07 22:28:25.875 I/dvm_gc_info(30972): [7017575181484877416,-8943720014430623690,-4004679697885726675,7358131]
02-07 22:28:25.955 I/activity_launch_time(30833): [1085394872,com.google.android.apps.googlevoice/.PhoneCallListActivity,1094,1094]
02-07 22:28:30.399 I/dvm_gc_madvise_info(31602): [2019328,126976]
02-07 22:28:30.920 I/dvm_gc_madvise_info(30972): [233472,126976]
02-07 22:28:38.087 I/power_sleep_requested(30833): 0
02-07 22:28:38.307 I/power_screen_state(30833): [0,2,0,0]
02-07 22:28:38.317 I/power_screen_broadcast_send(30833): 1
02-07 22:28:38.327 I/screen_toggled(30833): 0
02-07 22:28:38.357 I/am_pause_activity(30833): [1085394872,com.google.android.apps.googlevoice/.PhoneCallListActivity]
02-07 22:28:38.387 I/am_on_paused_called(31602): com.google.android.apps.googlevoice.PhoneCallListActivity
02-07 22:28:38.467 I/power_screen_broadcast_done(30833): [0,141,1]
02-07 22:28:38.507 I/am_create_service(30833): [1084739768,com.google.android.gsf/.loginservice.GoogleLoginService,act=android.accounts.AccountAuthenticator,30936]
02-07 22:28:38.577 I/am_destroy_service(30833): [1084739768,com.google.android.gsf/.loginservice.GoogleLoginService,30936]
02-07 22:28:38.647 I/dvm_gc_info(30936): [7449358886915602030,-8969615231134119876,-4002709373048752083,7358131]
02-07 22:30:41.500 I/battery_level(30833): [87,4056,240]
02-07 22:30:41.580 I/c2dm    (30936): [-4,NULL,7,26]
02-07 22:30:41.660 I/c2dm    (30936): [3,0:1328675437970648%62cfc3ee62cfc3ee,26,-1]
02-07 22:30:42.560 I/dvm_gc_info(32003): [7093854921883186908,-8894178287722354628,-3994828073700853715,8550433]
02-07 22:33:20.610 I/content_update_sample(30936): [content://com.google.android.providers.talk/s2dids,insert,,64,,13]
02-07 22:33:20.660 I/c2dm    (30936): [3,0:1328675537952967%62cfc3ee62cfc3ee,27,7]
02-07 22:34:30.500 I/battery_level(30833): [87,4061,230]
02-07 22:34:30.790 I/dvm_gc_madvise_info(30936): [315392,126976]
02-07 22:35:38.570 I/dvm_gc_info(30891): [8320808730291627640,-8924016628588369866,-4000739048211777491,8120175]
02-07 22:35:38.700 I/c2dm    (30936): [3,0:1328675727196930%62cfc3ee62cfc3ee,28,-1]
02-07 22:35:38.720 I/c2dm    (30936): [4,NULL,29,-1]
02-07 22:35:38.860 I/notification_cancel(30833): [com.google.android.apps.googlevoice,1001,0]
02-07 22:35:38.860 I/notification_enqueue(30833): [com.google.android.apps.googlevoice,1001,Notification(vibrate=default,sound=,defaults=0x2,flags=0x1)]
02-07 22:35:39.100 I/dvm_gc_info(31602): [7453298398305785749,-8897264545708185446,-3968087950913341395,7882508]
02-07 22:35:39.290 I/binder_sample(31602): [android.app.IAlarmManager,6,344,com.google.android.apps.googlevoice,68]
02-07 22:35:39.910 I/dvm_gc_madvise_info(32003): [1392640,126976]
02-07 22:35:40.070 I/dvm_gc_info(31602): [7453298398305781549,-8915841894171068248,-3964428776216102867,7882506]
02-07 22:35:40.121 I/db_sample(31602): [/data/data/com.google.android.apps.googlevoice/databases/model.db,INSERT INTO labels(data, label) VALUES(?, ?);,0,,1]
02-07 22:35:40.441 I/dvm_gc_info(31602): [7453298398306109200,-8911901244497119064,-3964428776216102867,7882506]
02-07 22:35:40.601 I/dvm_gc_info(31602): [7453298398306353152,-9223212225057834836,-3963021401332549587,7882506]
02-07 22:35:40.821 I/db_sample(31602): [/data/data/com.google.android.apps.googlevoice/databases/model.db,COMMIT;INSERT INTO labels(data, label) VALUES(?, ?);,663,,100]
02-07 22:35:40.901 I/db_sample(31602): [/data/data/com.google.android.apps.googlevoice/databases/model.actions.db,COMMIT;INSERT INTO actions(conversation_id, flags) VALUES(?, ?);,17,,4]
02-07 22:35:41.242 I/dvm_gc_info(31602): [7453298398306113582,-8887131102865323878,-3968369425890052051,7882506]
02-07 22:36:13.740 I/c2dm    (30936): [3,0:1328675770609968%62cfc3ee62cfc3ee,30,-1]
02-07 22:36:14.010 I/dvm_gc_info(31602): [7453298398305781792,-8901767801654277991,-3968369425890052051,7882506]
02-07 22:36:14.550 I/dvm_gc_info(31602): [7453298398305781673,-8897264202026907491,-3967525000959920083,7882506]
02-07 22:36:14.560 I/force_gc(30833): Binder
02-07 22:36:14.650 I/dvm_gc_info(30833): [8320808730291963828,-8893048538584180621,-3964991726169524179,8685635]
02-07 22:36:22.510 I/c2dm    (30936): [5,NULL,31,-1]
02-07 22:36:22.620 I/db_sample(30936): [/data/data/com.google.android.gsf/databases/talk.db,COMMIT;SELECT contacts._id as _id FROM contacts WHERE (account=?,94,,19]
02-07 22:36:22.620 I/c2dm    (30936): [-4,NULL,8,31]
02-07 22:36:22.690 I/dvm_gc_madvise_info(30891): [266240,126976]
02-07 22:36:22.830 I/c2dm    (30936): [4,NULL,32,8]
02-07 22:36:22.840 I/c2dm    (30936): [5,NULL,33,-1]
02-07 22:36:22.880 I/content_update_sample(30936): [content://com.google.android.providers.talk/presence,insert,,40,,9]
02-07 22:36:39.640 I/content_update_sample(30936): [content://com.google.android.providers.talk/s2dids,insert,,133,,27]
02-07 22:36:39.640 I/c2dm    (30936): [3,0:1328675796520721%62cfc3ee62cfc3ee,34,-1]
02-07 22:36:40.120 I/dvm_gc_info(31602): [7453298398306138088,-8904019601467963237,-3968087950913341395,7882506]
02-07 22:36:44.780 I/dvm_gc_info(31602): [7453298398305781747,-8901767801654277988,-3967806475936630739,7882506]
02-07 22:36:45.470 I/am_create_service(30833): [1085494176,com.facebook.katana/.service.FacebookService,act=com.facebook.katana.service.99,31425]
02-07 22:36:46.941 I/dvm_gc_madvise_info(30833): [421888,126976]
02-07 22:36:47.031 I/db_sample(31425): [/data/data/com.facebook.katana/databases/fb.db,UPDATE cache SET timestamp=?, value=? WHERE name='notifications_,173,,35]
02-07 22:36:47.031 I/content_update_sample(31425): [content://com.facebook.katana.provider.CacheProvider/cache/name/notifications_history,update,,177,,36]
02-07 22:36:47.852 I/db_sample(31425): [/data/data/com.facebook.katana/databases/fb.db,UPDATE user_values SET value=? WHERE name='last_seen_id_MOST_REC,804,,100]
02-07 22:36:47.862 I/content_update_sample(31425): [content://com.facebook.katana.provider.UserValuesProvider/user_values/name/last_seen_id_MOST_RECENT_GROUP,update,,814,,100]
02-07 22:36:47.952 I/am_destroy_service(30833): [1085494176,com.facebook.katana/.service.FacebookService,31425]
02-07 22:36:50.500 I/power_screen_state(30833): [1,3,0,0]
02-07 22:36:50.500 I/power_screen_broadcast_send(30833): 1
02-07 22:36:50.500 I/screen_toggled(30833): 1
02-07 22:36:50.570 I/am_resume_activity(30833): [1085394872,12,com.google.android.apps.googlevoice/.PhoneCallListActivity]
02-07 22:36:50.690 I/db_sample(31602): [/data/data/com.google.android.apps.googlevoice/databases/model.actions.db,COMMIT;INSERT INTO actions(conversation_id, flags) VALUES(?, ?);,109,,22]
02-07 22:36:50.940 I/power_screen_broadcast_done(30833): [1,432,1]
02-07 22:36:50.970 I/notification_cancel(30833): [com.android.phone,111,0]
02-07 22:36:51.070 I/dvm_gc_info(31602): [7453298398305785893,-8898671576910464873,-3969213850820184019,7882506]
02-07 22:36:51.920 I/dvm_gc_info(31602): [7453298398305777588,-8893886502306383718,-3968087950913341395,7882506]
02-07 22:36:52.000 I/dvm_gc_info(31602): [7453298398306042558,-9222367800127719270,-3968369425890052051,7882506]
02-07 22:36:52.131 I/dvm_gc_info(31602): [7453298398306263040,-9223211812640327520,-3966680576029788115,7882506]
02-07 22:36:52.151 I/notification_cancel(30833): [com.google.android.apps.googlevoice,1001,0]
02-07 22:36:52.191 I/am_on_resume_called(31602): com.google.android.apps.googlevoice.PhoneCallListActivity
02-07 22:36:52.221 I/content_query_sample(31602): [content://com.android.contacts/phone_lookup/+19137446943,_id/lookup,,,29,,6]
02-07 22:36:52.331 I/screen_toggled(30833): 2
02-07 22:36:52.401 I/c2dm    (30936): [-4,NULL,9,34]
02-07 22:36:53.512 I/notification_cancel(30833): [com.android.phone,111,0]
02-07 22:36:53.652 I/dvm_gc_info(30905): [8099846449757529700,-8979185724040427466,-4004679697885726675,7358131]
02-07 22:36:53.702 I/dvm_gc_info(31602): [7453298398305785894,-8900641489329915751,-3968369425890052051,7882506]
02-07 22:36:53.722 I/db_sample(30936): [/data/data/com.google.android.gsf/databases/talk.db,COMMIT;DELETE FROM s2dRmqIds WHERE rmq_id=?,721,,100]
02-07 22:36:53.732 I/content_update_sample(30936): [content://com.google.android.providers.talk/s2dids,delete,rmq_id=?,789,,100]
02-07 22:36:53.732 I/c2dm    (30936): [5,NULL,35,9]
02-07 22:36:54.012 I/db_sample(30936): [/data/data/com.google.android.gsf/databases/talk.db,COMMIT;INSERT OR REPLACE  INTO presence(contact_id, client_type,,219,,44]
02-07 22:36:54.363 I/db_sample(30972): [/data/data/com.android.providers.contacts/databases/contacts2.db,SELECT data15 FROM view_data_restricted data WHERE (1 AND contac,0,,1]
02-07 22:36:54.363 I/content_query_sample(31602): [content://com.android.contacts/contacts/13/photo,data15,,,15,,4]
02-07 22:36:54.383 I/content_query_sample(31602): [content://com.android.contacts/phone_lookup/%2B19134864351,_id/lookup/display_name/type/label,,,16,,4]
02-07 22:36:54.563 I/dvm_gc_info(30972): [7017575181484877433,-8924861122254743497,-4004398222909016019,7358131]
02-07 22:36:54.623 I/content_query_sample(30936): [content://com.google.android.providers.talk/avatarsBy/1/1,hash,contact=?,,566,,100]
02-07 22:36:54.673 I/battery_level(30833): [87,4060,240]
02-07 22:36:54.793 I/notification_cancel(30833): [com.android.phone,111,0]
02-07 22:36:57.205 I/power_sleep_requested(30833): 0
02-07 22:36:57.436 I/power_screen_state(30833): [0,2,0,0]
02-07 22:36:57.456 I/power_screen_broadcast_send(30833): 1
02-07 22:36:57.456 I/screen_toggled(30833): 0
02-07 22:36:57.516 I/am_pause_activity(30833): [1085394872,com.google.android.apps.googlevoice/.PhoneCallListActivity]
02-07 22:36:57.516 I/am_on_paused_called(31602): com.google.android.apps.googlevoice.PhoneCallListActivity
02-07 22:36:57.676 I/power_screen_broadcast_done(30833): [0,214,1]
02-07 22:36:57.736 I/am_create_service(30833): [1083249032,com.google.android.gsf/.loginservice.GoogleLoginService,act=android.accounts.AccountAuthenticator,30936]
02-07 22:36:57.816 I/am_destroy_service(30833): [1083249032,com.google.android.gsf/.loginservice.GoogleLoginService,30936]
02-07 22:36:58.687 I/dvm_gc_madvise_info(30905): [299008,126976]
02-07 22:36:58.777 I/dvm_gc_madvise_info(31602): [1892352,126976]
02-07 22:36:59.608 I/dvm_gc_madvise_info(30972): [208896,126976]
02-07 22:38:01.500 I/battery_level(30833): [87,4048,230]
02-07 22:38:01.640 I/c2dm    (30936): [4,NULL,36,-1]
02-07 22:38:01.640 I/c2dm    (30936): [-4,NULL,10,36]
02-07 22:38:27.510 I/c2dm    (30936): [4,NULL,37,10]
02-07 22:39:37.500 I/battery_level(30833): [87,4045,240]
02-07 22:39:37.510 I/power_screen_state(30833): [1,3,0,0]
02-07 22:39:37.510 I/power_screen_broadcast_send(30833): 1
02-07 22:39:37.520 I/screen_toggled(30833): 1
02-07 22:39:37.590 I/am_resume_activity(30833): [1085394872,12,com.google.android.apps.googlevoice/.PhoneCallListActivity]
02-07 22:39:37.600 I/am_on_resume_called(31602): com.google.android.apps.googlevoice.PhoneCallListActivity
02-07 22:39:37.870 I/notification_cancel(30833): [com.android.phone,111,0]
02-07 22:39:37.900 I/power_screen_broadcast_done(30833): [1,380,1]
02-07 22:39:38.950 I/c2dm    (30936): [3,0:1328675976945445%62cfc3ee62cfc3ee,38,-1]
02-07 22:39:39.331 I/screen_toggled(30833): 2
02-07 22:39:39.661 I/c2dm    (30936): [-4,NULL,11,38]
02-07 22:39:39.841 I/dvm_gc_info(31602): [7453298398305880096,-8902893289143600999,-3968369425890052051,7882517]
02-07 22:39:40.252 I/content_update_sample(30936): [content://com.google.android.providers.talk/s2dids,delete,rmq_id=?,276,,56]
02-07 22:39:40.262 I/c2dm    (30936): [5,NULL,39,11]
02-07 22:39:40.372 I/dvm_gc_info(31602): [7453298398305785807,-8901767389236758372,-3967525000959920083,7882506]
02-07 22:39:40.982 I/dvm_gc_info(31602): [7453298398305777697,-8893886089888860006,-3968087950913341395,7882506]
02-07 22:39:41.363 I/dvm_gc_info(31602): [7453298398305781793,-8902893289143605094,-3968369425890052051,7882506]
02-07 22:39:42.153 I/dvm_gc_info(31602): [7453298398305789790,-8911619013421623132,-3965554676122945491,7882506]
02-07 22:39:42.183 I/db_sample(31602): [/data/data/com.google.android.apps.googlevoice/databases/model.db,INSERT INTO conversations(data, conversation_id) VALUES(?, ?);,0,,1]
02-07 22:39:42.284 I/notification_cancel(30833): [com.android.phone,111,0]
02-07 22:39:42.534 I/db_sample(31602): [/data/data/com.google.android.apps.googlevoice/databases/model.db,INSERT INTO conversation_labels(label, conversation_id) VALUES(?,0,,1]
02-07 22:39:42.554 I/db_sample(31602): [/data/data/com.google.android.apps.googlevoice/databases/model.db,INSERT INTO conversation_labels(label, conversation_id) VALUES(?,0,,1]
02-07 22:39:42.564 I/db_sample(31602): [/data/data/com.google.android.apps.googlevoice/databases/model.db,INSERT INTO conversation_labels(label, conversation_id) VALUES(?,0,,1]
02-07 22:39:42.604 I/db_sample(31602): [/data/data/com.google.android.apps.googlevoice/databases/model.db,INSERT INTO conversation_labels(label, conversation_id) VALUES(?,0,,1]
02-07 22:39:42.664 I/power_sleep_requested(30833): 0
02-07 22:39:42.894 I/power_screen_state(30833): [0,2,0,0]
02-07 22:39:42.904 I/power_screen_broadcast_send(30833): 1
02-07 22:39:42.904 I/screen_toggled(30833): 0
02-07 22:39:42.914 I/am_pause_activity(30833): [1085394872,com.google.android.apps.googlevoice/.PhoneCallListActivity]
02-07 22:39:43.004 I/dvm_gc_info(31602): [7453298398305781723,-8910493113514772314,-3964991726169524179,7882506]
02-07 22:39:43.104 I/am_create_service(30833): [1083875360,com.google.android.gsf/.loginservice.GoogleLoginService,act=android.accounts.AccountAuthenticator,30936]
02-07 22:39:43.214 I/am_destroy_service(30833): [1083875360,com.google.android.gsf/.loginservice.GoogleLoginService,30936]
02-07 22:39:43.325 I/dvm_gc_info(30936): [7449358886915683959,-8969052281180698563,-4002709373048752083,7358131]
02-07 22:39:43.845 I/dvm_gc_info(31602): [7453298398305777704,-8878967916123191139,-3967243525983209427,7882506]
02-07 22:39:43.855 I/notification_cancel(30833): [com.google.android.apps.googlevoice,1001,0]
02-07 22:39:43.855 I/notification_enqueue(30833): [com.google.android.apps.googlevoice,1001,Notification(vibrate=default,sound=,defaults=0x2,flags=0x1)]
02-07 22:39:44.045 I/notification_cancel(30833): [com.android.phone,111,0]
02-07 22:39:44.085 I/power_screen_state(30833): [1,3,0,0]
02-07 22:39:44.085 I/power_screen_broadcast_send(30833): 2
02-07 22:39:44.085 I/screen_toggled(30833): 1
02-07 22:39:44.205 I/am_resume_activity(30833): [1085394872,12,com.google.android.apps.googlevoice/.PhoneCallListActivity]
02-07 22:39:45.226 I/dvm_gc_info(31602): [7453298398305781737,-8904019189050439521,-3966962051006498771,7882506]
02-07 22:39:45.897 I/dvm_gc_info(31602): [7453298398305777699,-8903174764120307556,-3967806475936630739,7882506]
02-07 22:39:46.408 I/dvm_gc_info(31602): [7453298398305781794,-8900922964306622310,-3968369425890052051,7882506]
02-07 22:39:46.958 I/dvm_gc_info(31602): [7453298398305781640,-8897545264586094431,-3966117626076366803,7882506]
02-07 22:39:47.018 I/am_on_paused_called(31602): com.google.android.apps.googlevoice.PhoneCallListActivity
02-07 22:39:47.068 I/am_failed_to_pause(30833): [1085394872,com.google.android.apps.googlevoice/.PhoneCallListActivity,(none)]
02-07 22:39:47.188 I/power_screen_broadcast_done(30833): [0,4293,2]
02-07 22:39:47.228 I/power_sleep_requested(30833): 1
02-07 22:39:47.399 I/notification_cancel(30833): [com.android.phone,111,0]
02-07 22:39:47.399 I/power_screen_broadcast_done(30833): [1,3326,1]
02-07 22:39:47.459 I/power_screen_state(30833): [0,2,0,0]
02-07 22:39:47.459 I/power_screen_broadcast_send(30833): 1
02-07 22:39:47.459 I/screen_toggled(30833): 0
02-07 22:39:47.469 I/am_pause_activity(30833): [1085394872,com.google.android.apps.googlevoice/.PhoneCallListActivity]
02-07 22:39:47.629 I/power_screen_broadcast_done(30833): [0,161,1]
02-07 22:39:47.989 I/dvm_gc_info(31602): [7453298398305777702,-8900360014353205092,-3967806475936630739,7882506]
02-07 22:39:48.229 I/notification_cancel(30833): [com.google.android.apps.googlevoice,1001,0]
02-07 22:39:48.319 I/db_sample(31602): [/data/data/com.google.android.apps.googlevoice/databases/model.db,UPDATE conversations SET data=? WHERE conversation_id= ?,1,,1]
02-07 22:39:48.329 I/dvm_gc_madvise_info(30936): [253952,126976]
02-07 22:39:48.590 I/dvm_gc_info(31602): [7453298398305777699,-8900078539376494440,-3968932375843473363,7882503]
02-07 22:39:48.960 I/am_on_resume_called(31602): com.google.android.apps.googlevoice.PhoneCallListActivity
02-07 22:39:49.140 I/dvm_gc_info(31602): [7453298398305785785,-8903456239097022307,-3967525000959920083,7882506]
02-07 22:39:49.180 I/am_on_paused_called(31602): com.google.android.apps.googlevoice.PhoneCallListActivity
02-07 22:39:49.190 I/am_failed_to_pause(30833): [1085394872,com.google.android.apps.googlevoice/.PhoneCallListActivity,(none)]
02-07 22:39:49.791 I/dvm_gc_info(31602): [7453298398305785890,-8893886089888860005,-3968087950913341395,7882506]
02-07 22:40:04.670 I/c2dm    (30936): [3,0:1328676002651758%62cfc3ee62cfc3ee,40,-1]
02-07 22:40:05.170 I/dvm_gc_info(31602): [7453298398305785889,-8898671164492941158,-3968369425890052051,7882506]
02-07 22:40:40.550 I/c2dm    (30936): [-4,NULL,12,41]
02-07 22:40:40.590 I/c2dm    (30936): [3,0:1328676035856597%62cfc3ee62cfc3ee,41,-1]
02-07 22:40:40.880 I/dvm_gc_info(31602): [7453298398305777697,-8906552463840839527,-3968650900866762707,7882506]
02-07 22:40:41.330 I/dvm_gc_info(31602): [7453298398306084761,-8902893289143600996,-3967525000959920083,7882506]
02-07 22:41:31.780 I/binder_sample(31048): [android.app.IActivityManager,16,209,nl.jsource.retroclock.android,41]
02-07 22:41:32.070 I/dvm_gc_info(31602): [7453298398305794082,-8902048864213469030,-3968087950913341395,7882506]
02-07 22:41:32.230 I/db_sample(30936): [/data/data/com.google.android.gsf/databases/talk.db,COMMIT;INSERT INTO s2dRmqIds(rmq_id) VALUES(?);,312,,63]
02-07 22:41:33.401 I/db_sample(30936): [/data/data/com.google.android.gsf/databases/talk.db,COMMIT;DELETE FROM s2dRmqIds WHERE rmq_id=? OR rmq_id=?,1073,,100]
02-07 22:41:33.401 I/content_update_sample(30936): [content://com.google.android.providers.talk/s2dids,delete,rmq_id=? OR rmq_id=?,1078,,100]
02-07 22:41:33.401 I/c2dm    (30936): [3,0:1328676089194969%62cfc3ee62cfc3ee,42,12]
02-07 22:41:33.771 I/dvm_gc_info(31602): [7453298398305781757,-8904300664027154278,-3968087950913341395,7882506]
02-07 22:41:34.222 I/dvm_gc_info(31602): [7453298398305789990,-8891915765051893612,-3970058275750315987,7882506]
02-07 22:41:34.862 I/dvm_gc_info(31602): [7453298398305781602,-8904863613980571490,-3967243525983209427,7882506]
02-07 22:41:35.503 I/dvm_gc_info(31602): [7453298398305781614,-8908804263654508377,-3964710251192813523,7882506]
02-07 22:41:36.023 I/dvm_gc_info(31602): [7453298398305785898,-8889382490261485412,-3967806475936630739,7882506]
02-07 22:41:36.213 I/notification_cancel(30833): [com.google.android.apps.googlevoice,1001,0]
02-07 22:41:36.213 I/notification_enqueue(30833): [com.google.android.apps.googlevoice,1001,Notification(vibrate=default,sound=,defaults=0x2,flags=0x1)]
02-07 22:41:36.594 I/dvm_gc_info(31602): [7453298398305798177,-8905989513887414117,-3968087950913341395,7882506]
02-07 22:41:37.074 I/dvm_gc_info(31602): [7453298398305781646,-8902893289143596894,-3966117626076366803,7882506]
02-07 22:41:37.565 I/dvm_gc_info(31602): [7453298398306084899,-8898952639469647716,-3967806475936630739,7882506]
02-07 22:41:38.025 I/dvm_gc_info(31602): [7453298398305777662,-8904300664027150181,-3968087950913341395,7882506]
02-07 22:41:38.586 I/dvm_gc_info(31602): [7453298398305781793,-8900641489329911655,-3968369425890052051,7882506]
02-07 22:42:28.510 I/dvm_gc_info(31602): [7453298398305785888,-8895856414725830503,-3968369425890052051,7882506]
02-07 22:42:29.150 I/dvm_gc_info(31602): [7453298398306105226,-8897545264586094436,-3967806475936630739,7882506]
02-07 22:42:29.250 I/c2dm    (30936): [3,0:1328676143682984%62cfc3ee62cfc3ee,43,-1]
02-07 22:42:29.700 I/dvm_gc_info(31602): [7453298398305781753,-8905989513887414117,-3968087950913341395,7882506]
02-07 22:43:30.610 I/c2dm    (30936): [3,0:1328676199881744%62cfc3ee62cfc3ee,44,-1]
02-07 22:43:30.900 I/dvm_gc_info(31602): [7453298398305781792,-8900078539376490341,-3968087950913341395,7882506]
02-07 22:43:31.400 I/dvm_gc_info(31602): [7453298398305777529,-8900922964306622301,-3965836151099656147,7882506]
02-07 22:43:31.890 I/dvm_gc_info(31602): [7453298398305781797,-8895856414725834595,-3967525000959920083,7882506]
02-07 22:43:32.481 I/dvm_gc_info(31602): [7453298398305785661,-8912463438351750999,-3963865826262681555,7882506]
02-07 22:43:33.091 I/dvm_gc_info(31602): [7453298398305777697,-8904863613980555096,-3964428776216102867,7882506]
02-07 22:43:33.422 I/notification_cancel(30833): [com.google.android.apps.googlevoice,1001,0]
02-07 22:43:33.452 I/notification_enqueue(30833): [com.google.android.apps.googlevoice,1001,Notification(vibrate=default,sound=,defaults=0x2,flags=0x1)]
02-07 22:43:33.672 I/dvm_gc_info(31602): [7453298398305789998,-8887130690447800166,-3968369425890052051,7882506]
02-07 22:43:34.273 I/dvm_gc_info(31602): [7453298398305785796,-8893886089888855906,-3967243525983209427,7882506]
02-07 22:43:34.773 I/dvm_gc_info(31602): [7453298398305781731,-8904019189050439521,-3966680576029788115,7882506]
02-07 22:43:34.993 I/dvm_gc_info(31602): [7453298398306055816,-8922596537513342819,-3967525000959920083,7882506]
02-07 22:43:35.073 I/dvm_gc_info(31602): [7453298398306039352,-9222648450269378401,-3966962051006498771,7882506]
02-07 22:43:35.584 I/dvm_gc_info(31602): [7453298398305781757,-8901766976819230561,-3966962051006498771,7882506]
02-07 22:43:36.144 I/dvm_gc_info(31602): [7453298398305781797,-8901204026865809254,-3968369425890052051,7882506]
02-07 22:43:54.560 I/dvm_gc_info(31602): [7453298398305789985,-8904863201563047782,-3968369425890052051,7882506]
02-07 22:43:54.730 I/c2dm    (30936): [3,0:1328676228918735%62cfc3ee62cfc3ee,45,-1]
02-07 22:43:55.240 I/db_sample(32003): [/data/data/com.android.browser/databases/webviewCache.db,SELECT SUM(contentlength) as sum FROM cache,1,,1]
02-07 22:43:55.330 I/dvm_gc_info(31602): [7453298398305781694,-8896418952261728098,-3967243525983209427,7882506]
02-07 22:44:30.730 I/c2dm    (30936): [3,0:1328676268840932%62cfc3ee62cfc3ee,46,-1]
02-07 22:44:30.970 I/dvm_gc_info(30833): [8320808730291705798,-8893611488520820619,-3964147301239392211,8685637]
02-07 22:44:31.340 I/dvm_gc_info(31602): [7453298398305781793,-8898107802121992036,-3967806475936630739,7882506]
02-07 22:44:40.730 I/dvm_gc_info(31602): [7453298398305794081,-8907396476353443685,-3967806475936630739,7882506]
02-07 22:44:41.010 I/c2dm    (30936): [3,0:1328676280653864%2a9664f18d09f249,47,-1]
02-07 22:44:41.130 I/am_create_service(30833): [1085561496,com.facebook.katana/.c2dm.PushReceiver,act=com.google.android.c2dm.intent.RECEIVE cat=[com.facebook.katana],31425]
02-07 22:44:41.280 I/dvm_gc_info(31602): [7453298398306117528,-8901766976819230561,-3966962051006498771,7882506]
02-07 22:44:41.300 I/notification_enqueue(30833): [com.facebook.katana,1000,Notification(vibrate=null,sound=null,defaults=0x0,flags=0x10)]
02-07 22:44:41.320 I/am_destroy_service(30833): [1085561496,com.facebook.katana/.c2dm.PushReceiver,31425]
02-07 22:47:45.500 I/battery_level(30833): [86,4034,240]
02-07 22:47:45.620 I/c2dm    (30936): [3,0:1328676461872887%62cfc3ee62cfc3ee,48,-1]
02-07 22:47:46.160 I/dvm_gc_info(31602): [7453298398305781794,-8901204026865809251,-3967525000959920083,7882506]
02-07 22:47:47.721 I/dvm_gc_madvise_info(30833): [344064,126976]
02-07 22:48:32.730 I/am_create_service(30833): [1084791280,com.google.android.apps.maps/com.google.googlenav.prefetch.android.PrefetcherService,,31460]
02-07 22:51:04.500 I/battery_level(30833): [86,4041,230]
02-07 22:51:06.062 I/dvm_gc_madvise_info(31602): [2293760,126976]
02-07 22:52:28.640 I/am_create_service(30833): [1084459088,com.google.android.gsf/.checkin.EventLogService,,30936]
02-07 22:52:28.650 I/aggregation(30936): 1328676748663
02-07 22:52:28.720 I/am_destroy_service(30833): [1084459088,com.google.android.gsf/.checkin.EventLogService,30936]
02-07 22:55:56.510 I/power_screen_state(30833): [1,3,0,0]
02-07 22:55:56.510 I/power_screen_broadcast_send(30833): 1
02-07 22:55:56.510 I/screen_toggled(30833): 1
02-07 22:55:56.520 I/am_resume_activity(30833): [1085394872,12,com.google.android.apps.googlevoice/.PhoneCallListActivity]
02-07 22:55:56.650 I/power_screen_broadcast_done(30833): [1,136,1]
02-07 22:55:56.750 I/dvm_gc_info(30905): [8099846449757476450,-8977215399203452874,-4004679697885726675,7358131]
02-07 22:55:57.050 I/binder_sample(31048): [android.app.IActivityManager,16,535,nl.jsource.retroclock.android,100]
02-07 22:55:57.130 I/notification_cancel(30833): [com.android.phone,111,0]
02-07 22:55:57.490 I/dvm_gc_info(31602): [7453298398305826851,-8901485501842524007,-3968369425890052051,7882506]
02-07 22:55:58.050 I/notification_cancel(30833): [com.google.android.apps.googlevoice,1001,0]
02-07 22:55:58.281 I/dvm_gc_info(31602): [7453298398305781793,-8900078126958966632,-3968650900866762707,7882506]
02-07 22:55:58.451 I/screen_toggled(30833): 2
02-07 22:55:58.501 I/c2dm    (30936): [-4,NULL,13,48]
02-07 22:55:59.292 I/dvm_gc_info(31602): [7453298398305789888,-8894730102401464164,-3967525000959920083,7882506]
02-07 22:55:59.312 I/am_on_resume_called(31602): com.google.android.apps.googlevoice.PhoneCallListActivity
02-07 22:55:59.502 I/am_destroy_service(30833): [1084791280,com.google.android.apps.maps/com.google.googlenav.prefetch.android.PrefetcherService,31460]
02-07 22:56:00.273 I/db_sample(31602): [/data/data/com.google.android.apps.googlevoice/databases/model.db,COMMIT;INSERT INTO conversation_labels(label, conversation_id) V,2094,,100]
02-07 22:56:00.303 I/db_sample(30936): [/data/data/com.google.android.gsf/databases/talk.db,COMMIT;DELETE FROM s2dRmqIds WHERE rmq_id=? OR rmq_id=? OR rmq_i,834,,100]
02-07 22:56:00.303 I/content_update_sample(30936): [content://com.google.android.providers.talk/s2dids,delete,rmq_id=? OR rmq_id=? OR rmq_id=? OR rmq_id=? OR rmq_id=? OR rmq_id=? OR rmq_id=?,840,,100]
02-07 22:56:00.313 I/c2dm    (30936): [5,NULL,49,13]
02-07 22:56:00.403 I/db_sample(30936): [/data/data/com.google.android.gsf/databases/talk.db,COMMIT;INSERT OR REPLACE  INTO presence(contact_id, client_type,,84,,17]
02-07 22:56:00.613 I/content_update_sample(30936): [content://com.android.contacts/status_updates,bulkinsert,,196,,40]
02-07 22:56:00.693 I/am_pause_activity(30833): [1085394872,com.google.android.apps.googlevoice/.PhoneCallListActivity]
02-07 22:56:00.703 I/am_on_paused_called(31602): com.google.android.apps.googlevoice.PhoneCallListActivity
02-07 22:56:00.703 I/am_task_to_front(30833): 2
02-07 22:56:00.703 I/am_new_intent(30833): [1083218720,2,com.android.launcher/com.android.launcher2.Launcher,android.intent.action.MAIN,NULL,NULL,274726912]
02-07 22:56:00.733 I/am_resume_activity(30833): [1082299808,2,com.android.launcher/com.android.launcher2.Launcher]
02-07 22:56:00.753 I/am_on_resume_called(30911): com.android.launcher2.Launcher
02-07 22:56:00.863 I/dvm_gc_info(30972): [7017575181484885634,-8924298103581841353,-4004398222909016019,7358131]
02-07 22:56:00.873 I/content_query_sample(31602): [content://com.android.contacts/contacts/179/photo,data15,,,63,,13]
02-07 22:56:01.764 I/dvm_gc_madvise_info(30905): [307200,126976]
02-07 22:56:03.726 I/am_create_task(30833): 13
02-07 22:56:03.726 I/am_create_activity(30833): [1085476400,13,com.android.camera/.Camera,android.intent.action.MAIN,NULL,NULL,270532608]
02-07 22:56:03.736 I/am_pause_activity(30833): [1082299808,com.android.launcher/com.android.launcher2.Launcher]
02-07 22:56:03.746 I/am_on_paused_called(30911): com.android.launcher2.Launcher
02-07 22:56:03.756 I/am_proc_start(30833): [2802,10055,com.android.camera,activity,com.android.camera/.Camera]
02-07 22:56:03.786 I/dvm_gc_madvise_info( 2802): [368640,126976]
02-07 22:56:03.796 I/am_proc_bound(30833): [2802,com.android.camera]
02-07 22:56:03.826 I/configuration_changed(30833): 128
02-07 22:56:03.906 I/am_restart_activity(30833): [1085476400,13,com.android.camera/.Camera]
02-07 22:56:03.946 I/binder_sample( 2802): [android.app.IActivityManager,17,147,<pre-initialized>,29]
02-07 22:56:04.046 I/dvm_gc_info(30900): [7809651225003701814,-9003392778145621963,-3998487248398092243,8538148]
02-07 22:56:04.116 I/am_proc_start(30833): [2810,10051,com.android.email,content provider,com.android.email/com.android.exchange.provider.ExchangeProvider]
02-07 22:56:04.126 I/dvm_gc_madvise_info( 2810): [368640,126976]
02-07 22:56:04.176 I/am_proc_bound(30833): [2810,com.android.email]
02-07 22:56:04.507 I/dvm_gc_info( 2810): [7308604875703658102,-8979186205177518031,-4006087072769279955,7358131]
02-07 22:56:04.637 I/content_query_sample( 2810): [content://com.android.email.provider/account,_id,,,183,,37]
02-07 22:56:04.677 I/dvm_gc_info( 2810): [7308604875703645793,-8994104310190114765,-4005524122815858643,7358131]
02-07 22:56:04.827 I/dvm_gc_info( 2802): [7161125164967609996,-8980030630124464080,-4006368547745990611,7358131]
02-07 22:56:04.857 I/dvm_gc_info( 2810): [7308604875703686725,-9007896515279083466,-4004679697885726675,7358131]
02-07 22:56:04.967 I/dvm_gc_madvise_info(31602): [2478080,126976]
02-07 22:56:05.888 I/dvm_gc_madvise_info(30972): [212992,126976]
02-07 22:56:05.918 I/am_on_resume_called( 2802): com.android.camera.Camera
02-07 22:56:05.948 I/dvm_gc_info( 2802): [7161125164967585354,-9015777952133121998,-4004961172862437331,7358180]
02-07 22:56:05.958 I/activity_launch_time(30833): [1085476400,com.android.camera/.Camera,2210,2210]
02-07 22:56:06.048 I/binder_sample( 2802): [android.view.IWindowSession,8,19,com.android.camera,3]
02-07 22:56:08.140 I/dvm_gc_info(30833): [8320808730291926794,-8910218512163530636,-3967243525983209427,8685626]
02-07 22:56:08.180 I/am_create_activity(30833): [1081858960,13,com.cooliris.media/.Gallery,com.cooliris.media.action.REVIEW,NULL,content://media/external/images/media/45,0]
02-07 22:56:08.180 I/am_pause_activity(30833): [1085476400,com.android.camera/.Camera]
02-07 22:56:08.320 I/am_on_paused_called( 2802): com.android.camera.Camera
02-07 22:56:08.320 I/configuration_changed(30833): 128
02-07 22:56:08.380 I/dvm_gc_info( 2802): [7161125164967589495,-8982000817472096205,-4004679697885726675,7358189]
02-07 22:56:08.431 I/am_kill (30833): [31494,com.android.vending,14,too many background]
02-07 22:56:08.431 I/am_restart_activity(30833): [1081858960,13,com.cooliris.media/.Gallery]
02-07 22:56:08.491 I/content_query_sample( 1810): [content://media/external/images/media,_id/title/mime_type/latitude/longitude/datetaken/date_added/date_modified/_data/orientation/bucket_id,_id=45,,17,com.cooliris.media,4]
02-07 22:56:08.621 I/am_on_resume_called( 1810): com.cooliris.media.Gallery
02-07 22:56:08.651 I/binder_sample( 2802): [android.app.IActivityManager,19,331,com.android.camera,66]
02-07 22:56:08.661 I/activity_launch_time(30833): [1081858960,com.cooliris.media/.Gallery,337,337]
02-07 22:56:08.711 I/am_create_service(30833): [1085091552,com.google.android.gsf/.loginservice.GoogleLoginService,act=android.accounts.AccountAuthenticator,30936]
02-07 22:56:08.831 I/am_destroy_service(30833): [1085091552,com.google.android.gsf/.loginservice.GoogleLoginService,30936]
02-07 22:56:08.891 I/binder_sample( 1810): [android.view.IWindowSession,4,15,com.cooliris.media,3]
02-07 22:56:09.061 I/dvm_gc_madvise_info(30900): [180224,126976]
02-07 22:56:09.081 I/content_query_sample( 1810): [content://media/external/images/media,bucket_id,_id=45,,61,,13]
02-07 22:56:09.081 I/am_proc_died(30833): [31494,com.android.vending]
02-07 22:56:09.161 I/content_query_sample( 1810): [content://media/external/video/media,bucket_id/MAX(date_added), COUNT(*),bucket_id!=0) GROUP BY (bucket_id ,,7,,2]
02-07 22:56:09.782 I/am_create_service(30833): [1084749280,com.google.android.gsf/.loginservice.GoogleLoginService,act=android.accounts.AccountAuthenticator,30936]
02-07 22:56:09.842 I/am_destroy_service(30833): [1084749280,com.google.android.gsf/.loginservice.GoogleLoginService,30936]
02-07 22:56:09.862 I/dvm_gc_madvise_info( 2810): [200704,126976]
02-07 22:56:09.882 I/dvm_gc_info(30936): [7449358886915602047,-8968207787531089859,-4002709373048752083,7358131]
02-07 22:56:09.882 I/binder_sample(30936): [android.app.IActivityManager,38,51,com.google.process.gapps,10]
02-07 22:56:09.902 I/am_create_service(30833): [1084302608,com.google.android.gsf/.loginservice.GoogleLoginService,act=android.accounts.AccountAuthenticator,30936]
02-07 22:56:09.942 I/am_destroy_service(30833): [1084302608,com.google.android.gsf/.loginservice.GoogleLoginService,30936]
02-07 22:56:10.032 I/sync    (30833): [com.cooliris.picasa.contentprovider,0,0,-1565529355]
02-07 22:56:10.052 I/am_create_service(30833): [1083295040,com.cooliris.media/com.cooliris.picasa.PicasaService,act=android.content.SyncAdapter,1810]
02-07 22:56:10.072 I/am_create_service(30833): [1083256560,com.google.android.gsf/.loginservice.GoogleLoginService,act=android.accounts.AccountAuthenticator,30936]
02-07 22:56:10.122 I/am_destroy_service(30833): [1083256560,com.google.android.gsf/.loginservice.GoogleLoginService,30936]
02-07 22:56:10.142 I/am_create_service(30833): [1083441192,com.google.android.gsf/.loginservice.GoogleLoginService,act=android.accounts.AccountAuthenticator,30936]
02-07 22:56:10.212 I/dvm_gc_info(30936): [7449358886915597969,-8963704187903723460,-4002709373048752083,7358131]
02-07 22:56:10.232 I/am_destroy_service(30833): [1083441192,com.google.android.gsf/.loginservice.GoogleLoginService,30936]
02-07 22:56:10.382 I/dvm_gc_info( 1810): [7882817126543824585,-8979745443389876158,-3990042999096772563,8554535]
02-07 22:56:10.432 I/dvm_gc_info( 1810): [7882817126543828577,-9194510850620106680,-3990042999096772563,8554535]
02-07 22:56:10.483 I/dvm_gc_info( 1810): [7882817126543811679,-9068410061053740984,-3988635624213219283,8583205]
02-07 22:56:10.543 I/dvm_gc_info( 1810): [7882817126543685312,-9194790675926734764,-3984413499562559443,8579109]
02-07 22:56:11.033 I/dvm_gc_info(30833): [8320808730292270754,-8925699635882616715,-3968087950913341395,8673335]
02-07 22:56:11.624 I/dvm_gc_info( 1810): [7882817126543800364,-9049549587944036291,-3984413499562559443,8566824]
02-07 22:56:12.144 I/dvm_gc_info( 1810): [7882817126543840801,-9058838262175487940,-3984413499562559443,8656950]
02-07 22:56:12.515 I/dvm_gc_info( 1810): [7882817126544266747,-9084452485056153539,-3984413499562559443,8734790]
02-07 22:56:12.695 I/dvm_gc_info( 1810): [7882817126543754935,-9132866181050382240,-3975124825331107795,8648754]
02-07 22:56:13.155 I/dvm_gc_info( 1810): [7882817126543865618,-9021120615296260012,-3979346949981767635,8648754]
02-07 22:56:13.185 I/dvm_gc_info( 1810): [7882817126543738926,-9216462736935868356,-3988354149236508627,8648754]
02-07 22:56:13.345 I/sync    (30833): [com.cooliris.picasa.contentprovider,1,0,-1565529355]
02-07 22:56:13.355 I/am_destroy_service(30833): [1083295040,com.cooliris.media/com.cooliris.picasa.PicasaService,1810]
02-07 22:56:13.365 I/notification_cancel(30833): [android,1815465924,0]
02-07 22:56:13.405 I/dvm_gc_madvise_info( 2802): [344064,126976]
02-07 22:56:13.996 I/dvm_gc_info( 1810): [7882817126543914252,-9059118224954611652,-3988354149236508627,8562722]
02-07 22:56:14.036 I/dvm_gc_info(30833): [8320808730292094251,-9048985675681884044,-3968369425890052051,8673335]
