02-07 22:56:14.126 I/dvm_gc_info(30833): [8320808730291946022,-9220122392785708939,-3968087950913341395,8673335]
02-07 22:56:14.597 I/dvm_gc_info( 1810): [7882817126543803881,-9060244124861454275,-3988354149236508627,8656952]
02-07 22:56:15.247 I/dvm_gc_madvise_info(30936): [282624,126976]
02-07 22:56:15.407 I/dvm_gc_info( 1810): [7882817126543742586,-9063621824581982141,-3973154500494133203,8747095]
02-07 22:56:15.457 I/dvm_gc_info( 1810): [7882817126543832672,-9222936661400213431,-3973154500494133203,8747095]
02-07 22:56:15.547 I/dvm_gc_info( 1810): [7882817126543713367,-9139620068293859232,-3973998925424265171,8661046]
02-07 22:56:15.828 I/dvm_gc_info( 1810): [7882817126543792179,-9091487847276337092,-3973998925424265171,8661045]
02-07 22:56:19.201 I/dvm_gc_madvise_info(30833): [409600,126976]
02-07 22:56:20.863 I/dvm_gc_madvise_info( 1810): [6008832,126976]
02-07 22:56:20.923 I/db_sample(31129): [/data/data/com.android.providers.media/databases/external-e82ff9f2.db,DELETE FROM images WHERE _id = 43,267,,54]
02-07 22:56:23.976 I/dvm_gc_info( 1810): [7882817126543845420,-8924291711110199235,-3973998925424265171,8734795]
02-07 22:56:26.208 I/dvm_gc_info( 1810): [7882817126543849081,-9018304353331566528,-3973998925424265171,8742982]
02-07 22:56:26.598 I/dvm_gc_info( 1810): [7882817126543804475,-9066718049325799364,-3973998925424265171,8673335]
02-07 22:56:27.960 I/dvm_gc_info( 1810): [7882817126543811927,-9051518400583423939,-3973998925424265171,8742980]
02-07 22:56:28.400 I/dvm_gc_info( 1810): [7882817126543824932,-9065029199465535428,-3973998925424265171,8673335]
02-07 22:56:32.154 I/content_update_sample( 1810): [content://media/external/images/media/40,delete,,281,,57]
02-07 22:56:33.425 I/dvm_gc_madvise_info( 1810): [5378048,126976]
02-07 22:56:33.635 I/dvm_gc_info( 1810): [7882817126543877885,-8948217084130604995,-3973998925424265171,8747083]
02-07 22:56:34.156 I/dvm_gc_info( 1810): [7882817126543828517,-9054051675373815748,-3973998925424265171,8669238]
02-07 22:56:36.578 I/dvm_gc_info( 1810): [7882817126543840827,-9016615503471302595,-3973998925424265171,8742983]
02-07 22:56:37.048 I/dvm_gc_info( 1810): [7882817126543796286,-9063058874628560836,-3973998925424265171,8669239]
02-07 22:56:38.019 I/force_gc(30911): bg
02-07 22:56:38.099 I/dvm_gc_info(30911): [7809652345805338215,-8922890591108380620,-3989761524120061907,8648758]
02-07 22:56:39.801 I/dvm_gc_info( 1810): [7882817126543828539,-9016896978448013251,-3973998925424265171,8742982]
02-07 22:56:40.282 I/dvm_gc_info( 1810): [7882817126543816740,-9066436574349088708,-3973998925424265171,8673336]
02-07 22:56:42.614 I/dvm_gc_info( 1810): [7882817126543824438,-9025904177702750147,-3973998925424265171,8742982]
02-07 22:56:43.004 I/dvm_gc_info( 1810): [7882817126543849508,-9063058874628560836,-3973998925424265171,8673335]
02-07 22:56:43.114 I/dvm_gc_madvise_info(30911): [671744,126976]
02-07 22:56:44.135 I/db_sample(31129): [/data/data/com.android.providers.media/databases/external-e82ff9f2.db,SELECT _data FROM images WHERE (_id = 41),0,,1]
02-07 22:56:44.185 I/dvm_gc_info( 1810): [7882817126543799613,-9053770200397109187,-3973998925424265171,8742980]
02-07 22:56:44.636 I/dvm_gc_info( 1810): [7882817126543803785,-9067843949232641988,-3973998925424265171,8742967]
02-07 22:56:45.156 I/dvm_gc_info( 1810): [7882817126543791554,-9067562474255931332,-3973998925424265171,8742998]
02-07 22:56:46.237 I/sync    (30833): [com.cooliris.picasa.contentprovider,0,0,-1565529355]
02-07 22:56:46.247 I/am_create_service(30833): [1083626128,com.cooliris.media/com.cooliris.picasa.PicasaService,act=android.content.SyncAdapter,1810]
02-07 22:56:46.317 I/am_create_service(30833): [1083537408,com.google.android.gsf/.loginservice.GoogleLoginService,act=android.accounts.AccountAuthenticator,30936]
02-07 22:56:46.448 I/am_destroy_service(30833): [1083537408,com.google.android.gsf/.loginservice.GoogleLoginService,30936]
02-07 22:56:46.488 I/am_create_service(30833): [1083063064,com.google.android.gsf/.loginservice.GoogleLoginService,act=android.accounts.AccountAuthenticator,30936]
02-07 22:56:46.748 I/dvm_gc_info(30936): [7449358886915634808,-8982563011343333316,-4002709373048752083,7358131]
02-07 22:56:48.089 I/google_http_request(30936): [1413,200,GoogleLoginService/1.0,1]
02-07 22:56:48.099 I/notification_cancel(30833): [android,2,0]
02-07 22:56:48.139 I/notification_cancel(30833): [android,2,0]
02-07 22:56:48.229 I/notification_cancel(30833): [android,2,0]
02-07 22:56:48.279 I/gls_authenticate(30936): [0,lh2]
02-07 22:56:48.279 I/notification_cancel(30833): [android,2,0]
02-07 22:56:48.329 I/notification_cancel(30833): [android,2,0]
02-07 22:56:48.339 I/am_destroy_service(30833): [1083063064,com.google.android.gsf/.loginservice.GoogleLoginService,30936]
02-07 22:56:48.359 I/am_create_service(30833): [1084819216,com.google.android.gsf/.loginservice.GoogleLoginService,act=android.accounts.AccountAuthenticator,30936]
02-07 22:56:48.470 I/am_destroy_service(30833): [1084819216,com.google.android.gsf/.loginservice.GoogleLoginService,30936]
02-07 22:56:48.520 I/dvm_gc_info(30936): [7449358886915597935,-8960607963143124931,-4002709373048752083,7358131]
02-07 22:56:49.451 I/sync    (30833): [com.cooliris.picasa.contentprovider,1,0,-1565529355]
02-07 22:56:49.471 I/am_destroy_service(30833): [1083626128,com.cooliris.media/com.cooliris.picasa.PicasaService,1810]
02-07 22:56:49.471 I/notification_cancel(30833): [android,1815465924,0]
02-07 22:56:50.171 I/dvm_gc_madvise_info( 1810): [5799936,126976]
02-07 22:56:53.565 I/dvm_gc_madvise_info(30936): [245760,126976]
02-07 22:56:55.957 I/force_gc( 2238): bg
02-07 22:56:56.047 I/dvm_gc_info( 2238): [8299681605908551285,-8984815910920538066,-4006931497699411923,7358131]
02-07 22:56:57.438 I/db_sample(31129): [/data/data/com.android.providers.media/databases/external-e82ff9f2.db,SELECT _data FROM images WHERE (_id = 39),2,,1]
02-07 22:56:57.639 I/am_pause_activity(30833): [1081858960,com.cooliris.media/.Gallery]
02-07 22:56:57.649 I/am_task_to_front(30833): 2
02-07 22:56:57.649 I/am_new_intent(30833): [1082289632,2,com.android.launcher/com.android.launcher2.Launcher,android.intent.action.MAIN,NULL,NULL,274726912]
02-07 22:56:57.689 I/am_on_paused_called( 1810): com.cooliris.media.Gallery
02-07 22:56:57.709 I/am_resume_activity(30833): [1082299808,2,com.android.launcher/com.android.launcher2.Launcher]
02-07 22:56:57.769 I/am_on_resume_called(30911): com.android.launcher2.Launcher
02-07 22:56:57.869 I/am_kill (30833): [31099,com.android.settings,14,too many background]
02-07 22:56:57.939 I/am_proc_died(30833): [31099,com.android.settings]
02-07 22:56:57.939 I/am_schedule_service_restart(30833): [com.android.qualcomm/.DunService,5000]
02-07 22:56:58.089 I/dvm_gc_info( 1810): [7882817126543935187,-8920069586459535300,-3973998925424265171,8742998]
02-07 22:56:58.169 I/am_create_service(30833): [1083649904,com.cooliris.media/com.cooliris.cache.CacheService,act=com.cooliris.cache.action.CACHE,1810]
02-07 22:56:58.179 I/am_destroy_service(30833): [1083649904,com.cooliris.media/com.cooliris.cache.CacheService,1810]
02-07 22:57:00.091 I/dvm_gc_info(30891): [8320808730291644053,-8922327778744891339,-4001864948118620115,8070983]
02-07 22:57:00.211 I/content_query_sample( 1810): [content://media/external/images/media,_id/date_added/_data/orientation,,,20,,5]
02-07 22:57:01.072 I/dvm_gc_madvise_info( 2238): [520192,126976]
02-07 22:57:02.944 I/am_proc_start(30833): [2887,1000,com.android.settings,service,com.android.qualcomm/.DunService]
02-07 22:57:03.004 I/dvm_gc_madvise_info( 2887): [364544,126976]
02-07 22:57:03.034 I/am_proc_bound(30833): [2887,com.android.settings]
02-07 22:57:03.044 I/am_create_service(30833): [1083380048,com.android.qualcomm/.DunService,,2887]
02-07 22:57:03.124 I/dvm_gc_madvise_info( 1810): [6008832,126976]
02-07 22:57:03.384 I/power_sleep_requested(30833): 0
02-07 22:57:03.614 I/power_screen_state(30833): [0,2,0,0]
02-07 22:57:03.614 I/power_screen_broadcast_send(30833): 1
02-07 22:57:03.614 I/screen_toggled(30833): 0
02-07 22:57:03.624 I/am_pause_activity(30833): [1082299808,com.android.launcher/com.android.launcher2.Launcher]
02-07 22:57:03.624 I/am_on_paused_called(30911): com.android.launcher2.Launcher
02-07 22:57:03.674 I/power_screen_broadcast_done(30833): [0,54,1]
02-07 22:57:03.835 I/am_create_service(30833): [1079127576,com.google.android.gsf/.loginservice.GoogleLoginService,act=android.accounts.AccountAuthenticator,30936]
02-07 22:57:03.925 I/am_destroy_service(30833): [1079127576,com.google.android.gsf/.loginservice.GoogleLoginService,30936]
02-07 22:57:15.190 I/dvm_gc_madvise_info(30891): [208896,126976]
02-07 22:59:36.500 I/battery_level(30833): [85,4024,240]
02-07 22:59:36.610 I/c2dm    (30936): [-4,NULL,14,49]
02-07 22:59:36.610 I/c2dm    (30936): [4,NULL,50,-1]
02-07 22:59:39.580 I/c2dm    (30936): [3,0:1328677179235468%e7a71353002eb0e3,51,14]
02-07 22:59:39.600 I/am_create_service(30833): [1083403592,com.google.android.gsf/.subscribedfeeds.SubscribedFeedsIntentService,act=com.google.android.c2dm.intent.RECEIVE cat=[com.google.android.gsf.subscribedfeeds],30936]
02-07 22:59:39.610 I/tickle  (30936): com.android.contacts
02-07 22:59:39.610 I/am_destroy_service(30833): [1083403592,com.google.android.gsf/.subscribedfeeds.SubscribedFeedsIntentService,30936]
02-07 22:59:39.630 I/sync    (30833): [com.android.contacts,0,0,-1565529355]
02-07 22:59:39.640 I/am_create_service(30833): [1084696072,com.google.android.syncadapters.contacts/.ContactsSyncAdapterService,act=android.content.SyncAdapter,30936]
02-07 22:59:40.630 I/google_http_request(30936): [888,200,Android-GData-Contacts/1.3,1]
02-07 22:59:40.730 I/dvm_gc_info(30936): [7449358886915647089,-8954134038661990339,-4002427898072041427,7358131]
02-07 22:59:40.760 I/db_sample(30972): [/data/data/com.android.providers.contacts/databases/contacts2.db,BEGIN EXCLUSIVE;,0,,1]
02-07 22:59:40.980 I/sync_details(30936): [com.android.contacts,1717,3835,n1]
02-07 22:59:40.990 I/sync    (30833): [com.android.contacts,1,0,-1565529355]
02-07 22:59:40.990 I/am_destroy_service(30833): [1084696072,com.google.android.syncadapters.contacts/.ContactsSyncAdapterService,30936]
02-07 22:59:40.990 I/notification_cancel(30833): [android,707653501,0]
02-07 23:00:09.750 I/dvm_gc_info(32003): [7093854921883182812,-8894178287722354628,-3994828073700853715,8550433]
02-07 23:00:26.600 I/battery_discharge(30833): [18117349,100,85]
02-07 23:00:26.600 I/battery_status(30833): [2,2,1,1,Li-ion]
02-07 23:00:26.600 I/battery_level(30833): [85,4025,240]
02-07 23:00:26.620 I/power_screen_state(30833): [1,2,0,0]
02-07 23:00:26.620 I/power_screen_broadcast_send(30833): 1
02-07 23:00:26.620 I/screen_toggled(30833): 1
02-07 23:00:26.660 I/am_resume_activity(30833): [1082299808,2,com.android.launcher/com.android.launcher2.Launcher]
02-07 23:00:26.680 I/am_on_resume_called(30911): com.android.launcher2.Launcher
02-07 23:00:26.700 I/binder_sample(30911): [android.view.IWindowSession,4,18,com.android.launcher,3]
02-07 23:00:26.770 I/power_screen_broadcast_done(30833): [1,154,1]
02-07 23:00:26.840 I/notification_cancel(30833): [com.android.phone,111,0]
02-07 23:00:29.332 I/power_sleep_requested(30833): 1
02-07 23:00:29.562 I/power_screen_state(30833): [0,2,0,0]
02-07 23:00:29.572 I/power_screen_broadcast_send(30833): 1
02-07 23:00:29.582 I/screen_toggled(30833): 0
02-07 23:00:29.602 I/am_pause_activity(30833): [1082299808,com.android.launcher/com.android.launcher2.Launcher]
02-07 23:00:29.622 I/am_on_paused_called(30911): com.android.launcher2.Launcher
02-07 23:00:29.682 I/power_screen_broadcast_done(30833): [0,106,1]
02-07 23:00:29.992 I/dvm_gc_madvise_info(30936): [200704,126976]
02-07 23:00:31.013 I/dvm_gc_madvise_info(32003): [1396736,126976]
02-07 23:00:34.697 I/force_gc( 1810): bg
02-07 23:00:34.767 I/dvm_gc_info( 1810): [7882817126543992114,-9059399699931318212,-3981598749795452883,8742979]
02-07 23:00:39.702 I/force_gc(31437): bg
02-07 23:00:39.782 I/dvm_gc_madvise_info( 1810): [6025216,126976]
02-07 23:00:39.792 I/dvm_gc_info(31437): [3346293774833013926,-9065880154323056586,-4004961172862437331,7358131]
02-07 23:00:42.104 I/battery_level(30833): [85,4020,240]
02-07 23:00:44.837 I/dvm_gc_madvise_info(31437): [323584,126976]
02-07 23:00:47.119 I/force_gc(31129): bg
02-07 23:00:47.229 I/dvm_gc_info(31129): [7882817126544127555,-9005081903018080206,-4005805597792569299,7571128]
02-07 23:00:52.124 I/force_gc(30972): bg
02-07 23:00:52.224 I/dvm_gc_info(30972): [7017575181485205098,-8940905127207782345,-4004679697885726675,7358131]
02-07 23:00:52.244 I/dvm_gc_madvise_info(31129): [274432,126976]
02-07 23:00:57.139 I/force_gc(31425): bg
02-07 23:00:57.239 I/dvm_gc_madvise_info(30972): [237568,126976]
02-07 23:00:57.259 I/dvm_gc_info(31425): [7737593596605892439,-8911063624456787872,-3978502525051635667,8583209]
02-07 23:00:59.711 I/content_update_sample(30936): [content://com.google.android.providers.talk/s2dids,insert,,79,,16]
02-07 23:00:59.711 I/c2dm    (30936): [3,0:1328677259483413%62cfc3ee62cfc3ee,52,-1]
02-07 23:01:00.302 I/dvm_gc_info(31602): [7453298398305781746,-8904300251609626467,-3967243525983209427,7882517]
02-07 23:01:00.963 I/dvm_gc_info(31602): [7453298398305781796,-8899515177005549415,-3968650900866762707,7882506]
02-07 23:01:01.433 I/dvm_gc_info(31602): [7453298398305777697,-8904300251609630569,-3968932375843473363,7882506]
02-07 23:01:02.334 I/dvm_gc_madvise_info(31425): [1302528,126976]
02-07 23:01:06.498 I/dvm_gc_madvise_info(31602): [3166208,126976]
02-07 23:01:09.591 I/force_gc( 2670): bg
02-07 23:01:09.681 I/dvm_gc_info( 2670): [3349111792835335979,-8917542154250852300,-4004679697885726675,7550675]
02-07 23:01:14.596 I/force_gc(31334): bg
02-07 23:01:14.676 I/dvm_gc_info(31334): [8392287917040784423,-9157360140313262031,-4006087072769279955,7358136]
02-07 23:01:14.696 I/dvm_gc_madvise_info( 2670): [901120,126976]
02-07 23:01:19.601 I/force_gc(31048): bg
02-07 23:01:19.671 I/dvm_gc_info(31048): [7020659311768790323,-9037733343981098962,-4006931497699411923,7358131]
02-07 23:01:19.681 I/dvm_gc_madvise_info(31334): [184320,126976]
02-07 23:01:24.606 I/force_gc(31602): bg
02-07 23:01:24.696 I/dvm_gc_madvise_info(31048): [389120,126976]
02-07 23:01:24.756 I/dvm_gc_info(31602): [7453298398306316848,-9217581900688590697,-3968932375843473363,7882506]
02-07 23:01:29.610 I/force_gc(31919): bg
02-07 23:01:29.721 I/dvm_gc_info(31919): [7092172591162930208,-9175655189048244169,-4003553797978884051,7358173]
02-07 23:01:29.781 I/dvm_gc_madvise_info(31602): [3166208,126976]
02-07 23:01:34.085 I/c2dm    (30936): [5,NULL,53,-1]
02-07 23:01:34.145 I/c2dm    (30936): [-4,NULL,15,53]
02-07 23:01:34.445 I/c2dm    (30936): [4,NULL,54,15]
02-07 23:01:34.485 I/c2dm    (30936): [5,NULL,55,-1]
02-07 23:01:34.615 I/force_gc(31460): bg
02-07 23:01:34.705 I/dvm_gc_info(31460): [3345437233800127647,-9064191029467363268,-4002709373048752083,7358131]
02-07 23:01:34.735 I/dvm_gc_madvise_info(31919): [438272,126976]
02-07 23:01:39.740 I/dvm_gc_madvise_info(31460): [274432,126976]
02-07 23:01:54.525 I/c2dm    (30936): [4,NULL,56,-1]
02-07 23:02:26.126 I/battery_level(30833): [85,4021,250]
02-07 23:03:05.114 I/force_gc(31048): bg
02-07 23:03:05.134 I/dvm_gc_info(31048): [7020659311768601339,-9185226231777482706,-4006931497699411923,7358131]
02-07 23:03:10.169 I/dvm_gc_madvise_info(31048): [413696,126976]
02-07 23:05:00.176 I/dvm_gc_info(30833): [8320808730291677117,-8901774194092398473,-3964710251192813523,8673345]
02-07 23:05:05.091 I/force_gc(31048): bg
02-07 23:05:05.121 I/dvm_gc_info(31048): [7020659311768638144,-9196203755869198290,-4006931497699411923,7358131]
02-07 23:05:05.201 I/dvm_gc_madvise_info(30833): [450560,126976]
02-07 23:05:10.126 I/dvm_gc_madvise_info(31048): [417792,126976]
02-07 23:06:56.119 I/battery_level(30833): [86,4045,250]
02-07 23:07:05.108 I/force_gc(31048): bg
02-07 23:07:05.128 I/dvm_gc_info(31048): [7020659311768601281,-9196203755869198290,-4006931497699411923,7358131]
02-07 23:07:10.173 I/dvm_gc_madvise_info(31048): [417792,126976]
02-07 23:08:08.329 I/power_screen_state(30833): [1,3,0,0]
02-07 23:08:08.329 I/power_screen_broadcast_send(30833): 1
02-07 23:08:08.329 I/screen_toggled(30833): 1
02-07 23:08:08.349 I/am_resume_activity(30833): [1082299808,2,com.android.launcher/com.android.launcher2.Launcher]
02-07 23:08:08.349 I/am_on_resume_called(30911): com.android.launcher2.Launcher
02-07 23:08:08.460 I/notification_cancel(30833): [com.android.phone,111,0]
02-07 23:08:08.480 I/power_screen_broadcast_done(30833): [1,142,1]
02-07 23:08:10.241 I/screen_toggled(30833): 2
02-07 23:08:10.261 I/c2dm    (30936): [-4,NULL,16,56]
02-07 23:08:10.892 I/c2dm    (30936): [5,NULL,57,16]
02-07 23:08:10.962 I/db_sample(30936): [/data/data/com.google.android.gsf/databases/talk.db,COMMIT;INSERT OR REPLACE  INTO presence(contact_id, client_type,,34,,7]
02-07 23:08:12.113 I/battery_level(30833): [87,4050,250]
02-07 23:08:17.779 I/am_pause_activity(30833): [1082299808,com.android.launcher/com.android.launcher2.Launcher]
02-07 23:08:17.799 I/am_task_to_front(30833): 12
02-07 23:08:17.799 I/am_on_paused_called(30911): com.android.launcher2.Launcher
02-07 23:08:17.819 I/am_resume_activity(30833): [1085394872,12,com.google.android.apps.googlevoice/.PhoneCallListActivity]
02-07 23:08:17.879 I/am_on_resume_called(31602): com.google.android.apps.googlevoice.PhoneCallListActivity
02-07 23:08:18.359 I/binder_sample(31602): [android.view.IWindowSession,8,90,com.google.android.apps.googlevoice,18]
02-07 23:08:18.409 I/dvm_gc_info(30972): [7017575181485078127,-8925705478448609224,-4004398222909016019,7358131]
02-07 23:08:20.021 I/binder_sample(31602): [android.view.IWindowSession,4,10,com.google.android.apps.googlevoice,2]
02-07 23:08:20.191 I/dvm_gc_info(30900): [7809651225003243042,-9034355025583790026,-3998487248398092243,8337393]
02-07 23:08:20.541 I/dvm_gc_info(30900): [7809651225003152929,-9035480925490636747,-3998487248398092243,8525857]
02-07 23:08:23.094 I/menu_opened(31602): 0
02-07 23:08:23.444 I/dvm_gc_madvise_info(30972): [200704,126976]
02-07 23:08:25.566 I/dvm_gc_madvise_info(30900): [225280,126976]
02-07 23:08:26.727 I/menu_item_selected(31602): [0,Refresh]
02-07 23:08:27.328 I/dvm_gc_info(31602): [7453298398305744814,-8895574527331596132,-3966399101053077459,7882583]
02-07 23:08:29.510 I/am_finish_activity(30833): [1085394872,12,com.google.android.apps.googlevoice/.PhoneCallListActivity,app-request]
02-07 23:08:29.530 I/am_pause_activity(30833): [1085394872,com.google.android.apps.googlevoice/.PhoneCallListActivity]
02-07 23:08:29.530 I/am_on_paused_called(31602): com.google.android.apps.googlevoice.PhoneCallListActivity
02-07 23:08:29.580 I/am_resume_activity(30833): [1082299808,2,com.android.launcher/com.android.launcher2.Launcher]
02-07 23:08:29.580 I/am_on_resume_called(30911): com.android.launcher2.Launcher
02-07 23:08:29.660 I/am_destroy_activity(30833): [1085394872,12,com.google.android.apps.googlevoice/.PhoneCallListActivity]
02-07 23:08:31.392 I/am_create_task(30833): 14
02-07 23:08:31.392 I/am_create_activity(30833): [1084451680,14,com.google.android.apps.googlevoice/.SplashActivity,android.intent.action.MAIN,NULL,NULL,270532608]
02-07 23:08:31.402 I/am_pause_activity(30833): [1082299808,com.android.launcher/com.android.launcher2.Launcher]
02-07 23:08:31.402 I/am_on_paused_called(30911): com.android.launcher2.Launcher
02-07 23:08:31.412 I/am_restart_activity(30833): [1084451680,14,com.google.android.apps.googlevoice/.SplashActivity]
02-07 23:08:31.442 I/am_on_resume_called(31602): com.google.android.apps.googlevoice.SplashActivity
02-07 23:08:31.502 I/activity_launch_time(30833): [1084451680,com.google.android.apps.googlevoice/.SplashActivity,95,95]
02-07 23:08:31.532 I/am_create_activity(30833): [1084046336,14,com.google.android.apps.googlevoice/.activity.conversationlist.ConversationListActivity,NULL,NULL,NULL,0]
02-07 23:08:31.532 I/am_pause_activity(30833): [1084451680,com.google.android.apps.googlevoice/.SplashActivity]
02-07 23:08:31.872 I/dvm_gc_info(31602): [7453298398305785888,-8901204026865809252,-3966962051006498771,7882548]
02-07 23:08:32.043 I/am_restart_activity(30833): [1084046336,14,com.google.android.apps.googlevoice/.activity.conversationlist.ConversationListActivity]
02-07 23:08:32.223 I/am_on_paused_called(31602): com.google.android.apps.googlevoice.SplashActivity
02-07 23:08:32.223 I/am_failed_to_pause(30833): [1084451680,com.google.android.apps.googlevoice/.SplashActivity,(none)]
02-07 23:08:32.343 I/dvm_gc_info(31602): [7453298398305781704,-8907677951330154337,-3966117626076366803,7882548]
02-07 23:08:32.923 I/dvm_gc_info(31602): [7453298398305781794,-8893885677471332195,-3966680576029788115,7882548]
02-07 23:08:33.014 I/notification_cancel(30833): [com.google.android.apps.googlevoice,1001,0]
02-07 23:08:33.024 I/am_on_resume_called(31602): com.google.android.apps.googlevoice.activity.conversationlist.ConversationListActivity
02-07 23:08:33.024 I/am_create_service(30833): [1083760080,com.google.android.apps.googlevoice/.ShadowNumberRefreshService,,31602]
02-07 23:08:33.654 I/activity_launch_time(30833): [1084046336,com.google.android.apps.googlevoice/.activity.conversationlist.ConversationListActivity,1617,1617]
02-07 23:08:34.815 I/menu_opened(31602): 0
02-07 23:08:37.988 I/dvm_gc_madvise_info(31602): [2207744,126976]
02-07 23:08:38.939 I/menu_item_selected(31602): [0,Refresh]
02-07 23:08:39.240 I/dvm_gc_info(31602): [7453298398305781735,-8909366801190418273,-3965836151099656147,7882567]
02-07 23:08:43.314 I/am_create_activity(30833): [1084667736,14,com.google.android.apps.googlevoice/.PhoneCallListActivity,NULL,NULL,googlevoice://conversations/63156e3c51b0428222537306c859856ce4bc120e,0]
02-07 23:08:43.324 I/am_pause_activity(30833): [1084046336,com.google.android.apps.googlevoice/.activity.conversationlist.ConversationListActivity]
02-07 23:08:43.344 I/am_on_paused_called(31602): com.google.android.apps.googlevoice.activity.conversationlist.ConversationListActivity
02-07 23:08:43.374 I/am_restart_activity(30833): [1084667736,14,com.google.android.apps.googlevoice/.PhoneCallListActivity]
02-07 23:08:43.464 I/am_on_resume_called(31602): com.google.android.apps.googlevoice.PhoneCallListActivity
02-07 23:08:43.804 I/dvm_gc_info(31602): [7453298398305810431,-8903455826679490402,-3965836151099656147,7882595]
02-07 23:08:43.874 I/activity_launch_time(30833): [1084667736,com.google.android.apps.googlevoice/.PhoneCallListActivity,522,522]
02-07 23:08:44.645 I/dvm_gc_info(31602): [7453298398306116841,-9058267063870351203,-3965836151099656147,7882617]
02-07 23:08:45.676 I/dvm_gc_info(30900): [7809651225003480406,-9050680574233020363,-3998487248398092243,8521678]
02-07 23:08:49.720 I/dvm_gc_madvise_info(31602): [3166208,126976]
02-07 23:08:50.741 I/dvm_gc_madvise_info(30900): [241664,126976]
02-07 23:08:51.411 I/binder_sample(30900): [android.view.IWindowSession,8,10,com.android.inputmethod.latin,2]
02-07 23:08:52.122 I/binder_sample(31602): [com.android.internal.view.IInputContextCallback,2,5,com.google.android.apps.googlevoice,1]
02-07 23:08:55.305 I/binder_sample(30900): [android.view.IWindowSession,4,24,com.android.inputmethod.latin,4]
02-07 23:08:55.746 I/force_gc(30911): bg
02-07 23:08:55.796 I/dvm_gc_info(30911): [7809652345805153844,-9014651433499273164,-3989198574166640595,8640567]
02-07 23:09:00.831 I/dvm_gc_madvise_info(30911): [679936,126976]
02-07 23:09:05.115 I/force_gc(31334): bg
02-07 23:09:05.195 I/dvm_gc_info(31334): [8392287917040759395,-9212529235748550607,-4006087072769279955,7358136]
02-07 23:09:06.056 I/force_gc(30833): Binder
02-07 23:09:06.136 I/dvm_gc_info(30833): [8320808730291935067,-8905433368806414218,-3965273201146234835,8673344]
02-07 23:09:07.607 I/binder_sample(30900): [android.view.IWindowSession,4,29,com.android.inputmethod.latin,5]
02-07 23:09:10.130 I/force_gc(31048): bg
02-07 23:09:10.170 I/dvm_gc_info(31048): [7020659311768691393,-9196203755869198290,-4006931497699411923,7358131]
02-07 23:09:10.210 I/dvm_gc_madvise_info(31334): [184320,126976]
02-07 23:09:11.151 I/dvm_gc_madvise_info(30833): [475136,126976]
02-07 23:09:15.055 I/binder_sample(30900): [android.view.IWindowSession,4,20,com.android.inputmethod.latin,4]
02-07 23:09:15.085 I/binder_sample(30900): [android.view.IWindowSession,8,13,com.android.inputmethod.latin,2]
02-07 23:09:15.215 I/dvm_gc_madvise_info(31048): [417792,126976]
02-07 23:09:17.257 I/binder_sample(30900): [android.view.IWindowSession,3,8,com.android.inputmethod.latin,1]
02-07 23:09:21.751 I/binder_sample(31602): [android.view.IWindowSession,4,23,com.google.android.apps.googlevoice,4]
02-07 23:09:26.105 I/battery_level(30833): [88,4050,260]
02-07 23:09:28.798 I/binder_sample(31602): [android.view.IWindowSession,4,24,com.google.android.apps.googlevoice,4]
02-07 23:09:34.133 I/binder_sample(30900): [android.view.IWindowSession,4,19,com.android.inputmethod.latin,3]
02-07 23:09:34.624 I/dvm_gc_info(30900): [7809651225003095723,-8913883391954233290,-3998768723374802899,8538051]
02-07 23:09:37.607 I/binder_sample(30900): [android.view.IWindowSession,11,10,com.android.inputmethod.latin,2]
02-07 23:09:39.629 I/dvm_gc_madvise_info(30900): [184320,126976]
02-07 23:09:40.850 I/binder_sample(30900): [android.view.IWindowSession,4,22,com.android.inputmethod.latin,4]
02-07 23:09:46.415 I/dvm_gc_info(31602): [7453298398305810333,-8893885677471323998,-3964147301239392211,8316785]
02-07 23:09:51.490 I/dvm_gc_madvise_info(31602): [3166208,126976]
02-07 23:10:26.114 I/battery_level(30833): [88,4050,270]
02-07 23:10:47.254 I/binder_sample(30905): [com.android.internal.telephony.ITelephonyRegistry,8,46,com.android.phone,9]
02-07 23:10:53.991 I/binder_sample(30905): [com.android.internal.telephony.ITelephonyRegistry,8,69,com.android.phone,13]
02-07 23:11:13.880 I/force_gc(31048): bg
02-07 23:11:13.910 I/dvm_gc_info(31048): [7020659311768609464,-9197892605729462226,-4006931497699411923,7358131]
02-07 23:11:15.632 I/menu_opened(31602): 1
02-07 23:11:18.375 I/am_pause_activity(30833): [1084667736,com.google.android.apps.googlevoice/.PhoneCallListActivity]
02-07 23:11:18.375 I/am_task_to_front(30833): 2
02-07 23:11:18.375 I/am_new_intent(30833): [1082564184,2,com.android.launcher/com.android.launcher2.Launcher,android.intent.action.MAIN,NULL,NULL,274726912]
02-07 23:11:18.385 I/am_on_paused_called(31602): com.google.android.apps.googlevoice.PhoneCallListActivity
02-07 23:11:18.405 I/am_resume_activity(30833): [1082299808,2,com.android.launcher/com.android.launcher2.Launcher]
02-07 23:11:18.415 I/am_on_resume_called(30911): com.android.launcher2.Launcher
02-07 23:11:18.445 I/binder_sample(31602): [android.app.IActivityManager,19,57,com.google.android.apps.googlevoice,11]
02-07 23:11:18.945 I/dvm_gc_madvise_info(31048): [417792,126976]
02-07 23:11:22.419 I/menu_opened(30911): 0
02-07 23:11:23.780 I/menu_item_selected(30911): [0,Manage apps]
02-07 23:11:23.790 I/am_create_activity(30833): [1084992688,2,com.android.settings/.applications.ManageApplications,android.settings.MANAGE_ALL_APPLICATIONS_SETTINGS,NULL,NULL,0]
02-07 23:11:23.790 I/am_pause_activity(30833): [1082299808,com.android.launcher/com.android.launcher2.Launcher]
02-07 23:11:23.800 I/am_on_paused_called(30911): com.android.launcher2.Launcher
02-07 23:11:23.800 I/am_restart_activity(30833): [1084992688,2,com.android.settings/.applications.ManageApplications]
02-07 23:11:23.890 I/dvm_gc_info( 2887): [8315180330336183972,-8953290507336959954,-4006931497699411923,7358131]
02-07 23:11:24.231 I/dvm_gc_info( 2887): [8315180330336183872,-9026192526288201679,-4005242647839147987,7358173]
02-07 23:11:24.921 I/am_on_resume_called( 2887): com.android.settings.applications.ManageApplications
02-07 23:11:25.662 I/binder_sample(30911): [android.view.IWindowSession,4,359,com.android.launcher,71]
02-07 23:11:25.712 I/activity_launch_time(30833): [1084992688,com.android.settings/.applications.ManageApplications,1905,1905]
02-07 23:11:26.523 I/dvm_gc_info( 2887): [8315180330336249397,-9016903851989571531,-4004116747932305363,7358188]
02-07 23:11:26.603 I/dvm_gc_info( 2887): [8315180330336277618,-9110635019234224076,-4004116747932305363,7358191]
02-07 23:11:27.904 I/dvm_gc_info( 2887): [8315180330336224835,-8994385578874103753,-3999331673328224211,7956372]
02-07 23:11:27.944 I/dvm_gc_info( 2887): [8315180330336240765,-9068132022772307913,-3999331673328224211,7956372]
02-07 23:11:28.024 I/dvm_gc_info( 2887): [8315180330336236630,-9111197694209034185,-3999331673328224211,8525857]
02-07 23:11:29.896 I/am_create_activity(30833): [1085058248,2,com.android.settings/.applications.RunningServiceDetails,NULL,NULL,NULL,0]
02-07 23:11:29.896 I/am_pause_activity(30833): [1084992688,com.android.settings/.applications.ManageApplications]
02-07 23:11:29.906 I/am_on_paused_called( 2887): com.android.settings.applications.ManageApplications
02-07 23:11:29.906 I/am_restart_activity(30833): [1085058248,2,com.android.settings/.applications.RunningServiceDetails]
02-07 23:11:30.066 I/am_on_resume_called( 2887): com.android.settings.applications.RunningServiceDetails
02-07 23:11:30.407 I/activity_launch_time(30833): [1085058248,com.android.settings/.applications.RunningServiceDetails,507,507]
02-07 23:11:31.307 I/am_destroy_service(30833): [1084406720,com.google.android.apps.googlevoice/.widget.WidgetService,31602]
02-07 23:11:32.218 I/dvm_gc_info( 2887): [8315180330336183944,-8925423797195995079,-3996798398537828307,8538079]
02-07 23:11:35.411 I/force_gc(30972): bg
02-07 23:11:35.552 I/dvm_gc_info(30972): [7017575181485422178,-8959201000693966793,-4004398222909016019,7358131]
02-07 23:11:37.253 I/dvm_gc_madvise_info( 2887): [204800,126976]
02-07 23:11:38.354 I/am_destroy_service(30833): [1083387184,com.google.android.apps.googlevoice/.UpdateService,31602]
02-07 23:11:40.416 I/force_gc(31602): bg
02-07 23:11:40.587 I/dvm_gc_madvise_info(30972): [225280,126976]
02-07 23:11:40.607 I/dvm_gc_info(31602): [7453298398306481768,-8948491822953195362,-3965273201146234835,8316785]
02-07 23:11:40.667 I/am_destroy_service(30833): [1083760080,com.google.android.apps.googlevoice/.ShadowNumberRefreshService,31602]
02-07 23:11:40.677 I/am_finish_activity(30833): [1085058248,2,com.android.settings/.applications.RunningServiceDetails,app-request]
02-07 23:11:40.707 I/am_pause_activity(30833): [1085058248,com.android.settings/.applications.RunningServiceDetails]
02-07 23:11:40.707 I/am_kill (30833): [32515,com.redbend.vdmc,14,too many background]
02-07 23:11:40.717 I/am_on_paused_called( 2887): com.android.settings.applications.RunningServiceDetails
02-07 23:11:40.717 I/am_kill (30833): [32077,com.google.android.googlequicksearchbox,14,too many background]
02-07 23:11:40.717 I/am_resume_activity(30833): [1084992688,2,com.android.settings/.applications.ManageApplications]
02-07 23:11:40.767 I/am_on_resume_called( 2887): com.android.settings.applications.ManageApplications
02-07 23:11:40.927 I/dvm_gc_info(30833): [8320808730291685347,-8902337144045819785,-3965554676122945491,8673341]
02-07 23:11:41.017 I/binder_sample( 2887): [com.android.internal.view.IInputMethodManager,5,171,com.android.settings,34]
02-07 23:11:41.037 I/am_proc_died(30833): [32515,com.redbend.vdmc]
02-07 23:11:41.037 I/am_schedule_service_restart(30833): [com.redbend.vdmc/.Vdmc,5000]
02-07 23:11:41.077 I/am_proc_died(30833): [32077,com.google.android.googlequicksearchbox]
02-07 23:11:41.167 I/binder_sample( 2887): [android.view.IWindowSession,4,24,com.android.settings,4]
02-07 23:11:41.267 I/am_destroy_activity(30833): [1085058248,2,com.android.settings/.applications.RunningServiceDetails]
02-07 23:11:42.058 I/dvm_gc_info(30905): [8099846449757439590,-8989600298178721738,-4004679697885726675,7358131]
02-07 23:11:43.249 I/binder_sample(30905): [com.android.internal.telephony.ITelephonyRegistry,8,48,com.android.phone,9]
02-07 23:11:45.671 I/dvm_gc_madvise_info(31602): [3166208,126976]
02-07 23:11:45.952 I/dvm_gc_madvise_info(30833): [335872,126976]
02-07 23:11:46.072 I/am_proc_start(30833): [3102,1000,com.redbend.vdmc,service,com.redbend.vdmc/.Vdmc]
02-07 23:11:46.122 I/dvm_gc_madvise_info( 3102): [364544,126976]
02-07 23:11:46.132 I/am_proc_bound(30833): [3102,com.redbend.vdmc]
02-07 23:11:46.142 I/am_create_service(30833): [1082237976,com.redbend.vdmc/.Vdmc,,3102]
02-07 23:11:46.562 I/dvm_gc_info( 2887): [8315180330336188126,-8918105104170571718,-3995391023654275027,8538146]
02-07 23:11:47.083 I/dvm_gc_madvise_info(30905): [307200,126976]
02-07 23:11:48.244 I/force_gc(30911): bg
02-07 23:11:48.304 I/dvm_gc_info(30911): [7809652345805198709,-9047302530831267788,-3991731848957036499,8636465]
02-07 23:11:51.607 I/dvm_gc_madvise_info( 2887): [454656,126976]
02-07 23:11:53.319 I/dvm_gc_madvise_info(30911): [688128,126976]
02-07 23:11:55.611 I/am_finish_activity(30833): [1084992688,2,com.android.settings/.applications.ManageApplications,reset]
02-07 23:11:55.621 I/am_pause_activity(30833): [1084992688,com.android.settings/.applications.ManageApplications]
02-07 23:11:55.621 I/am_on_paused_called( 2887): com.android.settings.applications.ManageApplications
02-07 23:11:55.621 I/am_new_intent(30833): [1081935592,2,com.android.launcher/com.android.launcher2.Launcher,android.intent.action.MAIN,NULL,NULL,270532608]
02-07 23:11:55.641 I/am_resume_activity(30833): [1082299808,2,com.android.launcher/com.android.launcher2.Launcher]
02-07 23:11:55.671 I/binder_sample(30911): [android.view.IWindowSession,4,26,com.android.launcher,5]
02-07 23:11:55.671 I/am_on_resume_called(30911): com.android.launcher2.Launcher
02-07 23:11:56.442 I/am_destroy_activity(30833): [1084992688,2,com.android.settings/.applications.ManageApplications]
02-07 23:12:04.069 I/am_pause_activity(30833): [1082299808,com.android.launcher/com.android.launcher2.Launcher]
02-07 23:12:04.079 I/am_task_to_front(30833): 14
02-07 23:12:04.079 I/am_on_paused_called(30911): com.android.launcher2.Launcher
02-07 23:12:04.079 I/am_resume_activity(30833): [1084667736,14,com.google.android.apps.googlevoice/.PhoneCallListActivity]
02-07 23:12:04.109 I/am_on_resume_called(31602): com.google.android.apps.googlevoice.PhoneCallListActivity
02-07 23:12:07.383 I/menu_opened(31602): 0
02-07 23:12:09.285 I/binder_sample(31602): [android.view.IWindowSession,4,17,com.google.android.apps.googlevoice,3]
02-07 23:12:10.245 I/menu_item_selected(31602): [0,Refresh]
02-07 23:12:10.786 I/dvm_gc_info(31602): [7453298398305781683,-8895574527331592029,-3963584351285970899,8316803]
02-07 23:12:10.916 I/am_create_service(30833): [1084884584,com.google.android.apps.googlevoice/.UpdateService,,31602]
02-07 23:12:11.337 I/dvm_gc_info(31602): [7453298398305785889,-8905989101469886302,-3963865826262681555,8316796]
02-07 23:12:11.857 I/dvm_gc_info(31602): [7453298398305781795,-8902048451795937121,-3964991726169524179,8316785]
02-07 23:12:12.378 I/dvm_gc_info(31602): [7453298398305785793,-8896700427238434653,-3963865826262681555,8316785]
02-07 23:12:14.500 I/force_gc( 2887): bg
02-07 23:12:14.580 I/dvm_gc_info( 2887): [8315180330336462498,-8922327228854806472,-3997079873514538963,8538087]
02-07 23:12:17.312 I/am_finish_activity(30833): [1084667736,14,com.google.android.apps.googlevoice/.PhoneCallListActivity,app-request]
02-07 23:12:17.312 I/am_pause_activity(30833): [1084667736,com.google.android.apps.googlevoice/.PhoneCallListActivity]
02-07 23:12:17.312 I/am_on_paused_called(31602): com.google.android.apps.googlevoice.PhoneCallListActivity
02-07 23:12:17.322 I/am_resume_activity(30833): [1084046336,14,com.google.android.apps.googlevoice/.activity.conversationlist.ConversationListActivity]
02-07 23:12:17.422 I/dvm_gc_madvise_info(31602): [2469888,126976]
02-07 23:12:17.823 I/dvm_gc_info(31602): [7453298398305781794,-8902048451795937118,-3964428776216102867,8316785]
02-07 23:12:18.023 I/notification_cancel(30833): [com.google.android.apps.googlevoice,1001,0]
02-07 23:12:18.023 I/am_on_resume_called(31602): com.google.android.apps.googlevoice.activity.conversationlist.ConversationListActivity
02-07 23:12:18.213 I/am_destroy_activity(30833): [1084667736,14,com.google.android.apps.googlevoice/.PhoneCallListActivity]
02-07 23:12:19.615 I/dvm_gc_madvise_info( 2887): [528384,126976]
02-07 23:12:21.597 I/am_create_activity(30833): [1082747360,14,com.google.android.apps.googlevoice/.PhoneCallListActivity,NULL,NULL,googlevoice://conversations/63156e3c51b0428222537306c859856ce4bc120e,0]
02-07 23:12:21.597 I/am_pause_activity(30833): [1084046336,com.google.android.apps.googlevoice/.activity.conversationlist.ConversationListActivity]
02-07 23:12:21.627 I/am_on_paused_called(31602): com.google.android.apps.googlevoice.activity.conversationlist.ConversationListActivity
02-07 23:12:21.627 I/am_restart_activity(30833): [1082747360,14,com.google.android.apps.googlevoice/.PhoneCallListActivity]
02-07 23:12:21.677 I/am_on_resume_called(31602): com.google.android.apps.googlevoice.PhoneCallListActivity
02-07 23:12:21.997 I/activity_launch_time(30833): [1082747360,com.google.android.apps.googlevoice/.PhoneCallListActivity,380,380]
02-07 23:12:22.888 I/dvm_gc_madvise_info(31602): [2310144,126976]
02-07 23:12:25.691 I/am_pause_activity(30833): [1082747360,com.google.android.apps.googlevoice/.PhoneCallListActivity]
02-07 23:12:25.691 I/am_on_paused_called(31602): com.google.android.apps.googlevoice.PhoneCallListActivity
02-07 23:12:25.701 I/am_task_to_front(30833): 2
02-07 23:12:25.701 I/am_new_intent(30833): [1083037920,2,com.android.launcher/com.android.launcher2.Launcher,android.intent.action.MAIN,NULL,NULL,274726912]
02-07 23:12:25.711 I/am_resume_activity(30833): [1082299808,2,com.android.launcher/com.android.launcher2.Launcher]
02-07 23:12:25.731 I/am_on_resume_called(30911): com.android.launcher2.Launcher
02-07 23:12:28.703 I/dvm_gc_info(30911): [7809652345805076012,-9018029133253371852,-3991731848957036499,8636476]
02-07 23:12:31.536 I/menu_opened(30911): 0
02-07 23:12:32.637 I/menu_item_selected(30911): [0,Manage apps]
02-07 23:12:32.637 I/am_create_activity(30833): [1083438520,2,com.android.settings/.applications.ManageApplications,android.settings.MANAGE_ALL_APPLICATIONS_SETTINGS,NULL,NULL,0]
02-07 23:12:32.637 I/am_pause_activity(30833): [1082299808,com.android.launcher/com.android.launcher2.Launcher]
02-07 23:12:32.657 I/am_on_paused_called(30911): com.android.launcher2.Launcher
02-07 23:12:32.657 I/am_restart_activity(30833): [1083438520,2,com.android.settings/.applications.ManageApplications]
02-07 23:12:32.958 I/am_on_resume_called( 2887): com.android.settings.applications.ManageApplications
02-07 23:12:33.458 I/activity_launch_time(30833): [1083438520,com.android.settings/.applications.ManageApplications,803,803]
02-07 23:12:33.718 I/dvm_gc_madvise_info(30911): [708608,126976]
02-07 23:12:39.574 I/am_create_activity(30833): [1083281976,2,com.android.settings/.applications.RunningServiceDetails,NULL,NULL,NULL,0]
02-07 23:12:39.574 I/am_pause_activity(30833): [1083438520,com.android.settings/.applications.ManageApplications]
02-07 23:12:39.574 I/am_on_paused_called( 2887): com.android.settings.applications.ManageApplications
02-07 23:12:39.584 I/am_restart_activity(30833): [1083281976,2,com.android.settings/.applications.RunningServiceDetails]
02-07 23:12:39.684 I/am_on_resume_called( 2887): com.android.settings.applications.RunningServiceDetails
02-07 23:12:39.804 I/dvm_gc_info( 2887): [8315180330336241287,-8935838027652978628,-3995109548677564371,8538103]
02-07 23:12:39.994 I/activity_launch_time(30833): [1083281976,com.android.settings/.applications.RunningServiceDetails,412,412]
02-07 23:12:42.587 I/am_destroy_service(30833): [1084884584,com.google.android.apps.googlevoice/.UpdateService,31602]
02-07 23:12:42.587 I/am_finish_activity(30833): [1083281976,2,com.android.settings/.applications.RunningServiceDetails,app-request]
02-07 23:12:42.587 I/am_pause_activity(30833): [1083281976,com.android.settings/.applications.RunningServiceDetails]
02-07 23:12:42.597 I/am_on_paused_called( 2887): com.android.settings.applications.RunningServiceDetails
02-07 23:12:42.607 I/am_resume_activity(30833): [1083438520,2,com.android.settings/.applications.ManageApplications]
02-07 23:12:42.627 I/am_on_resume_called( 2887): com.android.settings.applications.ManageApplications
02-07 23:12:42.957 I/am_destroy_activity(30833): [1083281976,2,com.android.settings/.applications.RunningServiceDetails]
02-07 23:12:44.829 I/dvm_gc_madvise_info( 2887): [352256,126976]
02-07 23:12:45.940 I/binder_sample(30905): [com.android.internal.telephony.ITelephonyRegistry,8,12,com.android.phone,2]
02-07 23:12:49.834 I/dvm_gc_info( 2887): [8315180330336241412,-8915571554468698053,-3995391023654275027,8534048]
02-07 23:12:53.327 I/am_finish_activity(30833): [1083438520,2,com.android.settings/.applications.ManageApplications,reset]
02-07 23:12:53.338 I/am_pause_activity(30833): [1083438520,com.android.settings/.applications.ManageApplications]
02-07 23:12:53.338 I/am_on_paused_called( 2887): com.android.settings.applications.ManageApplications
02-07 23:12:53.338 I/am_new_intent(30833): [1084907928,2,com.android.launcher/com.android.launcher2.Launcher,android.intent.action.MAIN,NULL,NULL,270532608]
02-07 23:12:53.348 I/am_resume_activity(30833): [1082299808,2,com.android.launcher/com.android.launcher2.Launcher]
02-07 23:12:53.388 I/am_on_resume_called(30911): com.android.launcher2.Launcher
02-07 23:12:54.168 I/am_destroy_activity(30833): [1083438520,2,com.android.settings/.applications.ManageApplications]
02-07 23:12:54.849 I/dvm_gc_madvise_info( 2887): [380928,126976]
02-07 23:12:57.131 I/menu_opened(30911): 0
02-07 23:13:05.049 I/force_gc(31048): bg
02-07 23:13:05.079 I/dvm_gc_info(31048): [7020659311768601272,-9197892605729462226,-4006931497699411923,7358131]
02-07 23:13:10.124 I/dvm_gc_madvise_info(31048): [417792,126976]
02-07 23:13:10.404 I/c2dm    (30936): [5,NULL,58,-1]
02-07 23:13:19.583 I/binder_sample(30905): [com.android.internal.telephony.ITelephonyRegistry,8,47,com.android.phone,9]
02-07 23:13:24.588 I/force_gc(30972): bg
02-07 23:13:24.658 I/dvm_gc_info(30972): [7017575181485119046,-9000859297247160266,-4004679697885726675,7358131]
02-07 23:13:26.129 I/battery_level(30833): [88,4048,280]
02-07 23:13:29.713 I/dvm_gc_madvise_info(30972): [299008,126976]
02-07 23:13:35.769 I/force_gc(31602): bg
02-07 23:13:35.929 I/dvm_gc_info(31602): [7453298398306371458,-8914433350771205983,-3964428776216102867,8316789]
02-07 23:13:41.014 I/dvm_gc_madvise_info(31602): [3166208,126976]
02-07 23:13:59.292 I/db_sample(32003): [/data/data/com.android.browser/databases/webviewCache.db,COMMIT;BEGIN EXCLUSIVE;,1,,1]
02-07 23:15:07.629 I/force_gc(31048): bg
02-07 23:15:07.699 I/dvm_gc_info(31048): [7020659311768781496,-9197892605729462226,-4006931497699411923,7358131]
02-07 23:15:12.733 I/dvm_gc_madvise_info(31048): [417792,126976]
02-07 23:15:28.889 I/c2dm    (30936): [5,NULL,59,-1]
02-07 23:15:29.029 I/db_sample(30972): [/data/data/com.android.providers.contacts/databases/contacts2.db,DELETE FROM status_updates WHERE status_update_data_id=?,0,,1]
02-07 23:15:29.140 I/content_query_sample(30936): [content://com.google.android.providers.talk/avatarsBy/1/1,hash,contact=?,,10,,3]
02-07 23:15:43.504 I/force_gc(30972): bg
02-07 23:15:43.574 I/dvm_gc_info(30972): [7017575181485093959,-9143567110439466954,-4004679697885726675,7358131]
02-07 23:15:48.608 I/dvm_gc_madvise_info(30972): [319488,126976]
02-07 23:16:05.375 I/binder_sample(30905): [com.android.internal.telephony.ITelephonyRegistry,8,45,com.android.phone,9]
02-07 23:16:07.607 I/binder_sample(30905): [com.android.internal.telephony.ITelephonyRegistry,8,35,com.android.phone,7]
02-07 23:16:09.509 I/am_pause_activity(30833): [1082299808,com.android.launcher/com.android.launcher2.Launcher]
02-07 23:16:09.509 I/am_on_paused_called(30911): com.android.launcher2.Launcher
02-07 23:16:09.989 I/dvm_gc_info(30833): [8320808730291640289,-8899522325559236489,-3964428776216102867,8673344]
02-07 23:16:11.431 I/binder_sample(30905): [com.android.internal.telephony.ITelephonyRegistry,14,26,com.android.phone,5]
02-07 23:16:11.441 I/connectivity_state_changed(30833): 3136
02-07 23:16:11.651 I/notification_cancel(30833): [com.android.phone,7,0]
02-07 23:16:11.651 I/notification_cancel(30833): [com.android.phone,7,0]
02-07 23:16:11.651 I/notification_cancel(30833): [com.android.phone,7,0]
02-07 23:16:11.661 I/notification_cancel(30833): [com.android.phone,7,0]
02-07 23:16:11.661 I/notification_cancel(30833): [com.android.phone,7,0]
02-07 23:16:11.661 I/notification_cancel(30833): [com.android.phone,7,0]
02-07 23:16:11.671 I/notification_cancel(30833): [com.android.phone,7,0]
02-07 23:16:11.671 I/notification_cancel(30833): [com.android.phone,7,0]
02-07 23:16:11.681 I/am_proc_start(30833): [3193,10034,com.google.android.apps.uploader,broadcast,com.google.android.apps.uploader/.ConnectivityBroadcastReceiver]
02-07 23:16:11.711 I/dvm_gc_madvise_info( 3193): [364544,126976]
02-07 23:16:11.781 I/am_proc_bound(30833): [3193,com.google.android.apps.uploader]
02-07 23:16:11.951 I/am_kill (30833): [727,com.locationlabs.v3client,14,too many background]
02-07 23:16:11.961 I/am_create_service(30833): [1085291392,com.google.android.gsf/.checkin.CheckinService,,30936]
02-07 23:16:11.981 I/content_query_sample(30936): [content://com.google.settings/partner,value,name=?,,18,com.google.process.gapps,4]
02-07 23:16:12.001 I/am_proc_start(30833): [3203,10046,com.google.android.gm,broadcast,com.google.android.gm/.downloadprovider.DownloadReceiver]
02-07 23:16:12.011 I/dvm_gc_madvise_info( 3203): [364544,126976]
02-07 23:16:12.021 I/am_proc_bound(30833): [3203,com.google.android.gm]
02-07 23:16:12.061 I/am_proc_died(30833): [727,com.locationlabs.v3client]
02-07 23:16:12.061 I/am_schedule_service_restart(30833): [com.locationlabs.v3client/.RadioSignalService,5000]
02-07 23:16:12.111 I/battery_level(30833): [89,4070,280]
02-07 23:16:12.192 I/content_query_sample(30833): [content://telephony/carriers/preferapn,apn,,name ASC,342,,69]
02-07 23:16:12.302 I/notification_cancel(30833): [com.android.phone,111,0]
02-07 23:16:12.302 I/notification_cancel(30833): [com.android.phone,111,0]
02-07 23:16:12.312 I/binder_sample( 3193): [android.app.IActivityManager,110,56,com.google.android.apps.uploader,11]
02-07 23:16:12.492 I/gtalk_conn_close(30936): [2,3733]
02-07 23:16:12.502 I/gtalk_connection(30936): 66052
02-07 23:16:12.552 I/notification_cancel(30833): [com.android.phone,7,0]
02-07 23:16:12.552 I/notification_cancel(30833): [com.android.phone,7,0]
02-07 23:16:12.552 I/notification_cancel(30833): [com.android.phone,7,0]
02-07 23:16:12.552 I/notification_cancel(30833): [com.android.phone,7,0]
02-07 23:16:12.552 I/notification_cancel(30833): [com.android.phone,7,0]
02-07 23:16:12.552 I/notification_cancel(30833): [com.android.phone,7,0]
02-07 23:16:12.552 I/notification_cancel(30833): [com.android.phone,7,0]
02-07 23:16:12.552 I/notification_cancel(30833): [com.android.phone,7,0]
02-07 23:16:12.552 I/notification_cancel(30833): [com.android.phone,7,0]
02-07 23:16:12.552 I/notification_cancel(30833): [com.android.phone,7,0]
02-07 23:16:12.612 I/dvm_gc_info(30905): [8099846449757480560,-8967363775018584010,-4004679697885726675,7358131]
02-07 23:16:12.632 I/cdma_service_state_change(30905): [0,3]
02-07 23:16:12.672 I/notification_cancel(30833): [com.android.phone,111,0]
02-07 23:16:12.792 I/notification_cancel(30833): [com.android.phone,111,0]
02-07 23:16:12.812 I/notification_cancel(30833): [com.android.phone,7,0]
02-07 23:16:12.812 I/notification_cancel(30833): [com.android.phone,7,0]
02-07 23:16:12.822 I/notification_cancel(30833): [com.android.phone,7,0]
02-07 23:16:12.822 I/notification_cancel(30833): [com.android.phone,7,0]
02-07 23:16:12.822 I/notification_cancel(30833): [com.android.phone,7,0]
02-07 23:16:12.822 I/notification_cancel(30833): [com.android.phone,7,0]
02-07 23:16:12.822 I/notification_cancel(30833): [com.android.phone,7,0]
02-07 23:16:12.822 I/notification_cancel(30833): [com.android.phone,7,0]
02-07 23:16:12.822 I/notification_cancel(30833): [com.android.phone,7,0]
02-07 23:16:12.822 I/notification_cancel(30833): [com.android.phone,7,0]
02-07 23:16:12.982 I/dvm_gc_info( 3203): [7594245893400970872,-8975527030480291791,-4006087072769279955,7358131]
02-07 23:16:13.122 I/am_kill (30833): [32003,com.android.browser,14,too many background]
02-07 23:16:13.243 I/am_destroy_service(30833): [1085291392,com.google.android.gsf/.checkin.CheckinService,30936]
02-07 23:16:13.273 I/db_sample(30936): [/data/data/com.google.android.gsf/databases/talk.db,COMMIT;INSERT OR REPLACE  INTO accountStatus(account, connStatus,393,,79]
02-07 23:16:13.273 I/content_update_sample(30936): [content://com.google.android.providers.talk/accountStatus,insert,,776,,100]
02-07 23:16:13.283 I/am_proc_died(30833): [32003,com.android.browser]
02-07 23:16:15.084 I/dvm_gc_madvise_info(30833): [327680,126976]
02-07 23:16:17.096 I/am_proc_start(30833): [3228,10017,com.locationlabs.v3client,service,com.locationlabs.v3client/.RadioSignalService]
02-07 23:16:17.156 I/dvm_gc_madvise_info( 3228): [360448,126976]
02-07 23:16:17.166 I/am_proc_bound(30833): [3228,com.locationlabs.v3client]
02-07 23:16:17.176 I/am_create_service(30833): [1083841360,com.locationlabs.v3client/.RadioSignalService,pkg=com.locationlabs.v3client,3228]
02-07 23:16:17.407 I/dvm_gc_info( 3228): [8517260637557024388,-8971867855799838672,-4006368547745990611,7358131]
02-07 23:16:17.647 I/dvm_gc_madvise_info(30905): [286720,126976]
02-07 23:16:18.037 I/dvm_gc_madvise_info( 3203): [450560,126976]
02-07 23:16:22.442 I/dvm_gc_madvise_info( 3228): [315392,126976]
02-07 23:16:23.483 I/am_kill (30833): [1810,com.cooliris.media,11,unmount media]
02-07 23:16:23.483 I/am_kill (30833): [2802,com.android.camera,11,unmount media]
02-07 23:16:23.483 I/am_kill (30833): [31460,com.google.android.apps.maps,10,unmount media]
02-07 23:16:23.633 I/am_proc_died(30833): [2802,com.android.camera]
