02-09 18:44:39.128 D/RPC     (  230): 3000008c:00050000 dispatching RPC call (XID 121, xdr 0x372db0) for callback client 3100008c:00050001.
02-09 18:44:39.128 D/RPC     (  230): 3100008c:327681 sending RPC reply (XID 121)
02-09 18:44:39.128 D/RPC     (  230): 3000008c:00050000 received CALL.
02-09 18:44:39.128 D/RPC     (  230): 3000008c:00050000 dispatching RPC call (XID 122, xdr 0x372db0) for callback client 3100008c:00050001.
02-09 18:44:39.128 D/RPC     (  230): 3100008c:327681 sending RPC reply (XID 122)
02-09 18:44:39.138 D/RPC     (  230): 3000008c:00050000 received CALL.
02-09 18:44:39.138 D/RPC     (  230): 3000008c:00050000 dispatching RPC call (XID 123, xdr 0x372db0) for callback client 3100008c:00050001.
02-09 18:44:39.138 D/RPC     (  230): 3100008c:327681 sending RPC reply (XID 123)
02-09 18:44:39.589 D/RPC     (  230): 3000008c:00050000 received CALL.
02-09 18:44:39.589 D/RPC     (  230): 3000008c:00050000 dispatching RPC call (XID 124, xdr 0x372db0) for callback client 3100008c:00050001.
02-09 18:44:39.589 D/RPC     (  230): 3100008c:327681 sending RPC reply (XID 124)
02-09 18:44:40.119 D/RPC     (  230): 3000008c:00050000 received CALL.
02-09 18:44:40.119 D/RPC     (  230): 3000008c:00050000 dispatching RPC call (XID 125, xdr 0x372db0) for callback client 3100008c:00050001.
02-09 18:44:40.129 D/RPC     (  230): 3100008c:327681 sending RPC reply (XID 125)
02-09 18:44:40.129 D/RPC     (  230): 3000008c:00050000 received CALL.
02-09 18:44:40.129 D/RPC     (  230): 3000008c:00050000 dispatching RPC call (XID 126, xdr 0x372db0) for callback client 3100008c:00050001.
02-09 18:44:40.139 D/RPC     (  230): 3100008c:327681 sending RPC reply (XID 126)
02-09 18:44:40.139 D/RPC     (  230): 3000008c:00050000 received CALL.
02-09 18:44:40.139 D/RPC     (  230): 3000008c:00050000 dispatching RPC call (XID 127, xdr 0x372db0) for callback client 3100008c:00050001.
02-09 18:44:40.139 D/RPC     (  230): 3100008c:327681 sending RPC reply (XID 127)
02-09 18:44:40.139 D/RPC     (  230): 3000008c:00050000 received CALL.
02-09 18:44:40.139 D/RPC     (  230): 3000008c:00050000 dispatching RPC call (XID 128, xdr 0x372db0) for callback client 3100008c:00050001.
02-09 18:44:40.139 D/RPC     (  230): 3100008c:327681 sending RPC reply (XID 128)
02-09 18:44:40.139 D/RPC     (  230): 3000008c:00050000 received CALL.
02-09 18:44:40.139 D/RPC     (  230): 3000008c:00050000 dispatching RPC call (XID 129, xdr 0x372db0) for callback client 3100008c:00050001.
02-09 18:44:40.139 D/RPC     (  230): 3100008c:327681 sending RPC reply (XID 129)
02-09 18:44:40.139 D/RPC     (  230): 3000008c:00050000 received CALL.
02-09 18:44:40.139 D/RPC     (  230): 3000008c:00050000 dispatching RPC call (XID 130, xdr 0x372db0) for callback client 3100008c:00050001.
02-09 18:44:40.139 D/RPC     (  230): 3100008c:327681 sending RPC reply (XID 130)
02-09 18:44:40.149 D/RPC     (  230): 3000008c:00050000 received CALL.
02-09 18:44:40.149 D/RPC     (  230): 3000008c:00050000 dispatching RPC call (XID 131, xdr 0x372db0) for callback client 3100008c:00050001.
02-09 18:44:40.149 D/RPC     (  230): 3100008c:327681 sending RPC reply (XID 131)
02-09 18:44:40.149 D/RPC     (  230): 3000008c:00050000 received CALL.
02-09 18:44:40.149 D/RPC     (  230): 3000008c:00050000 dispatching RPC call (XID 132, xdr 0x372db0) for callback client 3100008c:00050001.
02-09 18:44:40.149 D/RPC     (  230): 3100008c:327681 sending RPC reply (XID 132)
02-09 18:44:40.590 D/RPC     (  230): 3000008c:00050000 received CALL.
02-09 18:44:40.590 D/RPC     (  230): 3000008c:00050000 dispatching RPC call (XID 133, xdr 0x372db0) for callback client 3100008c:00050001.
02-09 18:44:40.590 D/RPC     (  230): 3100008c:327681 sending RPC reply (XID 133)
02-09 18:44:41.070 D/StatusBarPolicy(  332): onSignalStrengthsChanged:SignalStrength: 99 0 -82 -70 -86 -25 8 99 2147483647 2147483647 2147483647 2147483647 cdma for subscription0
02-09 18:44:41.070 D/StatusBarPolicy(  332): updateSignalStrength on subscription :0
02-09 18:44:41.080 D/StatusBarPolicy(  332): StatusBarPolocy::getIconLevel -EVDO
02-09 18:44:41.080 D/StatusBarPolicy(  332): getEvdoLevel_band_six -evdoDbm:-86
02-09 18:44:41.080 D/StatusBarPolicy(  332): getEvdoLevel_band_six -evdoEcio:-25
02-09 18:44:41.110 I/TelephonyRegistry(  230): notifyServiceState: 0 home Sprint  310099  EvDo rev. A CSS not supported 41 4139RoamInd: 1RoamStatus(sprint): 1DefRoamInd: 160EmergOnly: false
02-09 18:44:41.150 D/StatusBarPolicy(  332): onServiceStateChanged:0 home Sprint  310099  EvDo rev. A CSS not supported 41 4139RoamInd: 1RoamStatus(sprint): 1DefRoamInd: 160EmergOnly: falsefor subscription :0
02-09 18:44:41.150 D/StatusBarPolicy(  332): updateSignalStrength on subscription :0
02-09 18:44:41.160 D/StatusBarPolicy(  332): StatusBarPolocy::getIconLevel -EVDO
02-09 18:44:41.160 D/StatusBarPolicy(  332): getEvdoLevel_band_six -evdoDbm:-86
02-09 18:44:41.160 D/StatusBarPolicy(  332): getEvdoLevel_band_six -evdoEcio:-25
02-09 18:44:41.160 D/StatusBarPolicy(  332): updateDataIcon subscription =0
02-09 18:44:41.170 D/RPC     (  230): 3000008c:00050000 received CALL.
02-09 18:44:41.180 D/RPC     (  230): 3000008c:00050000 dispatching RPC call (XID 134, xdr 0x372db0) for callback client 3100008c:00050001.
02-09 18:44:41.190 D/RPC     (  230): 3100008c:327681 sending RPC reply (XID 134)
02-09 18:44:41.190 D/RPC     (  230): 3000008c:00050000 received CALL.
02-09 18:44:41.190 D/RPC     (  230): 3000008c:00050000 dispatching RPC call (XID 135, xdr 0x372db0) for callback client 3100008c:00050001.
02-09 18:44:41.190 D/RPC     (  230): 3100008c:327681 sending RPC reply (XID 135)
02-09 18:44:41.190 D/RPC     (  230): 3000008c:00050000 received CALL.
02-09 18:44:41.190 D/RPC     (  230): 3000008c:00050000 dispatching RPC call (XID 136, xdr 0x372db0) for callback client 3100008c:00050001.
02-09 18:44:41.190 D/RPC     (  230): 3100008c:327681 sending RPC reply (XID 136)
02-09 18:44:41.190 D/RPC     (  230): 3000008c:00050000 received CALL.
02-09 18:44:41.190 D/RPC     (  230): 3000008c:00050000 dispatching RPC call (XID 137, xdr 0x372db0) for callback client 3100008c:00050001.
02-09 18:44:41.190 D/RPC     (  230): 3100008c:327681 sending RPC reply (XID 137)
02-09 18:44:41.190 D/RPC     (  230): 3000008c:00050000 received CALL.
02-09 18:44:41.190 D/RPC     (  230): 3000008c:00050000 dispatching RPC call (XID 138, xdr 0x372db0) for callback client 3100008c:00050001.
02-09 18:44:41.190 D/RPC     (  230): 3100008c:327681 sending RPC reply (XID 138)
02-09 18:44:41.200 D/RPC     (  230): 3000008c:00050000 received CALL.
02-09 18:44:41.200 D/RPC     (  230): 3000008c:00050000 dispatching RPC call (XID 139, xdr 0x372db0) for callback client 3100008c:00050001.
02-09 18:44:41.200 D/RPC     (  230): 3100008c:327681 sending RPC reply (XID 139)
02-09 18:44:41.200 D/RPC     (  230): 3000008c:00050000 received CALL.
02-09 18:44:41.200 D/RPC     (  230): 3000008c:00050000 dispatching RPC call (XID 140, xdr 0x372db0) for callback client 3100008c:00050001.
02-09 18:44:41.200 D/RPC     (  230): 3100008c:327681 sending RPC reply (XID 140)
02-09 18:44:41.200 D/RPC     (  230): 3000008c:00050000 received CALL.
02-09 18:44:41.200 D/RPC     (  230): 3000008c:00050000 dispatching RPC call (XID 141, xdr 0x372db0) for callback client 3100008c:00050001.
02-09 18:44:41.200 D/RPC     (  230): 3100008c:327681 sending RPC reply (XID 141)
02-09 18:44:41.591 D/RPC     (  230): 3000008c:00050000 received CALL.
02-09 18:44:41.591 D/RPC     (  230): 3000008c:00050000 dispatching RPC call (XID 142, xdr 0x372db0) for callback client 3100008c:00050001.
02-09 18:44:41.591 D/WifiService(  230): releaseWifiLockLocked: WifiLock{NetworkLocationLocator type=2 binder=android.os.BinderProxy@409aeab8}
02-09 18:44:41.591 D/WifiService(  230): WifiHandler, MESSAGE_UPDATE_STATE
02-09 18:44:41.591 D/WifiService(  230): isAirplaneModeOn(): false
02-09 18:44:41.591 D/WifiService(  230): updateWifiState(), wifiEnabled: true, airplaneMode: false, wifiShouldBeEnabled: true, wifiShouldBeStarted: true, strongestLockMode: 1
02-09 18:44:41.591 D/WifiService(  230): WifiHandler, MESSAGE_UPDATE_STATE
02-09 18:44:41.591 D/WifiService(  230): isAirplaneModeOn(): false
02-09 18:44:41.591 D/WifiService(  230): updateWifiState(), wifiEnabled: true, airplaneMode: false, wifiShouldBeEnabled: true, wifiShouldBeStarted: true, strongestLockMode: 1
02-09 18:44:41.601 D/WifiService(  230): WifiHandler, MESSAGE_ENABLE_WIFI, msg.arg1: 0, msg.arg2: 1000
02-09 18:44:41.601 D/WifiService(  230): WifiHandler, MESSAGE_START_WIFI, msg.arg1: 1
02-09 18:44:41.601 D/WifiService(  230): WifiHandler, MESSAGE_ENABLE_WIFI, msg.arg1: 0, msg.arg2: 1000
02-09 18:44:41.601 D/WifiService(  230): WifiHandler, MESSAGE_START_WIFI, msg.arg1: 1
02-09 18:44:41.611 D/RPC     (  230): 3100008c:327681 sending RPC reply (XID 142)
02-09 18:44:42.111 D/RPC     (  230): 3000008c:00050000 received CALL.
02-09 18:44:42.121 D/RPC     (  230): 3000008c:00050000 dispatching RPC call (XID 143, xdr 0x372db0) for callback client 3100008c:00050001.
02-09 18:44:42.121 D/RPC     (  230): 3100008c:327681 sending RPC reply (XID 143)
02-09 18:44:42.131 D/RPC     (  230): 3000008c:00050000 received CALL.
02-09 18:44:42.131 D/RPC     (  230): 3000008c:00050000 dispatching RPC call (XID 144, xdr 0x372db0) for callback client 3100008c:00050001.
02-09 18:44:42.131 D/RPC     (  230): 3100008c:327681 sending RPC reply (XID 144)
02-09 18:44:42.131 D/RPC     (  230): 3000008c:00050000 received CALL.
02-09 18:44:42.131 D/RPC     (  230): 3000008c:00050000 dispatching RPC call (XID 145, xdr 0x372db0) for callback client 3100008c:00050001.
02-09 18:44:42.141 D/RPC     (  230): 3100008c:327681 sending RPC reply (XID 145)
02-09 18:44:42.151 D/RPC     (  230): 3000008c:00050000 received CALL.
02-09 18:44:42.151 D/RPC     (  230): 3000008c:00050000 dispatching RPC call (XID 146, xdr 0x372db0) for callback client 3100008c:00050001.
02-09 18:44:42.161 D/RPC     (  230): 3100008c:327681 sending RPC reply (XID 146)
02-09 18:44:42.161 D/RPC     (  230): 3000008c:00050000 received CALL.
02-09 18:44:42.161 D/RPC     (  230): 3000008c:00050000 dispatching RPC call (XID 147, xdr 0x372db0) for callback client 3100008c:00050001.
02-09 18:44:42.161 D/RPC     (  230): 3100008c:327681 sending RPC reply (XID 147)
02-09 18:44:42.161 D/RPC     (  230): 3000008c:00050000 received CALL.
02-09 18:44:42.161 D/RPC     (  230): 3000008c:00050000 dispatching RPC call (XID 148, xdr 0x372db0) for callback client 3100008c:00050001.
02-09 18:44:42.161 D/RPC     (  230): 3100008c:327681 sending RPC reply (XID 148)
02-09 18:44:42.161 D/RPC     (  230): 3000008c:00050000 received CALL.
02-09 18:44:42.161 D/RPC     (  230): 3000008c:00050000 dispatching RPC call (XID 149, xdr 0x372db0) for callback client 3100008c:00050001.
02-09 18:44:42.161 D/RPC     (  230): 3100008c:327681 sending RPC reply (XID 149)
02-09 18:44:42.161 D/RPC     (  230): 3000008c:00050000 received CALL.
02-09 18:44:42.161 D/RPC     (  230): 3000008c:00050000 dispatching RPC call (XID 150, xdr 0x372db0) for callback client 3100008c:00050001.
02-09 18:44:42.171 D/RPC     (  230): 3100008c:327681 sending RPC reply (XID 150)
02-09 18:44:42.271 D/StatusBarPolicy(  332): onSignalStrengthsChanged:SignalStrength: 99 0 -82 -70 -84 -25 8 99 2147483647 2147483647 2147483647 2147483647 cdma for subscription0
02-09 18:44:42.271 D/StatusBarPolicy(  332): updateSignalStrength on subscription :0
02-09 18:44:42.271 D/StatusBarPolicy(  332): StatusBarPolocy::getIconLevel -EVDO
02-09 18:44:42.271 D/StatusBarPolicy(  332): getEvdoLevel_band_six -evdoDbm:-84
02-09 18:44:42.271 D/StatusBarPolicy(  332): getEvdoLevel_band_six -evdoEcio:-25
02-09 18:44:42.362 D/RPC     (  230): 3000008c:00050000 sending call (XID 17).
02-09 18:44:42.372 D/RPC     (  230): 3000008c:00050000 received REPLY (XID 17), grabbing mutex to wake up client.
02-09 18:44:42.372 D/RPC     (  230): 3000008c:00050000 waiting for XDR input buffer to be consumed.
02-09 18:44:42.372 D/RPC     (  230): 3000008c:00050000 call success.
02-09 18:44:42.372 D/RPC     (  230): 3000008c:00050000 received CALL.
02-09 18:44:42.372 D/RPC     (  230): 3000008c:00050000 dispatching RPC call (XID 151, xdr 0x372db0) for callback client 3100008c:00050001.
02-09 18:44:42.372 D/RPC     (  230): 3100008c:327681 sending RPC reply (XID 151)
02-09 18:44:42.582 D/RPC     (  230): 3000008c:00050000 received CALL.
02-09 18:44:42.582 D/RPC     (  230): 3000008c:00050000 dispatching RPC call (XID 152, xdr 0x372db0) for callback client 3100008c:00050001.
02-09 18:44:42.592 D/RPC     (  230): 3100008c:327681 sending RPC reply (XID 152)
02-09 18:44:43.112 D/RPC     (  230): 3000008c:00050000 received CALL.
02-09 18:44:43.112 D/RPC     (  230): 3000008c:00050000 dispatching RPC call (XID 153, xdr 0x372db0) for callback client 3100008c:00050001.
02-09 18:44:43.112 D/RPC     (  230): 3100008c:327681 sending RPC reply (XID 153)
02-09 18:44:43.122 D/RPC     (  230): 3000008c:00050000 received CALL.
02-09 18:44:43.122 D/RPC     (  230): 3000008c:00050000 dispatching RPC call (XID 154, xdr 0x372db0) for callback client 3100008c:00050001.
02-09 18:44:43.122 D/RPC     (  230): 3100008c:327681 sending RPC reply (XID 154)
02-09 18:44:43.122 D/RPC     (  230): 3000008c:00050000 received CALL.
02-09 18:44:43.132 D/RPC     (  230): 3000008c:00050000 dispatching RPC call (XID 155, xdr 0x372db0) for callback client 3100008c:00050001.
02-09 18:44:43.132 D/RPC     (  230): 3100008c:327681 sending RPC reply (XID 155)
02-09 18:44:43.132 D/RPC     (  230): 3000008c:00050000 received CALL.
02-09 18:44:43.132 D/RPC     (  230): 3000008c:00050000 dispatching RPC call (XID 156, xdr 0x372db0) for callback client 3100008c:00050001.
02-09 18:44:43.142 D/RPC     (  230): 3100008c:327681 sending RPC reply (XID 156)
02-09 18:44:43.142 D/RPC     (  230): 3000008c:00050000 received CALL.
02-09 18:44:43.152 D/RPC     (  230): 3000008c:00050000 dispatching RPC call (XID 157, xdr 0x372db0) for callback client 3100008c:00050001.
02-09 18:44:43.162 D/RPC     (  230): 3100008c:327681 sending RPC reply (XID 157)
02-09 18:44:43.162 D/RPC     (  230): 3000008c:00050000 received CALL.
02-09 18:44:43.162 D/RPC     (  230): 3000008c:00050000 dispatching RPC call (XID 158, xdr 0x372db0) for callback client 3100008c:00050001.
02-09 18:44:43.172 D/RPC     (  230): 3100008c:327681 sending RPC reply (XID 158)
02-09 18:44:43.172 D/RPC     (  230): 3000008c:00050000 received CALL.
02-09 18:44:43.172 D/RPC     (  230): 3000008c:00050000 dispatching RPC call (XID 159, xdr 0x372db0) for callback client 3100008c:00050001.
02-09 18:44:43.182 D/RPC     (  230): 3100008c:327681 sending RPC reply (XID 159)
02-09 18:44:43.182 D/RPC     (  230): 3000008c:00050000 received CALL.
02-09 18:44:43.182 D/RPC     (  230): 3000008c:00050000 dispatching RPC call (XID 160, xdr 0x372db0) for callback client 3100008c:00050001.
02-09 18:44:43.212 D/RPC     (  230): 3100008c:327681 sending RPC reply (XID 160)
02-09 18:44:43.413 D/StatusBarPolicy(  332): updateDataIcon subscription =0
02-09 18:44:43.583 D/PowerManagerService(  230): setTimeoutLocked now=304468 timeoutOverride=-1 nextState=1 when=411468
02-09 18:44:43.583 D/RPC     (  230): 3000008c:00050000 received CALL.
02-09 18:44:43.583 D/RPC     (  230): 3000008c:00050000 dispatching RPC call (XID 161, xdr 0x372db0) for callback client 3100008c:00050001.
02-09 18:44:43.583 D/RPC     (  230): 3100008c:327681 sending RPC reply (XID 161)
02-09 18:44:44.113 D/RPC     (  230): 3000008c:00050000 received CALL.
02-09 18:44:44.113 D/RPC     (  230): 3000008c:00050000 dispatching RPC call (XID 162, xdr 0x372db0) for callback client 3100008c:00050001.
02-09 18:44:44.123 D/RPC     (  230): 3100008c:327681 sending RPC reply (XID 162)
02-09 18:44:44.123 D/RPC     (  230): 3000008c:00050000 received CALL.
02-09 18:44:44.123 D/RPC     (  230): 3000008c:00050000 dispatching RPC call (XID 163, xdr 0x372db0) for callback client 3100008c:00050001.
02-09 18:44:44.123 D/RPC     (  230): 3100008c:327681 sending RPC reply (XID 163)
02-09 18:44:44.133 D/RPC     (  230): 3000008c:00050000 received CALL.
02-09 18:44:44.133 D/RPC     (  230): 3000008c:00050000 dispatching RPC call (XID 164, xdr 0x372db0) for callback client 3100008c:00050001.
02-09 18:44:44.133 D/RPC     (  230): 3100008c:327681 sending RPC reply (XID 164)
02-09 18:44:44.133 D/RPC     (  230): 3000008c:00050000 received CALL.
02-09 18:44:44.143 D/RPC     (  230): 3000008c:00050000 dispatching RPC call (XID 165, xdr 0x372db0) for callback client 3100008c:00050001.
02-09 18:44:44.143 D/RPC     (  230): 3100008c:327681 sending RPC reply (XID 165)
02-09 18:44:44.143 D/RPC     (  230): 3000008c:00050000 received CALL.
02-09 18:44:44.143 D/RPC     (  230): 3000008c:00050000 dispatching RPC call (XID 166, xdr 0x372db0) for callback client 3100008c:00050001.
02-09 18:44:44.163 D/RPC     (  230): 3100008c:327681 sending RPC reply (XID 166)
02-09 18:44:44.163 D/RPC     (  230): 3000008c:00050000 received CALL.
02-09 18:44:44.163 D/RPC     (  230): 3000008c:00050000 dispatching RPC call (XID 167, xdr 0x372db0) for callback client 3100008c:00050001.
02-09 18:44:44.173 D/RPC     (  230): 3100008c:327681 sending RPC reply (XID 167)
02-09 18:44:44.173 D/RPC     (  230): 3000008c:00050000 received CALL.
02-09 18:44:44.173 D/RPC     (  230): 3000008c:00050000 dispatching RPC call (XID 168, xdr 0x372db0) for callback client 3100008c:00050001.
02-09 18:44:44.183 D/RPC     (  230): 3100008c:327681 sending RPC reply (XID 168)
02-09 18:44:44.183 D/RPC     (  230): 3000008c:00050000 received CALL.
02-09 18:44:44.183 D/RPC     (  230): 3000008c:00050000 dispatching RPC call (XID 169, xdr 0x372db0) for callback client 3100008c:00050001.
02-09 18:44:44.213 D/RPC     (  230): 3100008c:327681 sending RPC reply (XID 169)
02-09 18:44:44.534 D/StatusBarPolicy(  332): onSignalStrengthsChanged:SignalStrength: 99 0 -82 -70 -83 -35 8 99 2147483647 2147483647 2147483647 2147483647 cdma for subscription0
02-09 18:44:44.534 D/StatusBarPolicy(  332): updateSignalStrength on subscription :0
02-09 18:44:44.534 D/StatusBarPolicy(  332): StatusBarPolocy::getIconLevel -EVDO
02-09 18:44:44.534 D/StatusBarPolicy(  332): getEvdoLevel_band_six -evdoDbm:-83
02-09 18:44:44.544 D/StatusBarPolicy(  332): getEvdoLevel_band_six -evdoEcio:-35
02-09 18:44:44.594 D/RPC     (  230): 3000008c:00050000 received CALL.
02-09 18:44:44.594 D/RPC     (  230): 3000008c:00050000 dispatching RPC call (XID 170, xdr 0x372db0) for callback client 3100008c:00050001.
02-09 18:44:44.594 D/RPC     (  230): 3100008c:327681 sending RPC reply (XID 170)
02-09 18:44:45.114 D/RPC     (  230): 3000008c:00050000 received CALL.
02-09 18:44:45.114 D/RPC     (  230): 3000008c:00050000 dispatching RPC call (XID 171, xdr 0x372db0) for callback client 3100008c:00050001.
02-09 18:44:45.114 D/RPC     (  230): 3100008c:327681 sending RPC reply (XID 171)
02-09 18:44:45.114 D/RPC     (  230): 3000008c:00050000 received CALL.
02-09 18:44:45.124 D/RPC     (  230): 3000008c:00050000 dispatching RPC call (XID 172, xdr 0x372db0) for callback client 3100008c:00050001.
02-09 18:44:45.124 D/RPC     (  230): 3100008c:327681 sending RPC reply (XID 172)
02-09 18:44:45.124 D/RPC     (  230): 3000008c:00050000 received CALL.
02-09 18:44:45.124 D/RPC     (  230): 3000008c:00050000 dispatching RPC call (XID 173, xdr 0x372db0) for callback client 3100008c:00050001.
02-09 18:44:45.134 D/RPC     (  230): 3100008c:327681 sending RPC reply (XID 173)
02-09 18:44:45.134 D/RPC     (  230): 3000008c:00050000 received CALL.
02-09 18:44:45.134 D/RPC     (  230): 3000008c:00050000 dispatching RPC call (XID 174, xdr 0x372db0) for callback client 3100008c:00050001.
02-09 18:44:45.144 D/RPC     (  230): 3100008c:327681 sending RPC reply (XID 174)
02-09 18:44:45.144 D/RPC     (  230): 3000008c:00050000 received CALL.
02-09 18:44:45.144 D/RPC     (  230): 3000008c:00050000 dispatching RPC call (XID 175, xdr 0x372db0) for callback client 3100008c:00050001.
02-09 18:44:45.144 D/RPC     (  230): 3100008c:327681 sending RPC reply (XID 175)
02-09 18:44:45.154 D/RPC     (  230): 3000008c:00050000 received CALL.
02-09 18:44:45.154 D/RPC     (  230): 3000008c:00050000 dispatching RPC call (XID 176, xdr 0x372db0) for callback client 3100008c:00050001.
02-09 18:44:45.164 D/RPC     (  230): 3100008c:327681 sending RPC reply (XID 176)
02-09 18:44:45.174 D/RPC     (  230): 3000008c:00050000 received CALL.
02-09 18:44:45.174 D/RPC     (  230): 3000008c:00050000 dispatching RPC call (XID 177, xdr 0x372db0) for callback client 3100008c:00050001.
02-09 18:44:45.174 D/RPC     (  230): 3100008c:327681 sending RPC reply (XID 177)
02-09 18:44:45.184 D/RPC     (  230): 3000008c:00050000 received CALL.
02-09 18:44:45.184 D/RPC     (  230): 3000008c:00050000 dispatching RPC call (XID 178, xdr 0x372db0) for callback client 3100008c:00050001.
02-09 18:44:45.204 D/RPC     (  230): 3100008c:327681 sending RPC reply (XID 178)
02-09 18:44:45.595 D/RPC     (  230): 3000008c:00050000 received CALL.
02-09 18:44:45.595 D/RPC     (  230): 3000008c:00050000 dispatching RPC call (XID 179, xdr 0x372db0) for callback client 3100008c:00050001.
02-09 18:44:45.595 D/RPC     (  230): 3100008c:327681 sending RPC reply (XID 179)
02-09 18:44:46.115 D/RPC     (  230): 3000008c:00050000 received CALL.
02-09 18:44:46.115 D/RPC     (  230): 3000008c:00050000 dispatching RPC call (XID 182, xdr 0x372db0) for callback client 3100008c:00050001.
02-09 18:44:46.115 D/RPC     (  230): 3100008c:327681 sending RPC reply (XID 182)
02-09 18:44:46.115 D/RPC     (  230): 3000008c:00050000 received CALL.
02-09 18:44:46.115 D/RPC     (  230): 3000008c:00050000 dispatching RPC call (XID 183, xdr 0x372db0) for callback client 3100008c:00050001.
02-09 18:44:46.115 D/RPC     (  230): 3100008c:327681 sending RPC reply (XID 183)
02-09 18:44:46.115 D/RPC     (  230): 3000008c:00050000 received CALL.
02-09 18:44:46.115 D/RPC     (  230): 3000008c:00050000 dispatching RPC call (XID 184, xdr 0x372db0) for callback client 3100008c:00050001.
02-09 18:44:46.125 D/RPC     (  230): 3100008c:327681 sending RPC reply (XID 184)
02-09 18:44:46.125 D/RPC     (  230): 3000008c:00050000 received CALL.
02-09 18:44:46.125 D/RPC     (  230): 3000008c:00050000 dispatching RPC call (XID 185, xdr 0x372db0) for callback client 3100008c:00050001.
02-09 18:44:46.125 D/RPC     (  230): 3100008c:327681 sending RPC reply (XID 185)
02-09 18:44:46.135 D/RPC     (  230): 3000008c:00050000 received CALL.
02-09 18:44:46.135 D/RPC     (  230): 3000008c:00050000 dispatching RPC call (XID 186, xdr 0x372db0) for callback client 3100008c:00050001.
02-09 18:44:46.185 D/RPC     (  230): 3100008c:327681 sending RPC reply (XID 186)
02-09 18:44:46.205 D/RPC     (  230): 3000008c:00050000 received CALL.
02-09 18:44:46.205 D/RPC     (  230): 3000008c:00050000 dispatching RPC call (XID 187, xdr 0x372db0) for callback client 3100008c:00050001.
02-09 18:44:46.205 D/RPC     (  230): 3100008c:327681 sending RPC reply (XID 187)
02-09 18:44:46.205 D/RPC     (  230): 3000008c:00050000 received CALL.
02-09 18:44:46.205 D/RPC     (  230): 3000008c:00050000 dispatching RPC call (XID 188, xdr 0x372db0) for callback client 3100008c:00050001.
02-09 18:44:46.205 D/RPC     (  230): 3100008c:327681 sending RPC reply (XID 188)
02-09 18:44:46.215 D/RPC     (  230): 3000008c:00050000 received CALL.
02-09 18:44:46.215 D/RPC     (  230): 3000008c:00050000 dispatching RPC call (XID 189, xdr 0x372db0) for callback client 3100008c:00050001.
02-09 18:44:46.215 D/RPC     (  230): 3100008c:327681 sending RPC reply (XID 189)
02-09 18:44:46.235 D/StatusBarPolicy(  332): onSignalStrengthsChanged:SignalStrength: 99 0 -90 -70 -92 -35 8 99 2147483647 2147483647 2147483647 2147483647 cdma for subscription0
02-09 18:44:46.235 D/StatusBarPolicy(  332): updateSignalStrength on subscription :0
02-09 18:44:46.245 D/StatusBarPolicy(  332): StatusBarPolocy::getIconLevel -EVDO
02-09 18:44:46.245 D/StatusBarPolicy(  332): getEvdoLevel_band_six -evdoDbm:-92
02-09 18:44:46.245 D/StatusBarPolicy(  332): getEvdoLevel_band_six -evdoEcio:-35
02-09 18:44:46.255 I/TelephonyRegistry(  230): notifyServiceState: 0 home Sprint  310099  EvDo rev. A CSS not supported 41 4139RoamInd: 1RoamStatus(sprint): 1DefRoamInd: 160EmergOnly: false
02-09 18:44:46.325 D/StatusBarPolicy(  332): onServiceStateChanged:0 home Sprint  310099  EvDo rev. A CSS not supported 41 4139RoamInd: 1RoamStatus(sprint): 1DefRoamInd: 160EmergOnly: falsefor subscription :0
02-09 18:44:46.325 D/StatusBarPolicy(  332): updateSignalStrength on subscription :0
02-09 18:44:46.325 D/StatusBarPolicy(  332): StatusBarPolocy::getIconLevel -EVDO
02-09 18:44:46.325 D/StatusBarPolicy(  332): getEvdoLevel_band_six -evdoDbm:-92
02-09 18:44:46.325 D/StatusBarPolicy(  332): getEvdoLevel_band_six -evdoEcio:-35
02-09 18:44:46.325 D/StatusBarPolicy(  332): updateDataIcon subscription =0
02-09 18:44:46.345 D/WifiService(  230): ACTION_SCREEN_OFF
02-09 18:44:46.355 D/WifiService(  230): setting ACTION_DEVICE_IDLE timer for 120,000 ms
02-09 18:44:46.516 D/WifiService(  230): acquireWifiLockLocked: WifiLock{NetworkLocationLocator type=2 binder=android.os.BinderProxy@409aeab8}
02-09 18:44:46.516 D/WifiService(  230): WifiHandler, MESSAGE_UPDATE_STATE
02-09 18:44:46.516 D/WifiService(  230): isAirplaneModeOn(): false
02-09 18:44:46.516 D/WifiService(  230): updateWifiState(), wifiEnabled: true, airplaneMode: false, wifiShouldBeEnabled: true, wifiShouldBeStarted: true, strongestLockMode: 1
02-09 18:44:46.516 D/WifiService(  230): WifiHandler, MESSAGE_ENABLE_WIFI, msg.arg1: 0, msg.arg2: 1000
02-09 18:44:46.516 D/WifiService(  230): WifiHandler, MESSAGE_START_WIFI, msg.arg1: 1
02-09 18:44:46.526 D/RPC     (  230): 3000008c:00050000 sending call (XID 18).
02-09 18:44:46.536 D/RPC     (  230): 3000008c:00050000 received REPLY (XID 18), grabbing mutex to wake up client.
02-09 18:44:46.536 D/RPC     (  230): 3000008c:00050000 waiting for XDR input buffer to be consumed.
02-09 18:44:46.536 D/RPC     (  230): 3000008c:00050000 call success.
02-09 18:44:46.586 D/PowerManagerService(  230): setTimeoutLocked now=307473 timeoutOverride=-1 nextState=0 when=314473
02-09 18:44:46.596 W/WindowManager(  230): updateFocusedWindowLocked newFocus=Window{407ae048 Keyguard paused=false} mode=3 mCurrentFocus = Window{409db328 com.facebook.orca/com.facebook.orca.threadview.ThreadViewActivity paused=false}
02-09 18:44:46.666 D/RPC     (  230): 3000008c:00050000 received CALL.
02-09 18:44:46.666 D/RPC     (  230): 3000008c:00050000 dispatching RPC call (XID 190, xdr 0x372db0) for callback client 3100008c:00050001.
02-09 18:44:46.666 D/RPC     (  230): 3100008c:327681 sending RPC reply (XID 190)
02-09 18:44:46.666 D/RPC     (  230): 3000008c:00050000 received CALL.
02-09 18:44:46.666 D/RPC     (  230): 3000008c:00050000 dispatching RPC call (XID 191, xdr 0x372db0) for callback client 3100008c:00050001.
02-09 18:44:46.676 D/RPC     (  230): 3100008c:327681 sending RPC reply (XID 191)
02-09 18:44:46.676 D/RPC     (  230): 3000008c:00050000 received CALL.
02-09 18:44:46.676 D/RPC     (  230): 3000008c:00050000 dispatching RPC call (XID 192, xdr 0x372db0) for callback client 3100008c:00050001.
02-09 18:44:46.676 D/RPC     (  230): 3100008c:327681 sending RPC reply (XID 192)
02-09 18:44:51.601 D/WifiService(  230): releaseWifiLockLocked: WifiLock{NetworkLocationLocator type=2 binder=android.os.BinderProxy@409aeab8}
02-09 18:44:51.601 D/WifiService(  230): WifiHandler, MESSAGE_UPDATE_STATE
02-09 18:44:51.601 D/WifiService(  230): isAirplaneModeOn(): false
02-09 18:44:51.601 D/WifiService(  230): updateWifiState(), wifiEnabled: true, airplaneMode: false, wifiShouldBeEnabled: true, wifiShouldBeStarted: true, strongestLockMode: 1
02-09 18:44:51.601 D/WifiService(  230): WifiHandler, MESSAGE_UPDATE_STATE
02-09 18:44:51.601 D/WifiService(  230): isAirplaneModeOn(): false
02-09 18:44:51.601 D/WifiService(  230): updateWifiState(), wifiEnabled: true, airplaneMode: false, wifiShouldBeEnabled: true, wifiShouldBeStarted: true, strongestLockMode: 1
02-09 18:44:51.601 D/WifiService(  230): WifiHandler, MESSAGE_ENABLE_WIFI, msg.arg1: 0, msg.arg2: 1000
02-09 18:44:51.601 D/WifiService(  230): WifiHandler, MESSAGE_START_WIFI, msg.arg1: 1
02-09 18:44:51.601 D/WifiService(  230): WifiHandler, MESSAGE_ENABLE_WIFI, msg.arg1: 0, msg.arg2: 1000
02-09 18:44:51.601 D/WifiService(  230): WifiHandler, MESSAGE_START_WIFI, msg.arg1: 1
02-09 18:44:51.611 D/RPC     (  230): 3000008c:00050000 sending call (XID 19).
02-09 18:44:51.611 D/RPC     (  230): 3000008c:00050000 received REPLY (XID 19), grabbing mutex to wake up client.
02-09 18:44:51.611 D/RPC     (  230): 3000008c:00050000 call success.
02-09 18:44:51.611 D/RPC     (  230): 3000008c:00050000 received CALL.
02-09 18:44:51.611 D/RPC     (  230): 3000008c:00050000 dispatching RPC call (XID 193, xdr 0x372db0) for callback client 3100008c:00050001.
02-09 18:44:51.611 D/RPC     (  230): 3100008c:327681 sending RPC reply (XID 193)
02-09 18:44:58.604 W/WindowManager(  230): updateFocusedWindowLocked newFocus=Window{407ae048 Keyguard paused=false} mode=3 mCurrentFocus = Window{407ae048 Keyguard paused=false}
02-09 18:44:59.205 W/WindowManager(  230): updateFocusedWindowLocked newFocus=Window{407ae048 Keyguard paused=false} mode=3 mCurrentFocus = Window{407ae048 Keyguard paused=false}
02-09 18:44:59.995 D/AlarmManager(  230): scheduleTimeTickEvent calendar=Thu Feb 09 18:46:00 CST 2012
02-09 18:44:59.995 D/AlarmManager(  230): calendar.getTimeInMillis()1328834760000
02-09 18:45:07.425 W/WindowManager(  230): updateFocusedWindowLocked newFocus=Window{407ae048 Keyguard paused=false} mode=3 mCurrentFocus = Window{407ae048 Keyguard paused=false}
02-09 18:45:09.447 W/WindowManager(  230): updateFocusedWindowLocked newFocus=Window{407ae048 Keyguard paused=false} mode=2 mCurrentFocus = Window{407ae048 Keyguard paused=false}
02-09 18:45:09.447 W/WindowManager(  230): updateFocusedWindowLocked newFocus=Window{407ae048 Keyguard paused=false} mode=2 mCurrentFocus = Window{407ae048 Keyguard paused=false}
02-09 18:45:09.457 W/WindowManager(  230): updateFocusedWindowLocked newFocus=Window{407ae048 Keyguard paused=false} mode=3 mCurrentFocus = Window{407ae048 Keyguard paused=false}
02-09 18:45:09.477 D/WifiService(  230): ACTION_SCREEN_ON
02-09 18:45:09.477 D/WifiService(  230): WifiHandler, MESSAGE_UPDATE_STATE
02-09 18:45:09.477 D/WifiService(  230): isAirplaneModeOn(): false
02-09 18:45:09.477 D/WifiService(  230): updateWifiState(), wifiEnabled: true, airplaneMode: false, wifiShouldBeEnabled: true, wifiShouldBeStarted: true, strongestLockMode: 1
02-09 18:45:09.477 D/WifiService(  230): WifiHandler, MESSAGE_ENABLE_WIFI, msg.arg1: 0, msg.arg2: 1000
02-09 18:45:09.477 D/WifiService(  230): WifiHandler, MESSAGE_START_WIFI, msg.arg1: 1
02-09 18:45:09.517 D/StatusBarPolicy(  332): onSignalStrengthsChanged:SignalStrength: 99 0 -89 -70 -76 -50 8 99 2147483647 2147483647 2147483647 2147483647 cdma for subscription0
02-09 18:45:09.517 D/StatusBarPolicy(  332): updateSignalStrength on subscription :0
02-09 18:45:09.517 D/StatusBarPolicy(  332): StatusBarPolocy::getIconLevel -EVDO
02-09 18:45:09.517 D/StatusBarPolicy(  332): getEvdoLevel_band_six -evdoDbm:-76
02-09 18:45:09.517 D/StatusBarPolicy(  332): getEvdoLevel_band_six -evdoEcio:-50
02-09 18:45:09.537 D/StatusBarPolicy(  332): updateDataIcon subscription =0
02-09 18:45:09.577 I/TelephonyRegistry(  230): notifyServiceState: 0 home Sprint  310099  EvDo rev. A CSS not supported 41 4139RoamInd: 1RoamStatus(sprint): 1DefRoamInd: 160EmergOnly: false
02-09 18:45:09.577 D/StatusBarPolicy(  332): onServiceStateChanged:0 home Sprint  310099  EvDo rev. A CSS not supported 41 4139RoamInd: 1RoamStatus(sprint): 1DefRoamInd: 160EmergOnly: falsefor subscription :0
02-09 18:45:09.577 D/StatusBarPolicy(  332): updateSignalStrength on subscription :0
02-09 18:45:09.577 D/StatusBarPolicy(  332): StatusBarPolocy::getIconLevel -EVDO
02-09 18:45:09.577 D/StatusBarPolicy(  332): getEvdoLevel_band_six -evdoDbm:-76
02-09 18:45:09.577 D/StatusBarPolicy(  332): getEvdoLevel_band_six -evdoEcio:-50
02-09 18:45:09.577 D/StatusBarPolicy(  332): updateDataIcon subscription =0
02-09 18:45:10.518 D/StatusBarPolicy(  332): updateDataIcon subscription =0
02-09 18:45:11.038 D/PowerManagerService(  230): setTimeoutLocked now=328777 timeoutOverride=-1 nextState=3 when=334777
02-09 18:45:11.048 W/WindowManager(  230): updateFocusedWindowLocked newFocus=null mode=3 mCurrentFocus = Window{407ae048 Keyguard paused=false}
02-09 18:45:11.048 W/WindowManager(  230): updateFocusedWindowLocked newFocus=Window{409db328 com.facebook.orca/com.facebook.orca.threadview.ThreadViewActivity paused=false} mode=2 mCurrentFocus = null
02-09 18:45:11.058 D/PowerManagerService(  230): setTimeoutLocked now=328791 timeoutOverride=-1 nextState=3 when=334791
02-09 18:45:11.058 W/InputManagerService(  230): Window already focused, ignoring focus gain of: com.android.internal.view.IInputMethodClient$Stub$Proxy@40876a78
02-09 18:45:11.569 D/PowerManagerService(  230): setTimeoutLocked now=329307 timeoutOverride=-1 nextState=3 when=335307
02-09 18:45:11.579 W/WindowManager(  230): updateFocusedWindowLocked newFocus=Window{408073c8 TrackingView paused=false} mode=3 mCurrentFocus = Window{409db328 com.facebook.orca/com.facebook.orca.threadview.ThreadViewActivity paused=false}
02-09 18:45:11.599 W/WindowManager(  230): updateFocusedWindowLocked newFocus=Window{408abe50 StatusBarExpanded paused=false} mode=3 mCurrentFocus = Window{408073c8 TrackingView paused=false}
02-09 18:45:11.949 D/PowerManagerService(  230): setTimeoutLocked now=329682 timeoutOverride=-1 nextState=3 when=335682
02-09 18:45:12.450 D/PowerManagerService(  230): setTimeoutLocked now=330183 timeoutOverride=-1 nextState=3 when=336183
02-09 18:45:12.540 D/StatusBarPolicy(  332): updateDataIcon subscription =0
02-09 18:45:12.710 D/PowerManagerService(  230): setTimeoutLocked now=330447 timeoutOverride=-1 nextState=3 when=336447
02-09 18:45:12.750 W/WindowManager(  230): updateFocusedWindowLocked newFocus=Window{408abe50 StatusBarExpanded paused=false} mode=3 mCurrentFocus = Window{408abe50 StatusBarExpanded paused=false}
02-09 18:45:12.770 W/WindowManager(  230): updateFocusedWindowLocked newFocus=Window{409db328 com.facebook.orca/com.facebook.orca.threadview.ThreadViewActivity paused=false} mode=3 mCurrentFocus = Window{408abe50 StatusBarExpanded paused=false}
02-09 18:45:12.800 W/InputManagerService(  230): Window already focused, ignoring focus gain of: com.android.internal.view.IInputMethodClient$Stub$Proxy@4073a4a0
02-09 18:45:13.551 D/StatusBarPolicy(  332): updateDataIcon subscription =0
02-09 18:45:13.601 D/StatusBarPolicy(  332): onSignalStrengthsChanged:SignalStrength: 99 0 -83 -70 -76 -50 8 99 2147483647 2147483647 2147483647 2147483647 cdma for subscription0
02-09 18:45:13.601 D/StatusBarPolicy(  332): updateSignalStrength on subscription :0
02-09 18:45:13.611 D/StatusBarPolicy(  332): StatusBarPolocy::getIconLevel -EVDO
02-09 18:45:13.611 D/StatusBarPolicy(  332): getEvdoLevel_band_six -evdoDbm:-76
02-09 18:45:13.611 D/StatusBarPolicy(  332): getEvdoLevel_band_six -evdoEcio:-50
02-09 18:45:16.604 D/StatusBarPolicy(  332): updateDataIcon subscription =0
02-09 18:45:18.065 D/PowerManagerService(  230): setTimeoutLocked now=335803 timeoutOverride=-1 nextState=3 when=341803
02-09 18:45:18.095 D/StatusBarPolicy(  332): onSignalStrengthsChanged:SignalStrength: 99 0 -83 -70 -79 -50 8 99 2147483647 2147483647 2147483647 2147483647 cdma for subscription0
02-09 18:45:18.095 D/StatusBarPolicy(  332): updateSignalStrength on subscription :0
02-09 18:45:18.095 D/StatusBarPolicy(  332): StatusBarPolocy::getIconLevel -EVDO
02-09 18:45:18.095 D/StatusBarPolicy(  332): getEvdoLevel_band_six -evdoDbm:-79
02-09 18:45:18.095 D/StatusBarPolicy(  332): getEvdoLevel_band_six -evdoEcio:-50
02-09 18:45:18.175 D/PowerManagerService(  230): setTimeoutLocked now=335916 timeoutOverride=-1 nextState=3 when=341916
02-09 18:45:18.205 W/WindowManager(  230): updateFocusedWindowLocked newFocus=Window{409db328 com.facebook.orca/com.facebook.orca.threadview.ThreadViewActivity paused=false} mode=3 mCurrentFocus = Window{409db328 com.facebook.orca/com.facebook.orca.threadview.ThreadViewActivity paused=false}
02-09 18:45:18.225 W/WindowManager(  230): updateFocusedWindowLocked newFocus=Window{409db328 com.facebook.orca/com.facebook.orca.threadview.ThreadViewActivity paused=false} mode=3 mCurrentFocus = Window{409db328 com.facebook.orca/com.facebook.orca.threadview.ThreadViewActivity paused=false}
02-09 18:45:19.687 D/PowerManagerService(  230): setTimeoutLocked now=337427 timeoutOverride=-1 nextState=3 when=343427
02-09 18:45:19.697 W/WindowManager(  230): updateFocusedWindowLocked newFocus=Window{409db328 com.facebook.orca/com.facebook.orca.threadview.ThreadViewActivity paused=false} mode=3 mCurrentFocus = Window{409db328 com.facebook.orca/com.facebook.orca.threadview.ThreadViewActivity paused=false}
02-09 18:45:19.767 D/PowerManagerService(  230): setTimeoutLocked now=337500 timeoutOverride=-1 nextState=3 when=343500
02-09 18:45:19.777 W/WindowManager(  230): updateFocusedWindowLocked newFocus=Window{409db328 com.facebook.orca/com.facebook.orca.threadview.ThreadViewActivity paused=false} mode=3 mCurrentFocus = Window{409db328 com.facebook.orca/com.facebook.orca.threadview.ThreadViewActivity paused=false}
02-09 18:45:19.807 W/WindowManager(  230): updateFocusedWindowLocked newFocus=Window{409db328 com.facebook.orca/com.facebook.orca.threadview.ThreadViewActivity paused=false} mode=3 mCurrentFocus = Window{409db328 com.facebook.orca/com.facebook.orca.threadview.ThreadViewActivity paused=false}
02-09 18:45:20.117 W/WindowManager(  230): updateFocusedWindowLocked newFocus=Window{409db328 com.facebook.orca/com.facebook.orca.threadview.ThreadViewActivity paused=false} mode=3 mCurrentFocus = Window{409db328 com.facebook.orca/com.facebook.orca.threadview.ThreadViewActivity paused=false}
02-09 18:45:20.207 D/PowerManagerService(  230): setTimeoutLocked now=337939 timeoutOverride=-1 nextState=3 when=343939
02-09 18:45:20.227 W/WindowManager(  230): updateFocusedWindowLocked newFocus=Window{409db328 com.facebook.orca/com.facebook.orca.threadview.ThreadViewActivity paused=false} mode=3 mCurrentFocus = Window{409db328 com.facebook.orca/com.facebook.orca.threadview.ThreadViewActivity paused=false}
02-09 18:45:20.277 W/WindowManager(  230): updateFocusedWindowLocked newFocus=Window{409db328 com.facebook.orca/com.facebook.orca.threadview.ThreadViewActivity paused=false} mode=3 mCurrentFocus = Window{409db328 com.facebook.orca/com.facebook.orca.threadview.ThreadViewActivity paused=false}
02-09 18:45:20.407 D/PowerManagerService(  230): setTimeoutLocked now=338141 timeoutOverride=-1 nextState=3 when=344141
02-09 18:45:20.417 W/WindowManager(  230): updateFocusedWindowLocked newFocus=Window{409db328 com.facebook.orca/com.facebook.orca.threadview.ThreadViewActivity paused=false} mode=3 mCurrentFocus = Window{409db328 com.facebook.orca/com.facebook.orca.threadview.ThreadViewActivity paused=false}
02-09 18:45:20.468 W/WindowManager(  230): updateFocusedWindowLocked newFocus=Window{409db328 com.facebook.orca/com.facebook.orca.threadview.ThreadViewActivity paused=false} mode=3 mCurrentFocus = Window{409db328 com.facebook.orca/com.facebook.orca.threadview.ThreadViewActivity paused=false}
02-09 18:45:20.598 W/WindowManager(  230): updateFocusedWindowLocked newFocus=Window{409db328 com.facebook.orca/com.facebook.orca.threadview.ThreadViewActivity paused=false} mode=3 mCurrentFocus = Window{409db328 com.facebook.orca/com.facebook.orca.threadview.ThreadViewActivity paused=false}
02-09 18:45:20.648 D/StatusBarPolicy(  332): updateDataIcon subscription =0
02-09 18:45:20.868 D/PowerManagerService(  230): setTimeoutLocked now=338605 timeoutOverride=-1 nextState=3 when=344605
02-09 18:45:20.878 W/WindowManager(  230): updateFocusedWindowLocked newFocus=Window{409db328 com.facebook.orca/com.facebook.orca.threadview.ThreadViewActivity paused=false} mode=3 mCurrentFocus = Window{409db328 com.facebook.orca/com.facebook.orca.threadview.ThreadViewActivity paused=false}
02-09 18:45:20.968 D/PowerManagerService(  230): setTimeoutLocked now=338705 timeoutOverride=-1 nextState=3 when=344705
02-09 18:45:21.008 W/WindowManager(  230): updateFocusedWindowLocked newFocus=Window{409db328 com.facebook.orca/com.facebook.orca.threadview.ThreadViewActivity paused=false} mode=3 mCurrentFocus = Window{409db328 com.facebook.orca/com.facebook.orca.threadview.ThreadViewActivity paused=false}
02-09 18:45:21.028 W/WindowManager(  230): updateFocusedWindowLocked newFocus=Window{409db328 com.facebook.orca/com.facebook.orca.threadview.ThreadViewActivity paused=false} mode=3 mCurrentFocus = Window{409db328 com.facebook.orca/com.facebook.orca.threadview.ThreadViewActivity paused=false}
02-09 18:45:21.148 W/WindowManager(  230): updateFocusedWindowLocked newFocus=Window{409db328 com.facebook.orca/com.facebook.orca.threadview.ThreadViewActivity paused=false} mode=3 mCurrentFocus = Window{409db328 com.facebook.orca/com.facebook.orca.threadview.ThreadViewActivity paused=false}
02-09 18:45:21.659 D/StatusBarPolicy(  332): updateDataIcon subscription =0
02-09 18:45:22.449 D/PowerManagerService(  230): setTimeoutLocked now=340184 timeoutOverride=-1 nextState=3 when=346184
02-09 18:45:22.459 W/WindowManager(  230): updateFocusedWindowLocked newFocus=Window{409db328 com.facebook.orca/com.facebook.orca.threadview.ThreadViewActivity paused=false} mode=3 mCurrentFocus = Window{409db328 com.facebook.orca/com.facebook.orca.threadview.ThreadViewActivity paused=false}
02-09 18:45:22.580 D/StatusBarPolicy(  332): onSignalStrengthsChanged:SignalStrength: 99 0 -83 -70 -80 -25 8 99 2147483647 2147483647 2147483647 2147483647 cdma for subscription0
02-09 18:45:22.580 D/StatusBarPolicy(  332): updateSignalStrength on subscription :0
02-09 18:45:22.580 D/StatusBarPolicy(  332): StatusBarPolocy::getIconLevel -EVDO
02-09 18:45:22.580 D/StatusBarPolicy(  332): getEvdoLevel_band_six -evdoDbm:-80
02-09 18:45:22.580 D/StatusBarPolicy(  332): getEvdoLevel_band_six -evdoEcio:-25
02-09 18:45:22.800 D/PowerManagerService(  230): setTimeoutLocked now=340535 timeoutOverride=-1 nextState=3 when=346535
02-09 18:45:22.920 W/WindowManager(  230): updateFocusedWindowLocked newFocus=Window{409db328 com.facebook.orca/com.facebook.orca.threadview.ThreadViewActivity paused=false} mode=3 mCurrentFocus = Window{409db328 com.facebook.orca/com.facebook.orca.threadview.ThreadViewActivity paused=false}
02-09 18:45:22.960 W/WindowManager(  230): updateFocusedWindowLocked newFocus=Window{409db328 com.facebook.orca/com.facebook.orca.threadview.ThreadViewActivity paused=false} mode=3 mCurrentFocus = Window{409db328 com.facebook.orca/com.facebook.orca.threadview.ThreadViewActivity paused=false}
02-09 18:45:23.130 D/PowerManagerService(  230): setTimeoutLocked now=340859 timeoutOverride=-1 nextState=3 when=346859
02-09 18:45:23.170 W/WindowManager(  230): updateFocusedWindowLocked newFocus=Window{409db328 com.facebook.orca/com.facebook.orca.threadview.ThreadViewActivity paused=false} mode=3 mCurrentFocus = Window{409db328 com.facebook.orca/com.facebook.orca.threadview.ThreadViewActivity paused=false}
02-09 18:45:23.741 D/PowerManagerService(  230): setTimeoutLocked now=341470 timeoutOverride=-1 nextState=3 when=347470
02-09 18:45:23.771 W/WindowManager(  230): updateFocusedWindowLocked newFocus=Window{409db328 com.facebook.orca/com.facebook.orca.threadview.ThreadViewActivity paused=false} mode=3 mCurrentFocus = Window{409db328 com.facebook.orca/com.facebook.orca.threadview.ThreadViewActivity paused=false}
02-09 18:45:23.801 D/PowerManagerService(  230): setTimeoutLocked now=341529 timeoutOverride=-1 nextState=3 when=347529
02-09 18:45:23.821 W/WindowManager(  230): updateFocusedWindowLocked newFocus=Window{409db328 com.facebook.orca/com.facebook.orca.threadview.ThreadViewActivity paused=false} mode=3 mCurrentFocus = Window{409db328 com.facebook.orca/com.facebook.orca.threadview.ThreadViewActivity paused=false}
02-09 18:45:24.682 D/PowerManagerService(  230): setTimeoutLocked now=342418 timeoutOverride=-1 nextState=3 when=348418
02-09 18:45:24.702 W/WindowManager(  230): updateFocusedWindowLocked newFocus=Window{409db328 com.facebook.orca/com.facebook.orca.threadview.ThreadViewActivity paused=false} mode=3 mCurrentFocus = Window{409db328 com.facebook.orca/com.facebook.orca.threadview.ThreadViewActivity paused=false}
02-09 18:45:24.732 D/PowerManagerService(  230): setTimeoutLocked now=342466 timeoutOverride=-1 nextState=3 when=348466
02-09 18:45:24.752 W/WindowManager(  230): updateFocusedWindowLocked newFocus=Window{409db328 com.facebook.orca/com.facebook.orca.threadview.ThreadViewActivity paused=false} mode=3 mCurrentFocus = Window{409db328 com.facebook.orca/com.facebook.orca.threadview.ThreadViewActivity paused=false}
02-09 18:45:24.832 W/WindowManager(  230): updateFocusedWindowLocked newFocus=Window{409db328 com.facebook.orca/com.facebook.orca.threadview.ThreadViewActivity paused=false} mode=3 mCurrentFocus = Window{409db328 com.facebook.orca/com.facebook.orca.threadview.ThreadViewActivity paused=false}
02-09 18:45:24.992 W/WindowManager(  230): updateFocusedWindowLocked newFocus=Window{409db328 com.facebook.orca/com.facebook.orca.threadview.ThreadViewActivity paused=false} mode=3 mCurrentFocus = Window{409db328 com.facebook.orca/com.facebook.orca.threadview.ThreadViewActivity paused=false}
02-09 18:45:25.132 W/WindowManager(  230): updateFocusedWindowLocked newFocus=Window{409db328 com.facebook.orca/com.facebook.orca.threadview.ThreadViewActivity paused=false} mode=3 mCurrentFocus = Window{409db328 com.facebook.orca/com.facebook.orca.threadview.ThreadViewActivity paused=false}
02-09 18:45:25.192 D/PowerManagerService(  230): setTimeoutLocked now=342930 timeoutOverride=-1 nextState=3 when=348930
02-09 18:45:25.232 W/WindowManager(  230): updateFocusedWindowLocked newFocus=Window{409db328 com.facebook.orca/com.facebook.orca.threadview.ThreadViewActivity paused=false} mode=3 mCurrentFocus = Window{409db328 com.facebook.orca/com.facebook.orca.threadview.ThreadViewActivity paused=false}
02-09 18:45:25.372 W/WindowManager(  230): updateFocusedWindowLocked newFocus=Window{409db328 com.facebook.orca/com.facebook.orca.threadview.ThreadViewActivity paused=false} mode=3 mCurrentFocus = Window{409db328 com.facebook.orca/com.facebook.orca.threadview.ThreadViewActivity paused=false}
02-09 18:45:25.472 D/PowerManagerService(  230): setTimeoutLocked now=343218 timeoutOverride=-1 nextState=3 when=349218
02-09 18:45:25.492 W/WindowManager(  230): updateFocusedWindowLocked newFocus=Window{409db328 com.facebook.orca/com.facebook.orca.threadview.ThreadViewActivity paused=false} mode=3 mCurrentFocus = Window{409db328 com.facebook.orca/com.facebook.orca.threadview.ThreadViewActivity paused=false}
02-09 18:45:25.603 W/WindowManager(  230): updateFocusedWindowLocked newFocus=Window{409db328 com.facebook.orca/com.facebook.orca.threadview.ThreadViewActivity paused=false} mode=3 mCurrentFocus = Window{409db328 com.facebook.orca/com.facebook.orca.threadview.ThreadViewActivity paused=false}
02-09 18:45:25.693 W/WindowManager(  230): updateFocusedWindowLocked newFocus=Window{409db328 com.facebook.orca/com.facebook.orca.threadview.ThreadViewActivity paused=false} mode=3 mCurrentFocus = Window{409db328 com.facebook.orca/com.facebook.orca.threadview.ThreadViewActivity paused=false}
02-09 18:45:25.903 D/PowerManagerService(  230): setTimeoutLocked now=343635 timeoutOverride=-1 nextState=3 when=349635
02-09 18:45:25.903 W/WindowManager(  230): updateFocusedWindowLocked newFocus=Window{409db328 com.facebook.orca/com.facebook.orca.threadview.ThreadViewActivity paused=false} mode=3 mCurrentFocus = Window{409db328 com.facebook.orca/com.facebook.orca.threadview.ThreadViewActivity paused=false}
02-09 18:45:26.033 D/PowerManagerService(  230): setTimeoutLocked now=343771 timeoutOverride=-1 nextState=3 when=349771
02-09 18:45:26.053 W/WindowManager(  230): updateFocusedWindowLocked newFocus=Window{409db328 com.facebook.orca/com.facebook.orca.threadview.ThreadViewActivity paused=false} mode=3 mCurrentFocus = Window{409db328 com.facebook.orca/com.facebook.orca.threadview.ThreadViewActivity paused=false}
02-09 18:45:26.183 W/WindowManager(  230): updateFocusedWindowLocked newFocus=Window{409db328 com.facebook.orca/com.facebook.orca.threadview.ThreadViewActivity paused=false} mode=3 mCurrentFocus = Window{409db328 com.facebook.orca/com.facebook.orca.threadview.ThreadViewActivity paused=false}
02-09 18:45:26.273 W/WindowManager(  230): updateFocusedWindowLocked newFocus=Window{409db328 com.facebook.orca/com.facebook.orca.threadview.ThreadViewActivity paused=false} mode=3 mCurrentFocus = Window{409db328 com.facebook.orca/com.facebook.orca.threadview.ThreadViewActivity paused=false}
02-09 18:45:26.393 W/WindowManager(  230): updateFocusedWindowLocked newFocus=Window{409db328 com.facebook.orca/com.facebook.orca.threadview.ThreadViewActivity paused=false} mode=3 mCurrentFocus = Window{409db328 com.facebook.orca/com.facebook.orca.threadview.ThreadViewActivity paused=false}
02-09 18:45:26.423 D/PowerManagerService(  230): setTimeoutLocked now=344159 timeoutOverride=-1 nextState=3 when=350159
02-09 18:45:26.493 W/WindowManager(  230): updateFocusedWindowLocked newFocus=Window{409db328 com.facebook.orca/com.facebook.orca.threadview.ThreadViewActivity paused=false} mode=3 mCurrentFocus = Window{409db328 com.facebook.orca/com.facebook.orca.threadview.ThreadViewActivity paused=false}
02-09 18:45:27.054 D/StatusBarPolicy(  332): onSignalStrengthsChanged:SignalStrength: 99 0 -88 -160 -76 -1 8 99 2147483647 2147483647 2147483647 2147483647 cdma for subscription0
02-09 18:45:27.054 D/StatusBarPolicy(  332): updateSignalStrength on subscription :0
