02-09 18:36:35.322 D/StatusBarPolicy(  332): updateSignalStrength on subscription :0
02-09 18:36:35.322 D/StatusBarPolicy(  332): StatusBarPolocy::getIconLevel -EVDO
02-09 18:36:35.322 D/StatusBarPolicy(  332): getEvdoLevel_band_six -evdoDbm:-64
02-09 18:36:35.322 D/StatusBarPolicy(  332): getEvdoLevel_band_six -evdoEcio:-35
02-09 18:36:35.673 D/StatusBarPolicy(  332): updateDataIcon subscription =0
02-09 18:36:37.575 D/StatusBarPolicy(  332): onSignalStrengthsChanged:SignalStrength: 99 0 -70 -95 -66 -45 7 99 2147483647 2147483647 2147483647 2147483647 cdma for subscription0
02-09 18:36:37.575 D/StatusBarPolicy(  332): updateSignalStrength on subscription :0
02-09 18:36:37.575 D/StatusBarPolicy(  332): StatusBarPolocy::getIconLevel -EVDO
02-09 18:36:37.585 D/StatusBarPolicy(  332): getEvdoLevel_band_six -evdoDbm:-66
02-09 18:36:37.585 D/StatusBarPolicy(  332): getEvdoLevel_band_six -evdoEcio:-45
02-09 18:36:39.627 W/WifiScan(  230): misformatted scan result for: 00:1e:4a:27:48:00	2462	165	[WPA-EAP-TKIP]				
02-09 18:36:39.627 W/WifiScan(  230): misformatted scan result for: 00:03:52:ab:3d:91	2437	167						
02-09 18:36:39.637 W/WifiScan(  230): misformatted scan result for: 00:1e:4a:27:48:00	2462	165	[WPA-EAP-TKIP]				
02-09 18:36:39.637 W/WifiScan(  230): misformatted scan result for: 00:03:52:ab:3d:91	2437	167						
02-09 18:36:42.079 D/StatusBarPolicy(  332): onSignalStrengthsChanged:SignalStrength: 99 0 -69 -70 -67 -35 6 99 2147483647 2147483647 2147483647 2147483647 cdma for subscription0
02-09 18:36:42.079 D/StatusBarPolicy(  332): updateSignalStrength on subscription :0
02-09 18:36:42.079 D/StatusBarPolicy(  332): StatusBarPolocy::getIconLevel -EVDO
02-09 18:36:42.079 D/StatusBarPolicy(  332): getEvdoLevel_band_six -evdoDbm:-67
02-09 18:36:42.079 D/StatusBarPolicy(  332): getEvdoLevel_band_six -evdoEcio:-35
02-09 18:36:43.540 D/PowerManagerService(  230): setTimeoutLocked now=136359 timeoutOverride=-1 nextState=3 when=142359
02-09 18:36:43.550 W/WindowManager(  230): updateFocusedWindowLocked newFocus=null mode=3 mCurrentFocus = Window{407ae048 Keyguard paused=false}
02-09 18:36:43.550 W/WindowManager(  230): updateFocusedWindowLocked newFocus=Window{407ad0f8 com.android.launcher/com.android.launcher2.Launcher paused=false} mode=2 mCurrentFocus = null
02-09 18:36:43.931 D/PowerManagerService(  230): setTimeoutLocked now=136741 timeoutOverride=-1 nextState=3 when=142741
02-09 18:36:44.221 D/PowerManagerService(  230): setTimeoutLocked now=137041 timeoutOverride=-1 nextState=3 when=143041
02-09 18:36:44.621 D/PowerManagerService(  230): setTimeoutLocked now=137446 timeoutOverride=-1 nextState=3 when=143446
02-09 18:36:44.631 D/WifiService(  230): ACTION_BATTERY_CHANGED pluggedType: 0
02-09 18:36:44.631 D/WifiService(  230): WifiHandler, MESSAGE_UPDATE_STATE
02-09 18:36:44.631 D/WifiService(  230): isAirplaneModeOn(): false
02-09 18:36:44.631 D/WifiService(  230): updateWifiState(), wifiEnabled: true, airplaneMode: false, wifiShouldBeEnabled: true, wifiShouldBeStarted: true, strongestLockMode: 1
02-09 18:36:44.631 D/WifiService(  230): WifiHandler, MESSAGE_ENABLE_WIFI, msg.arg1: 0, msg.arg2: 1000
02-09 18:36:44.631 D/WifiService(  230): WifiHandler, MESSAGE_START_WIFI, msg.arg1: 1
02-09 18:36:44.641 W/WindowManager(  230): updateFocusedWindowLocked newFocus=Window{408073c8 TrackingView paused=false} mode=3 mCurrentFocus = Window{407ad0f8 com.android.launcher/com.android.launcher2.Launcher paused=false}
02-09 18:36:44.682 W/WindowManager(  230): updateFocusedWindowLocked newFocus=Window{408abe50 StatusBarExpanded paused=false} mode=3 mCurrentFocus = Window{408073c8 TrackingView paused=false}
02-09 18:36:44.882 D/PowerManagerService(  230): setTimeoutLocked now=137706 timeoutOverride=-1 nextState=3 when=143706
02-09 18:36:46.563 D/PowerManagerService(  230): setTimeoutLocked now=139380 timeoutOverride=-1 nextState=3 when=145380
02-09 18:36:46.613 W/WifiScan(  230): misformatted scan result for: 00:1e:4a:27:06:c0	2437	168	[WPA-EAP-TKIP]				
02-09 18:36:46.633 D/PowerManagerService(  230): setTimeoutLocked now=139452 timeoutOverride=-1 nextState=3 when=145452
02-09 18:36:46.643 W/WifiScan(  230): misformatted scan result for: 00:03:52:ab:3d:91	2437	171						
02-09 18:36:46.643 W/WifiScan(  230): misformatted scan result for: 00:1e:4a:27:06:c0	2437	168	[WPA-EAP-TKIP]				
02-09 18:36:46.643 W/WifiScan(  230): misformatted scan result for: 00:03:52:ab:3d:91	2437	171						
02-09 18:36:46.643 I/ActivityManager(  230): Starting: Intent { dat=content://mms-sms/conversations/1 flg=0x34000000 cmp=com.android.mms/.ui.ComposeMessageActivity bnds=[0,94][320,158] } from pid -1
02-09 18:36:46.663 W/WindowManager(  230): updateFocusedWindowLocked newFocus=Window{408abe50 StatusBarExpanded paused=false} mode=3 mCurrentFocus = Window{408abe50 StatusBarExpanded paused=false}
02-09 18:36:46.723 W/WindowManager(  230): updateFocusedWindowLocked newFocus=Window{408abe50 StatusBarExpanded paused=false} mode=0 mCurrentFocus = Window{408abe50 StatusBarExpanded paused=false}
02-09 18:36:46.723 W/WindowManager(  230): updateFocusedWindowLocked newFocus=Window{408abe50 StatusBarExpanded paused=false} mode=2 mCurrentFocus = Window{408abe50 StatusBarExpanded paused=false}
02-09 18:36:46.723 W/WindowManager(  230): updateFocusedWindowLocked newFocus=Window{408abe50 StatusBarExpanded paused=false} mode=2 mCurrentFocus = Window{408abe50 StatusBarExpanded paused=false}
02-09 18:36:46.794 W/WindowManager(  230): updateFocusedWindowLocked newFocus=Window{408abe50 StatusBarExpanded paused=false} mode=3 mCurrentFocus = Window{408abe50 StatusBarExpanded paused=false}
02-09 18:36:46.914 W/WindowManager(  230): updateFocusedWindowLocked newFocus=Window{408073c8 TrackingView paused=false} mode=3 mCurrentFocus = Window{408abe50 StatusBarExpanded paused=false}
02-09 18:36:46.934 W/WindowManager(  230): updateFocusedWindowLocked newFocus=null mode=3 mCurrentFocus = Window{408073c8 TrackingView paused=false}
02-09 18:36:47.314 W/WindowManager(  230): updateFocusedWindowLocked newFocus=Window{4099d488 com.android.mms/com.android.mms.ui.ComposeMessageActivity paused=false} mode=3 mCurrentFocus = null
02-09 18:36:47.394 W/WindowManager(  230): updateFocusedWindowLocked newFocus=Window{4099d488 com.android.mms/com.android.mms.ui.ComposeMessageActivity paused=false} mode=3 mCurrentFocus = Window{4099d488 com.android.mms/com.android.mms.ui.ComposeMessageActivity paused=false}
02-09 18:36:48.745 D/StatusBarPolicy(  332): onSignalStrengthsChanged:SignalStrength: 99 0 -69 -70 -66 -20 6 99 2147483647 2147483647 2147483647 2147483647 cdma for subscription0
02-09 18:36:48.745 D/StatusBarPolicy(  332): updateSignalStrength on subscription :0
02-09 18:36:48.745 D/StatusBarPolicy(  332): StatusBarPolocy::getIconLevel -EVDO
02-09 18:36:48.745 D/StatusBarPolicy(  332): getEvdoLevel_band_six -evdoDbm:-66
02-09 18:36:48.745 D/StatusBarPolicy(  332): getEvdoLevel_band_six -evdoEcio:-20
02-09 18:36:51.018 D/StatusBarPolicy(  332): onSignalStrengthsChanged:SignalStrength: 99 0 -68 -90 -66 -20 6 99 2147483647 2147483647 2147483647 2147483647 cdma for subscription0
02-09 18:36:51.028 D/StatusBarPolicy(  332): updateSignalStrength on subscription :0
02-09 18:36:51.038 D/StatusBarPolicy(  332): StatusBarPolocy::getIconLevel -EVDO
02-09 18:36:51.038 D/StatusBarPolicy(  332): getEvdoLevel_band_six -evdoDbm:-66
02-09 18:36:51.038 D/StatusBarPolicy(  332): getEvdoLevel_band_six -evdoEcio:-20
02-09 18:36:52.639 D/PowerManagerService(  230): setTimeoutLocked now=145457 timeoutOverride=-1 nextState=1 when=252457
02-09 18:36:53.250 D/StatusBarPolicy(  332): onSignalStrengthsChanged:SignalStrength: 99 0 -68 -90 -65 -35 6 99 2147483647 2147483647 2147483647 2147483647 cdma for subscription0
02-09 18:36:53.260 D/StatusBarPolicy(  332): updateSignalStrength on subscription :0
02-09 18:36:53.260 D/StatusBarPolicy(  332): StatusBarPolocy::getIconLevel -EVDO
02-09 18:36:53.260 D/StatusBarPolicy(  332): getEvdoLevel_band_six -evdoDbm:-65
02-09 18:36:53.260 D/StatusBarPolicy(  332): getEvdoLevel_band_six -evdoEcio:-35
02-09 18:36:53.590 W/WifiScan(  230): misformatted scan result for: 00:1e:4a:27:06:c0	2437	171	[WPA-EAP-TKIP]				
02-09 18:36:53.600 W/WifiScan(  230): misformatted scan result for: 00:1e:4a:27:48:00	2462	167	[WPA-EAP-TKIP]				
02-09 18:36:53.610 W/WifiScan(  230): misformatted scan result for: 00:03:52:ab:3d:91	2437	170						
02-09 18:36:53.630 W/WifiScan(  230): misformatted scan result for: 00:1e:4a:27:06:c0	2437	171	[WPA-EAP-TKIP]				
02-09 18:36:53.630 W/WifiScan(  230): misformatted scan result for: 00:1e:4a:27:48:00	2462	167	[WPA-EAP-TKIP]				
02-09 18:36:53.630 W/WifiScan(  230): misformatted scan result for: 00:03:52:ab:3d:91	2437	170						
02-09 18:36:55.502 D/StatusBarPolicy(  332): onSignalStrengthsChanged:SignalStrength: 99 0 -67 -70 -65 -35 6 99 2147483647 2147483647 2147483647 2147483647 cdma for subscription0
02-09 18:36:55.502 D/StatusBarPolicy(  332): updateSignalStrength on subscription :0
02-09 18:36:55.502 D/StatusBarPolicy(  332): StatusBarPolocy::getIconLevel -EVDO
02-09 18:36:55.502 D/StatusBarPolicy(  332): getEvdoLevel_band_six -evdoDbm:-65
02-09 18:36:55.502 D/StatusBarPolicy(  332): getEvdoLevel_band_six -evdoEcio:-35
02-09 18:36:57.294 I/WindowManager(  230): Setting rotation to 1, animFlags=0
02-09 18:36:57.324 I/ActivityManager(  230): Config changed: { scale=1.0 imsi=310/120 loc=en_US touch=3 keys=1/1/2 nav=1/1 orien=2 layout=18 uiMode=17 seq=5}
02-09 18:36:57.704 D/StatusBarPolicy(  332): onSignalStrengthsChanged:SignalStrength: 99 0 -67 -70 -66 -45 6 99 2147483647 2147483647 2147483647 2147483647 cdma for subscription0
02-09 18:36:57.704 D/StatusBarPolicy(  332): updateSignalStrength on subscription :0
02-09 18:36:57.704 D/StatusBarPolicy(  332): StatusBarPolocy::getIconLevel -EVDO
02-09 18:36:57.704 D/StatusBarPolicy(  332): getEvdoLevel_band_six -evdoDbm:-66
02-09 18:36:57.704 D/StatusBarPolicy(  332): getEvdoLevel_band_six -evdoEcio:-45
02-09 18:36:59.996 D/AlarmManager(  230): scheduleTimeTickEvent calendar=Thu Feb 09 18:38:00 CST 2012
02-09 18:36:59.996 D/AlarmManager(  230): calendar.getTimeInMillis()1328834280000
02-09 18:37:02.219 D/StatusBarPolicy(  332): onSignalStrengthsChanged:SignalStrength: 99 0 -67 -70 -67 -30 6 99 2147483647 2147483647 2147483647 2147483647 cdma for subscription0
02-09 18:37:02.219 D/StatusBarPolicy(  332): updateSignalStrength on subscription :0
02-09 18:37:02.229 D/StatusBarPolicy(  332): StatusBarPolocy::getIconLevel -EVDO
02-09 18:37:02.229 D/StatusBarPolicy(  332): getEvdoLevel_band_six -evdoDbm:-67
02-09 18:37:02.229 D/StatusBarPolicy(  332): getEvdoLevel_band_six -evdoEcio:-30
02-09 18:37:06.693 D/StatusBarPolicy(  332): onSignalStrengthsChanged:SignalStrength: 99 0 -68 -80 -67 -30 6 99 2147483647 2147483647 2147483647 2147483647 cdma for subscription0
02-09 18:37:06.693 D/StatusBarPolicy(  332): updateSignalStrength on subscription :0
02-09 18:37:06.713 D/StatusBarPolicy(  332): StatusBarPolocy::getIconLevel -EVDO
02-09 18:37:06.713 D/StatusBarPolicy(  332): getEvdoLevel_band_six -evdoDbm:-67
02-09 18:37:06.713 D/StatusBarPolicy(  332): getEvdoLevel_band_six -evdoEcio:-30
02-09 18:37:08.935 D/StatusBarPolicy(  332): onSignalStrengthsChanged:SignalStrength: 99 0 -68 -80 -69 -20 6 99 2147483647 2147483647 2147483647 2147483647 cdma for subscription0
02-09 18:37:08.935 D/StatusBarPolicy(  332): updateSignalStrength on subscription :0
02-09 18:37:08.945 D/StatusBarPolicy(  332): StatusBarPolocy::getIconLevel -EVDO
02-09 18:37:08.945 D/StatusBarPolicy(  332): getEvdoLevel_band_six -evdoDbm:-69
02-09 18:37:08.945 D/StatusBarPolicy(  332): getEvdoLevel_band_six -evdoEcio:-20
02-09 18:37:11.177 D/StatusBarPolicy(  332): onSignalStrengthsChanged:SignalStrength: 99 0 -68 -70 -69 -20 6 99 2147483647 2147483647 2147483647 2147483647 cdma for subscription0
02-09 18:37:11.187 D/StatusBarPolicy(  332): updateSignalStrength on subscription :0
02-09 18:37:11.187 D/StatusBarPolicy(  332): StatusBarPolocy::getIconLevel -EVDO
02-09 18:37:11.187 D/StatusBarPolicy(  332): getEvdoLevel_band_six -evdoDbm:-69
02-09 18:37:11.187 D/StatusBarPolicy(  332): getEvdoLevel_band_six -evdoEcio:-20
02-09 18:37:12.729 D/StatusBarPolicy(  332): updateDataIcon subscription =0
02-09 18:37:13.430 D/StatusBarPolicy(  332): onSignalStrengthsChanged:SignalStrength: 99 0 -68 -70 -70 -30 7 99 2147483647 2147483647 2147483647 2147483647 cdma for subscription0
02-09 18:37:13.430 D/StatusBarPolicy(  332): updateSignalStrength on subscription :0
02-09 18:37:13.430 D/StatusBarPolicy(  332): StatusBarPolocy::getIconLevel -EVDO
02-09 18:37:13.430 D/StatusBarPolicy(  332): getEvdoLevel_band_six -evdoDbm:-70
02-09 18:37:13.430 D/StatusBarPolicy(  332): getEvdoLevel_band_six -evdoEcio:-30
02-09 18:37:15.642 D/StatusBarPolicy(  332): onSignalStrengthsChanged:SignalStrength: 99 0 -68 -70 -82 -30 8 99 2147483647 2147483647 2147483647 2147483647 cdma for subscription0
02-09 18:37:15.652 D/StatusBarPolicy(  332): updateSignalStrength on subscription :0
02-09 18:37:15.652 D/StatusBarPolicy(  332): StatusBarPolocy::getIconLevel -EVDO
02-09 18:37:15.652 D/StatusBarPolicy(  332): getEvdoLevel_band_six -evdoDbm:-82
02-09 18:37:15.652 D/StatusBarPolicy(  332): getEvdoLevel_band_six -evdoEcio:-30
02-09 18:37:17.874 D/StatusBarPolicy(  332): onSignalStrengthsChanged:SignalStrength: 99 0 -68 -70 -80 -30 8 99 2147483647 2147483647 2147483647 2147483647 cdma for subscription0
02-09 18:37:17.874 D/StatusBarPolicy(  332): updateSignalStrength on subscription :0
02-09 18:37:17.874 D/StatusBarPolicy(  332): StatusBarPolocy::getIconLevel -EVDO
02-09 18:37:17.874 D/StatusBarPolicy(  332): getEvdoLevel_band_six -evdoDbm:-80
02-09 18:37:17.874 D/StatusBarPolicy(  332): getEvdoLevel_band_six -evdoEcio:-30
02-09 18:37:19.235 I/WindowManager(  230): Setting rotation to 0, animFlags=0
02-09 18:37:19.245 I/ActivityManager(  230): Config changed: { scale=1.0 imsi=310/120 loc=en_US touch=3 keys=1/1/2 nav=1/1 orien=1 layout=18 uiMode=17 seq=6}
02-09 18:37:20.156 D/StatusBarPolicy(  332): onSignalStrengthsChanged:SignalStrength: 99 0 -68 -70 -78 -30 8 99 2147483647 2147483647 2147483647 2147483647 cdma for subscription0
02-09 18:37:20.156 D/StatusBarPolicy(  332): updateSignalStrength on subscription :0
02-09 18:37:20.156 D/StatusBarPolicy(  332): StatusBarPolocy::getIconLevel -EVDO
02-09 18:37:20.156 D/StatusBarPolicy(  332): getEvdoLevel_band_six -evdoDbm:-78
02-09 18:37:20.156 D/StatusBarPolicy(  332): getEvdoLevel_band_six -evdoEcio:-30
02-09 18:37:20.156 W/WifiScan(  230): misformatted scan result for: 00:1e:4a:27:06:c0	2437	165	[WPA-EAP-TKIP]				
02-09 18:37:20.156 W/WifiScan(  230): misformatted scan result for: 00:03:52:ab:3d:91	2437	171						
02-09 18:37:20.166 W/WifiScan(  230): misformatted scan result for: 00:1e:4a:27:06:c0	2437	165	[WPA-EAP-TKIP]				
02-09 18:37:20.176 W/WifiScan(  230): misformatted scan result for: 00:03:52:ab:3d:91	2437	171						
02-09 18:37:22.378 D/StatusBarPolicy(  332): onSignalStrengthsChanged:SignalStrength: 99 0 -68 -70 -75 -30 8 99 2147483647 2147483647 2147483647 2147483647 cdma for subscription0
02-09 18:37:22.378 D/StatusBarPolicy(  332): updateSignalStrength on subscription :0
02-09 18:37:22.388 D/StatusBarPolicy(  332): StatusBarPolocy::getIconLevel -EVDO
02-09 18:37:22.388 D/StatusBarPolicy(  332): getEvdoLevel_band_six -evdoDbm:-75
02-09 18:37:22.388 D/StatusBarPolicy(  332): getEvdoLevel_band_six -evdoEcio:-30
02-09 18:37:22.779 I/WindowManager(  230): Setting rotation to 1, animFlags=0
02-09 18:37:22.809 I/ActivityManager(  230): Config changed: { scale=1.0 imsi=310/120 loc=en_US touch=3 keys=1/1/2 nav=1/1 orien=2 layout=18 uiMode=17 seq=7}
02-09 18:37:23.029 I/WindowManager(  230): Setting rotation to 0, animFlags=0
02-09 18:37:23.049 I/ActivityManager(  230): Config changed: { scale=1.0 imsi=310/120 loc=en_US touch=3 keys=1/1/2 nav=1/1 orien=1 layout=18 uiMode=17 seq=8}
02-09 18:37:23.409 I/WindowManager(  230): Setting rotation to 1, animFlags=0
02-09 18:37:23.429 I/ActivityManager(  230): Config changed: { scale=1.0 imsi=310/120 loc=en_US touch=3 keys=1/1/2 nav=1/1 orien=2 layout=18 uiMode=17 seq=9}
02-09 18:37:23.860 D/StatusBarPolicy(  332): updateDataIcon subscription =0
02-09 18:37:24.620 D/StatusBarPolicy(  332): onSignalStrengthsChanged:SignalStrength: 99 0 -68 -70 -71 -20 8 99 2147483647 2147483647 2147483647 2147483647 cdma for subscription0
02-09 18:37:24.620 D/StatusBarPolicy(  332): updateSignalStrength on subscription :0
02-09 18:37:24.620 D/StatusBarPolicy(  332): StatusBarPolocy::getIconLevel -EVDO
02-09 18:37:24.620 D/StatusBarPolicy(  332): getEvdoLevel_band_six -evdoDbm:-71
02-09 18:37:24.630 D/StatusBarPolicy(  332): getEvdoLevel_band_six -evdoEcio:-20
02-09 18:37:26.092 D/StatusBarPolicy(  332): onSignalStrengthsChanged:SignalStrength: 99 0 -69 -90 -71 -20 8 99 2147483647 2147483647 2147483647 2147483647 cdma for subscription0
02-09 18:37:26.092 D/StatusBarPolicy(  332): updateSignalStrength on subscription :0
02-09 18:37:26.092 D/StatusBarPolicy(  332): StatusBarPolocy::getIconLevel -EVDO
02-09 18:37:26.092 D/StatusBarPolicy(  332): getEvdoLevel_band_six -evdoDbm:-71
02-09 18:37:26.092 D/StatusBarPolicy(  332): getEvdoLevel_band_six -evdoEcio:-20
02-09 18:37:26.092 I/TelephonyRegistry(  230): notifyServiceState: 0 home Sprint  310099  EvDo rev. A CSS not supported 41 4139RoamInd: 1RoamStatus(sprint): 1DefRoamInd: 160EmergOnly: false
02-09 18:37:26.102 D/StatusBarPolicy(  332): onServiceStateChanged:0 home Sprint  310099  EvDo rev. A CSS not supported 41 4139RoamInd: 1RoamStatus(sprint): 1DefRoamInd: 160EmergOnly: falsefor subscription :0
02-09 18:37:26.102 D/StatusBarPolicy(  332): updateSignalStrength on subscription :0
02-09 18:37:26.102 D/StatusBarPolicy(  332): StatusBarPolocy::getIconLevel -EVDO
02-09 18:37:26.102 D/StatusBarPolicy(  332): getEvdoLevel_band_six -evdoDbm:-71
02-09 18:37:26.102 D/StatusBarPolicy(  332): getEvdoLevel_band_six -evdoEcio:-20
02-09 18:37:26.102 D/StatusBarPolicy(  332): updateDataIcon subscription =0
02-09 18:37:26.783 I/WindowManager(  230): Setting rotation to 0, animFlags=0
02-09 18:37:26.803 I/ActivityManager(  230): Config changed: { scale=1.0 imsi=310/120 loc=en_US touch=3 keys=1/1/2 nav=1/1 orien=1 layout=18 uiMode=17 seq=10}
02-09 18:37:26.883 D/StatusBarPolicy(  332): onSignalStrengthsChanged:SignalStrength: 99 0 -69 -90 -64 -20 8 99 2147483647 2147483647 2147483647 2147483647 cdma for subscription0
02-09 18:37:26.883 D/StatusBarPolicy(  332): updateSignalStrength on subscription :0
02-09 18:37:26.883 D/StatusBarPolicy(  332): StatusBarPolocy::getIconLevel -EVDO
02-09 18:37:26.883 D/StatusBarPolicy(  332): getEvdoLevel_band_six -evdoDbm:-64
02-09 18:37:26.883 D/StatusBarPolicy(  332): getEvdoLevel_band_six -evdoEcio:-20
02-09 18:37:27.103 W/WifiScan(  230): misformatted scan result for: 00:1e:4a:27:06:c0	2437	175	[WPA-EAP-TKIP]				
02-09 18:37:27.103 W/WifiScan(  230): misformatted scan result for: 00:1e:4a:27:0d:e0	2412	167	[WPA-EAP-TKIP]				
02-09 18:37:27.103 W/WifiScan(  230): misformatted scan result for: 00:03:52:ab:3d:91	2437	171						
02-09 18:37:27.103 W/WifiScan(  230): misformatted scan result for: 00:1e:4a:27:06:c0	2437	175	[WPA-EAP-TKIP]				
02-09 18:37:27.113 W/WifiScan(  230): misformatted scan result for: 00:1e:4a:27:0d:e0	2412	167	[WPA-EAP-TKIP]				
02-09 18:37:27.113 W/WifiScan(  230): misformatted scan result for: 00:03:52:ab:3d:91	2437	171						
02-09 18:37:28.564 D/PowerManagerService(  230): setTimeoutLocked now=181383 timeoutOverride=-1 nextState=3 when=187383
02-09 18:37:28.574 W/WindowManager(  230): updateFocusedWindowLocked newFocus=Window{408073c8 TrackingView paused=false} mode=3 mCurrentFocus = Window{4099d488 com.android.mms/com.android.mms.ui.ComposeMessageActivity paused=false}
02-09 18:37:28.594 W/WindowManager(  230): updateFocusedWindowLocked newFocus=Window{408abe50 StatusBarExpanded paused=false} mode=3 mCurrentFocus = Window{408073c8 TrackingView paused=false}
02-09 18:37:28.604 D/WifiService(  230): ACTION_BATTERY_CHANGED pluggedType: 0
02-09 18:37:28.604 D/WifiService(  230): WifiHandler, MESSAGE_UPDATE_STATE
02-09 18:37:28.604 D/WifiService(  230): isAirplaneModeOn(): false
02-09 18:37:28.604 D/WifiService(  230): updateWifiState(), wifiEnabled: true, airplaneMode: false, wifiShouldBeEnabled: true, wifiShouldBeStarted: true, strongestLockMode: 1
02-09 18:37:28.604 D/WifiService(  230): WifiHandler, MESSAGE_ENABLE_WIFI, msg.arg1: 0, msg.arg2: 1000
02-09 18:37:28.604 D/WifiService(  230): WifiHandler, MESSAGE_START_WIFI, msg.arg1: 1
02-09 18:37:28.734 D/PowerManagerService(  230): setTimeoutLocked now=181555 timeoutOverride=-1 nextState=3 when=187555
02-09 18:37:29.185 D/StatusBarPolicy(  332): onSignalStrengthsChanged:SignalStrength: 99 0 -69 -90 -62 -20 8 99 2147483647 2147483647 2147483647 2147483647 cdma for subscription0
02-09 18:37:29.185 D/StatusBarPolicy(  332): updateSignalStrength on subscription :0
02-09 18:37:29.195 D/StatusBarPolicy(  332): StatusBarPolocy::getIconLevel -EVDO
02-09 18:37:29.195 D/StatusBarPolicy(  332): getEvdoLevel_band_six -evdoDbm:-62
02-09 18:37:29.195 D/StatusBarPolicy(  332): getEvdoLevel_band_six -evdoEcio:-20
02-09 18:37:31.167 D/StatusBarPolicy(  332): onSignalStrengthsChanged:SignalStrength: 99 0 -77 -70 -62 -15 8 99 2147483647 2147483647 2147483647 2147483647 cdma for subscription0
02-09 18:37:31.167 D/StatusBarPolicy(  332): updateSignalStrength on subscription :0
02-09 18:37:31.177 D/StatusBarPolicy(  332): StatusBarPolocy::getIconLevel -EVDO
02-09 18:37:31.177 D/StatusBarPolicy(  332): getEvdoLevel_band_six -evdoDbm:-62
02-09 18:37:31.177 D/StatusBarPolicy(  332): getEvdoLevel_band_six -evdoEcio:-15
02-09 18:37:31.197 I/TelephonyRegistry(  230): notifyServiceState: 0 home Sprint  310099  EvDo rev. A CSS not supported 41 4139RoamInd: 1RoamStatus(sprint): 1DefRoamInd: 160EmergOnly: false
02-09 18:37:31.197 D/StatusBarPolicy(  332): onServiceStateChanged:0 home Sprint  310099  EvDo rev. A CSS not supported 41 4139RoamInd: 1RoamStatus(sprint): 1DefRoamInd: 160EmergOnly: falsefor subscription :0
02-09 18:37:31.197 D/StatusBarPolicy(  332): updateSignalStrength on subscription :0
02-09 18:37:31.197 D/StatusBarPolicy(  332): StatusBarPolocy::getIconLevel -EVDO
02-09 18:37:31.197 D/StatusBarPolicy(  332): getEvdoLevel_band_six -evdoDbm:-62
02-09 18:37:31.197 D/StatusBarPolicy(  332): getEvdoLevel_band_six -evdoEcio:-15
02-09 18:37:31.197 D/StatusBarPolicy(  332): updateDataIcon subscription =0
02-09 18:37:31.597 D/PowerManagerService(  230): setTimeoutLocked now=184409 timeoutOverride=-1 nextState=3 when=190409
02-09 18:37:31.717 D/PowerManagerService(  230): setTimeoutLocked now=184532 timeoutOverride=-1 nextState=3 when=190532
02-09 18:37:31.717 I/ActivityManager(  230): Starting: Intent { dat=content://mms-sms/conversations/1 flg=0x34000000 cmp=com.android.mms/.ui.ComposeMessageActivity bnds=[0,159][320,223] } from pid -1
02-09 18:37:31.938 W/WindowManager(  230): updateFocusedWindowLocked newFocus=Window{408abe50 StatusBarExpanded paused=false} mode=3 mCurrentFocus = Window{408abe50 StatusBarExpanded paused=false}
02-09 18:37:31.948 W/WindowManager(  230): updateFocusedWindowLocked newFocus=Window{4099d488 com.android.mms/com.android.mms.ui.ComposeMessageActivity paused=false} mode=3 mCurrentFocus = Window{408abe50 StatusBarExpanded paused=false}
02-09 18:37:31.958 W/InputManagerService(  230): Window already focused, ignoring focus gain of: com.android.internal.view.IInputMethodClient$Stub$Proxy@4053c140
02-09 18:37:33.119 D/PowerManagerService(  230): setTimeoutLocked now=185930 timeoutOverride=-1 nextState=3 when=191930
02-09 18:37:33.119 W/WindowManager(  230): updateFocusedWindowLocked newFocus=Window{408073c8 TrackingView paused=false} mode=3 mCurrentFocus = Window{4099d488 com.android.mms/com.android.mms.ui.ComposeMessageActivity paused=false}
02-09 18:37:33.129 W/WindowManager(  230): updateFocusedWindowLocked newFocus=Window{408abe50 StatusBarExpanded paused=false} mode=3 mCurrentFocus = Window{408073c8 TrackingView paused=false}
02-09 18:37:33.249 D/PowerManagerService(  230): setTimeoutLocked now=186066 timeoutOverride=-1 nextState=3 when=192066
02-09 18:37:33.859 D/PowerManagerService(  230): setTimeoutLocked now=186672 timeoutOverride=-1 nextState=3 when=192672
02-09 18:37:33.990 D/PowerManagerService(  230): setTimeoutLocked now=186800 timeoutOverride=-1 nextState=3 when=192800
02-09 18:37:34.070 W/WifiScan(  230): misformatted scan result for: 00:1e:4a:27:0d:e0	2412	172	[WPA-EAP-TKIP]				
02-09 18:37:34.070 W/WifiScan(  230): misformatted scan result for: 00:1e:4a:27:06:c0	2437	172	[WPA-EAP-TKIP]				
02-09 18:37:34.070 W/WifiScan(  230): misformatted scan result for: 00:1e:4a:27:48:00	2462	166	[WPA-EAP-TKIP]				
02-09 18:37:34.070 W/WifiScan(  230): misformatted scan result for: 00:03:52:ab:3d:91	2437	171						
02-09 18:37:34.110 W/WifiScan(  230): misformatted scan result for: 00:1e:4a:27:0d:e0	2412	172	[WPA-EAP-TKIP]				
02-09 18:37:34.110 W/WifiScan(  230): misformatted scan result for: 00:1e:4a:27:06:c0	2437	172	[WPA-EAP-TKIP]				
02-09 18:37:34.120 W/WifiScan(  230): misformatted scan result for: 00:1e:4a:27:48:00	2462	166	[WPA-EAP-TKIP]				
02-09 18:37:34.120 W/WifiScan(  230): misformatted scan result for: 00:03:52:ab:3d:91	2437	171						
02-09 18:37:34.240 W/WindowManager(  230): updateFocusedWindowLocked newFocus=Window{408abe50 StatusBarExpanded paused=false} mode=3 mCurrentFocus = Window{408abe50 StatusBarExpanded paused=false}
02-09 18:37:34.250 W/WindowManager(  230): updateFocusedWindowLocked newFocus=Window{4099d488 com.android.mms/com.android.mms.ui.ComposeMessageActivity paused=false} mode=3 mCurrentFocus = Window{408abe50 StatusBarExpanded paused=false}
02-09 18:37:34.260 W/InputManagerService(  230): Window already focused, ignoring focus gain of: com.android.internal.view.IInputMethodClient$Stub$Proxy@407c6de0
02-09 18:37:35.331 D/WifiService(  230): ACTION_SCREEN_OFF
02-09 18:37:35.351 D/WifiService(  230): setting ACTION_DEVICE_IDLE timer for 120,000 ms
02-09 18:37:35.571 D/PowerManagerService(  230): setTimeoutLocked now=188393 timeoutOverride=-1 nextState=0 when=195393
02-09 18:37:35.581 W/WindowManager(  230): updateFocusedWindowLocked newFocus=Window{407ae048 Keyguard paused=false} mode=3 mCurrentFocus = Window{4099d488 com.android.mms/com.android.mms.ui.ComposeMessageActivity paused=false}
02-09 18:38:44.544 D/WifiService(  230): ACTION_BATTERY_CHANGED pluggedType: 0
02-09 18:38:44.544 D/WifiService(  230): WifiHandler, MESSAGE_UPDATE_STATE
02-09 18:38:44.544 D/WifiService(  230): isAirplaneModeOn(): false
02-09 18:38:44.544 D/WifiService(  230): updateWifiState(), wifiEnabled: true, airplaneMode: false, wifiShouldBeEnabled: true, wifiShouldBeStarted: true, strongestLockMode: 1
02-09 18:38:44.544 D/WifiService(  230): WifiHandler, MESSAGE_ENABLE_WIFI, msg.arg1: 0, msg.arg2: 1000
02-09 18:38:44.544 D/WifiService(  230): WifiHandler, MESSAGE_START_WIFI, msg.arg1: 1
02-09 18:38:44.554 D/AlarmManager(  230): scheduleTimeTickEvent calendar=Thu Feb 09 18:39:00 CST 2012
02-09 18:38:44.554 D/AlarmManager(  230): calendar.getTimeInMillis()1328834340000
02-09 18:39:25.544 D/AlarmManager(  230): scheduleTimeTickEvent calendar=Thu Feb 09 18:40:00 CST 2012
02-09 18:39:25.544 D/AlarmManager(  230): calendar.getTimeInMillis()1328834400000
02-09 18:39:25.564 W/WindowManager(  230): updateFocusedWindowLocked newFocus=Window{407ae048 Keyguard paused=false} mode=3 mCurrentFocus = Window{407ae048 Keyguard paused=false}
02-09 18:39:26.444 I/ActivityManager(  230): Start proc com.facebook.orca for broadcast com.facebook.orca/.push.c2dm.C2DMBroadcastReceiver: pid=978 uid=10066 gids={3003, 1015, 1006}
02-09 18:39:27.695 W/WindowManager(  230): updateFocusedWindowLocked newFocus=Window{407ae048 Keyguard paused=false} mode=3 mCurrentFocus = Window{407ae048 Keyguard paused=false}
02-09 18:39:30.528 D/WifiService(  230): ACTION_BATTERY_CHANGED pluggedType: 0
02-09 18:39:30.528 D/WifiService(  230): WifiHandler, MESSAGE_UPDATE_STATE
02-09 18:39:30.528 D/WifiService(  230): isAirplaneModeOn(): false
02-09 18:39:30.528 D/WifiService(  230): updateWifiState(), wifiEnabled: true, airplaneMode: false, wifiShouldBeEnabled: true, wifiShouldBeStarted: true, strongestLockMode: 1
02-09 18:39:30.538 D/WifiService(  230): WifiHandler, MESSAGE_ENABLE_WIFI, msg.arg1: 0, msg.arg2: 1000
02-09 18:39:30.548 D/WifiService(  230): WifiHandler, MESSAGE_START_WIFI, msg.arg1: 1
02-09 18:39:35.343 D/WifiService(  230): got ACTION_DEVICE_IDLE
02-09 18:39:35.343 D/WifiService(  230): WifiHandler, MESSAGE_UPDATE_STATE
02-09 18:39:35.353 D/WifiService(  230): isAirplaneModeOn(): false
02-09 18:39:35.353 D/WifiService(  230): updateWifiState(), wifiEnabled: true, airplaneMode: false, wifiShouldBeEnabled: true, wifiShouldBeStarted: false, strongestLockMode: 1
02-09 18:39:35.373 D/WifiService(  230): WifiHandler, MESSAGE_STOP_WIFI
02-09 18:39:36.454 D/ConnectivityService(  230): Dropping ConnectivityChange for WIFI: DISCONNECTED/IDLE
02-09 18:39:43.390 D/WifiService(  230): WifiHandler, MESSAGE_RELEASE_WAKELOCK
02-09 18:40:06.544 D/AlarmManager(  230): scheduleTimeTickEvent calendar=Thu Feb 09 18:41:00 CST 2012
02-09 18:40:06.544 D/AlarmManager(  230): calendar.getTimeInMillis()1328834460000
02-09 18:43:11.544 D/AlarmManager(  230): scheduleTimeTickEvent calendar=Thu Feb 09 18:44:00 CST 2012
02-09 18:43:11.544 D/AlarmManager(  230): calendar.getTimeInMillis()1328834640000
02-09 18:43:11.574 W/WindowManager(  230): updateFocusedWindowLocked newFocus=Window{407ae048 Keyguard paused=false} mode=3 mCurrentFocus = Window{407ae048 Keyguard paused=false}
02-09 18:43:11.594 W/WindowManager(  230): updateFocusedWindowLocked newFocus=Window{407ae048 Keyguard paused=false} mode=2 mCurrentFocus = Window{407ae048 Keyguard paused=false}
02-09 18:43:11.594 W/WindowManager(  230): updateFocusedWindowLocked newFocus=Window{407ae048 Keyguard paused=false} mode=2 mCurrentFocus = Window{407ae048 Keyguard paused=false}
02-09 18:43:11.634 D/WifiService(  230): ACTION_SCREEN_ON
02-09 18:43:11.634 D/WifiService(  230): WifiHandler, MESSAGE_UPDATE_STATE
02-09 18:43:11.634 D/WifiService(  230): isAirplaneModeOn(): false
02-09 18:43:11.634 D/WifiService(  230): updateWifiState(), wifiEnabled: true, airplaneMode: false, wifiShouldBeEnabled: true, wifiShouldBeStarted: true, strongestLockMode: 1
02-09 18:43:11.634 D/WifiService(  230): WifiHandler, MESSAGE_ENABLE_WIFI, msg.arg1: 0, msg.arg2: 1000
02-09 18:43:11.634 D/WifiService(  230): WifiHandler, MESSAGE_START_WIFI, msg.arg1: 1
02-09 18:43:11.684 D/StatusBarPolicy(  332): onSignalStrengthsChanged:SignalStrength: 99 0 -79 -70 -73 -30 8 99 2147483647 2147483647 2147483647 2147483647 cdma for subscription0
02-09 18:43:11.684 D/StatusBarPolicy(  332): updateSignalStrength on subscription :0
02-09 18:43:11.684 D/StatusBarPolicy(  332): StatusBarPolocy::getIconLevel -EVDO
02-09 18:43:11.684 D/StatusBarPolicy(  332): getEvdoLevel_band_six -evdoDbm:-73
02-09 18:43:11.684 D/StatusBarPolicy(  332): getEvdoLevel_band_six -evdoEcio:-30
02-09 18:43:11.704 D/StatusBarPolicy(  332): updateDataIcon subscription =0
02-09 18:43:12.214 I/TelephonyRegistry(  230): notifyServiceState: 0 home Sprint  310099  EvDo rev. A CSS not supported 41 4139RoamInd: 1RoamStatus(sprint): 1DefRoamInd: 160EmergOnly: false
02-09 18:43:12.214 D/StatusBarPolicy(  332): onServiceStateChanged:0 home Sprint  310099  EvDo rev. A CSS not supported 41 4139RoamInd: 1RoamStatus(sprint): 1DefRoamInd: 160EmergOnly: falsefor subscription :0
02-09 18:43:12.214 D/StatusBarPolicy(  332): updateSignalStrength on subscription :0
02-09 18:43:12.214 D/StatusBarPolicy(  332): StatusBarPolocy::getIconLevel -EVDO
02-09 18:43:12.214 D/StatusBarPolicy(  332): getEvdoLevel_band_six -evdoDbm:-73
02-09 18:43:12.214 D/StatusBarPolicy(  332): getEvdoLevel_band_six -evdoEcio:-30
02-09 18:43:12.214 D/StatusBarPolicy(  332): updateDataIcon subscription =0
02-09 18:43:12.674 D/StatusBarPolicy(  332): onSignalStrengthsChanged:SignalStrength: 99 0 -79 -70 -74 -35 8 99 2147483647 2147483647 2147483647 2147483647 cdma for subscription0
02-09 18:43:12.674 D/StatusBarPolicy(  332): updateSignalStrength on subscription :0
02-09 18:43:12.674 D/StatusBarPolicy(  332): StatusBarPolocy::getIconLevel -EVDO
02-09 18:43:12.674 D/StatusBarPolicy(  332): getEvdoLevel_band_six -evdoDbm:-74
02-09 18:43:12.674 D/StatusBarPolicy(  332): getEvdoLevel_band_six -evdoEcio:-35
02-09 18:43:13.105 D/PowerManagerService(  230): setTimeoutLocked now=213997 timeoutOverride=-1 nextState=3 when=219997
02-09 18:43:13.115 W/WindowManager(  230): updateFocusedWindowLocked newFocus=null mode=3 mCurrentFocus = Window{407ae048 Keyguard paused=false}
02-09 18:43:13.115 W/WindowManager(  230): updateFocusedWindowLocked newFocus=Window{4099d488 com.android.mms/com.android.mms.ui.ComposeMessageActivity paused=false} mode=2 mCurrentFocus = null
02-09 18:43:13.135 W/InputManagerService(  230): Window already focused, ignoring focus gain of: com.android.internal.view.IInputMethodClient$Stub$Proxy@406065d0
02-09 18:43:13.275 D/ConnectivityService(  230): Dropping ConnectivityChange for WIFI: DISCONNECTED/SCANNING
02-09 18:43:14.496 D/StatusBarPolicy(  332): updateDataIcon subscription =0
02-09 18:43:14.756 D/PowerManagerService(  230): setTimeoutLocked now=215648 timeoutOverride=-1 nextState=3 when=221648
02-09 18:43:14.766 W/WindowManager(  230): updateFocusedWindowLocked newFocus=Window{408073c8 TrackingView paused=false} mode=3 mCurrentFocus = Window{4099d488 com.android.mms/com.android.mms.ui.ComposeMessageActivity paused=false}
02-09 18:43:14.786 W/WindowManager(  230): updateFocusedWindowLocked newFocus=Window{408abe50 StatusBarExpanded paused=false} mode=3 mCurrentFocus = Window{408073c8 TrackingView paused=false}
02-09 18:43:14.896 D/StatusBarPolicy(  332): onSignalStrengthsChanged:SignalStrength: 99 0 -79 -95 -75 -35 7 99 2147483647 2147483647 2147483647 2147483647 cdma for subscription0
02-09 18:43:14.896 D/StatusBarPolicy(  332): updateSignalStrength on subscription :0
02-09 18:43:14.896 D/StatusBarPolicy(  332): StatusBarPolocy::getIconLevel -EVDO
02-09 18:43:14.896 D/StatusBarPolicy(  332): getEvdoLevel_band_six -evdoDbm:-75
02-09 18:43:14.896 D/StatusBarPolicy(  332): getEvdoLevel_band_six -evdoEcio:-35
02-09 18:43:14.946 D/PowerManagerService(  230): setTimeoutLocked now=215836 timeoutOverride=-1 nextState=3 when=221836
02-09 18:43:15.507 D/StatusBarPolicy(  332): updateDataIcon subscription =0
02-09 18:43:16.528 D/StatusBarPolicy(  332): updateDataIcon subscription =0
02-09 18:43:16.768 D/PowerManagerService(  230): setTimeoutLocked now=217657 timeoutOverride=-1 nextState=3 when=223657
02-09 18:43:16.808 D/PowerManagerService(  230): setTimeoutLocked now=217694 timeoutOverride=-1 nextState=3 when=223694
02-09 18:43:16.808 I/ActivityManager(  230): Starting: Intent { act=android.intent.action.VIEW dat=fb-messenger://thread/t_eCYB6euHM2MVwUBLyVYRTA flg=0x4000000 cmp=com.facebook.orca/.intents.IntentHandler bnds=[0,159][320,223] (has extras) } from pid -1
02-09 18:43:16.808 W/ActivityManager(  230): startActivity called from non-Activity context; forcing Intent.FLAG_ACTIVITY_NEW_TASK for: Intent { act=android.intent.action.VIEW dat=fb-messenger://thread/t_eCYB6euHM2MVwUBLyVYRTA flg=0x4000000 cmp=com.facebook.orca/.intents.IntentHandler bnds=[0,159][320,223] (has extras) }
02-09 18:43:16.818 W/WindowManager(  230): updateFocusedWindowLocked newFocus=Window{408abe50 StatusBarExpanded paused=false} mode=3 mCurrentFocus = Window{408abe50 StatusBarExpanded paused=false}
02-09 18:43:16.878 W/WindowManager(  230): updateFocusedWindowLocked newFocus=Window{408abe50 StatusBarExpanded paused=false} mode=0 mCurrentFocus = Window{408abe50 StatusBarExpanded paused=false}
02-09 18:43:16.878 W/WindowManager(  230): updateFocusedWindowLocked newFocus=Window{408abe50 StatusBarExpanded paused=false} mode=2 mCurrentFocus = Window{408abe50 StatusBarExpanded paused=false}
02-09 18:43:16.888 W/WindowManager(  230): updateFocusedWindowLocked newFocus=Window{408abe50 StatusBarExpanded paused=false} mode=2 mCurrentFocus = Window{408abe50 StatusBarExpanded paused=false}
02-09 18:43:16.898 I/ActivityManager(  230): Starting: Intent { cmp=com.facebook.orca/.threadview.ThreadViewActivity (has extras) } from pid 978
02-09 18:43:16.898 W/WindowManager(  230): updateFocusedWindowLocked newFocus=Window{408abe50 StatusBarExpanded paused=false} mode=3 mCurrentFocus = Window{408abe50 StatusBarExpanded paused=false}
02-09 18:43:16.928 W/WindowManager(  230): updateFocusedWindowLocked newFocus=Window{408abe50 StatusBarExpanded paused=false} mode=0 mCurrentFocus = Window{408abe50 StatusBarExpanded paused=false}
02-09 18:43:16.938 W/WindowManager(  230): updateFocusedWindowLocked newFocus=Window{408abe50 StatusBarExpanded paused=false} mode=2 mCurrentFocus = Window{408abe50 StatusBarExpanded paused=false}
02-09 18:43:16.938 W/WindowManager(  230): updateFocusedWindowLocked newFocus=Window{408abe50 StatusBarExpanded paused=false} mode=2 mCurrentFocus = Window{408abe50 StatusBarExpanded paused=false}
02-09 18:43:17.068 W/WindowManager(  230): updateFocusedWindowLocked newFocus=Window{408073c8 TrackingView paused=false} mode=3 mCurrentFocus = Window{408abe50 StatusBarExpanded paused=false}
02-09 18:43:17.078 W/WindowManager(  230): updateFocusedWindowLocked newFocus=null mode=3 mCurrentFocus = Window{408073c8 TrackingView paused=false}
02-09 18:43:17.118 D/StatusBarPolicy(  332): onSignalStrengthsChanged:SignalStrength: 99 0 -79 -95 -75 -50 8 99 2147483647 2147483647 2147483647 2147483647 cdma for subscription0
02-09 18:43:17.128 D/StatusBarPolicy(  332): updateSignalStrength on subscription :0
02-09 18:43:17.128 D/StatusBarPolicy(  332): StatusBarPolocy::getIconLevel -EVDO
02-09 18:43:17.128 D/StatusBarPolicy(  332): getEvdoLevel_band_six -evdoDbm:-75
02-09 18:43:17.128 D/StatusBarPolicy(  332): getEvdoLevel_band_six -evdoEcio:-50
02-09 18:43:17.309 W/WindowManager(  230): updateFocusedWindowLocked newFocus=null mode=3 mCurrentFocus = null
02-09 18:43:17.569 W/WindowManager(  230): updateFocusedWindowLocked newFocus=Window{409db328 com.facebook.orca/com.facebook.orca.threadview.ThreadViewActivity paused=false} mode=3 mCurrentFocus = null
02-09 18:43:17.929 W/WindowManager(  230): updateFocusedWindowLocked newFocus=Window{409db328 com.facebook.orca/com.facebook.orca.threadview.ThreadViewActivity paused=false} mode=3 mCurrentFocus = Window{409db328 com.facebook.orca/com.facebook.orca.threadview.ThreadViewActivity paused=false}
02-09 18:43:18.540 D/StatusBarPolicy(  332): updateDataIcon subscription =0
02-09 18:43:19.361 D/StatusBarPolicy(  332): onSignalStrengthsChanged:SignalStrength: 99 0 -78 -85 -75 -40 7 99 2147483647 2147483647 2147483647 2147483647 cdma for subscription0
02-09 18:43:19.361 D/StatusBarPolicy(  332): updateSignalStrength on subscription :0
02-09 18:43:19.361 D/StatusBarPolicy(  332): StatusBarPolocy::getIconLevel -EVDO
02-09 18:43:19.361 D/StatusBarPolicy(  332): getEvdoLevel_band_six -evdoDbm:-75
02-09 18:43:19.361 D/StatusBarPolicy(  332): getEvdoLevel_band_six -evdoEcio:-40
02-09 18:43:21.553 D/StatusBarPolicy(  332): updateDataIcon subscription =0
02-09 18:43:21.633 D/StatusBarPolicy(  332): onSignalStrengthsChanged:SignalStrength: 99 0 -78 -85 -75 -25 8 99 2147483647 2147483647 2147483647 2147483647 cdma for subscription0
02-09 18:43:21.633 D/StatusBarPolicy(  332): updateSignalStrength on subscription :0
02-09 18:43:21.633 D/StatusBarPolicy(  332): StatusBarPolocy::getIconLevel -EVDO
02-09 18:43:21.633 D/StatusBarPolicy(  332): getEvdoLevel_band_six -evdoDbm:-75
02-09 18:43:21.633 D/StatusBarPolicy(  332): getEvdoLevel_band_six -evdoEcio:-25
02-09 18:43:22.814 D/PowerManagerService(  230): setTimeoutLocked now=223701 timeoutOverride=-1 nextState=1 when=330701
02-09 18:43:23.865 D/StatusBarPolicy(  332): onSignalStrengthsChanged:SignalStrength: 99 0 -78 -85 -76 -40 8 99 2147483647 2147483647 2147483647 2147483647 cdma for subscription0
02-09 18:43:23.875 D/StatusBarPolicy(  332): updateSignalStrength on subscription :0
02-09 18:43:23.885 D/StatusBarPolicy(  332): StatusBarPolocy::getIconLevel -EVDO
02-09 18:43:23.885 D/StatusBarPolicy(  332): getEvdoLevel_band_six -evdoDbm:-76
02-09 18:43:23.885 D/StatusBarPolicy(  332): getEvdoLevel_band_six -evdoEcio:-40
02-09 18:43:26.117 D/StatusBarPolicy(  332): onSignalStrengthsChanged:SignalStrength: 99 0 -79 -70 -76 -40 8 99 2147483647 2147483647 2147483647 2147483647 cdma for subscription0
02-09 18:43:26.117 D/StatusBarPolicy(  332): updateSignalStrength on subscription :0
02-09 18:43:26.127 D/StatusBarPolicy(  332): StatusBarPolocy::getIconLevel -EVDO
02-09 18:43:26.127 D/StatusBarPolicy(  332): getEvdoLevel_band_six -evdoDbm:-76
02-09 18:43:26.127 D/StatusBarPolicy(  332): getEvdoLevel_band_six -evdoEcio:-40
02-09 18:43:28.369 D/StatusBarPolicy(  332): onSignalStrengthsChanged:SignalStrength: 99 0 -80 -85 -87 -45 8 99 2147483647 2147483647 2147483647 2147483647 cdma for subscription0
02-09 18:43:28.379 D/StatusBarPolicy(  332): updateSignalStrength on subscription :0
02-09 18:43:28.389 D/StatusBarPolicy(  332): StatusBarPolocy::getIconLevel -EVDO
02-09 18:43:28.399 D/StatusBarPolicy(  332): getEvdoLevel_band_six -evdoDbm:-87
02-09 18:43:28.399 D/StatusBarPolicy(  332): getEvdoLevel_band_six -evdoEcio:-45
02-09 18:43:30.592 D/StatusBarPolicy(  332): onSignalStrengthsChanged:SignalStrength: 99 0 -81 -70 -85 -35 8 99 2147483647 2147483647 2147483647 2147483647 cdma for subscription0
02-09 18:43:30.592 D/StatusBarPolicy(  332): updateSignalStrength on subscription :0
02-09 18:43:30.602 D/StatusBarPolicy(  332): StatusBarPolocy::getIconLevel -EVDO
02-09 18:43:30.602 D/StatusBarPolicy(  332): getEvdoLevel_band_six -evdoDbm:-85
02-09 18:43:30.602 D/StatusBarPolicy(  332): getEvdoLevel_band_six -evdoEcio:-35
02-09 18:43:31.542 D/StatusBarPolicy(  332): updateDataIcon subscription =0
02-09 18:43:32.824 D/StatusBarPolicy(  332): onSignalStrengthsChanged:SignalStrength: 99 0 -81 -70 -84 -30 8 99 2147483647 2147483647 2147483647 2147483647 cdma for subscription0
02-09 18:43:32.834 D/StatusBarPolicy(  332): updateSignalStrength on subscription :0
02-09 18:43:32.844 D/StatusBarPolicy(  332): StatusBarPolocy::getIconLevel -EVDO
02-09 18:43:32.844 D/StatusBarPolicy(  332): getEvdoLevel_band_six -evdoDbm:-84
02-09 18:43:32.844 D/StatusBarPolicy(  332): getEvdoLevel_band_six -evdoEcio:-30
02-09 18:43:36.327 D/PowerManagerService(  230): setTimeoutLocked now=237218 timeoutOverride=-1 nextState=3 when=243218
02-09 18:43:36.467 D/PowerManagerService(  230): setTimeoutLocked now=237354 timeoutOverride=-1 nextState=3 when=243354
02-09 18:43:36.537 D/WifiService(  230): acquireWifiLockLocked: WifiLock{NetworkLocationLocator type=2 binder=android.os.BinderProxy@409aeab8}
02-09 18:43:36.537 D/WifiService(  230): WifiHandler, MESSAGE_UPDATE_STATE
02-09 18:43:36.537 D/WifiService(  230): isAirplaneModeOn(): false
02-09 18:43:36.537 D/WifiService(  230): updateWifiState(), wifiEnabled: true, airplaneMode: false, wifiShouldBeEnabled: true, wifiShouldBeStarted: true, strongestLockMode: 1
02-09 18:43:36.537 D/WifiService(  230): WifiHandler, MESSAGE_ENABLE_WIFI, msg.arg1: 0, msg.arg2: 1000
02-09 18:43:36.537 D/WifiService(  230): WifiHandler, MESSAGE_START_WIFI, msg.arg1: 1
02-09 18:43:36.567 D/WifiService(  230): ACTION_BATTERY_CHANGED pluggedType: 0
02-09 18:43:36.577 W/WindowManager(  230): updateFocusedWindowLocked newFocus=Window{409db328 com.facebook.orca/com.facebook.orca.threadview.ThreadViewActivity paused=false} mode=3 mCurrentFocus = Window{409db328 com.facebook.orca/com.facebook.orca.threadview.ThreadViewActivity paused=false}
02-09 18:43:36.587 D/WifiService(  230): WifiHandler, MESSAGE_UPDATE_STATE
02-09 18:43:36.587 D/WifiService(  230): isAirplaneModeOn(): false
02-09 18:43:36.587 D/WifiService(  230): updateWifiState(), wifiEnabled: true, airplaneMode: false, wifiShouldBeEnabled: true, wifiShouldBeStarted: true, strongestLockMode: 1
02-09 18:43:36.587 D/WifiService(  230): WifiHandler, MESSAGE_ENABLE_WIFI, msg.arg1: 0, msg.arg2: 1000
02-09 18:43:36.587 D/WifiService(  230): WifiHandler, MESSAGE_START_WIFI, msg.arg1: 1
02-09 18:43:36.748 D/StatusBarPolicy(  332): updateDataIcon subscription =0
02-09 18:43:36.778 D/RPC     (  230): 3000008c:00050000 sending call (XID 10).
02-09 18:43:36.778 D/RPC     (  230): 3000008c:00050000 received REPLY (XID 10), grabbing mutex to wake up client.
02-09 18:43:36.778 D/RPC     (  230): 3000008c:00050000 call success.
02-09 18:43:36.798 D/RPC     (  230): 3000008c:00050000 waiting for XDR input buffer to be consumed.
02-09 18:43:36.798 D/RPC     (  230): 3000008c:00050000 received CALL.
02-09 18:43:36.798 D/RPC     (  230): 3000008c:00050000 dispatching RPC call (XID 24, xdr 0x372db0) for callback client 3100008c:00050001.
02-09 18:43:36.798 D/RPC     (  230): 3100008c:327681 sending RPC reply (XID 24)
02-09 18:43:36.798 D/RPC     (  230): 3000008c:00050000 sending call (XID 11).
02-09 18:43:36.818 D/RPC     (  230): 3000008c:00050000 received REPLY (XID 11), grabbing mutex to wake up client.
02-09 18:43:36.818 D/RPC     (  230): 3000008c:00050000 call success.
02-09 18:43:36.828 D/RPC     (  230): 3000008c:00050000 received CALL.
02-09 18:43:36.838 D/RPC     (  230): 3000008c:00050000 dispatching RPC call (XID 25, xdr 0x372db0) for callback client 3100008c:00050001.
02-09 18:43:36.848 D/RPC     (  230): 3100008c:327681 sending RPC reply (XID 25)
02-09 18:43:37.138 W/WindowManager(  230): updateFocusedWindowLocked newFocus=Window{409db328 com.facebook.orca/com.facebook.orca.threadview.ThreadViewActivity paused=false} mode=3 mCurrentFocus = Window{409db328 com.facebook.orca/com.facebook.orca.threadview.ThreadViewActivity paused=false}
02-09 18:43:37.188 D/RPC     (  230): 3000008c:00050000 received CALL.
02-09 18:43:37.188 D/RPC     (  230): 3000008c:00050000 dispatching RPC call (XID 26, xdr 0x372db0) for callback client 3100008c:00050001.
02-09 18:43:37.198 D/RPC     (  230): 3100008c:327681 sending RPC reply (XID 26)
02-09 18:43:37.298 D/StatusBarPolicy(  332): onSignalStrengthsChanged:SignalStrength: 99 0 -81 -70 -82 -40 7 99 2147483647 2147483647 2147483647 2147483647 cdma for subscription0
02-09 18:43:37.298 D/StatusBarPolicy(  332): updateSignalStrength on subscription :0
02-09 18:43:37.308 D/StatusBarPolicy(  332): StatusBarPolocy::getIconLevel -EVDO
02-09 18:43:37.308 D/StatusBarPolicy(  332): getEvdoLevel_band_six -evdoDbm:-82
02-09 18:43:37.308 D/StatusBarPolicy(  332): getEvdoLevel_band_six -evdoEcio:-40
02-09 18:43:37.769 D/StatusBarPolicy(  332): updateDataIcon subscription =0
02-09 18:43:38.329 D/PowerManagerService(  230): setTimeoutLocked now=239215 timeoutOverride=-1 nextState=3 when=245215
02-09 18:43:38.359 W/WindowManager(  230): updateFocusedWindowLocked newFocus=Window{409db328 com.facebook.orca/com.facebook.orca.threadview.ThreadViewActivity paused=false} mode=3 mCurrentFocus = Window{409db328 com.facebook.orca/com.facebook.orca.threadview.ThreadViewActivity paused=false}
02-09 18:43:38.469 D/PowerManagerService(  230): setTimeoutLocked now=239339 timeoutOverride=-1 nextState=3 when=245339
02-09 18:43:38.569 W/WindowManager(  230): updateFocusedWindowLocked newFocus=Window{409db328 com.facebook.orca/com.facebook.orca.threadview.ThreadViewActivity paused=false} mode=3 mCurrentFocus = Window{409db328 com.facebook.orca/com.facebook.orca.threadview.ThreadViewActivity paused=false}
02-09 18:43:38.820 D/RPC     (  230): 3000008c:00050000 received CALL.
02-09 18:43:38.820 D/RPC     (  230): 3000008c:00050000 dispatching RPC call (XID 27, xdr 0x372db0) for callback client 3100008c:00050001.
02-09 18:43:38.820 D/RPC     (  230): 3100008c:327681 sending RPC reply (XID 27)
02-09 18:43:39.110 D/RPC     (  230): 3000008c:00050000 received CALL.
02-09 18:43:39.110 D/RPC     (  230): 3000008c:00050000 dispatching RPC call (XID 28, xdr 0x372db0) for callback client 3100008c:00050001.
02-09 18:43:39.120 D/RPC     (  230): 3100008c:327681 sending RPC reply (XID 28)
02-09 18:43:39.120 D/RPC     (  230): 3000008c:00050000 received CALL.
02-09 18:43:39.120 D/RPC     (  230): 3000008c:00050000 dispatching RPC call (XID 29, xdr 0x372db0) for callback client 3100008c:00050001.
02-09 18:43:39.130 D/RPC     (  230): 3100008c:327681 sending RPC reply (XID 29)
02-09 18:43:39.130 D/RPC     (  230): 3000008c:00050000 received CALL.
02-09 18:43:39.130 D/RPC     (  230): 3000008c:00050000 dispatching RPC call (XID 30, xdr 0x372db0) for callback client 3100008c:00050001.
02-09 18:43:39.130 D/RPC     (  230): 3100008c:327681 sending RPC reply (XID 30)
02-09 18:43:39.140 D/RPC     (  230): 3000008c:00050000 received CALL.
02-09 18:43:39.140 D/RPC     (  230): 3000008c:00050000 dispatching RPC call (XID 31, xdr 0x372db0) for callback client 3100008c:00050001.
02-09 18:43:39.150 D/RPC     (  230): 3100008c:327681 sending RPC reply (XID 31)
02-09 18:43:39.150 D/RPC     (  230): 3000008c:00050000 received CALL.
02-09 18:43:39.150 D/RPC     (  230): 3000008c:00050000 dispatching RPC call (XID 32, xdr 0x372db0) for callback client 3100008c:00050001.
02-09 18:43:39.160 D/RPC     (  230): 3100008c:327681 sending RPC reply (XID 32)
02-09 18:43:39.160 D/RPC     (  230): 3000008c:00050000 received CALL.
02-09 18:43:39.160 D/RPC     (  230): 3000008c:00050000 dispatching RPC call (XID 33, xdr 0x372db0) for callback client 3100008c:00050001.
02-09 18:43:39.170 D/RPC     (  230): 3100008c:327681 sending RPC reply (XID 33)
02-09 18:43:39.170 D/RPC     (  230): 3000008c:00050000 received CALL.
02-09 18:43:39.170 D/RPC     (  230): 3000008c:00050000 dispatching RPC call (XID 34, xdr 0x372db0) for callback client 3100008c:00050001.
02-09 18:43:39.180 D/RPC     (  230): 3100008c:327681 sending RPC reply (XID 34)
02-09 18:43:39.180 D/RPC     (  230): 3000008c:00050000 received CALL.
