02-09 18:43:53.754 W/WindowManager(  230): updateFocusedWindowLocked newFocus=Window{409db328 com.facebook.orca/com.facebook.orca.threadview.ThreadViewActivity paused=false} mode=3 mCurrentFocus = Window{409db328 com.facebook.orca/com.facebook.orca.threadview.ThreadViewActivity paused=false}
02-09 18:43:53.844 W/WindowManager(  230): updateFocusedWindowLocked newFocus=Window{409db328 com.facebook.orca/com.facebook.orca.threadview.ThreadViewActivity paused=false} mode=3 mCurrentFocus = Window{409db328 com.facebook.orca/com.facebook.orca.threadview.ThreadViewActivity paused=false}
02-09 18:43:53.884 D/StatusBarPolicy(  332): updateDataIcon subscription =0
02-09 18:43:53.964 W/WindowManager(  230): updateFocusedWindowLocked newFocus=Window{409db328 com.facebook.orca/com.facebook.orca.threadview.ThreadViewActivity paused=false} mode=3 mCurrentFocus = Window{409db328 com.facebook.orca/com.facebook.orca.threadview.ThreadViewActivity paused=false}
02-09 18:43:54.335 D/PowerManagerService(  230): setTimeoutLocked now=255226 timeoutOverride=-1 nextState=3 when=261226
02-09 18:43:54.345 W/WindowManager(  230): updateFocusedWindowLocked newFocus=Window{409db328 com.facebook.orca/com.facebook.orca.threadview.ThreadViewActivity paused=false} mode=3 mCurrentFocus = Window{409db328 com.facebook.orca/com.facebook.orca.threadview.ThreadViewActivity paused=false}
02-09 18:43:54.465 D/PowerManagerService(  230): setTimeoutLocked now=255351 timeoutOverride=-1 nextState=3 when=261351
02-09 18:43:54.495 W/WindowManager(  230): updateFocusedWindowLocked newFocus=Window{409db328 com.facebook.orca/com.facebook.orca.threadview.ThreadViewActivity paused=false} mode=3 mCurrentFocus = Window{409db328 com.facebook.orca/com.facebook.orca.threadview.ThreadViewActivity paused=false}
02-09 18:43:54.535 W/WindowManager(  230): updateFocusedWindowLocked newFocus=Window{409db328 com.facebook.orca/com.facebook.orca.threadview.ThreadViewActivity paused=false} mode=3 mCurrentFocus = Window{409db328 com.facebook.orca/com.facebook.orca.threadview.ThreadViewActivity paused=false}
02-09 18:43:54.635 W/WindowManager(  230): updateFocusedWindowLocked newFocus=Window{409db328 com.facebook.orca/com.facebook.orca.threadview.ThreadViewActivity paused=false} mode=3 mCurrentFocus = Window{409db328 com.facebook.orca/com.facebook.orca.threadview.ThreadViewActivity paused=false}
02-09 18:43:54.835 W/WindowManager(  230): updateFocusedWindowLocked newFocus=Window{409db328 com.facebook.orca/com.facebook.orca.threadview.ThreadViewActivity paused=false} mode=3 mCurrentFocus = Window{409db328 com.facebook.orca/com.facebook.orca.threadview.ThreadViewActivity paused=false}
02-09 18:43:54.875 D/PowerManagerService(  230): setTimeoutLocked now=255763 timeoutOverride=-1 nextState=3 when=261763
02-09 18:43:54.955 W/WindowManager(  230): updateFocusedWindowLocked newFocus=Window{409db328 com.facebook.orca/com.facebook.orca.threadview.ThreadViewActivity paused=false} mode=3 mCurrentFocus = Window{409db328 com.facebook.orca/com.facebook.orca.threadview.ThreadViewActivity paused=false}
02-09 18:43:55.256 D/StatusBarPolicy(  332): onSignalStrengthsChanged:SignalStrength: 99 0 -84 -70 -85 -45 7 99 2147483647 2147483647 2147483647 2147483647 cdma for subscription0
02-09 18:43:55.266 D/StatusBarPolicy(  332): updateSignalStrength on subscription :0
02-09 18:43:55.276 D/StatusBarPolicy(  332): StatusBarPolocy::getIconLevel -EVDO
02-09 18:43:55.276 D/StatusBarPolicy(  332): getEvdoLevel_band_six -evdoDbm:-85
02-09 18:43:55.276 D/StatusBarPolicy(  332): getEvdoLevel_band_six -evdoEcio:-45
02-09 18:43:55.326 W/WindowManager(  230): updateFocusedWindowLocked newFocus=Window{409db328 com.facebook.orca/com.facebook.orca.threadview.ThreadViewActivity paused=false} mode=3 mCurrentFocus = Window{409db328 com.facebook.orca/com.facebook.orca.threadview.ThreadViewActivity paused=false}
02-09 18:43:55.386 D/PowerManagerService(  230): setTimeoutLocked now=256265 timeoutOverride=-1 nextState=3 when=262265
02-09 18:43:55.406 D/PowerManagerService(  230): setTimeoutLocked now=256290 timeoutOverride=-1 nextState=3 when=262290
02-09 18:43:55.416 W/WindowManager(  230): updateFocusedWindowLocked newFocus=Window{409db328 com.facebook.orca/com.facebook.orca.threadview.ThreadViewActivity paused=false} mode=3 mCurrentFocus = Window{409db328 com.facebook.orca/com.facebook.orca.threadview.ThreadViewActivity paused=false}
02-09 18:43:55.556 W/WindowManager(  230): updateFocusedWindowLocked newFocus=Window{409db328 com.facebook.orca/com.facebook.orca.threadview.ThreadViewActivity paused=false} mode=3 mCurrentFocus = Window{409db328 com.facebook.orca/com.facebook.orca.threadview.ThreadViewActivity paused=false}
02-09 18:43:55.696 W/WindowManager(  230): updateFocusedWindowLocked newFocus=Window{409db328 com.facebook.orca/com.facebook.orca.threadview.ThreadViewActivity paused=false} mode=3 mCurrentFocus = Window{409db328 com.facebook.orca/com.facebook.orca.threadview.ThreadViewActivity paused=false}
02-09 18:43:55.786 W/WindowManager(  230): updateFocusedWindowLocked newFocus=Window{409db328 com.facebook.orca/com.facebook.orca.threadview.ThreadViewActivity paused=false} mode=3 mCurrentFocus = Window{409db328 com.facebook.orca/com.facebook.orca.threadview.ThreadViewActivity paused=false}
02-09 18:43:55.856 W/WindowManager(  230): updateFocusedWindowLocked newFocus=Window{409db328 com.facebook.orca/com.facebook.orca.threadview.ThreadViewActivity paused=false} mode=3 mCurrentFocus = Window{409db328 com.facebook.orca/com.facebook.orca.threadview.ThreadViewActivity paused=false}
02-09 18:43:55.976 D/PowerManagerService(  230): setTimeoutLocked now=256867 timeoutOverride=-1 nextState=3 when=262867
02-09 18:43:55.996 W/WindowManager(  230): updateFocusedWindowLocked newFocus=Window{409db328 com.facebook.orca/com.facebook.orca.threadview.ThreadViewActivity paused=false} mode=3 mCurrentFocus = Window{409db328 com.facebook.orca/com.facebook.orca.threadview.ThreadViewActivity paused=false}
02-09 18:43:56.076 D/PowerManagerService(  230): setTimeoutLocked now=256968 timeoutOverride=-1 nextState=3 when=262968
02-09 18:43:56.096 W/WindowManager(  230): updateFocusedWindowLocked newFocus=Window{409db328 com.facebook.orca/com.facebook.orca.threadview.ThreadViewActivity paused=false} mode=3 mCurrentFocus = Window{409db328 com.facebook.orca/com.facebook.orca.threadview.ThreadViewActivity paused=false}
02-09 18:43:56.807 D/PowerManagerService(  230): setTimeoutLocked now=257694 timeoutOverride=-1 nextState=3 when=263694
02-09 18:43:56.827 W/WindowManager(  230): updateFocusedWindowLocked newFocus=Window{409db328 com.facebook.orca/com.facebook.orca.threadview.ThreadViewActivity paused=false} mode=3 mCurrentFocus = Window{409db328 com.facebook.orca/com.facebook.orca.threadview.ThreadViewActivity paused=false}
02-09 18:43:56.857 D/PowerManagerService(  230): setTimeoutLocked now=257745 timeoutOverride=-1 nextState=3 when=263745
02-09 18:43:56.867 W/WindowManager(  230): updateFocusedWindowLocked newFocus=Window{409db328 com.facebook.orca/com.facebook.orca.threadview.ThreadViewActivity paused=false} mode=3 mCurrentFocus = Window{409db328 com.facebook.orca/com.facebook.orca.threadview.ThreadViewActivity paused=false}
02-09 18:43:56.987 W/WindowManager(  230): updateFocusedWindowLocked newFocus=Window{409db328 com.facebook.orca/com.facebook.orca.threadview.ThreadViewActivity paused=false} mode=3 mCurrentFocus = Window{409db328 com.facebook.orca/com.facebook.orca.threadview.ThreadViewActivity paused=false}
02-09 18:43:57.057 W/WindowManager(  230): updateFocusedWindowLocked newFocus=Window{409db328 com.facebook.orca/com.facebook.orca.threadview.ThreadViewActivity paused=false} mode=3 mCurrentFocus = Window{409db328 com.facebook.orca/com.facebook.orca.threadview.ThreadViewActivity paused=false}
02-09 18:43:57.147 W/WindowManager(  230): updateFocusedWindowLocked newFocus=Window{409db328 com.facebook.orca/com.facebook.orca.threadview.ThreadViewActivity paused=false} mode=3 mCurrentFocus = Window{409db328 com.facebook.orca/com.facebook.orca.threadview.ThreadViewActivity paused=false}
02-09 18:43:57.248 W/WindowManager(  230): updateFocusedWindowLocked newFocus=Window{409db328 com.facebook.orca/com.facebook.orca.threadview.ThreadViewActivity paused=false} mode=3 mCurrentFocus = Window{409db328 com.facebook.orca/com.facebook.orca.threadview.ThreadViewActivity paused=false}
02-09 18:43:57.608 D/PowerManagerService(  230): setTimeoutLocked now=258499 timeoutOverride=-1 nextState=3 when=264499
02-09 18:43:57.628 W/WindowManager(  230): updateFocusedWindowLocked newFocus=Window{409db328 com.facebook.orca/com.facebook.orca.threadview.ThreadViewActivity paused=false} mode=3 mCurrentFocus = Window{409db328 com.facebook.orca/com.facebook.orca.threadview.ThreadViewActivity paused=false}
02-09 18:43:57.748 D/PowerManagerService(  230): setTimeoutLocked now=258635 timeoutOverride=-1 nextState=3 when=264635
02-09 18:43:57.758 W/WindowManager(  230): updateFocusedWindowLocked newFocus=Window{409db328 com.facebook.orca/com.facebook.orca.threadview.ThreadViewActivity paused=false} mode=3 mCurrentFocus = Window{409db328 com.facebook.orca/com.facebook.orca.threadview.ThreadViewActivity paused=false}
02-09 18:43:58.048 W/WindowManager(  230): updateFocusedWindowLocked newFocus=Window{409db328 com.facebook.orca/com.facebook.orca.threadview.ThreadViewActivity paused=false} mode=3 mCurrentFocus = Window{409db328 com.facebook.orca/com.facebook.orca.threadview.ThreadViewActivity paused=false}
02-09 18:43:58.118 W/WindowManager(  230): updateFocusedWindowLocked newFocus=Window{409db328 com.facebook.orca/com.facebook.orca.threadview.ThreadViewActivity paused=false} mode=3 mCurrentFocus = Window{409db328 com.facebook.orca/com.facebook.orca.threadview.ThreadViewActivity paused=false}
02-09 18:43:58.349 D/PowerManagerService(  230): setTimeoutLocked now=259239 timeoutOverride=-1 nextState=3 when=265239
02-09 18:43:58.359 W/WindowManager(  230): updateFocusedWindowLocked newFocus=Window{409db328 com.facebook.orca/com.facebook.orca.threadview.ThreadViewActivity paused=false} mode=3 mCurrentFocus = Window{409db328 com.facebook.orca/com.facebook.orca.threadview.ThreadViewActivity paused=false}
02-09 18:43:58.479 D/PowerManagerService(  230): setTimeoutLocked now=259363 timeoutOverride=-1 nextState=3 when=265363
02-09 18:43:58.499 W/WindowManager(  230): updateFocusedWindowLocked newFocus=Window{409db328 com.facebook.orca/com.facebook.orca.threadview.ThreadViewActivity paused=false} mode=3 mCurrentFocus = Window{409db328 com.facebook.orca/com.facebook.orca.threadview.ThreadViewActivity paused=false}
02-09 18:43:58.629 W/WindowManager(  230): updateFocusedWindowLocked newFocus=Window{409db328 com.facebook.orca/com.facebook.orca.threadview.ThreadViewActivity paused=false} mode=3 mCurrentFocus = Window{409db328 com.facebook.orca/com.facebook.orca.threadview.ThreadViewActivity paused=false}
02-09 18:43:58.749 W/WindowManager(  230): updateFocusedWindowLocked newFocus=Window{409db328 com.facebook.orca/com.facebook.orca.threadview.ThreadViewActivity paused=false} mode=3 mCurrentFocus = Window{409db328 com.facebook.orca/com.facebook.orca.threadview.ThreadViewActivity paused=false}
02-09 18:43:58.849 W/WindowManager(  230): updateFocusedWindowLocked newFocus=Window{409db328 com.facebook.orca/com.facebook.orca.threadview.ThreadViewActivity paused=false} mode=3 mCurrentFocus = Window{409db328 com.facebook.orca/com.facebook.orca.threadview.ThreadViewActivity paused=false}
02-09 18:43:58.849 D/PowerManagerService(  230): setTimeoutLocked now=259739 timeoutOverride=-1 nextState=3 when=265739
02-09 18:43:58.929 W/WindowManager(  230): updateFocusedWindowLocked newFocus=Window{409db328 com.facebook.orca/com.facebook.orca.threadview.ThreadViewActivity paused=false} mode=3 mCurrentFocus = Window{409db328 com.facebook.orca/com.facebook.orca.threadview.ThreadViewActivity paused=false}
02-09 18:43:59.530 D/PowerManagerService(  230): setTimeoutLocked now=260412 timeoutOverride=-1 nextState=3 when=266412
02-09 18:43:59.560 W/WindowManager(  230): updateFocusedWindowLocked newFocus=Window{409db328 com.facebook.orca/com.facebook.orca.threadview.ThreadViewActivity paused=false} mode=3 mCurrentFocus = Window{409db328 com.facebook.orca/com.facebook.orca.threadview.ThreadViewActivity paused=false}
02-09 18:43:59.600 D/PowerManagerService(  230): setTimeoutLocked now=260485 timeoutOverride=-1 nextState=3 when=266485
02-09 18:43:59.630 W/WindowManager(  230): updateFocusedWindowLocked newFocus=Window{409db328 com.facebook.orca/com.facebook.orca.threadview.ThreadViewActivity paused=false} mode=3 mCurrentFocus = Window{409db328 com.facebook.orca/com.facebook.orca.threadview.ThreadViewActivity paused=false}
02-09 18:44:00.010 D/AlarmManager(  230): scheduleTimeTickEvent calendar=Thu Feb 09 18:45:00 CST 2012
02-09 18:44:00.010 D/AlarmManager(  230): calendar.getTimeInMillis()1328834700000
02-09 18:44:00.291 D/PowerManagerService(  230): setTimeoutLocked now=261169 timeoutOverride=-1 nextState=3 when=267169
02-09 18:44:00.301 W/WindowManager(  230): updateFocusedWindowLocked newFocus=Window{409db328 com.facebook.orca/com.facebook.orca.threadview.ThreadViewActivity paused=false} mode=3 mCurrentFocus = Window{409db328 com.facebook.orca/com.facebook.orca.threadview.ThreadViewActivity paused=false}
02-09 18:44:00.371 D/PowerManagerService(  230): setTimeoutLocked now=261257 timeoutOverride=-1 nextState=3 when=267257
02-09 18:44:00.391 W/WindowManager(  230): updateFocusedWindowLocked newFocus=Window{409db328 com.facebook.orca/com.facebook.orca.threadview.ThreadViewActivity paused=false} mode=3 mCurrentFocus = Window{409db328 com.facebook.orca/com.facebook.orca.threadview.ThreadViewActivity paused=false}
02-09 18:44:01.492 D/PowerManagerService(  230): setTimeoutLocked now=262380 timeoutOverride=-1 nextState=3 when=268380
02-09 18:44:01.502 W/WindowManager(  230): updateFocusedWindowLocked newFocus=Window{409db328 com.facebook.orca/com.facebook.orca.threadview.ThreadViewActivity paused=false} mode=3 mCurrentFocus = Window{409db328 com.facebook.orca/com.facebook.orca.threadview.ThreadViewActivity paused=false}
02-09 18:44:01.592 D/PowerManagerService(  230): setTimeoutLocked now=262479 timeoutOverride=-1 nextState=3 when=268479
02-09 18:44:01.642 W/WindowManager(  230): updateFocusedWindowLocked newFocus=Window{409db328 com.facebook.orca/com.facebook.orca.threadview.ThreadViewActivity paused=false} mode=3 mCurrentFocus = Window{409db328 com.facebook.orca/com.facebook.orca.threadview.ThreadViewActivity paused=false}
02-09 18:44:01.712 W/WindowManager(  230): updateFocusedWindowLocked newFocus=Window{409db328 com.facebook.orca/com.facebook.orca.threadview.ThreadViewActivity paused=false} mode=3 mCurrentFocus = Window{409db328 com.facebook.orca/com.facebook.orca.threadview.ThreadViewActivity paused=false}
02-09 18:44:01.832 W/WindowManager(  230): updateFocusedWindowLocked newFocus=Window{409db328 com.facebook.orca/com.facebook.orca.threadview.ThreadViewActivity paused=false} mode=3 mCurrentFocus = Window{409db328 com.facebook.orca/com.facebook.orca.threadview.ThreadViewActivity paused=false}
02-09 18:44:01.932 D/StatusBarPolicy(  332): updateDataIcon subscription =0
02-09 18:44:01.962 D/StatusBarPolicy(  332): onSignalStrengthsChanged:SignalStrength: 99 0 -83 -80 -84 -50 6 99 2147483647 2147483647 2147483647 2147483647 cdma for subscription0
02-09 18:44:01.962 D/StatusBarPolicy(  332): updateSignalStrength on subscription :0
02-09 18:44:01.972 D/StatusBarPolicy(  332): StatusBarPolocy::getIconLevel -EVDO
02-09 18:44:01.972 D/StatusBarPolicy(  332): getEvdoLevel_band_six -evdoDbm:-84
02-09 18:44:01.972 D/StatusBarPolicy(  332): getEvdoLevel_band_six -evdoEcio:-50
02-09 18:44:02.272 D/PowerManagerService(  230): setTimeoutLocked now=263157 timeoutOverride=-1 nextState=3 when=269157
02-09 18:44:02.282 W/WindowManager(  230): updateFocusedWindowLocked newFocus=Window{409db328 com.facebook.orca/com.facebook.orca.threadview.ThreadViewActivity paused=false} mode=3 mCurrentFocus = Window{409db328 com.facebook.orca/com.facebook.orca.threadview.ThreadViewActivity paused=false}
02-09 18:44:02.363 D/PowerManagerService(  230): setTimeoutLocked now=263256 timeoutOverride=-1 nextState=3 when=269256
02-09 18:44:02.413 W/WindowManager(  230): updateFocusedWindowLocked newFocus=Window{409db328 com.facebook.orca/com.facebook.orca.threadview.ThreadViewActivity paused=false} mode=3 mCurrentFocus = Window{409db328 com.facebook.orca/com.facebook.orca.threadview.ThreadViewActivity paused=false}
02-09 18:44:02.453 W/WindowManager(  230): updateFocusedWindowLocked newFocus=Window{409db328 com.facebook.orca/com.facebook.orca.threadview.ThreadViewActivity paused=false} mode=3 mCurrentFocus = Window{409db328 com.facebook.orca/com.facebook.orca.threadview.ThreadViewActivity paused=false}
02-09 18:44:02.623 W/WindowManager(  230): updateFocusedWindowLocked newFocus=Window{409db328 com.facebook.orca/com.facebook.orca.threadview.ThreadViewActivity paused=false} mode=3 mCurrentFocus = Window{409db328 com.facebook.orca/com.facebook.orca.threadview.ThreadViewActivity paused=false}
02-09 18:44:02.953 D/StatusBarPolicy(  332): updateDataIcon subscription =0
02-09 18:44:03.333 D/PowerManagerService(  230): setTimeoutLocked now=264224 timeoutOverride=-1 nextState=3 when=270224
02-09 18:44:03.344 W/WindowManager(  230): updateFocusedWindowLocked newFocus=Window{409db328 com.facebook.orca/com.facebook.orca.threadview.ThreadViewActivity paused=false} mode=3 mCurrentFocus = Window{409db328 com.facebook.orca/com.facebook.orca.threadview.ThreadViewActivity paused=false}
02-09 18:44:03.454 D/PowerManagerService(  230): setTimeoutLocked now=264348 timeoutOverride=-1 nextState=3 when=270348
02-09 18:44:03.484 W/WindowManager(  230): updateFocusedWindowLocked newFocus=Window{409db328 com.facebook.orca/com.facebook.orca.threadview.ThreadViewActivity paused=false} mode=3 mCurrentFocus = Window{409db328 com.facebook.orca/com.facebook.orca.threadview.ThreadViewActivity paused=false}
02-09 18:44:04.204 D/StatusBarPolicy(  332): onSignalStrengthsChanged:SignalStrength: 99 0 -83 -80 -85 -50 7 99 2147483647 2147483647 2147483647 2147483647 cdma for subscription0
02-09 18:44:04.204 D/StatusBarPolicy(  332): updateSignalStrength on subscription :0
02-09 18:44:04.214 D/StatusBarPolicy(  332): StatusBarPolocy::getIconLevel -EVDO
02-09 18:44:04.214 D/StatusBarPolicy(  332): getEvdoLevel_band_six -evdoDbm:-85
02-09 18:44:04.214 D/StatusBarPolicy(  332): getEvdoLevel_band_six -evdoEcio:-50
02-09 18:44:05.175 D/PowerManagerService(  230): setTimeoutLocked now=266057 timeoutOverride=-1 nextState=3 when=272057
02-09 18:44:05.195 W/WindowManager(  230): updateFocusedWindowLocked newFocus=Window{409db328 com.facebook.orca/com.facebook.orca.threadview.ThreadViewActivity paused=false} mode=3 mCurrentFocus = Window{409db328 com.facebook.orca/com.facebook.orca.threadview.ThreadViewActivity paused=false}
02-09 18:44:05.305 D/PowerManagerService(  230): setTimeoutLocked now=266195 timeoutOverride=-1 nextState=3 when=272195
02-09 18:44:05.325 W/WindowManager(  230): updateFocusedWindowLocked newFocus=Window{409db328 com.facebook.orca/com.facebook.orca.threadview.ThreadViewActivity paused=false} mode=3 mCurrentFocus = Window{409db328 com.facebook.orca/com.facebook.orca.threadview.ThreadViewActivity paused=false}
02-09 18:44:06.226 D/PowerManagerService(  230): setTimeoutLocked now=267116 timeoutOverride=-1 nextState=3 when=273116
02-09 18:44:06.246 W/WindowManager(  230): updateFocusedWindowLocked newFocus=Window{409db328 com.facebook.orca/com.facebook.orca.threadview.ThreadViewActivity paused=false} mode=3 mCurrentFocus = Window{409db328 com.facebook.orca/com.facebook.orca.threadview.ThreadViewActivity paused=false}
02-09 18:44:06.356 D/PowerManagerService(  230): setTimeoutLocked now=267241 timeoutOverride=-1 nextState=3 when=273241
02-09 18:44:06.366 W/WindowManager(  230): updateFocusedWindowLocked newFocus=Window{409db328 com.facebook.orca/com.facebook.orca.threadview.ThreadViewActivity paused=false} mode=3 mCurrentFocus = Window{409db328 com.facebook.orca/com.facebook.orca.threadview.ThreadViewActivity paused=false}
02-09 18:44:06.427 D/StatusBarPolicy(  332): onSignalStrengthsChanged:SignalStrength: 99 0 -120 -90 -120 -25 7 99 2147483647 2147483647 2147483647 2147483647 cdma for subscription0
02-09 18:44:06.427 D/StatusBarPolicy(  332): updateSignalStrength on subscription :0
02-09 18:44:06.427 D/StatusBarPolicy(  332): StatusBarPolocy::getIconLevel -EVDO
02-09 18:44:06.427 D/StatusBarPolicy(  332): getEvdoLevel_band_six -evdoDbm:-120
02-09 18:44:06.427 D/StatusBarPolicy(  332): getEvdoLevel_band_six -evdoEcio:-25
02-09 18:44:06.437 D/StatusBarPolicy(  332): onSignalStrengthsChanged:SignalStrength: 99 0 -83 -90 -84 -25 7 99 2147483647 2147483647 2147483647 2147483647 cdma for subscription0
02-09 18:44:06.447 D/StatusBarPolicy(  332): updateSignalStrength on subscription :0
02-09 18:44:06.447 D/StatusBarPolicy(  332): StatusBarPolocy::getIconLevel -EVDO
02-09 18:44:06.447 D/StatusBarPolicy(  332): getEvdoLevel_band_six -evdoDbm:-84
02-09 18:44:06.447 D/StatusBarPolicy(  332): getEvdoLevel_band_six -evdoEcio:-25
02-09 18:44:07.157 D/PowerManagerService(  230): setTimeoutLocked now=268047 timeoutOverride=-1 nextState=3 when=274047
02-09 18:44:07.177 W/WindowManager(  230): updateFocusedWindowLocked newFocus=Window{409db328 com.facebook.orca/com.facebook.orca.threadview.ThreadViewActivity paused=false} mode=3 mCurrentFocus = Window{409db328 com.facebook.orca/com.facebook.orca.threadview.ThreadViewActivity paused=false}
02-09 18:44:07.297 D/PowerManagerService(  230): setTimeoutLocked now=268184 timeoutOverride=-1 nextState=3 when=274184
02-09 18:44:07.307 W/WindowManager(  230): updateFocusedWindowLocked newFocus=Window{409db328 com.facebook.orca/com.facebook.orca.threadview.ThreadViewActivity paused=false} mode=3 mCurrentFocus = Window{409db328 com.facebook.orca/com.facebook.orca.threadview.ThreadViewActivity paused=false}
02-09 18:44:08.138 D/PowerManagerService(  230): setTimeoutLocked now=269027 timeoutOverride=-1 nextState=3 when=275027
02-09 18:44:08.148 W/WindowManager(  230): updateFocusedWindowLocked newFocus=Window{409db328 com.facebook.orca/com.facebook.orca.threadview.ThreadViewActivity paused=false} mode=3 mCurrentFocus = Window{409db328 com.facebook.orca/com.facebook.orca.threadview.ThreadViewActivity paused=false}
02-09 18:44:08.238 D/PowerManagerService(  230): setTimeoutLocked now=269125 timeoutOverride=-1 nextState=3 when=275125
02-09 18:44:08.278 W/WindowManager(  230): updateFocusedWindowLocked newFocus=Window{409db328 com.facebook.orca/com.facebook.orca.threadview.ThreadViewActivity paused=false} mode=3 mCurrentFocus = Window{409db328 com.facebook.orca/com.facebook.orca.threadview.ThreadViewActivity paused=false}
02-09 18:44:08.929 D/PowerManagerService(  230): setTimeoutLocked now=269812 timeoutOverride=-1 nextState=3 when=275812
02-09 18:44:08.939 W/WindowManager(  230): updateFocusedWindowLocked newFocus=Window{409db328 com.facebook.orca/com.facebook.orca.threadview.ThreadViewActivity paused=false} mode=3 mCurrentFocus = Window{409db328 com.facebook.orca/com.facebook.orca.threadview.ThreadViewActivity paused=false}
02-09 18:44:08.999 D/PowerManagerService(  230): setTimeoutLocked now=269886 timeoutOverride=-1 nextState=3 when=275886
02-09 18:44:09.019 W/WindowManager(  230): updateFocusedWindowLocked newFocus=Window{409db328 com.facebook.orca/com.facebook.orca.threadview.ThreadViewActivity paused=false} mode=3 mCurrentFocus = Window{409db328 com.facebook.orca/com.facebook.orca.threadview.ThreadViewActivity paused=false}
02-09 18:44:10.951 D/StatusBarPolicy(  332): onSignalStrengthsChanged:SignalStrength: 99 0 -82 -70 -82 -30 8 99 2147483647 2147483647 2147483647 2147483647 cdma for subscription0
02-09 18:44:10.951 D/StatusBarPolicy(  332): updateSignalStrength on subscription :0
02-09 18:44:10.961 D/StatusBarPolicy(  332): StatusBarPolocy::getIconLevel -EVDO
02-09 18:44:10.961 D/StatusBarPolicy(  332): getEvdoLevel_band_six -evdoDbm:-82
02-09 18:44:10.961 D/StatusBarPolicy(  332): getEvdoLevel_band_six -evdoEcio:-30
02-09 18:44:12.052 D/StatusBarPolicy(  332): updateDataIcon subscription =0
02-09 18:44:13.073 D/StatusBarPolicy(  332): updateDataIcon subscription =0
02-09 18:44:15.005 D/PowerManagerService(  230): setTimeoutLocked now=275889 timeoutOverride=-1 nextState=1 when=382889
02-09 18:44:15.405 D/StatusBarPolicy(  332): onSignalStrengthsChanged:SignalStrength: 99 0 -82 -70 -81 -40 8 99 2147483647 2147483647 2147483647 2147483647 cdma for subscription0
02-09 18:44:15.405 D/StatusBarPolicy(  332): updateSignalStrength on subscription :0
02-09 18:44:15.415 D/StatusBarPolicy(  332): StatusBarPolocy::getIconLevel -EVDO
02-09 18:44:15.415 D/StatusBarPolicy(  332): getEvdoLevel_band_six -evdoDbm:-81
02-09 18:44:15.415 D/StatusBarPolicy(  332): getEvdoLevel_band_six -evdoEcio:-40
02-09 18:44:17.647 D/StatusBarPolicy(  332): onSignalStrengthsChanged:SignalStrength: 99 0 -82 -70 -80 -25 8 99 2147483647 2147483647 2147483647 2147483647 cdma for subscription0
02-09 18:44:17.647 D/StatusBarPolicy(  332): updateSignalStrength on subscription :0
02-09 18:44:17.657 D/StatusBarPolicy(  332): StatusBarPolocy::getIconLevel -EVDO
02-09 18:44:17.657 D/StatusBarPolicy(  332): getEvdoLevel_band_six -evdoDbm:-80
02-09 18:44:17.657 D/StatusBarPolicy(  332): getEvdoLevel_band_six -evdoEcio:-25
02-09 18:44:19.880 D/PowerManagerService(  230): setTimeoutLocked now=280764 timeoutOverride=-1 nextState=3 when=286764
02-09 18:44:19.910 W/WindowManager(  230): updateFocusedWindowLocked newFocus=Window{409db328 com.facebook.orca/com.facebook.orca.threadview.ThreadViewActivity paused=false} mode=3 mCurrentFocus = Window{409db328 com.facebook.orca/com.facebook.orca.threadview.ThreadViewActivity paused=false}
02-09 18:44:19.990 D/PowerManagerService(  230): setTimeoutLocked now=280878 timeoutOverride=-1 nextState=3 when=286878
02-09 18:44:20.020 W/WindowManager(  230): updateFocusedWindowLocked newFocus=Window{409db328 com.facebook.orca/com.facebook.orca.threadview.ThreadViewActivity paused=false} mode=3 mCurrentFocus = Window{409db328 com.facebook.orca/com.facebook.orca.threadview.ThreadViewActivity paused=false}
02-09 18:44:21.191 D/PowerManagerService(  230): setTimeoutLocked now=282077 timeoutOverride=-1 nextState=3 when=288077
02-09 18:44:21.201 W/WindowManager(  230): updateFocusedWindowLocked newFocus=Window{409db328 com.facebook.orca/com.facebook.orca.threadview.ThreadViewActivity paused=false} mode=3 mCurrentFocus = Window{409db328 com.facebook.orca/com.facebook.orca.threadview.ThreadViewActivity paused=false}
02-09 18:44:21.271 D/PowerManagerService(  230): setTimeoutLocked now=282150 timeoutOverride=-1 nextState=3 when=288150
02-09 18:44:21.271 W/WindowManager(  230): updateFocusedWindowLocked newFocus=Window{409db328 com.facebook.orca/com.facebook.orca.threadview.ThreadViewActivity paused=false} mode=3 mCurrentFocus = Window{409db328 com.facebook.orca/com.facebook.orca.threadview.ThreadViewActivity paused=false}
02-09 18:44:21.601 W/WindowManager(  230): updateFocusedWindowLocked newFocus=Window{409db328 com.facebook.orca/com.facebook.orca.threadview.ThreadViewActivity paused=false} mode=3 mCurrentFocus = Window{409db328 com.facebook.orca/com.facebook.orca.threadview.ThreadViewActivity paused=false}
02-09 18:44:21.721 W/WindowManager(  230): updateFocusedWindowLocked newFocus=Window{409db328 com.facebook.orca/com.facebook.orca.threadview.ThreadViewActivity paused=false} mode=3 mCurrentFocus = Window{409db328 com.facebook.orca/com.facebook.orca.threadview.ThreadViewActivity paused=false}
02-09 18:44:22.122 D/StatusBarPolicy(  332): onSignalStrengthsChanged:SignalStrength: 99 0 -82 -80 -80 -35 8 99 2147483647 2147483647 2147483647 2147483647 cdma for subscription0
02-09 18:44:22.122 D/StatusBarPolicy(  332): updateSignalStrength on subscription :0
02-09 18:44:22.132 D/StatusBarPolicy(  332): StatusBarPolocy::getIconLevel -EVDO
02-09 18:44:22.142 D/StatusBarPolicy(  332): getEvdoLevel_band_six -evdoDbm:-80
02-09 18:44:22.152 D/StatusBarPolicy(  332): getEvdoLevel_band_six -evdoEcio:-35
02-09 18:44:22.172 D/StatusBarPolicy(  332): updateDataIcon subscription =0
02-09 18:44:22.182 D/PowerManagerService(  230): setTimeoutLocked now=283078 timeoutOverride=-1 nextState=3 when=289078
02-09 18:44:22.192 W/WindowManager(  230): updateFocusedWindowLocked newFocus=Window{409db328 com.facebook.orca/com.facebook.orca.threadview.ThreadViewActivity paused=false} mode=3 mCurrentFocus = Window{409db328 com.facebook.orca/com.facebook.orca.threadview.ThreadViewActivity paused=false}
02-09 18:44:22.282 D/PowerManagerService(  230): setTimeoutLocked now=283179 timeoutOverride=-1 nextState=3 when=289179
02-09 18:44:22.302 W/WindowManager(  230): updateFocusedWindowLocked newFocus=Window{409db328 com.facebook.orca/com.facebook.orca.threadview.ThreadViewActivity paused=false} mode=3 mCurrentFocus = Window{409db328 com.facebook.orca/com.facebook.orca.threadview.ThreadViewActivity paused=false}
02-09 18:44:22.422 W/WindowManager(  230): updateFocusedWindowLocked newFocus=Window{409db328 com.facebook.orca/com.facebook.orca.threadview.ThreadViewActivity paused=false} mode=3 mCurrentFocus = Window{409db328 com.facebook.orca/com.facebook.orca.threadview.ThreadViewActivity paused=false}
02-09 18:44:22.562 W/WindowManager(  230): updateFocusedWindowLocked newFocus=Window{409db328 com.facebook.orca/com.facebook.orca.threadview.ThreadViewActivity paused=false} mode=3 mCurrentFocus = Window{409db328 com.facebook.orca/com.facebook.orca.threadview.ThreadViewActivity paused=false}
02-09 18:44:23.183 D/StatusBarPolicy(  332): updateDataIcon subscription =0
02-09 18:44:23.273 D/PowerManagerService(  230): setTimeoutLocked now=284168 timeoutOverride=-1 nextState=3 when=290168
02-09 18:44:23.283 W/WindowManager(  230): updateFocusedWindowLocked newFocus=Window{409db328 com.facebook.orca/com.facebook.orca.threadview.ThreadViewActivity paused=false} mode=3 mCurrentFocus = Window{409db328 com.facebook.orca/com.facebook.orca.threadview.ThreadViewActivity paused=false}
02-09 18:44:23.403 D/PowerManagerService(  230): setTimeoutLocked now=284294 timeoutOverride=-1 nextState=3 when=290294
02-09 18:44:23.423 W/WindowManager(  230): updateFocusedWindowLocked newFocus=Window{409db328 com.facebook.orca/com.facebook.orca.threadview.ThreadViewActivity paused=false} mode=3 mCurrentFocus = Window{409db328 com.facebook.orca/com.facebook.orca.threadview.ThreadViewActivity paused=false}
02-09 18:44:23.813 D/PowerManagerService(  230): setTimeoutLocked now=284693 timeoutOverride=-1 nextState=3 when=290693
02-09 18:44:23.813 W/WindowManager(  230): updateFocusedWindowLocked newFocus=Window{409db328 com.facebook.orca/com.facebook.orca.threadview.ThreadViewActivity paused=false} mode=3 mCurrentFocus = Window{409db328 com.facebook.orca/com.facebook.orca.threadview.ThreadViewActivity paused=false}
02-09 18:44:23.914 W/WindowManager(  230): updateFocusedWindowLocked newFocus=Window{409db328 com.facebook.orca/com.facebook.orca.threadview.ThreadViewActivity paused=false} mode=3 mCurrentFocus = Window{409db328 com.facebook.orca/com.facebook.orca.threadview.ThreadViewActivity paused=false}
02-09 18:44:25.175 D/PowerManagerService(  230): setTimeoutLocked now=286061 timeoutOverride=-1 nextState=3 when=292061
02-09 18:44:25.185 W/WindowManager(  230): updateFocusedWindowLocked newFocus=Window{409db328 com.facebook.orca/com.facebook.orca.threadview.ThreadViewActivity paused=false} mode=3 mCurrentFocus = Window{409db328 com.facebook.orca/com.facebook.orca.threadview.ThreadViewActivity paused=false}
02-09 18:44:25.305 D/PowerManagerService(  230): setTimeoutLocked now=286198 timeoutOverride=-1 nextState=3 when=292198
02-09 18:44:25.325 W/WindowManager(  230): updateFocusedWindowLocked newFocus=Window{409db328 com.facebook.orca/com.facebook.orca.threadview.ThreadViewActivity paused=false} mode=3 mCurrentFocus = Window{409db328 com.facebook.orca/com.facebook.orca.threadview.ThreadViewActivity paused=false}
02-09 18:44:26.616 D/StatusBarPolicy(  332): onSignalStrengthsChanged:SignalStrength: 99 0 -82 -70 -80 -35 8 99 2147483647 2147483647 2147483647 2147483647 cdma for subscription0
02-09 18:44:26.616 D/StatusBarPolicy(  332): updateSignalStrength on subscription :0
02-09 18:44:26.616 D/StatusBarPolicy(  332): StatusBarPolocy::getIconLevel -EVDO
02-09 18:44:26.616 D/StatusBarPolicy(  332): getEvdoLevel_band_six -evdoDbm:-80
02-09 18:44:26.636 D/StatusBarPolicy(  332): getEvdoLevel_band_six -evdoEcio:-35
02-09 18:44:28.628 D/PowerManagerService(  230): setTimeoutLocked now=289511 timeoutOverride=-1 nextState=3 when=295511
02-09 18:44:28.668 W/WindowManager(  230): updateFocusedWindowLocked newFocus=Window{409db328 com.facebook.orca/com.facebook.orca.threadview.ThreadViewActivity paused=false} mode=3 mCurrentFocus = Window{409db328 com.facebook.orca/com.facebook.orca.threadview.ThreadViewActivity paused=false}
02-09 18:44:28.788 D/PowerManagerService(  230): setTimeoutLocked now=289672 timeoutOverride=-1 nextState=3 when=295672
02-09 18:44:28.818 D/StatusBarPolicy(  332): onSignalStrengthsChanged:SignalStrength: 99 0 -82 -70 -79 -35 8 99 2147483647 2147483647 2147483647 2147483647 cdma for subscription0
02-09 18:44:28.818 D/StatusBarPolicy(  332): updateSignalStrength on subscription :0
02-09 18:44:28.828 D/StatusBarPolicy(  332): StatusBarPolocy::getIconLevel -EVDO
02-09 18:44:28.828 D/StatusBarPolicy(  332): getEvdoLevel_band_six -evdoDbm:-79
02-09 18:44:28.828 D/StatusBarPolicy(  332): getEvdoLevel_band_six -evdoEcio:-35
02-09 18:44:28.828 W/WindowManager(  230): updateFocusedWindowLocked newFocus=Window{409db328 com.facebook.orca/com.facebook.orca.threadview.ThreadViewActivity paused=false} mode=3 mCurrentFocus = Window{409db328 com.facebook.orca/com.facebook.orca.threadview.ThreadViewActivity paused=false}
02-09 18:44:30.180 D/PowerManagerService(  230): setTimeoutLocked now=291067 timeoutOverride=-1 nextState=3 when=297067
02-09 18:44:30.200 W/WindowManager(  230): updateFocusedWindowLocked newFocus=Window{409db328 com.facebook.orca/com.facebook.orca.threadview.ThreadViewActivity paused=false} mode=3 mCurrentFocus = Window{409db328 com.facebook.orca/com.facebook.orca.threadview.ThreadViewActivity paused=false}
02-09 18:44:30.310 D/PowerManagerService(  230): setTimeoutLocked now=291193 timeoutOverride=-1 nextState=3 when=297193
02-09 18:44:30.330 W/WindowManager(  230): updateFocusedWindowLocked newFocus=Window{409db328 com.facebook.orca/com.facebook.orca.threadview.ThreadViewActivity paused=false} mode=3 mCurrentFocus = Window{409db328 com.facebook.orca/com.facebook.orca.threadview.ThreadViewActivity paused=false}
02-09 18:44:30.500 D/StatusBarPolicy(  332): onSignalStrengthsChanged:SignalStrength: 99 0 -82 -70 -89 -25 8 99 2147483647 2147483647 2147483647 2147483647 cdma for subscription0
02-09 18:44:30.500 D/StatusBarPolicy(  332): updateSignalStrength on subscription :0
02-09 18:44:30.510 D/StatusBarPolicy(  332): StatusBarPolocy::getIconLevel -EVDO
02-09 18:44:30.510 D/StatusBarPolicy(  332): getEvdoLevel_band_six -evdoDbm:-89
02-09 18:44:30.510 D/StatusBarPolicy(  332): getEvdoLevel_band_six -evdoEcio:-25
02-09 18:44:30.530 W/WindowManager(  230): updateFocusedWindowLocked newFocus=Window{409db328 com.facebook.orca/com.facebook.orca.threadview.ThreadViewActivity paused=false} mode=3 mCurrentFocus = Window{409db328 com.facebook.orca/com.facebook.orca.threadview.ThreadViewActivity paused=false}
02-09 18:44:30.540 I/TelephonyRegistry(  230): notifyServiceState: 0 home Sprint  310099  EvDo rev. A CSS not supported 41 4139RoamInd: 1RoamStatus(sprint): 1DefRoamInd: 160EmergOnly: false
02-09 18:44:30.540 D/StatusBarPolicy(  332): onServiceStateChanged:0 home Sprint  310099  EvDo rev. A CSS not supported 41 4139RoamInd: 1RoamStatus(sprint): 1DefRoamInd: 160EmergOnly: falsefor subscription :0
02-09 18:44:30.540 D/StatusBarPolicy(  332): updateSignalStrength on subscription :0
02-09 18:44:30.540 D/StatusBarPolicy(  332): StatusBarPolocy::getIconLevel -EVDO
02-09 18:44:30.540 D/StatusBarPolicy(  332): getEvdoLevel_band_six -evdoDbm:-89
02-09 18:44:30.540 D/StatusBarPolicy(  332): getEvdoLevel_band_six -evdoEcio:-25
02-09 18:44:30.540 D/StatusBarPolicy(  332): updateDataIcon subscription =0
02-09 18:44:30.630 W/WindowManager(  230): updateFocusedWindowLocked newFocus=Window{409db328 com.facebook.orca/com.facebook.orca.threadview.ThreadViewActivity paused=false} mode=3 mCurrentFocus = Window{409db328 com.facebook.orca/com.facebook.orca.threadview.ThreadViewActivity paused=false}
02-09 18:44:31.031 D/PowerManagerService(  230): setTimeoutLocked now=291910 timeoutOverride=-1 nextState=3 when=297910
02-09 18:44:31.061 W/WindowManager(  230): updateFocusedWindowLocked newFocus=Window{409db328 com.facebook.orca/com.facebook.orca.threadview.ThreadViewActivity paused=false} mode=3 mCurrentFocus = Window{409db328 com.facebook.orca/com.facebook.orca.threadview.ThreadViewActivity paused=false}
02-09 18:44:31.061 D/StatusBarPolicy(  332): onSignalStrengthsChanged:SignalStrength: 99 0 -82 -70 -88 -25 8 99 2147483647 2147483647 2147483647 2147483647 cdma for subscription0
02-09 18:44:31.061 D/StatusBarPolicy(  332): updateSignalStrength on subscription :0
02-09 18:44:31.071 D/StatusBarPolicy(  332): StatusBarPolocy::getIconLevel -EVDO
02-09 18:44:31.071 D/StatusBarPolicy(  332): getEvdoLevel_band_six -evdoDbm:-88
02-09 18:44:31.071 D/StatusBarPolicy(  332): getEvdoLevel_band_six -evdoEcio:-25
02-09 18:44:31.101 D/PowerManagerService(  230): setTimeoutLocked now=291984 timeoutOverride=-1 nextState=3 when=297984
02-09 18:44:31.111 W/WindowManager(  230): updateFocusedWindowLocked newFocus=Window{409db328 com.facebook.orca/com.facebook.orca.threadview.ThreadViewActivity paused=false} mode=3 mCurrentFocus = Window{409db328 com.facebook.orca/com.facebook.orca.threadview.ThreadViewActivity paused=false}
02-09 18:44:31.271 D/StatusBarPolicy(  332): updateDataIcon subscription =0
02-09 18:44:32.272 D/StatusBarPolicy(  332): updateDataIcon subscription =0
02-09 18:44:33.313 D/StatusBarPolicy(  332): updateDataIcon subscription =0
02-09 18:44:33.343 D/StatusBarPolicy(  332): onSignalStrengthsChanged:SignalStrength: 99 0 -82 -70 -85 -25 8 99 2147483647 2147483647 2147483647 2147483647 cdma for subscription0
02-09 18:44:33.343 D/StatusBarPolicy(  332): updateSignalStrength on subscription :0
02-09 18:44:33.343 D/StatusBarPolicy(  332): StatusBarPolocy::getIconLevel -EVDO
02-09 18:44:33.343 D/StatusBarPolicy(  332): getEvdoLevel_band_six -evdoDbm:-85
02-09 18:44:33.343 D/StatusBarPolicy(  332): getEvdoLevel_band_six -evdoEcio:-25
02-09 18:44:34.324 D/StatusBarPolicy(  332): updateDataIcon subscription =0
02-09 18:44:34.764 D/PowerManagerService(  230): setTimeoutLocked now=295648 timeoutOverride=-1 nextState=3 when=301648
02-09 18:44:34.784 W/WindowManager(  230): updateFocusedWindowLocked newFocus=Window{409db328 com.facebook.orca/com.facebook.orca.threadview.ThreadViewActivity paused=false} mode=3 mCurrentFocus = Window{409db328 com.facebook.orca/com.facebook.orca.threadview.ThreadViewActivity paused=false}
02-09 18:44:34.844 D/PowerManagerService(  230): setTimeoutLocked now=295736 timeoutOverride=-1 nextState=3 when=301736
02-09 18:44:34.864 W/WindowManager(  230): updateFocusedWindowLocked newFocus=Window{409db328 com.facebook.orca/com.facebook.orca.threadview.ThreadViewActivity paused=false} mode=3 mCurrentFocus = Window{409db328 com.facebook.orca/com.facebook.orca.threadview.ThreadViewActivity paused=false}
02-09 18:44:35.345 D/StatusBarPolicy(  332): updateDataIcon subscription =0
02-09 18:44:35.545 D/StatusBarPolicy(  332): onSignalStrengthsChanged:SignalStrength: 99 0 -82 -70 -84 -25 8 99 2147483647 2147483647 2147483647 2147483647 cdma for subscription0
02-09 18:44:35.545 D/StatusBarPolicy(  332): updateSignalStrength on subscription :0
02-09 18:44:35.545 D/StatusBarPolicy(  332): StatusBarPolocy::getIconLevel -EVDO
02-09 18:44:35.545 D/StatusBarPolicy(  332): getEvdoLevel_band_six -evdoDbm:-84
02-09 18:44:35.545 D/StatusBarPolicy(  332): getEvdoLevel_band_six -evdoEcio:-25
02-09 18:44:35.615 D/PowerManagerService(  230): setTimeoutLocked now=296501 timeoutOverride=-1 nextState=3 when=302501
02-09 18:44:35.625 W/WindowManager(  230): updateFocusedWindowLocked newFocus=Window{409db328 com.facebook.orca/com.facebook.orca.threadview.ThreadViewActivity paused=false} mode=3 mCurrentFocus = Window{409db328 com.facebook.orca/com.facebook.orca.threadview.ThreadViewActivity paused=false}
02-09 18:44:35.715 D/PowerManagerService(  230): setTimeoutLocked now=296601 timeoutOverride=-1 nextState=3 when=302601
02-09 18:44:35.735 W/WindowManager(  230): updateFocusedWindowLocked newFocus=Window{409db328 com.facebook.orca/com.facebook.orca.threadview.ThreadViewActivity paused=false} mode=3 mCurrentFocus = Window{409db328 com.facebook.orca/com.facebook.orca.threadview.ThreadViewActivity paused=false}
02-09 18:44:35.865 D/StatusBarPolicy(  332): onSignalStrengthsChanged:SignalStrength: 99 0 -82 -70 -76 -25 8 99 2147483647 2147483647 2147483647 2147483647 cdma for subscription0
02-09 18:44:35.865 D/StatusBarPolicy(  332): updateSignalStrength on subscription :0
02-09 18:44:35.865 D/StatusBarPolicy(  332): StatusBarPolocy::getIconLevel -EVDO
02-09 18:44:35.865 D/StatusBarPolicy(  332): getEvdoLevel_band_six -evdoDbm:-76
02-09 18:44:35.865 D/StatusBarPolicy(  332): getEvdoLevel_band_six -evdoEcio:-25
02-09 18:44:35.895 I/TelephonyRegistry(  230): notifyServiceState: 0 home Sprint  310099  EvDo rev. A CSS not supported 41 4139RoamInd: 1RoamStatus(sprint): 1DefRoamInd: 160EmergOnly: false
02-09 18:44:35.895 D/StatusBarPolicy(  332): onServiceStateChanged:0 home Sprint  310099  EvDo rev. A CSS not supported 41 4139RoamInd: 1RoamStatus(sprint): 1DefRoamInd: 160EmergOnly: falsefor subscription :0
02-09 18:44:35.895 D/StatusBarPolicy(  332): updateSignalStrength on subscription :0
02-09 18:44:35.895 D/StatusBarPolicy(  332): StatusBarPolocy::getIconLevel -EVDO
02-09 18:44:35.895 D/StatusBarPolicy(  332): getEvdoLevel_band_six -evdoDbm:-76
02-09 18:44:35.895 D/StatusBarPolicy(  332): getEvdoLevel_band_six -evdoEcio:-25
02-09 18:44:35.895 D/StatusBarPolicy(  332): updateDataIcon subscription =0
02-09 18:44:36.326 D/PowerManagerService(  230): setTimeoutLocked now=297209 timeoutOverride=-1 nextState=3 when=303209
02-09 18:44:36.456 D/PowerManagerService(  230): setTimeoutLocked now=297346 timeoutOverride=-1 nextState=3 when=303346
02-09 18:44:36.486 D/WifiService(  230): acquireWifiLockLocked: WifiLock{NetworkLocationLocator type=2 binder=android.os.BinderProxy@409aeab8}
02-09 18:44:36.486 D/WifiService(  230): WifiHandler, MESSAGE_UPDATE_STATE
02-09 18:44:36.486 D/WifiService(  230): isAirplaneModeOn(): false
02-09 18:44:36.486 D/WifiService(  230): updateWifiState(), wifiEnabled: true, airplaneMode: false, wifiShouldBeEnabled: true, wifiShouldBeStarted: true, strongestLockMode: 1
02-09 18:44:36.486 D/WifiService(  230): WifiHandler, MESSAGE_ENABLE_WIFI, msg.arg1: 0, msg.arg2: 1000
02-09 18:44:36.486 D/WifiService(  230): WifiHandler, MESSAGE_START_WIFI, msg.arg1: 1
02-09 18:44:36.536 D/WifiService(  230): ACTION_BATTERY_CHANGED pluggedType: 0
02-09 18:44:36.536 D/WifiService(  230): WifiHandler, MESSAGE_UPDATE_STATE
02-09 18:44:36.536 D/WifiService(  230): isAirplaneModeOn(): false
02-09 18:44:36.536 D/WifiService(  230): updateWifiState(), wifiEnabled: true, airplaneMode: false, wifiShouldBeEnabled: true, wifiShouldBeStarted: true, strongestLockMode: 1
02-09 18:44:36.536 D/WifiService(  230): WifiHandler, MESSAGE_ENABLE_WIFI, msg.arg1: 0, msg.arg2: 1000
02-09 18:44:36.536 D/WifiService(  230): WifiHandler, MESSAGE_START_WIFI, msg.arg1: 1
02-09 18:44:36.576 D/RPC     (  230): 3000008c:00050000 sending call (XID 15).
02-09 18:44:36.576 D/RPC     (  230): 3000008c:00050000 received REPLY (XID 15), grabbing mutex to wake up client.
02-09 18:44:36.576 D/RPC     (  230): 3000008c:00050000 call success.
02-09 18:44:36.576 D/RPC     (  230): 3000008c:00050000 received CALL.
02-09 18:44:36.576 D/RPC     (  230): 3000008c:00050000 dispatching RPC call (XID 104, xdr 0x372db0) for callback client 3100008c:00050001.
02-09 18:44:36.576 D/RPC     (  230): 3100008c:327681 sending RPC reply (XID 104)
02-09 18:44:36.576 D/RPC     (  230): 3000008c:00050000 sending call (XID 16).
02-09 18:44:36.586 D/RPC     (  230): 3000008c:00050000 received REPLY (XID 16), grabbing mutex to wake up client.
02-09 18:44:36.586 D/RPC     (  230): 3000008c:00050000 call success.
02-09 18:44:36.586 D/RPC     (  230): 3000008c:00050000 received CALL.
02-09 18:44:36.586 D/RPC     (  230): 3000008c:00050000 dispatching RPC call (XID 105, xdr 0x372db0) for callback client 3100008c:00050001.
02-09 18:44:36.656 D/RPC     (  230): 3100008c:327681 sending RPC reply (XID 105)
02-09 18:44:36.996 D/RPC     (  230): 3000008c:00050000 received CALL.
02-09 18:44:36.996 D/RPC     (  230): 3000008c:00050000 dispatching RPC call (XID 106, xdr 0x372db0) for callback client 3100008c:00050001.
02-09 18:44:36.996 D/RPC     (  230): 3100008c:327681 sending RPC reply (XID 106)
02-09 18:44:37.377 D/StatusBarPolicy(  332): updateDataIcon subscription =0
02-09 18:44:37.577 D/PowerManagerService(  230): setTimeoutLocked now=298461 timeoutOverride=-1 nextState=3 when=304461
02-09 18:44:37.687 W/WindowManager(  230): updateFocusedWindowLocked newFocus=Window{409db328 com.facebook.orca/com.facebook.orca.threadview.ThreadViewActivity paused=false} mode=3 mCurrentFocus = Window{409db328 com.facebook.orca/com.facebook.orca.threadview.ThreadViewActivity paused=false}
02-09 18:44:38.107 D/RPC     (  230): 3000008c:00050000 received CALL.
02-09 18:44:38.107 D/RPC     (  230): 3000008c:00050000 dispatching RPC call (XID 107, xdr 0x372db0) for callback client 3100008c:00050001.
02-09 18:44:38.107 D/RPC     (  230): 3100008c:327681 sending RPC reply (XID 107)
02-09 18:44:38.107 D/RPC     (  230): 3000008c:00050000 received CALL.
02-09 18:44:38.107 D/RPC     (  230): 3000008c:00050000 dispatching RPC call (XID 108, xdr 0x372db0) for callback client 3100008c:00050001.
02-09 18:44:38.107 D/RPC     (  230): 3100008c:327681 sending RPC reply (XID 108)
02-09 18:44:38.107 D/RPC     (  230): 3000008c:00050000 received CALL.
02-09 18:44:38.107 D/RPC     (  230): 3000008c:00050000 dispatching RPC call (XID 109, xdr 0x372db0) for callback client 3100008c:00050001.
02-09 18:44:38.107 D/RPC     (  230): 3100008c:327681 sending RPC reply (XID 109)
02-09 18:44:38.117 D/RPC     (  230): 3000008c:00050000 received CALL.
02-09 18:44:38.117 D/RPC     (  230): 3000008c:00050000 dispatching RPC call (XID 110, xdr 0x372db0) for callback client 3100008c:00050001.
02-09 18:44:38.117 D/RPC     (  230): 3100008c:327681 sending RPC reply (XID 110)
02-09 18:44:38.117 D/RPC     (  230): 3000008c:00050000 received CALL.
02-09 18:44:38.117 D/RPC     (  230): 3000008c:00050000 dispatching RPC call (XID 111, xdr 0x372db0) for callback client 3100008c:00050001.
02-09 18:44:38.117 D/RPC     (  230): 3100008c:327681 sending RPC reply (XID 111)
02-09 18:44:38.117 D/RPC     (  230): 3000008c:00050000 received CALL.
02-09 18:44:38.117 D/RPC     (  230): 3000008c:00050000 dispatching RPC call (XID 112, xdr 0x372db0) for callback client 3100008c:00050001.
02-09 18:44:38.117 D/RPC     (  230): 3100008c:327681 sending RPC reply (XID 112)
02-09 18:44:38.117 D/RPC     (  230): 3000008c:00050000 received CALL.
02-09 18:44:38.117 D/RPC     (  230): 3000008c:00050000 dispatching RPC call (XID 113, xdr 0x372db0) for callback client 3100008c:00050001.
02-09 18:44:38.117 D/RPC     (  230): 3100008c:327681 sending RPC reply (XID 113)
02-09 18:44:38.117 D/RPC     (  230): 3000008c:00050000 received CALL.
02-09 18:44:38.117 D/RPC     (  230): 3000008c:00050000 dispatching RPC call (XID 114, xdr 0x372db0) for callback client 3100008c:00050001.
02-09 18:44:38.127 D/RPC     (  230): 3100008c:327681 sending RPC reply (XID 114)
02-09 18:44:38.588 D/RPC     (  230): 3000008c:00050000 received CALL.
02-09 18:44:38.588 D/RPC     (  230): 3000008c:00050000 dispatching RPC call (XID 115, xdr 0x372db0) for callback client 3100008c:00050001.
02-09 18:44:38.598 D/RPC     (  230): 3100008c:327681 sending RPC reply (XID 115)
02-09 18:44:39.118 D/RPC     (  230): 3000008c:00050000 received CALL.
02-09 18:44:39.118 D/RPC     (  230): 3000008c:00050000 dispatching RPC call (XID 116, xdr 0x372db0) for callback client 3100008c:00050001.
02-09 18:44:39.118 D/RPC     (  230): 3100008c:327681 sending RPC reply (XID 116)
02-09 18:44:39.118 D/RPC     (  230): 3000008c:00050000 received CALL.
02-09 18:44:39.118 D/RPC     (  230): 3000008c:00050000 dispatching RPC call (XID 117, xdr 0x372db0) for callback client 3100008c:00050001.
02-09 18:44:39.118 D/RPC     (  230): 3100008c:327681 sending RPC reply (XID 117)
02-09 18:44:39.118 D/RPC     (  230): 3000008c:00050000 received CALL.
02-09 18:44:39.118 D/RPC     (  230): 3000008c:00050000 dispatching RPC call (XID 118, xdr 0x372db0) for callback client 3100008c:00050001.
02-09 18:44:39.118 D/RPC     (  230): 3100008c:327681 sending RPC reply (XID 118)
02-09 18:44:39.118 D/RPC     (  230): 3000008c:00050000 received CALL.
02-09 18:44:39.118 D/RPC     (  230): 3000008c:00050000 dispatching RPC call (XID 119, xdr 0x372db0) for callback client 3100008c:00050001.
02-09 18:44:39.118 D/RPC     (  230): 3100008c:327681 sending RPC reply (XID 119)
02-09 18:44:39.118 D/RPC     (  230): 3000008c:00050000 received CALL.
02-09 18:44:39.118 D/RPC     (  230): 3000008c:00050000 dispatching RPC call (XID 120, xdr 0x372db0) for callback client 3100008c:00050001.
02-09 18:44:39.128 D/RPC     (  230): 3100008c:327681 sending RPC reply (XID 120)
02-09 18:44:39.128 D/RPC     (  230): 3000008c:00050000 received CALL.
