02-09 18:43:39.180 D/RPC     (  230): 3000008c:00050000 dispatching RPC call (XID 35, xdr 0x372db0) for callback client 3100008c:00050001.
02-09 18:43:39.220 D/RPC     (  230): 3100008c:327681 sending RPC reply (XID 35)
02-09 18:43:39.580 D/StatusBarPolicy(  332): onSignalStrengthsChanged:SignalStrength: 99 0 -82 -315 -91 -35 8 99 2147483647 2147483647 2147483647 2147483647 cdma for subscription0
02-09 18:43:39.590 D/StatusBarPolicy(  332): updateSignalStrength on subscription :0
02-09 18:43:39.590 D/StatusBarPolicy(  332): StatusBarPolocy::getIconLevel -EVDO
02-09 18:43:39.590 D/StatusBarPolicy(  332): getEvdoLevel_band_six -evdoDbm:-91
02-09 18:43:39.590 D/StatusBarPolicy(  332): getEvdoLevel_band_six -evdoEcio:-35
02-09 18:43:39.821 D/RPC     (  230): 3000008c:00050000 received CALL.
02-09 18:43:39.821 D/RPC     (  230): 3000008c:00050000 dispatching RPC call (XID 36, xdr 0x372db0) for callback client 3100008c:00050001.
02-09 18:43:39.821 D/RPC     (  230): 3100008c:327681 sending RPC reply (XID 36)
02-09 18:43:40.081 D/PowerManagerService(  230): setTimeoutLocked now=240965 timeoutOverride=-1 nextState=3 when=246965
02-09 18:43:40.091 W/WindowManager(  230): updateFocusedWindowLocked newFocus=Window{409db328 com.facebook.orca/com.facebook.orca.threadview.ThreadViewActivity paused=false} mode=3 mCurrentFocus = Window{409db328 com.facebook.orca/com.facebook.orca.threadview.ThreadViewActivity paused=false}
02-09 18:43:40.121 D/RPC     (  230): 3000008c:00050000 received CALL.
02-09 18:43:40.121 D/RPC     (  230): 3000008c:00050000 dispatching RPC call (XID 37, xdr 0x372db0) for callback client 3100008c:00050001.
02-09 18:43:40.121 D/RPC     (  230): 3100008c:327681 sending RPC reply (XID 37)
02-09 18:43:40.121 D/RPC     (  230): 3000008c:00050000 received CALL.
02-09 18:43:40.121 D/RPC     (  230): 3000008c:00050000 dispatching RPC call (XID 38, xdr 0x372db0) for callback client 3100008c:00050001.
02-09 18:43:40.121 D/RPC     (  230): 3100008c:327681 sending RPC reply (XID 38)
02-09 18:43:40.121 D/RPC     (  230): 3000008c:00050000 received CALL.
02-09 18:43:40.121 D/RPC     (  230): 3000008c:00050000 dispatching RPC call (XID 39, xdr 0x372db0) for callback client 3100008c:00050001.
02-09 18:43:40.131 D/RPC     (  230): 3100008c:327681 sending RPC reply (XID 39)
02-09 18:43:40.131 D/RPC     (  230): 3000008c:00050000 received CALL.
02-09 18:43:40.131 D/RPC     (  230): 3000008c:00050000 dispatching RPC call (XID 40, xdr 0x372db0) for callback client 3100008c:00050001.
02-09 18:43:40.131 D/RPC     (  230): 3100008c:327681 sending RPC reply (XID 40)
02-09 18:43:40.131 D/RPC     (  230): 3000008c:00050000 received CALL.
02-09 18:43:40.131 D/RPC     (  230): 3000008c:00050000 dispatching RPC call (XID 41, xdr 0x372db0) for callback client 3100008c:00050001.
02-09 18:43:40.131 D/RPC     (  230): 3100008c:327681 sending RPC reply (XID 41)
02-09 18:43:40.141 D/RPC     (  230): 3000008c:00050000 received CALL.
02-09 18:43:40.141 D/RPC     (  230): 3000008c:00050000 dispatching RPC call (XID 42, xdr 0x372db0) for callback client 3100008c:00050001.
02-09 18:43:40.141 D/RPC     (  230): 3100008c:327681 sending RPC reply (XID 42)
02-09 18:43:40.141 D/RPC     (  230): 3000008c:00050000 received CALL.
02-09 18:43:40.141 D/RPC     (  230): 3000008c:00050000 dispatching RPC call (XID 43, xdr 0x372db0) for callback client 3100008c:00050001.
02-09 18:43:40.141 D/RPC     (  230): 3100008c:327681 sending RPC reply (XID 43)
02-09 18:43:40.141 D/RPC     (  230): 3000008c:00050000 received CALL.
02-09 18:43:40.141 D/RPC     (  230): 3000008c:00050000 dispatching RPC call (XID 44, xdr 0x372db0) for callback client 3100008c:00050001.
02-09 18:43:40.151 D/RPC     (  230): 3100008c:327681 sending RPC reply (XID 44)
02-09 18:43:40.171 D/PowerManagerService(  230): setTimeoutLocked now=241052 timeoutOverride=-1 nextState=3 when=247052
02-09 18:43:40.271 W/WindowManager(  230): updateFocusedWindowLocked newFocus=Window{409db328 com.facebook.orca/com.facebook.orca.threadview.ThreadViewActivity paused=false} mode=3 mCurrentFocus = Window{409db328 com.facebook.orca/com.facebook.orca.threadview.ThreadViewActivity paused=false}
02-09 18:43:40.601 W/WindowManager(  230): updateFocusedWindowLocked newFocus=Window{409db328 com.facebook.orca/com.facebook.orca.threadview.ThreadViewActivity paused=false} mode=3 mCurrentFocus = Window{409db328 com.facebook.orca/com.facebook.orca.threadview.ThreadViewActivity paused=false}
02-09 18:43:40.812 D/RPC     (  230): 3000008c:00050000 received CALL.
02-09 18:43:40.812 D/RPC     (  230): 3000008c:00050000 dispatching RPC call (XID 45, xdr 0x372db0) for callback client 3100008c:00050001.
02-09 18:43:40.822 D/RPC     (  230): 3100008c:327681 sending RPC reply (XID 45)
02-09 18:43:41.092 D/PowerManagerService(  230): setTimeoutLocked now=241975 timeoutOverride=-1 nextState=3 when=247975
02-09 18:43:41.092 W/WindowManager(  230): updateFocusedWindowLocked newFocus=Window{409db328 com.facebook.orca/com.facebook.orca.threadview.ThreadViewActivity paused=false} mode=3 mCurrentFocus = Window{409db328 com.facebook.orca/com.facebook.orca.threadview.ThreadViewActivity paused=false}
02-09 18:43:41.112 D/RPC     (  230): 3000008c:00050000 received CALL.
02-09 18:43:41.112 D/RPC     (  230): 3000008c:00050000 dispatching RPC call (XID 46, xdr 0x372db0) for callback client 3100008c:00050001.
02-09 18:43:41.122 D/RPC     (  230): 3100008c:327681 sending RPC reply (XID 46)
02-09 18:43:41.122 D/RPC     (  230): 3000008c:00050000 received CALL.
02-09 18:43:41.122 D/RPC     (  230): 3000008c:00050000 dispatching RPC call (XID 47, xdr 0x372db0) for callback client 3100008c:00050001.
02-09 18:43:41.132 D/RPC     (  230): 3100008c:327681 sending RPC reply (XID 47)
02-09 18:43:41.132 D/RPC     (  230): 3000008c:00050000 received CALL.
02-09 18:43:41.132 D/RPC     (  230): 3000008c:00050000 dispatching RPC call (XID 48, xdr 0x372db0) for callback client 3100008c:00050001.
02-09 18:43:41.132 D/RPC     (  230): 3100008c:327681 sending RPC reply (XID 48)
02-09 18:43:41.132 D/RPC     (  230): 3000008c:00050000 received CALL.
02-09 18:43:41.132 D/RPC     (  230): 3000008c:00050000 dispatching RPC call (XID 49, xdr 0x372db0) for callback client 3100008c:00050001.
02-09 18:43:41.132 D/RPC     (  230): 3100008c:327681 sending RPC reply (XID 49)
02-09 18:43:41.132 D/RPC     (  230): 3000008c:00050000 received CALL.
02-09 18:43:41.132 D/RPC     (  230): 3000008c:00050000 dispatching RPC call (XID 50, xdr 0x372db0) for callback client 3100008c:00050001.
02-09 18:43:41.132 D/RPC     (  230): 3100008c:327681 sending RPC reply (XID 50)
02-09 18:43:41.142 D/RPC     (  230): 3000008c:00050000 received CALL.
02-09 18:43:41.142 D/RPC     (  230): 3000008c:00050000 dispatching RPC call (XID 51, xdr 0x372db0) for callback client 3100008c:00050001.
02-09 18:43:41.142 D/RPC     (  230): 3100008c:327681 sending RPC reply (XID 51)
02-09 18:43:41.142 D/RPC     (  230): 3000008c:00050000 received CALL.
02-09 18:43:41.142 D/RPC     (  230): 3000008c:00050000 dispatching RPC call (XID 52, xdr 0x372db0) for callback client 3100008c:00050001.
02-09 18:43:41.142 D/RPC     (  230): 3100008c:327681 sending RPC reply (XID 52)
02-09 18:43:41.142 D/RPC     (  230): 3000008c:00050000 received CALL.
02-09 18:43:41.142 D/RPC     (  230): 3000008c:00050000 dispatching RPC call (XID 53, xdr 0x372db0) for callback client 3100008c:00050001.
02-09 18:43:41.152 D/RPC     (  230): 3100008c:327681 sending RPC reply (XID 53)
02-09 18:43:41.152 D/PowerManagerService(  230): setTimeoutLocked now=242049 timeoutOverride=-1 nextState=3 when=248049
02-09 18:43:41.172 W/WindowManager(  230): updateFocusedWindowLocked newFocus=Window{409db328 com.facebook.orca/com.facebook.orca.threadview.ThreadViewActivity paused=false} mode=3 mCurrentFocus = Window{409db328 com.facebook.orca/com.facebook.orca.threadview.ThreadViewActivity paused=false}
02-09 18:43:41.262 W/WindowManager(  230): updateFocusedWindowLocked newFocus=Window{409db328 com.facebook.orca/com.facebook.orca.threadview.ThreadViewActivity paused=false} mode=3 mCurrentFocus = Window{409db328 com.facebook.orca/com.facebook.orca.threadview.ThreadViewActivity paused=false}
02-09 18:43:41.382 W/WindowManager(  230): updateFocusedWindowLocked newFocus=Window{409db328 com.facebook.orca/com.facebook.orca.threadview.ThreadViewActivity paused=false} mode=3 mCurrentFocus = Window{409db328 com.facebook.orca/com.facebook.orca.threadview.ThreadViewActivity paused=false}
02-09 18:43:41.562 W/WindowManager(  230): updateFocusedWindowLocked newFocus=Window{409db328 com.facebook.orca/com.facebook.orca.threadview.ThreadViewActivity paused=false} mode=3 mCurrentFocus = Window{409db328 com.facebook.orca/com.facebook.orca.threadview.ThreadViewActivity paused=false}
02-09 18:43:41.572 D/WifiService(  230): releaseWifiLockLocked: WifiLock{NetworkLocationLocator type=2 binder=android.os.BinderProxy@409aeab8}
02-09 18:43:41.572 D/WifiService(  230): WifiHandler, MESSAGE_UPDATE_STATE
02-09 18:43:41.572 D/WifiService(  230): isAirplaneModeOn(): false
02-09 18:43:41.572 D/WifiService(  230): updateWifiState(), wifiEnabled: true, airplaneMode: false, wifiShouldBeEnabled: true, wifiShouldBeStarted: true, strongestLockMode: 1
02-09 18:43:41.572 D/WifiService(  230): WifiHandler, MESSAGE_UPDATE_STATE
02-09 18:43:41.572 D/WifiService(  230): isAirplaneModeOn(): false
02-09 18:43:41.572 D/WifiService(  230): updateWifiState(), wifiEnabled: true, airplaneMode: false, wifiShouldBeEnabled: true, wifiShouldBeStarted: true, strongestLockMode: 1
02-09 18:43:41.572 D/WifiService(  230): WifiHandler, MESSAGE_ENABLE_WIFI, msg.arg1: 0, msg.arg2: 1000
02-09 18:43:41.572 D/WifiService(  230): WifiHandler, MESSAGE_START_WIFI, msg.arg1: 1
02-09 18:43:41.572 D/WifiService(  230): WifiHandler, MESSAGE_ENABLE_WIFI, msg.arg1: 0, msg.arg2: 1000
02-09 18:43:41.572 D/WifiService(  230): WifiHandler, MESSAGE_START_WIFI, msg.arg1: 1
02-09 18:43:41.602 D/RPC     (  230): 3000008c:00050000 sending call (XID 12).
02-09 18:43:41.612 D/RPC     (  230): 3000008c:00050000 received REPLY (XID 12), grabbing mutex to wake up client.
02-09 18:43:41.612 D/RPC     (  230): 3000008c:00050000 call success.
02-09 18:43:41.612 D/RPC     (  230): 3000008c:00050000 received CALL.
02-09 18:43:41.612 D/RPC     (  230): 3000008c:00050000 dispatching RPC call (XID 54, xdr 0x372db0) for callback client 3100008c:00050001.
02-09 18:43:41.612 D/RPC     (  230): 3100008c:327681 sending RPC reply (XID 54)
02-09 18:43:41.622 D/PowerManagerService(  230): setTimeoutLocked now=242515 timeoutOverride=-1 nextState=3 when=248515
02-09 18:43:41.662 D/PowerManagerService(  230): setTimeoutLocked now=242552 timeoutOverride=-1 nextState=3 when=248552
02-09 18:43:41.752 W/WindowManager(  230): updateFocusedWindowLocked newFocus=Window{409db328 com.facebook.orca/com.facebook.orca.threadview.ThreadViewActivity paused=false} mode=3 mCurrentFocus = Window{409db328 com.facebook.orca/com.facebook.orca.threadview.ThreadViewActivity paused=false}
02-09 18:43:41.782 D/StatusBarPolicy(  332): onSignalStrengthsChanged:SignalStrength: 99 0 -82 -70 -89 -40 7 99 2147483647 2147483647 2147483647 2147483647 cdma for subscription0
02-09 18:43:41.782 D/StatusBarPolicy(  332): updateSignalStrength on subscription :0
02-09 18:43:41.782 D/StatusBarPolicy(  332): StatusBarPolocy::getIconLevel -EVDO
02-09 18:43:41.782 D/StatusBarPolicy(  332): getEvdoLevel_band_six -evdoDbm:-89
02-09 18:43:41.782 D/StatusBarPolicy(  332): getEvdoLevel_band_six -evdoEcio:-40
02-09 18:43:41.813 D/RPC     (  230): 3000008c:00050000 received CALL.
02-09 18:43:41.813 D/RPC     (  230): 3000008c:00050000 dispatching RPC call (XID 55, xdr 0x372db0) for callback client 3100008c:00050001.
02-09 18:43:41.813 D/RPC     (  230): 3100008c:327681 sending RPC reply (XID 55)
02-09 18:43:42.113 D/RPC     (  230): 3000008c:00050000 received CALL.
02-09 18:43:42.113 D/RPC     (  230): 3000008c:00050000 dispatching RPC call (XID 56, xdr 0x372db0) for callback client 3100008c:00050001.
02-09 18:43:42.113 D/RPC     (  230): 3100008c:327681 sending RPC reply (XID 56)
02-09 18:43:42.123 D/RPC     (  230): 3000008c:00050000 received CALL.
02-09 18:43:42.123 D/RPC     (  230): 3000008c:00050000 dispatching RPC call (XID 57, xdr 0x372db0) for callback client 3100008c:00050001.
02-09 18:43:42.123 D/RPC     (  230): 3100008c:327681 sending RPC reply (XID 57)
02-09 18:43:42.133 D/RPC     (  230): 3000008c:00050000 received CALL.
02-09 18:43:42.133 D/RPC     (  230): 3000008c:00050000 dispatching RPC call (XID 58, xdr 0x372db0) for callback client 3100008c:00050001.
02-09 18:43:42.133 D/RPC     (  230): 3100008c:327681 sending RPC reply (XID 58)
02-09 18:43:42.143 D/RPC     (  230): 3000008c:00050000 received CALL.
02-09 18:43:42.143 D/RPC     (  230): 3000008c:00050000 dispatching RPC call (XID 59, xdr 0x372db0) for callback client 3100008c:00050001.
02-09 18:43:42.143 D/RPC     (  230): 3100008c:327681 sending RPC reply (XID 59)
02-09 18:43:42.143 D/RPC     (  230): 3000008c:00050000 received CALL.
02-09 18:43:42.153 D/RPC     (  230): 3000008c:00050000 dispatching RPC call (XID 60, xdr 0x372db0) for callback client 3100008c:00050001.
02-09 18:43:42.153 D/RPC     (  230): 3100008c:327681 sending RPC reply (XID 60)
02-09 18:43:42.153 D/RPC     (  230): 3000008c:00050000 received CALL.
02-09 18:43:42.153 D/RPC     (  230): 3000008c:00050000 dispatching RPC call (XID 61, xdr 0x372db0) for callback client 3100008c:00050001.
02-09 18:43:42.163 D/RPC     (  230): 3100008c:327681 sending RPC reply (XID 61)
02-09 18:43:42.163 D/RPC     (  230): 3000008c:00050000 received CALL.
02-09 18:43:42.163 D/RPC     (  230): 3000008c:00050000 dispatching RPC call (XID 62, xdr 0x372db0) for callback client 3100008c:00050001.
02-09 18:43:42.173 D/RPC     (  230): 3100008c:327681 sending RPC reply (XID 62)
02-09 18:43:42.173 D/RPC     (  230): 3000008c:00050000 received CALL.
02-09 18:43:42.173 D/RPC     (  230): 3000008c:00050000 dispatching RPC call (XID 63, xdr 0x372db0) for callback client 3100008c:00050001.
02-09 18:43:42.203 D/RPC     (  230): 3100008c:327681 sending RPC reply (XID 63)
02-09 18:43:42.423 D/PowerManagerService(  230): setTimeoutLocked now=243318 timeoutOverride=-1 nextState=3 when=249318
02-09 18:43:42.443 W/WindowManager(  230): updateFocusedWindowLocked newFocus=Window{409db328 com.facebook.orca/com.facebook.orca.threadview.ThreadViewActivity paused=false} mode=3 mCurrentFocus = Window{409db328 com.facebook.orca/com.facebook.orca.threadview.ThreadViewActivity paused=false}
02-09 18:43:42.483 D/PowerManagerService(  230): setTimeoutLocked now=243369 timeoutOverride=-1 nextState=3 when=249369
02-09 18:43:42.503 W/WindowManager(  230): updateFocusedWindowLocked newFocus=Window{409db328 com.facebook.orca/com.facebook.orca.threadview.ThreadViewActivity paused=false} mode=3 mCurrentFocus = Window{409db328 com.facebook.orca/com.facebook.orca.threadview.ThreadViewActivity paused=false}
02-09 18:43:42.553 W/WindowManager(  230): updateFocusedWindowLocked newFocus=Window{409db328 com.facebook.orca/com.facebook.orca.threadview.ThreadViewActivity paused=false} mode=3 mCurrentFocus = Window{409db328 com.facebook.orca/com.facebook.orca.threadview.ThreadViewActivity paused=false}
02-09 18:43:42.663 W/WindowManager(  230): updateFocusedWindowLocked newFocus=Window{409db328 com.facebook.orca/com.facebook.orca.threadview.ThreadViewActivity paused=false} mode=3 mCurrentFocus = Window{409db328 com.facebook.orca/com.facebook.orca.threadview.ThreadViewActivity paused=false}
02-09 18:43:42.793 D/StatusBarPolicy(  332): updateDataIcon subscription =0
02-09 18:43:42.813 D/RPC     (  230): 3000008c:00050000 received CALL.
02-09 18:43:42.813 D/RPC     (  230): 3000008c:00050000 dispatching RPC call (XID 64, xdr 0x372db0) for callback client 3100008c:00050001.
02-09 18:43:42.813 D/RPC     (  230): 3100008c:327681 sending RPC reply (XID 64)
02-09 18:43:43.114 D/RPC     (  230): 3000008c:00050000 received CALL.
02-09 18:43:43.114 D/RPC     (  230): 3000008c:00050000 dispatching RPC call (XID 65, xdr 0x372db0) for callback client 3100008c:00050001.
02-09 18:43:43.114 D/RPC     (  230): 3100008c:327681 sending RPC reply (XID 65)
02-09 18:43:43.124 D/RPC     (  230): 3000008c:00050000 received CALL.
02-09 18:43:43.124 D/RPC     (  230): 3000008c:00050000 dispatching RPC call (XID 66, xdr 0x372db0) for callback client 3100008c:00050001.
02-09 18:43:43.124 D/RPC     (  230): 3100008c:327681 sending RPC reply (XID 66)
02-09 18:43:43.134 D/RPC     (  230): 3000008c:00050000 received CALL.
02-09 18:43:43.134 D/RPC     (  230): 3000008c:00050000 dispatching RPC call (XID 67, xdr 0x372db0) for callback client 3100008c:00050001.
02-09 18:43:43.134 D/RPC     (  230): 3100008c:327681 sending RPC reply (XID 67)
02-09 18:43:43.134 D/RPC     (  230): 3000008c:00050000 received CALL.
02-09 18:43:43.134 D/RPC     (  230): 3000008c:00050000 dispatching RPC call (XID 68, xdr 0x372db0) for callback client 3100008c:00050001.
02-09 18:43:43.144 D/RPC     (  230): 3100008c:327681 sending RPC reply (XID 68)
02-09 18:43:43.144 D/RPC     (  230): 3000008c:00050000 received CALL.
02-09 18:43:43.144 D/RPC     (  230): 3000008c:00050000 dispatching RPC call (XID 69, xdr 0x372db0) for callback client 3100008c:00050001.
02-09 18:43:43.154 D/RPC     (  230): 3100008c:327681 sending RPC reply (XID 69)
02-09 18:43:43.154 D/RPC     (  230): 3000008c:00050000 received CALL.
02-09 18:43:43.154 D/RPC     (  230): 3000008c:00050000 dispatching RPC call (XID 70, xdr 0x372db0) for callback client 3100008c:00050001.
02-09 18:43:43.174 D/RPC     (  230): 3100008c:327681 sending RPC reply (XID 70)
02-09 18:43:43.184 D/RPC     (  230): 3000008c:00050000 received CALL.
02-09 18:43:43.184 D/RPC     (  230): 3000008c:00050000 dispatching RPC call (XID 71, xdr 0x372db0) for callback client 3100008c:00050001.
02-09 18:43:43.184 D/RPC     (  230): 3100008c:327681 sending RPC reply (XID 71)
02-09 18:43:43.194 D/RPC     (  230): 3000008c:00050000 received CALL.
02-09 18:43:43.194 D/RPC     (  230): 3000008c:00050000 dispatching RPC call (XID 72, xdr 0x372db0) for callback client 3100008c:00050001.
02-09 18:43:43.224 D/RPC     (  230): 3100008c:327681 sending RPC reply (XID 72)
02-09 18:43:43.814 D/StatusBarPolicy(  332): updateDataIcon subscription =0
02-09 18:43:43.814 D/RPC     (  230): 3000008c:00050000 received CALL.
02-09 18:43:43.844 D/RPC     (  230): 3000008c:00050000 dispatching RPC call (XID 73, xdr 0x372db0) for callback client 3100008c:00050001.
02-09 18:43:43.854 D/RPC     (  230): 3100008c:327681 sending RPC reply (XID 73)
02-09 18:43:44.005 D/PowerManagerService(  230): setTimeoutLocked now=244895 timeoutOverride=-1 nextState=3 when=250895
02-09 18:43:44.015 W/WindowManager(  230): updateFocusedWindowLocked newFocus=Window{409db328 com.facebook.orca/com.facebook.orca.threadview.ThreadViewActivity paused=false} mode=3 mCurrentFocus = Window{409db328 com.facebook.orca/com.facebook.orca.threadview.ThreadViewActivity paused=false}
02-09 18:43:44.035 D/StatusBarPolicy(  332): onSignalStrengthsChanged:SignalStrength: 99 0 -82 -70 -87 -40 7 99 2147483647 2147483647 2147483647 2147483647 cdma for subscription0
02-09 18:43:44.035 D/StatusBarPolicy(  332): updateSignalStrength on subscription :0
02-09 18:43:44.035 D/StatusBarPolicy(  332): StatusBarPolocy::getIconLevel -EVDO
02-09 18:43:44.035 D/StatusBarPolicy(  332): getEvdoLevel_band_six -evdoDbm:-87
02-09 18:43:44.035 D/StatusBarPolicy(  332): getEvdoLevel_band_six -evdoEcio:-40
02-09 18:43:44.095 D/PowerManagerService(  230): setTimeoutLocked now=244982 timeoutOverride=-1 nextState=3 when=250982
02-09 18:43:44.115 D/RPC     (  230): 3000008c:00050000 received CALL.
02-09 18:43:44.115 D/RPC     (  230): 3000008c:00050000 dispatching RPC call (XID 74, xdr 0x372db0) for callback client 3100008c:00050001.
02-09 18:43:44.125 D/RPC     (  230): 3100008c:327681 sending RPC reply (XID 74)
02-09 18:43:44.125 D/RPC     (  230): 3000008c:00050000 received CALL.
02-09 18:43:44.135 D/RPC     (  230): 3000008c:00050000 dispatching RPC call (XID 75, xdr 0x372db0) for callback client 3100008c:00050001.
02-09 18:43:44.135 D/RPC     (  230): 3100008c:327681 sending RPC reply (XID 75)
02-09 18:43:44.135 D/RPC     (  230): 3000008c:00050000 received CALL.
02-09 18:43:44.135 D/RPC     (  230): 3000008c:00050000 dispatching RPC call (XID 76, xdr 0x372db0) for callback client 3100008c:00050001.
02-09 18:43:44.165 D/RPC     (  230): 3100008c:327681 sending RPC reply (XID 76)
02-09 18:43:44.165 D/RPC     (  230): 3000008c:00050000 received CALL.
02-09 18:43:44.165 D/RPC     (  230): 3000008c:00050000 dispatching RPC call (XID 77, xdr 0x372db0) for callback client 3100008c:00050001.
02-09 18:43:44.175 D/RPC     (  230): 3100008c:327681 sending RPC reply (XID 77)
02-09 18:43:44.175 D/RPC     (  230): 3000008c:00050000 received CALL.
02-09 18:43:44.175 D/RPC     (  230): 3000008c:00050000 dispatching RPC call (XID 78, xdr 0x372db0) for callback client 3100008c:00050001.
02-09 18:43:44.185 D/RPC     (  230): 3100008c:327681 sending RPC reply (XID 78)
02-09 18:43:44.185 D/RPC     (  230): 3000008c:00050000 received CALL.
02-09 18:43:44.185 W/WindowManager(  230): updateFocusedWindowLocked newFocus=Window{409db328 com.facebook.orca/com.facebook.orca.threadview.ThreadViewActivity paused=false} mode=3 mCurrentFocus = Window{409db328 com.facebook.orca/com.facebook.orca.threadview.ThreadViewActivity paused=false}
02-09 18:43:44.195 D/RPC     (  230): 3000008c:00050000 dispatching RPC call (XID 79, xdr 0x372db0) for callback client 3100008c:00050001.
02-09 18:43:44.195 D/RPC     (  230): 3100008c:327681 sending RPC reply (XID 79)
02-09 18:43:44.195 D/RPC     (  230): 3000008c:00050000 received CALL.
02-09 18:43:44.195 D/RPC     (  230): 3000008c:00050000 dispatching RPC call (XID 80, xdr 0x372db0) for callback client 3100008c:00050001.
02-09 18:43:44.195 D/RPC     (  230): 3100008c:327681 sending RPC reply (XID 80)
02-09 18:43:44.195 D/RPC     (  230): 3000008c:00050000 received CALL.
02-09 18:43:44.195 D/RPC     (  230): 3000008c:00050000 dispatching RPC call (XID 81, xdr 0x372db0) for callback client 3100008c:00050001.
02-09 18:43:44.205 D/RPC     (  230): 3100008c:327681 sending RPC reply (XID 81)
02-09 18:43:44.825 D/RPC     (  230): 3000008c:00050000 received CALL.
02-09 18:43:44.825 D/RPC     (  230): 3000008c:00050000 dispatching RPC call (XID 82, xdr 0x372db0) for callback client 3100008c:00050001.
02-09 18:43:44.825 D/RPC     (  230): 3100008c:327681 sending RPC reply (XID 82)
02-09 18:43:45.116 D/RPC     (  230): 3000008c:00050000 received CALL.
02-09 18:43:45.116 D/RPC     (  230): 3000008c:00050000 dispatching RPC call (XID 83, xdr 0x372db0) for callback client 3100008c:00050001.
02-09 18:43:45.126 D/RPC     (  230): 3100008c:327681 sending RPC reply (XID 83)
02-09 18:43:45.126 D/RPC     (  230): 3000008c:00050000 received CALL.
02-09 18:43:45.126 D/RPC     (  230): 3000008c:00050000 dispatching RPC call (XID 84, xdr 0x372db0) for callback client 3100008c:00050001.
02-09 18:43:45.126 D/RPC     (  230): 3100008c:327681 sending RPC reply (XID 84)
02-09 18:43:45.126 D/RPC     (  230): 3000008c:00050000 received CALL.
02-09 18:43:45.136 D/RPC     (  230): 3000008c:00050000 dispatching RPC call (XID 85, xdr 0x372db0) for callback client 3100008c:00050001.
02-09 18:43:45.136 D/RPC     (  230): 3100008c:327681 sending RPC reply (XID 85)
02-09 18:43:45.136 D/RPC     (  230): 3000008c:00050000 received CALL.
02-09 18:43:45.136 D/RPC     (  230): 3000008c:00050000 dispatching RPC call (XID 86, xdr 0x372db0) for callback client 3100008c:00050001.
02-09 18:43:45.146 D/RPC     (  230): 3100008c:327681 sending RPC reply (XID 86)
02-09 18:43:45.146 D/RPC     (  230): 3000008c:00050000 received CALL.
02-09 18:43:45.146 D/RPC     (  230): 3000008c:00050000 dispatching RPC call (XID 87, xdr 0x372db0) for callback client 3100008c:00050001.
02-09 18:43:45.156 D/RPC     (  230): 3100008c:327681 sending RPC reply (XID 87)
02-09 18:43:45.156 D/RPC     (  230): 3000008c:00050000 received CALL.
02-09 18:43:45.156 D/RPC     (  230): 3000008c:00050000 dispatching RPC call (XID 88, xdr 0x372db0) for callback client 3100008c:00050001.
02-09 18:43:45.166 D/RPC     (  230): 3100008c:327681 sending RPC reply (XID 88)
02-09 18:43:45.166 D/RPC     (  230): 3000008c:00050000 received CALL.
02-09 18:43:45.166 D/RPC     (  230): 3000008c:00050000 dispatching RPC call (XID 89, xdr 0x372db0) for callback client 3100008c:00050001.
02-09 18:43:45.176 D/RPC     (  230): 3100008c:327681 sending RPC reply (XID 89)
02-09 18:43:45.196 D/RPC     (  230): 3000008c:00050000 received CALL.
02-09 18:43:45.196 D/RPC     (  230): 3000008c:00050000 dispatching RPC call (XID 90, xdr 0x372db0) for callback client 3100008c:00050001.
02-09 18:43:45.226 D/RPC     (  230): 3100008c:327681 sending RPC reply (XID 90)
02-09 18:43:45.456 D/PowerManagerService(  230): setTimeoutLocked now=246337 timeoutOverride=-1 nextState=3 when=252337
02-09 18:43:45.456 W/WindowManager(  230): updateFocusedWindowLocked newFocus=Window{409db328 com.facebook.orca/com.facebook.orca.threadview.ThreadViewActivity paused=false} mode=3 mCurrentFocus = Window{409db328 com.facebook.orca/com.facebook.orca.threadview.ThreadViewActivity paused=false}
02-09 18:43:45.506 D/PowerManagerService(  230): setTimeoutLocked now=246399 timeoutOverride=-1 nextState=3 when=252399
02-09 18:43:45.536 W/WindowManager(  230): updateFocusedWindowLocked newFocus=Window{409db328 com.facebook.orca/com.facebook.orca.threadview.ThreadViewActivity paused=false} mode=3 mCurrentFocus = Window{409db328 com.facebook.orca/com.facebook.orca.threadview.ThreadViewActivity paused=false}
02-09 18:43:45.826 D/RPC     (  230): 3000008c:00050000 received CALL.
02-09 18:43:45.826 D/RPC     (  230): 3000008c:00050000 dispatching RPC call (XID 91, xdr 0x372db0) for callback client 3100008c:00050001.
02-09 18:43:45.826 D/RPC     (  230): 3100008c:327681 sending RPC reply (XID 91)
02-09 18:43:46.117 D/RPC     (  230): 3000008c:00050000 received CALL.
02-09 18:43:46.117 D/RPC     (  230): 3000008c:00050000 dispatching RPC call (XID 92, xdr 0x372db0) for callback client 3100008c:00050001.
02-09 18:43:46.117 D/RPC     (  230): 3100008c:327681 sending RPC reply (XID 92)
02-09 18:43:46.117 D/RPC     (  230): 3000008c:00050000 received CALL.
02-09 18:43:46.117 D/RPC     (  230): 3000008c:00050000 dispatching RPC call (XID 93, xdr 0x372db0) for callback client 3100008c:00050001.
02-09 18:43:46.127 D/RPC     (  230): 3100008c:327681 sending RPC reply (XID 93)
02-09 18:43:46.127 D/RPC     (  230): 3000008c:00050000 received CALL.
02-09 18:43:46.127 D/RPC     (  230): 3000008c:00050000 dispatching RPC call (XID 94, xdr 0x372db0) for callback client 3100008c:00050001.
02-09 18:43:46.137 D/RPC     (  230): 3100008c:327681 sending RPC reply (XID 94)
02-09 18:43:46.137 D/RPC     (  230): 3000008c:00050000 received CALL.
02-09 18:43:46.137 D/RPC     (  230): 3000008c:00050000 dispatching RPC call (XID 95, xdr 0x372db0) for callback client 3100008c:00050001.
02-09 18:43:46.137 D/RPC     (  230): 3100008c:327681 sending RPC reply (XID 95)
02-09 18:43:46.147 D/RPC     (  230): 3000008c:00050000 received CALL.
02-09 18:43:46.147 D/RPC     (  230): 3000008c:00050000 dispatching RPC call (XID 96, xdr 0x372db0) for callback client 3100008c:00050001.
02-09 18:43:46.147 D/RPC     (  230): 3100008c:327681 sending RPC reply (XID 96)
02-09 18:43:46.147 D/RPC     (  230): 3000008c:00050000 received CALL.
02-09 18:43:46.147 D/RPC     (  230): 3000008c:00050000 dispatching RPC call (XID 97, xdr 0x372db0) for callback client 3100008c:00050001.
02-09 18:43:46.157 D/RPC     (  230): 3100008c:327681 sending RPC reply (XID 97)
02-09 18:43:46.157 D/RPC     (  230): 3000008c:00050000 received CALL.
02-09 18:43:46.157 D/RPC     (  230): 3000008c:00050000 dispatching RPC call (XID 98, xdr 0x372db0) for callback client 3100008c:00050001.
02-09 18:43:46.167 D/RPC     (  230): 3100008c:327681 sending RPC reply (XID 98)
02-09 18:43:46.167 D/RPC     (  230): 3000008c:00050000 received CALL.
02-09 18:43:46.167 D/RPC     (  230): 3000008c:00050000 dispatching RPC call (XID 99, xdr 0x372db0) for callback client 3100008c:00050001.
02-09 18:43:46.197 D/RPC     (  230): 3100008c:327681 sending RPC reply (XID 99)
02-09 18:43:46.287 D/StatusBarPolicy(  332): onSignalStrengthsChanged:SignalStrength: 99 0 -82 -70 -86 -25 8 99 2147483647 2147483647 2147483647 2147483647 cdma for subscription0
02-09 18:43:46.287 D/StatusBarPolicy(  332): updateSignalStrength on subscription :0
02-09 18:43:46.287 D/StatusBarPolicy(  332): StatusBarPolocy::getIconLevel -EVDO
02-09 18:43:46.287 D/StatusBarPolicy(  332): getEvdoLevel_band_six -evdoDbm:-86
02-09 18:43:46.297 D/StatusBarPolicy(  332): getEvdoLevel_band_six -evdoEcio:-25
02-09 18:43:46.647 D/WifiService(  230): acquireWifiLockLocked: WifiLock{NetworkLocationLocator type=2 binder=android.os.BinderProxy@409aeab8}
02-09 18:43:46.647 D/WifiService(  230): WifiHandler, MESSAGE_UPDATE_STATE
02-09 18:43:46.647 D/WifiService(  230): isAirplaneModeOn(): false
02-09 18:43:46.647 D/WifiService(  230): updateWifiState(), wifiEnabled: true, airplaneMode: false, wifiShouldBeEnabled: true, wifiShouldBeStarted: true, strongestLockMode: 1
02-09 18:43:46.647 D/WifiService(  230): WifiHandler, MESSAGE_ENABLE_WIFI, msg.arg1: 0, msg.arg2: 1000
02-09 18:43:46.647 D/WifiService(  230): WifiHandler, MESSAGE_START_WIFI, msg.arg1: 1
02-09 18:43:46.647 D/RPC     (  230): 3000008c:00050000 sending call (XID 13).
02-09 18:43:46.647 D/RPC     (  230): 3000008c:00050000 received REPLY (XID 13), grabbing mutex to wake up client.
02-09 18:43:46.657 D/RPC     (  230): 3000008c:00050000 call success.
02-09 18:43:46.657 D/RPC     (  230): 3000008c:00050000 received CALL.
02-09 18:43:46.657 D/RPC     (  230): 3000008c:00050000 dispatching RPC call (XID 100, xdr 0x372db0) for callback client 3100008c:00050001.
02-09 18:43:46.657 D/RPC     (  230): 3100008c:327681 sending RPC reply (XID 100)
02-09 18:43:46.687 D/RPC     (  230): 3000008c:00050000 received CALL.
02-09 18:43:46.687 D/RPC     (  230): 3000008c:00050000 dispatching RPC call (XID 101, xdr 0x372db0) for callback client 3100008c:00050001.
02-09 18:43:46.687 D/RPC     (  230): 3100008c:327681 sending RPC reply (XID 101)
02-09 18:43:46.707 D/RPC     (  230): 3000008c:00050000 received CALL.
02-09 18:43:46.707 D/RPC     (  230): 3000008c:00050000 dispatching RPC call (XID 102, xdr 0x372db0) for callback client 3100008c:00050001.
02-09 18:43:46.707 D/PowerManagerService(  230): setTimeoutLocked now=247596 timeoutOverride=-1 nextState=3 when=253596
02-09 18:43:46.717 D/RPC     (  230): 3100008c:327681 sending RPC reply (XID 102)
02-09 18:43:46.717 W/WindowManager(  230): updateFocusedWindowLocked newFocus=Window{409db328 com.facebook.orca/com.facebook.orca.threadview.ThreadViewActivity paused=false} mode=3 mCurrentFocus = Window{409db328 com.facebook.orca/com.facebook.orca.threadview.ThreadViewActivity paused=false}
02-09 18:43:46.817 D/PowerManagerService(  230): setTimeoutLocked now=247709 timeoutOverride=-1 nextState=3 when=253709
02-09 18:43:47.088 W/WindowManager(  230): updateFocusedWindowLocked newFocus=Window{409db328 com.facebook.orca/com.facebook.orca.threadview.ThreadViewActivity paused=false} mode=3 mCurrentFocus = Window{409db328 com.facebook.orca/com.facebook.orca.threadview.ThreadViewActivity paused=false}
02-09 18:43:47.298 D/PowerManagerService(  230): setTimeoutLocked now=248188 timeoutOverride=-1 nextState=3 when=254188
02-09 18:43:47.318 W/WindowManager(  230): updateFocusedWindowLocked newFocus=Window{409db328 com.facebook.orca/com.facebook.orca.threadview.ThreadViewActivity paused=false} mode=3 mCurrentFocus = Window{409db328 com.facebook.orca/com.facebook.orca.threadview.ThreadViewActivity paused=false}
02-09 18:43:47.458 D/PowerManagerService(  230): setTimeoutLocked now=248349 timeoutOverride=-1 nextState=3 when=254349
02-09 18:43:47.478 W/WindowManager(  230): updateFocusedWindowLocked newFocus=Window{409db328 com.facebook.orca/com.facebook.orca.threadview.ThreadViewActivity paused=false} mode=3 mCurrentFocus = Window{409db328 com.facebook.orca/com.facebook.orca.threadview.ThreadViewActivity paused=false}
02-09 18:43:47.708 W/WindowManager(  230): updateFocusedWindowLocked newFocus=Window{409db328 com.facebook.orca/com.facebook.orca.threadview.ThreadViewActivity paused=false} mode=3 mCurrentFocus = Window{409db328 com.facebook.orca/com.facebook.orca.threadview.ThreadViewActivity paused=false}
02-09 18:43:47.828 D/PowerManagerService(  230): setTimeoutLocked now=248714 timeoutOverride=-1 nextState=3 when=254714
02-09 18:43:47.858 W/WindowManager(  230): updateFocusedWindowLocked newFocus=Window{409db328 com.facebook.orca/com.facebook.orca.threadview.ThreadViewActivity paused=false} mode=3 mCurrentFocus = Window{409db328 com.facebook.orca/com.facebook.orca.threadview.ThreadViewActivity paused=false}
02-09 18:43:47.989 W/WindowManager(  230): updateFocusedWindowLocked newFocus=Window{409db328 com.facebook.orca/com.facebook.orca.threadview.ThreadViewActivity paused=false} mode=3 mCurrentFocus = Window{409db328 com.facebook.orca/com.facebook.orca.threadview.ThreadViewActivity paused=false}
02-09 18:43:48.079 D/PowerManagerService(  230): setTimeoutLocked now=248964 timeoutOverride=-1 nextState=3 when=254964
02-09 18:43:48.099 W/WindowManager(  230): updateFocusedWindowLocked newFocus=Window{409db328 com.facebook.orca/com.facebook.orca.threadview.ThreadViewActivity paused=false} mode=3 mCurrentFocus = Window{409db328 com.facebook.orca/com.facebook.orca.threadview.ThreadViewActivity paused=false}
02-09 18:43:48.439 D/PowerManagerService(  230): setTimeoutLocked now=249329 timeoutOverride=-1 nextState=3 when=255329
02-09 18:43:48.449 W/WindowManager(  230): updateFocusedWindowLocked newFocus=Window{409db328 com.facebook.orca/com.facebook.orca.threadview.ThreadViewActivity paused=false} mode=3 mCurrentFocus = Window{409db328 com.facebook.orca/com.facebook.orca.threadview.ThreadViewActivity paused=false}
02-09 18:43:48.499 D/StatusBarPolicy(  332): onSignalStrengthsChanged:SignalStrength: 99 0 -82 -70 -86 -35 7 99 2147483647 2147483647 2147483647 2147483647 cdma for subscription0
02-09 18:43:48.499 D/StatusBarPolicy(  332): updateSignalStrength on subscription :0
02-09 18:43:48.509 D/StatusBarPolicy(  332): StatusBarPolocy::getIconLevel -EVDO
02-09 18:43:48.509 D/StatusBarPolicy(  332): getEvdoLevel_band_six -evdoDbm:-86
02-09 18:43:48.509 D/StatusBarPolicy(  332): getEvdoLevel_band_six -evdoEcio:-35
02-09 18:43:48.579 D/PowerManagerService(  230): setTimeoutLocked now=249465 timeoutOverride=-1 nextState=3 when=255465
02-09 18:43:48.609 W/WindowManager(  230): updateFocusedWindowLocked newFocus=Window{409db328 com.facebook.orca/com.facebook.orca.threadview.ThreadViewActivity paused=false} mode=3 mCurrentFocus = Window{409db328 com.facebook.orca/com.facebook.orca.threadview.ThreadViewActivity paused=false}
02-09 18:43:48.699 W/WindowManager(  230): updateFocusedWindowLocked newFocus=Window{409db328 com.facebook.orca/com.facebook.orca.threadview.ThreadViewActivity paused=false} mode=3 mCurrentFocus = Window{409db328 com.facebook.orca/com.facebook.orca.threadview.ThreadViewActivity paused=false}
02-09 18:43:48.849 W/WindowManager(  230): updateFocusedWindowLocked newFocus=Window{409db328 com.facebook.orca/com.facebook.orca.threadview.ThreadViewActivity paused=false} mode=3 mCurrentFocus = Window{409db328 com.facebook.orca/com.facebook.orca.threadview.ThreadViewActivity paused=false}
02-09 18:43:48.939 W/WindowManager(  230): updateFocusedWindowLocked newFocus=Window{409db328 com.facebook.orca/com.facebook.orca.threadview.ThreadViewActivity paused=false} mode=3 mCurrentFocus = Window{409db328 com.facebook.orca/com.facebook.orca.threadview.ThreadViewActivity paused=false}
02-09 18:43:48.990 D/PowerManagerService(  230): setTimeoutLocked now=249879 timeoutOverride=-1 nextState=3 when=255879
02-09 18:43:49.050 W/WindowManager(  230): updateFocusedWindowLocked newFocus=Window{409db328 com.facebook.orca/com.facebook.orca.threadview.ThreadViewActivity paused=false} mode=3 mCurrentFocus = Window{409db328 com.facebook.orca/com.facebook.orca.threadview.ThreadViewActivity paused=false}
02-09 18:43:49.200 W/WindowManager(  230): updateFocusedWindowLocked newFocus=Window{409db328 com.facebook.orca/com.facebook.orca.threadview.ThreadViewActivity paused=false} mode=3 mCurrentFocus = Window{409db328 com.facebook.orca/com.facebook.orca.threadview.ThreadViewActivity paused=false}
02-09 18:43:49.260 D/PowerManagerService(  230): setTimeoutLocked now=250143 timeoutOverride=-1 nextState=3 when=256143
02-09 18:43:49.280 W/WindowManager(  230): updateFocusedWindowLocked newFocus=Window{409db328 com.facebook.orca/com.facebook.orca.threadview.ThreadViewActivity paused=false} mode=3 mCurrentFocus = Window{409db328 com.facebook.orca/com.facebook.orca.threadview.ThreadViewActivity paused=false}
02-09 18:43:49.640 D/PowerManagerService(  230): setTimeoutLocked now=250521 timeoutOverride=-1 nextState=3 when=256521
02-09 18:43:49.670 W/WindowManager(  230): updateFocusedWindowLocked newFocus=Window{409db328 com.facebook.orca/com.facebook.orca.threadview.ThreadViewActivity paused=false} mode=3 mCurrentFocus = Window{409db328 com.facebook.orca/com.facebook.orca.threadview.ThreadViewActivity paused=false}
02-09 18:43:49.790 D/PowerManagerService(  230): setTimeoutLocked now=250670 timeoutOverride=-1 nextState=3 when=256670
02-09 18:43:49.810 W/WindowManager(  230): updateFocusedWindowLocked newFocus=Window{409db328 com.facebook.orca/com.facebook.orca.threadview.ThreadViewActivity paused=false} mode=3 mCurrentFocus = Window{409db328 com.facebook.orca/com.facebook.orca.threadview.ThreadViewActivity paused=false}
02-09 18:43:50.000 W/WindowManager(  230): updateFocusedWindowLocked newFocus=Window{409db328 com.facebook.orca/com.facebook.orca.threadview.ThreadViewActivity paused=false} mode=3 mCurrentFocus = Window{409db328 com.facebook.orca/com.facebook.orca.threadview.ThreadViewActivity paused=false}
02-09 18:43:50.131 W/WindowManager(  230): updateFocusedWindowLocked newFocus=Window{409db328 com.facebook.orca/com.facebook.orca.threadview.ThreadViewActivity paused=false} mode=3 mCurrentFocus = Window{409db328 com.facebook.orca/com.facebook.orca.threadview.ThreadViewActivity paused=false}
02-09 18:43:50.281 D/PowerManagerService(  230): setTimeoutLocked now=251159 timeoutOverride=-1 nextState=3 when=257159
02-09 18:43:50.291 W/WindowManager(  230): updateFocusedWindowLocked newFocus=Window{409db328 com.facebook.orca/com.facebook.orca.threadview.ThreadViewActivity paused=false} mode=3 mCurrentFocus = Window{409db328 com.facebook.orca/com.facebook.orca.threadview.ThreadViewActivity paused=false}
02-09 18:43:50.411 D/PowerManagerService(  230): setTimeoutLocked now=251297 timeoutOverride=-1 nextState=3 when=257297
02-09 18:43:50.471 W/WindowManager(  230): updateFocusedWindowLocked newFocus=Window{409db328 com.facebook.orca/com.facebook.orca.threadview.ThreadViewActivity paused=false} mode=3 mCurrentFocus = Window{409db328 com.facebook.orca/com.facebook.orca.threadview.ThreadViewActivity paused=false}
02-09 18:43:50.511 W/WindowManager(  230): updateFocusedWindowLocked newFocus=Window{409db328 com.facebook.orca/com.facebook.orca.threadview.ThreadViewActivity paused=false} mode=3 mCurrentFocus = Window{409db328 com.facebook.orca/com.facebook.orca.threadview.ThreadViewActivity paused=false}
02-09 18:43:50.641 W/WindowManager(  230): updateFocusedWindowLocked newFocus=Window{409db328 com.facebook.orca/com.facebook.orca.threadview.ThreadViewActivity paused=false} mode=3 mCurrentFocus = Window{409db328 com.facebook.orca/com.facebook.orca.threadview.ThreadViewActivity paused=false}
02-09 18:43:50.741 D/StatusBarPolicy(  332): onSignalStrengthsChanged:SignalStrength: 99 0 -84 -90 -85 -25 7 99 2147483647 2147483647 2147483647 2147483647 cdma for subscription0
02-09 18:43:50.741 D/StatusBarPolicy(  332): updateSignalStrength on subscription :0
02-09 18:43:50.751 D/StatusBarPolicy(  332): StatusBarPolocy::getIconLevel -EVDO
02-09 18:43:50.751 D/StatusBarPolicy(  332): getEvdoLevel_band_six -evdoDbm:-85
02-09 18:43:50.751 D/StatusBarPolicy(  332): getEvdoLevel_band_six -evdoEcio:-25
02-09 18:43:50.781 D/PowerManagerService(  230): setTimeoutLocked now=251674 timeoutOverride=-1 nextState=3 when=257674
02-09 18:43:50.811 W/WindowManager(  230): updateFocusedWindowLocked newFocus=Window{409db328 com.facebook.orca/com.facebook.orca.threadview.ThreadViewActivity paused=false} mode=3 mCurrentFocus = Window{409db328 com.facebook.orca/com.facebook.orca.threadview.ThreadViewActivity paused=false}
02-09 18:43:50.901 D/PowerManagerService(  230): setTimeoutLocked now=251799 timeoutOverride=-1 nextState=3 when=257799
02-09 18:43:50.921 W/WindowManager(  230): updateFocusedWindowLocked newFocus=Window{409db328 com.facebook.orca/com.facebook.orca.threadview.ThreadViewActivity paused=false} mode=3 mCurrentFocus = Window{409db328 com.facebook.orca/com.facebook.orca.threadview.ThreadViewActivity paused=false}
02-09 18:43:50.951 W/WindowManager(  230): updateFocusedWindowLocked newFocus=Window{409db328 com.facebook.orca/com.facebook.orca.threadview.ThreadViewActivity paused=false} mode=3 mCurrentFocus = Window{409db328 com.facebook.orca/com.facebook.orca.threadview.ThreadViewActivity paused=false}
02-09 18:43:51.062 W/WindowManager(  230): updateFocusedWindowLocked newFocus=Window{409db328 com.facebook.orca/com.facebook.orca.threadview.ThreadViewActivity paused=false} mode=3 mCurrentFocus = Window{409db328 com.facebook.orca/com.facebook.orca.threadview.ThreadViewActivity paused=false}
02-09 18:43:51.492 D/PowerManagerService(  230): setTimeoutLocked now=252378 timeoutOverride=-1 nextState=3 when=258378
02-09 18:43:51.492 W/WindowManager(  230): updateFocusedWindowLocked newFocus=Window{409db328 com.facebook.orca/com.facebook.orca.threadview.ThreadViewActivity paused=false} mode=3 mCurrentFocus = Window{409db328 com.facebook.orca/com.facebook.orca.threadview.ThreadViewActivity paused=false}
02-09 18:43:51.612 D/PowerManagerService(  230): setTimeoutLocked now=252504 timeoutOverride=-1 nextState=3 when=258504
02-09 18:43:51.652 W/WindowManager(  230): updateFocusedWindowLocked newFocus=Window{409db328 com.facebook.orca/com.facebook.orca.threadview.ThreadViewActivity paused=false} mode=3 mCurrentFocus = Window{409db328 com.facebook.orca/com.facebook.orca.threadview.ThreadViewActivity paused=false}
02-09 18:43:51.672 D/WifiService(  230): releaseWifiLockLocked: WifiLock{NetworkLocationLocator type=2 binder=android.os.BinderProxy@409aeab8}
02-09 18:43:51.672 D/WifiService(  230): WifiHandler, MESSAGE_UPDATE_STATE
02-09 18:43:51.672 D/WifiService(  230): isAirplaneModeOn(): false
02-09 18:43:51.672 D/WifiService(  230): updateWifiState(), wifiEnabled: true, airplaneMode: false, wifiShouldBeEnabled: true, wifiShouldBeStarted: true, strongestLockMode: 1
02-09 18:43:51.672 D/WifiService(  230): WifiHandler, MESSAGE_UPDATE_STATE
02-09 18:43:51.672 D/WifiService(  230): isAirplaneModeOn(): false
02-09 18:43:51.672 D/WifiService(  230): updateWifiState(), wifiEnabled: true, airplaneMode: false, wifiShouldBeEnabled: true, wifiShouldBeStarted: true, strongestLockMode: 1
02-09 18:43:51.672 D/WifiService(  230): WifiHandler, MESSAGE_ENABLE_WIFI, msg.arg1: 0, msg.arg2: 1000
02-09 18:43:51.672 D/WifiService(  230): WifiHandler, MESSAGE_START_WIFI, msg.arg1: 1
02-09 18:43:51.672 D/WifiService(  230): WifiHandler, MESSAGE_ENABLE_WIFI, msg.arg1: 0, msg.arg2: 1000
02-09 18:43:51.672 D/WifiService(  230): WifiHandler, MESSAGE_START_WIFI, msg.arg1: 1
02-09 18:43:51.692 D/RPC     (  230): 3000008c:00050000 sending call (XID 14).
02-09 18:43:51.692 D/RPC     (  230): 3000008c:00050000 received REPLY (XID 14), grabbing mutex to wake up client.
02-09 18:43:51.692 D/RPC     (  230): 3000008c:00050000 call success.
02-09 18:43:51.692 D/RPC     (  230): 3000008c:00050000 received CALL.
02-09 18:43:51.702 D/RPC     (  230): 3000008c:00050000 dispatching RPC call (XID 103, xdr 0x372db0) for callback client 3100008c:00050001.
02-09 18:43:51.702 D/RPC     (  230): 3100008c:327681 sending RPC reply (XID 103)
02-09 18:43:51.752 W/WindowManager(  230): updateFocusedWindowLocked newFocus=Window{409db328 com.facebook.orca/com.facebook.orca.threadview.ThreadViewActivity paused=false} mode=3 mCurrentFocus = Window{409db328 com.facebook.orca/com.facebook.orca.threadview.ThreadViewActivity paused=false}
02-09 18:43:51.862 D/StatusBarPolicy(  332): updateDataIcon subscription =0
02-09 18:43:51.882 W/WindowManager(  230): updateFocusedWindowLocked newFocus=Window{409db328 com.facebook.orca/com.facebook.orca.threadview.ThreadViewActivity paused=false} mode=3 mCurrentFocus = Window{409db328 com.facebook.orca/com.facebook.orca.threadview.ThreadViewActivity paused=false}
02-09 18:43:51.952 W/WindowManager(  230): updateFocusedWindowLocked newFocus=Window{409db328 com.facebook.orca/com.facebook.orca.threadview.ThreadViewActivity paused=false} mode=3 mCurrentFocus = Window{409db328 com.facebook.orca/com.facebook.orca.threadview.ThreadViewActivity paused=false}
02-09 18:43:52.042 D/PowerManagerService(  230): setTimeoutLocked now=252928 timeoutOverride=-1 nextState=3 when=258928
02-09 18:43:52.133 W/WindowManager(  230): updateFocusedWindowLocked newFocus=Window{409db328 com.facebook.orca/com.facebook.orca.threadview.ThreadViewActivity paused=false} mode=3 mCurrentFocus = Window{409db328 com.facebook.orca/com.facebook.orca.threadview.ThreadViewActivity paused=false}
02-09 18:43:52.223 W/WindowManager(  230): updateFocusedWindowLocked newFocus=Window{409db328 com.facebook.orca/com.facebook.orca.threadview.ThreadViewActivity paused=false} mode=3 mCurrentFocus = Window{409db328 com.facebook.orca/com.facebook.orca.threadview.ThreadViewActivity paused=false}
02-09 18:43:52.353 D/PowerManagerService(  230): setTimeoutLocked now=253242 timeoutOverride=-1 nextState=3 when=259242
02-09 18:43:52.373 W/WindowManager(  230): updateFocusedWindowLocked newFocus=Window{409db328 com.facebook.orca/com.facebook.orca.threadview.ThreadViewActivity paused=false} mode=3 mCurrentFocus = Window{409db328 com.facebook.orca/com.facebook.orca.threadview.ThreadViewActivity paused=false}
02-09 18:43:52.433 W/WindowManager(  230): updateFocusedWindowLocked newFocus=Window{409db328 com.facebook.orca/com.facebook.orca.threadview.ThreadViewActivity paused=false} mode=3 mCurrentFocus = Window{409db328 com.facebook.orca/com.facebook.orca.threadview.ThreadViewActivity paused=false}
02-09 18:43:52.543 W/WindowManager(  230): updateFocusedWindowLocked newFocus=Window{409db328 com.facebook.orca/com.facebook.orca.threadview.ThreadViewActivity paused=false} mode=3 mCurrentFocus = Window{409db328 com.facebook.orca/com.facebook.orca.threadview.ThreadViewActivity paused=false}
02-09 18:43:52.633 D/PowerManagerService(  230): setTimeoutLocked now=253518 timeoutOverride=-1 nextState=3 when=259518
02-09 18:43:52.653 W/WindowManager(  230): updateFocusedWindowLocked newFocus=Window{409db328 com.facebook.orca/com.facebook.orca.threadview.ThreadViewActivity paused=false} mode=3 mCurrentFocus = Window{409db328 com.facebook.orca/com.facebook.orca.threadview.ThreadViewActivity paused=false}
02-09 18:43:52.783 W/WindowManager(  230): updateFocusedWindowLocked newFocus=Window{409db328 com.facebook.orca/com.facebook.orca.threadview.ThreadViewActivity paused=false} mode=3 mCurrentFocus = Window{409db328 com.facebook.orca/com.facebook.orca.threadview.ThreadViewActivity paused=false}
02-09 18:43:52.873 D/StatusBarPolicy(  332): updateDataIcon subscription =0
02-09 18:43:53.114 W/WindowManager(  230): updateFocusedWindowLocked newFocus=Window{409db328 com.facebook.orca/com.facebook.orca.threadview.ThreadViewActivity paused=false} mode=3 mCurrentFocus = Window{409db328 com.facebook.orca/com.facebook.orca.threadview.ThreadViewActivity paused=false}
02-09 18:43:53.164 D/PowerManagerService(  230): setTimeoutLocked now=254057 timeoutOverride=-1 nextState=3 when=260057
02-09 18:43:53.204 D/PowerManagerService(  230): setTimeoutLocked now=254095 timeoutOverride=-1 nextState=3 when=260095
02-09 18:43:53.234 W/WindowManager(  230): updateFocusedWindowLocked newFocus=Window{409db328 com.facebook.orca/com.facebook.orca.threadview.ThreadViewActivity paused=false} mode=3 mCurrentFocus = Window{409db328 com.facebook.orca/com.facebook.orca.threadview.ThreadViewActivity paused=false}
02-09 18:43:53.394 W/WindowManager(  230): updateFocusedWindowLocked newFocus=Window{409db328 com.facebook.orca/com.facebook.orca.threadview.ThreadViewActivity paused=false} mode=3 mCurrentFocus = Window{409db328 com.facebook.orca/com.facebook.orca.threadview.ThreadViewActivity paused=false}
02-09 18:43:53.514 W/WindowManager(  230): updateFocusedWindowLocked newFocus=Window{409db328 com.facebook.orca/com.facebook.orca.threadview.ThreadViewActivity paused=false} mode=3 mCurrentFocus = Window{409db328 com.facebook.orca/com.facebook.orca.threadview.ThreadViewActivity paused=false}
02-09 18:43:53.614 W/WindowManager(  230): updateFocusedWindowLocked newFocus=Window{409db328 com.facebook.orca/com.facebook.orca.threadview.ThreadViewActivity paused=false} mode=3 mCurrentFocus = Window{409db328 com.facebook.orca/com.facebook.orca.threadview.ThreadViewActivity paused=false}
02-09 18:43:53.684 D/PowerManagerService(  230): setTimeoutLocked now=254571 timeoutOverride=-1 nextState=3 when=260571
02-09 18:43:53.704 D/PowerManagerService(  230): setTimeoutLocked now=254597 timeoutOverride=-1 nextState=3 when=260597
