02-09 18:45:27.054 D/StatusBarPolicy(  332): StatusBarPolocy::getIconLevel -EVDO
02-09 18:45:27.054 D/StatusBarPolicy(  332): getEvdoLevel_band_six -evdoDbm:-76
02-09 18:45:27.054 D/StatusBarPolicy(  332): getEvdoLevel_band_six -evdoEcio:-1
02-09 18:45:27.064 D/StatusBarPolicy(  332): onSignalStrengthsChanged:SignalStrength: 99 0 -88 -70 -76 -40 8 99 2147483647 2147483647 2147483647 2147483647 cdma for subscription0
02-09 18:45:27.064 D/StatusBarPolicy(  332): updateSignalStrength on subscription :0
02-09 18:45:27.064 D/StatusBarPolicy(  332): StatusBarPolocy::getIconLevel -EVDO
02-09 18:45:27.064 D/StatusBarPolicy(  332): getEvdoLevel_band_six -evdoDbm:-76
02-09 18:45:27.064 D/StatusBarPolicy(  332): getEvdoLevel_band_six -evdoEcio:-40
02-09 18:45:27.084 I/TelephonyRegistry(  230): notifyServiceState: 0 home Sprint  310099  EvDo rev. A CSS not supported 41 4139RoamInd: 1RoamStatus(sprint): 1DefRoamInd: 160EmergOnly: false
02-09 18:45:27.084 D/StatusBarPolicy(  332): onServiceStateChanged:0 home Sprint  310099  EvDo rev. A CSS not supported 41 4139RoamInd: 1RoamStatus(sprint): 1DefRoamInd: 160EmergOnly: falsefor subscription :0
02-09 18:45:27.084 D/StatusBarPolicy(  332): updateSignalStrength on subscription :0
02-09 18:45:27.084 D/StatusBarPolicy(  332): StatusBarPolocy::getIconLevel -EVDO
02-09 18:45:27.084 D/StatusBarPolicy(  332): getEvdoLevel_band_six -evdoDbm:-76
02-09 18:45:27.084 D/StatusBarPolicy(  332): getEvdoLevel_band_six -evdoEcio:-40
02-09 18:45:27.084 D/StatusBarPolicy(  332): updateDataIcon subscription =0
02-09 18:45:27.084 D/PowerManagerService(  230): setTimeoutLocked now=344828 timeoutOverride=-1 nextState=3 when=350828
02-09 18:45:27.104 W/WindowManager(  230): updateFocusedWindowLocked newFocus=Window{409db328 com.facebook.orca/com.facebook.orca.threadview.ThreadViewActivity paused=false} mode=3 mCurrentFocus = Window{409db328 com.facebook.orca/com.facebook.orca.threadview.ThreadViewActivity paused=false}
02-09 18:45:27.214 D/PowerManagerService(  230): setTimeoutLocked now=344954 timeoutOverride=-1 nextState=3 when=350954
02-09 18:45:27.234 W/WindowManager(  230): updateFocusedWindowLocked newFocus=Window{409db328 com.facebook.orca/com.facebook.orca.threadview.ThreadViewActivity paused=false} mode=3 mCurrentFocus = Window{409db328 com.facebook.orca/com.facebook.orca.threadview.ThreadViewActivity paused=false}
02-09 18:45:27.865 D/PowerManagerService(  230): setTimeoutLocked now=345602 timeoutOverride=-1 nextState=3 when=351602
02-09 18:45:27.885 W/WindowManager(  230): updateFocusedWindowLocked newFocus=Window{409db328 com.facebook.orca/com.facebook.orca.threadview.ThreadViewActivity paused=false} mode=3 mCurrentFocus = Window{409db328 com.facebook.orca/com.facebook.orca.threadview.ThreadViewActivity paused=false}
02-09 18:45:27.995 D/PowerManagerService(  230): setTimeoutLocked now=345738 timeoutOverride=-1 nextState=3 when=351738
02-09 18:45:28.015 W/WindowManager(  230): updateFocusedWindowLocked newFocus=Window{409db328 com.facebook.orca/com.facebook.orca.threadview.ThreadViewActivity paused=false} mode=3 mCurrentFocus = Window{409db328 com.facebook.orca/com.facebook.orca.threadview.ThreadViewActivity paused=false}
02-09 18:45:28.195 W/WindowManager(  230): updateFocusedWindowLocked newFocus=Window{409db328 com.facebook.orca/com.facebook.orca.threadview.ThreadViewActivity paused=false} mode=3 mCurrentFocus = Window{409db328 com.facebook.orca/com.facebook.orca.threadview.ThreadViewActivity paused=false}
02-09 18:45:28.275 W/WindowManager(  230): updateFocusedWindowLocked newFocus=Window{409db328 com.facebook.orca/com.facebook.orca.threadview.ThreadViewActivity paused=false} mode=3 mCurrentFocus = Window{409db328 com.facebook.orca/com.facebook.orca.threadview.ThreadViewActivity paused=false}
02-09 18:45:28.405 D/PowerManagerService(  230): setTimeoutLocked now=346140 timeoutOverride=-1 nextState=3 when=352140
02-09 18:45:28.425 W/WindowManager(  230): updateFocusedWindowLocked newFocus=Window{409db328 com.facebook.orca/com.facebook.orca.threadview.ThreadViewActivity paused=false} mode=3 mCurrentFocus = Window{409db328 com.facebook.orca/com.facebook.orca.threadview.ThreadViewActivity paused=false}
02-09 18:45:28.535 D/PowerManagerService(  230): setTimeoutLocked now=346278 timeoutOverride=-1 nextState=3 when=352278
02-09 18:45:28.585 W/WindowManager(  230): updateFocusedWindowLocked newFocus=Window{409db328 com.facebook.orca/com.facebook.orca.threadview.ThreadViewActivity paused=false} mode=3 mCurrentFocus = Window{409db328 com.facebook.orca/com.facebook.orca.threadview.ThreadViewActivity paused=false}
02-09 18:45:29.146 D/PowerManagerService(  230): setTimeoutLocked now=346886 timeoutOverride=-1 nextState=3 when=352886
02-09 18:45:29.156 W/WindowManager(  230): updateFocusedWindowLocked newFocus=Window{409db328 com.facebook.orca/com.facebook.orca.threadview.ThreadViewActivity paused=false} mode=3 mCurrentFocus = Window{409db328 com.facebook.orca/com.facebook.orca.threadview.ThreadViewActivity paused=false}
02-09 18:45:29.286 D/StatusBarPolicy(  332): onSignalStrengthsChanged:SignalStrength: 99 0 -88 -70 -78 -30 8 99 2147483647 2147483647 2147483647 2147483647 cdma for subscription0
02-09 18:45:29.286 D/StatusBarPolicy(  332): updateSignalStrength on subscription :0
02-09 18:45:29.296 D/PowerManagerService(  230): setTimeoutLocked now=347035 timeoutOverride=-1 nextState=3 when=353035
02-09 18:45:29.296 D/StatusBarPolicy(  332): StatusBarPolocy::getIconLevel -EVDO
02-09 18:45:29.296 D/StatusBarPolicy(  332): getEvdoLevel_band_six -evdoDbm:-78
02-09 18:45:29.296 D/StatusBarPolicy(  332): getEvdoLevel_band_six -evdoEcio:-30
02-09 18:45:29.326 W/WindowManager(  230): updateFocusedWindowLocked newFocus=Window{409db328 com.facebook.orca/com.facebook.orca.threadview.ThreadViewActivity paused=false} mode=3 mCurrentFocus = Window{409db328 com.facebook.orca/com.facebook.orca.threadview.ThreadViewActivity paused=false}
02-09 18:45:29.757 D/PowerManagerService(  230): setTimeoutLocked now=347489 timeoutOverride=-1 nextState=3 when=353489
02-09 18:45:29.757 W/WindowManager(  230): updateFocusedWindowLocked newFocus=Window{409db328 com.facebook.orca/com.facebook.orca.threadview.ThreadViewActivity paused=false} mode=3 mCurrentFocus = Window{409db328 com.facebook.orca/com.facebook.orca.threadview.ThreadViewActivity paused=false}
02-09 18:45:29.877 D/PowerManagerService(  230): setTimeoutLocked now=347612 timeoutOverride=-1 nextState=3 when=353612
02-09 18:45:29.907 W/WindowManager(  230): updateFocusedWindowLocked newFocus=Window{409db328 com.facebook.orca/com.facebook.orca.threadview.ThreadViewActivity paused=false} mode=3 mCurrentFocus = Window{409db328 com.facebook.orca/com.facebook.orca.threadview.ThreadViewActivity paused=false}
02-09 18:45:30.187 W/WindowManager(  230): updateFocusedWindowLocked newFocus=Window{409db328 com.facebook.orca/com.facebook.orca.threadview.ThreadViewActivity paused=false} mode=3 mCurrentFocus = Window{409db328 com.facebook.orca/com.facebook.orca.threadview.ThreadViewActivity paused=false}
02-09 18:45:30.267 D/PowerManagerService(  230): setTimeoutLocked now=348001 timeoutOverride=-1 nextState=3 when=354001
02-09 18:45:30.337 W/WindowManager(  230): updateFocusedWindowLocked newFocus=Window{409db328 com.facebook.orca/com.facebook.orca.threadview.ThreadViewActivity paused=false} mode=3 mCurrentFocus = Window{409db328 com.facebook.orca/com.facebook.orca.threadview.ThreadViewActivity paused=false}
02-09 18:45:30.728 D/StatusBarPolicy(  332): updateDataIcon subscription =0
02-09 18:45:30.848 D/PowerManagerService(  230): setTimeoutLocked now=348579 timeoutOverride=-1 nextState=3 when=354579
02-09 18:45:30.858 W/WindowManager(  230): updateFocusedWindowLocked newFocus=Window{409db328 com.facebook.orca/com.facebook.orca.threadview.ThreadViewActivity paused=false} mode=3 mCurrentFocus = Window{409db328 com.facebook.orca/com.facebook.orca.threadview.ThreadViewActivity paused=false}
02-09 18:45:30.958 D/PowerManagerService(  230): setTimeoutLocked now=348694 timeoutOverride=-1 nextState=3 when=354694
02-09 18:45:30.978 W/WindowManager(  230): updateFocusedWindowLocked newFocus=Window{409db328 com.facebook.orca/com.facebook.orca.threadview.ThreadViewActivity paused=false} mode=3 mCurrentFocus = Window{409db328 com.facebook.orca/com.facebook.orca.threadview.ThreadViewActivity paused=false}
02-09 18:45:30.988 W/WindowManager(  230): updateFocusedWindowLocked newFocus=Window{409db328 com.facebook.orca/com.facebook.orca.threadview.ThreadViewActivity paused=false} mode=3 mCurrentFocus = Window{409db328 com.facebook.orca/com.facebook.orca.threadview.ThreadViewActivity paused=false}
02-09 18:45:31.148 W/WindowManager(  230): updateFocusedWindowLocked newFocus=Window{409db328 com.facebook.orca/com.facebook.orca.threadview.ThreadViewActivity paused=false} mode=3 mCurrentFocus = Window{409db328 com.facebook.orca/com.facebook.orca.threadview.ThreadViewActivity paused=false}
02-09 18:45:31.749 D/StatusBarPolicy(  332): updateDataIcon subscription =0
02-09 18:45:32.159 D/PowerManagerService(  230): setTimeoutLocked now=349890 timeoutOverride=-1 nextState=3 when=355890
02-09 18:45:32.179 W/WindowManager(  230): updateFocusedWindowLocked newFocus=Window{409db328 com.facebook.orca/com.facebook.orca.threadview.ThreadViewActivity paused=false} mode=3 mCurrentFocus = Window{409db328 com.facebook.orca/com.facebook.orca.threadview.ThreadViewActivity paused=false}
02-09 18:45:32.179 D/StatusBarPolicy(  332): onSignalStrengthsChanged:SignalStrength: 99 0 -89 -85 -80 -30 8 99 2147483647 2147483647 2147483647 2147483647 cdma for subscription0
02-09 18:45:32.179 D/StatusBarPolicy(  332): updateSignalStrength on subscription :0
02-09 18:45:32.179 D/StatusBarPolicy(  332): StatusBarPolocy::getIconLevel -EVDO
02-09 18:45:32.179 D/StatusBarPolicy(  332): getEvdoLevel_band_six -evdoDbm:-80
02-09 18:45:32.179 D/StatusBarPolicy(  332): getEvdoLevel_band_six -evdoEcio:-30
02-09 18:45:32.189 I/TelephonyRegistry(  230): notifyServiceState: 0 home Sprint  310099  EvDo rev. A CSS not supported 41 4139RoamInd: 1RoamStatus(sprint): 1DefRoamInd: 160EmergOnly: false
02-09 18:45:32.189 D/StatusBarPolicy(  332): onServiceStateChanged:0 home Sprint  310099  EvDo rev. A CSS not supported 41 4139RoamInd: 1RoamStatus(sprint): 1DefRoamInd: 160EmergOnly: falsefor subscription :0
02-09 18:45:32.189 D/StatusBarPolicy(  332): updateSignalStrength on subscription :0
02-09 18:45:32.199 D/StatusBarPolicy(  332): StatusBarPolocy::getIconLevel -EVDO
02-09 18:45:32.199 D/StatusBarPolicy(  332): getEvdoLevel_band_six -evdoDbm:-80
02-09 18:45:32.199 D/StatusBarPolicy(  332): getEvdoLevel_band_six -evdoEcio:-30
02-09 18:45:32.199 D/StatusBarPolicy(  332): updateDataIcon subscription =0
02-09 18:45:32.219 D/PowerManagerService(  230): setTimeoutLocked now=349954 timeoutOverride=-1 nextState=3 when=355954
02-09 18:45:32.289 W/WindowManager(  230): updateFocusedWindowLocked newFocus=Window{409db328 com.facebook.orca/com.facebook.orca.threadview.ThreadViewActivity paused=false} mode=3 mCurrentFocus = Window{409db328 com.facebook.orca/com.facebook.orca.threadview.ThreadViewActivity paused=false}
02-09 18:45:32.719 D/PowerManagerService(  230): setTimeoutLocked now=350456 timeoutOverride=-1 nextState=3 when=356456
02-09 18:45:32.729 W/WindowManager(  230): updateFocusedWindowLocked newFocus=Window{409db328 com.facebook.orca/com.facebook.orca.threadview.ThreadViewActivity paused=false} mode=3 mCurrentFocus = Window{409db328 com.facebook.orca/com.facebook.orca.threadview.ThreadViewActivity paused=false}
02-09 18:45:32.770 D/StatusBarPolicy(  332): updateDataIcon subscription =0
02-09 18:45:32.850 D/PowerManagerService(  230): setTimeoutLocked now=350580 timeoutOverride=-1 nextState=3 when=356580
02-09 18:45:32.870 W/WindowManager(  230): updateFocusedWindowLocked newFocus=Window{409db328 com.facebook.orca/com.facebook.orca.threadview.ThreadViewActivity paused=false} mode=3 mCurrentFocus = Window{409db328 com.facebook.orca/com.facebook.orca.threadview.ThreadViewActivity paused=false}
02-09 18:45:33.340 I/TelephonyRegistry(  230): notifyServiceState: 0 home Sprint  310099  EvDo rev. A CSS not supported 41 4139RoamInd: 1RoamStatus(sprint): 1DefRoamInd: 160EmergOnly: false
02-09 18:45:33.340 D/StatusBarPolicy(  332): onServiceStateChanged:0 home Sprint  310099  EvDo rev. A CSS not supported 41 4139RoamInd: 1RoamStatus(sprint): 1DefRoamInd: 160EmergOnly: falsefor subscription :0
02-09 18:45:33.340 D/StatusBarPolicy(  332): updateSignalStrength on subscription :0
02-09 18:45:33.340 D/StatusBarPolicy(  332): StatusBarPolocy::getIconLevel -EVDO
02-09 18:45:33.340 D/StatusBarPolicy(  332): getEvdoLevel_band_six -evdoDbm:-80
02-09 18:45:33.340 D/StatusBarPolicy(  332): getEvdoLevel_band_six -evdoEcio:-30
02-09 18:45:33.340 D/StatusBarPolicy(  332): updateDataIcon subscription =0
02-09 18:45:33.450 D/PowerManagerService(  230): setTimeoutLocked now=351186 timeoutOverride=-1 nextState=3 when=357186
02-09 18:45:33.570 D/PowerManagerService(  230): setTimeoutLocked now=351301 timeoutOverride=-1 nextState=3 when=357301
02-09 18:45:33.590 D/WifiService(  230): acquireWifiLockLocked: WifiLock{NetworkLocationLocator type=2 binder=android.os.BinderProxy@408b7418}
02-09 18:45:33.590 D/WifiService(  230): WifiHandler, MESSAGE_UPDATE_STATE
02-09 18:45:33.600 D/WifiService(  230): isAirplaneModeOn(): false
02-09 18:45:33.600 D/WifiService(  230): updateWifiState(), wifiEnabled: true, airplaneMode: false, wifiShouldBeEnabled: true, wifiShouldBeStarted: true, strongestLockMode: 1
02-09 18:45:33.600 D/WifiService(  230): WifiHandler, MESSAGE_ENABLE_WIFI, msg.arg1: 0, msg.arg2: 1000
02-09 18:45:33.600 D/WifiService(  230): WifiHandler, MESSAGE_START_WIFI, msg.arg1: 1
02-09 18:45:33.680 D/RPC     (  230): 3000008c:00050000 sending call (XID 20).
02-09 18:45:33.680 D/RPC     (  230): 3000008c:00050000 received REPLY (XID 20), grabbing mutex to wake up client.
02-09 18:45:33.680 D/RPC     (  230): 3000008c:00050000 waiting for XDR input buffer to be consumed.
02-09 18:45:33.690 D/RPC     (  230): 3000008c:00050000 call success.
02-09 18:45:33.690 D/RPC     (  230): 3000008c:00050000 received CALL.
02-09 18:45:33.690 D/RPC     (  230): 3000008c:00050000 dispatching RPC call (XID 197, xdr 0x372db0) for callback client 3100008c:00050001.
02-09 18:45:33.700 D/RPC     (  230): 3100008c:327681 sending RPC reply (XID 197)
02-09 18:45:33.700 D/RPC     (  230): 3000008c:00050000 sending call (XID 21).
02-09 18:45:33.730 D/RPC     (  230): 3000008c:00050000 received REPLY (XID 21), grabbing mutex to wake up client.
02-09 18:45:33.730 D/RPC     (  230): 3000008c:00050000 waiting for XDR input buffer to be consumed.
02-09 18:45:33.730 D/RPC     (  230): 3000008c:00050000 call success.
02-09 18:45:33.730 D/RPC     (  230): 3000008c:00050000 received CALL.
02-09 18:45:33.730 D/RPC     (  230): 3000008c:00050000 dispatching RPC call (XID 198, xdr 0x372db0) for callback client 3100008c:00050001.
02-09 18:45:33.740 D/RPC     (  230): 3100008c:327681 sending RPC reply (XID 198)
02-09 18:45:33.771 D/StatusBarPolicy(  332): updateDataIcon subscription =0
02-09 18:45:33.831 D/StatusBarPolicy(  332): onSignalStrengthsChanged:SignalStrength: 99 0 -89 -70 -80 -30 8 99 2147483647 2147483647 2147483647 2147483647 cdma for subscription0
02-09 18:45:33.831 D/StatusBarPolicy(  332): updateSignalStrength on subscription :0
02-09 18:45:33.831 D/StatusBarPolicy(  332): StatusBarPolocy::getIconLevel -EVDO
02-09 18:45:33.831 D/StatusBarPolicy(  332): getEvdoLevel_band_six -evdoDbm:-80
02-09 18:45:33.831 D/StatusBarPolicy(  332): getEvdoLevel_band_six -evdoEcio:-30
02-09 18:45:34.051 D/RPC     (  230): 3000008c:00050000 received CALL.
02-09 18:45:34.051 D/RPC     (  230): 3000008c:00050000 dispatching RPC call (XID 199, xdr 0x372db0) for callback client 3100008c:00050001.
02-09 18:45:34.051 D/RPC     (  230): 3100008c:327681 sending RPC reply (XID 199)
02-09 18:45:34.181 D/PowerManagerService(  230): setTimeoutLocked now=351908 timeoutOverride=-1 nextState=3 when=357908
02-09 18:45:34.291 W/WindowManager(  230): updateFocusedWindowLocked newFocus=Window{409db328 com.facebook.orca/com.facebook.orca.threadview.ThreadViewActivity paused=false} mode=3 mCurrentFocus = Window{409db328 com.facebook.orca/com.facebook.orca.threadview.ThreadViewActivity paused=false}
02-09 18:45:34.792 D/StatusBarPolicy(  332): updateDataIcon subscription =0
02-09 18:45:35.092 D/RPC     (  230): 3000008c:00050000 received CALL.
02-09 18:45:35.102 D/RPC     (  230): 3000008c:00050000 dispatching RPC call (XID 200, xdr 0x372db0) for callback client 3100008c:00050001.
02-09 18:45:35.102 D/RPC     (  230): 3100008c:327681 sending RPC reply (XID 200)
02-09 18:45:35.102 D/RPC     (  230): 3000008c:00050000 received CALL.
02-09 18:45:35.112 D/RPC     (  230): 3000008c:00050000 dispatching RPC call (XID 201, xdr 0x372db0) for callback client 3100008c:00050001.
02-09 18:45:35.112 D/RPC     (  230): 3100008c:327681 sending RPC reply (XID 201)
02-09 18:45:35.112 D/RPC     (  230): 3000008c:00050000 received CALL.
02-09 18:45:35.112 D/RPC     (  230): 3000008c:00050000 dispatching RPC call (XID 202, xdr 0x372db0) for callback client 3100008c:00050001.
02-09 18:45:35.122 D/RPC     (  230): 3100008c:327681 sending RPC reply (XID 202)
02-09 18:45:35.122 D/RPC     (  230): 3000008c:00050000 received CALL.
02-09 18:45:35.122 D/RPC     (  230): 3000008c:00050000 dispatching RPC call (XID 203, xdr 0x372db0) for callback client 3100008c:00050001.
02-09 18:45:35.132 D/RPC     (  230): 3100008c:327681 sending RPC reply (XID 203)
02-09 18:45:35.132 D/RPC     (  230): 3000008c:00050000 received CALL.
02-09 18:45:35.132 D/RPC     (  230): 3000008c:00050000 dispatching RPC call (XID 204, xdr 0x372db0) for callback client 3100008c:00050001.
02-09 18:45:35.132 D/RPC     (  230): 3100008c:327681 sending RPC reply (XID 204)
02-09 18:45:35.132 D/RPC     (  230): 3000008c:00050000 received CALL.
02-09 18:45:35.132 D/RPC     (  230): 3000008c:00050000 dispatching RPC call (XID 205, xdr 0x372db0) for callback client 3100008c:00050001.
02-09 18:45:35.142 D/RPC     (  230): 3100008c:327681 sending RPC reply (XID 205)
02-09 18:45:35.142 D/RPC     (  230): 3000008c:00050000 received CALL.
02-09 18:45:35.142 D/RPC     (  230): 3000008c:00050000 dispatching RPC call (XID 206, xdr 0x372db0) for callback client 3100008c:00050001.
02-09 18:45:35.152 D/RPC     (  230): 3100008c:327681 sending RPC reply (XID 206)
02-09 18:45:35.152 D/RPC     (  230): 3000008c:00050000 received CALL.
02-09 18:45:35.152 D/RPC     (  230): 3000008c:00050000 dispatching RPC call (XID 207, xdr 0x372db0) for callback client 3100008c:00050001.
02-09 18:45:35.172 D/RPC     (  230): 3100008c:327681 sending RPC reply (XID 207)
02-09 18:45:35.722 D/RPC     (  230): 3000008c:00050000 received CALL.
02-09 18:45:35.722 D/RPC     (  230): 3000008c:00050000 dispatching RPC call (XID 208, xdr 0x372db0) for callback client 3100008c:00050001.
02-09 18:45:35.722 D/RPC     (  230): 3100008c:327681 sending RPC reply (XID 208)
02-09 18:45:36.023 D/StatusBarPolicy(  332): onSignalStrengthsChanged:SignalStrength: 99 0 -87 -105 -79 -35 8 99 2147483647 2147483647 2147483647 2147483647 cdma for subscription0
02-09 18:45:36.023 D/StatusBarPolicy(  332): updateSignalStrength on subscription :0
02-09 18:45:36.023 D/StatusBarPolicy(  332): StatusBarPolocy::getIconLevel -EVDO
02-09 18:45:36.023 D/StatusBarPolicy(  332): getEvdoLevel_band_six -evdoDbm:-79
02-09 18:45:36.023 D/StatusBarPolicy(  332): getEvdoLevel_band_six -evdoEcio:-35
02-09 18:45:36.093 D/RPC     (  230): 3000008c:00050000 received CALL.
02-09 18:45:36.093 D/RPC     (  230): 3000008c:00050000 dispatching RPC call (XID 209, xdr 0x372db0) for callback client 3100008c:00050001.
02-09 18:45:36.103 D/RPC     (  230): 3100008c:327681 sending RPC reply (XID 209)
02-09 18:45:36.103 D/RPC     (  230): 3000008c:00050000 received CALL.
02-09 18:45:36.103 D/RPC     (  230): 3000008c:00050000 dispatching RPC call (XID 210, xdr 0x372db0) for callback client 3100008c:00050001.
02-09 18:45:36.123 D/RPC     (  230): 3100008c:327681 sending RPC reply (XID 210)
02-09 18:45:36.123 D/RPC     (  230): 3000008c:00050000 received CALL.
02-09 18:45:36.123 D/RPC     (  230): 3000008c:00050000 dispatching RPC call (XID 211, xdr 0x372db0) for callback client 3100008c:00050001.
02-09 18:45:36.133 D/RPC     (  230): 3100008c:327681 sending RPC reply (XID 211)
02-09 18:45:36.133 D/RPC     (  230): 3000008c:00050000 received CALL.
02-09 18:45:36.133 D/RPC     (  230): 3000008c:00050000 dispatching RPC call (XID 212, xdr 0x372db0) for callback client 3100008c:00050001.
02-09 18:45:36.143 D/RPC     (  230): 3100008c:327681 sending RPC reply (XID 212)
02-09 18:45:36.153 D/RPC     (  230): 3000008c:00050000 received CALL.
02-09 18:45:36.153 D/RPC     (  230): 3000008c:00050000 dispatching RPC call (XID 213, xdr 0x372db0) for callback client 3100008c:00050001.
02-09 18:45:36.153 D/RPC     (  230): 3100008c:327681 sending RPC reply (XID 213)
02-09 18:45:36.153 D/RPC     (  230): 3000008c:00050000 received CALL.
02-09 18:45:36.153 D/RPC     (  230): 3000008c:00050000 dispatching RPC call (XID 214, xdr 0x372db0) for callback client 3100008c:00050001.
02-09 18:45:36.153 D/RPC     (  230): 3100008c:327681 sending RPC reply (XID 214)
02-09 18:45:36.153 D/RPC     (  230): 3000008c:00050000 received CALL.
02-09 18:45:36.153 D/RPC     (  230): 3000008c:00050000 dispatching RPC call (XID 215, xdr 0x372db0) for callback client 3100008c:00050001.
02-09 18:45:36.153 D/RPC     (  230): 3100008c:327681 sending RPC reply (XID 215)
02-09 18:45:36.153 D/RPC     (  230): 3000008c:00050000 received CALL.
02-09 18:45:36.153 D/RPC     (  230): 3000008c:00050000 dispatching RPC call (XID 216, xdr 0x372db0) for callback client 3100008c:00050001.
02-09 18:45:36.163 D/RPC     (  230): 3100008c:327681 sending RPC reply (XID 216)
02-09 18:45:36.733 D/RPC     (  230): 3000008c:00050000 received CALL.
02-09 18:45:36.733 D/RPC     (  230): 3000008c:00050000 dispatching RPC call (XID 217, xdr 0x372db0) for callback client 3100008c:00050001.
02-09 18:45:36.733 D/RPC     (  230): 3100008c:327681 sending RPC reply (XID 217)
02-09 18:45:37.104 D/RPC     (  230): 3000008c:00050000 received CALL.
02-09 18:45:37.104 D/RPC     (  230): 3000008c:00050000 dispatching RPC call (XID 218, xdr 0x372db0) for callback client 3100008c:00050001.
02-09 18:45:37.124 D/RPC     (  230): 3100008c:327681 sending RPC reply (XID 218)
02-09 18:45:37.124 D/RPC     (  230): 3000008c:00050000 received CALL.
02-09 18:45:37.124 D/RPC     (  230): 3000008c:00050000 dispatching RPC call (XID 219, xdr 0x372db0) for callback client 3100008c:00050001.
02-09 18:45:37.134 D/RPC     (  230): 3100008c:327681 sending RPC reply (XID 219)
02-09 18:45:37.134 D/RPC     (  230): 3000008c:00050000 received CALL.
02-09 18:45:37.134 D/RPC     (  230): 3000008c:00050000 dispatching RPC call (XID 220, xdr 0x372db0) for callback client 3100008c:00050001.
02-09 18:45:37.164 D/RPC     (  230): 3100008c:327681 sending RPC reply (XID 220)
02-09 18:45:37.164 D/RPC     (  230): 3000008c:00050000 received CALL.
02-09 18:45:37.164 D/RPC     (  230): 3000008c:00050000 dispatching RPC call (XID 221, xdr 0x372db0) for callback client 3100008c:00050001.
02-09 18:45:37.164 D/RPC     (  230): 3100008c:327681 sending RPC reply (XID 221)
02-09 18:45:37.164 D/RPC     (  230): 3000008c:00050000 received CALL.
02-09 18:45:37.164 D/RPC     (  230): 3000008c:00050000 dispatching RPC call (XID 222, xdr 0x372db0) for callback client 3100008c:00050001.
02-09 18:45:37.174 D/RPC     (  230): 3100008c:327681 sending RPC reply (XID 222)
02-09 18:45:37.174 D/RPC     (  230): 3000008c:00050000 received CALL.
02-09 18:45:37.174 D/RPC     (  230): 3000008c:00050000 dispatching RPC call (XID 223, xdr 0x372db0) for callback client 3100008c:00050001.
02-09 18:45:37.174 D/RPC     (  230): 3100008c:327681 sending RPC reply (XID 223)
02-09 18:45:37.174 D/RPC     (  230): 3000008c:00050000 received CALL.
02-09 18:45:37.174 D/RPC     (  230): 3000008c:00050000 dispatching RPC call (XID 224, xdr 0x372db0) for callback client 3100008c:00050001.
02-09 18:45:37.174 D/RPC     (  230): 3100008c:327681 sending RPC reply (XID 224)
02-09 18:45:37.174 D/RPC     (  230): 3000008c:00050000 received CALL.
02-09 18:45:37.174 D/RPC     (  230): 3000008c:00050000 dispatching RPC call (XID 225, xdr 0x372db0) for callback client 3100008c:00050001.
02-09 18:45:37.174 D/RPC     (  230): 3100008c:327681 sending RPC reply (XID 225)
02-09 18:45:37.724 D/RPC     (  230): 3000008c:00050000 received CALL.
02-09 18:45:37.724 D/RPC     (  230): 3000008c:00050000 dispatching RPC call (XID 226, xdr 0x372db0) for callback client 3100008c:00050001.
02-09 18:45:37.724 D/RPC     (  230): 3100008c:327681 sending RPC reply (XID 226)
02-09 18:45:38.085 D/RPC     (  230): 3000008c:00050000 received CALL.
02-09 18:45:38.115 D/RPC     (  230): 3000008c:00050000 dispatching RPC call (XID 227, xdr 0x372db0) for callback client 3100008c:00050001.
02-09 18:45:38.155 D/RPC     (  230): 3100008c:327681 sending RPC reply (XID 227)
02-09 18:45:38.155 D/RPC     (  230): 3000008c:00050000 received CALL.
02-09 18:45:38.155 D/RPC     (  230): 3000008c:00050000 dispatching RPC call (XID 228, xdr 0x372db0) for callback client 3100008c:00050001.
02-09 18:45:38.155 D/RPC     (  230): 3100008c:327681 sending RPC reply (XID 228)
02-09 18:45:38.155 D/RPC     (  230): 3000008c:00050000 received CALL.
02-09 18:45:38.155 D/RPC     (  230): 3000008c:00050000 dispatching RPC call (XID 229, xdr 0x372db0) for callback client 3100008c:00050001.
02-09 18:45:38.155 D/RPC     (  230): 3100008c:327681 sending RPC reply (XID 229)
02-09 18:45:38.155 D/RPC     (  230): 3000008c:00050000 received CALL.
02-09 18:45:38.155 D/RPC     (  230): 3000008c:00050000 dispatching RPC call (XID 230, xdr 0x372db0) for callback client 3100008c:00050001.
02-09 18:45:38.155 D/RPC     (  230): 3100008c:327681 sending RPC reply (XID 230)
02-09 18:45:38.155 D/RPC     (  230): 3000008c:00050000 received CALL.
02-09 18:45:38.155 D/RPC     (  230): 3000008c:00050000 dispatching RPC call (XID 231, xdr 0x372db0) for callback client 3100008c:00050001.
02-09 18:45:38.155 D/RPC     (  230): 3100008c:327681 sending RPC reply (XID 231)
02-09 18:45:38.165 D/RPC     (  230): 3000008c:00050000 received CALL.
02-09 18:45:38.165 D/RPC     (  230): 3000008c:00050000 dispatching RPC call (XID 232, xdr 0x372db0) for callback client 3100008c:00050001.
02-09 18:45:38.165 D/RPC     (  230): 3100008c:327681 sending RPC reply (XID 232)
02-09 18:45:38.165 D/RPC     (  230): 3000008c:00050000 received CALL.
02-09 18:45:38.165 D/RPC     (  230): 3000008c:00050000 dispatching RPC call (XID 233, xdr 0x372db0) for callback client 3100008c:00050001.
02-09 18:45:38.165 D/RPC     (  230): 3100008c:327681 sending RPC reply (XID 233)
02-09 18:45:38.165 D/RPC     (  230): 3000008c:00050000 received CALL.
02-09 18:45:38.165 D/RPC     (  230): 3000008c:00050000 dispatching RPC call (XID 234, xdr 0x372db0) for callback client 3100008c:00050001.
02-09 18:45:38.165 D/RPC     (  230): 3100008c:327681 sending RPC reply (XID 234)
02-09 18:45:38.255 D/StatusBarPolicy(  332): onSignalStrengthsChanged:SignalStrength: 99 0 -85 -70 -78 -35 8 99 2147483647 2147483647 2147483647 2147483647 cdma for subscription0
02-09 18:45:38.255 D/StatusBarPolicy(  332): updateSignalStrength on subscription :0
02-09 18:45:38.255 D/StatusBarPolicy(  332): StatusBarPolocy::getIconLevel -EVDO
02-09 18:45:38.255 D/StatusBarPolicy(  332): getEvdoLevel_band_six -evdoDbm:-78
02-09 18:45:38.255 D/StatusBarPolicy(  332): getEvdoLevel_band_six -evdoEcio:-35
02-09 18:45:38.655 D/WifiService(  230): releaseWifiLockLocked: WifiLock{NetworkLocationLocator type=2 binder=android.os.BinderProxy@408b7418}
02-09 18:45:38.655 D/WifiService(  230): WifiHandler, MESSAGE_UPDATE_STATE
02-09 18:45:38.655 D/WifiService(  230): isAirplaneModeOn(): false
02-09 18:45:38.655 D/WifiService(  230): updateWifiState(), wifiEnabled: true, airplaneMode: false, wifiShouldBeEnabled: true, wifiShouldBeStarted: true, strongestLockMode: 1
02-09 18:45:38.655 D/WifiService(  230): WifiHandler, MESSAGE_UPDATE_STATE
02-09 18:45:38.655 D/WifiService(  230): isAirplaneModeOn(): false
02-09 18:45:38.655 D/WifiService(  230): updateWifiState(), wifiEnabled: true, airplaneMode: false, wifiShouldBeEnabled: true, wifiShouldBeStarted: true, strongestLockMode: 1
02-09 18:45:38.655 D/WifiService(  230): WifiHandler, MESSAGE_ENABLE_WIFI, msg.arg1: 0, msg.arg2: 1000
02-09 18:45:38.655 D/WifiService(  230): WifiHandler, MESSAGE_START_WIFI, msg.arg1: 1
02-09 18:45:38.655 D/WifiService(  230): WifiHandler, MESSAGE_ENABLE_WIFI, msg.arg1: 0, msg.arg2: 1000
02-09 18:45:38.655 D/WifiService(  230): WifiHandler, MESSAGE_START_WIFI, msg.arg1: 1
02-09 18:45:38.665 D/RPC     (  230): 3000008c:00050000 sending call (XID 22).
02-09 18:45:38.665 D/RPC     (  230): 3000008c:00050000 received REPLY (XID 22), grabbing mutex to wake up client.
02-09 18:45:38.665 D/RPC     (  230): 3000008c:00050000 call success.
02-09 18:45:38.665 D/RPC     (  230): 3000008c:00050000 received CALL.
02-09 18:45:38.665 D/RPC     (  230): 3000008c:00050000 dispatching RPC call (XID 235, xdr 0x372db0) for callback client 3100008c:00050001.
02-09 18:45:38.665 D/RPC     (  230): 3100008c:327681 sending RPC reply (XID 235)
02-09 18:45:38.725 D/RPC     (  230): 3000008c:00050000 received CALL.
02-09 18:45:38.725 D/RPC     (  230): 3000008c:00050000 dispatching RPC call (XID 236, xdr 0x372db0) for callback client 3100008c:00050001.
02-09 18:45:38.725 D/RPC     (  230): 3100008c:327681 sending RPC reply (XID 236)
02-09 18:45:39.086 D/RPC     (  230): 3000008c:00050000 received CALL.
02-09 18:45:39.096 D/RPC     (  230): 3000008c:00050000 dispatching RPC call (XID 237, xdr 0x372db0) for callback client 3100008c:00050001.
02-09 18:45:39.106 D/RPC     (  230): 3100008c:327681 sending RPC reply (XID 237)
02-09 18:45:39.106 D/RPC     (  230): 3000008c:00050000 received CALL.
02-09 18:45:39.106 D/RPC     (  230): 3000008c:00050000 dispatching RPC call (XID 238, xdr 0x372db0) for callback client 3100008c:00050001.
02-09 18:45:39.116 D/RPC     (  230): 3100008c:327681 sending RPC reply (XID 238)
02-09 18:45:39.116 D/RPC     (  230): 3000008c:00050000 received CALL.
02-09 18:45:39.116 D/RPC     (  230): 3000008c:00050000 dispatching RPC call (XID 239, xdr 0x372db0) for callback client 3100008c:00050001.
02-09 18:45:39.116 D/RPC     (  230): 3100008c:327681 sending RPC reply (XID 239)
02-09 18:45:39.126 D/RPC     (  230): 3000008c:00050000 received CALL.
02-09 18:45:39.126 D/RPC     (  230): 3000008c:00050000 dispatching RPC call (XID 240, xdr 0x372db0) for callback client 3100008c:00050001.
02-09 18:45:39.136 D/RPC     (  230): 3100008c:327681 sending RPC reply (XID 240)
02-09 18:45:39.136 D/RPC     (  230): 3000008c:00050000 received CALL.
02-09 18:45:39.136 D/RPC     (  230): 3000008c:00050000 dispatching RPC call (XID 241, xdr 0x372db0) for callback client 3100008c:00050001.
02-09 18:45:39.146 D/RPC     (  230): 3100008c:327681 sending RPC reply (XID 241)
02-09 18:45:39.146 D/RPC     (  230): 3000008c:00050000 received CALL.
02-09 18:45:39.146 D/RPC     (  230): 3000008c:00050000 dispatching RPC call (XID 242, xdr 0x372db0) for callback client 3100008c:00050001.
02-09 18:45:39.146 D/RPC     (  230): 3100008c:327681 sending RPC reply (XID 242)
02-09 18:45:39.156 D/RPC     (  230): 3000008c:00050000 received CALL.
02-09 18:45:39.156 D/RPC     (  230): 3000008c:00050000 dispatching RPC call (XID 243, xdr 0x372db0) for callback client 3100008c:00050001.
02-09 18:45:39.156 D/RPC     (  230): 3100008c:327681 sending RPC reply (XID 243)
02-09 18:45:39.156 D/RPC     (  230): 3000008c:00050000 received CALL.
02-09 18:45:39.156 D/RPC     (  230): 3000008c:00050000 dispatching RPC call (XID 244, xdr 0x372db0) for callback client 3100008c:00050001.
02-09 18:45:39.186 D/RPC     (  230): 3100008c:327681 sending RPC reply (XID 244)
02-09 18:45:39.736 D/RPC     (  230): 3000008c:00050000 received CALL.
02-09 18:45:39.736 D/RPC     (  230): 3000008c:00050000 dispatching RPC call (XID 245, xdr 0x372db0) for callback client 3100008c:00050001.
02-09 18:45:39.736 D/RPC     (  230): 3100008c:327681 sending RPC reply (XID 245)
