02-03 16:40:47.435 D/StatusBarPolicy(26949): StatusBarPolocy::getIconLevel -EVDO
02-03 16:40:47.445 D/StatusBarPolicy(26949): getEvdoLevel_band_six -evdoDbm:-94
02-03 16:40:47.445 D/StatusBarPolicy(26949): getEvdoLevel_band_six -evdoEcio:-50
02-03 16:40:49.687 D/StatusBarPolicy(26949): onSignalStrengthsChanged:SignalStrength: 99 0 -92 -70 -94 -40 7 99 2147483647 2147483647 2147483647 2147483647 cdma for subscription0
02-03 16:40:49.687 D/StatusBarPolicy(26949): updateSignalStrength on subscription :0
02-03 16:40:49.697 D/StatusBarPolicy(26949): StatusBarPolocy::getIconLevel -EVDO
02-03 16:40:49.717 D/StatusBarPolicy(26949): getEvdoLevel_band_six -evdoDbm:-94
02-03 16:40:49.717 D/StatusBarPolicy(26949): getEvdoLevel_band_six -evdoEcio:-40
02-03 16:40:54.161 D/StatusBarPolicy(26949): onSignalStrengthsChanged:SignalStrength: 99 0 -92 -70 -96 -40 6 99 2147483647 2147483647 2147483647 2147483647 cdma for subscription0
02-03 16:40:54.171 D/StatusBarPolicy(26949): updateSignalStrength on subscription :0
02-03 16:40:54.171 D/StatusBarPolicy(26949): StatusBarPolocy::getIconLevel -EVDO
02-03 16:40:54.171 D/StatusBarPolicy(26949): getEvdoLevel_band_six -evdoDbm:-96
02-03 16:40:54.171 D/StatusBarPolicy(26949): getEvdoLevel_band_six -evdoEcio:-40
02-03 16:40:56.213 D/StatusBarPolicy(26949): updateDataIcon subscription =0
02-03 16:40:57.234 D/StatusBarPolicy(26949): updateDataIcon subscription =0
02-03 16:40:58.636 D/StatusBarPolicy(26949): onSignalStrengthsChanged:SignalStrength: 99 0 -92 -70 -96 -40 7 99 2147483647 2147483647 2147483647 2147483647 cdma for subscription0
02-03 16:40:58.636 D/StatusBarPolicy(26949): updateSignalStrength on subscription :0
02-03 16:40:58.636 D/StatusBarPolicy(26949): StatusBarPolocy::getIconLevel -EVDO
02-03 16:40:58.636 D/StatusBarPolicy(26949): getEvdoLevel_band_six -evdoDbm:-96
02-03 16:40:58.656 D/StatusBarPolicy(26949): getEvdoLevel_band_six -evdoEcio:-40
02-03 16:40:59.997 D/AlarmManager(26892): scheduleTimeTickEvent calendar=Fri Feb 03 16:42:00 CST 2012
02-03 16:40:59.997 D/AlarmManager(26892): calendar.getTimeInMillis()1328308920000
02-03 16:41:00.858 D/StatusBarPolicy(26949): onSignalStrengthsChanged:SignalStrength: 99 0 -92 -70 -97 -55 7 99 2147483647 2147483647 2147483647 2147483647 cdma for subscription0
02-03 16:41:00.858 D/StatusBarPolicy(26949): updateSignalStrength on subscription :0
02-03 16:41:00.868 D/StatusBarPolicy(26949): StatusBarPolocy::getIconLevel -EVDO
02-03 16:41:00.868 D/StatusBarPolicy(26949): getEvdoLevel_band_six -evdoDbm:-97
02-03 16:41:00.868 D/StatusBarPolicy(26949): getEvdoLevel_band_six -evdoEcio:-55
02-03 16:41:03.120 D/StatusBarPolicy(26949): onSignalStrengthsChanged:SignalStrength: 99 0 -92 -70 -97 -65 5 99 2147483647 2147483647 2147483647 2147483647 cdma for subscription0
02-03 16:41:03.120 D/StatusBarPolicy(26949): updateSignalStrength on subscription :0
02-03 16:41:03.120 D/StatusBarPolicy(26949): StatusBarPolocy::getIconLevel -EVDO
02-03 16:41:03.120 D/StatusBarPolicy(26949): getEvdoLevel_band_six -evdoDbm:-97
02-03 16:41:03.150 D/StatusBarPolicy(26949): getEvdoLevel_band_six -evdoEcio:-65
02-03 16:41:05.372 D/StatusBarPolicy(26949): onSignalStrengthsChanged:SignalStrength: 99 0 -92 -70 -97 -45 5 99 2147483647 2147483647 2147483647 2147483647 cdma for subscription0
02-03 16:41:05.372 D/StatusBarPolicy(26949): updateSignalStrength on subscription :0
02-03 16:41:05.382 D/StatusBarPolicy(26949): StatusBarPolocy::getIconLevel -EVDO
02-03 16:41:05.382 D/StatusBarPolicy(26949): getEvdoLevel_band_six -evdoDbm:-97
02-03 16:41:05.382 D/StatusBarPolicy(26949): getEvdoLevel_band_six -evdoEcio:-45
02-03 16:41:07.344 D/StatusBarPolicy(26949): updateDataIcon subscription =0
02-03 16:41:07.605 D/StatusBarPolicy(26949): onSignalStrengthsChanged:SignalStrength: 99 0 -92 -70 -97 -55 6 99 2147483647 2147483647 2147483647 2147483647 cdma for subscription0
02-03 16:41:07.615 D/StatusBarPolicy(26949): updateSignalStrength on subscription :0
02-03 16:41:07.615 D/StatusBarPolicy(26949): StatusBarPolocy::getIconLevel -EVDO
02-03 16:41:07.615 D/StatusBarPolicy(26949): getEvdoLevel_band_six -evdoDbm:-97
02-03 16:41:07.615 D/StatusBarPolicy(26949): getEvdoLevel_band_six -evdoEcio:-55
02-03 16:41:08.365 D/StatusBarPolicy(26949): updateDataIcon subscription =0
02-03 16:41:12.089 D/StatusBarPolicy(26949): onSignalStrengthsChanged:SignalStrength: 99 0 -92 -70 -98 -45 6 99 2147483647 2147483647 2147483647 2147483647 cdma for subscription0
02-03 16:41:12.089 D/StatusBarPolicy(26949): updateSignalStrength on subscription :0
02-03 16:41:12.089 D/StatusBarPolicy(26949): StatusBarPolocy::getIconLevel -EVDO
02-03 16:41:12.089 D/StatusBarPolicy(26949): getEvdoLevel_band_six -evdoDbm:-98
02-03 16:41:12.089 D/StatusBarPolicy(26949): getEvdoLevel_band_six -evdoEcio:-45
02-03 16:41:14.331 D/StatusBarPolicy(26949): onSignalStrengthsChanged:SignalStrength: 99 0 -92 -70 -97 -30 7 99 2147483647 2147483647 2147483647 2147483647 cdma for subscription0
02-03 16:41:14.331 D/StatusBarPolicy(26949): updateSignalStrength on subscription :0
02-03 16:41:14.331 D/StatusBarPolicy(26949): StatusBarPolocy::getIconLevel -EVDO
02-03 16:41:14.331 D/StatusBarPolicy(26949): getEvdoLevel_band_six -evdoDbm:-97
02-03 16:41:14.331 D/StatusBarPolicy(26949): getEvdoLevel_band_six -evdoEcio:-30
02-03 16:41:16.553 D/StatusBarPolicy(26949): onSignalStrengthsChanged:SignalStrength: 99 0 -92 -70 -98 -50 6 99 2147483647 2147483647 2147483647 2147483647 cdma for subscription0
02-03 16:41:16.553 D/StatusBarPolicy(26949): updateSignalStrength on subscription :0
02-03 16:41:16.563 D/StatusBarPolicy(26949): StatusBarPolocy::getIconLevel -EVDO
02-03 16:41:16.563 D/StatusBarPolicy(26949): getEvdoLevel_band_six -evdoDbm:-98
02-03 16:41:16.563 D/StatusBarPolicy(26949): getEvdoLevel_band_six -evdoEcio:-50
02-03 16:41:17.474 D/StatusBarPolicy(26949): updateDataIcon subscription =0
02-03 16:41:18.495 D/StatusBarPolicy(26949): updateDataIcon subscription =0
02-03 16:41:18.806 D/StatusBarPolicy(26949): onSignalStrengthsChanged:SignalStrength: 99 0 -92 -70 -98 -60 5 99 2147483647 2147483647 2147483647 2147483647 cdma for subscription0
02-03 16:41:18.806 D/StatusBarPolicy(26949): updateSignalStrength on subscription :0
02-03 16:41:18.806 D/StatusBarPolicy(26949): StatusBarPolocy::getIconLevel -EVDO
02-03 16:41:18.806 D/StatusBarPolicy(26949): getEvdoLevel_band_six -evdoDbm:-98
02-03 16:41:18.806 D/StatusBarPolicy(26949): getEvdoLevel_band_six -evdoEcio:-60
02-03 16:41:21.048 D/StatusBarPolicy(26949): onSignalStrengthsChanged:SignalStrength: 99 0 -92 -70 -99 -60 5 99 2147483647 2147483647 2147483647 2147483647 cdma for subscription0
02-03 16:41:21.048 D/StatusBarPolicy(26949): updateSignalStrength on subscription :0
02-03 16:41:21.048 D/StatusBarPolicy(26949): StatusBarPolocy::getIconLevel -EVDO
02-03 16:41:21.048 D/StatusBarPolicy(26949): getEvdoLevel_band_six -evdoDbm:-99
02-03 16:41:21.048 D/StatusBarPolicy(26949): getEvdoLevel_band_six -evdoEcio:-60
02-03 16:41:23.280 D/StatusBarPolicy(26949): onSignalStrengthsChanged:SignalStrength: 99 0 -92 -70 -99 -50 6 99 2147483647 2147483647 2147483647 2147483647 cdma for subscription0
02-03 16:41:23.280 D/StatusBarPolicy(26949): updateSignalStrength on subscription :0
02-03 16:41:23.290 D/StatusBarPolicy(26949): StatusBarPolocy::getIconLevel -EVDO
02-03 16:41:23.290 D/StatusBarPolicy(26949): getEvdoLevel_band_six -evdoDbm:-99
02-03 16:41:23.290 D/StatusBarPolicy(26949): getEvdoLevel_band_six -evdoEcio:-50
02-03 16:41:25.542 D/StatusBarPolicy(26949): onSignalStrengthsChanged:SignalStrength: 99 0 -92 -70 -98 -35 7 99 2147483647 2147483647 2147483647 2147483647 cdma for subscription0
02-03 16:41:25.542 D/StatusBarPolicy(26949): updateSignalStrength on subscription :0
02-03 16:41:25.542 D/StatusBarPolicy(26949): StatusBarPolocy::getIconLevel -EVDO
02-03 16:41:25.542 D/StatusBarPolicy(26949): getEvdoLevel_band_six -evdoDbm:-98
02-03 16:41:25.552 D/StatusBarPolicy(26949): getEvdoLevel_band_six -evdoEcio:-35
02-03 16:41:27.594 D/StatusBarPolicy(26949): updateDataIcon subscription =0
02-03 16:41:28.615 D/StatusBarPolicy(26949): updateDataIcon subscription =0
02-03 16:41:30.006 D/StatusBarPolicy(26949): onSignalStrengthsChanged:SignalStrength: 99 0 -92 -70 -98 -50 6 99 2147483647 2147483647 2147483647 2147483647 cdma for subscription0
02-03 16:41:30.006 D/StatusBarPolicy(26949): updateSignalStrength on subscription :0
02-03 16:41:30.006 D/StatusBarPolicy(26949): StatusBarPolocy::getIconLevel -EVDO
02-03 16:41:30.006 D/StatusBarPolicy(26949): getEvdoLevel_band_six -evdoDbm:-98
02-03 16:41:30.006 D/StatusBarPolicy(26949): getEvdoLevel_band_six -evdoEcio:-50
02-03 16:41:32.249 D/StatusBarPolicy(26949): onSignalStrengthsChanged:SignalStrength: 99 0 -92 -70 -98 -40 7 99 2147483647 2147483647 2147483647 2147483647 cdma for subscription0
02-03 16:41:32.259 D/StatusBarPolicy(26949): updateSignalStrength on subscription :0
02-03 16:41:32.259 D/StatusBarPolicy(26949): StatusBarPolocy::getIconLevel -EVDO
02-03 16:41:32.259 D/StatusBarPolicy(26949): getEvdoLevel_band_six -evdoDbm:-98
02-03 16:41:32.259 D/StatusBarPolicy(26949): getEvdoLevel_band_six -evdoEcio:-40
02-03 16:41:36.733 D/StatusBarPolicy(26949): onSignalStrengthsChanged:SignalStrength: 99 0 -92 -70 -98 -50 6 99 2147483647 2147483647 2147483647 2147483647 cdma for subscription0
02-03 16:41:36.733 D/StatusBarPolicy(26949): updateSignalStrength on subscription :0
02-03 16:41:36.733 D/StatusBarPolicy(26949): StatusBarPolocy::getIconLevel -EVDO
02-03 16:41:36.743 D/StatusBarPolicy(26949): getEvdoLevel_band_six -evdoDbm:-98
02-03 16:41:36.743 D/StatusBarPolicy(26949): getEvdoLevel_band_six -evdoEcio:-50
02-03 16:41:37.734 D/StatusBarPolicy(26949): updateDataIcon subscription =0
02-03 16:41:38.765 D/StatusBarPolicy(26949): updateDataIcon subscription =0
02-03 16:41:38.965 D/StatusBarPolicy(26949): onSignalStrengthsChanged:SignalStrength: 99 0 -93 -80 -98 -50 6 99 2147483647 2147483647 2147483647 2147483647 cdma for subscription0
02-03 16:41:38.975 D/StatusBarPolicy(26949): updateSignalStrength on subscription :0
02-03 16:41:38.975 D/StatusBarPolicy(26949): StatusBarPolocy::getIconLevel -EVDO
02-03 16:41:38.975 D/StatusBarPolicy(26949): getEvdoLevel_band_six -evdoDbm:-98
02-03 16:41:38.985 D/StatusBarPolicy(26949): getEvdoLevel_band_six -evdoEcio:-50
02-03 16:41:41.207 D/StatusBarPolicy(26949): onSignalStrengthsChanged:SignalStrength: 99 0 -93 -80 -99 -50 5 99 2147483647 2147483647 2147483647 2147483647 cdma for subscription0
02-03 16:41:41.217 D/StatusBarPolicy(26949): updateSignalStrength on subscription :0
02-03 16:41:41.217 D/StatusBarPolicy(26949): StatusBarPolocy::getIconLevel -EVDO
02-03 16:41:41.227 D/StatusBarPolicy(26949): getEvdoLevel_band_six -evdoDbm:-99
02-03 16:41:41.227 D/StatusBarPolicy(26949): getEvdoLevel_band_six -evdoEcio:-50
02-03 16:41:43.450 D/StatusBarPolicy(26949): onSignalStrengthsChanged:SignalStrength: 99 0 -93 -80 -98 -35 7 99 2147483647 2147483647 2147483647 2147483647 cdma for subscription0
02-03 16:41:43.450 D/StatusBarPolicy(26949): updateSignalStrength on subscription :0
02-03 16:41:43.450 D/StatusBarPolicy(26949): StatusBarPolocy::getIconLevel -EVDO
02-03 16:41:43.470 D/StatusBarPolicy(26949): getEvdoLevel_band_six -evdoDbm:-98
02-03 16:41:43.470 D/StatusBarPolicy(26949): getEvdoLevel_band_six -evdoEcio:-35
02-03 16:41:45.682 D/StatusBarPolicy(26949): onSignalStrengthsChanged:SignalStrength: 99 0 -93 -80 -98 -45 7 99 2147483647 2147483647 2147483647 2147483647 cdma for subscription0
02-03 16:41:45.682 D/StatusBarPolicy(26949): updateSignalStrength on subscription :0
02-03 16:41:45.702 D/StatusBarPolicy(26949): StatusBarPolocy::getIconLevel -EVDO
02-03 16:41:45.702 D/StatusBarPolicy(26949): getEvdoLevel_band_six -evdoDbm:-98
02-03 16:41:45.702 D/StatusBarPolicy(26949): getEvdoLevel_band_six -evdoEcio:-45
02-03 16:41:47.924 D/StatusBarPolicy(26949): onSignalStrengthsChanged:SignalStrength: 99 0 -93 -80 -98 -35 7 99 2147483647 2147483647 2147483647 2147483647 cdma for subscription0
02-03 16:41:47.924 D/StatusBarPolicy(26949): updateSignalStrength on subscription :0
02-03 16:41:47.924 D/StatusBarPolicy(26949): StatusBarPolocy::getIconLevel -EVDO
02-03 16:41:47.924 D/StatusBarPolicy(26949): getEvdoLevel_band_six -evdoDbm:-98
02-03 16:41:47.924 D/StatusBarPolicy(26949): getEvdoLevel_band_six -evdoEcio:-35
02-03 16:41:48.875 D/StatusBarPolicy(26949): updateDataIcon subscription =0
02-03 16:41:49.896 D/StatusBarPolicy(26949): updateDataIcon subscription =0
02-03 16:41:54.650 D/StatusBarPolicy(26949): onSignalStrengthsChanged:SignalStrength: 99 0 -93 -80 -97 -45 7 99 2147483647 2147483647 2147483647 2147483647 cdma for subscription0
02-03 16:41:54.650 D/StatusBarPolicy(26949): updateSignalStrength on subscription :0
02-03 16:41:54.661 D/StatusBarPolicy(26949): StatusBarPolocy::getIconLevel -EVDO
02-03 16:41:54.661 D/StatusBarPolicy(26949): getEvdoLevel_band_six -evdoDbm:-97
02-03 16:41:54.661 D/StatusBarPolicy(26949): getEvdoLevel_band_six -evdoEcio:-45
02-03 16:41:56.883 D/StatusBarPolicy(26949): onSignalStrengthsChanged:SignalStrength: 99 0 -93 -80 -97 -30 7 99 2147483647 2147483647 2147483647 2147483647 cdma for subscription0
02-03 16:41:56.883 D/StatusBarPolicy(26949): updateSignalStrength on subscription :0
02-03 16:41:56.893 D/StatusBarPolicy(26949): StatusBarPolocy::getIconLevel -EVDO
02-03 16:41:56.893 D/StatusBarPolicy(26949): getEvdoLevel_band_six -evdoDbm:-97
02-03 16:41:56.913 D/StatusBarPolicy(26949): getEvdoLevel_band_six -evdoEcio:-30
02-03 16:41:59.005 D/StatusBarPolicy(26949): updateDataIcon subscription =0
02-03 16:41:59.125 D/StatusBarPolicy(26949): onSignalStrengthsChanged:SignalStrength: 99 0 -93 -80 -97 -45 7 99 2147483647 2147483647 2147483647 2147483647 cdma for subscription0
02-03 16:41:59.125 D/StatusBarPolicy(26949): updateSignalStrength on subscription :0
02-03 16:41:59.135 D/StatusBarPolicy(26949): StatusBarPolocy::getIconLevel -EVDO
02-03 16:41:59.135 D/StatusBarPolicy(26949): getEvdoLevel_band_six -evdoDbm:-97
02-03 16:41:59.135 D/StatusBarPolicy(26949): getEvdoLevel_band_six -evdoEcio:-45
02-03 16:41:59.986 D/AlarmManager(26892): scheduleTimeTickEvent calendar=Fri Feb 03 16:43:00 CST 2012
02-03 16:41:59.986 D/AlarmManager(26892): calendar.getTimeInMillis()1328308980000
02-03 16:42:00.026 D/StatusBarPolicy(26949): updateDataIcon subscription =0
02-03 16:42:03.599 D/StatusBarPolicy(26949): onSignalStrengthsChanged:SignalStrength: 99 0 -93 -80 -96 -35 7 99 2147483647 2147483647 2147483647 2147483647 cdma for subscription0
02-03 16:42:03.599 D/StatusBarPolicy(26949): updateSignalStrength on subscription :0
02-03 16:42:03.609 D/StatusBarPolicy(26949): StatusBarPolocy::getIconLevel -EVDO
02-03 16:42:03.609 D/StatusBarPolicy(26949): getEvdoLevel_band_six -evdoDbm:-96
02-03 16:42:03.609 D/StatusBarPolicy(26949): getEvdoLevel_band_six -evdoEcio:-35
02-03 16:42:05.861 D/StatusBarPolicy(26949): onSignalStrengthsChanged:SignalStrength: 99 0 -94 -70 -95 -20 8 99 2147483647 2147483647 2147483647 2147483647 cdma for subscription0
02-03 16:42:05.861 D/StatusBarPolicy(26949): updateSignalStrength on subscription :0
02-03 16:42:05.871 D/StatusBarPolicy(26949): StatusBarPolocy::getIconLevel -EVDO
02-03 16:42:05.871 D/StatusBarPolicy(26949): getEvdoLevel_band_six -evdoDbm:-95
02-03 16:42:05.871 D/StatusBarPolicy(26949): getEvdoLevel_band_six -evdoEcio:-20
02-03 16:42:08.074 D/StatusBarPolicy(26949): onSignalStrengthsChanged:SignalStrength: 99 0 -94 -70 -93 -30 8 99 2147483647 2147483647 2147483647 2147483647 cdma for subscription0
02-03 16:42:08.074 D/StatusBarPolicy(26949): updateSignalStrength on subscription :0
02-03 16:42:08.084 D/StatusBarPolicy(26949): StatusBarPolocy::getIconLevel -EVDO
02-03 16:42:08.084 D/StatusBarPolicy(26949): getEvdoLevel_band_six -evdoDbm:-93
02-03 16:42:08.084 D/StatusBarPolicy(26949): getEvdoLevel_band_six -evdoEcio:-30
02-03 16:42:09.135 D/StatusBarPolicy(26949): updateDataIcon subscription =0
02-03 16:42:10.146 D/StatusBarPolicy(26949): updateDataIcon subscription =0
02-03 16:42:10.346 D/StatusBarPolicy(26949): onSignalStrengthsChanged:SignalStrength: 99 0 -89 -70 -93 -30 8 99 2147483647 2147483647 2147483647 2147483647 cdma for subscription0
02-03 16:42:10.346 D/StatusBarPolicy(26949): updateSignalStrength on subscription :0
02-03 16:42:10.356 D/StatusBarPolicy(26949): StatusBarPolocy::getIconLevel -EVDO
02-03 16:42:10.356 D/StatusBarPolicy(26949): getEvdoLevel_band_six -evdoDbm:-93
02-03 16:42:10.356 D/StatusBarPolicy(26949): getEvdoLevel_band_six -evdoEcio:-30
02-03 16:42:12.568 D/StatusBarPolicy(26949): onSignalStrengthsChanged:SignalStrength: 99 0 -89 -70 -92 -20 8 99 2147483647 2147483647 2147483647 2147483647 cdma for subscription0
02-03 16:42:12.568 D/StatusBarPolicy(26949): updateSignalStrength on subscription :0
02-03 16:42:12.578 D/StatusBarPolicy(26949): StatusBarPolocy::getIconLevel -EVDO
02-03 16:42:12.578 D/StatusBarPolicy(26949): getEvdoLevel_band_six -evdoDbm:-92
02-03 16:42:12.578 D/StatusBarPolicy(26949): getEvdoLevel_band_six -evdoEcio:-20
02-03 16:42:14.810 D/StatusBarPolicy(26949): onSignalStrengthsChanged:SignalStrength: 99 0 -89 -70 -91 -30 8 99 2147483647 2147483647 2147483647 2147483647 cdma for subscription0
02-03 16:42:14.810 D/StatusBarPolicy(26949): updateSignalStrength on subscription :0
02-03 16:42:14.810 D/StatusBarPolicy(26949): StatusBarPolocy::getIconLevel -EVDO
02-03 16:42:14.810 D/StatusBarPolicy(26949): getEvdoLevel_band_six -evdoDbm:-91
02-03 16:42:14.810 D/StatusBarPolicy(26949): getEvdoLevel_band_six -evdoEcio:-30
02-03 16:42:17.052 D/StatusBarPolicy(26949): onSignalStrengthsChanged:SignalStrength: 99 0 -89 -70 -90 -20 8 99 2147483647 2147483647 2147483647 2147483647 cdma for subscription0
02-03 16:42:17.052 D/StatusBarPolicy(26949): updateSignalStrength on subscription :0
02-03 16:42:17.052 D/StatusBarPolicy(26949): StatusBarPolocy::getIconLevel -EVDO
02-03 16:42:17.052 D/StatusBarPolicy(26949): getEvdoLevel_band_six -evdoDbm:-90
02-03 16:42:17.052 D/StatusBarPolicy(26949): getEvdoLevel_band_six -evdoEcio:-20
02-03 16:42:19.244 D/StatusBarPolicy(26949): updateDataIcon subscription =0
02-03 16:42:20.265 D/StatusBarPolicy(26949): updateDataIcon subscription =0
02-03 16:42:26.011 D/StatusBarPolicy(26949): onSignalStrengthsChanged:SignalStrength: 99 0 -89 -70 -89 -20 8 99 2147483647 2147483647 2147483647 2147483647 cdma for subscription0
02-03 16:42:26.011 D/StatusBarPolicy(26949): updateSignalStrength on subscription :0
02-03 16:42:26.011 D/StatusBarPolicy(26949): StatusBarPolocy::getIconLevel -EVDO
02-03 16:42:26.011 D/StatusBarPolicy(26949): getEvdoLevel_band_six -evdoDbm:-89
02-03 16:42:26.041 D/StatusBarPolicy(26949): getEvdoLevel_band_six -evdoEcio:-20
02-03 16:42:30.375 D/StatusBarPolicy(26949): updateDataIcon subscription =0
02-03 16:42:31.386 D/StatusBarPolicy(26949): updateDataIcon subscription =0
02-03 16:42:32.728 D/StatusBarPolicy(26949): onSignalStrengthsChanged:SignalStrength: 99 0 -89 -70 -88 -20 8 99 2147483647 2147483647 2147483647 2147483647 cdma for subscription0
02-03 16:42:32.728 D/StatusBarPolicy(26949): updateSignalStrength on subscription :0
02-03 16:42:32.728 D/StatusBarPolicy(26949): StatusBarPolocy::getIconLevel -EVDO
02-03 16:42:32.728 D/StatusBarPolicy(26949): getEvdoLevel_band_six -evdoDbm:-88
02-03 16:42:32.728 D/StatusBarPolicy(26949): getEvdoLevel_band_six -evdoEcio:-20
02-03 16:42:37.212 D/StatusBarPolicy(26949): onSignalStrengthsChanged:SignalStrength: 99 0 -89 -70 -89 -20 8 99 2147483647 2147483647 2147483647 2147483647 cdma for subscription0
02-03 16:42:37.212 D/StatusBarPolicy(26949): updateSignalStrength on subscription :0
02-03 16:42:37.212 D/StatusBarPolicy(26949): StatusBarPolocy::getIconLevel -EVDO
02-03 16:42:37.232 D/StatusBarPolicy(26949): getEvdoLevel_band_six -evdoDbm:-89
02-03 16:42:37.232 D/StatusBarPolicy(26949): getEvdoLevel_band_six -evdoEcio:-20
02-03 16:42:40.485 D/StatusBarPolicy(26949): updateDataIcon subscription =0
02-03 16:42:41.506 D/StatusBarPolicy(26949): updateDataIcon subscription =0
02-03 16:42:41.686 D/StatusBarPolicy(26949): onSignalStrengthsChanged:SignalStrength: 99 0 -89 -70 -90 -20 8 99 2147483647 2147483647 2147483647 2147483647 cdma for subscription0
02-03 16:42:41.686 D/StatusBarPolicy(26949): updateSignalStrength on subscription :0
02-03 16:42:41.696 D/StatusBarPolicy(26949): StatusBarPolocy::getIconLevel -EVDO
02-03 16:42:41.706 D/StatusBarPolicy(26949): getEvdoLevel_band_six -evdoDbm:-90
02-03 16:42:41.706 D/StatusBarPolicy(26949): getEvdoLevel_band_six -evdoEcio:-20
02-03 16:42:42.517 D/StatusBarPolicy(26949): updateDataIcon subscription =0
02-03 16:42:43.528 D/StatusBarPolicy(26949): updateDataIcon subscription =0
02-03 16:42:43.929 D/StatusBarPolicy(26949): onSignalStrengthsChanged:SignalStrength: 99 0 -89 -70 -90 -30 8 99 2147483647 2147483647 2147483647 2147483647 cdma for subscription0
02-03 16:42:43.929 D/StatusBarPolicy(26949): updateSignalStrength on subscription :0
02-03 16:42:43.929 D/StatusBarPolicy(26949): StatusBarPolocy::getIconLevel -EVDO
02-03 16:42:43.939 D/StatusBarPolicy(26949): getEvdoLevel_band_six -evdoDbm:-90
02-03 16:42:43.939 D/StatusBarPolicy(26949): getEvdoLevel_band_six -evdoEcio:-30
02-03 16:42:46.171 D/StatusBarPolicy(26949): onSignalStrengthsChanged:SignalStrength: 99 0 -89 -70 -89 -30 7 99 2147483647 2147483647 2147483647 2147483647 cdma for subscription0
02-03 16:42:46.171 D/StatusBarPolicy(26949): updateSignalStrength on subscription :0
02-03 16:42:46.171 D/StatusBarPolicy(26949): StatusBarPolocy::getIconLevel -EVDO
02-03 16:42:46.171 D/StatusBarPolicy(26949): getEvdoLevel_band_six -evdoDbm:-89
02-03 16:42:46.171 D/StatusBarPolicy(26949): getEvdoLevel_band_six -evdoEcio:-30
02-03 16:42:48.413 D/StatusBarPolicy(26949): onSignalStrengthsChanged:SignalStrength: 99 0 -89 -70 -91 -30 7 99 2147483647 2147483647 2147483647 2147483647 cdma for subscription0
02-03 16:42:48.413 D/StatusBarPolicy(26949): updateSignalStrength on subscription :0
02-03 16:42:48.413 D/StatusBarPolicy(26949): StatusBarPolocy::getIconLevel -EVDO
02-03 16:42:48.413 D/StatusBarPolicy(26949): getEvdoLevel_band_six -evdoDbm:-91
02-03 16:42:48.413 D/StatusBarPolicy(26949): getEvdoLevel_band_six -evdoEcio:-30
02-03 16:42:50.615 D/StatusBarPolicy(26949): updateDataIcon subscription =0
02-03 16:42:50.665 D/StatusBarPolicy(26949): onSignalStrengthsChanged:SignalStrength: 99 0 -89 -90 -91 -35 7 99 2147483647 2147483647 2147483647 2147483647 cdma for subscription0
02-03 16:42:50.675 D/StatusBarPolicy(26949): updateSignalStrength on subscription :0
02-03 16:42:50.675 D/StatusBarPolicy(26949): StatusBarPolocy::getIconLevel -EVDO
02-03 16:42:50.675 D/StatusBarPolicy(26949): getEvdoLevel_band_six -evdoDbm:-91
02-03 16:42:50.675 D/StatusBarPolicy(26949): getEvdoLevel_band_six -evdoEcio:-35
02-03 16:42:51.626 D/StatusBarPolicy(26949): updateDataIcon subscription =0
02-03 16:42:52.887 D/StatusBarPolicy(26949): onSignalStrengthsChanged:SignalStrength: 99 0 -89 -90 -92 -35 7 99 2147483647 2147483647 2147483647 2147483647 cdma for subscription0
02-03 16:42:52.887 D/StatusBarPolicy(26949): updateSignalStrength on subscription :0
02-03 16:42:52.887 D/StatusBarPolicy(26949): StatusBarPolocy::getIconLevel -EVDO
02-03 16:42:52.887 D/StatusBarPolicy(26949): getEvdoLevel_band_six -evdoDbm:-92
02-03 16:42:52.907 D/StatusBarPolicy(26949): getEvdoLevel_band_six -evdoEcio:-35
02-03 16:42:53.788 D/NetdConnector(26892): SND -> {interface readrxcounter rmnet0} {null}
02-03 16:42:53.798 D/NetdConnector(26892): RCV <- {216 348445776}
02-03 16:42:53.818 D/NetdConnector(26892): RSP <- {216 348445776}
02-03 16:42:53.828 D/NetdConnector(26892): SND -> {interface readtxcounter rmnet0} {null}
02-03 16:42:53.828 D/NetdConnector(26892): RCV <- {217 16583241}
02-03 16:42:53.838 D/NetdConnector(26892): RSP <- {217 16583241}
02-03 16:42:57.372 D/StatusBarPolicy(26949): onSignalStrengthsChanged:SignalStrength: 99 0 -89 -90 -92 -15 8 99 2147483647 2147483647 2147483647 2147483647 cdma for subscription0
02-03 16:42:57.372 D/StatusBarPolicy(26949): updateSignalStrength on subscription :0
02-03 16:42:57.372 D/StatusBarPolicy(26949): StatusBarPolocy::getIconLevel -EVDO
02-03 16:42:57.372 D/StatusBarPolicy(26949): getEvdoLevel_band_six -evdoDbm:-92
02-03 16:42:57.372 D/StatusBarPolicy(26949): getEvdoLevel_band_six -evdoEcio:-15
02-03 16:42:59.994 D/AlarmManager(26892): scheduleTimeTickEvent calendar=Fri Feb 03 16:44:00 CST 2012
02-03 16:42:59.994 D/AlarmManager(26892): calendar.getTimeInMillis()1328309040000
02-03 16:43:01.746 D/StatusBarPolicy(26949): updateDataIcon subscription =0
02-03 16:43:01.856 D/StatusBarPolicy(26949): onSignalStrengthsChanged:SignalStrength: 99 0 -91 -70 -93 -30 8 99 2147483647 2147483647 2147483647 2147483647 cdma for subscription0
02-03 16:43:01.866 D/StatusBarPolicy(26949): updateSignalStrength on subscription :0
02-03 16:43:01.866 D/StatusBarPolicy(26949): StatusBarPolocy::getIconLevel -EVDO
02-03 16:43:01.876 D/StatusBarPolicy(26949): getEvdoLevel_band_six -evdoDbm:-93
02-03 16:43:01.876 D/StatusBarPolicy(26949): getEvdoLevel_band_six -evdoEcio:-30
02-03 16:43:02.767 D/StatusBarPolicy(26949): updateDataIcon subscription =0
02-03 16:43:04.098 D/StatusBarPolicy(26949): onSignalStrengthsChanged:SignalStrength: 99 0 -91 -70 -94 -30 8 99 2147483647 2147483647 2147483647 2147483647 cdma for subscription0
02-03 16:43:04.098 D/StatusBarPolicy(26949): updateSignalStrength on subscription :0
02-03 16:43:04.098 D/StatusBarPolicy(26949): StatusBarPolocy::getIconLevel -EVDO
02-03 16:43:04.098 D/StatusBarPolicy(26949): getEvdoLevel_band_six -evdoDbm:-94
02-03 16:43:04.108 D/StatusBarPolicy(26949): getEvdoLevel_band_six -evdoEcio:-30
02-03 16:43:06.340 D/StatusBarPolicy(26949): onSignalStrengthsChanged:SignalStrength: 99 0 -91 -70 -93 -30 7 99 2147483647 2147483647 2147483647 2147483647 cdma for subscription0
02-03 16:43:06.340 D/StatusBarPolicy(26949): updateSignalStrength on subscription :0
02-03 16:43:06.340 D/StatusBarPolicy(26949): StatusBarPolocy::getIconLevel -EVDO
02-03 16:43:06.340 D/StatusBarPolicy(26949): getEvdoLevel_band_six -evdoDbm:-93
02-03 16:43:06.350 D/StatusBarPolicy(26949): getEvdoLevel_band_six -evdoEcio:-30
02-03 16:43:10.815 D/StatusBarPolicy(26949): onSignalStrengthsChanged:SignalStrength: 99 0 -91 -70 -92 -20 8 99 2147483647 2147483647 2147483647 2147483647 cdma for subscription0
02-03 16:43:10.815 D/StatusBarPolicy(26949): updateSignalStrength on subscription :0
02-03 16:43:10.815 D/StatusBarPolicy(26949): StatusBarPolocy::getIconLevel -EVDO
02-03 16:43:10.815 D/StatusBarPolicy(26949): getEvdoLevel_band_six -evdoDbm:-92
02-03 16:43:10.815 D/StatusBarPolicy(26949): getEvdoLevel_band_six -evdoEcio:-20
02-03 16:43:11.866 D/StatusBarPolicy(26949): updateDataIcon subscription =0
02-03 16:43:12.877 D/StatusBarPolicy(26949): updateDataIcon subscription =0
02-03 16:43:15.289 D/StatusBarPolicy(26949): onSignalStrengthsChanged:SignalStrength: 99 0 -91 -70 -92 -20 7 99 2147483647 2147483647 2147483647 2147483647 cdma for subscription0
02-03 16:43:15.289 D/StatusBarPolicy(26949): updateSignalStrength on subscription :0
02-03 16:43:15.289 D/StatusBarPolicy(26949): StatusBarPolocy::getIconLevel -EVDO
02-03 16:43:15.289 D/StatusBarPolicy(26949): getEvdoLevel_band_six -evdoDbm:-92
02-03 16:43:15.299 D/StatusBarPolicy(26949): getEvdoLevel_band_six -evdoEcio:-20
02-03 16:43:16.420 D/PowerManagerService(26892): setTimeoutLocked now=86523366 timeoutOverride=-1 nextState=3 when=86529366
02-03 16:43:16.450 W/WindowManager(26892): updateFocusedWindowLocked newFocus=Window{40a2e920 com.android.settings/com.android.settings.vpn.VpnEditor paused=false} mode=1 mCurrentFocus = Window{407c7790 com.android.settings/com.android.settings.vpn.VpnEditor paused=false}
02-03 16:43:16.460 W/WindowManager(26892): updateFocusedWindowLocked newFocus=Window{40a2e920 com.android.settings/com.android.settings.vpn.VpnEditor paused=false} mode=3 mCurrentFocus = Window{40a2e920 com.android.settings/com.android.settings.vpn.VpnEditor paused=false}
02-03 16:43:17.371 D/PowerManagerService(26892): setTimeoutLocked now=86524314 timeoutOverride=-1 nextState=3 when=86530314
02-03 16:43:17.471 D/PowerManagerService(26892): setTimeoutLocked now=86524414 timeoutOverride=-1 nextState=3 when=86530414
02-03 16:43:17.481 W/WindowManager(26892): updateFocusedWindowLocked newFocus=Window{407c7790 com.android.settings/com.android.settings.vpn.VpnEditor paused=false} mode=3 mCurrentFocus = Window{40a2e920 com.android.settings/com.android.settings.vpn.VpnEditor paused=false}
02-03 16:43:17.491 W/InputManagerService(26892): Window already focused, ignoring focus gain of: com.android.internal.view.IInputMethodClient$Stub$Proxy@40b3f1c8
02-03 16:43:17.511 D/StatusBarPolicy(26949): onSignalStrengthsChanged:SignalStrength: 99 0 -91 -70 -94 -50 7 99 2147483647 2147483647 2147483647 2147483647 cdma for subscription0
02-03 16:43:17.511 D/StatusBarPolicy(26949): updateSignalStrength on subscription :0
02-03 16:43:17.521 D/StatusBarPolicy(26949): StatusBarPolocy::getIconLevel -EVDO
02-03 16:43:17.521 D/StatusBarPolicy(26949): getEvdoLevel_band_six -evdoDbm:-94
02-03 16:43:17.521 D/StatusBarPolicy(26949): getEvdoLevel_band_six -evdoEcio:-50
02-03 16:43:18.272 D/PowerManagerService(26892): setTimeoutLocked now=86525216 timeoutOverride=-1 nextState=3 when=86531216
02-03 16:43:18.392 I/ActivityManager(26892): Starting: Intent { act=android.intent.action.MAIN cat=[android.intent.category.HOME] flg=0x10200000 cmp=com.android.launcher/com.android.launcher2.Launcher } from pid 26892
02-03 16:43:18.402 W/WindowManager(26892): updateFocusedWindowLocked newFocus=Window{407c7790 com.android.settings/com.android.settings.vpn.VpnEditor paused=true} mode=3 mCurrentFocus = Window{407c7790 com.android.settings/com.android.settings.vpn.VpnEditor paused=true}
02-03 16:43:18.412 W/WindowManager(26892): updateFocusedWindowLocked newFocus=null mode=0 mCurrentFocus = Window{407c7790 com.android.settings/com.android.settings.vpn.VpnEditor paused=true}
02-03 16:43:18.422 W/WindowManager(26892): updateFocusedWindowLocked newFocus=null mode=3 mCurrentFocus = null
02-03 16:43:18.452 W/WindowManager(26892): updateFocusedWindowLocked newFocus=Window{4084db38 com.android.launcher/com.android.launcher2.Launcher paused=false} mode=2 mCurrentFocus = null
02-03 16:43:18.462 W/WindowManager(26892): updateFocusedWindowLocked newFocus=Window{4084db38 com.android.launcher/com.android.launcher2.Launcher paused=false} mode=2 mCurrentFocus = Window{4084db38 com.android.launcher/com.android.launcher2.Launcher paused=false}
02-03 16:43:18.462 W/WindowManager(26892): updateFocusedWindowLocked newFocus=Window{4084db38 com.android.launcher/com.android.launcher2.Launcher paused=false} mode=3 mCurrentFocus = Window{4084db38 com.android.launcher/com.android.launcher2.Launcher paused=false}
02-03 16:43:18.823 D/PowerManagerService(26892): setTimeoutLocked now=86525767 timeoutOverride=-1 nextState=3 when=86531767
02-03 16:43:18.833 W/WindowManager(26892): updateFocusedWindowLocked newFocus=Window{4098ca90 AtchDlg:com.android.launcher/com.android.launcher2.Launcher paused=false} mode=1 mCurrentFocus = Window{4084db38 com.android.launcher/com.android.launcher2.Launcher paused=false}
02-03 16:43:18.863 W/WindowManager(26892): updateFocusedWindowLocked newFocus=Window{4098ca90 AtchDlg:com.android.launcher/com.android.launcher2.Launcher paused=false} mode=3 mCurrentFocus = Window{4098ca90 AtchDlg:com.android.launcher/com.android.launcher2.Launcher paused=false}
02-03 16:43:19.663 D/PowerManagerService(26892): setTimeoutLocked now=86526612 timeoutOverride=-1 nextState=3 when=86532612
02-03 16:43:19.723 D/PowerManagerService(26892): setTimeoutLocked now=86526674 timeoutOverride=-1 nextState=3 when=86532674
02-03 16:43:19.734 I/ActivityManager(26892): Starting: Intent { act=android.settings.SETTINGS flg=0x10200000 cmp=com.android.settings/.Settings } from pid 26987
02-03 16:43:19.744 D/StatusBarPolicy(26949): onSignalStrengthsChanged:SignalStrength: 99 0 -91 -70 -94 -25 7 99 2147483647 2147483647 2147483647 2147483647 cdma for subscription0
02-03 16:43:19.744 D/StatusBarPolicy(26949): updateSignalStrength on subscription :0
02-03 16:43:19.744 D/StatusBarPolicy(26949): StatusBarPolocy::getIconLevel -EVDO
02-03 16:43:19.744 D/StatusBarPolicy(26949): getEvdoLevel_band_six -evdoDbm:-94
02-03 16:43:19.744 D/StatusBarPolicy(26949): getEvdoLevel_band_six -evdoEcio:-25
02-03 16:43:19.774 W/WindowManager(26892): updateFocusedWindowLocked newFocus=null mode=0 mCurrentFocus = Window{4098ca90 AtchDlg:com.android.launcher/com.android.launcher2.Launcher paused=false}
02-03 16:43:19.774 W/WindowManager(26892): updateFocusedWindowLocked newFocus=null mode=3 mCurrentFocus = null
02-03 16:43:19.794 W/WindowManager(26892): updateFocusedWindowLocked newFocus=null mode=0 mCurrentFocus = null
02-03 16:43:19.794 W/WindowManager(26892): updateFocusedWindowLocked newFocus=null mode=3 mCurrentFocus = null
02-03 16:43:19.804 W/WindowManager(26892): updateFocusedWindowLocked newFocus=null mode=0 mCurrentFocus = null
02-03 16:43:19.804 W/WindowManager(26892): updateFocusedWindowLocked newFocus=null mode=3 mCurrentFocus = null
02-03 16:43:19.814 W/WindowManager(26892): updateFocusedWindowLocked newFocus=null mode=3 mCurrentFocus = null
02-03 16:43:19.824 W/WindowManager(26892): updateFocusedWindowLocked newFocus=null mode=0 mCurrentFocus = null
02-03 16:43:19.834 W/WindowManager(26892): updateFocusedWindowLocked newFocus=null mode=3 mCurrentFocus = null
02-03 16:43:19.854 W/WindowManager(26892): updateFocusedWindowLocked newFocus=Window{40a6bc10 com.android.settings/com.android.settings.Settings paused=false} mode=2 mCurrentFocus = null
02-03 16:43:19.854 W/WindowManager(26892): updateFocusedWindowLocked newFocus=Window{40a6bc10 com.android.settings/com.android.settings.Settings paused=false} mode=2 mCurrentFocus = Window{40a6bc10 com.android.settings/com.android.settings.Settings paused=false}
02-03 16:43:19.884 W/WindowManager(26892): updateFocusedWindowLocked newFocus=Window{40a6bc10 com.android.settings/com.android.settings.Settings paused=false} mode=3 mCurrentFocus = Window{40a6bc10 com.android.settings/com.android.settings.Settings paused=false}
02-03 16:43:22.016 D/StatusBarPolicy(26949): onSignalStrengthsChanged:SignalStrength: 99 0 -91 -70 -95 -35 7 99 2147483647 2147483647 2147483647 2147483647 cdma for subscription0
02-03 16:43:22.016 D/StatusBarPolicy(26949): updateSignalStrength on subscription :0
02-03 16:43:22.016 D/StatusBarPolicy(26949): StatusBarPolocy::getIconLevel -EVDO
02-03 16:43:22.016 D/StatusBarPolicy(26949): getEvdoLevel_band_six -evdoDbm:-95
02-03 16:43:22.026 D/StatusBarPolicy(26949): getEvdoLevel_band_six -evdoEcio:-35
02-03 16:43:22.867 D/PowerManagerService(26892): setTimeoutLocked now=86529810 timeoutOverride=-1 nextState=3 when=86535810
02-03 16:43:22.937 D/StatusBarPolicy(26949): updateDataIcon subscription =0
02-03 16:43:22.957 D/PowerManagerService(26892): setTimeoutLocked now=86529908 timeoutOverride=-1 nextState=3 when=86535908
02-03 16:43:23.107 I/ActivityManager(26892): Starting: Intent { act=android.intent.action.MAIN cmp=com.android.phone/.CallFeaturesSetting } from pid 27104
02-03 16:43:23.177 W/WindowManager(26892): updateFocusedWindowLocked newFocus=null mode=0 mCurrentFocus = Window{40a6bc10 com.android.settings/com.android.settings.Settings paused=true}
02-03 16:43:23.217 W/WindowManager(26892): updateFocusedWindowLocked newFocus=Window{408b6530 com.android.phone/com.android.phone.CallFeaturesSetting paused=false} mode=3 mCurrentFocus = null
02-03 16:43:23.287 W/WindowManager(26892): updateFocusedWindowLocked newFocus=Window{408b6530 com.android.phone/com.android.phone.CallFeaturesSetting paused=false} mode=2 mCurrentFocus = Window{408b6530 com.android.phone/com.android.phone.CallFeaturesSetting paused=false}
02-03 16:43:23.287 W/WindowManager(26892): updateFocusedWindowLocked newFocus=Window{408b6530 com.android.phone/com.android.phone.CallFeaturesSetting paused=false} mode=2 mCurrentFocus = Window{408b6530 com.android.phone/com.android.phone.CallFeaturesSetting paused=false}
02-03 16:43:23.287 W/WindowManager(26892): updateFocusedWindowLocked newFocus=Window{408b6530 com.android.phone/com.android.phone.CallFeaturesSetting paused=false} mode=3 mCurrentFocus = Window{408b6530 com.android.phone/com.android.phone.CallFeaturesSetting paused=false}
02-03 16:43:23.807 D/PowerManagerService(26892): setTimeoutLocked now=86530749 timeoutOverride=-1 nextState=3 when=86536749
02-03 16:43:23.948 D/StatusBarPolicy(26949): updateDataIcon subscription =0
02-03 16:43:24.098 D/PowerManagerService(26892): setTimeoutLocked now=86531048 timeoutOverride=-1 nextState=3 when=86537048
02-03 16:43:24.248 D/StatusBarPolicy(26949): onSignalStrengthsChanged:SignalStrength: 99 0 -91 -70 -96 -45 7 99 2147483647 2147483647 2147483647 2147483647 cdma for subscription0
02-03 16:43:24.248 D/StatusBarPolicy(26949): updateSignalStrength on subscription :0
02-03 16:43:24.248 D/StatusBarPolicy(26949): StatusBarPolocy::getIconLevel -EVDO
02-03 16:43:24.248 D/StatusBarPolicy(26949): getEvdoLevel_band_six -evdoDbm:-96
02-03 16:43:24.248 D/StatusBarPolicy(26949): getEvdoLevel_band_six -evdoEcio:-45
02-03 16:43:24.538 D/PowerManagerService(26892): setTimeoutLocked now=86531488 timeoutOverride=-1 nextState=3 when=86537488
02-03 16:43:24.638 D/PowerManagerService(26892): setTimeoutLocked now=86531589 timeoutOverride=-1 nextState=3 when=86537589
02-03 16:43:24.798 I/ActivityManager(26892): Starting: Intent { act=android.intent.action.MAIN cmp=com.android.phone/.CdmaCallForwardOptions } from pid 26963
02-03 16:43:24.818 W/WindowManager(26892): updateFocusedWindowLocked newFocus=null mode=0 mCurrentFocus = Window{408b6530 com.android.phone/com.android.phone.CallFeaturesSetting paused=true}
02-03 16:43:24.919 W/WindowManager(26892): updateFocusedWindowLocked newFocus=Window{4053a910 com.android.phone/com.android.phone.CdmaCallForwardOptions paused=false} mode=3 mCurrentFocus = null
02-03 16:43:24.969 W/WindowManager(26892): updateFocusedWindowLocked newFocus=Window{4053a910 com.android.phone/com.android.phone.CdmaCallForwardOptions paused=false} mode=2 mCurrentFocus = Window{4053a910 com.android.phone/com.android.phone.CdmaCallForwardOptions paused=false}
02-03 16:43:24.969 W/WindowManager(26892): updateFocusedWindowLocked newFocus=Window{4053a910 com.android.phone/com.android.phone.CdmaCallForwardOptions paused=false} mode=2 mCurrentFocus = Window{4053a910 com.android.phone/com.android.phone.CdmaCallForwardOptions paused=false}
02-03 16:43:24.989 W/WindowManager(26892): updateFocusedWindowLocked newFocus=Window{4053a910 com.android.phone/com.android.phone.CdmaCallForwardOptions paused=false} mode=3 mCurrentFocus = Window{4053a910 com.android.phone/com.android.phone.CdmaCallForwardOptions paused=false}
02-03 16:43:26.490 D/StatusBarPolicy(26949): onSignalStrengthsChanged:SignalStrength: 99 0 -91 -70 -96 -15 7 99 2147483647 2147483647 2147483647 2147483647 cdma for subscription0
02-03 16:43:26.490 D/StatusBarPolicy(26949): updateSignalStrength on subscription :0
02-03 16:43:26.490 D/StatusBarPolicy(26949): StatusBarPolocy::getIconLevel -EVDO
02-03 16:43:26.490 D/StatusBarPolicy(26949): getEvdoLevel_band_six -evdoDbm:-96
02-03 16:43:26.490 D/StatusBarPolicy(26949): getEvdoLevel_band_six -evdoEcio:-15
02-03 16:43:28.732 D/StatusBarPolicy(26949): onSignalStrengthsChanged:SignalStrength: 99 0 -91 -70 -96 -15 8 99 2147483647 2147483647 2147483647 2147483647 cdma for subscription0
02-03 16:43:28.732 D/StatusBarPolicy(26949): updateSignalStrength on subscription :0
02-03 16:43:28.732 D/StatusBarPolicy(26949): StatusBarPolocy::getIconLevel -EVDO
02-03 16:43:28.732 D/StatusBarPolicy(26949): getEvdoLevel_band_six -evdoDbm:-96
02-03 16:43:28.752 D/StatusBarPolicy(26949): getEvdoLevel_band_six -evdoEcio:-15
02-03 16:43:30.104 D/PowerManagerService(26892): setTimeoutLocked now=86537050 timeoutOverride=-1 nextState=3 when=86543050
02-03 16:43:30.164 W/WindowManager(26892): updateFocusedWindowLocked newFocus=Window{4053a910 com.android.phone/com.android.phone.CdmaCallForwardOptions paused=true} mode=0 mCurrentFocus = Window{4053a910 com.android.phone/com.android.phone.CdmaCallForwardOptions paused=true}
02-03 16:43:30.174 W/WindowManager(26892): updateFocusedWindowLocked newFocus=Window{408b6530 com.android.phone/com.android.phone.CallFeaturesSetting paused=false} mode=3 mCurrentFocus = Window{4053a910 com.android.phone/com.android.phone.CdmaCallForwardOptions paused=false}
02-03 16:43:30.204 W/WindowManager(26892): updateFocusedWindowLocked newFocus=Window{408b6530 com.android.phone/com.android.phone.CallFeaturesSetting paused=false} mode=2 mCurrentFocus = Window{408b6530 com.android.phone/com.android.phone.CallFeaturesSetting paused=false}
02-03 16:43:30.204 W/WindowManager(26892): updateFocusedWindowLocked newFocus=Window{408b6530 com.android.phone/com.android.phone.CallFeaturesSetting paused=false} mode=2 mCurrentFocus = Window{408b6530 com.android.phone/com.android.phone.CallFeaturesSetting paused=false}
02-03 16:43:30.214 W/WindowManager(26892): updateFocusedWindowLocked newFocus=Window{408b6530 com.android.phone/com.android.phone.CallFeaturesSetting paused=false} mode=3 mCurrentFocus = Window{408b6530 com.android.phone/com.android.phone.CallFeaturesSetting paused=false}
02-03 16:43:30.374 W/WindowManager(26892): updateFocusedWindowLocked newFocus=Window{408b6530 com.android.phone/com.android.phone.CallFeaturesSetting paused=false} mode=3 mCurrentFocus = Window{408b6530 com.android.phone/com.android.phone.CallFeaturesSetting paused=false}
02-03 16:43:30.394 W/WindowManager(26892): updateFocusedWindowLocked newFocus=Window{408b6530 com.android.phone/com.android.phone.CallFeaturesSetting paused=false} mode=0 mCurrentFocus = Window{408b6530 com.android.phone/com.android.phone.CallFeaturesSetting paused=false}
02-03 16:43:30.964 D/StatusBarPolicy(26949): onSignalStrengthsChanged:SignalStrength: 99 0 -91 -70 -97 -30 7 99 2147483647 2147483647 2147483647 2147483647 cdma for subscription0
02-03 16:43:30.964 D/StatusBarPolicy(26949): updateSignalStrength on subscription :0
02-03 16:43:30.964 D/StatusBarPolicy(26949): StatusBarPolocy::getIconLevel -EVDO
02-03 16:43:30.964 D/StatusBarPolicy(26949): getEvdoLevel_band_six -evdoDbm:-97
02-03 16:43:30.974 D/StatusBarPolicy(26949): getEvdoLevel_band_six -evdoEcio:-30
02-03 16:43:32.086 D/PowerManagerService(26892): setTimeoutLocked now=86539026 timeoutOverride=-1 nextState=3 when=86545026
02-03 16:43:32.186 D/PowerManagerService(26892): setTimeoutLocked now=86539137 timeoutOverride=-1 nextState=3 when=86545137
02-03 16:43:32.336 I/ActivityManager(26892): Starting: Intent { act=android.intent.action.MAIN cmp=com.android.phone/.CdmaCallForwardOptions } from pid 26963
02-03 16:43:32.376 W/WindowManager(26892): updateFocusedWindowLocked newFocus=null mode=0 mCurrentFocus = Window{408b6530 com.android.phone/com.android.phone.CallFeaturesSetting paused=true}
02-03 16:43:32.406 W/WindowManager(26892): updateFocusedWindowLocked newFocus=Window{408cc4b0 com.android.phone/com.android.phone.CdmaCallForwardOptions paused=false} mode=3 mCurrentFocus = null
02-03 16:43:32.446 W/WindowManager(26892): updateFocusedWindowLocked newFocus=Window{408cc4b0 com.android.phone/com.android.phone.CdmaCallForwardOptions paused=false} mode=2 mCurrentFocus = Window{408cc4b0 com.android.phone/com.android.phone.CdmaCallForwardOptions paused=false}
02-03 16:43:32.446 W/WindowManager(26892): updateFocusedWindowLocked newFocus=Window{408cc4b0 com.android.phone/com.android.phone.CdmaCallForwardOptions paused=false} mode=2 mCurrentFocus = Window{408cc4b0 com.android.phone/com.android.phone.CdmaCallForwardOptions paused=false}
02-03 16:43:32.456 W/WindowManager(26892): updateFocusedWindowLocked newFocus=Window{408cc4b0 com.android.phone/com.android.phone.CdmaCallForwardOptions paused=false} mode=3 mCurrentFocus = Window{408cc4b0 com.android.phone/com.android.phone.CdmaCallForwardOptions paused=false}
02-03 16:43:32.836 D/PowerManagerService(26892): setTimeoutLocked now=86539784 timeoutOverride=-1 nextState=3 when=86545784
02-03 16:43:32.936 D/PowerManagerService(26892): setTimeoutLocked now=86539883 timeoutOverride=-1 nextState=3 when=86545883
02-03 16:43:33.057 D/StatusBarPolicy(26949): updateDataIcon subscription =0
02-03 16:43:33.127 W/WindowManager(26892): updateFocusedWindowLocked newFocus=Window{4098e990 com.android.phone/com.android.phone.CdmaCallForwardOptions paused=false} mode=1 mCurrentFocus = Window{408cc4b0 com.android.phone/com.android.phone.CdmaCallForwardOptions paused=false}
02-03 16:43:33.147 W/WindowManager(26892): updateFocusedWindowLocked newFocus=Window{4098e990 com.android.phone/com.android.phone.CdmaCallForwardOptions paused=false} mode=3 mCurrentFocus = Window{4098e990 com.android.phone/com.android.phone.CdmaCallForwardOptions paused=false}
02-03 16:43:33.217 D/StatusBarPolicy(26949): onSignalStrengthsChanged:SignalStrength: 99 0 -91 -70 -97 -30 8 99 2147483647 2147483647 2147483647 2147483647 cdma for subscription0
02-03 16:43:33.217 D/StatusBarPolicy(26949): updateSignalStrength on subscription :0
02-03 16:43:33.227 D/StatusBarPolicy(26949): StatusBarPolocy::getIconLevel -EVDO
02-03 16:43:33.227 D/StatusBarPolicy(26949): getEvdoLevel_band_six -evdoDbm:-97
02-03 16:43:33.227 D/StatusBarPolicy(26949): getEvdoLevel_band_six -evdoEcio:-30
02-03 16:43:33.327 W/WindowManager(26892): updateFocusedWindowLocked newFocus=Window{4098e990 com.android.phone/com.android.phone.CdmaCallForwardOptions paused=false} mode=3 mCurrentFocus = Window{4098e990 com.android.phone/com.android.phone.CdmaCallForwardOptions paused=false}
02-03 16:43:34.077 D/StatusBarPolicy(26949): updateDataIcon subscription =0
02-03 16:43:35.379 D/PowerManagerService(26892): setTimeoutLocked now=86542318 timeoutOverride=-1 nextState=3 when=86548318
02-03 16:43:35.439 D/StatusBarPolicy(26949): onSignalStrengthsChanged:SignalStrength: 99 0 -91 -70 -96 -15 8 99 2147483647 2147483647 2147483647 2147483647 cdma for subscription0
02-03 16:43:35.439 D/StatusBarPolicy(26949): updateSignalStrength on subscription :0
02-03 16:43:35.439 D/StatusBarPolicy(26949): StatusBarPolocy::getIconLevel -EVDO
02-03 16:43:35.439 D/StatusBarPolicy(26949): getEvdoLevel_band_six -evdoDbm:-96
02-03 16:43:35.439 D/StatusBarPolicy(26949): getEvdoLevel_band_six -evdoEcio:-15
02-03 16:43:35.459 W/WindowManager(26892): updateFocusedWindowLocked newFocus=Window{4098e990 com.android.phone/com.android.phone.CdmaCallForwardOptions paused=false} mode=3 mCurrentFocus = Window{4098e990 com.android.phone/com.android.phone.CdmaCallForwardOptions paused=false}
02-03 16:43:37.691 D/StatusBarPolicy(26949): onSignalStrengthsChanged:SignalStrength: 99 0 -91 -70 -97 -35 7 99 2147483647 2147483647 2147483647 2147483647 cdma for subscription0
02-03 16:43:37.691 D/StatusBarPolicy(26949): updateSignalStrength on subscription :0
02-03 16:43:37.691 D/StatusBarPolicy(26949): StatusBarPolocy::getIconLevel -EVDO
02-03 16:43:37.691 D/StatusBarPolicy(26949): getEvdoLevel_band_six -evdoDbm:-97
02-03 16:43:37.701 D/StatusBarPolicy(26949): getEvdoLevel_band_six -evdoEcio:-35
02-03 16:43:39.733 D/PowerManagerService(26892): setTimeoutLocked now=86546686 timeoutOverride=-1 nextState=3 when=86552686
02-03 16:43:39.813 D/PowerManagerService(26892): setTimeoutLocked now=86546760 timeoutOverride=-1 nextState=3 when=86552760
02-03 16:43:39.813 W/WindowManager(26892): updateFocusedWindowLocked newFocus=Window{408cc4b0 com.android.phone/com.android.phone.CdmaCallForwardOptions paused=false} mode=3 mCurrentFocus = Window{4098e990 com.android.phone/com.android.phone.CdmaCallForwardOptions paused=false}
02-03 16:43:39.913 D/StatusBarPolicy(26949): onSignalStrengthsChanged:SignalStrength: 99 0 -91 -70 -96 -20 7 99 2147483647 2147483647 2147483647 2147483647 cdma for subscription0
02-03 16:43:39.913 D/StatusBarPolicy(26949): updateSignalStrength on subscription :0
02-03 16:43:39.913 D/StatusBarPolicy(26949): StatusBarPolocy::getIconLevel -EVDO
02-03 16:43:39.913 D/StatusBarPolicy(26949): getEvdoLevel_band_six -evdoDbm:-96
02-03 16:43:39.913 D/StatusBarPolicy(26949): getEvdoLevel_band_six -evdoEcio:-20
02-03 16:43:42.135 D/PowerManagerService(26892): setTimeoutLocked now=86549072 timeoutOverride=-1 nextState=3 when=86555072
02-03 16:43:42.155 D/StatusBarPolicy(26949): onSignalStrengthsChanged:SignalStrength: 99 0 -91 -70 -96 -20 8 99 2147483647 2147483647 2147483647 2147483647 cdma for subscription0
02-03 16:43:42.155 D/StatusBarPolicy(26949): updateSignalStrength on subscription :0
02-03 16:43:42.155 D/StatusBarPolicy(26949): StatusBarPolocy::getIconLevel -EVDO
02-03 16:43:42.155 D/StatusBarPolicy(26949): getEvdoLevel_band_six -evdoDbm:-96
02-03 16:43:42.155 D/StatusBarPolicy(26949): getEvdoLevel_band_six -evdoEcio:-20
02-03 16:43:42.245 W/WindowManager(26892): updateFocusedWindowLocked newFocus=Window{408cc4b0 com.android.phone/com.android.phone.CdmaCallForwardOptions paused=true} mode=0 mCurrentFocus = Window{408cc4b0 com.android.phone/com.android.phone.CdmaCallForwardOptions paused=true}
02-03 16:43:42.265 W/WindowManager(26892): updateFocusedWindowLocked newFocus=Window{408b6530 com.android.phone/com.android.phone.CallFeaturesSetting paused=false} mode=3 mCurrentFocus = Window{408cc4b0 com.android.phone/com.android.phone.CdmaCallForwardOptions paused=false}
02-03 16:43:42.286 W/WindowManager(26892): updateFocusedWindowLocked newFocus=Window{408b6530 com.android.phone/com.android.phone.CallFeaturesSetting paused=false} mode=2 mCurrentFocus = Window{408b6530 com.android.phone/com.android.phone.CallFeaturesSetting paused=false}
02-03 16:43:42.286 W/WindowManager(26892): updateFocusedWindowLocked newFocus=Window{408b6530 com.android.phone/com.android.phone.CallFeaturesSetting paused=false} mode=2 mCurrentFocus = Window{408b6530 com.android.phone/com.android.phone.CallFeaturesSetting paused=false}
