02-03 16:55:15.472 W/WindowManager(26892): updateFocusedWindowLocked newFocus=Window{4083fa58 com.android.settings/com.android.settings.vpn.VpnEditor paused=false} mode=3 mCurrentFocus = null
02-03 16:55:15.552 W/WindowManager(26892): updateFocusedWindowLocked newFocus=Window{4083fa58 com.android.settings/com.android.settings.vpn.VpnEditor paused=false} mode=2 mCurrentFocus = Window{4083fa58 com.android.settings/com.android.settings.vpn.VpnEditor paused=false}
02-03 16:55:15.552 W/WindowManager(26892): updateFocusedWindowLocked newFocus=Window{4083fa58 com.android.settings/com.android.settings.vpn.VpnEditor paused=false} mode=2 mCurrentFocus = Window{4083fa58 com.android.settings/com.android.settings.vpn.VpnEditor paused=false}
02-03 16:55:15.572 W/WindowManager(26892): updateFocusedWindowLocked newFocus=Window{4083fa58 com.android.settings/com.android.settings.vpn.VpnEditor paused=false} mode=3 mCurrentFocus = Window{4083fa58 com.android.settings/com.android.settings.vpn.VpnEditor paused=false}
02-03 16:55:15.582 W/WindowManager(26892): updateFocusedWindowLocked newFocus=Window{4083fa58 com.android.settings/com.android.settings.vpn.VpnEditor paused=false} mode=3 mCurrentFocus = Window{4083fa58 com.android.settings/com.android.settings.vpn.VpnEditor paused=false}
02-03 16:55:15.722 W/WindowManager(26892): updateFocusedWindowLocked newFocus=Window{4083fa58 com.android.settings/com.android.settings.vpn.VpnEditor paused=false} mode=3 mCurrentFocus = Window{4083fa58 com.android.settings/com.android.settings.vpn.VpnEditor paused=false}
02-03 16:55:15.742 W/WindowManager(26892): updateFocusedWindowLocked newFocus=Window{4083fa58 com.android.settings/com.android.settings.vpn.VpnEditor paused=false} mode=0 mCurrentFocus = Window{4083fa58 com.android.settings/com.android.settings.vpn.VpnEditor paused=false}
02-03 16:55:15.962 D/StatusBarPolicy(26949): updateDataIcon subscription =0
02-03 16:55:16.993 D/StatusBarPolicy(26949): updateDataIcon subscription =0
02-03 16:55:17.374 D/PowerManagerService(26892): setTimeoutLocked now=87244467 timeoutOverride=-1 nextState=3 when=87250467
02-03 16:55:17.394 W/WindowManager(26892): updateFocusedWindowLocked newFocus=Window{40874630 com.android.settings/com.android.settings.vpn.VpnEditor paused=false} mode=1 mCurrentFocus = Window{4083fa58 com.android.settings/com.android.settings.vpn.VpnEditor paused=false}
02-03 16:55:17.404 W/WindowManager(26892): updateFocusedWindowLocked newFocus=Window{40874630 com.android.settings/com.android.settings.vpn.VpnEditor paused=false} mode=3 mCurrentFocus = Window{40874630 com.android.settings/com.android.settings.vpn.VpnEditor paused=false}
02-03 16:55:23.380 D/PowerManagerService(26892): setTimeoutLocked now=87250470 timeoutOverride=-1 nextState=1 when=87357470
02-03 16:55:26.092 D/StatusBarPolicy(26949): updateDataIcon subscription =0
02-03 16:55:27.113 D/StatusBarPolicy(26949): updateDataIcon subscription =0
02-03 16:55:32.268 D/PowerManagerService(26892): setTimeoutLocked now=87259360 timeoutOverride=-1 nextState=3 when=87265360
02-03 16:55:32.368 D/PowerManagerService(26892): setTimeoutLocked now=87259460 timeoutOverride=-1 nextState=3 when=87265460
02-03 16:55:32.378 W/WindowManager(26892): updateFocusedWindowLocked newFocus=Window{4083fa58 com.android.settings/com.android.settings.vpn.VpnEditor paused=false} mode=3 mCurrentFocus = Window{40874630 com.android.settings/com.android.settings.vpn.VpnEditor paused=false}
02-03 16:55:32.378 W/InputManagerService(26892): Window already focused, ignoring focus gain of: com.android.internal.view.IInputMethodClient$Stub$Proxy@405b9958
02-03 16:55:34.400 D/StatusBarPolicy(26949): onSignalStrengthsChanged:SignalStrength: 99 0 -90 -75 -87 -15 8 99 2147483647 2147483647 2147483647 2147483647 cdma for subscription0
02-03 16:55:34.400 D/StatusBarPolicy(26949): updateSignalStrength on subscription :0
02-03 16:55:34.400 D/StatusBarPolicy(26949): StatusBarPolocy::getIconLevel -EVDO
02-03 16:55:34.400 D/StatusBarPolicy(26949): getEvdoLevel_band_six -evdoDbm:-87
02-03 16:55:34.400 D/StatusBarPolicy(26949): getEvdoLevel_band_six -evdoEcio:-15
02-03 16:55:36.222 D/StatusBarPolicy(26949): updateDataIcon subscription =0
02-03 16:55:36.642 W/Vold    (  116): Ignoring unknown switch 'usb_mass_storage'
02-03 16:55:36.652 W/Vold    (  116): Ignoring unknown switch 'usb_connected'
02-03 16:55:36.652 D/Vold    (  116): USB disconnected
02-03 16:55:36.652 D/Vold    (  116): Share method ums now unavailable
02-03 16:55:36.662 D/VoldConnector(26892): RCV <- {620 Share method ums now unavailable}
02-03 16:55:36.682 I/StorageNotification(26949): UMS connection changed to false (media state mounted)
02-03 16:55:36.702 D/NetdConnector(26892): SND -> {interface list} {null}
02-03 16:55:36.702 D/NetdConnector(26892): RCV <- {110 lo}
02-03 16:55:36.702 D/NetdConnector(26892): RCV <- {110 dummy0}
02-03 16:55:36.702 D/NetdConnector(26892): RCV <- {110 rmnet0}
02-03 16:55:36.702 D/NetdConnector(26892): RCV <- {110 rmnet1}
02-03 16:55:36.702 D/NetdConnector(26892): RCV <- {110 rmnet2}
02-03 16:55:36.702 D/NetdConnector(26892): RCV <- {110 rmnet3}
02-03 16:55:36.702 D/NetdConnector(26892): RCV <- {110 rmnet4}
02-03 16:55:36.702 D/NetdConnector(26892): RCV <- {110 rmnet5}
02-03 16:55:36.702 D/NetdConnector(26892): RCV <- {110 rmnet6}
02-03 16:55:36.702 D/NetdConnector(26892): RCV <- {110 rmnet7}
02-03 16:55:36.702 D/NetdConnector(26892): RCV <- {110 tunl0}
02-03 16:55:36.702 D/NetdConnector(26892): RSP <- {110 lo}
02-03 16:55:36.702 D/NetdConnector(26892): RSP <- {110 dummy0}
02-03 16:55:36.702 D/NetdConnector(26892): RSP <- {110 rmnet0}
02-03 16:55:36.713 D/NetdConnector(26892): RSP <- {110 rmnet1}
02-03 16:55:36.713 D/NetdConnector(26892): RSP <- {110 rmnet2}
02-03 16:55:36.713 D/NetdConnector(26892): RSP <- {110 rmnet3}
02-03 16:55:36.713 D/NetdConnector(26892): RSP <- {110 rmnet4}
02-03 16:55:36.713 D/NetdConnector(26892): RSP <- {110 rmnet5}
02-03 16:55:36.713 D/NetdConnector(26892): RSP <- {110 rmnet6}
02-03 16:55:36.713 D/NetdConnector(26892): RSP <- {110 rmnet7}
02-03 16:55:36.723 D/NetdConnector(26892): RSP <- {110 tunl0}
02-03 16:55:36.733 D/NetdConnector(26892): RCV <- {110 gre0}
02-03 16:55:36.733 D/NetdConnector(26892): RSP <- {110 gre0}
02-03 16:55:36.733 D/NetdConnector(26892): RCV <- {110 sit0}
02-03 16:55:36.733 D/NetdConnector(26892): RSP <- {110 sit0}
02-03 16:55:36.733 D/NetdConnector(26892): RCV <- {110 ip6tnl0}
02-03 16:55:36.733 D/NetdConnector(26892): RSP <- {110 ip6tnl0}
02-03 16:55:36.733 D/NetdConnector(26892): RCV <- {110 usb0}
02-03 16:55:36.733 D/NetdConnector(26892): RSP <- {110 usb0}
02-03 16:55:36.733 D/NetdConnector(26892): RCV <- {200 Interface list completed}
02-03 16:55:36.733 D/NetdConnector(26892): RSP <- {200 Interface list completed}
02-03 16:55:36.733 D/NetdConnector(26892): List terminated with {200 Interface list completed}
02-03 16:55:36.813 D/NetdConnector(26892): SND -> {interface list} {null}
02-03 16:55:36.813 D/NetdConnector(26892): RCV <- {110 lo}
02-03 16:55:36.813 D/NetdConnector(26892): RCV <- {110 dummy0}
02-03 16:55:36.823 D/NetdConnector(26892): RSP <- {110 lo}
02-03 16:55:36.823 D/NetdConnector(26892): RSP <- {110 dummy0}
02-03 16:55:36.823 D/NetdConnector(26892): RCV <- {110 rmnet0}
02-03 16:55:36.823 D/NetdConnector(26892): RSP <- {110 rmnet0}
02-03 16:55:36.823 D/NetdConnector(26892): RCV <- {110 rmnet1}
02-03 16:55:36.823 D/NetdConnector(26892): RSP <- {110 rmnet1}
02-03 16:55:36.823 D/NetdConnector(26892): RCV <- {110 rmnet2}
02-03 16:55:36.823 D/NetdConnector(26892): RSP <- {110 rmnet2}
02-03 16:55:36.823 D/NetdConnector(26892): RCV <- {110 rmnet3}
02-03 16:55:36.823 D/NetdConnector(26892): RSP <- {110 rmnet3}
02-03 16:55:36.823 D/NetdConnector(26892): RCV <- {110 rmnet4}
02-03 16:55:36.823 D/NetdConnector(26892): RSP <- {110 rmnet4}
02-03 16:55:36.833 D/NetdConnector(26892): RCV <- {110 rmnet5}
02-03 16:55:36.833 D/NetdConnector(26892): RSP <- {110 rmnet5}
02-03 16:55:36.833 D/NetdConnector(26892): RCV <- {110 rmnet6}
02-03 16:55:36.833 D/NetdConnector(26892): RSP <- {110 rmnet6}
02-03 16:55:36.833 D/NetdConnector(26892): RCV <- {110 rmnet7}
02-03 16:55:36.833 D/NetdConnector(26892): RSP <- {110 rmnet7}
02-03 16:55:36.833 D/NetdConnector(26892): RCV <- {110 tunl0}
02-03 16:55:36.833 D/NetdConnector(26892): RSP <- {110 tunl0}
02-03 16:55:36.833 D/NetdConnector(26892): RCV <- {110 gre0}
02-03 16:55:36.833 D/NetdConnector(26892): RSP <- {110 gre0}
02-03 16:55:36.833 D/NetdConnector(26892): RCV <- {110 sit0}
02-03 16:55:36.833 D/NetdConnector(26892): RSP <- {110 sit0}
02-03 16:55:36.833 D/NetdConnector(26892): RCV <- {110 ip6tnl0}
02-03 16:55:36.833 D/NetdConnector(26892): RSP <- {110 ip6tnl0}
02-03 16:55:36.843 D/NetdConnector(26892): RCV <- {110 usb0}
02-03 16:55:36.843 D/NetdConnector(26892): RSP <- {110 usb0}
02-03 16:55:36.843 D/NetdConnector(26892): RCV <- {200 Interface list completed}
02-03 16:55:36.843 D/NetdConnector(26892): RSP <- {200 Interface list completed}
02-03 16:55:36.843 D/NetdConnector(26892): List terminated with {200 Interface list completed}
02-03 16:55:36.843 D/PowerManagerService(26892): setTimeoutLocked now=87263946 timeoutOverride=-1 nextState=3 when=87269946
02-03 16:55:37.243 D/StatusBarPolicy(26949): updateDataIcon subscription =0
02-03 16:55:38.885 D/StatusBarPolicy(26949): onSignalStrengthsChanged:SignalStrength: 99 0 -85 -160 -86 -1 8 99 2147483647 2147483647 2147483647 2147483647 cdma for subscription0
02-03 16:55:38.885 D/StatusBarPolicy(26949): updateSignalStrength on subscription :0
02-03 16:55:38.885 D/StatusBarPolicy(26949): StatusBarPolocy::getIconLevel -EVDO
02-03 16:55:38.885 D/StatusBarPolicy(26949): getEvdoLevel_band_six -evdoDbm:-86
02-03 16:55:38.885 D/StatusBarPolicy(26949): getEvdoLevel_band_six -evdoEcio:-1
02-03 16:55:38.915 D/StatusBarPolicy(26949): onSignalStrengthsChanged:SignalStrength: 99 0 -85 -70 -86 -5 8 99 2147483647 2147483647 2147483647 2147483647 cdma for subscription0
02-03 16:55:38.915 D/StatusBarPolicy(26949): updateSignalStrength on subscription :0
02-03 16:55:38.915 D/StatusBarPolicy(26949): StatusBarPolocy::getIconLevel -EVDO
02-03 16:55:38.915 D/StatusBarPolicy(26949): getEvdoLevel_band_six -evdoDbm:-86
02-03 16:55:38.915 D/StatusBarPolicy(26949): getEvdoLevel_band_six -evdoEcio:-5
02-03 16:55:42.859 D/PowerManagerService(26892): setTimeoutLocked now=87269950 timeoutOverride=-1 nextState=1 when=87376950
02-03 16:55:43.469 D/BatteryService(26892): updateBattery level:100 scale:100 status:2 health:2 present:true voltage: 4200 temperature: 350 technology: Li-ion AC powered:true USB powered:false icon:17302173
02-03 16:55:43.479 D/PowerManagerService(26892): setTimeoutLocked now=87270570 timeoutOverride=-1 nextState=3 when=87276570
02-03 16:55:43.739 W/Vold    (  116): Ignoring unknown switch 'usb_connected'
02-03 16:55:43.739 D/NetdConnector(26892): SND -> {interface list} {null}
02-03 16:55:43.739 D/NetdConnector(26892): RCV <- {110 lo}
02-03 16:55:43.739 D/NetdConnector(26892): RCV <- {110 dummy0}
02-03 16:55:43.739 D/NetdConnector(26892): RCV <- {110 rmnet0}
02-03 16:55:43.739 D/NetdConnector(26892): RCV <- {110 rmnet1}
02-03 16:55:43.739 D/NetdConnector(26892): RCV <- {110 rmnet2}
02-03 16:55:43.739 D/NetdConnector(26892): RCV <- {110 rmnet3}
02-03 16:55:43.739 D/NetdConnector(26892): RCV <- {110 rmnet4}
02-03 16:55:43.749 D/NetdConnector(26892): RSP <- {110 lo}
02-03 16:55:43.749 D/NetdConnector(26892): RSP <- {110 dummy0}
02-03 16:55:43.749 D/NetdConnector(26892): RSP <- {110 rmnet0}
02-03 16:55:43.749 D/NetdConnector(26892): RSP <- {110 rmnet1}
02-03 16:55:43.759 D/NetdConnector(26892): RSP <- {110 rmnet2}
02-03 16:55:43.759 D/NetdConnector(26892): RSP <- {110 rmnet3}
02-03 16:55:43.759 D/NetdConnector(26892): RCV <- {110 rmnet5}
02-03 16:55:43.769 D/NetdConnector(26892): RSP <- {110 rmnet4}
02-03 16:55:43.769 D/NetdConnector(26892): RSP <- {110 rmnet5}
02-03 16:55:43.779 D/NetdConnector(26892): RCV <- {110 rmnet6}
02-03 16:55:43.789 D/NetdConnector(26892): RSP <- {110 rmnet6}
02-03 16:55:43.789 D/NetdConnector(26892): RCV <- {110 rmnet7}
02-03 16:55:43.799 D/NetdConnector(26892): RSP <- {110 rmnet7}
02-03 16:55:43.799 D/NetdConnector(26892): RCV <- {110 tunl0}
02-03 16:55:43.799 D/NetdConnector(26892): RSP <- {110 tunl0}
02-03 16:55:43.799 D/NetdConnector(26892): RCV <- {110 gre0}
02-03 16:55:43.799 D/NetdConnector(26892): RSP <- {110 gre0}
02-03 16:55:43.799 D/NetdConnector(26892): RCV <- {110 sit0}
02-03 16:55:43.799 D/NetdConnector(26892): RSP <- {110 sit0}
02-03 16:55:43.799 D/NetdConnector(26892): RCV <- {110 ip6tnl0}
02-03 16:55:43.799 D/NetdConnector(26892): RSP <- {110 ip6tnl0}
02-03 16:55:43.799 D/NetdConnector(26892): RCV <- {110 usb0}
02-03 16:55:43.799 D/NetdConnector(26892): RSP <- {110 usb0}
02-03 16:55:43.799 D/NetdConnector(26892): RCV <- {200 Interface list completed}
02-03 16:55:43.799 D/NetdConnector(26892): RSP <- {200 Interface list completed}
02-03 16:55:43.809 D/NetdConnector(26892): List terminated with {200 Interface list completed}
02-03 16:55:44.000 W/Vold    (  116): open /sys/devices/platform/msm_hsusb/gadget/lun1/file fail:(No such file or directory)
02-03 16:55:44.000 D/Vold    (  116): USB connected
02-03 16:55:44.000 D/Vold    (  116): Share method ums now available
02-03 16:55:44.000 W/Vold    (  116): Ignoring unknown switch 'usb_mass_storage'
02-03 16:55:44.000 D/VoldConnector(26892): RCV <- {620 Share method ums now available}
02-03 16:55:44.010 D/NetdConnector(26892): SND -> {interface list} {null}
02-03 16:55:44.010 D/NetdConnector(26892): RCV <- {110 lo}
02-03 16:55:44.010 D/NetdConnector(26892): RCV <- {110 dummy0}
02-03 16:55:44.010 D/NetdConnector(26892): RCV <- {110 rmnet0}
02-03 16:55:44.010 D/NetdConnector(26892): RSP <- {110 lo}
02-03 16:55:44.010 D/NetdConnector(26892): RSP <- {110 dummy0}
02-03 16:55:44.010 D/NetdConnector(26892): RCV <- {110 rmnet1}
02-03 16:55:44.010 D/NetdConnector(26892): RSP <- {110 rmnet0}
02-03 16:55:44.020 D/NetdConnector(26892): RSP <- {110 rmnet1}
02-03 16:55:44.020 D/NetdConnector(26892): RCV <- {110 rmnet2}
02-03 16:55:44.020 D/NetdConnector(26892): RSP <- {110 rmnet2}
02-03 16:55:44.020 I/StorageNotification(26949): UMS connection changed to true (media state mounted)
02-03 16:55:44.030 D/NetdConnector(26892): RCV <- {110 rmnet3}
02-03 16:55:44.030 D/NetdConnector(26892): RSP <- {110 rmnet3}
02-03 16:55:44.030 D/NetdConnector(26892): RCV <- {110 rmnet4}
02-03 16:55:44.030 D/NetdConnector(26892): RSP <- {110 rmnet4}
02-03 16:55:44.030 D/NetdConnector(26892): RCV <- {110 rmnet5}
02-03 16:55:44.030 D/NetdConnector(26892): RSP <- {110 rmnet5}
02-03 16:55:44.040 D/StatusBarService(26949): Notification has fullScreenIntent; sending fullScreenIntent
02-03 16:55:44.040 I/ActivityManager(26892): Starting: Intent { flg=0x10000000 cmp=com.android.systemui/.usb.UsbStorageActivity } from pid -1
02-03 16:55:44.050 W/WindowManager(26892): updateFocusedWindowLocked newFocus=Window{4083fa58 com.android.settings/com.android.settings.vpn.VpnEditor paused=false} mode=3 mCurrentFocus = Window{4083fa58 com.android.settings/com.android.settings.vpn.VpnEditor paused=false}
02-03 16:55:44.050 D/NetdConnector(26892): RCV <- {110 rmnet6}
02-03 16:55:44.060 D/NetdConnector(26892): RSP <- {110 rmnet6}
02-03 16:55:44.060 D/NetdConnector(26892): RCV <- {110 rmnet7}
02-03 16:55:44.060 D/NetdConnector(26892): RSP <- {110 rmnet7}
02-03 16:55:44.070 D/NetdConnector(26892): RCV <- {110 tunl0}
02-03 16:55:44.080 D/NetdConnector(26892): RSP <- {110 tunl0}
02-03 16:55:44.080 D/NetdConnector(26892): RCV <- {110 gre0}
02-03 16:55:44.080 D/NetdConnector(26892): RSP <- {110 gre0}
02-03 16:55:44.080 W/WindowManager(26892): updateFocusedWindowLocked newFocus=null mode=0 mCurrentFocus = Window{4083fa58 com.android.settings/com.android.settings.vpn.VpnEditor paused=true}
02-03 16:55:44.090 D/NetdConnector(26892): RCV <- {110 sit0}
02-03 16:55:44.090 D/NetdConnector(26892): RSP <- {110 sit0}
02-03 16:55:44.090 D/NetdConnector(26892): RCV <- {110 ip6tnl0}
02-03 16:55:44.090 D/NetdConnector(26892): RSP <- {110 ip6tnl0}
02-03 16:55:44.090 D/NetdConnector(26892): RCV <- {110 usb0}
02-03 16:55:44.090 D/NetdConnector(26892): RSP <- {110 usb0}
02-03 16:55:44.100 D/NetdConnector(26892): RCV <- {200 Interface list completed}
02-03 16:55:44.100 D/NetdConnector(26892): RSP <- {200 Interface list completed}
02-03 16:55:44.100 D/NetdConnector(26892): List terminated with {200 Interface list completed}
02-03 16:55:44.110 W/WindowManager(26892): updateFocusedWindowLocked newFocus=null mode=2 mCurrentFocus = null
02-03 16:55:44.110 W/WindowManager(26892): updateFocusedWindowLocked newFocus=null mode=2 mCurrentFocus = null
02-03 16:55:44.150 D/VoldConnector(26892): SND -> {volume shared /mnt/sdcard ums} {null}
02-03 16:55:44.150 D/VoldCmdListener(  116): volume shared /mnt/sdcard ums
02-03 16:55:44.150 D/VoldConnector(26892): RCV <- {212 Share disabled}
02-03 16:55:44.150 D/VoldConnector(26892): RSP <- {212 Share disabled}
02-03 16:55:44.190 W/WindowManager(26892): updateFocusedWindowLocked newFocus=Window{407e91a0 com.android.systemui/com.android.systemui.usb.UsbStorageActivity paused=false} mode=3 mCurrentFocus = null
02-03 16:55:44.240 W/WindowManager(26892): updateFocusedWindowLocked newFocus=Window{407e91a0 com.android.systemui/com.android.systemui.usb.UsbStorageActivity paused=false} mode=3 mCurrentFocus = Window{407e91a0 com.android.systemui/com.android.systemui.usb.UsbStorageActivity paused=false}
02-03 16:55:44.260 W/WindowManager(26892): updateFocusedWindowLocked newFocus=Window{407e91a0 com.android.systemui/com.android.systemui.usb.UsbStorageActivity paused=false} mode=3 mCurrentFocus = Window{407e91a0 com.android.systemui/com.android.systemui.usb.UsbStorageActivity paused=false}
02-03 16:55:45.271 D/BatteryService(26892): updateBattery level:100 scale:100 status:2 health:2 present:true voltage: 4200 temperature: 350 technology: Li-ion AC powered:false USB powered:true icon:17302173
02-03 16:55:45.661 D/PowerManagerService(26892): setTimeoutLocked now=87272754 timeoutOverride=-1 nextState=3 when=87278754
02-03 16:55:45.731 W/WindowManager(26892): updateFocusedWindowLocked newFocus=Window{407e91a0 com.android.systemui/com.android.systemui.usb.UsbStorageActivity paused=true} mode=0 mCurrentFocus = Window{407e91a0 com.android.systemui/com.android.systemui.usb.UsbStorageActivity paused=true}
02-03 16:55:45.741 W/WindowManager(26892): updateFocusedWindowLocked newFocus=Window{4083fa58 com.android.settings/com.android.settings.vpn.VpnEditor paused=false} mode=3 mCurrentFocus = Window{407e91a0 com.android.systemui/com.android.systemui.usb.UsbStorageActivity paused=true}
02-03 16:55:45.771 W/WindowManager(26892): updateFocusedWindowLocked newFocus=Window{4083fa58 com.android.settings/com.android.settings.vpn.VpnEditor paused=false} mode=2 mCurrentFocus = Window{4083fa58 com.android.settings/com.android.settings.vpn.VpnEditor paused=false}
02-03 16:55:45.771 W/WindowManager(26892): updateFocusedWindowLocked newFocus=Window{4083fa58 com.android.settings/com.android.settings.vpn.VpnEditor paused=false} mode=2 mCurrentFocus = Window{4083fa58 com.android.settings/com.android.settings.vpn.VpnEditor paused=false}
02-03 16:55:45.771 W/WindowManager(26892): updateFocusedWindowLocked newFocus=Window{4083fa58 com.android.settings/com.android.settings.vpn.VpnEditor paused=false} mode=3 mCurrentFocus = Window{4083fa58 com.android.settings/com.android.settings.vpn.VpnEditor paused=false}
02-03 16:55:45.942 W/WindowManager(26892): updateFocusedWindowLocked newFocus=Window{4083fa58 com.android.settings/com.android.settings.vpn.VpnEditor paused=false} mode=3 mCurrentFocus = Window{4083fa58 com.android.settings/com.android.settings.vpn.VpnEditor paused=false}
02-03 16:55:45.962 W/WindowManager(26892): updateFocusedWindowLocked newFocus=Window{4083fa58 com.android.settings/com.android.settings.vpn.VpnEditor paused=false} mode=0 mCurrentFocus = Window{4083fa58 com.android.settings/com.android.settings.vpn.VpnEditor paused=false}
02-03 16:55:46.322 D/StatusBarPolicy(26949): updateDataIcon subscription =0
02-03 16:55:47.253 D/BatteryService(26892): updateBattery level:100 scale:100 status:5 health:2 present:true voltage: 4198 temperature: 350 technology: Li-ion AC powered:false USB powered:true icon:17302173
02-03 16:55:47.343 D/StatusBarPolicy(26949): updateDataIcon subscription =0
02-03 16:55:47.813 D/StatusBarPolicy(26949): onSignalStrengthsChanged:SignalStrength: 99 0 -85 -70 -86 -20 8 99 2147483647 2147483647 2147483647 2147483647 cdma for subscription0
02-03 16:55:47.813 D/StatusBarPolicy(26949): updateSignalStrength on subscription :0
02-03 16:55:47.813 D/StatusBarPolicy(26949): StatusBarPolocy::getIconLevel -EVDO
02-03 16:55:47.813 D/StatusBarPolicy(26949): getEvdoLevel_band_six -evdoDbm:-86
02-03 16:55:47.813 D/StatusBarPolicy(26949): getEvdoLevel_band_six -evdoEcio:-20
02-03 16:55:50.076 D/StatusBarPolicy(26949): onSignalStrengthsChanged:SignalStrength: 99 0 -85 -70 -85 -5 8 99 2147483647 2147483647 2147483647 2147483647 cdma for subscription0
02-03 16:55:50.076 D/StatusBarPolicy(26949): updateSignalStrength on subscription :0
02-03 16:55:50.076 D/StatusBarPolicy(26949): StatusBarPolocy::getIconLevel -EVDO
02-03 16:55:50.076 D/StatusBarPolicy(26949): getEvdoLevel_band_six -evdoDbm:-85
02-03 16:55:50.076 D/StatusBarPolicy(26949): getEvdoLevel_band_six -evdoEcio:-5
02-03 16:55:50.586 D/PerformBackupThread(26892): starting agent for backup of BackupRequest{app=ApplicationInfo{407c3c88 com.android.providers.settings} full=false}
02-03 16:55:50.586 D/BackupManagerService(26892): awaiting agent for ApplicationInfo{407c3c88 com.android.providers.settings}
02-03 16:55:50.586 D/BackupManagerService(26892): agentConnected pkg=com.android.providers.settings agent=android.app.backup.BackupAgent$BackupServiceBinder@40cb8658
02-03 16:55:51.657 D/PowerManagerService(26892): setTimeoutLocked now=87278755 timeoutOverride=-1 nextState=1 when=87385755
02-03 16:55:56.422 D/StatusBarPolicy(26949): updateDataIcon subscription =0
02-03 16:55:57.443 D/StatusBarPolicy(26949): updateDataIcon subscription =0
02-03 16:55:59.995 D/AlarmManager(26892): scheduleTimeTickEvent calendar=Fri Feb 03 16:57:00 CST 2012
02-03 16:55:59.995 D/AlarmManager(26892): calendar.getTimeInMillis()1328309820000
02-03 16:56:02.348 D/PowerManagerService(26892): setTimeoutLocked now=87289439 timeoutOverride=-1 nextState=3 when=87295439
02-03 16:56:02.378 W/WindowManager(26892): updateFocusedWindowLocked newFocus=Window{40cf49a8 com.android.settings/com.android.settings.vpn.VpnEditor paused=false} mode=1 mCurrentFocus = Window{4083fa58 com.android.settings/com.android.settings.vpn.VpnEditor paused=false}
02-03 16:56:02.388 W/WindowManager(26892): updateFocusedWindowLocked newFocus=Window{40cf49a8 com.android.settings/com.android.settings.vpn.VpnEditor paused=false} mode=3 mCurrentFocus = Window{40cf49a8 com.android.settings/com.android.settings.vpn.VpnEditor paused=false}
02-03 16:56:05.761 D/StatusBarPolicy(26949): onSignalStrengthsChanged:SignalStrength: 99 0 -85 -70 -82 -5 8 99 2147483647 2147483647 2147483647 2147483647 cdma for subscription0
02-03 16:56:05.761 D/StatusBarPolicy(26949): updateSignalStrength on subscription :0
02-03 16:56:05.771 D/StatusBarPolicy(26949): StatusBarPolocy::getIconLevel -EVDO
02-03 16:56:05.771 D/StatusBarPolicy(26949): getEvdoLevel_band_six -evdoDbm:-82
02-03 16:56:05.771 D/StatusBarPolicy(26949): getEvdoLevel_band_six -evdoEcio:-5
02-03 16:56:06.542 D/StatusBarPolicy(26949): updateDataIcon subscription =0
02-03 16:56:07.553 D/StatusBarPolicy(26949): updateDataIcon subscription =0
02-03 16:56:08.353 D/PowerManagerService(26892): setTimeoutLocked now=87295445 timeoutOverride=-1 nextState=1 when=87402445
02-03 16:56:12.477 D/StatusBarPolicy(26949): onSignalStrengthsChanged:SignalStrength: 99 0 -85 -70 -83 -5 8 99 2147483647 2147483647 2147483647 2147483647 cdma for subscription0
02-03 16:56:12.477 D/StatusBarPolicy(26949): updateSignalStrength on subscription :0
02-03 16:56:12.477 D/StatusBarPolicy(26949): StatusBarPolocy::getIconLevel -EVDO
02-03 16:56:12.477 D/StatusBarPolicy(26949): getEvdoLevel_band_six -evdoDbm:-83
02-03 16:56:12.487 D/StatusBarPolicy(26949): getEvdoLevel_band_six -evdoEcio:-5
02-03 16:56:16.641 D/StatusBarPolicy(26949): updateDataIcon subscription =0
02-03 16:56:17.662 D/StatusBarPolicy(26949): updateDataIcon subscription =0
02-03 16:56:25.921 D/StatusBarPolicy(26949): onSignalStrengthsChanged:SignalStrength: 99 0 -85 -70 -85 -5 8 99 2147483647 2147483647 2147483647 2147483647 cdma for subscription0
02-03 16:56:25.921 D/StatusBarPolicy(26949): updateSignalStrength on subscription :0
02-03 16:56:25.921 D/StatusBarPolicy(26949): StatusBarPolocy::getIconLevel -EVDO
02-03 16:56:25.921 D/StatusBarPolicy(26949): getEvdoLevel_band_six -evdoDbm:-85
02-03 16:56:25.921 D/StatusBarPolicy(26949): getEvdoLevel_band_six -evdoEcio:-5
02-03 16:56:26.751 D/StatusBarPolicy(26949): updateDataIcon subscription =0
02-03 16:56:27.762 D/StatusBarPolicy(26949): updateDataIcon subscription =0
02-03 16:56:28.773 D/StatusBarPolicy(26949): updateDataIcon subscription =0
02-03 16:56:29.784 D/StatusBarPolicy(26949): updateDataIcon subscription =0
02-03 16:56:36.831 D/StatusBarPolicy(26949): updateDataIcon subscription =0
02-03 16:56:37.842 D/StatusBarPolicy(26949): updateDataIcon subscription =0
02-03 16:56:41.596 D/StatusBarPolicy(26949): onSignalStrengthsChanged:SignalStrength: 99 0 -85 -70 -86 -5 8 99 2147483647 2147483647 2147483647 2147483647 cdma for subscription0
02-03 16:56:41.596 D/StatusBarPolicy(26949): updateSignalStrength on subscription :0
02-03 16:56:41.596 D/StatusBarPolicy(26949): StatusBarPolocy::getIconLevel -EVDO
02-03 16:56:41.596 D/StatusBarPolicy(26949): getEvdoLevel_band_six -evdoDbm:-86
02-03 16:56:41.626 D/StatusBarPolicy(26949): getEvdoLevel_band_six -evdoEcio:-5
02-03 16:56:46.921 D/StatusBarPolicy(26949): updateDataIcon subscription =0
02-03 16:56:47.932 D/StatusBarPolicy(26949): updateDataIcon subscription =0
02-03 16:56:57.051 D/StatusBarPolicy(26949): updateDataIcon subscription =0
02-03 16:56:58.062 D/StatusBarPolicy(26949): updateDataIcon subscription =0
02-03 16:57:00.004 D/AlarmManager(26892): scheduleTimeTickEvent calendar=Fri Feb 03 16:58:00 CST 2012
02-03 16:57:00.004 D/AlarmManager(26892): calendar.getTimeInMillis()1328309880000
02-03 16:57:04.008 D/StatusBarPolicy(26949): onSignalStrengthsChanged:SignalStrength: 99 0 -85 -70 -84 -5 8 99 2147483647 2147483647 2147483647 2147483647 cdma for subscription0
02-03 16:57:04.008 D/StatusBarPolicy(26949): updateSignalStrength on subscription :0
02-03 16:57:04.018 D/StatusBarPolicy(26949): StatusBarPolocy::getIconLevel -EVDO
02-03 16:57:04.018 D/StatusBarPolicy(26949): getEvdoLevel_band_six -evdoDbm:-84
02-03 16:57:04.018 D/StatusBarPolicy(26949): getEvdoLevel_band_six -evdoEcio:-5
02-03 16:57:06.340 D/PowerManagerService(26892): setTimeoutLocked now=87353438 timeoutOverride=-1 nextState=3 when=87359438
02-03 16:57:06.420 D/PowerManagerService(26892): setTimeoutLocked now=87353512 timeoutOverride=-1 nextState=3 when=87359512
02-03 16:57:06.420 W/WindowManager(26892): updateFocusedWindowLocked newFocus=Window{4083fa58 com.android.settings/com.android.settings.vpn.VpnEditor paused=false} mode=3 mCurrentFocus = Window{40cf49a8 com.android.settings/com.android.settings.vpn.VpnEditor paused=false}
02-03 16:57:06.430 W/InputManagerService(26892): Window already focused, ignoring focus gain of: com.android.internal.view.IInputMethodClient$Stub$Proxy@407e2910
02-03 16:57:07.161 D/StatusBarPolicy(26949): updateDataIcon subscription =0
02-03 16:57:08.162 D/StatusBarPolicy(26949): updateDataIcon subscription =0
02-03 16:57:08.582 D/PowerManagerService(26892): setTimeoutLocked now=87355674 timeoutOverride=-1 nextState=3 when=87361674
02-03 16:57:08.592 W/WindowManager(26892): updateFocusedWindowLocked newFocus=Window{40b8e350 com.android.settings/com.android.settings.vpn.VpnEditor paused=false} mode=1 mCurrentFocus = Window{4083fa58 com.android.settings/com.android.settings.vpn.VpnEditor paused=false}
02-03 16:57:08.602 W/WindowManager(26892): updateFocusedWindowLocked newFocus=Window{40b8e350 com.android.settings/com.android.settings.vpn.VpnEditor paused=false} mode=3 mCurrentFocus = Window{40b8e350 com.android.settings/com.android.settings.vpn.VpnEditor paused=false}
02-03 16:57:10.714 D/StatusBarPolicy(26949): onSignalStrengthsChanged:SignalStrength: 99 0 -85 -70 -83 -5 8 99 2147483647 2147483647 2147483647 2147483647 cdma for subscription0
02-03 16:57:10.714 D/StatusBarPolicy(26949): updateSignalStrength on subscription :0
02-03 16:57:10.724 D/StatusBarPolicy(26949): StatusBarPolocy::getIconLevel -EVDO
02-03 16:57:10.724 D/StatusBarPolicy(26949): getEvdoLevel_band_six -evdoDbm:-83
02-03 16:57:10.724 D/StatusBarPolicy(26949): getEvdoLevel_band_six -evdoEcio:-5
02-03 16:57:14.588 D/PowerManagerService(26892): setTimeoutLocked now=87361681 timeoutOverride=-1 nextState=1 when=87468681
02-03 16:57:17.281 D/StatusBarPolicy(26949): updateDataIcon subscription =0
02-03 16:57:18.292 D/StatusBarPolicy(26949): updateDataIcon subscription =0
02-03 16:57:28.401 D/StatusBarPolicy(26949): updateDataIcon subscription =0
02-03 16:57:29.422 D/StatusBarPolicy(26949): updateDataIcon subscription =0
02-03 16:57:30.874 D/StatusBarPolicy(26949): onSignalStrengthsChanged:SignalStrength: 99 0 -85 -70 -82 -5 8 99 2147483647 2147483647 2147483647 2147483647 cdma for subscription0
02-03 16:57:30.874 D/StatusBarPolicy(26949): updateSignalStrength on subscription :0
02-03 16:57:30.884 D/StatusBarPolicy(26949): StatusBarPolocy::getIconLevel -EVDO
02-03 16:57:30.884 D/StatusBarPolicy(26949): getEvdoLevel_band_six -evdoDbm:-82
02-03 16:57:30.884 D/StatusBarPolicy(26949): getEvdoLevel_band_six -evdoEcio:-5
02-03 16:57:38.521 D/StatusBarPolicy(26949): updateDataIcon subscription =0
02-03 16:57:39.552 D/StatusBarPolicy(26949): updateDataIcon subscription =0
02-03 16:57:48.661 D/StatusBarPolicy(26949): updateDataIcon subscription =0
02-03 16:57:49.672 D/StatusBarPolicy(26949): updateDataIcon subscription =0
02-03 16:57:59.802 D/StatusBarPolicy(26949): updateDataIcon subscription =0
02-03 16:58:00.002 D/AlarmManager(26892): scheduleTimeTickEvent calendar=Fri Feb 03 16:59:00 CST 2012
02-03 16:58:00.002 D/AlarmManager(26892): calendar.getTimeInMillis()1328309940000
02-03 16:58:00.823 D/StatusBarPolicy(26949): updateDataIcon subscription =0
02-03 16:58:09.942 D/StatusBarPolicy(26949): updateDataIcon subscription =0
02-03 16:58:10.953 D/StatusBarPolicy(26949): updateDataIcon subscription =0
02-03 16:58:20.072 D/StatusBarPolicy(26949): updateDataIcon subscription =0
02-03 16:58:21.083 D/StatusBarPolicy(26949): updateDataIcon subscription =0
02-03 16:58:30.192 D/StatusBarPolicy(26949): updateDataIcon subscription =0
02-03 16:58:31.213 D/StatusBarPolicy(26949): updateDataIcon subscription =0
02-03 16:58:40.312 D/StatusBarPolicy(26949): updateDataIcon subscription =0
02-03 16:58:41.333 D/StatusBarPolicy(26949): updateDataIcon subscription =0
02-03 16:58:50.442 D/StatusBarPolicy(26949): updateDataIcon subscription =0
02-03 16:58:51.463 D/StatusBarPolicy(26949): updateDataIcon subscription =0
02-03 16:58:51.923 D/PowerManagerService(26892): setTimeoutLocked now=87459019 timeoutOverride=-1 nextState=3 when=87465019
02-03 16:58:51.933 D/PowerManagerService(26892): setTimeoutLocked now=87459032 timeoutOverride=-1 nextState=3 when=87465032
02-03 16:58:51.943 W/WindowManager(26892): updateFocusedWindowLocked newFocus=Window{4083fa58 com.android.settings/com.android.settings.vpn.VpnEditor paused=false} mode=3 mCurrentFocus = Window{40b8e350 com.android.settings/com.android.settings.vpn.VpnEditor paused=false}
02-03 16:58:51.943 W/InputManagerService(26892): Window already focused, ignoring focus gain of: com.android.internal.view.IInputMethodClient$Stub$Proxy@407bac90
02-03 16:58:52.393 D/PowerManagerService(26892): setTimeoutLocked now=87459485 timeoutOverride=-1 nextState=3 when=87465485
02-03 16:58:52.484 I/ActivityManager(26892): Starting: Intent { act=android.intent.action.MAIN cat=[android.intent.category.HOME] flg=0x10200000 cmp=com.android.launcher/com.android.launcher2.Launcher } from pid 26892
02-03 16:58:52.494 W/WindowManager(26892): updateFocusedWindowLocked newFocus=null mode=3 mCurrentFocus = Window{4083fa58 com.android.settings/com.android.settings.vpn.VpnEditor paused=true}
02-03 16:58:52.524 W/WindowManager(26892): updateFocusedWindowLocked newFocus=null mode=0 mCurrentFocus = null
02-03 16:58:52.554 W/WindowManager(26892): updateFocusedWindowLocked newFocus=null mode=3 mCurrentFocus = null
02-03 16:58:52.594 W/WindowManager(26892): updateFocusedWindowLocked newFocus=Window{4084db38 com.android.launcher/com.android.launcher2.Launcher paused=false} mode=2 mCurrentFocus = null
02-03 16:58:52.594 W/WindowManager(26892): updateFocusedWindowLocked newFocus=Window{4084db38 com.android.launcher/com.android.launcher2.Launcher paused=false} mode=2 mCurrentFocus = Window{4084db38 com.android.launcher/com.android.launcher2.Launcher paused=false}
02-03 16:58:52.614 W/WindowManager(26892): updateFocusedWindowLocked newFocus=Window{4084db38 com.android.launcher/com.android.launcher2.Launcher paused=false} mode=3 mCurrentFocus = Window{4084db38 com.android.launcher/com.android.launcher2.Launcher paused=false}
02-03 16:58:52.934 D/PowerManagerService(26892): setTimeoutLocked now=87460037 timeoutOverride=-1 nextState=3 when=87466037
02-03 16:58:53.014 W/WindowManager(26892): updateFocusedWindowLocked newFocus=Window{4052f358 AtchDlg:com.android.launcher/com.android.launcher2.Launcher paused=false} mode=1 mCurrentFocus = Window{4084db38 com.android.launcher/com.android.launcher2.Launcher paused=false}
02-03 16:58:53.024 W/WindowManager(26892): updateFocusedWindowLocked newFocus=Window{4052f358 AtchDlg:com.android.launcher/com.android.launcher2.Launcher paused=false} mode=3 mCurrentFocus = Window{4052f358 AtchDlg:com.android.launcher/com.android.launcher2.Launcher paused=false}
02-03 16:58:53.484 D/StatusBarPolicy(26949): updateDataIcon subscription =0
02-03 16:58:53.755 D/StatusBarPolicy(26949): onSignalStrengthsChanged:SignalStrength: 99 0 -85 -70 -84 -5 8 99 2147483647 2147483647 2147483647 2147483647 cdma for subscription0
02-03 16:58:53.755 D/StatusBarPolicy(26949): updateSignalStrength on subscription :0
02-03 16:58:53.755 D/StatusBarPolicy(26949): StatusBarPolocy::getIconLevel -EVDO
02-03 16:58:53.755 D/StatusBarPolicy(26949): getEvdoLevel_band_six -evdoDbm:-84
02-03 16:58:53.755 D/StatusBarPolicy(26949): getEvdoLevel_band_six -evdoEcio:-5
02-03 16:58:54.205 D/PowerManagerService(26892): setTimeoutLocked now=87461305 timeoutOverride=-1 nextState=3 when=87467305
02-03 16:58:54.265 D/PowerManagerService(26892): setTimeoutLocked now=87461365 timeoutOverride=-1 nextState=3 when=87467365
02-03 16:58:54.265 I/ActivityManager(26892): Starting: Intent { act=android.settings.SETTINGS flg=0x10200000 cmp=com.android.settings/.Settings } from pid 26987
02-03 16:58:54.295 W/WindowManager(26892): updateFocusedWindowLocked newFocus=Window{4052f358 AtchDlg:com.android.launcher/com.android.launcher2.Launcher paused=false} mode=3 mCurrentFocus = Window{4052f358 AtchDlg:com.android.launcher/com.android.launcher2.Launcher paused=false}
02-03 16:58:54.315 W/WindowManager(26892): updateFocusedWindowLocked newFocus=null mode=0 mCurrentFocus = Window{4052f358 AtchDlg:com.android.launcher/com.android.launcher2.Launcher paused=false}
02-03 16:58:54.325 W/WindowManager(26892): updateFocusedWindowLocked newFocus=null mode=0 mCurrentFocus = null
02-03 16:58:54.335 W/WindowManager(26892): updateFocusedWindowLocked newFocus=null mode=3 mCurrentFocus = null
02-03 16:58:54.345 W/WindowManager(26892): updateFocusedWindowLocked newFocus=null mode=0 mCurrentFocus = null
02-03 16:58:54.345 W/WindowManager(26892): updateFocusedWindowLocked newFocus=null mode=3 mCurrentFocus = null
02-03 16:58:54.365 W/WindowManager(26892): updateFocusedWindowLocked newFocus=null mode=0 mCurrentFocus = null
02-03 16:58:54.365 W/WindowManager(26892): updateFocusedWindowLocked newFocus=null mode=3 mCurrentFocus = null
02-03 16:58:54.385 W/WindowManager(26892): updateFocusedWindowLocked newFocus=Window{40a6bc10 com.android.settings/com.android.settings.Settings paused=false} mode=2 mCurrentFocus = null
02-03 16:58:54.385 W/WindowManager(26892): updateFocusedWindowLocked newFocus=Window{40a6bc10 com.android.settings/com.android.settings.Settings paused=false} mode=2 mCurrentFocus = Window{40a6bc10 com.android.settings/com.android.settings.Settings paused=false}
02-03 16:58:54.425 W/WindowManager(26892): updateFocusedWindowLocked newFocus=Window{40a6bc10 com.android.settings/com.android.settings.Settings paused=false} mode=3 mCurrentFocus = Window{40a6bc10 com.android.settings/com.android.settings.Settings paused=false}
02-03 16:58:54.435 W/WindowManager(26892): updateFocusedWindowLocked newFocus=Window{40a6bc10 com.android.settings/com.android.settings.Settings paused=false} mode=3 mCurrentFocus = Window{40a6bc10 com.android.settings/com.android.settings.Settings paused=false}
02-03 16:58:54.495 D/StatusBarPolicy(26949): updateDataIcon subscription =0
02-03 16:58:55.807 D/PowerManagerService(26892): setTimeoutLocked now=87462907 timeoutOverride=-1 nextState=3 when=87468907
02-03 16:58:55.857 D/PowerManagerService(26892): setTimeoutLocked now=87462957 timeoutOverride=-1 nextState=3 when=87468957
02-03 16:58:56.017 I/ActivityManager(26892): Starting: Intent { act=android.intent.action.MAIN cmp=com.android.settings/.WirelessSettings } from pid 27104
02-03 16:58:56.077 W/WindowManager(26892): updateFocusedWindowLocked newFocus=null mode=0 mCurrentFocus = Window{40a6bc10 com.android.settings/com.android.settings.Settings paused=true}
02-03 16:58:56.107 W/WindowManager(26892): updateFocusedWindowLocked newFocus=Window{4053f1b0 com.android.settings/com.android.settings.WirelessSettings paused=false} mode=3 mCurrentFocus = null
02-03 16:58:56.177 W/WindowManager(26892): updateFocusedWindowLocked newFocus=Window{4053f1b0 com.android.settings/com.android.settings.WirelessSettings paused=false} mode=2 mCurrentFocus = Window{4053f1b0 com.android.settings/com.android.settings.WirelessSettings paused=false}
02-03 16:58:56.177 W/WindowManager(26892): updateFocusedWindowLocked newFocus=Window{4053f1b0 com.android.settings/com.android.settings.WirelessSettings paused=false} mode=2 mCurrentFocus = Window{4053f1b0 com.android.settings/com.android.settings.WirelessSettings paused=false}
02-03 16:58:56.187 W/WindowManager(26892): updateFocusedWindowLocked newFocus=Window{4053f1b0 com.android.settings/com.android.settings.WirelessSettings paused=false} mode=3 mCurrentFocus = Window{4053f1b0 com.android.settings/com.android.settings.WirelessSettings paused=false}
02-03 16:58:57.338 D/PowerManagerService(26892): setTimeoutLocked now=87464424 timeoutOverride=-1 nextState=3 when=87470424
02-03 16:58:57.388 W/WindowManager(26892): updateFocusedWindowLocked newFocus=Window{4053f1b0 com.android.settings/com.android.settings.WirelessSettings paused=true} mode=0 mCurrentFocus = Window{4053f1b0 com.android.settings/com.android.settings.WirelessSettings paused=true}
02-03 16:58:57.438 W/WindowManager(26892): updateFocusedWindowLocked newFocus=Window{40a6bc10 com.android.settings/com.android.settings.Settings paused=false} mode=3 mCurrentFocus = Window{4053f1b0 com.android.settings/com.android.settings.WirelessSettings paused=false}
02-03 16:58:57.468 W/WindowManager(26892): updateFocusedWindowLocked newFocus=Window{40a6bc10 com.android.settings/com.android.settings.Settings paused=false} mode=2 mCurrentFocus = Window{40a6bc10 com.android.settings/com.android.settings.Settings paused=false}
02-03 16:58:57.468 W/WindowManager(26892): updateFocusedWindowLocked newFocus=Window{40a6bc10 com.android.settings/com.android.settings.Settings paused=false} mode=2 mCurrentFocus = Window{40a6bc10 com.android.settings/com.android.settings.Settings paused=false}
02-03 16:58:57.488 W/WindowManager(26892): updateFocusedWindowLocked newFocus=Window{40a6bc10 com.android.settings/com.android.settings.Settings paused=false} mode=3 mCurrentFocus = Window{40a6bc10 com.android.settings/com.android.settings.Settings paused=false}
02-03 16:58:57.649 W/WindowManager(26892): updateFocusedWindowLocked newFocus=Window{40a6bc10 com.android.settings/com.android.settings.Settings paused=false} mode=3 mCurrentFocus = Window{40a6bc10 com.android.settings/com.android.settings.Settings paused=false}
02-03 16:58:57.669 W/WindowManager(26892): updateFocusedWindowLocked newFocus=Window{40a6bc10 com.android.settings/com.android.settings.Settings paused=false} mode=0 mCurrentFocus = Window{40a6bc10 com.android.settings/com.android.settings.Settings paused=false}
02-03 16:58:58.259 D/StatusBarPolicy(26949): onSignalStrengthsChanged:SignalStrength: 99 0 -85 -70 -85 -5 8 99 2147483647 2147483647 2147483647 2147483647 cdma for subscription0
02-03 16:58:58.259 D/StatusBarPolicy(26949): updateSignalStrength on subscription :0
02-03 16:58:58.269 D/StatusBarPolicy(26949): StatusBarPolocy::getIconLevel -EVDO
02-03 16:58:58.269 D/StatusBarPolicy(26949): getEvdoLevel_band_six -evdoDbm:-85
02-03 16:58:58.269 D/StatusBarPolicy(26949): getEvdoLevel_band_six -evdoEcio:-5
02-03 16:58:59.811 D/PowerManagerService(26892): setTimeoutLocked now=87466904 timeoutOverride=-1 nextState=3 when=87472904
02-03 16:58:59.871 D/PowerManagerService(26892): setTimeoutLocked now=87466964 timeoutOverride=-1 nextState=3 when=87472964
02-03 16:59:00.001 D/AlarmManager(26892): scheduleTimeTickEvent calendar=Fri Feb 03 17:00:00 CST 2012
02-03 16:59:00.001 D/AlarmManager(26892): calendar.getTimeInMillis()1328310000000
02-03 16:59:00.051 I/ActivityManager(26892): Starting: Intent { act=android.intent.action.MAIN cmp=com.android.settings/.DisplaySettings } from pid 27104
02-03 16:59:00.071 W/WindowManager(26892): updateFocusedWindowLocked newFocus=null mode=0 mCurrentFocus = Window{40a6bc10 com.android.settings/com.android.settings.Settings paused=true}
02-03 16:59:00.111 W/WindowManager(26892): updateFocusedWindowLocked newFocus=Window{40833e00 com.android.settings/com.android.settings.DisplaySettings paused=false} mode=3 mCurrentFocus = null
02-03 16:59:00.211 W/WindowManager(26892): updateFocusedWindowLocked newFocus=Window{40833e00 com.android.settings/com.android.settings.DisplaySettings paused=false} mode=2 mCurrentFocus = Window{40833e00 com.android.settings/com.android.settings.DisplaySettings paused=false}
02-03 16:59:00.211 W/WindowManager(26892): updateFocusedWindowLocked newFocus=Window{40833e00 com.android.settings/com.android.settings.DisplaySettings paused=false} mode=2 mCurrentFocus = Window{40833e00 com.android.settings/com.android.settings.DisplaySettings paused=false}
02-03 16:59:00.221 W/WindowManager(26892): updateFocusedWindowLocked newFocus=Window{40833e00 com.android.settings/com.android.settings.DisplaySettings paused=false} mode=3 mCurrentFocus = Window{40833e00 com.android.settings/com.android.settings.DisplaySettings paused=false}
02-03 16:59:00.551 D/StatusBarPolicy(26949): updateDataIcon subscription =0
02-03 16:59:01.572 D/StatusBarPolicy(26949): updateDataIcon subscription =0
02-03 16:59:05.877 D/PowerManagerService(26892): setTimeoutLocked now=87472970 timeoutOverride=-1 nextState=1 when=87579970
02-03 16:59:06.557 D/PowerManagerService(26892): setTimeoutLocked now=87473659 timeoutOverride=-1 nextState=3 when=87479659
02-03 16:59:06.637 D/PowerManagerService(26892): setTimeoutLocked now=87473732 timeoutOverride=-1 nextState=3 when=87479732
02-03 16:59:06.787 I/ActivityManager(26892): Starting: Intent { act=android.intent.action.MAIN cmp=com.android.settings/.ScalibrationWnd } from pid 27104
02-03 16:59:06.817 W/WindowManager(26892): updateFocusedWindowLocked newFocus=null mode=0 mCurrentFocus = Window{40833e00 com.android.settings/com.android.settings.DisplaySettings paused=true}
02-03 16:59:06.918 W/WindowManager(26892): updateFocusedWindowLocked newFocus=Window{40874630 com.android.settings/com.android.settings.ScalibrationWnd paused=false} mode=3 mCurrentFocus = null
02-03 16:59:06.948 W/WindowManager(26892): updateFocusedWindowLocked newFocus=Window{40874630 com.android.settings/com.android.settings.ScalibrationWnd paused=false} mode=2 mCurrentFocus = Window{40874630 com.android.settings/com.android.settings.ScalibrationWnd paused=false}
02-03 16:59:06.948 W/WindowManager(26892): updateFocusedWindowLocked newFocus=Window{40874630 com.android.settings/com.android.settings.ScalibrationWnd paused=false} mode=2 mCurrentFocus = Window{40874630 com.android.settings/com.android.settings.ScalibrationWnd paused=false}
02-03 16:59:06.958 W/WindowManager(26892): updateFocusedWindowLocked newFocus=Window{40874630 com.android.settings/com.android.settings.ScalibrationWnd paused=false} mode=3 mCurrentFocus = Window{40874630 com.android.settings/com.android.settings.ScalibrationWnd paused=false}
02-03 16:59:10.681 D/StatusBarPolicy(26949): updateDataIcon subscription =0
02-03 16:59:11.302 D/PowerManagerService(26892): setTimeoutLocked now=87478399 timeoutOverride=-1 nextState=3 when=87484399
02-03 16:59:11.362 D/PowerManagerService(26892): setTimeoutLocked now=87478462 timeoutOverride=-1 nextState=3 when=87484462
02-03 16:59:11.692 D/StatusBarPolicy(26949): updateDataIcon subscription =0
02-03 16:59:13.144 W/WindowManager(26892): updateFocusedWindowLocked newFocus=Window{40874630 com.android.settings/com.android.settings.ScalibrationWnd paused=false} mode=3 mCurrentFocus = Window{40874630 com.android.settings/com.android.settings.ScalibrationWnd paused=false}
02-03 16:59:13.254 D/PowerManagerService(26892): setTimeoutLocked now=87480351 timeoutOverride=-1 nextState=3 when=87486351
02-03 16:59:13.354 D/PowerManagerService(26892): setTimeoutLocked now=87480452 timeoutOverride=-1 nextState=3 when=87486452
02-03 16:59:13.384 W/WindowManager(26892): updateFocusedWindowLocked newFocus=Window{40874630 com.android.settings/com.android.settings.ScalibrationWnd paused=false} mode=3 mCurrentFocus = Window{40874630 com.android.settings/com.android.settings.ScalibrationWnd paused=false}
02-03 16:59:13.394 W/WindowManager(26892): updateFocusedWindowLocked newFocus=Window{40874630 com.android.settings/com.android.settings.ScalibrationWnd paused=false} mode=3 mCurrentFocus = Window{40874630 com.android.settings/com.android.settings.ScalibrationWnd paused=false}
02-03 16:59:15.386 W/WindowManager(26892): updateFocusedWindowLocked newFocus=Window{40874630 com.android.settings/com.android.settings.ScalibrationWnd paused=false} mode=3 mCurrentFocus = Window{40874630 com.android.settings/com.android.settings.ScalibrationWnd paused=false}
02-03 16:59:15.836 D/PowerManagerService(26892): setTimeoutLocked now=87482931 timeoutOverride=-1 nextState=3 when=87488931
02-03 16:59:20.791 D/StatusBarPolicy(26949): updateDataIcon subscription =0
02-03 16:59:21.802 D/StatusBarPolicy(26949): updateDataIcon subscription =0
02-03 16:59:21.832 D/PowerManagerService(26892): setTimeoutLocked now=87488932 timeoutOverride=-1 nextState=1 when=87595932
02-03 16:59:22.903 D/StatusBarPolicy(26949): onSignalStrengthsChanged:SignalStrength: 99 0 -85 -70 -93 -5 8 99 2147483647 2147483647 2147483647 2147483647 cdma for subscription0
02-03 16:59:22.903 D/StatusBarPolicy(26949): updateSignalStrength on subscription :0
02-03 16:59:22.913 D/StatusBarPolicy(26949): StatusBarPolocy::getIconLevel -EVDO
02-03 16:59:22.913 D/StatusBarPolicy(26949): getEvdoLevel_band_six -evdoDbm:-93
02-03 16:59:22.923 D/StatusBarPolicy(26949): getEvdoLevel_band_six -evdoEcio:-5
02-03 16:59:25.125 D/StatusBarPolicy(26949): onSignalStrengthsChanged:SignalStrength: 99 0 -85 -70 -91 -5 8 99 2147483647 2147483647 2147483647 2147483647 cdma for subscription0
02-03 16:59:25.125 D/StatusBarPolicy(26949): updateSignalStrength on subscription :0
02-03 16:59:25.135 D/StatusBarPolicy(26949): StatusBarPolocy::getIconLevel -EVDO
02-03 16:59:25.135 D/StatusBarPolicy(26949): getEvdoLevel_band_six -evdoDbm:-91
02-03 16:59:25.135 D/StatusBarPolicy(26949): getEvdoLevel_band_six -evdoEcio:-5
02-03 16:59:30.921 D/StatusBarPolicy(26949): updateDataIcon subscription =0
02-03 16:59:31.852 D/StatusBarPolicy(26949): onSignalStrengthsChanged:SignalStrength: 99 0 -85 -70 -86 -5 8 99 2147483647 2147483647 2147483647 2147483647 cdma for subscription0
02-03 16:59:31.852 D/StatusBarPolicy(26949): updateSignalStrength on subscription :0
02-03 16:59:31.862 D/StatusBarPolicy(26949): StatusBarPolocy::getIconLevel -EVDO
02-03 16:59:31.862 D/StatusBarPolicy(26949): getEvdoLevel_band_six -evdoDbm:-86
02-03 16:59:31.862 D/StatusBarPolicy(26949): getEvdoLevel_band_six -evdoEcio:-5
02-03 16:59:31.912 D/StatusBarPolicy(26949): updateDataIcon subscription =0
02-03 16:59:41.021 D/StatusBarPolicy(26949): updateDataIcon subscription =0
02-03 16:59:42.042 D/StatusBarPolicy(26949): updateDataIcon subscription =0
02-03 16:59:45.305 D/StatusBarPolicy(26949): onSignalStrengthsChanged:SignalStrength: 99 0 -85 -70 -83 -5 8 99 2147483647 2147483647 2147483647 2147483647 cdma for subscription0
02-03 16:59:45.305 D/StatusBarPolicy(26949): updateSignalStrength on subscription :0
02-03 16:59:45.305 D/StatusBarPolicy(26949): StatusBarPolocy::getIconLevel -EVDO
02-03 16:59:45.305 D/StatusBarPolicy(26949): getEvdoLevel_band_six -evdoDbm:-83
02-03 16:59:45.305 D/StatusBarPolicy(26949): getEvdoLevel_band_six -evdoEcio:-5
02-03 16:59:51.151 D/StatusBarPolicy(26949): updateDataIcon subscription =0
02-03 16:59:52.162 D/StatusBarPolicy(26949): updateDataIcon subscription =0
02-03 17:00:00.009 D/AlarmManager(26892): scheduleTimeTickEvent calendar=Fri Feb 03 17:01:00 CST 2012
02-03 17:00:00.009 D/AlarmManager(26892): calendar.getTimeInMillis()1328310060000
02-03 17:00:01.271 D/StatusBarPolicy(26949): updateDataIcon subscription =0
02-03 17:00:02.282 D/StatusBarPolicy(26949): updateDataIcon subscription =0
