02-03 18:01:07.729 D/RPC     (26892): 3000008c:00050000 received REPLY (XID 77), grabbing mutex to wake up client.
02-03 18:01:07.729 D/RPC     (26892): 3000008c:00050000 call success.
02-03 18:01:07.759 D/RPC     (26892): 3000008c:00050000 sending call (XID 78).
02-03 18:01:07.769 D/RPC     (26892): 3000008c:00050000 received REPLY (XID 78), grabbing mutex to wake up client.
02-03 18:01:07.779 D/RPC     (26892): 3000008c:00050000 call success.
02-03 18:01:07.809 D/RPC     (26892): 3000008c:00050000 sending call (XID 79).
02-03 18:01:07.819 D/RPC     (26892): 3000008c:00050000 received REPLY (XID 79), grabbing mutex to wake up client.
02-03 18:01:07.819 D/RPC     (26892): 3000008c:00050000 call success.
02-03 18:01:07.839 D/RPC     (26892): 3000008c:00050000 sending call (XID 80).
02-03 18:01:07.839 D/RPC     (26892): 3000008c:00050000 received REPLY (XID 80), grabbing mutex to wake up client.
02-03 18:01:07.839 D/RPC     (26892): 3000008c:00050000 call success.
02-03 18:01:07.859 D/RPC     (26892): 3000008c:00050000 sending call (XID 81).
02-03 18:01:07.859 D/RPC     (26892): 3000008c:00050000 received REPLY (XID 81), grabbing mutex to wake up client.
02-03 18:01:07.859 D/RPC     (26892): 3000008c:00050000 call success.
02-03 18:01:07.889 D/RPC     (26892): 3000008c:00050000 sending call (XID 82).
02-03 18:01:07.899 D/RPC     (26892): 3000008c:00050000 received REPLY (XID 82), grabbing mutex to wake up client.
02-03 18:01:07.899 D/RPC     (26892): 3000008c:00050000 call success.
02-03 18:01:07.909 D/RPC     (26892): 3000008c:00050000 sending call (XID 83).
02-03 18:01:07.909 D/RPC     (26892): 3000008c:00050000 received REPLY (XID 83), grabbing mutex to wake up client.
02-03 18:01:07.909 D/RPC     (26892): 3000008c:00050000 call success.
02-03 18:01:07.929 D/RPC     (26892): 3000008c:00050000 sending call (XID 84).
02-03 18:01:07.929 D/RPC     (26892): 3000008c:00050000 received REPLY (XID 84), grabbing mutex to wake up client.
02-03 18:01:07.929 D/RPC     (26892): 3000008c:00050000 call success.
02-03 18:01:07.929 D/RPC     (26892): 3000008c:00050000 received CALL.
02-03 18:01:07.929 D/RPC     (26892): 3000008c:00050000 dispatching RPC call (XID 1395, xdr 0x443dd0) for callback client 3100008c:00050001.
02-03 18:01:07.929 D/RPC     (26892): 3100008c:327681 sending RPC reply (XID 1395)
02-03 18:02:03.429 D/AlarmManager(26892): scheduleTimeTickEvent calendar=Fri Feb 03 18:03:00 CST 2012
02-03 18:02:03.429 D/AlarmManager(26892): calendar.getTimeInMillis()1328313780000
02-03 18:02:54.429 D/NetdConnector(26892): SND -> {interface readrxcounter rmnet0} {null}
02-03 18:02:54.429 D/NetdConnector(26892): RCV <- {216 348640251}
02-03 18:02:54.429 D/NetdConnector(26892): RSP <- {216 348640251}
02-03 18:02:54.429 D/NetdConnector(26892): SND -> {interface readtxcounter rmnet0} {null}
02-03 18:02:54.429 D/NetdConnector(26892): RCV <- {217 16629365}
02-03 18:02:54.429 D/NetdConnector(26892): RSP <- {217 16629365}
02-03 18:03:04.429 D/AlarmManager(26892): scheduleTimeTickEvent calendar=Fri Feb 03 18:04:00 CST 2012
02-03 18:03:04.429 D/AlarmManager(26892): calendar.getTimeInMillis()1328313840000
02-03 18:04:16.429 D/AlarmManager(26892): scheduleTimeTickEvent calendar=Fri Feb 03 18:05:00 CST 2012
02-03 18:04:16.429 D/AlarmManager(26892): calendar.getTimeInMillis()1328313900000
02-03 18:04:23.281 W/WindowManager(26892): updateFocusedWindowLocked newFocus=Window{4085adb0 Keyguard paused=false} mode=3 mCurrentFocus = Window{4085adb0 Keyguard paused=false}
02-03 18:04:23.351 W/WindowManager(26892): updateFocusedWindowLocked newFocus=Window{4085adb0 Keyguard paused=false} mode=3 mCurrentFocus = Window{4085adb0 Keyguard paused=false}
02-03 18:05:06.429 D/AlarmManager(26892): scheduleTimeTickEvent calendar=Fri Feb 03 18:06:00 CST 2012
02-03 18:05:06.429 D/AlarmManager(26892): calendar.getTimeInMillis()1328313960000
02-03 18:06:06.429 D/AlarmManager(26892): scheduleTimeTickEvent calendar=Fri Feb 03 18:07:00 CST 2012
02-03 18:06:06.429 D/AlarmManager(26892): calendar.getTimeInMillis()1328314020000
02-03 18:06:17.181 W/WindowManager(26892): updateFocusedWindowLocked newFocus=Window{4085adb0 Keyguard paused=false} mode=3 mCurrentFocus = Window{4085adb0 Keyguard paused=false}
02-03 18:06:17.261 W/WindowManager(26892): updateFocusedWindowLocked newFocus=Window{4085adb0 Keyguard paused=false} mode=3 mCurrentFocus = Window{4085adb0 Keyguard paused=false}
02-03 18:07:08.429 D/AlarmManager(26892): scheduleTimeTickEvent calendar=Fri Feb 03 18:08:00 CST 2012
02-03 18:07:08.429 D/AlarmManager(26892): calendar.getTimeInMillis()1328314080000
02-03 18:08:00.179 D/AlarmManager(26892): scheduleTimeTickEvent calendar=Fri Feb 03 18:09:00 CST 2012
02-03 18:08:00.179 D/AlarmManager(26892): calendar.getTimeInMillis()1328314140000
02-03 18:09:01.429 D/AlarmManager(26892): scheduleTimeTickEvent calendar=Fri Feb 03 18:10:00 CST 2012
02-03 18:09:01.429 D/AlarmManager(26892): calendar.getTimeInMillis()1328314200000
02-03 18:09:22.392 W/WindowManager(26892): updateFocusedWindowLocked newFocus=Window{4085adb0 Keyguard paused=false} mode=3 mCurrentFocus = Window{4085adb0 Keyguard paused=false}
02-03 18:09:22.492 W/WindowManager(26892): updateFocusedWindowLocked newFocus=Window{4085adb0 Keyguard paused=false} mode=3 mCurrentFocus = Window{4085adb0 Keyguard paused=false}
02-03 18:10:05.429 D/AlarmManager(26892): scheduleTimeTickEvent calendar=Fri Feb 03 18:11:00 CST 2012
02-03 18:10:05.429 D/AlarmManager(26892): calendar.getTimeInMillis()1328314260000
02-03 18:11:06.429 D/AlarmManager(26892): scheduleTimeTickEvent calendar=Fri Feb 03 18:12:00 CST 2012
02-03 18:11:06.429 D/AlarmManager(26892): calendar.getTimeInMillis()1328314320000
02-03 18:12:07.429 D/AlarmManager(26892): scheduleTimeTickEvent calendar=Fri Feb 03 18:13:00 CST 2012
02-03 18:12:07.429 D/AlarmManager(26892): calendar.getTimeInMillis()1328314380000
02-03 18:12:57.439 D/NetdConnector(26892): SND -> {interface readrxcounter rmnet0} {null}
02-03 18:12:57.439 D/NetdConnector(26892): RCV <- {216 348646750}
02-03 18:12:57.439 D/NetdConnector(26892): RSP <- {216 348646750}
02-03 18:12:57.439 D/NetdConnector(26892): SND -> {interface readtxcounter rmnet0} {null}
02-03 18:12:57.449 D/NetdConnector(26892): RCV <- {217 16632958}
02-03 18:12:57.449 D/NetdConnector(26892): RSP <- {217 16632958}
02-03 18:13:07.429 D/AlarmManager(26892): scheduleTimeTickEvent calendar=Fri Feb 03 18:14:00 CST 2012
02-03 18:13:07.429 D/AlarmManager(26892): calendar.getTimeInMillis()1328314440000
02-03 18:13:12.395 W/WindowManager(26892): updateFocusedWindowLocked newFocus=Window{4085adb0 Keyguard paused=false} mode=3 mCurrentFocus = Window{4085adb0 Keyguard paused=false}
02-03 18:13:12.475 W/WindowManager(26892): updateFocusedWindowLocked newFocus=Window{4085adb0 Keyguard paused=false} mode=3 mCurrentFocus = Window{4085adb0 Keyguard paused=false}
02-03 18:13:59.999 D/AlarmManager(26892): scheduleTimeTickEvent calendar=Fri Feb 03 18:15:00 CST 2012
02-03 18:13:59.999 D/AlarmManager(26892): calendar.getTimeInMillis()1328314500000
02-03 18:15:00.429 D/AlarmManager(26892): scheduleTimeTickEvent calendar=Fri Feb 03 18:16:00 CST 2012
02-03 18:15:00.429 D/AlarmManager(26892): calendar.getTimeInMillis()1328314560000
02-03 18:16:01.429 D/AlarmManager(26892): scheduleTimeTickEvent calendar=Fri Feb 03 18:17:00 CST 2012
02-03 18:16:01.429 D/AlarmManager(26892): calendar.getTimeInMillis()1328314620000
02-03 18:17:02.429 D/AlarmManager(26892): scheduleTimeTickEvent calendar=Fri Feb 03 18:18:00 CST 2012
02-03 18:17:02.429 D/AlarmManager(26892): calendar.getTimeInMillis()1328314680000
02-03 18:18:05.429 D/AlarmManager(26892): scheduleTimeTickEvent calendar=Fri Feb 03 18:19:00 CST 2012
02-03 18:18:05.429 D/AlarmManager(26892): calendar.getTimeInMillis()1328314740000
02-03 18:19:06.429 D/AlarmManager(26892): scheduleTimeTickEvent calendar=Fri Feb 03 18:20:00 CST 2012
02-03 18:19:06.429 D/AlarmManager(26892): calendar.getTimeInMillis()1328314800000
02-03 18:20:08.429 D/AlarmManager(26892): scheduleTimeTickEvent calendar=Fri Feb 03 18:21:00 CST 2012
02-03 18:20:08.429 D/AlarmManager(26892): calendar.getTimeInMillis()1328314860000
02-03 18:21:03.429 D/AlarmManager(26892): scheduleTimeTickEvent calendar=Fri Feb 03 18:22:00 CST 2012
02-03 18:21:03.429 D/AlarmManager(26892): calendar.getTimeInMillis()1328314920000
02-03 18:22:04.429 D/AlarmManager(26892): scheduleTimeTickEvent calendar=Fri Feb 03 18:23:00 CST 2012
02-03 18:22:04.429 D/AlarmManager(26892): calendar.getTimeInMillis()1328314980000
02-03 18:23:05.429 D/AlarmManager(26892): scheduleTimeTickEvent calendar=Fri Feb 03 18:24:00 CST 2012
02-03 18:23:05.429 D/AlarmManager(26892): calendar.getTimeInMillis()1328315040000
02-03 18:23:05.459 D/NetdConnector(26892): SND -> {interface readrxcounter rmnet0} {null}
02-03 18:23:05.459 D/NetdConnector(26892): RCV <- {216 348650544}
02-03 18:23:05.459 D/NetdConnector(26892): RSP <- {216 348650544}
02-03 18:23:05.459 D/NetdConnector(26892): SND -> {interface readtxcounter rmnet0} {null}
02-03 18:23:05.459 D/NetdConnector(26892): RCV <- {217 16636026}
02-03 18:23:05.459 D/NetdConnector(26892): RSP <- {217 16636026}
02-03 18:24:05.429 D/AlarmManager(26892): scheduleTimeTickEvent calendar=Fri Feb 03 18:25:00 CST 2012
02-03 18:24:05.429 D/AlarmManager(26892): calendar.getTimeInMillis()1328315100000
02-03 18:25:00.004 D/AlarmManager(26892): scheduleTimeTickEvent calendar=Fri Feb 03 18:26:00 CST 2012
02-03 18:25:00.004 D/AlarmManager(26892): calendar.getTimeInMillis()1328315160000
02-03 18:26:08.811 D/AlarmManager(26892): scheduleTimeTickEvent calendar=Fri Feb 03 18:27:00 CST 2012
02-03 18:26:08.811 D/AlarmManager(26892): calendar.getTimeInMillis()1328315220000
02-03 18:27:08.811 D/AlarmManager(26892): scheduleTimeTickEvent calendar=Fri Feb 03 18:28:00 CST 2012
02-03 18:27:08.811 D/AlarmManager(26892): calendar.getTimeInMillis()1328315280000
02-03 18:28:00.001 D/AlarmManager(26892): scheduleTimeTickEvent calendar=Fri Feb 03 18:29:00 CST 2012
02-03 18:28:00.001 D/AlarmManager(26892): calendar.getTimeInMillis()1328315340000
02-03 18:28:59.991 D/AlarmManager(26892): scheduleTimeTickEvent calendar=Fri Feb 03 18:30:00 CST 2012
02-03 18:28:59.991 D/AlarmManager(26892): calendar.getTimeInMillis()1328315400000
02-03 18:30:01.811 D/AlarmManager(26892): scheduleTimeTickEvent calendar=Fri Feb 03 18:31:00 CST 2012
02-03 18:30:01.811 D/AlarmManager(26892): calendar.getTimeInMillis()1328315460000
02-03 18:31:01.811 D/AlarmManager(26892): scheduleTimeTickEvent calendar=Fri Feb 03 18:32:00 CST 2012
02-03 18:31:01.811 D/AlarmManager(26892): calendar.getTimeInMillis()1328315520000
02-03 18:32:03.811 D/AlarmManager(26892): scheduleTimeTickEvent calendar=Fri Feb 03 18:33:00 CST 2012
02-03 18:32:03.811 D/AlarmManager(26892): calendar.getTimeInMillis()1328315580000
02-03 18:33:04.811 D/AlarmManager(26892): scheduleTimeTickEvent calendar=Fri Feb 03 18:34:00 CST 2012
02-03 18:33:04.811 D/AlarmManager(26892): calendar.getTimeInMillis()1328315640000
02-03 18:33:05.601 D/NetdConnector(26892): SND -> {interface readrxcounter rmnet0} {null}
02-03 18:33:05.611 D/NetdConnector(26892): RCV <- {216 348653664}
02-03 18:33:05.611 D/NetdConnector(26892): RSP <- {216 348653664}
02-03 18:33:05.611 D/NetdConnector(26892): SND -> {interface readtxcounter rmnet0} {null}
02-03 18:33:05.611 D/NetdConnector(26892): RCV <- {217 16639146}
02-03 18:33:05.611 D/NetdConnector(26892): RSP <- {217 16639146}
02-03 18:34:06.811 D/AlarmManager(26892): scheduleTimeTickEvent calendar=Fri Feb 03 18:35:00 CST 2012
02-03 18:34:06.811 D/AlarmManager(26892): calendar.getTimeInMillis()1328315700000
02-03 18:35:07.811 D/AlarmManager(26892): scheduleTimeTickEvent calendar=Fri Feb 03 18:36:00 CST 2012
02-03 18:35:07.811 D/AlarmManager(26892): calendar.getTimeInMillis()1328315760000
02-03 18:36:08.811 D/AlarmManager(26892): scheduleTimeTickEvent calendar=Fri Feb 03 18:37:00 CST 2012
02-03 18:36:08.811 D/AlarmManager(26892): calendar.getTimeInMillis()1328315820000
02-03 18:36:59.991 D/AlarmManager(26892): scheduleTimeTickEvent calendar=Fri Feb 03 18:38:00 CST 2012
02-03 18:36:59.991 D/AlarmManager(26892): calendar.getTimeInMillis()1328315880000
02-03 18:38:00.811 D/AlarmManager(26892): scheduleTimeTickEvent calendar=Fri Feb 03 18:39:00 CST 2012
02-03 18:38:00.811 D/AlarmManager(26892): calendar.getTimeInMillis()1328315940000
02-03 18:39:00.811 D/AlarmManager(26892): scheduleTimeTickEvent calendar=Fri Feb 03 18:40:00 CST 2012
02-03 18:39:00.811 D/AlarmManager(26892): calendar.getTimeInMillis()1328316000000
02-03 18:40:01.811 D/AlarmManager(26892): scheduleTimeTickEvent calendar=Fri Feb 03 18:41:00 CST 2012
02-03 18:40:01.811 D/AlarmManager(26892): calendar.getTimeInMillis()1328316060000
02-03 18:41:01.811 D/AlarmManager(26892): scheduleTimeTickEvent calendar=Fri Feb 03 18:42:00 CST 2012
02-03 18:41:01.811 D/AlarmManager(26892): calendar.getTimeInMillis()1328316120000
02-03 18:42:02.811 D/AlarmManager(26892): scheduleTimeTickEvent calendar=Fri Feb 03 18:43:00 CST 2012
02-03 18:42:02.811 D/AlarmManager(26892): calendar.getTimeInMillis()1328316180000
02-03 18:43:03.811 D/AlarmManager(26892): scheduleTimeTickEvent calendar=Fri Feb 03 18:44:00 CST 2012
02-03 18:43:03.811 D/AlarmManager(26892): calendar.getTimeInMillis()1328316240000
02-03 18:43:14.811 D/NetdConnector(26892): SND -> {interface readrxcounter rmnet0} {null}
02-03 18:43:14.811 D/NetdConnector(26892): RCV <- {216 348656784}
02-03 18:43:14.811 D/NetdConnector(26892): RSP <- {216 348656784}
02-03 18:43:14.811 D/NetdConnector(26892): SND -> {interface readtxcounter rmnet0} {null}
02-03 18:43:14.821 D/NetdConnector(26892): RCV <- {217 16642266}
02-03 18:43:14.821 D/NetdConnector(26892): RSP <- {217 16642266}
02-03 18:44:06.811 D/AlarmManager(26892): scheduleTimeTickEvent calendar=Fri Feb 03 18:45:00 CST 2012
02-03 18:44:06.811 D/AlarmManager(26892): calendar.getTimeInMillis()1328316300000
02-03 18:45:07.811 D/AlarmManager(26892): scheduleTimeTickEvent calendar=Fri Feb 03 18:46:00 CST 2012
02-03 18:45:07.811 D/AlarmManager(26892): calendar.getTimeInMillis()1328316360000
02-03 18:46:08.811 D/AlarmManager(26892): scheduleTimeTickEvent calendar=Fri Feb 03 18:47:00 CST 2012
02-03 18:46:08.811 D/AlarmManager(26892): calendar.getTimeInMillis()1328316420000
02-03 18:47:00.811 D/AlarmManager(26892): scheduleTimeTickEvent calendar=Fri Feb 03 18:48:00 CST 2012
02-03 18:47:00.811 D/AlarmManager(26892): calendar.getTimeInMillis()1328316480000
02-03 18:48:01.811 D/AlarmManager(26892): scheduleTimeTickEvent calendar=Fri Feb 03 18:49:00 CST 2012
02-03 18:48:01.811 D/AlarmManager(26892): calendar.getTimeInMillis()1328316540000
02-03 18:49:02.811 D/AlarmManager(26892): scheduleTimeTickEvent calendar=Fri Feb 03 18:50:00 CST 2012
02-03 18:49:02.811 D/AlarmManager(26892): calendar.getTimeInMillis()1328316600000
02-03 18:50:04.811 D/AlarmManager(26892): scheduleTimeTickEvent calendar=Fri Feb 03 18:51:00 CST 2012
02-03 18:50:04.811 D/AlarmManager(26892): calendar.getTimeInMillis()1328316660000
02-03 18:51:06.811 D/AlarmManager(26892): scheduleTimeTickEvent calendar=Fri Feb 03 18:52:00 CST 2012
02-03 18:51:06.811 D/AlarmManager(26892): calendar.getTimeInMillis()1328316720000
02-03 18:52:07.811 D/AlarmManager(26892): scheduleTimeTickEvent calendar=Fri Feb 03 18:53:00 CST 2012
02-03 18:52:07.811 D/AlarmManager(26892): calendar.getTimeInMillis()1328316780000
02-03 18:53:08.811 D/AlarmManager(26892): scheduleTimeTickEvent calendar=Fri Feb 03 18:54:00 CST 2012
02-03 18:53:08.811 D/AlarmManager(26892): calendar.getTimeInMillis()1328316840000
02-03 18:53:18.811 D/NetdConnector(26892): SND -> {interface readrxcounter rmnet0} {null}
02-03 18:53:18.811 D/NetdConnector(26892): RCV <- {216 348665530}
02-03 18:53:18.811 D/NetdConnector(26892): RSP <- {216 348665530}
02-03 18:53:18.811 D/NetdConnector(26892): SND -> {interface readtxcounter rmnet0} {null}
02-03 18:53:18.811 D/NetdConnector(26892): RCV <- {217 16647026}
02-03 18:53:18.811 D/NetdConnector(26892): RSP <- {217 16647026}
02-03 18:54:00.001 D/AlarmManager(26892): scheduleTimeTickEvent calendar=Fri Feb 03 18:55:00 CST 2012
02-03 18:54:00.001 D/AlarmManager(26892): calendar.getTimeInMillis()1328316900000
02-03 18:54:31.313 W/WindowManager(26892): updateFocusedWindowLocked newFocus=Window{4085adb0 Keyguard paused=false} mode=3 mCurrentFocus = Window{4085adb0 Keyguard paused=false}
02-03 18:54:31.394 W/WindowManager(26892): updateFocusedWindowLocked newFocus=Window{4085adb0 Keyguard paused=false} mode=3 mCurrentFocus = Window{4085adb0 Keyguard paused=false}
02-03 18:55:00.811 D/AlarmManager(26892): scheduleTimeTickEvent calendar=Fri Feb 03 18:56:00 CST 2012
02-03 18:55:00.811 D/AlarmManager(26892): calendar.getTimeInMillis()1328316960000
02-03 18:56:02.811 D/AlarmManager(26892): scheduleTimeTickEvent calendar=Fri Feb 03 18:57:00 CST 2012
02-03 18:56:02.811 D/AlarmManager(26892): calendar.getTimeInMillis()1328317020000
02-03 18:56:17.831 W/WindowManager(26892): updateFocusedWindowLocked newFocus=Window{4085adb0 Keyguard paused=false} mode=3 mCurrentFocus = Window{4085adb0 Keyguard paused=false}
02-03 18:56:17.841 W/WindowManager(26892): updateFocusedWindowLocked newFocus=Window{4085adb0 Keyguard paused=false} mode=2 mCurrentFocus = Window{4085adb0 Keyguard paused=false}
02-03 18:56:17.841 W/WindowManager(26892): updateFocusedWindowLocked newFocus=Window{4085adb0 Keyguard paused=false} mode=2 mCurrentFocus = Window{4085adb0 Keyguard paused=false}
02-03 18:56:17.881 D/StatusBarPolicy(26949): onSignalStrengthsChanged:SignalStrength: 99 0 -62 -70 -56 -10 8 99 2147483647 2147483647 2147483647 2147483647 cdma for subscription0
02-03 18:56:17.881 D/StatusBarPolicy(26949): updateSignalStrength on subscription :0
02-03 18:56:17.881 D/StatusBarPolicy(26949): StatusBarPolocy::getIconLevel -EVDO
02-03 18:56:17.881 D/StatusBarPolicy(26949): getEvdoLevel_band_six -evdoDbm:-56
02-03 18:56:17.881 D/StatusBarPolicy(26949): getEvdoLevel_band_six -evdoEcio:-10
02-03 18:56:17.911 I/TelephonyRegistry(26892): notifyServiceState: 0 home Sprint  310099  EvDo rev. A CSS not supported 41 4139RoamInd: 1RoamStatus(sprint): 1DefRoamInd: 160EmergOnly: false
02-03 18:56:17.911 D/StatusBarPolicy(26949): onServiceStateChanged:0 home Sprint  310099  EvDo rev. A CSS not supported 41 4139RoamInd: 1RoamStatus(sprint): 1DefRoamInd: 160EmergOnly: falsefor subscription :0
02-03 18:56:17.911 D/StatusBarPolicy(26949): updateSignalStrength on subscription :0
02-03 18:56:17.921 D/StatusBarPolicy(26949): StatusBarPolocy::getIconLevel -EVDO
02-03 18:56:17.921 D/StatusBarPolicy(26949): getEvdoLevel_band_six -evdoDbm:-56
02-03 18:56:17.921 D/StatusBarPolicy(26949): getEvdoLevel_band_six -evdoEcio:-10
02-03 18:56:17.921 D/StatusBarPolicy(26949): updateDataIcon subscription =0
02-03 18:56:18.841 D/StatusBarPolicy(26949): onSignalStrengthsChanged:SignalStrength: 99 0 -62 -70 -57 -10 8 99 2147483647 2147483647 2147483647 2147483647 cdma for subscription0
02-03 18:56:18.841 D/StatusBarPolicy(26949): updateSignalStrength on subscription :0
02-03 18:56:18.841 D/StatusBarPolicy(26949): StatusBarPolocy::getIconLevel -EVDO
02-03 18:56:18.841 D/StatusBarPolicy(26949): getEvdoLevel_band_six -evdoDbm:-57
02-03 18:56:18.851 D/StatusBarPolicy(26949): getEvdoLevel_band_six -evdoEcio:-10
02-03 18:56:21.083 D/StatusBarPolicy(26949): onSignalStrengthsChanged:SignalStrength: 99 0 -62 -70 -56 -10 8 99 2147483647 2147483647 2147483647 2147483647 cdma for subscription0
02-03 18:56:21.083 D/StatusBarPolicy(26949): updateSignalStrength on subscription :0
02-03 18:56:21.083 D/StatusBarPolicy(26949): StatusBarPolocy::getIconLevel -EVDO
02-03 18:56:21.083 D/StatusBarPolicy(26949): getEvdoLevel_band_six -evdoDbm:-56
02-03 18:56:21.093 D/StatusBarPolicy(26949): getEvdoLevel_band_six -evdoEcio:-10
02-03 18:56:22.935 D/StatusBarPolicy(26949): updateDataIcon subscription =0
02-03 18:57:03.811 D/AlarmManager(26892): scheduleTimeTickEvent calendar=Fri Feb 03 18:58:00 CST 2012
02-03 18:57:03.811 D/AlarmManager(26892): calendar.getTimeInMillis()1328317080000
02-03 18:58:05.811 D/AlarmManager(26892): scheduleTimeTickEvent calendar=Fri Feb 03 18:59:00 CST 2012
02-03 18:58:05.811 D/AlarmManager(26892): calendar.getTimeInMillis()1328317140000
02-03 18:59:00.001 D/AlarmManager(26892): scheduleTimeTickEvent calendar=Fri Feb 03 19:00:00 CST 2012
02-03 18:59:00.001 D/AlarmManager(26892): calendar.getTimeInMillis()1328317200000
02-03 19:00:00.811 D/AlarmManager(26892): scheduleTimeTickEvent calendar=Fri Feb 03 19:01:00 CST 2012
02-03 19:00:00.811 D/AlarmManager(26892): calendar.getTimeInMillis()1328317260000
02-03 19:01:01.811 D/AlarmManager(26892): scheduleTimeTickEvent calendar=Fri Feb 03 19:02:00 CST 2012
02-03 19:01:01.811 D/AlarmManager(26892): calendar.getTimeInMillis()1328317320000
02-03 19:02:02.811 D/AlarmManager(26892): scheduleTimeTickEvent calendar=Fri Feb 03 19:03:00 CST 2012
02-03 19:02:02.811 D/AlarmManager(26892): calendar.getTimeInMillis()1328317380000
02-03 19:03:03.811 D/AlarmManager(26892): scheduleTimeTickEvent calendar=Fri Feb 03 19:04:00 CST 2012
02-03 19:03:03.811 D/AlarmManager(26892): calendar.getTimeInMillis()1328317440000
02-03 19:03:13.811 D/NetdConnector(26892): SND -> {interface readrxcounter rmnet0} {null}
02-03 19:03:13.811 D/NetdConnector(26892): RCV <- {216 348669363}
02-03 19:03:13.811 D/NetdConnector(26892): RSP <- {216 348669363}
02-03 19:03:13.811 D/NetdConnector(26892): SND -> {interface readtxcounter rmnet0} {null}
02-03 19:03:13.811 D/NetdConnector(26892): RCV <- {217 16650146}
02-03 19:03:13.811 D/NetdConnector(26892): RSP <- {217 16650146}
02-03 19:04:03.811 D/AlarmManager(26892): scheduleTimeTickEvent calendar=Fri Feb 03 19:05:00 CST 2012
02-03 19:04:03.811 D/AlarmManager(26892): calendar.getTimeInMillis()1328317500000
02-03 19:05:05.811 D/AlarmManager(26892): scheduleTimeTickEvent calendar=Fri Feb 03 19:06:00 CST 2012
02-03 19:05:05.811 D/AlarmManager(26892): calendar.getTimeInMillis()1328317560000
02-03 19:06:06.811 D/AlarmManager(26892): scheduleTimeTickEvent calendar=Fri Feb 03 19:07:00 CST 2012
02-03 19:06:06.811 D/AlarmManager(26892): calendar.getTimeInMillis()1328317620000
02-03 19:07:07.811 D/AlarmManager(26892): scheduleTimeTickEvent calendar=Fri Feb 03 19:08:00 CST 2012
02-03 19:07:07.811 D/AlarmManager(26892): calendar.getTimeInMillis()1328317680000
02-03 19:07:59.991 D/AlarmManager(26892): scheduleTimeTickEvent calendar=Fri Feb 03 19:09:00 CST 2012
02-03 19:07:59.991 D/AlarmManager(26892): calendar.getTimeInMillis()1328317740000
02-03 19:09:00.811 D/AlarmManager(26892): scheduleTimeTickEvent calendar=Fri Feb 03 19:10:00 CST 2012
02-03 19:09:00.811 D/AlarmManager(26892): calendar.getTimeInMillis()1328317800000
02-03 19:10:02.811 D/AlarmManager(26892): scheduleTimeTickEvent calendar=Fri Feb 03 19:11:00 CST 2012
02-03 19:10:02.811 D/AlarmManager(26892): calendar.getTimeInMillis()1328317860000
02-03 19:11:01.811 D/AlarmManager(26892): scheduleTimeTickEvent calendar=Fri Feb 03 19:12:00 CST 2012
02-03 19:11:01.811 D/AlarmManager(26892): calendar.getTimeInMillis()1328317920000
02-03 19:11:01.841 D/RPC     (26892): 3000008c:00050000 received CALL.
02-03 19:11:01.841 D/RPC     (26892): 3000008c:00050000 dispatching RPC call (XID 1435, xdr 0x443dd0) for callback client 3100008c:00050001.
02-03 19:11:01.841 D/RPC     (26892): 3100008c:327681 sending RPC reply (XID 1435)
02-03 19:11:03.372 D/RPC     (26892): 3000008c:00050000 sending call (XID 85).
02-03 19:11:03.372 D/RPC     (26892): 3000008c:00050000 received REPLY (XID 85), grabbing mutex to wake up client.
02-03 19:11:03.372 D/RPC     (26892): 3000008c:00050000 call success.
02-03 19:11:03.382 D/RPC     (26892): 3000008c:00050000 sending call (XID 86).
02-03 19:11:03.392 D/RPC     (26892): 3000008c:00050000 received REPLY (XID 86), grabbing mutex to wake up client.
02-03 19:11:03.392 D/RPC     (26892): 3000008c:00050000 call success.
02-03 19:11:03.402 D/RPC     (26892): 3000008c:00050000 sending call (XID 87).
02-03 19:11:03.402 D/RPC     (26892): 3000008c:00050000 received REPLY (XID 87), grabbing mutex to wake up client.
02-03 19:11:03.402 D/RPC     (26892): 3000008c:00050000 call success.
02-03 19:11:03.422 D/RPC     (26892): 3000008c:00050000 sending call (XID 88).
02-03 19:11:03.422 D/RPC     (26892): 3000008c:00050000 received REPLY (XID 88), grabbing mutex to wake up client.
02-03 19:11:03.422 D/RPC     (26892): 3000008c:00050000 call success.
02-03 19:11:03.432 D/RPC     (26892): 3000008c:00050000 sending call (XID 89).
02-03 19:11:03.432 D/RPC     (26892): 3000008c:00050000 received REPLY (XID 89), grabbing mutex to wake up client.
02-03 19:11:03.432 D/RPC     (26892): 3000008c:00050000 call success.
02-03 19:11:03.452 D/RPC     (26892): 3000008c:00050000 received REPLY (XID 90), grabbing mutex to wake up client.
02-03 19:11:03.452 D/RPC     (26892): 3000008c:00050000 call success.
02-03 19:11:03.452 D/RPC     (26892): 3000008c:00050000 sending call (XID 90).
02-03 19:11:03.472 D/RPC     (26892): 3000008c:00050000 sending call (XID 91).
02-03 19:11:03.472 D/RPC     (26892): 3000008c:00050000 received REPLY (XID 91), grabbing mutex to wake up client.
02-03 19:11:03.472 D/RPC     (26892): 3000008c:00050000 call success.
02-03 19:11:03.482 D/RPC     (26892): 3000008c:00050000 received REPLY (XID 92), grabbing mutex to wake up client.
02-03 19:11:03.482 D/RPC     (26892): 3000008c:00050000 call success.
02-03 19:11:03.482 D/RPC     (26892): 3000008c:00050000 sending call (XID 92).
02-03 19:11:03.502 D/RPC     (26892): 3000008c:00050000 sending call (XID 93).
02-03 19:11:03.502 D/RPC     (26892): 3000008c:00050000 received REPLY (XID 93), grabbing mutex to wake up client.
02-03 19:11:03.502 D/RPC     (26892): 3000008c:00050000 call success.
02-03 19:11:03.512 D/RPC     (26892): 3000008c:00050000 received REPLY (XID 94), grabbing mutex to wake up client.
02-03 19:11:03.512 D/RPC     (26892): 3000008c:00050000 call success.
02-03 19:11:03.512 D/RPC     (26892): 3000008c:00050000 sending call (XID 94).
02-03 19:11:03.522 D/RPC     (26892): 3000008c:00050000 sending call (XID 95).
02-03 19:11:03.522 D/RPC     (26892): 3000008c:00050000 received REPLY (XID 95), grabbing mutex to wake up client.
02-03 19:11:03.522 D/RPC     (26892): 3000008c:00050000 call success.
02-03 19:11:03.532 D/RPC     (26892): 3000008c:00050000 sending call (XID 96).
02-03 19:11:03.532 D/RPC     (26892): 3000008c:00050000 received REPLY (XID 96), grabbing mutex to wake up client.
02-03 19:11:03.542 D/RPC     (26892): 3000008c:00050000 call success.
02-03 19:11:03.552 D/RPC     (26892): 3000008c:00050000 sending call (XID 97).
02-03 19:11:03.552 D/RPC     (26892): 3000008c:00050000 received REPLY (XID 97), grabbing mutex to wake up client.
02-03 19:11:03.552 D/RPC     (26892): 3000008c:00050000 waiting for XDR input buffer to be consumed.
02-03 19:11:03.552 D/RPC     (26892): 3000008c:00050000 call success.
02-03 19:11:03.552 D/RPC     (26892): 3000008c:00050000 received CALL.
02-03 19:11:03.552 D/RPC     (26892): 3000008c:00050000 dispatching RPC call (XID 1436, xdr 0x443dd0) for callback client 3100008c:00050001.
02-03 19:11:03.552 D/RPC     (26892): 3100008c:327681 sending RPC reply (XID 1436)
02-03 19:12:04.811 D/AlarmManager(26892): scheduleTimeTickEvent calendar=Fri Feb 03 19:13:00 CST 2012
02-03 19:12:04.811 D/AlarmManager(26892): calendar.getTimeInMillis()1328317980000
02-03 19:13:06.811 D/AlarmManager(26892): scheduleTimeTickEvent calendar=Fri Feb 03 19:14:00 CST 2012
02-03 19:13:06.811 D/AlarmManager(26892): calendar.getTimeInMillis()1328318040000
02-03 19:13:16.811 D/NetdConnector(26892): SND -> {interface readrxcounter rmnet0} {null}
02-03 19:13:16.811 D/NetdConnector(26892): RCV <- {216 348714106}
02-03 19:13:16.811 D/NetdConnector(26892): RSP <- {216 348714106}
02-03 19:13:16.811 D/NetdConnector(26892): SND -> {interface readtxcounter rmnet0} {null}
02-03 19:13:16.811 D/NetdConnector(26892): RCV <- {217 16655123}
02-03 19:13:16.811 D/NetdConnector(26892): RSP <- {217 16655123}
02-03 19:14:07.811 D/AlarmManager(26892): scheduleTimeTickEvent calendar=Fri Feb 03 19:15:00 CST 2012
02-03 19:14:07.811 D/AlarmManager(26892): calendar.getTimeInMillis()1328318100000
02-03 19:15:09.811 D/AlarmManager(26892): scheduleTimeTickEvent calendar=Fri Feb 03 19:16:00 CST 2012
02-03 19:15:09.811 D/AlarmManager(26892): calendar.getTimeInMillis()1328318160000
02-03 19:16:00.811 D/AlarmManager(26892): scheduleTimeTickEvent calendar=Fri Feb 03 19:17:00 CST 2012
02-03 19:16:00.811 D/AlarmManager(26892): calendar.getTimeInMillis()1328318220000
02-03 19:17:01.811 D/AlarmManager(26892): scheduleTimeTickEvent calendar=Fri Feb 03 19:18:00 CST 2012
02-03 19:17:01.811 D/AlarmManager(26892): calendar.getTimeInMillis()1328318280000
02-03 19:18:03.811 D/AlarmManager(26892): scheduleTimeTickEvent calendar=Fri Feb 03 19:19:00 CST 2012
02-03 19:18:03.811 D/AlarmManager(26892): calendar.getTimeInMillis()1328318340000
02-03 19:19:04.811 D/AlarmManager(26892): scheduleTimeTickEvent calendar=Fri Feb 03 19:20:00 CST 2012
02-03 19:19:04.811 D/AlarmManager(26892): calendar.getTimeInMillis()1328318400000
02-03 19:20:06.811 D/AlarmManager(26892): scheduleTimeTickEvent calendar=Fri Feb 03 19:21:00 CST 2012
02-03 19:20:06.811 D/AlarmManager(26892): calendar.getTimeInMillis()1328318460000
02-03 19:21:01.811 D/AlarmManager(26892): scheduleTimeTickEvent calendar=Fri Feb 03 19:22:00 CST 2012
02-03 19:21:01.811 D/AlarmManager(26892): calendar.getTimeInMillis()1328318520000
02-03 19:21:01.841 D/RPC     (26892): 3000008c:00050000 received CALL.
02-03 19:21:01.841 D/RPC     (26892): 3000008c:00050000 dispatching RPC call (XID 1442, xdr 0x443dd0) for callback client 3100008c:00050001.
02-03 19:21:01.841 D/RPC     (26892): 3100008c:327681 sending RPC reply (XID 1442)
02-03 19:21:03.242 D/RPC     (26892): 3000008c:00050000 sending call (XID 98).
02-03 19:21:03.242 D/RPC     (26892): 3000008c:00050000 received REPLY (XID 98), grabbing mutex to wake up client.
02-03 19:21:03.242 D/RPC     (26892): 3000008c:00050000 call success.
02-03 19:21:03.252 D/RPC     (26892): 3000008c:00050000 sending call (XID 99).
02-03 19:21:03.252 D/RPC     (26892): 3000008c:00050000 received REPLY (XID 99), grabbing mutex to wake up client.
02-03 19:21:03.262 D/RPC     (26892): 3000008c:00050000 call success.
02-03 19:21:03.272 D/RPC     (26892): 3000008c:00050000 sending call (XID 100).
02-03 19:21:03.272 D/RPC     (26892): 3000008c:00050000 received REPLY (XID 100), grabbing mutex to wake up client.
02-03 19:21:03.272 D/RPC     (26892): 3000008c:00050000 call success.
02-03 19:21:03.282 D/RPC     (26892): 3000008c:00050000 sending call (XID 101).
02-03 19:21:03.282 D/RPC     (26892): 3000008c:00050000 received REPLY (XID 101), grabbing mutex to wake up client.
02-03 19:21:03.282 D/RPC     (26892): 3000008c:00050000 call success.
02-03 19:21:03.302 D/RPC     (26892): 3000008c:00050000 sending call (XID 102).
02-03 19:21:03.302 D/RPC     (26892): 3000008c:00050000 received REPLY (XID 102), grabbing mutex to wake up client.
02-03 19:21:03.302 D/RPC     (26892): 3000008c:00050000 call success.
02-03 19:21:03.312 D/RPC     (26892): 3000008c:00050000 sending call (XID 103).
02-03 19:21:03.312 D/RPC     (26892): 3000008c:00050000 received REPLY (XID 103), grabbing mutex to wake up client.
02-03 19:21:03.312 D/RPC     (26892): 3000008c:00050000 call success.
02-03 19:21:03.332 D/RPC     (26892): 3000008c:00050000 received REPLY (XID 104), grabbing mutex to wake up client.
02-03 19:21:03.332 D/RPC     (26892): 3000008c:00050000 call success.
02-03 19:21:03.332 D/RPC     (26892): 3000008c:00050000 sending call (XID 104).
02-03 19:21:03.352 D/RPC     (26892): 3000008c:00050000 sending call (XID 105).
02-03 19:21:03.352 D/RPC     (26892): 3000008c:00050000 received REPLY (XID 105), grabbing mutex to wake up client.
02-03 19:21:03.352 D/RPC     (26892): 3000008c:00050000 call success.
02-03 19:21:03.362 D/RPC     (26892): 3000008c:00050000 received REPLY (XID 106), grabbing mutex to wake up client.
02-03 19:21:03.362 D/RPC     (26892): 3000008c:00050000 call success.
02-03 19:21:03.362 D/RPC     (26892): 3000008c:00050000 sending call (XID 106).
02-03 19:21:03.382 D/RPC     (26892): 3000008c:00050000 sending call (XID 107).
02-03 19:21:03.382 D/RPC     (26892): 3000008c:00050000 received REPLY (XID 107), grabbing mutex to wake up client.
02-03 19:21:03.382 D/RPC     (26892): 3000008c:00050000 call success.
02-03 19:21:03.392 D/RPC     (26892): 3000008c:00050000 received REPLY (XID 108), grabbing mutex to wake up client.
02-03 19:21:03.392 D/RPC     (26892): 3000008c:00050000 call success.
02-03 19:21:03.392 D/RPC     (26892): 3000008c:00050000 sending call (XID 108).
02-03 19:21:03.402 D/RPC     (26892): 3000008c:00050000 sending call (XID 109).
02-03 19:21:03.402 D/RPC     (26892): 3000008c:00050000 received REPLY (XID 109), grabbing mutex to wake up client.
02-03 19:21:03.402 D/RPC     (26892): 3000008c:00050000 call success.
02-03 19:21:03.412 D/RPC     (26892): 3000008c:00050000 sending call (XID 110).
02-03 19:21:03.412 D/RPC     (26892): 3000008c:00050000 received REPLY (XID 110), grabbing mutex to wake up client.
02-03 19:21:03.422 D/RPC     (26892): 3000008c:00050000 waiting for XDR input buffer to be consumed.
02-03 19:21:03.422 D/RPC     (26892): 3000008c:00050000 call success.
02-03 19:21:03.422 D/RPC     (26892): 3000008c:00050000 received CALL.
02-03 19:21:03.422 D/RPC     (26892): 3000008c:00050000 dispatching RPC call (XID 1443, xdr 0x443dd0) for callback client 3100008c:00050001.
02-03 19:21:03.422 D/RPC     (26892): 3100008c:327681 sending RPC reply (XID 1443)
02-03 19:21:59.991 D/AlarmManager(26892): scheduleTimeTickEvent calendar=Fri Feb 03 19:23:00 CST 2012
02-03 19:21:59.991 D/AlarmManager(26892): calendar.getTimeInMillis()1328318580000
02-03 19:23:00.811 D/AlarmManager(26892): scheduleTimeTickEvent calendar=Fri Feb 03 19:24:00 CST 2012
02-03 19:23:00.811 D/AlarmManager(26892): calendar.getTimeInMillis()1328318640000
02-03 19:23:20.811 D/NetdConnector(26892): SND -> {interface readrxcounter rmnet0} {null}
02-03 19:23:20.811 D/NetdConnector(26892): RCV <- {216 348758874}
02-03 19:23:20.811 D/NetdConnector(26892): RSP <- {216 348758874}
02-03 19:23:20.811 D/NetdConnector(26892): SND -> {interface readtxcounter rmnet0} {null}
02-03 19:23:20.811 D/NetdConnector(26892): RCV <- {217 16660229}
02-03 19:23:20.811 D/NetdConnector(26892): RSP <- {217 16660229}
02-03 19:24:01.811 D/AlarmManager(26892): scheduleTimeTickEvent calendar=Fri Feb 03 19:25:00 CST 2012
02-03 19:24:01.811 D/AlarmManager(26892): calendar.getTimeInMillis()1328318700000
02-03 19:25:03.811 D/AlarmManager(26892): scheduleTimeTickEvent calendar=Fri Feb 03 19:26:00 CST 2012
02-03 19:25:03.811 D/AlarmManager(26892): calendar.getTimeInMillis()1328318760000
02-03 19:26:04.811 D/AlarmManager(26892): scheduleTimeTickEvent calendar=Fri Feb 03 19:27:00 CST 2012
02-03 19:26:04.811 D/AlarmManager(26892): calendar.getTimeInMillis()1328318820000
02-03 19:26:34.821 W/WindowManager(26892): updateFocusedWindowLocked newFocus=Window{4085adb0 Keyguard paused=false} mode=2 mCurrentFocus = Window{4085adb0 Keyguard paused=false}
02-03 19:26:34.821 W/WindowManager(26892): updateFocusedWindowLocked newFocus=Window{4085adb0 Keyguard paused=false} mode=2 mCurrentFocus = Window{4085adb0 Keyguard paused=false}
02-03 19:26:34.881 D/StatusBarPolicy(26949): onSignalStrengthsChanged:SignalStrength: 99 0 -92 -75 -95 -40 8 99 2147483647 2147483647 2147483647 2147483647 cdma for subscription0
02-03 19:26:34.881 D/StatusBarPolicy(26949): updateSignalStrength on subscription :0
02-03 19:26:34.881 D/StatusBarPolicy(26949): StatusBarPolocy::getIconLevel -EVDO
02-03 19:26:34.881 D/StatusBarPolicy(26949): getEvdoLevel_band_six -evdoDbm:-95
02-03 19:26:34.881 D/StatusBarPolicy(26949): getEvdoLevel_band_six -evdoEcio:-40
02-03 19:26:34.911 I/TelephonyRegistry(26892): notifyServiceState: 0 home Sprint  310099  EvDo rev. A CSS not supported 41 4139RoamInd: 1RoamStatus(sprint): 1DefRoamInd: 160EmergOnly: false
02-03 19:26:34.921 D/StatusBarPolicy(26949): onServiceStateChanged:0 home Sprint  310099  EvDo rev. A CSS not supported 41 4139RoamInd: 1RoamStatus(sprint): 1DefRoamInd: 160EmergOnly: falsefor subscription :0
02-03 19:26:34.921 D/StatusBarPolicy(26949): updateSignalStrength on subscription :0
02-03 19:26:34.921 D/StatusBarPolicy(26949): StatusBarPolocy::getIconLevel -EVDO
02-03 19:26:34.921 D/StatusBarPolicy(26949): getEvdoLevel_band_six -evdoDbm:-95
02-03 19:26:34.921 D/StatusBarPolicy(26949): getEvdoLevel_band_six -evdoEcio:-40
02-03 19:26:34.921 D/StatusBarPolicy(26949): updateDataIcon subscription =0
02-03 19:26:36.242 D/StatusBarPolicy(26949): onSignalStrengthsChanged:SignalStrength: 99 0 -120 -90 -120 -25 7 99 2147483647 2147483647 2147483647 2147483647 cdma for subscription0
02-03 19:26:36.242 D/StatusBarPolicy(26949): updateSignalStrength on subscription :0
02-03 19:26:36.252 D/StatusBarPolicy(26949): StatusBarPolocy::getIconLevel -EVDO
02-03 19:26:36.252 D/StatusBarPolicy(26949): getEvdoLevel_band_six -evdoDbm:-120
02-03 19:26:36.252 D/StatusBarPolicy(26949): getEvdoLevel_band_six -evdoEcio:-25
02-03 19:26:36.282 D/StatusBarPolicy(26949): onSignalStrengthsChanged:SignalStrength: 99 0 -89 -90 -92 -25 7 99 2147483647 2147483647 2147483647 2147483647 cdma for subscription0
02-03 19:26:36.282 D/StatusBarPolicy(26949): updateSignalStrength on subscription :0
02-03 19:26:36.282 D/StatusBarPolicy(26949): StatusBarPolocy::getIconLevel -EVDO
02-03 19:26:36.282 D/StatusBarPolicy(26949): getEvdoLevel_band_six -evdoDbm:-92
02-03 19:26:36.282 D/StatusBarPolicy(26949): getEvdoLevel_band_six -evdoEcio:-25
02-03 19:26:36.892 D/StatusBarPolicy(26949): updateDataIcon subscription =0
02-03 19:26:40.656 D/StatusBarPolicy(26949): onSignalStrengthsChanged:SignalStrength: 99 0 -89 -90 -98 -35 7 99 2147483647 2147483647 2147483647 2147483647 cdma for subscription0
02-03 19:26:40.656 D/StatusBarPolicy(26949): updateSignalStrength on subscription :0
02-03 19:26:40.656 D/StatusBarPolicy(26949): StatusBarPolocy::getIconLevel -EVDO
02-03 19:26:40.656 D/StatusBarPolicy(26949): getEvdoLevel_band_six -evdoDbm:-98
02-03 19:26:40.656 D/StatusBarPolicy(26949): getEvdoLevel_band_six -evdoEcio:-35
02-03 19:26:40.676 I/TelephonyRegistry(26892): notifyServiceState: 0 home Sprint  310099  EvDo rev. A CSS not supported 41 4139RoamInd: 1RoamStatus(sprint): 1DefRoamInd: 160EmergOnly: false
02-03 19:26:40.726 D/StatusBarPolicy(26949): onServiceStateChanged:0 home Sprint  310099  EvDo rev. A CSS not supported 41 4139RoamInd: 1RoamStatus(sprint): 1DefRoamInd: 160EmergOnly: falsefor subscription :0
02-03 19:26:40.726 D/StatusBarPolicy(26949): updateSignalStrength on subscription :0
02-03 19:26:40.726 D/StatusBarPolicy(26949): StatusBarPolocy::getIconLevel -EVDO
02-03 19:26:40.726 D/StatusBarPolicy(26949): getEvdoLevel_band_six -evdoDbm:-98
02-03 19:26:40.726 D/StatusBarPolicy(26949): getEvdoLevel_band_six -evdoEcio:-35
02-03 19:26:40.726 D/StatusBarPolicy(26949): updateDataIcon subscription =0
02-03 19:26:40.726 D/StatusBarPolicy(26949): onSignalStrengthsChanged:SignalStrength: 99 0 -89 -90 -97 -35 6 99 2147483647 2147483647 2147483647 2147483647 cdma for subscription0
02-03 19:26:40.736 D/StatusBarPolicy(26949): updateSignalStrength on subscription :0
02-03 19:26:40.736 D/StatusBarPolicy(26949): StatusBarPolocy::getIconLevel -EVDO
02-03 19:26:40.736 D/StatusBarPolicy(26949): getEvdoLevel_band_six -evdoDbm:-97
02-03 19:26:40.736 D/StatusBarPolicy(26949): getEvdoLevel_band_six -evdoEcio:-35
02-03 19:26:40.936 D/PowerManagerService(26892): setTimeoutLocked now=91387190 timeoutOverride=-1 nextState=3 when=91393190
02-03 19:26:40.936 W/WindowManager(26892): updateFocusedWindowLocked newFocus=null mode=3 mCurrentFocus = Window{4085adb0 Keyguard paused=false}
02-03 19:26:40.946 W/WindowManager(26892): updateFocusedWindowLocked newFocus=Window{40833e00 com.google.android.gm/com.google.android.gm.HtmlConversationActivity paused=false} mode=2 mCurrentFocus = null
02-03 19:26:40.966 W/InputManagerService(26892): Window already focused, ignoring focus gain of: com.android.internal.view.IInputMethodClient$Stub$Proxy@4095c430
02-03 19:26:40.996 D/PowerManagerService(26892): setTimeoutLocked now=91387255 timeoutOverride=-1 nextState=3 when=91393255
02-03 19:26:41.046 D/PowerManagerService(26892): setTimeoutLocked now=91387304 timeoutOverride=-1 nextState=3 when=91393304
02-03 19:26:41.947 D/StatusBarPolicy(26949): updateDataIcon subscription =0
02-03 19:26:42.127 D/PowerManagerService(26892): setTimeoutLocked now=91388384 timeoutOverride=-1 nextState=3 when=91394384
02-03 19:26:42.237 W/WindowManager(26892): updateFocusedWindowLocked newFocus=Window{40cc3ca0 Phone options paused=false} mode=1 mCurrentFocus = Window{40833e00 com.google.android.gm/com.google.android.gm.HtmlConversationActivity paused=false}
02-03 19:26:42.267 W/WindowManager(26892): updateFocusedWindowLocked newFocus=Window{40cc3ca0 Phone options paused=false} mode=3 mCurrentFocus = Window{40cc3ca0 Phone options paused=false}
02-03 19:26:42.638 D/PowerManagerService(26892): setTimeoutLocked now=91388892 timeoutOverride=-1 nextState=3 when=91394892
02-03 19:26:42.948 D/StatusBarPolicy(26949): onSignalStrengthsChanged:SignalStrength: 99 0 -89 -90 -96 -45 7 99 2147483647 2147483647 2147483647 2147483647 cdma for subscription0
02-03 19:26:42.948 D/StatusBarPolicy(26949): updateSignalStrength on subscription :0
02-03 19:26:42.948 D/StatusBarPolicy(26949): StatusBarPolocy::getIconLevel -EVDO
02-03 19:26:42.948 D/StatusBarPolicy(26949): getEvdoLevel_band_six -evdoDbm:-96
02-03 19:26:42.948 D/StatusBarPolicy(26949): getEvdoLevel_band_six -evdoEcio:-45
02-03 19:26:42.958 D/StatusBarPolicy(26949): updateDataIcon subscription =0
02-03 19:26:43.258 D/PowerManagerService(26892): setTimeoutLocked now=91389518 timeoutOverride=-1 nextState=3 when=91395518
02-03 19:26:43.378 D/PowerManagerService(26892): setTimeoutLocked now=91389634 timeoutOverride=-1 nextState=3 when=91395634
02-03 19:26:43.579 W/WindowManager(26892): updateFocusedWindowLocked newFocus=Window{4084e8d0  paused=false} mode=1 mCurrentFocus = Window{40cc3ca0 Phone options paused=false}
02-03 19:26:43.599 W/WindowManager(26892): updateFocusedWindowLocked newFocus=Window{4084e8d0  paused=false} mode=3 mCurrentFocus = Window{4084e8d0  paused=false}
02-03 19:26:43.629 W/WindowManager(26892): updateFocusedWindowLocked newFocus=Window{4084e8d0  paused=false} mode=3 mCurrentFocus = Window{4084e8d0  paused=false}
02-03 19:26:45.070 D/PowerManagerService(26892): setTimeoutLocked now=91391337 timeoutOverride=-1 nextState=3 when=91397337
02-03 19:26:45.080 D/PowerManagerService(26892): setTimeoutLocked now=91391347 timeoutOverride=-1 nextState=3 when=91397347
02-03 19:26:45.130 W/WindowManager(26892): updateFocusedWindowLocked newFocus=Window{40547840 Power off paused=false} mode=1 mCurrentFocus = Window{4084e8d0  paused=false}
02-03 19:26:45.160 W/WindowManager(26892): updateFocusedWindowLocked newFocus=Window{40547840 Power off paused=false} mode=3 mCurrentFocus = Window{40547840 Power off paused=false}
02-03 19:26:45.170 D/StatusBarPolicy(26949): onSignalStrengthsChanged:SignalStrength: 99 0 -89 -90 -95 -45 7 99 2147483647 2147483647 2147483647 2147483647 cdma for subscription0
02-03 19:26:45.170 D/StatusBarPolicy(26949): updateSignalStrength on subscription :0
02-03 19:26:45.180 D/StatusBarPolicy(26949): StatusBarPolocy::getIconLevel -EVDO
02-03 19:26:45.180 D/StatusBarPolicy(26949): getEvdoLevel_band_six -evdoDbm:-95
02-03 19:26:45.180 D/StatusBarPolicy(26949): getEvdoLevel_band_six -evdoEcio:-45
02-03 19:26:45.210 W/WindowManager(26892): updateFocusedWindowLocked newFocus=Window{40547840 Power off paused=false} mode=3 mCurrentFocus = Window{40547840 Power off paused=false}
02-03 19:26:45.250 I/UsageStats(26892): Writing usage stats before shutdown...
02-03 19:26:45.340 W/BatteryStats(26892): Writing battery stats before shutdown...
02-03 19:26:46.021 I/TelephonyRegistry(26892): notifyDataConnection: anyState=2,default/INET,apnTypeState=0,iface=null,ip=null,gw=null,isDataConnectivityPossible=true,networkType=6,reason=radioTurnedOff
02-03 19:26:46.051 I/TelephonyRegistry(26892): notifyDataConnection: anyState=2,default/INET6,apnTypeState=0,iface=null,ip=null,gw=null,isDataConnectivityPossible=true,networkType=6,reason=radioTurnedOff
02-03 19:26:46.091 D/ConnectivityService(26892): ConnectivityChange for mobile: DISCONNECTED/DISCONNECTED
02-03 19:26:46.091 D/ConnectivityService(26892): Got Network Disconnected from Driver nwtype=0
02-03 19:26:46.101 D/ConnectivityService(26892): getMobileDataEnabled returning true
02-03 19:26:46.101 D/ConnectivityService(26892): Attempting to switch to WIFI
02-03 19:26:46.101 I/TelephonyRegistry(26892): notifyDataConnection: anyState=2,mms/INET,apnTypeState=0,iface=null,ip=null,gw=null,isDataConnectivityPossible=true,networkType=6,reason=radioTurnedOff
02-03 19:26:46.121 D/StatusBarPolicy(26949): Data network type changed to:6
02-03 19:26:46.131 D/StatusBarPolicy(26949): updateDataIcon subscription =0
02-03 19:26:46.141 I/TelephonyRegistry(26892): notifyDataConnection: anyState=2,mms/INET6,apnTypeState=0,iface=null,ip=null,gw=null,isDataConnectivityPossible=true,networkType=6,reason=radioTurnedOff
02-03 19:26:46.141 D/StatusBarPolicy(26949): updateSignalStrength on subscription :0
02-03 19:26:46.141 D/StatusBarPolicy(26949): StatusBarPolocy::getIconLevel -EVDO
02-03 19:26:46.141 D/StatusBarPolicy(26949): getEvdoLevel_band_six -evdoDbm:-95
02-03 19:26:46.141 D/StatusBarPolicy(26949): getEvdoLevel_band_six -evdoEcio:-45
02-03 19:26:46.171 I/TelephonyRegistry(26892): notifyDataConnection: anyState=2,supl/INET,apnTypeState=0,iface=null,ip=null,gw=null,isDataConnectivityPossible=true,networkType=6,reason=radioTurnedOff
02-03 19:26:46.191 I/TelephonyRegistry(26892): notifyDataConnection: anyState=2,supl/INET6,apnTypeState=0,iface=null,ip=null,gw=null,isDataConnectivityPossible=true,networkType=6,reason=radioTurnedOff
02-03 19:26:46.191 I/TelephonyRegistry(26892): notifyDataConnection: anyState=0,hipri/INET,apnTypeState=0,iface=null,ip=null,gw=null,isDataConnectivityPossible=true,networkType=6,reason=radioTurnedOff
02-03 19:26:46.211 D/StatusBarPolicy(26949): StatusBarPolicy onDataConnectionStateChanged to 0for nw : 6on subscription : 0
02-03 19:26:46.211 D/StatusBarPolicy(26949): Data network type changed to:6
02-03 19:26:46.211 D/StatusBarPolicy(26949): updateDataIcon subscription =0
02-03 19:26:46.211 I/TelephonyRegistry(26892): notifyDataConnection: anyState=0,hipri/INET6,apnTypeState=0,iface=null,ip=null,gw=null,isDataConnectivityPossible=true,networkType=6,reason=radioTurnedOff
02-03 19:26:46.321 I/ActivityManager(26892): Start proc com.google.android.apps.uploader for broadcast com.google.android.apps.uploader/.ConnectivityBroadcastReceiver: pid=504 uid=10034 gids={3003}
02-03 19:26:46.501 D/StatusBarPolicy(26949): onSignalStrengthsChanged:SignalStrength: 99 0 -88 -75 -120 -1 7 99 2147483647 2147483647 2147483647 2147483647 cdma for subscription0
02-03 19:26:46.501 D/StatusBarPolicy(26949): updateSignalStrength on subscription :0
02-03 19:26:46.501 D/StatusBarPolicy(26949): StatusBarPolocy::getIconLevel -EVDO
02-03 19:26:46.501 D/StatusBarPolicy(26949): getEvdoLevel_band_six -evdoDbm:-120
02-03 19:26:46.501 D/StatusBarPolicy(26949): getEvdoLevel_band_six -evdoEcio:-1
02-03 19:26:46.511 I/TelephonyRegistry(26892): notifyServiceState: 0 home Sprint  310099  EvDo rev. A CSS not supported 41 4139RoamInd: 1RoamStatus(sprint): 1DefRoamInd: 160EmergOnly: false
02-03 19:26:46.542 I/TelephonyRegistry(26892): notifyServiceState: 0 home Sprint  310099  1xRTT CSS not supported 41 4139RoamInd: 1RoamStatus(sprint): 1DefRoamInd: 160EmergOnly: false
02-03 19:26:46.562 D/StatusBarPolicy(26949): onServiceStateChanged:0 home Sprint  310099  EvDo rev. A CSS not supported 41 4139RoamInd: 1RoamStatus(sprint): 1DefRoamInd: 160EmergOnly: falsefor subscription :0
02-03 19:26:46.562 D/StatusBarPolicy(26949): updateSignalStrength on subscription :0
02-03 19:26:46.562 D/StatusBarPolicy(26949): StatusBarPolocy::getIconLevel -EVDO
02-03 19:26:46.562 D/StatusBarPolicy(26949): getEvdoLevel_band_six -evdoDbm:-120
02-03 19:26:46.562 D/StatusBarPolicy(26949): getEvdoLevel_band_six -evdoEcio:-1
02-03 19:26:46.572 D/StatusBarPolicy(26949): updateDataIcon subscription =0
02-03 19:26:46.582 D/StatusBarPolicy(26949): onServiceStateChanged:0 home Sprint  310099  1xRTT CSS not supported 41 4139RoamInd: 1RoamStatus(sprint): 1DefRoamInd: 160EmergOnly: falsefor subscription :0
02-03 19:26:46.582 D/StatusBarPolicy(26949): updateSignalStrength on subscription :0
02-03 19:26:46.582 D/StatusBarPolicy(26949): StatusBarPolocy::getIconLevel -CDMA
02-03 19:26:46.582 D/StatusBarPolicy(26949): getCdmaLevel_band_six -cdmaDbm:-88
02-03 19:26:46.582 D/StatusBarPolicy(26949): getCdmaLevel_band_six -cdmaEcio:-75
02-03 19:26:46.582 D/StatusBarPolicy(26949): updateDataIcon subscription =0
02-03 19:26:46.622 I/TelephonyRegistry(26892): notifyDataConnection: anyState=0,default/INET,apnTypeState=0,iface=null,ip=null,gw=null,isDataConnectivityPossible=true,networkType=7,reason=radioTechnologyChanged
02-03 19:26:46.642 D/StatusBarPolicy(26949): StatusBarPolicy onDataConnectionStateChanged to 0for nw : 7on subscription : 0
02-03 19:26:46.642 D/StatusBarPolicy(26949): Data network type changed to:7
02-03 19:26:46.642 D/StatusBarPolicy(26949): updateDataIcon subscription =0
02-03 19:26:46.652 I/TelephonyRegistry(26892): notifyDataConnection: anyState=0,default/INET6,apnTypeState=0,iface=null,ip=null,gw=null,isDataConnectivityPossible=true,networkType=7,reason=radioTechnologyChanged
02-03 19:26:46.662 I/TelephonyRegistry(26892): notifyDataConnection: anyState=0,mms/INET,apnTypeState=0,iface=null,ip=null,gw=null,isDataConnectivityPossible=true,networkType=7,reason=radioTechnologyChanged
