02-03 19:26:46.682 I/TelephonyRegistry(26892): notifyDataConnection: anyState=0,mms/INET6,apnTypeState=0,iface=null,ip=null,gw=null,isDataConnectivityPossible=true,networkType=7,reason=radioTechnologyChanged
02-03 19:26:46.692 I/TelephonyRegistry(26892): notifyDataConnection: anyState=0,supl/INET,apnTypeState=0,iface=null,ip=null,gw=null,isDataConnectivityPossible=true,networkType=7,reason=radioTechnologyChanged
02-03 19:26:46.692 I/TelephonyRegistry(26892): notifyDataConnection: anyState=0,supl/INET6,apnTypeState=0,iface=null,ip=null,gw=null,isDataConnectivityPossible=true,networkType=7,reason=radioTechnologyChanged
02-03 19:26:46.712 I/TelephonyRegistry(26892): notifyDataConnection: anyState=0,dun/INET,apnTypeState=0,iface=null,ip=null,gw=null,isDataConnectivityPossible=true,networkType=7,reason=radioTechnologyChanged
02-03 19:26:46.722 I/TelephonyRegistry(26892): notifyDataConnection: anyState=0,dun/INET6,apnTypeState=0,iface=null,ip=null,gw=null,isDataConnectivityPossible=true,networkType=7,reason=radioTechnologyChanged
02-03 19:26:46.732 I/TelephonyRegistry(26892): notifyDataConnection: anyState=0,hipri/INET,apnTypeState=0,iface=null,ip=null,gw=null,isDataConnectivityPossible=true,networkType=7,reason=radioTechnologyChanged
02-03 19:26:46.752 I/TelephonyRegistry(26892): notifyDataConnection: anyState=0,hipri/INET6,apnTypeState=0,iface=null,ip=null,gw=null,isDataConnectivityPossible=true,networkType=7,reason=radioTechnologyChanged
02-03 19:26:47.062 I/ActivityManager(26892): No longer want com.google.android.googlequicksearchbox (pid 28706): hidden #16
02-03 19:26:47.222 I/TelephonyRegistry(26892): notifyServiceState: 0 home Sprint  310099  1xRTT CSS not supported 41 4139RoamInd: 1RoamStatus(sprint): 1DefRoamInd: 160EmergOnly: false
02-03 19:26:47.222 D/StatusBarPolicy(26949): onServiceStateChanged:0 home Sprint  310099  1xRTT CSS not supported 41 4139RoamInd: 1RoamStatus(sprint): 1DefRoamInd: 160EmergOnly: falsefor subscription :0
02-03 19:26:47.222 D/StatusBarPolicy(26949): updateSignalStrength on subscription :0
02-03 19:26:47.222 D/StatusBarPolicy(26949): StatusBarPolocy::getIconLevel -CDMA
02-03 19:26:47.222 D/StatusBarPolicy(26949): getCdmaLevel_band_six -cdmaDbm:-88
02-03 19:26:47.222 D/StatusBarPolicy(26949): getCdmaLevel_band_six -cdmaEcio:-75
02-03 19:26:47.222 D/StatusBarPolicy(26949): updateDataIcon subscription =0
02-03 19:26:47.252 I/TelephonyRegistry(26892): notifyServiceState: 3 home null null null  Unknown CSS not supported -1 -1RoamInd: -1RoamStatus(sprint): -1DefRoamInd: -1EmergOnly: false
02-03 19:26:47.262 D/StatusBarPolicy(26949): onServiceStateChanged:3 home null null null  Unknown CSS not supported -1 -1RoamInd: -1RoamStatus(sprint): -1DefRoamInd: -1EmergOnly: falsefor subscription :0
02-03 19:26:47.262 D/StatusBarPolicy(26949): updateSignalStrength on subscription :0
02-03 19:26:47.262 D/StatusBarPolicy(26949): updateDataIcon subscription =0
02-03 19:26:47.302 D/StatusBarPolicy(26949): onSignalStrengthsChanged:SignalStrength: 99 0 -120 -160 -120 -1 7 99 2147483647 2147483647 2147483647 2147483647 cdma for subscription0
02-03 19:26:47.302 D/StatusBarPolicy(26949): updateSignalStrength on subscription :0
02-03 19:26:47.302 I/TelephonyRegistry(26892): notifyDataConnection: anyState=0,default/INET,apnTypeState=0,iface=null,ip=null,gw=null,isDataConnectivityPossible=false,networkType=0,reason=radioTechnologyChanged
02-03 19:26:47.332 I/TelephonyRegistry(26892): notifyDataConnection: anyState=0,default/INET6,apnTypeState=0,iface=null,ip=null,gw=null,isDataConnectivityPossible=false,networkType=0,reason=radioTechnologyChanged
02-03 19:26:47.342 I/TelephonyRegistry(26892): notifyDataConnection: anyState=0,mms/INET,apnTypeState=0,iface=null,ip=null,gw=null,isDataConnectivityPossible=false,networkType=0,reason=radioTechnologyChanged
02-03 19:26:47.352 D/StatusBarPolicy(26949): StatusBarPolicy onDataConnectionStateChanged to 0for nw : 0on subscription : 0
02-03 19:26:47.362 I/TelephonyRegistry(26892): notifyDataConnection: anyState=0,mms/INET6,apnTypeState=0,iface=null,ip=null,gw=null,isDataConnectivityPossible=false,networkType=0,reason=radioTechnologyChanged
02-03 19:26:47.372 I/TelephonyRegistry(26892): notifyDataConnection: anyState=0,supl/INET,apnTypeState=0,iface=null,ip=null,gw=null,isDataConnectivityPossible=false,networkType=0,reason=radioTechnologyChanged
02-03 19:26:47.372 D/StatusBarPolicy(26949): Data network type changed to:0
02-03 19:26:47.372 D/StatusBarPolicy(26949): updateDataIcon subscription =0
02-03 19:26:47.372 I/TelephonyRegistry(26892): notifyDataConnection: anyState=0,supl/INET6,apnTypeState=0,iface=null,ip=null,gw=null,isDataConnectivityPossible=false,networkType=0,reason=radioTechnologyChanged
02-03 19:26:47.392 I/TelephonyRegistry(26892): notifyDataConnection: anyState=0,dun/INET,apnTypeState=0,iface=null,ip=null,gw=null,isDataConnectivityPossible=false,networkType=0,reason=radioTechnologyChanged
02-03 19:26:47.402 I/TelephonyRegistry(26892): notifyDataConnection: anyState=0,dun/INET6,apnTypeState=0,iface=null,ip=null,gw=null,isDataConnectivityPossible=false,networkType=0,reason=radioTechnologyChanged
02-03 19:26:47.442 I/TelephonyRegistry(26892): notifyDataConnection: anyState=0,hipri/INET,apnTypeState=0,iface=null,ip=null,gw=null,isDataConnectivityPossible=false,networkType=0,reason=radioTechnologyChanged
02-03 19:26:47.462 I/TelephonyRegistry(26892): notifyDataConnection: anyState=0,hipri/INET6,apnTypeState=0,iface=null,ip=null,gw=null,isDataConnectivityPossible=false,networkType=0,reason=radioTechnologyChanged
02-03 19:26:47.633 D/ConnectivityService(26892): reportNetworkCondition(0, 0)
02-03 19:26:47.643 D/ConnectivityService(26892): Inet connectivity change, net=0, condition=0,mActiveDefaultNetwork=-1
02-03 19:26:47.643 D/ConnectivityService(26892): no active default network - aborting
02-03 19:26:47.673 D/RPC     (26892): 3000008c:00050000 sending call (XID 111).
02-03 19:26:47.673 D/RPC     (26892): 3000008c:00050000 received REPLY (XID 111), grabbing mutex to wake up client.
02-03 19:26:47.673 D/RPC     (26892): 3000008c:00050000 call success.
02-03 19:26:47.693 D/RPC     (26892): 3000008c:00050000 received CALL.
02-03 19:26:47.693 D/RPC     (26892): 3000008c:00050000 dispatching RPC call (XID 1456, xdr 0x443dd0) for callback client 3100008c:00050001.
02-03 19:26:47.693 D/RPC     (26892): 3100008c:327681 sending RPC reply (XID 1456)
02-03 19:26:47.693 D/RPC     (26892): 3000008c:00050000 sending call (XID 112).
02-03 19:26:47.693 D/RPC     (26892): 3000008c:00050000 received REPLY (XID 112), grabbing mutex to wake up client.
02-03 19:26:47.693 D/RPC     (26892): 3000008c:00050000 call success.
02-03 19:26:48.704 D/RPC     (26892): 3000008c:00050000 received CALL.
02-03 19:26:48.724 D/RPC     (26892): 3000008c:00050000 dispatching RPC call (XID 1458, xdr 0x443dd0) for callback client 3100008c:00050001.
02-03 19:26:48.724 D/RPC     (26892): 3100008c:327681 sending RPC reply (XID 1458)
02-03 19:26:51.086 D/PowerManagerService(26892): setTimeoutLocked now=91397348 timeoutOverride=-1 nextState=1 when=91504348
02-03 19:26:58.053 I/MountService(26892): Shutting down
02-03 19:26:58.063 E/MountService(26892): rms:add /mnt/sdcard
02-03 19:26:58.073 D/VoldConnector(26892): SND -> {asec list} {null}
02-03 19:26:58.073 D/VoldCmdListener(  116): asec list
02-03 19:26:58.083 D/VoldConnector(26892): RCV <- {200 asec operation succeeded}
02-03 19:26:58.093 D/VoldConnector(26892): RSP <- {200 asec operation succeeded}
02-03 19:26:58.093 D/VoldConnector(26892): List terminated with {200 asec operation succeeded}
02-03 19:26:58.253 D/VoldConnector(26892): SND -> {storage users /mnt/sdcard} {null}
02-03 19:26:58.253 D/VoldCmdListener(  116): storage users /mnt/sdcard
02-03 19:26:58.353 D/VoldConnector(26892): RCV <- {112 28405 com.google.android.apps.maps}
02-03 19:26:58.353 D/VoldConnector(26892): RSP <- {112 28405 com.google.android.apps.maps}
02-03 19:26:58.393 D/VoldConnector(26892): RCV <- {200 Storage user list complete}
02-03 19:26:58.393 D/VoldConnector(26892): RSP <- {200 Storage user list complete}
02-03 19:26:58.393 D/VoldConnector(26892): List terminated with {200 Storage user list complete}
02-03 19:26:58.393 W/ActivityManager(26892): Killing processes unmount media at adjustment 7
02-03 19:26:58.393 W/ActivityManager(26892): Killing ProcessRecord{40c633d0 28405:com.google.android.apps.maps/10036} (adj 10): unmount media
02-03 19:26:58.393 D/VoldConnector(26892): SND -> {storage users /mnt/sdcard} {null}
02-03 19:26:58.393 D/VoldCmdListener(  116): storage users /mnt/sdcard
02-03 19:26:58.523 D/VoldConnector(26892): RCV <- {200 Storage user list complete}
02-03 19:26:58.523 D/VoldConnector(26892): RSP <- {200 Storage user list complete}
02-03 19:26:58.523 D/VoldConnector(26892): List terminated with {200 Storage user list complete}
02-03 19:26:58.613 D/VoldConnector(26892): SND -> {volume unmount /mnt/sdcard force} {null}
02-03 19:26:58.613 D/VoldCmdListener(  116): volume unmount /mnt/sdcard force
02-03 19:26:58.613 D/Vold    (  116): Volume sdcard state changing 4 (Mounted) -> 5 (Unmounting)
02-03 19:26:58.613 D/VoldConnector(26892): RCV <- {605 Volume sdcard /mnt/sdcard state changed from 4 (Mounted) to 5 (Unmounting)}
02-03 19:26:58.663 I/StorageNotification(26949): Media {/mnt/sdcard} state changed from {mounted} -> {unmounted}
02-03 19:26:58.693 I/ActivityManager(26892): Start proc com.cooliris.media for broadcast com.cooliris.media/com.cooliris.cache.BootReceiver: pid=515 uid=10049 gids={1015, 3003}
02-03 19:26:59.814 I/Vold    (  116): /mnt/secure/staging/.android_secure sucessfully unmounted
02-03 19:26:59.814 I/Vold    (  116): /mnt/secure/asec sucessfully unmounted
02-03 19:26:59.995 D/AlarmManager(26892): scheduleTimeTickEvent calendar=Fri Feb 03 19:28:00 CST 2012
02-03 19:26:59.995 D/AlarmManager(26892): calendar.getTimeInMillis()1328318880000
02-03 19:27:00.085 I/Vold    (  116): /mnt/secure/staging sucessfully unmounted
02-03 19:27:00.085 I/Vold    (  116): /mnt/sdcard unmounted sucessfully
02-03 19:27:00.085 D/Vold    (  116): Volume sdcard state changing 5 (Unmounting) -> 1 (Idle-Unmounted)
02-03 19:27:00.085 D/VoldConnector(26892): RCV <- {605 Volume sdcard /mnt/sdcard state changed from 5 (Unmounting) to 1 (Idle-Unmounted)}
02-03 19:27:00.085 W/MountService(26892): Duplicate state transition (unmounted -> unmounted)
02-03 19:27:00.095 D/VoldConnector(26892): RCV <- {200 volume operation succeeded}
02-03 19:27:00.095 D/VoldConnector(26892): RSP <- {200 volume operation succeeded}
02-03 19:27:00.725 D/VoldConnector(26892): SND -> {volume shared /mnt/sdcard ums} {null}
02-03 19:27:00.725 D/VoldCmdListener(  116): volume shared /mnt/sdcard ums
02-03 19:27:00.725 D/VoldConnector(26892): RCV <- {212 Share disabled}
02-03 19:27:00.725 D/VoldConnector(26892): RSP <- {212 Share disabled}
02-03 19:27:03.518 D/PowerManagerService(26892): setTimeoutLocked now=91409775 timeoutOverride=-1 nextState=3 when=91415775
02-03 19:27:03.558 D/PowerManagerService(26892): setTimeoutLocked now=91409812 timeoutOverride=-1 nextState=3 when=91415812
