02-03 17:51:00.007 D/AlarmManager(26892): calendar.getTimeInMillis()1328313120000
02-03 17:51:02.650 D/StatusBarPolicy(26949): updateDataIcon subscription =0
02-03 17:51:03.671 D/StatusBarPolicy(26949): updateDataIcon subscription =0
02-03 17:51:05.393 D/StatusBarPolicy(26949): onSignalStrengthsChanged:SignalStrength: 99 0 -89 -70 -84 -10 8 99 2147483647 2147483647 2147483647 2147483647 cdma for subscription0
02-03 17:51:05.393 D/StatusBarPolicy(26949): updateSignalStrength on subscription :0
02-03 17:51:05.393 D/StatusBarPolicy(26949): StatusBarPolocy::getIconLevel -EVDO
02-03 17:51:05.403 D/StatusBarPolicy(26949): getEvdoLevel_band_six -evdoDbm:-84
02-03 17:51:05.403 D/StatusBarPolicy(26949): getEvdoLevel_band_six -evdoEcio:-10
02-03 17:51:12.109 D/StatusBarPolicy(26949): onSignalStrengthsChanged:SignalStrength: 99 0 -84 -70 -84 -10 8 99 2147483647 2147483647 2147483647 2147483647 cdma for subscription0
02-03 17:51:12.109 D/StatusBarPolicy(26949): updateSignalStrength on subscription :0
02-03 17:51:12.109 D/StatusBarPolicy(26949): StatusBarPolocy::getIconLevel -EVDO
02-03 17:51:12.109 D/StatusBarPolicy(26949): getEvdoLevel_band_six -evdoDbm:-84
02-03 17:51:12.109 D/StatusBarPolicy(26949): getEvdoLevel_band_six -evdoEcio:-10
02-03 17:51:12.780 D/StatusBarPolicy(26949): updateDataIcon subscription =0
02-03 17:51:13.801 D/StatusBarPolicy(26949): updateDataIcon subscription =0
02-03 17:51:23.921 D/StatusBarPolicy(26949): updateDataIcon subscription =0
02-03 17:51:24.942 D/StatusBarPolicy(26949): updateDataIcon subscription =0
02-03 17:51:34.051 D/StatusBarPolicy(26949): updateDataIcon subscription =0
02-03 17:51:34.521 D/StatusBarPolicy(26949): onSignalStrengthsChanged:SignalStrength: 99 0 -84 -70 -83 -10 8 99 2147483647 2147483647 2147483647 2147483647 cdma for subscription0
02-03 17:51:34.521 D/StatusBarPolicy(26949): updateSignalStrength on subscription :0
02-03 17:51:34.521 D/StatusBarPolicy(26949): StatusBarPolocy::getIconLevel -EVDO
02-03 17:51:34.521 D/StatusBarPolicy(26949): getEvdoLevel_band_six -evdoDbm:-83
02-03 17:51:34.521 D/StatusBarPolicy(26949): getEvdoLevel_band_six -evdoEcio:-10
02-03 17:51:35.062 D/StatusBarPolicy(26949): updateDataIcon subscription =0
02-03 17:51:44.161 D/StatusBarPolicy(26949): updateDataIcon subscription =0
02-03 17:51:45.182 D/StatusBarPolicy(26949): updateDataIcon subscription =0
02-03 17:51:54.270 D/StatusBarPolicy(26949): updateDataIcon subscription =0
02-03 17:51:55.301 D/StatusBarPolicy(26949): updateDataIcon subscription =0
02-03 17:52:00.006 D/AlarmManager(26892): scheduleTimeTickEvent calendar=Fri Feb 03 17:53:00 CST 2012
02-03 17:52:00.006 D/AlarmManager(26892): calendar.getTimeInMillis()1328313180000
02-03 17:52:04.400 D/StatusBarPolicy(26949): updateDataIcon subscription =0
02-03 17:52:05.421 D/StatusBarPolicy(26949): updateDataIcon subscription =0
02-03 17:52:11.497 D/StatusBarPolicy(26949): updateDataIcon subscription =0
02-03 17:52:15.561 D/StatusBarPolicy(26949): updateDataIcon subscription =0
02-03 17:52:24.660 D/StatusBarPolicy(26949): updateDataIcon subscription =0
02-03 17:52:25.671 D/StatusBarPolicy(26949): updateDataIcon subscription =0
02-03 17:52:34.780 D/StatusBarPolicy(26949): updateDataIcon subscription =0
02-03 17:52:35.801 D/StatusBarPolicy(26949): updateDataIcon subscription =0
02-03 17:52:44.900 D/StatusBarPolicy(26949): updateDataIcon subscription =0
02-03 17:52:45.921 D/StatusBarPolicy(26949): updateDataIcon subscription =0
02-03 17:52:53.508 D/NetdConnector(26892): SND -> {interface readrxcounter rmnet0} {null}
02-03 17:52:53.508 D/NetdConnector(26892): RCV <- {216 348577293}
02-03 17:52:53.508 D/NetdConnector(26892): RSP <- {216 348577293}
02-03 17:52:53.508 D/NetdConnector(26892): SND -> {interface readtxcounter rmnet0} {null}
02-03 17:52:53.508 D/NetdConnector(26892): RCV <- {217 16616131}
02-03 17:52:53.508 D/NetdConnector(26892): RSP <- {217 16616131}
02-03 17:52:55.030 D/StatusBarPolicy(26949): updateDataIcon subscription =0
02-03 17:52:55.140 D/StatusBarPolicy(26949): onSignalStrengthsChanged:SignalStrength: 99 0 -84 -70 -84 -10 8 99 2147483647 2147483647 2147483647 2147483647 cdma for subscription0
02-03 17:52:55.140 D/StatusBarPolicy(26949): updateSignalStrength on subscription :0
02-03 17:52:55.140 D/StatusBarPolicy(26949): StatusBarPolocy::getIconLevel -EVDO
02-03 17:52:55.140 D/StatusBarPolicy(26949): getEvdoLevel_band_six -evdoDbm:-84
02-03 17:52:55.140 D/StatusBarPolicy(26949): getEvdoLevel_band_six -evdoEcio:-10
02-03 17:52:56.051 D/StatusBarPolicy(26949): updateDataIcon subscription =0
02-03 17:52:56.701 W/Vold    (  116): Ignoring unknown switch 'usb_connected'
02-03 17:52:56.701 D/Vold    (  116): USB disconnected
02-03 17:52:56.701 D/Vold    (  116): Share method ums now unavailable
02-03 17:52:56.701 W/Vold    (  116): Ignoring unknown switch 'usb_mass_storage'
02-03 17:52:56.701 D/VoldConnector(26892): RCV <- {620 Share method ums now unavailable}
02-03 17:52:56.741 I/StorageNotification(26949): UMS connection changed to false (media state mounted)
02-03 17:52:56.771 D/NetdConnector(26892): SND -> {interface list} {null}
02-03 17:52:56.771 D/NetdConnector(26892): RCV <- {110 lo}
02-03 17:52:56.771 D/NetdConnector(26892): RCV <- {110 dummy0}
02-03 17:52:56.771 D/NetdConnector(26892): RCV <- {110 rmnet0}
02-03 17:52:56.771 D/NetdConnector(26892): RCV <- {110 rmnet1}
02-03 17:52:56.771 D/NetdConnector(26892): RCV <- {110 rmnet2}
02-03 17:52:56.771 D/NetdConnector(26892): RCV <- {110 rmnet3}
02-03 17:52:56.771 D/NetdConnector(26892): RCV <- {110 rmnet4}
02-03 17:52:56.771 D/NetdConnector(26892): RCV <- {110 rmnet5}
02-03 17:52:56.771 D/NetdConnector(26892): RCV <- {110 rmnet6}
02-03 17:52:56.771 D/NetdConnector(26892): RCV <- {110 rmnet7}
02-03 17:52:56.771 D/NetdConnector(26892): RCV <- {110 tunl0}
02-03 17:52:56.781 D/NetdConnector(26892): RSP <- {110 lo}
02-03 17:52:56.781 D/NetdConnector(26892): RSP <- {110 dummy0}
02-03 17:52:56.781 D/NetdConnector(26892): RSP <- {110 rmnet0}
02-03 17:52:56.781 D/NetdConnector(26892): RSP <- {110 rmnet1}
02-03 17:52:56.781 D/NetdConnector(26892): RSP <- {110 rmnet2}
02-03 17:52:56.781 D/NetdConnector(26892): RSP <- {110 rmnet3}
02-03 17:52:56.781 D/NetdConnector(26892): RSP <- {110 rmnet4}
02-03 17:52:56.781 D/NetdConnector(26892): RSP <- {110 rmnet5}
02-03 17:52:56.781 D/NetdConnector(26892): RSP <- {110 rmnet6}
02-03 17:52:56.781 D/NetdConnector(26892): RSP <- {110 rmnet7}
02-03 17:52:56.801 D/NetdConnector(26892): RSP <- {110 tunl0}
02-03 17:52:56.801 D/NetdConnector(26892): RCV <- {110 gre0}
02-03 17:52:56.801 D/NetdConnector(26892): RSP <- {110 gre0}
02-03 17:52:56.801 D/NetdConnector(26892): RCV <- {110 sit0}
02-03 17:52:56.801 D/NetdConnector(26892): RSP <- {110 sit0}
02-03 17:52:56.801 D/NetdConnector(26892): RCV <- {110 ip6tnl0}
02-03 17:52:56.811 D/NetdConnector(26892): RSP <- {110 ip6tnl0}
02-03 17:52:56.811 D/NetdConnector(26892): RCV <- {110 usb0}
02-03 17:52:56.811 D/NetdConnector(26892): RCV <- {200 Interface list completed}
02-03 17:52:56.811 D/NetdConnector(26892): RSP <- {110 usb0}
02-03 17:52:56.811 D/NetdConnector(26892): RSP <- {200 Interface list completed}
02-03 17:52:56.811 D/NetdConnector(26892): List terminated with {200 Interface list completed}
02-03 17:52:56.851 D/NetdConnector(26892): SND -> {interface list} {null}
02-03 17:52:56.851 D/NetdConnector(26892): RCV <- {110 lo}
02-03 17:52:56.851 D/NetdConnector(26892): RCV <- {110 dummy0}
02-03 17:52:56.851 D/NetdConnector(26892): RCV <- {110 rmnet0}
02-03 17:52:56.851 D/NetdConnector(26892): RCV <- {110 rmnet1}
02-03 17:52:56.851 D/NetdConnector(26892): RCV <- {110 rmnet2}
02-03 17:52:56.851 D/NetdConnector(26892): RCV <- {110 rmnet3}
02-03 17:52:56.861 D/NetdConnector(26892): RSP <- {110 lo}
02-03 17:52:56.861 D/NetdConnector(26892): RSP <- {110 dummy0}
02-03 17:52:56.861 D/NetdConnector(26892): RSP <- {110 rmnet0}
02-03 17:52:56.861 D/NetdConnector(26892): RSP <- {110 rmnet1}
02-03 17:52:56.861 D/NetdConnector(26892): RSP <- {110 rmnet2}
02-03 17:52:56.861 D/NetdConnector(26892): RSP <- {110 rmnet3}
02-03 17:52:56.871 D/NetdConnector(26892): RCV <- {110 rmnet4}
02-03 17:52:56.871 D/NetdConnector(26892): RSP <- {110 rmnet4}
02-03 17:52:56.871 D/NetdConnector(26892): RCV <- {110 rmnet5}
02-03 17:52:56.871 D/NetdConnector(26892): RSP <- {110 rmnet5}
02-03 17:52:56.871 D/NetdConnector(26892): RCV <- {110 rmnet6}
02-03 17:52:56.871 D/NetdConnector(26892): RSP <- {110 rmnet6}
02-03 17:52:56.881 D/NetdConnector(26892): RCV <- {110 rmnet7}
02-03 17:52:56.881 D/NetdConnector(26892): RSP <- {110 rmnet7}
02-03 17:52:56.881 D/NetdConnector(26892): RCV <- {110 tunl0}
02-03 17:52:56.881 D/NetdConnector(26892): RSP <- {110 tunl0}
02-03 17:52:56.881 D/NetdConnector(26892): RCV <- {110 gre0}
02-03 17:52:56.881 D/NetdConnector(26892): RSP <- {110 gre0}
02-03 17:52:56.881 D/NetdConnector(26892): RCV <- {110 sit0}
02-03 17:52:56.881 D/NetdConnector(26892): RSP <- {110 sit0}
02-03 17:52:56.881 D/NetdConnector(26892): RCV <- {110 ip6tnl0}
02-03 17:52:56.881 D/NetdConnector(26892): RSP <- {110 ip6tnl0}
02-03 17:52:56.881 D/NetdConnector(26892): RCV <- {110 usb0}
02-03 17:52:56.881 D/NetdConnector(26892): RSP <- {110 usb0}
02-03 17:52:56.881 D/NetdConnector(26892): RCV <- {200 Interface list completed}
02-03 17:52:56.881 D/NetdConnector(26892): RSP <- {200 Interface list completed}
02-03 17:52:56.881 D/NetdConnector(26892): List terminated with {200 Interface list completed}
02-03 17:52:56.891 D/PowerManagerService(26892): setTimeoutLocked now=90704171 timeoutOverride=-1 nextState=3 when=90710171
02-03 17:52:56.932 D/StatusBarPolicy(26949): onSignalStrengthsChanged:SignalStrength: 99 0 -84 -70 -84 -15 8 99 2147483647 2147483647 2147483647 2147483647 cdma for subscription0
02-03 17:52:56.932 D/StatusBarPolicy(26949): updateSignalStrength on subscription :0
02-03 17:52:56.932 D/StatusBarPolicy(26949): StatusBarPolocy::getIconLevel -EVDO
02-03 17:52:56.932 D/StatusBarPolicy(26949): getEvdoLevel_band_six -evdoDbm:-84
02-03 17:52:56.932 D/StatusBarPolicy(26949): getEvdoLevel_band_six -evdoEcio:-15
02-03 17:52:56.962 I/TelephonyRegistry(26892): notifyServiceState: 0 home Sprint  310099  EvDo rev. A CSS not supported 41 4139RoamInd: 1RoamStatus(sprint): 1DefRoamInd: 160EmergOnly: false
02-03 17:52:56.962 D/StatusBarPolicy(26949): onServiceStateChanged:0 home Sprint  310099  EvDo rev. A CSS not supported 41 4139RoamInd: 1RoamStatus(sprint): 1DefRoamInd: 160EmergOnly: falsefor subscription :0
02-03 17:52:56.962 D/StatusBarPolicy(26949): updateSignalStrength on subscription :0
02-03 17:52:56.962 D/StatusBarPolicy(26949): StatusBarPolocy::getIconLevel -EVDO
02-03 17:52:56.962 D/StatusBarPolicy(26949): getEvdoLevel_band_six -evdoDbm:-84
02-03 17:52:56.962 D/StatusBarPolicy(26949): getEvdoLevel_band_six -evdoEcio:-15
02-03 17:52:56.962 D/StatusBarPolicy(26949): updateDataIcon subscription =0
02-03 17:52:57.392 D/StatusBarPolicy(26949): onSignalStrengthsChanged:SignalStrength: 99 0 -84 -70 -85 -15 8 99 2147483647 2147483647 2147483647 2147483647 cdma for subscription0
02-03 17:52:57.392 D/StatusBarPolicy(26949): updateSignalStrength on subscription :0
02-03 17:52:57.392 D/StatusBarPolicy(26949): StatusBarPolocy::getIconLevel -EVDO
02-03 17:52:57.392 D/StatusBarPolicy(26949): getEvdoLevel_band_six -evdoDbm:-85
02-03 17:52:57.392 D/StatusBarPolicy(26949): getEvdoLevel_band_six -evdoEcio:-15
02-03 17:53:00.005 D/AlarmManager(26892): scheduleTimeTickEvent calendar=Fri Feb 03 17:54:00 CST 2012
02-03 17:53:00.005 D/AlarmManager(26892): calendar.getTimeInMillis()1328313240000
02-03 17:53:01.646 D/PowerManagerService(26892): setTimeoutLocked now=90708923 timeoutOverride=-1 nextState=3 when=90714923
02-03 17:53:01.866 D/StatusBarPolicy(26949): onSignalStrengthsChanged:SignalStrength: 99 0 -84 -70 -87 -15 8 99 2147483647 2147483647 2147483647 2147483647 cdma for subscription0
02-03 17:53:01.866 D/StatusBarPolicy(26949): updateSignalStrength on subscription :0
02-03 17:53:01.866 D/StatusBarPolicy(26949): StatusBarPolocy::getIconLevel -EVDO
02-03 17:53:01.866 D/StatusBarPolicy(26949): getEvdoLevel_band_six -evdoDbm:-87
02-03 17:53:01.866 D/StatusBarPolicy(26949): getEvdoLevel_band_six -evdoEcio:-15
02-03 17:53:01.876 I/ActivityManager(26892): Starting: Intent { act=android.intent.action.MAIN cat=[android.intent.category.HOME] flg=0x10200000 cmp=com.android.launcher/com.android.launcher2.Launcher } from pid 26892
02-03 17:53:01.886 W/WindowManager(26892): updateFocusedWindowLocked newFocus=Window{409432c8 com.android.settings/com.android.settings.ScalibrationWnd paused=true} mode=3 mCurrentFocus = Window{409432c8 com.android.settings/com.android.settings.ScalibrationWnd paused=true}
02-03 17:53:01.896 W/WindowManager(26892): updateFocusedWindowLocked newFocus=null mode=0 mCurrentFocus = Window{409432c8 com.android.settings/com.android.settings.ScalibrationWnd paused=true}
02-03 17:53:01.906 W/WindowManager(26892): updateFocusedWindowLocked newFocus=null mode=3 mCurrentFocus = null
02-03 17:53:01.936 W/WindowManager(26892): updateFocusedWindowLocked newFocus=Window{4084db38 com.android.launcher/com.android.launcher2.Launcher paused=false} mode=2 mCurrentFocus = null
02-03 17:53:01.946 W/WindowManager(26892): updateFocusedWindowLocked newFocus=Window{4084db38 com.android.launcher/com.android.launcher2.Launcher paused=false} mode=2 mCurrentFocus = Window{4084db38 com.android.launcher/com.android.launcher2.Launcher paused=false}
02-03 17:53:01.946 W/WindowManager(26892): updateFocusedWindowLocked newFocus=Window{4084db38 com.android.launcher/com.android.launcher2.Launcher paused=false} mode=3 mCurrentFocus = Window{4084db38 com.android.launcher/com.android.launcher2.Launcher paused=false}
02-03 17:53:01.956 I/ActivityManager(26892): No longer want com.google.android.apps.maps:FriendService (pid 28415): hidden #16
02-03 17:53:02.857 D/PowerManagerService(26892): setTimeoutLocked now=90710135 timeoutOverride=-1 nextState=3 when=90716135
02-03 17:53:02.867 W/WindowManager(26892): updateFocusedWindowLocked newFocus=Window{4088bae0 TrackingView paused=false} mode=3 mCurrentFocus = Window{4084db38 com.android.launcher/com.android.launcher2.Launcher paused=false}
02-03 17:53:02.877 W/WindowManager(26892): updateFocusedWindowLocked newFocus=Window{407b9bc0 StatusBarExpanded paused=false} mode=3 mCurrentFocus = Window{4088bae0 TrackingView paused=false}
02-03 17:53:03.017 D/PowerManagerService(26892): setTimeoutLocked now=90710297 timeoutOverride=-1 nextState=3 when=90716297
02-03 17:53:04.119 D/StatusBarPolicy(26949): onSignalStrengthsChanged:SignalStrength: 99 0 -89 -110 -88 -10 8 99 2147483647 2147483647 2147483647 2147483647 cdma for subscription0
02-03 17:53:04.119 D/StatusBarPolicy(26949): updateSignalStrength on subscription :0
02-03 17:53:04.119 D/StatusBarPolicy(26949): StatusBarPolocy::getIconLevel -EVDO
02-03 17:53:04.119 D/StatusBarPolicy(26949): getEvdoLevel_band_six -evdoDbm:-88
02-03 17:53:04.119 D/StatusBarPolicy(26949): getEvdoLevel_band_six -evdoEcio:-10
02-03 17:53:04.209 D/PowerManagerService(26892): setTimeoutLocked now=90711487 timeoutOverride=-1 nextState=3 when=90717487
02-03 17:53:04.319 D/PowerManagerService(26892): setTimeoutLocked now=90711600 timeoutOverride=-1 nextState=3 when=90717600
02-03 17:53:04.569 W/WindowManager(26892): updateFocusedWindowLocked newFocus=Window{407b9bc0 StatusBarExpanded paused=false} mode=3 mCurrentFocus = Window{407b9bc0 StatusBarExpanded paused=false}
02-03 17:53:04.579 W/WindowManager(26892): updateFocusedWindowLocked newFocus=Window{4084db38 com.android.launcher/com.android.launcher2.Launcher paused=false} mode=3 mCurrentFocus = Window{407b9bc0 StatusBarExpanded paused=false}
02-03 17:53:04.599 W/InputManagerService(26892): Window already focused, ignoring focus gain of: com.android.internal.view.IInputMethodClient$Stub$Proxy@40a2c000
02-03 17:53:04.979 D/StatusBarPolicy(26949): updateDataIcon subscription =0
02-03 17:53:05.620 D/PowerManagerService(26892): setTimeoutLocked now=90712905 timeoutOverride=-1 nextState=0 when=90719905
02-03 17:53:05.640 W/WindowManager(26892): updateFocusedWindowLocked newFocus=Window{4085adb0 Keyguard paused=false} mode=3 mCurrentFocus = Window{4084db38 com.android.launcher/com.android.launcher2.Launcher paused=false}
02-03 17:53:35.429 D/BatteryService(26892): updateBattery level:100 scale:100 status:3 health:2 present:true voltage: 4201 temperature: 370 technology: Li-ion AC powered:false USB powered:false icon:17302173
02-03 17:54:05.429 D/AlarmManager(26892): scheduleTimeTickEvent calendar=Fri Feb 03 17:55:00 CST 2012
02-03 17:54:05.429 D/AlarmManager(26892): calendar.getTimeInMillis()1328313300000
02-03 17:54:13.972 W/WindowManager(26892): updateFocusedWindowLocked newFocus=Window{4085adb0 Keyguard paused=false} mode=3 mCurrentFocus = Window{4085adb0 Keyguard paused=false}
02-03 17:55:06.429 D/AlarmManager(26892): scheduleTimeTickEvent calendar=Fri Feb 03 17:56:00 CST 2012
02-03 17:55:06.429 D/AlarmManager(26892): calendar.getTimeInMillis()1328313360000
02-03 17:55:14.449 W/WindowManager(26892): updateFocusedWindowLocked newFocus=Window{4085adb0 Keyguard paused=false} mode=3 mCurrentFocus = Window{4085adb0 Keyguard paused=false}
02-03 17:55:14.469 W/WindowManager(26892): updateFocusedWindowLocked newFocus=Window{4085adb0 Keyguard paused=false} mode=2 mCurrentFocus = Window{4085adb0 Keyguard paused=false}
02-03 17:55:14.469 W/WindowManager(26892): updateFocusedWindowLocked newFocus=Window{4085adb0 Keyguard paused=false} mode=2 mCurrentFocus = Window{4085adb0 Keyguard paused=false}
02-03 17:55:14.499 D/StatusBarPolicy(26949): onSignalStrengthsChanged:SignalStrength: 99 0 -96 -70 -93 -15 8 99 2147483647 2147483647 2147483647 2147483647 cdma for subscription0
02-03 17:55:14.499 D/StatusBarPolicy(26949): updateSignalStrength on subscription :0
02-03 17:55:14.499 D/StatusBarPolicy(26949): StatusBarPolocy::getIconLevel -EVDO
02-03 17:55:14.499 D/StatusBarPolicy(26949): getEvdoLevel_band_six -evdoDbm:-93
02-03 17:55:14.499 D/StatusBarPolicy(26949): getEvdoLevel_band_six -evdoEcio:-15
02-03 17:55:14.539 I/TelephonyRegistry(26892): notifyServiceState: 0 home Sprint  310099  EvDo rev. A CSS not supported 41 4139RoamInd: 1RoamStatus(sprint): 1DefRoamInd: 160EmergOnly: false
02-03 17:55:14.559 D/StatusBarPolicy(26949): onServiceStateChanged:0 home Sprint  310099  EvDo rev. A CSS not supported 41 4139RoamInd: 1RoamStatus(sprint): 1DefRoamInd: 160EmergOnly: falsefor subscription :0
02-03 17:55:14.559 D/StatusBarPolicy(26949): updateSignalStrength on subscription :0
02-03 17:55:14.559 D/StatusBarPolicy(26949): StatusBarPolocy::getIconLevel -EVDO
02-03 17:55:14.559 D/StatusBarPolicy(26949): getEvdoLevel_band_six -evdoDbm:-93
02-03 17:55:14.559 D/StatusBarPolicy(26949): getEvdoLevel_band_six -evdoEcio:-15
02-03 17:55:14.559 D/StatusBarPolicy(26949): updateDataIcon subscription =0
02-03 17:55:15.499 D/StatusBarPolicy(26949): updateDataIcon subscription =0
02-03 17:55:16.510 D/StatusBarPolicy(26949): onSignalStrengthsChanged:SignalStrength: 99 0 -96 -70 -92 -15 8 99 2147483647 2147483647 2147483647 2147483647 cdma for subscription0
02-03 17:55:16.510 D/StatusBarPolicy(26949): updateSignalStrength on subscription :0
02-03 17:55:16.520 D/StatusBarPolicy(26949): StatusBarPolocy::getIconLevel -EVDO
02-03 17:55:16.520 D/StatusBarPolicy(26949): getEvdoLevel_band_six -evdoDbm:-92
02-03 17:55:16.520 D/StatusBarPolicy(26949): getEvdoLevel_band_six -evdoEcio:-15
02-03 17:55:17.001 D/PowerManagerService(26892): setTimeoutLocked now=90732155 timeoutOverride=-1 nextState=3 when=90738155
02-03 17:55:17.001 W/WindowManager(26892): updateFocusedWindowLocked newFocus=null mode=3 mCurrentFocus = Window{4085adb0 Keyguard paused=false}
02-03 17:55:17.011 D/PowerManagerService(26892): setTimeoutLocked now=90732161 timeoutOverride=-1 nextState=3 when=90738161
02-03 17:55:17.011 W/WindowManager(26892): updateFocusedWindowLocked newFocus=Window{4084db38 com.android.launcher/com.android.launcher2.Launcher paused=false} mode=2 mCurrentFocus = null
02-03 17:55:17.021 W/InputManagerService(26892): Window already focused, ignoring focus gain of: com.android.internal.view.IInputMethodClient$Stub$Proxy@40b36638
02-03 17:55:17.101 D/PowerManagerService(26892): setTimeoutLocked now=90732249 timeoutOverride=-1 nextState=3 when=90738249
02-03 17:55:17.561 D/PowerManagerService(26892): setTimeoutLocked now=90732715 timeoutOverride=-1 nextState=3 when=90738715
02-03 17:55:17.581 W/WindowManager(26892): updateFocusedWindowLocked newFocus=Window{4088bae0 TrackingView paused=false} mode=3 mCurrentFocus = Window{4084db38 com.android.launcher/com.android.launcher2.Launcher paused=false}
02-03 17:55:17.601 W/WindowManager(26892): updateFocusedWindowLocked newFocus=Window{407b9bc0 StatusBarExpanded paused=false} mode=3 mCurrentFocus = Window{4088bae0 TrackingView paused=false}
02-03 17:55:17.621 D/StatusBarPolicy(26949): updateDataIcon subscription =0
02-03 17:55:17.771 D/PowerManagerService(26892): setTimeoutLocked now=90732928 timeoutOverride=-1 nextState=3 when=90738928
02-03 17:55:18.502 D/PowerManagerService(26892): setTimeoutLocked now=90733655 timeoutOverride=-1 nextState=3 when=90739655
02-03 17:55:18.552 D/PowerManagerService(26892): setTimeoutLocked now=90733702 timeoutOverride=-1 nextState=3 when=90739702
02-03 17:55:18.552 I/ActivityManager(26892): Starting: Intent { dat=googlevoice://conversations/a2681d1c17255fe01da46b5be944fbe70803c9ec flg=0x4000000 cmp=com.google.android.apps.googlevoice/.PhoneCallListActivity bnds=[0,159][320,223] } from pid -1
02-03 17:55:18.552 W/ActivityManager(26892): startActivity called from non-Activity context; forcing Intent.FLAG_ACTIVITY_NEW_TASK for: Intent { dat=googlevoice://conversations/a2681d1c17255fe01da46b5be944fbe70803c9ec flg=0x4000000 cmp=com.google.android.apps.googlevoice/.PhoneCallListActivity bnds=[0,159][320,223] }
02-03 17:55:18.562 W/WindowManager(26892): updateFocusedWindowLocked newFocus=Window{407b9bc0 StatusBarExpanded paused=false} mode=3 mCurrentFocus = Window{407b9bc0 StatusBarExpanded paused=false}
02-03 17:55:18.612 D/StatusBarPolicy(26949): updateDataIcon subscription =0
02-03 17:55:18.622 W/WindowManager(26892): updateFocusedWindowLocked newFocus=Window{407b9bc0 StatusBarExpanded paused=false} mode=0 mCurrentFocus = Window{407b9bc0 StatusBarExpanded paused=false}
02-03 17:55:18.622 W/WindowManager(26892): updateFocusedWindowLocked newFocus=Window{407b9bc0 StatusBarExpanded paused=false} mode=2 mCurrentFocus = Window{407b9bc0 StatusBarExpanded paused=false}
02-03 17:55:18.622 W/WindowManager(26892): updateFocusedWindowLocked newFocus=Window{407b9bc0 StatusBarExpanded paused=false} mode=2 mCurrentFocus = Window{407b9bc0 StatusBarExpanded paused=false}
02-03 17:55:18.722 W/WindowManager(26892): updateFocusedWindowLocked newFocus=Window{407b9bc0 StatusBarExpanded paused=false} mode=3 mCurrentFocus = Window{407b9bc0 StatusBarExpanded paused=false}
02-03 17:55:18.802 W/WindowManager(26892): updateFocusedWindowLocked newFocus=Window{4088bae0 TrackingView paused=false} mode=3 mCurrentFocus = Window{407b9bc0 StatusBarExpanded paused=false}
02-03 17:55:18.822 W/WindowManager(26892): updateFocusedWindowLocked newFocus=null mode=3 mCurrentFocus = Window{4088bae0 TrackingView paused=false}
02-03 17:55:20.984 D/StatusBarPolicy(26949): onSignalStrengthsChanged:SignalStrength: 99 0 -96 -70 -89 -30 8 99 2147483647 2147483647 2147483647 2147483647 cdma for subscription0
02-03 17:55:20.984 D/StatusBarPolicy(26949): updateSignalStrength on subscription :0
02-03 17:55:20.984 D/StatusBarPolicy(26949): StatusBarPolocy::getIconLevel -EVDO
02-03 17:55:20.984 D/StatusBarPolicy(26949): getEvdoLevel_band_six -evdoDbm:-89
02-03 17:55:20.984 D/StatusBarPolicy(26949): getEvdoLevel_band_six -evdoEcio:-30
02-03 17:55:21.655 W/WindowManager(26892): updateFocusedWindowLocked newFocus=Window{407d3190 com.google.android.apps.googlevoice/com.google.android.apps.googlevoice.PhoneCallListActivity paused=false} mode=3 mCurrentFocus = null
02-03 17:55:21.835 W/WindowManager(26892): updateFocusedWindowLocked newFocus=Window{407d3190 com.google.android.apps.googlevoice/com.google.android.apps.googlevoice.PhoneCallListActivity paused=false} mode=3 mCurrentFocus = Window{407d3190 com.google.android.apps.googlevoice/com.google.android.apps.googlevoice.PhoneCallListActivity paused=false}
02-03 17:55:23.257 D/StatusBarPolicy(26949): onSignalStrengthsChanged:SignalStrength: 99 0 -90 -160 -88 -1 8 99 2147483647 2147483647 2147483647 2147483647 cdma for subscription0
02-03 17:55:23.257 D/StatusBarPolicy(26949): updateSignalStrength on subscription :0
02-03 17:55:23.257 D/StatusBarPolicy(26949): StatusBarPolocy::getIconLevel -EVDO
02-03 17:55:23.257 D/StatusBarPolicy(26949): getEvdoLevel_band_six -evdoDbm:-88
02-03 17:55:23.277 D/StatusBarPolicy(26949): getEvdoLevel_band_six -evdoEcio:-1
02-03 17:55:23.297 D/StatusBarPolicy(26949): onSignalStrengthsChanged:SignalStrength: 99 0 -90 -70 -88 -15 8 99 2147483647 2147483647 2147483647 2147483647 cdma for subscription0
02-03 17:55:23.297 D/StatusBarPolicy(26949): updateSignalStrength on subscription :0
02-03 17:55:23.307 D/StatusBarPolicy(26949): StatusBarPolocy::getIconLevel -EVDO
02-03 17:55:23.307 D/StatusBarPolicy(26949): getEvdoLevel_band_six -evdoDbm:-88
02-03 17:55:23.307 D/StatusBarPolicy(26949): getEvdoLevel_band_six -evdoEcio:-15
02-03 17:55:24.268 D/PowerManagerService(26892): setTimeoutLocked now=90739428 timeoutOverride=-1 nextState=0 when=90746428
02-03 17:55:24.308 W/WindowManager(26892): updateFocusedWindowLocked newFocus=Window{4085adb0 Keyguard paused=false} mode=3 mCurrentFocus = Window{407d3190 com.google.android.apps.googlevoice/com.google.android.apps.googlevoice.PhoneCallListActivity paused=false}
02-03 17:56:00.002 D/AlarmManager(26892): scheduleTimeTickEvent calendar=Fri Feb 03 17:57:00 CST 2012
02-03 17:56:00.002 D/AlarmManager(26892): calendar.getTimeInMillis()1328313420000
02-03 17:56:29.211 W/WindowManager(26892): updateFocusedWindowLocked newFocus=Window{4085adb0 Keyguard paused=false} mode=3 mCurrentFocus = Window{4085adb0 Keyguard paused=false}
02-03 17:56:29.231 W/WindowManager(26892): updateFocusedWindowLocked newFocus=Window{4085adb0 Keyguard paused=false} mode=2 mCurrentFocus = Window{4085adb0 Keyguard paused=false}
02-03 17:56:29.231 W/WindowManager(26892): updateFocusedWindowLocked newFocus=Window{4085adb0 Keyguard paused=false} mode=2 mCurrentFocus = Window{4085adb0 Keyguard paused=false}
02-03 17:56:29.261 D/StatusBarPolicy(26949): onSignalStrengthsChanged:SignalStrength: 99 0 -105 -75 -101 -35 8 99 2147483647 2147483647 2147483647 2147483647 cdma for subscription0
02-03 17:56:29.261 D/StatusBarPolicy(26949): updateSignalStrength on subscription :0
02-03 17:56:29.271 D/StatusBarPolicy(26949): StatusBarPolocy::getIconLevel -EVDO
02-03 17:56:29.271 D/StatusBarPolicy(26949): getEvdoLevel_band_six -evdoDbm:-101
02-03 17:56:29.271 D/StatusBarPolicy(26949): getEvdoLevel_band_six -evdoEcio:-35
02-03 17:56:29.291 I/TelephonyRegistry(26892): notifyServiceState: 0 home Sprint  310099  EvDo rev. A CSS not supported 41 4139RoamInd: 1RoamStatus(sprint): 1DefRoamInd: 160EmergOnly: false
02-03 17:56:29.301 D/StatusBarPolicy(26949): onServiceStateChanged:0 home Sprint  310099  EvDo rev. A CSS not supported 41 4139RoamInd: 1RoamStatus(sprint): 1DefRoamInd: 160EmergOnly: falsefor subscription :0
02-03 17:56:29.301 D/StatusBarPolicy(26949): updateSignalStrength on subscription :0
02-03 17:56:29.311 D/StatusBarPolicy(26949): StatusBarPolocy::getIconLevel -EVDO
02-03 17:56:29.311 D/StatusBarPolicy(26949): getEvdoLevel_band_six -evdoDbm:-101
02-03 17:56:29.311 D/StatusBarPolicy(26949): getEvdoLevel_band_six -evdoEcio:-35
02-03 17:56:29.311 D/StatusBarPolicy(26949): updateDataIcon subscription =0
02-03 17:56:30.021 D/StatusBarPolicy(26949): onSignalStrengthsChanged:SignalStrength: 99 0 -105 -75 -100 -35 8 99 2147483647 2147483647 2147483647 2147483647 cdma for subscription0
02-03 17:56:30.021 D/StatusBarPolicy(26949): updateSignalStrength on subscription :0
02-03 17:56:30.021 D/StatusBarPolicy(26949): StatusBarPolocy::getIconLevel -EVDO
02-03 17:56:30.021 D/StatusBarPolicy(26949): getEvdoLevel_band_six -evdoDbm:-100
02-03 17:56:30.021 D/StatusBarPolicy(26949): getEvdoLevel_band_six -evdoEcio:-35
02-03 17:56:32.123 D/PowerManagerService(26892): setTimeoutLocked now=90757928 timeoutOverride=-1 nextState=3 when=90763928
02-03 17:56:32.133 W/WindowManager(26892): updateFocusedWindowLocked newFocus=null mode=3 mCurrentFocus = Window{4085adb0 Keyguard paused=false}
02-03 17:56:32.133 W/WindowManager(26892): updateFocusedWindowLocked newFocus=Window{407d3190 com.google.android.apps.googlevoice/com.google.android.apps.googlevoice.PhoneCallListActivity paused=false} mode=2 mCurrentFocus = null
02-03 17:56:32.153 W/InputManagerService(26892): Window already focused, ignoring focus gain of: com.android.internal.view.IInputMethodClient$Stub$Proxy@406e6558
02-03 17:56:32.233 D/PowerManagerService(26892): setTimeoutLocked now=90758030 timeoutOverride=-1 nextState=3 when=90764030
02-03 17:56:32.263 D/StatusBarPolicy(26949): onSignalStrengthsChanged:SignalStrength: 99 0 -105 -75 -98 -35 8 99 2147483647 2147483647 2147483647 2147483647 cdma for subscription0
02-03 17:56:32.263 D/StatusBarPolicy(26949): updateSignalStrength on subscription :0
02-03 17:56:32.263 D/StatusBarPolicy(26949): StatusBarPolocy::getIconLevel -EVDO
02-03 17:56:32.263 D/StatusBarPolicy(26949): getEvdoLevel_band_six -evdoDbm:-98
02-03 17:56:32.263 D/StatusBarPolicy(26949): getEvdoLevel_band_six -evdoEcio:-35
02-03 17:56:32.273 D/StatusBarPolicy(26949): updateDataIcon subscription =0
02-03 17:56:33.284 D/StatusBarPolicy(26949): updateDataIcon subscription =0
02-03 17:56:33.465 D/PowerManagerService(26892): setTimeoutLocked now=90759263 timeoutOverride=-1 nextState=3 when=90765263
02-03 17:56:33.545 I/ActivityManager(26892): Starting: Intent { act=android.intent.action.MAIN cat=[android.intent.category.HOME] flg=0x10200000 cmp=com.android.launcher/com.android.launcher2.Launcher } from pid 26892
02-03 17:56:33.555 W/WindowManager(26892): updateFocusedWindowLocked newFocus=null mode=3 mCurrentFocus = Window{407d3190 com.google.android.apps.googlevoice/com.google.android.apps.googlevoice.PhoneCallListActivity paused=true}
02-03 17:56:33.565 W/WindowManager(26892): updateFocusedWindowLocked newFocus=null mode=0 mCurrentFocus = null
02-03 17:56:33.575 W/WindowManager(26892): updateFocusedWindowLocked newFocus=null mode=3 mCurrentFocus = null
02-03 17:56:33.615 W/WindowManager(26892): updateFocusedWindowLocked newFocus=Window{4084db38 com.android.launcher/com.android.launcher2.Launcher paused=false} mode=2 mCurrentFocus = null
02-03 17:56:33.615 W/WindowManager(26892): updateFocusedWindowLocked newFocus=Window{4084db38 com.android.launcher/com.android.launcher2.Launcher paused=false} mode=2 mCurrentFocus = Window{4084db38 com.android.launcher/com.android.launcher2.Launcher paused=false}
02-03 17:56:33.615 W/WindowManager(26892): updateFocusedWindowLocked newFocus=Window{4084db38 com.android.launcher/com.android.launcher2.Launcher paused=false} mode=3 mCurrentFocus = Window{4084db38 com.android.launcher/com.android.launcher2.Launcher paused=false}
02-03 17:56:34.536 D/StatusBarPolicy(26949): onSignalStrengthsChanged:SignalStrength: 99 0 -105 -75 -97 -30 8 99 2147483647 2147483647 2147483647 2147483647 cdma for subscription0
02-03 17:56:34.536 D/StatusBarPolicy(26949): updateSignalStrength on subscription :0
02-03 17:56:34.536 D/StatusBarPolicy(26949): StatusBarPolocy::getIconLevel -EVDO
02-03 17:56:34.546 D/StatusBarPolicy(26949): getEvdoLevel_band_six -evdoDbm:-97
02-03 17:56:34.546 D/StatusBarPolicy(26949): getEvdoLevel_band_six -evdoEcio:-30
02-03 17:56:34.846 D/PowerManagerService(26892): setTimeoutLocked now=90760645 timeoutOverride=-1 nextState=3 when=90766645
02-03 17:56:34.916 D/PowerManagerService(26892): setTimeoutLocked now=90760709 timeoutOverride=-1 nextState=3 when=90766709
02-03 17:56:34.916 I/ActivityManager(26892): Starting: Intent { act=android.intent.action.MAIN cat=[android.intent.category.LAUNCHER] flg=0x10200000 cmp=com.google.android.gm/.ConversationListActivityGmail bnds=[3,337][77,416] } from pid 26987
02-03 17:56:34.926 W/WindowManager(26892): updateFocusedWindowLocked newFocus=Window{4084db38 com.android.launcher/com.android.launcher2.Launcher paused=false} mode=3 mCurrentFocus = Window{4084db38 com.android.launcher/com.android.launcher2.Launcher paused=false}
02-03 17:56:34.956 I/ActivityManager(26892): Start proc com.google.android.gm for activity com.google.android.gm/.ConversationListActivityGmail: pid=32706 uid=10046 gids={3003, 1015}
02-03 17:56:34.996 W/WindowManager(26892): updateFocusedWindowLocked newFocus=null mode=0 mCurrentFocus = Window{4084db38 com.android.launcher/com.android.launcher2.Launcher paused=false}
02-03 17:56:35.006 W/WindowManager(26892): updateFocusedWindowLocked newFocus=null mode=2 mCurrentFocus = null
02-03 17:56:35.006 W/WindowManager(26892): updateFocusedWindowLocked newFocus=null mode=2 mCurrentFocus = null
02-03 17:56:35.026 W/WindowManager(26892): updateFocusedWindowLocked newFocus=null mode=3 mCurrentFocus = null
02-03 17:56:35.176 I/ActivityManager(26892): Starting: Intent { act=android.intent.action.MAIN cat=[android.intent.category.LAUNCHER] flg=0x2000000 cmp=com.google.android.gm/.ConversationListActivity bnds=[3,337][77,416] } from pid 32706
02-03 17:56:35.176 W/WindowManager(26892): updateFocusedWindowLocked newFocus=null mode=3 mCurrentFocus = null
02-03 17:56:35.196 W/WindowManager(26892): updateFocusedWindowLocked newFocus=null mode=0 mCurrentFocus = null
02-03 17:56:35.206 W/WindowManager(26892): updateFocusedWindowLocked newFocus=null mode=2 mCurrentFocus = null
02-03 17:56:35.316 W/WindowManager(26892): updateFocusedWindowLocked newFocus=null mode=2 mCurrentFocus = null
02-03 17:56:35.527 W/WindowManager(26892): updateFocusedWindowLocked newFocus=Window{408c4f58 com.google.android.gm/com.google.android.gm.ConversationListActivity paused=false} mode=3 mCurrentFocus = null
02-03 17:56:35.707 W/WindowManager(26892): updateFocusedWindowLocked newFocus=Window{408c4f58 com.google.android.gm/com.google.android.gm.ConversationListActivity paused=false} mode=3 mCurrentFocus = Window{408c4f58 com.google.android.gm/com.google.android.gm.ConversationListActivity paused=false}
02-03 17:56:37.779 D/PowerManagerService(26892): setTimeoutLocked now=90763576 timeoutOverride=-1 nextState=3 when=90769576
02-03 17:56:37.969 W/WindowManager(26892): updateFocusedWindowLocked newFocus=Window{40aadfc0 AtchDlg:com.google.android.gm/com.google.android.gm.ConversationListActivity paused=false} mode=1 mCurrentFocus = Window{408c4f58 com.google.android.gm/com.google.android.gm.ConversationListActivity paused=false}
02-03 17:56:37.989 W/WindowManager(26892): updateFocusedWindowLocked newFocus=Window{40aadfc0 AtchDlg:com.google.android.gm/com.google.android.gm.ConversationListActivity paused=false} mode=3 mCurrentFocus = Window{40aadfc0 AtchDlg:com.google.android.gm/com.google.android.gm.ConversationListActivity paused=false}
02-03 17:56:38.990 D/StatusBarPolicy(26949): onSignalStrengthsChanged:SignalStrength: 99 0 -99 -70 -97 -30 8 99 2147483647 2147483647 2147483647 2147483647 cdma for subscription0
02-03 17:56:38.990 D/StatusBarPolicy(26949): updateSignalStrength on subscription :0
02-03 17:56:39.000 D/StatusBarPolicy(26949): StatusBarPolocy::getIconLevel -EVDO
02-03 17:56:39.000 D/StatusBarPolicy(26949): getEvdoLevel_band_six -evdoDbm:-97
02-03 17:56:39.000 D/StatusBarPolicy(26949): getEvdoLevel_band_six -evdoEcio:-30
02-03 17:56:39.260 D/PowerManagerService(26892): setTimeoutLocked now=90765063 timeoutOverride=-1 nextState=3 when=90771063
02-03 17:56:39.320 D/StatusBarPolicy(26949): updateDataIcon subscription =0
02-03 17:56:39.340 D/PowerManagerService(26892): setTimeoutLocked now=90765147 timeoutOverride=-1 nextState=3 when=90771147
02-03 17:56:39.350 I/ActivityManager(26892): Starting: Intent { cmp=com.google.android.gm/.LabelsActivity } from pid 32706
02-03 17:56:39.370 W/WindowManager(26892): updateFocusedWindowLocked newFocus=null mode=0 mCurrentFocus = Window{40aadfc0 AtchDlg:com.google.android.gm/com.google.android.gm.ConversationListActivity paused=false}
02-03 17:56:39.400 W/WindowManager(26892): updateFocusedWindowLocked newFocus=null mode=3 mCurrentFocus = null
02-03 17:56:39.621 W/WindowManager(26892): updateFocusedWindowLocked newFocus=Window{407aecc0 com.google.android.gm/com.google.android.gm.LabelsActivity paused=false} mode=3 mCurrentFocus = null
02-03 17:56:39.811 W/WindowManager(26892): updateFocusedWindowLocked newFocus=Window{407aecc0 com.google.android.gm/com.google.android.gm.LabelsActivity paused=false} mode=2 mCurrentFocus = Window{407aecc0 com.google.android.gm/com.google.android.gm.LabelsActivity paused=false}
02-03 17:56:39.811 W/WindowManager(26892): updateFocusedWindowLocked newFocus=Window{407aecc0 com.google.android.gm/com.google.android.gm.LabelsActivity paused=false} mode=2 mCurrentFocus = Window{407aecc0 com.google.android.gm/com.google.android.gm.LabelsActivity paused=false}
02-03 17:56:39.821 W/WindowManager(26892): updateFocusedWindowLocked newFocus=Window{407aecc0 com.google.android.gm/com.google.android.gm.LabelsActivity paused=false} mode=3 mCurrentFocus = Window{407aecc0 com.google.android.gm/com.google.android.gm.LabelsActivity paused=false}
02-03 17:56:40.341 D/StatusBarPolicy(26949): updateDataIcon subscription =0
02-03 17:56:40.692 D/PowerManagerService(26892): setTimeoutLocked now=90766498 timeoutOverride=-1 nextState=3 when=90772498
02-03 17:56:40.832 D/PowerManagerService(26892): setTimeoutLocked now=90766634 timeoutOverride=-1 nextState=3 when=90772634
02-03 17:56:41.022 I/ActivityManager(26892): Starting: Intent { cmp=com.google.android.gm/.ConversationListActivityGmail (has extras) } from pid 32706
02-03 17:56:41.052 W/WindowManager(26892): updateFocusedWindowLocked newFocus=null mode=0 mCurrentFocus = Window{407aecc0 com.google.android.gm/com.google.android.gm.LabelsActivity paused=true}
02-03 17:56:41.062 I/ActivityManager(26892): Starting: Intent { flg=0x2000000 cmp=com.google.android.gm/.ConversationListActivity (has extras) } from pid 32706
02-03 17:56:41.062 W/WindowManager(26892): updateFocusedWindowLocked newFocus=null mode=0 mCurrentFocus = null
02-03 17:56:41.222 D/StatusBarPolicy(26949): onSignalStrengthsChanged:SignalStrength: 99 0 -99 -70 -96 -15 8 99 2147483647 2147483647 2147483647 2147483647 cdma for subscription0
02-03 17:56:41.222 D/StatusBarPolicy(26949): updateSignalStrength on subscription :0
02-03 17:56:41.222 D/StatusBarPolicy(26949): StatusBarPolocy::getIconLevel -EVDO
02-03 17:56:41.222 D/StatusBarPolicy(26949): getEvdoLevel_band_six -evdoDbm:-96
02-03 17:56:41.222 D/StatusBarPolicy(26949): getEvdoLevel_band_six -evdoEcio:-15
02-03 17:56:41.302 W/WindowManager(26892): updateFocusedWindowLocked newFocus=Window{407d1898 com.google.android.gm/com.google.android.gm.ConversationListActivity paused=false} mode=3 mCurrentFocus = null
02-03 17:56:41.422 W/WindowManager(26892): updateFocusedWindowLocked newFocus=Window{407d1898 com.google.android.gm/com.google.android.gm.ConversationListActivity paused=false} mode=2 mCurrentFocus = Window{407d1898 com.google.android.gm/com.google.android.gm.ConversationListActivity paused=false}
02-03 17:56:41.422 W/WindowManager(26892): updateFocusedWindowLocked newFocus=Window{407d1898 com.google.android.gm/com.google.android.gm.ConversationListActivity paused=false} mode=2 mCurrentFocus = Window{407d1898 com.google.android.gm/com.google.android.gm.ConversationListActivity paused=false}
02-03 17:56:41.462 W/WindowManager(26892): updateFocusedWindowLocked newFocus=Window{407d1898 com.google.android.gm/com.google.android.gm.ConversationListActivity paused=false} mode=3 mCurrentFocus = Window{407d1898 com.google.android.gm/com.google.android.gm.ConversationListActivity paused=false}
02-03 17:56:42.353 D/StatusBarPolicy(26949): updateDataIcon subscription =0
02-03 17:56:43.464 D/StatusBarPolicy(26949): onSignalStrengthsChanged:SignalStrength: 99 0 -94 -70 -96 -15 8 99 2147483647 2147483647 2147483647 2147483647 cdma for subscription0
02-03 17:56:43.464 D/StatusBarPolicy(26949): updateSignalStrength on subscription :0
02-03 17:56:43.464 D/StatusBarPolicy(26949): StatusBarPolocy::getIconLevel -EVDO
02-03 17:56:43.464 D/StatusBarPolicy(26949): getEvdoLevel_band_six -evdoDbm:-96
02-03 17:56:43.464 D/StatusBarPolicy(26949): getEvdoLevel_band_six -evdoEcio:-15
02-03 17:56:44.365 D/StatusBarPolicy(26949): updateDataIcon subscription =0
02-03 17:56:45.726 D/StatusBarPolicy(26949): onSignalStrengthsChanged:SignalStrength: 99 0 -94 -70 -94 -15 8 99 2147483647 2147483647 2147483647 2147483647 cdma for subscription0
02-03 17:56:45.726 D/StatusBarPolicy(26949): updateSignalStrength on subscription :0
02-03 17:56:45.726 D/StatusBarPolicy(26949): StatusBarPolocy::getIconLevel -EVDO
02-03 17:56:45.726 D/StatusBarPolicy(26949): getEvdoLevel_band_six -evdoDbm:-94
02-03 17:56:45.747 D/StatusBarPolicy(26949): getEvdoLevel_band_six -evdoEcio:-15
02-03 17:56:46.117 D/PowerManagerService(26892): setTimeoutLocked now=90771914 timeoutOverride=-1 nextState=3 when=90777914
02-03 17:56:46.457 D/PowerManagerService(26892): setTimeoutLocked now=90772266 timeoutOverride=-1 nextState=3 when=90778266
02-03 17:56:46.898 D/PowerManagerService(26892): setTimeoutLocked now=90772706 timeoutOverride=-1 nextState=3 when=90778706
02-03 17:56:47.378 D/StatusBarPolicy(26949): updateDataIcon subscription =0
02-03 17:56:48.399 D/StatusBarPolicy(26949): updateDataIcon subscription =0
02-03 17:56:48.960 D/PowerManagerService(26892): setTimeoutLocked now=90774758 timeoutOverride=-1 nextState=3 when=90780758
02-03 17:56:49.040 D/PowerManagerService(26892): setTimeoutLocked now=90774844 timeoutOverride=-1 nextState=3 when=90780844
02-03 17:56:49.200 I/ActivityManager(26892): Starting: Intent { cmp=com.google.android.gm/.HtmlConversationActivity (has extras) } from pid 32706
02-03 17:56:49.290 W/WindowManager(26892): updateFocusedWindowLocked newFocus=null mode=0 mCurrentFocus = Window{407d1898 com.google.android.gm/com.google.android.gm.ConversationListActivity paused=true}
02-03 17:56:49.410 D/StatusBarPolicy(26949): updateDataIcon subscription =0
02-03 17:56:49.520 W/WindowManager(26892): updateFocusedWindowLocked newFocus=Window{40833e00 com.google.android.gm/com.google.android.gm.HtmlConversationActivity paused=false} mode=3 mCurrentFocus = null
02-03 17:56:49.600 W/WindowManager(26892): updateFocusedWindowLocked newFocus=Window{40833e00 com.google.android.gm/com.google.android.gm.HtmlConversationActivity paused=false} mode=2 mCurrentFocus = Window{40833e00 com.google.android.gm/com.google.android.gm.HtmlConversationActivity paused=false}
02-03 17:56:49.600 W/WindowManager(26892): updateFocusedWindowLocked newFocus=Window{40833e00 com.google.android.gm/com.google.android.gm.HtmlConversationActivity paused=false} mode=2 mCurrentFocus = Window{40833e00 com.google.android.gm/com.google.android.gm.HtmlConversationActivity paused=false}
02-03 17:56:49.620 W/WindowManager(26892): updateFocusedWindowLocked newFocus=Window{40833e00 com.google.android.gm/com.google.android.gm.HtmlConversationActivity paused=false} mode=3 mCurrentFocus = Window{40833e00 com.google.android.gm/com.google.android.gm.HtmlConversationActivity paused=false}
02-03 17:56:52.423 D/StatusBarPolicy(26949): updateDataIcon subscription =0
02-03 17:56:53.824 D/PowerManagerService(26892): setTimeoutLocked now=90779620 timeoutOverride=-1 nextState=3 when=90785620
02-03 17:56:54.145 D/PowerManagerService(26892): setTimeoutLocked now=90779944 timeoutOverride=-1 nextState=3 when=90785944
02-03 17:56:54.675 D/PowerManagerService(26892): setTimeoutLocked now=90780471 timeoutOverride=-1 nextState=3 when=90786471
02-03 17:56:55.206 D/PowerManagerService(26892): setTimeoutLocked now=90780999 timeoutOverride=-1 nextState=3 when=90786999
02-03 17:56:55.636 D/PowerManagerService(26892): setTimeoutLocked now=90781439 timeoutOverride=-1 nextState=3 when=90787439
02-03 17:56:56.327 D/PowerManagerService(26892): setTimeoutLocked now=90782124 timeoutOverride=-1 nextState=3 when=90788124
02-03 17:56:56.637 D/PowerManagerService(26892): setTimeoutLocked now=90782436 timeoutOverride=-1 nextState=3 when=90788436
02-03 17:56:56.907 D/StatusBarPolicy(26949): onSignalStrengthsChanged:SignalStrength: 99 0 -94 -70 -90 -15 8 99 2147483647 2147483647 2147483647 2147483647 cdma for subscription0
02-03 17:56:56.907 D/StatusBarPolicy(26949): updateSignalStrength on subscription :0
02-03 17:56:56.907 D/StatusBarPolicy(26949): StatusBarPolocy::getIconLevel -EVDO
02-03 17:56:56.907 D/StatusBarPolicy(26949): getEvdoLevel_band_six -evdoDbm:-90
02-03 17:56:56.907 D/StatusBarPolicy(26949): getEvdoLevel_band_six -evdoEcio:-15
02-03 17:56:57.278 D/PowerManagerService(26892): setTimeoutLocked now=90783078 timeoutOverride=-1 nextState=3 when=90789078
02-03 17:56:57.788 D/PowerManagerService(26892): setTimeoutLocked now=90783591 timeoutOverride=-1 nextState=3 when=90789591
02-03 17:56:58.289 D/PowerManagerService(26892): setTimeoutLocked now=90784093 timeoutOverride=-1 nextState=3 when=90790093
02-03 17:56:58.789 D/PowerManagerService(26892): setTimeoutLocked now=90784597 timeoutOverride=-1 nextState=3 when=90790597
02-03 17:56:59.049 D/PowerManagerService(26892): setTimeoutLocked now=90784847 timeoutOverride=-1 nextState=3 when=90790847
02-03 17:56:59.480 D/StatusBarPolicy(26949): updateDataIcon subscription =0
02-03 17:56:59.990 D/AlarmManager(26892): scheduleTimeTickEvent calendar=Fri Feb 03 17:58:00 CST 2012
02-03 17:56:59.990 D/AlarmManager(26892): calendar.getTimeInMillis()1328313480000
02-03 17:57:00.201 D/PowerManagerService(26892): setTimeoutLocked now=90786002 timeoutOverride=-1 nextState=3 when=90792002
02-03 17:57:00.511 D/StatusBarPolicy(26949): updateDataIcon subscription =0
02-03 17:57:00.511 D/PowerManagerService(26892): setTimeoutLocked now=90786316 timeoutOverride=-1 nextState=3 when=90792316
02-03 17:57:00.571 D/PowerManagerService(26892): setTimeoutLocked now=90786378 timeoutOverride=-1 nextState=3 when=90792378
02-03 17:57:03.654 D/StatusBarPolicy(26949): onSignalStrengthsChanged:SignalStrength: 99 0 -89 -70 -90 -15 8 99 2147483647 2147483647 2147483647 2147483647 cdma for subscription0
02-03 17:57:03.654 D/StatusBarPolicy(26949): updateSignalStrength on subscription :0
02-03 17:57:03.664 D/StatusBarPolicy(26949): StatusBarPolocy::getIconLevel -EVDO
02-03 17:57:03.664 D/StatusBarPolicy(26949): getEvdoLevel_band_six -evdoDbm:-90
02-03 17:57:03.664 D/StatusBarPolicy(26949): getEvdoLevel_band_six -evdoEcio:-15
02-03 17:57:03.854 D/PowerManagerService(26892): setTimeoutLocked now=90789652 timeoutOverride=-1 nextState=0 when=90796652
02-03 17:57:03.874 W/WindowManager(26892): updateFocusedWindowLocked newFocus=Window{4085adb0 Keyguard paused=false} mode=3 mCurrentFocus = Window{40833e00 com.google.android.gm/com.google.android.gm.HtmlConversationActivity paused=false}
02-03 17:57:35.661 W/WindowManager(26892): updateFocusedWindowLocked newFocus=Window{4085adb0 Keyguard paused=false} mode=3 mCurrentFocus = Window{4085adb0 Keyguard paused=false}
02-03 17:58:00.429 D/AlarmManager(26892): scheduleTimeTickEvent calendar=Fri Feb 03 17:59:00 CST 2012
02-03 17:58:00.429 D/AlarmManager(26892): calendar.getTimeInMillis()1328313540000
02-03 17:59:00.429 D/AlarmManager(26892): scheduleTimeTickEvent calendar=Fri Feb 03 18:00:00 CST 2012
02-03 17:59:00.429 D/AlarmManager(26892): calendar.getTimeInMillis()1328313600000
02-03 17:59:25.843 W/WindowManager(26892): updateFocusedWindowLocked newFocus=Window{4085adb0 Keyguard paused=false} mode=3 mCurrentFocus = Window{4085adb0 Keyguard paused=false}
02-03 18:00:01.429 D/AlarmManager(26892): scheduleTimeTickEvent calendar=Fri Feb 03 18:01:00 CST 2012
02-03 18:00:01.429 D/AlarmManager(26892): calendar.getTimeInMillis()1328313660000
02-03 18:00:56.429 D/RPC     (26892): 3000008c:00050000 received CALL.
02-03 18:00:56.429 D/RPC     (26892): 3000008c:00050000 dispatching RPC call (XID 1393, xdr 0x443dd0) for callback client 3100008c:00050001.
02-03 18:00:56.439 D/RPC     (26892): 3100008c:327681 sending RPC reply (XID 1393)
02-03 18:00:59.992 D/AlarmManager(26892): scheduleTimeTickEvent calendar=Fri Feb 03 18:02:00 CST 2012
02-03 18:00:59.992 D/AlarmManager(26892): calendar.getTimeInMillis()1328313720000
02-03 18:01:07.659 D/RPC     (26892): 3000008c:00050000 sending call (XID 72).
02-03 18:01:07.659 D/RPC     (26892): 3000008c:00050000 received REPLY (XID 72), grabbing mutex to wake up client.
02-03 18:01:07.659 D/RPC     (26892): 3000008c:00050000 call success.
02-03 18:01:07.669 D/RPC     (26892): 3000008c:00050000 sending call (XID 73).
02-03 18:01:07.679 D/RPC     (26892): 3000008c:00050000 received REPLY (XID 73), grabbing mutex to wake up client.
02-03 18:01:07.679 D/RPC     (26892): 3000008c:00050000 call success.
02-03 18:01:07.689 D/RPC     (26892): 3000008c:00050000 sending call (XID 74).
02-03 18:01:07.689 D/RPC     (26892): 3000008c:00050000 received REPLY (XID 74), grabbing mutex to wake up client.
02-03 18:01:07.689 D/RPC     (26892): 3000008c:00050000 call success.
02-03 18:01:07.709 D/RPC     (26892): 3000008c:00050000 sending call (XID 75).
02-03 18:01:07.709 D/RPC     (26892): 3000008c:00050000 received REPLY (XID 75), grabbing mutex to wake up client.
02-03 18:01:07.709 D/RPC     (26892): 3000008c:00050000 call success.
02-03 18:01:07.719 D/RPC     (26892): 3000008c:00050000 sending call (XID 76).
02-03 18:01:07.719 D/RPC     (26892): 3000008c:00050000 received REPLY (XID 76), grabbing mutex to wake up client.
02-03 18:01:07.719 D/RPC     (26892): 3000008c:00050000 call success.
02-03 18:01:07.729 D/RPC     (26892): 3000008c:00050000 sending call (XID 77).
