02-03 17:11:10.694 D/StatusBarPolicy(26949): updateDataIcon subscription =0
02-03 17:11:15.278 D/StatusBarPolicy(26949): onSignalStrengthsChanged:SignalStrength: 99 0 -86 -70 -84 -5 8 99 2147483647 2147483647 2147483647 2147483647 cdma for subscription0
02-03 17:11:15.278 D/StatusBarPolicy(26949): updateSignalStrength on subscription :0
02-03 17:11:15.278 D/StatusBarPolicy(26949): StatusBarPolocy::getIconLevel -EVDO
02-03 17:11:15.278 D/StatusBarPolicy(26949): getEvdoLevel_band_six -evdoDbm:-84
02-03 17:11:15.278 D/StatusBarPolicy(26949): getEvdoLevel_band_six -evdoEcio:-5
02-03 17:11:19.773 D/StatusBarPolicy(26949): onSignalStrengthsChanged:SignalStrength: 99 0 -86 -70 -94 -5 8 99 2147483647 2147483647 2147483647 2147483647 cdma for subscription0
02-03 17:11:19.773 D/StatusBarPolicy(26949): updateSignalStrength on subscription :0
02-03 17:11:19.773 D/StatusBarPolicy(26949): StatusBarPolocy::getIconLevel -EVDO
02-03 17:11:19.783 D/StatusBarPolicy(26949): getEvdoLevel_band_six -evdoDbm:-94
02-03 17:11:19.783 D/StatusBarPolicy(26949): getEvdoLevel_band_six -evdoEcio:-5
02-03 17:11:20.834 D/StatusBarPolicy(26949): updateDataIcon subscription =0
02-03 17:11:21.855 D/StatusBarPolicy(26949): updateDataIcon subscription =0
02-03 17:11:21.995 D/StatusBarPolicy(26949): onSignalStrengthsChanged:SignalStrength: 99 0 -86 -70 -93 -5 8 99 2147483647 2147483647 2147483647 2147483647 cdma for subscription0
02-03 17:11:22.005 D/StatusBarPolicy(26949): updateSignalStrength on subscription :0
02-03 17:11:22.035 D/StatusBarPolicy(26949): StatusBarPolocy::getIconLevel -EVDO
02-03 17:11:22.035 D/StatusBarPolicy(26949): getEvdoLevel_band_six -evdoDbm:-93
02-03 17:11:22.035 D/StatusBarPolicy(26949): getEvdoLevel_band_six -evdoEcio:-5
02-03 17:11:26.479 D/StatusBarPolicy(26949): onSignalStrengthsChanged:SignalStrength: 99 0 -86 -70 -90 -5 8 99 2147483647 2147483647 2147483647 2147483647 cdma for subscription0
02-03 17:11:26.479 D/StatusBarPolicy(26949): updateSignalStrength on subscription :0
02-03 17:11:26.479 D/StatusBarPolicy(26949): StatusBarPolocy::getIconLevel -EVDO
02-03 17:11:26.479 D/StatusBarPolicy(26949): getEvdoLevel_band_six -evdoDbm:-90
02-03 17:11:26.489 D/StatusBarPolicy(26949): getEvdoLevel_band_six -evdoEcio:-5
02-03 17:11:30.963 D/StatusBarPolicy(26949): updateDataIcon subscription =0
02-03 17:11:31.004 D/StatusBarPolicy(26949): onSignalStrengthsChanged:SignalStrength: 99 0 -91 -70 -90 -5 8 99 2147483647 2147483647 2147483647 2147483647 cdma for subscription0
02-03 17:11:31.004 D/StatusBarPolicy(26949): updateSignalStrength on subscription :0
02-03 17:11:31.004 D/StatusBarPolicy(26949): StatusBarPolocy::getIconLevel -EVDO
02-03 17:11:31.004 D/StatusBarPolicy(26949): getEvdoLevel_band_six -evdoDbm:-90
02-03 17:11:31.004 D/StatusBarPolicy(26949): getEvdoLevel_band_six -evdoEcio:-5
02-03 17:11:31.984 D/StatusBarPolicy(26949): updateDataIcon subscription =0
02-03 17:11:41.093 D/StatusBarPolicy(26949): updateDataIcon subscription =0
02-03 17:11:42.114 D/StatusBarPolicy(26949): updateDataIcon subscription =0
02-03 17:11:42.174 D/StatusBarPolicy(26949): onSignalStrengthsChanged:SignalStrength: 99 0 -91 -70 -88 -5 8 99 2147483647 2147483647 2147483647 2147483647 cdma for subscription0
02-03 17:11:42.174 D/StatusBarPolicy(26949): updateSignalStrength on subscription :0
02-03 17:11:42.174 D/StatusBarPolicy(26949): StatusBarPolocy::getIconLevel -EVDO
02-03 17:11:42.174 D/StatusBarPolicy(26949): getEvdoLevel_band_six -evdoDbm:-88
02-03 17:11:42.174 D/StatusBarPolicy(26949): getEvdoLevel_band_six -evdoEcio:-5
02-03 17:11:44.407 D/StatusBarPolicy(26949): onSignalStrengthsChanged:SignalStrength: 99 0 -91 -70 -87 -5 8 99 2147483647 2147483647 2147483647 2147483647 cdma for subscription0
02-03 17:11:44.407 D/StatusBarPolicy(26949): updateSignalStrength on subscription :0
02-03 17:11:44.417 D/StatusBarPolicy(26949): StatusBarPolocy::getIconLevel -EVDO
02-03 17:11:44.417 D/StatusBarPolicy(26949): getEvdoLevel_band_six -evdoDbm:-87
02-03 17:11:44.427 D/StatusBarPolicy(26949): getEvdoLevel_band_six -evdoEcio:-5
02-03 17:11:48.891 D/StatusBarPolicy(26949): onSignalStrengthsChanged:SignalStrength: 99 0 -91 -70 -86 -5 8 99 2147483647 2147483647 2147483647 2147483647 cdma for subscription0
02-03 17:11:48.891 D/StatusBarPolicy(26949): updateSignalStrength on subscription :0
02-03 17:11:48.891 D/StatusBarPolicy(26949): StatusBarPolocy::getIconLevel -EVDO
02-03 17:11:48.891 D/StatusBarPolicy(26949): getEvdoLevel_band_six -evdoDbm:-86
02-03 17:11:48.891 D/StatusBarPolicy(26949): getEvdoLevel_band_six -evdoEcio:-5
02-03 17:11:51.213 D/StatusBarPolicy(26949): updateDataIcon subscription =0
02-03 17:11:52.224 D/StatusBarPolicy(26949): updateDataIcon subscription =0
02-03 17:11:55.628 D/StatusBarPolicy(26949): onSignalStrengthsChanged:SignalStrength: 99 0 -90 -315 -94 -10 8 99 2147483647 2147483647 2147483647 2147483647 cdma for subscription0
02-03 17:11:55.628 D/StatusBarPolicy(26949): updateSignalStrength on subscription :0
02-03 17:11:55.628 D/StatusBarPolicy(26949): StatusBarPolocy::getIconLevel -EVDO
02-03 17:11:55.628 D/StatusBarPolicy(26949): getEvdoLevel_band_six -evdoDbm:-94
02-03 17:11:55.628 D/StatusBarPolicy(26949): getEvdoLevel_band_six -evdoEcio:-10
02-03 17:11:57.870 D/StatusBarPolicy(26949): onSignalStrengthsChanged:SignalStrength: 99 0 -120 -70 -120 -10 8 99 2147483647 2147483647 2147483647 2147483647 cdma for subscription0
02-03 17:11:57.870 D/StatusBarPolicy(26949): updateSignalStrength on subscription :0
02-03 17:11:57.870 D/StatusBarPolicy(26949): StatusBarPolocy::getIconLevel -EVDO
02-03 17:11:57.870 D/StatusBarPolicy(26949): getEvdoLevel_band_six -evdoDbm:-120
02-03 17:11:57.880 D/StatusBarPolicy(26949): getEvdoLevel_band_six -evdoEcio:-10
02-03 17:11:57.900 D/StatusBarPolicy(26949): onSignalStrengthsChanged:SignalStrength: 99 0 -90 -70 -92 -10 8 99 2147483647 2147483647 2147483647 2147483647 cdma for subscription0
02-03 17:11:57.900 D/StatusBarPolicy(26949): updateSignalStrength on subscription :0
02-03 17:11:57.900 D/StatusBarPolicy(26949): StatusBarPolocy::getIconLevel -EVDO
02-03 17:11:57.900 D/StatusBarPolicy(26949): getEvdoLevel_band_six -evdoDbm:-92
02-03 17:11:57.900 D/StatusBarPolicy(26949): getEvdoLevel_band_six -evdoEcio:-10
02-03 17:12:00.002 D/AlarmManager(26892): scheduleTimeTickEvent calendar=Fri Feb 03 17:13:00 CST 2012
02-03 17:12:00.002 D/AlarmManager(26892): calendar.getTimeInMillis()1328310780000
02-03 17:12:01.323 D/StatusBarPolicy(26949): updateDataIcon subscription =0
02-03 17:12:02.354 D/StatusBarPolicy(26949): updateDataIcon subscription =0
02-03 17:12:02.374 D/StatusBarPolicy(26949): onSignalStrengthsChanged:SignalStrength: 99 0 -90 -70 -87 -10 8 99 2147483647 2147483647 2147483647 2147483647 cdma for subscription0
02-03 17:12:02.374 D/StatusBarPolicy(26949): updateSignalStrength on subscription :0
02-03 17:12:02.374 D/StatusBarPolicy(26949): StatusBarPolocy::getIconLevel -EVDO
02-03 17:12:02.374 D/StatusBarPolicy(26949): getEvdoLevel_band_six -evdoDbm:-87
02-03 17:12:02.374 D/StatusBarPolicy(26949): getEvdoLevel_band_six -evdoEcio:-10
02-03 17:12:11.473 D/StatusBarPolicy(26949): updateDataIcon subscription =0
02-03 17:12:12.494 D/StatusBarPolicy(26949): updateDataIcon subscription =0
02-03 17:12:18.019 D/StatusBarPolicy(26949): onSignalStrengthsChanged:SignalStrength: 99 0 -90 -70 -82 -10 8 99 2147483647 2147483647 2147483647 2147483647 cdma for subscription0
02-03 17:12:18.019 D/StatusBarPolicy(26949): updateSignalStrength on subscription :0
02-03 17:12:18.019 D/StatusBarPolicy(26949): StatusBarPolocy::getIconLevel -EVDO
02-03 17:12:18.019 D/StatusBarPolicy(26949): getEvdoLevel_band_six -evdoDbm:-82
02-03 17:12:18.019 D/StatusBarPolicy(26949): getEvdoLevel_band_six -evdoEcio:-10
02-03 17:12:22.494 D/StatusBarPolicy(26949): onSignalStrengthsChanged:SignalStrength: 99 0 -90 -70 -83 -10 8 99 2147483647 2147483647 2147483647 2147483647 cdma for subscription0
02-03 17:12:22.494 D/StatusBarPolicy(26949): updateSignalStrength on subscription :0
02-03 17:12:22.494 D/StatusBarPolicy(26949): StatusBarPolocy::getIconLevel -EVDO
02-03 17:12:22.494 D/StatusBarPolicy(26949): getEvdoLevel_band_six -evdoDbm:-83
02-03 17:12:22.494 D/StatusBarPolicy(26949): getEvdoLevel_band_six -evdoEcio:-10
02-03 17:12:22.604 D/StatusBarPolicy(26949): updateDataIcon subscription =0
02-03 17:12:23.625 D/StatusBarPolicy(26949): updateDataIcon subscription =0
02-03 17:12:31.473 D/StatusBarPolicy(26949): onSignalStrengthsChanged:SignalStrength: 99 0 -90 -70 -82 -10 8 99 2147483647 2147483647 2147483647 2147483647 cdma for subscription0
02-03 17:12:31.473 D/StatusBarPolicy(26949): updateSignalStrength on subscription :0
02-03 17:12:31.473 D/StatusBarPolicy(26949): StatusBarPolocy::getIconLevel -EVDO
02-03 17:12:31.473 D/StatusBarPolicy(26949): getEvdoLevel_band_six -evdoDbm:-82
02-03 17:12:31.473 D/StatusBarPolicy(26949): getEvdoLevel_band_six -evdoEcio:-10
02-03 17:12:32.734 D/StatusBarPolicy(26949): updateDataIcon subscription =0
02-03 17:12:33.745 D/StatusBarPolicy(26949): updateDataIcon subscription =0
02-03 17:12:42.844 D/StatusBarPolicy(26949): updateDataIcon subscription =0
02-03 17:12:43.875 D/StatusBarPolicy(26949): updateDataIcon subscription =0
02-03 17:12:53.664 D/NetdConnector(26892): SND -> {interface readrxcounter rmnet0} {null}
02-03 17:12:53.684 D/NetdConnector(26892): RCV <- {216 348462691}
02-03 17:12:53.684 D/NetdConnector(26892): RSP <- {216 348462691}
02-03 17:12:53.694 D/NetdConnector(26892): SND -> {interface readtxcounter rmnet0} {null}
02-03 17:12:53.694 D/NetdConnector(26892): RCV <- {217 16594584}
02-03 17:12:53.694 D/NetdConnector(26892): RSP <- {217 16594584}
02-03 17:12:54.005 D/StatusBarPolicy(26949): updateDataIcon subscription =0
02-03 17:12:55.036 D/StatusBarPolicy(26949): updateDataIcon subscription =0
02-03 17:13:00.010 D/AlarmManager(26892): scheduleTimeTickEvent calendar=Fri Feb 03 17:14:00 CST 2012
02-03 17:13:00.010 D/AlarmManager(26892): calendar.getTimeInMillis()1328310840000
02-03 17:13:02.823 D/StatusBarPolicy(26949): onSignalStrengthsChanged:SignalStrength: 99 0 -90 -70 -83 -10 8 99 2147483647 2147483647 2147483647 2147483647 cdma for subscription0
02-03 17:13:02.823 D/StatusBarPolicy(26949): updateSignalStrength on subscription :0
02-03 17:13:02.823 D/StatusBarPolicy(26949): StatusBarPolocy::getIconLevel -EVDO
02-03 17:13:02.823 D/StatusBarPolicy(26949): getEvdoLevel_band_six -evdoDbm:-83
02-03 17:13:02.823 D/StatusBarPolicy(26949): getEvdoLevel_band_six -evdoEcio:-10
02-03 17:13:04.134 D/StatusBarPolicy(26949): updateDataIcon subscription =0
02-03 17:13:05.145 D/StatusBarPolicy(26949): updateDataIcon subscription =0
02-03 17:13:14.244 D/StatusBarPolicy(26949): updateDataIcon subscription =0
02-03 17:13:15.265 D/StatusBarPolicy(26949): updateDataIcon subscription =0
02-03 17:13:25.405 D/StatusBarPolicy(26949): updateDataIcon subscription =0
02-03 17:13:26.426 D/StatusBarPolicy(26949): updateDataIcon subscription =0
02-03 17:13:35.535 D/StatusBarPolicy(26949): updateDataIcon subscription =0
02-03 17:13:36.426 D/StatusBarPolicy(26949): onSignalStrengthsChanged:SignalStrength: 99 0 -90 -70 -84 -10 8 99 2147483647 2147483647 2147483647 2147483647 cdma for subscription0
02-03 17:13:36.426 D/StatusBarPolicy(26949): updateSignalStrength on subscription :0
02-03 17:13:36.426 D/StatusBarPolicy(26949): StatusBarPolocy::getIconLevel -EVDO
02-03 17:13:36.426 D/StatusBarPolicy(26949): getEvdoLevel_band_six -evdoDbm:-84
02-03 17:13:36.436 D/StatusBarPolicy(26949): getEvdoLevel_band_six -evdoEcio:-10
02-03 17:13:36.546 D/StatusBarPolicy(26949): updateDataIcon subscription =0
02-03 17:13:38.668 D/StatusBarPolicy(26949): onSignalStrengthsChanged:SignalStrength: 99 0 -86 -90 -84 -10 8 99 2147483647 2147483647 2147483647 2147483647 cdma for subscription0
02-03 17:13:38.668 D/StatusBarPolicy(26949): updateSignalStrength on subscription :0
02-03 17:13:38.678 D/StatusBarPolicy(26949): StatusBarPolocy::getIconLevel -EVDO
02-03 17:13:38.678 D/StatusBarPolicy(26949): getEvdoLevel_band_six -evdoDbm:-84
02-03 17:13:38.688 D/StatusBarPolicy(26949): getEvdoLevel_band_six -evdoEcio:-10
02-03 17:13:43.172 D/StatusBarPolicy(26949): onSignalStrengthsChanged:SignalStrength: 99 0 -86 -70 -84 -10 8 99 2147483647 2147483647 2147483647 2147483647 cdma for subscription0
02-03 17:13:43.172 D/StatusBarPolicy(26949): updateSignalStrength on subscription :0
02-03 17:13:43.182 D/StatusBarPolicy(26949): StatusBarPolocy::getIconLevel -EVDO
02-03 17:13:43.182 D/StatusBarPolicy(26949): getEvdoLevel_band_six -evdoDbm:-84
02-03 17:13:43.182 D/StatusBarPolicy(26949): getEvdoLevel_band_six -evdoEcio:-10
02-03 17:13:45.635 D/StatusBarPolicy(26949): updateDataIcon subscription =0
02-03 17:13:46.646 D/StatusBarPolicy(26949): updateDataIcon subscription =0
02-03 17:13:54.353 D/StatusBarPolicy(26949): onSignalStrengthsChanged:SignalStrength: 99 0 -86 -70 -83 -10 8 99 2147483647 2147483647 2147483647 2147483647 cdma for subscription0
02-03 17:13:54.353 D/StatusBarPolicy(26949): updateSignalStrength on subscription :0
02-03 17:13:54.363 D/StatusBarPolicy(26949): StatusBarPolocy::getIconLevel -EVDO
02-03 17:13:54.363 D/StatusBarPolicy(26949): getEvdoLevel_band_six -evdoDbm:-83
02-03 17:13:54.363 D/StatusBarPolicy(26949): getEvdoLevel_band_six -evdoEcio:-10
02-03 17:13:56.726 D/StatusBarPolicy(26949): updateDataIcon subscription =0
02-03 17:13:57.747 D/StatusBarPolicy(26949): updateDataIcon subscription =0
02-03 17:14:00.009 D/AlarmManager(26892): scheduleTimeTickEvent calendar=Fri Feb 03 17:15:00 CST 2012
02-03 17:14:00.009 D/AlarmManager(26892): calendar.getTimeInMillis()1328310900000
02-03 17:14:06.856 D/StatusBarPolicy(26949): updateDataIcon subscription =0
02-03 17:14:07.877 D/StatusBarPolicy(26949): updateDataIcon subscription =0
02-03 17:14:16.985 D/StatusBarPolicy(26949): updateDataIcon subscription =0
02-03 17:14:18.006 D/StatusBarPolicy(26949): updateDataIcon subscription =0
02-03 17:14:19.017 D/StatusBarPolicy(26949): onSignalStrengthsChanged:SignalStrength: 99 0 -86 -70 -81 -10 8 99 2147483647 2147483647 2147483647 2147483647 cdma for subscription0
02-03 17:14:19.017 D/StatusBarPolicy(26949): updateSignalStrength on subscription :0
02-03 17:14:19.027 D/StatusBarPolicy(26949): StatusBarPolocy::getIconLevel -EVDO
02-03 17:14:19.027 D/StatusBarPolicy(26949): getEvdoLevel_band_six -evdoDbm:-81
02-03 17:14:19.027 D/StatusBarPolicy(26949): getEvdoLevel_band_six -evdoEcio:-10
02-03 17:14:28.126 D/StatusBarPolicy(26949): updateDataIcon subscription =0
02-03 17:14:29.147 D/StatusBarPolicy(26949): updateDataIcon subscription =0
02-03 17:14:38.256 D/StatusBarPolicy(26949): updateDataIcon subscription =0
02-03 17:14:39.277 D/StatusBarPolicy(26949): updateDataIcon subscription =0
02-03 17:14:48.376 D/StatusBarPolicy(26949): updateDataIcon subscription =0
02-03 17:14:49.397 D/StatusBarPolicy(26949): updateDataIcon subscription =0
02-03 17:14:54.832 D/StatusBarPolicy(26949): onSignalStrengthsChanged:SignalStrength: 99 0 -86 -70 -91 -10 8 99 2147483647 2147483647 2147483647 2147483647 cdma for subscription0
02-03 17:14:54.842 D/StatusBarPolicy(26949): updateSignalStrength on subscription :0
02-03 17:14:54.842 D/StatusBarPolicy(26949): StatusBarPolocy::getIconLevel -EVDO
02-03 17:14:54.842 D/StatusBarPolicy(26949): getEvdoLevel_band_six -evdoDbm:-91
02-03 17:14:54.842 D/StatusBarPolicy(26949): getEvdoLevel_band_six -evdoEcio:-10
02-03 17:14:57.085 D/StatusBarPolicy(26949): onSignalStrengthsChanged:SignalStrength: 99 0 -86 -70 -89 -10 8 99 2147483647 2147483647 2147483647 2147483647 cdma for subscription0
02-03 17:14:57.085 D/StatusBarPolicy(26949): updateSignalStrength on subscription :0
02-03 17:14:57.085 D/StatusBarPolicy(26949): StatusBarPolocy::getIconLevel -EVDO
02-03 17:14:57.085 D/StatusBarPolicy(26949): getEvdoLevel_band_six -evdoDbm:-89
02-03 17:14:57.095 D/StatusBarPolicy(26949): getEvdoLevel_band_six -evdoEcio:-10
02-03 17:14:59.327 D/StatusBarPolicy(26949): onSignalStrengthsChanged:SignalStrength: 99 0 -86 -70 -87 -10 8 99 2147483647 2147483647 2147483647 2147483647 cdma for subscription0
02-03 17:14:59.327 D/StatusBarPolicy(26949): updateSignalStrength on subscription :0
02-03 17:14:59.327 D/StatusBarPolicy(26949): StatusBarPolocy::getIconLevel -EVDO
02-03 17:14:59.327 D/StatusBarPolicy(26949): getEvdoLevel_band_six -evdoDbm:-87
02-03 17:14:59.327 D/StatusBarPolicy(26949): getEvdoLevel_band_six -evdoEcio:-10
02-03 17:14:59.517 D/StatusBarPolicy(26949): updateDataIcon subscription =0
02-03 17:15:00.007 D/AlarmManager(26892): scheduleTimeTickEvent calendar=Fri Feb 03 17:16:00 CST 2012
02-03 17:15:00.007 D/AlarmManager(26892): calendar.getTimeInMillis()1328310960000
02-03 17:15:00.538 D/StatusBarPolicy(26949): updateDataIcon subscription =0
02-03 17:15:09.647 D/StatusBarPolicy(26949): updateDataIcon subscription =0
02-03 17:15:10.668 D/StatusBarPolicy(26949): updateDataIcon subscription =0
02-03 17:15:11.679 D/StatusBarPolicy(26949): updateDataIcon subscription =0
02-03 17:15:12.680 D/StatusBarPolicy(26949): updateDataIcon subscription =0
02-03 17:15:15.002 D/StatusBarPolicy(26949): onSignalStrengthsChanged:SignalStrength: 99 0 -86 -70 -84 -10 8 99 2147483647 2147483647 2147483647 2147483647 cdma for subscription0
02-03 17:15:15.002 D/StatusBarPolicy(26949): updateSignalStrength on subscription :0
02-03 17:15:15.032 D/StatusBarPolicy(26949): StatusBarPolocy::getIconLevel -EVDO
02-03 17:15:15.032 D/StatusBarPolicy(26949): getEvdoLevel_band_six -evdoDbm:-84
02-03 17:15:15.032 D/StatusBarPolicy(26949): getEvdoLevel_band_six -evdoEcio:-10
02-03 17:15:17.234 D/StatusBarPolicy(26949): onSignalStrengthsChanged:SignalStrength: 99 0 -86 -70 -83 -10 8 99 2147483647 2147483647 2147483647 2147483647 cdma for subscription0
02-03 17:15:17.234 D/StatusBarPolicy(26949): updateSignalStrength on subscription :0
02-03 17:15:17.234 D/StatusBarPolicy(26949): StatusBarPolocy::getIconLevel -EVDO
02-03 17:15:17.254 D/StatusBarPolicy(26949): getEvdoLevel_band_six -evdoDbm:-83
02-03 17:15:17.254 D/StatusBarPolicy(26949): getEvdoLevel_band_six -evdoEcio:-10
02-03 17:15:19.737 D/StatusBarPolicy(26949): updateDataIcon subscription =0
02-03 17:15:20.768 D/StatusBarPolicy(26949): updateDataIcon subscription =0
02-03 17:15:23.971 D/StatusBarPolicy(26949): onSignalStrengthsChanged:SignalStrength: 99 0 -86 -70 -82 -10 8 99 2147483647 2147483647 2147483647 2147483647 cdma for subscription0
02-03 17:15:23.971 D/StatusBarPolicy(26949): updateSignalStrength on subscription :0
02-03 17:15:23.971 D/StatusBarPolicy(26949): StatusBarPolocy::getIconLevel -EVDO
02-03 17:15:23.971 D/StatusBarPolicy(26949): getEvdoLevel_band_six -evdoDbm:-82
02-03 17:15:23.971 D/StatusBarPolicy(26949): getEvdoLevel_band_six -evdoEcio:-10
02-03 17:15:28.445 D/StatusBarPolicy(26949): onSignalStrengthsChanged:SignalStrength: 99 0 -86 -70 -81 -10 8 99 2147483647 2147483647 2147483647 2147483647 cdma for subscription0
02-03 17:15:28.445 D/StatusBarPolicy(26949): updateSignalStrength on subscription :0
02-03 17:15:28.445 D/StatusBarPolicy(26949): StatusBarPolocy::getIconLevel -EVDO
02-03 17:15:28.445 D/StatusBarPolicy(26949): getEvdoLevel_band_six -evdoDbm:-81
02-03 17:15:28.465 D/StatusBarPolicy(26949): getEvdoLevel_band_six -evdoEcio:-10
02-03 17:15:29.877 D/StatusBarPolicy(26949): updateDataIcon subscription =0
02-03 17:15:30.697 D/StatusBarPolicy(26949): onSignalStrengthsChanged:SignalStrength: 99 0 -86 -70 -80 -10 8 99 2147483647 2147483647 2147483647 2147483647 cdma for subscription0
02-03 17:15:30.697 D/StatusBarPolicy(26949): updateSignalStrength on subscription :0
02-03 17:15:30.707 D/StatusBarPolicy(26949): StatusBarPolocy::getIconLevel -EVDO
02-03 17:15:30.707 D/StatusBarPolicy(26949): getEvdoLevel_band_six -evdoDbm:-80
02-03 17:15:30.707 D/StatusBarPolicy(26949): getEvdoLevel_band_six -evdoEcio:-10
02-03 17:15:30.898 D/StatusBarPolicy(26949): updateDataIcon subscription =0
02-03 17:15:37.404 D/StatusBarPolicy(26949): onSignalStrengthsChanged:SignalStrength: 99 0 -86 -70 -81 -10 8 99 2147483647 2147483647 2147483647 2147483647 cdma for subscription0
02-03 17:15:37.404 D/StatusBarPolicy(26949): updateSignalStrength on subscription :0
02-03 17:15:37.404 D/StatusBarPolicy(26949): StatusBarPolocy::getIconLevel -EVDO
02-03 17:15:37.404 D/StatusBarPolicy(26949): getEvdoLevel_band_six -evdoDbm:-81
02-03 17:15:37.404 D/StatusBarPolicy(26949): getEvdoLevel_band_six -evdoEcio:-10
02-03 17:15:40.006 D/StatusBarPolicy(26949): updateDataIcon subscription =0
02-03 17:15:41.027 D/StatusBarPolicy(26949): updateDataIcon subscription =0
02-03 17:15:50.146 D/StatusBarPolicy(26949): updateDataIcon subscription =0
02-03 17:15:51.177 D/StatusBarPolicy(26949): updateDataIcon subscription =0
02-03 17:15:53.089 D/StatusBarPolicy(26949): onSignalStrengthsChanged:SignalStrength: 99 0 -86 -70 -82 -10 8 99 2147483647 2147483647 2147483647 2147483647 cdma for subscription0
02-03 17:15:53.089 D/StatusBarPolicy(26949): updateSignalStrength on subscription :0
02-03 17:15:53.089 D/StatusBarPolicy(26949): StatusBarPolocy::getIconLevel -EVDO
02-03 17:15:53.089 D/StatusBarPolicy(26949): getEvdoLevel_band_six -evdoDbm:-82
02-03 17:15:53.099 D/StatusBarPolicy(26949): getEvdoLevel_band_six -evdoEcio:-10
02-03 17:16:00.006 D/AlarmManager(26892): scheduleTimeTickEvent calendar=Fri Feb 03 17:17:00 CST 2012
02-03 17:16:00.006 D/AlarmManager(26892): calendar.getTimeInMillis()1328311020000
02-03 17:16:00.266 D/StatusBarPolicy(26949): updateDataIcon subscription =0
02-03 17:16:01.297 D/StatusBarPolicy(26949): updateDataIcon subscription =0
02-03 17:16:06.542 D/StatusBarPolicy(26949): onSignalStrengthsChanged:SignalStrength: 99 0 -86 -70 -69 -10 8 99 2147483647 2147483647 2147483647 2147483647 cdma for subscription0
02-03 17:16:06.542 D/StatusBarPolicy(26949): updateSignalStrength on subscription :0
02-03 17:16:06.552 D/StatusBarPolicy(26949): StatusBarPolocy::getIconLevel -EVDO
02-03 17:16:06.552 D/StatusBarPolicy(26949): getEvdoLevel_band_six -evdoDbm:-69
02-03 17:16:06.552 D/StatusBarPolicy(26949): getEvdoLevel_band_six -evdoEcio:-10
02-03 17:16:08.785 D/StatusBarPolicy(26949): onSignalStrengthsChanged:SignalStrength: 99 0 -86 -70 -73 -10 8 99 2147483647 2147483647 2147483647 2147483647 cdma for subscription0
02-03 17:16:08.785 D/StatusBarPolicy(26949): updateSignalStrength on subscription :0
02-03 17:16:08.795 D/StatusBarPolicy(26949): StatusBarPolocy::getIconLevel -EVDO
02-03 17:16:08.795 D/StatusBarPolicy(26949): getEvdoLevel_band_six -evdoDbm:-73
02-03 17:16:08.795 D/StatusBarPolicy(26949): getEvdoLevel_band_six -evdoEcio:-10
02-03 17:16:11.427 D/StatusBarPolicy(26949): updateDataIcon subscription =0
02-03 17:16:12.448 D/StatusBarPolicy(26949): updateDataIcon subscription =0
02-03 17:16:15.511 D/StatusBarPolicy(26949): onSignalStrengthsChanged:SignalStrength: 99 0 -86 -70 -78 -10 8 99 2147483647 2147483647 2147483647 2147483647 cdma for subscription0
02-03 17:16:15.511 D/StatusBarPolicy(26949): updateSignalStrength on subscription :0
02-03 17:16:15.511 D/StatusBarPolicy(26949): StatusBarPolocy::getIconLevel -EVDO
02-03 17:16:15.511 D/StatusBarPolicy(26949): getEvdoLevel_band_six -evdoDbm:-78
02-03 17:16:15.511 D/StatusBarPolicy(26949): getEvdoLevel_band_six -evdoEcio:-10
02-03 17:16:19.965 D/StatusBarPolicy(26949): onSignalStrengthsChanged:SignalStrength: 99 0 -86 -70 -80 -10 8 99 2147483647 2147483647 2147483647 2147483647 cdma for subscription0
02-03 17:16:19.965 D/StatusBarPolicy(26949): updateSignalStrength on subscription :0
02-03 17:16:19.965 D/StatusBarPolicy(26949): StatusBarPolocy::getIconLevel -EVDO
02-03 17:16:19.965 D/StatusBarPolicy(26949): getEvdoLevel_band_six -evdoDbm:-80
02-03 17:16:19.965 D/StatusBarPolicy(26949): getEvdoLevel_band_six -evdoEcio:-10
02-03 17:16:21.567 D/StatusBarPolicy(26949): updateDataIcon subscription =0
02-03 17:16:22.588 D/StatusBarPolicy(26949): updateDataIcon subscription =0
02-03 17:16:31.687 D/StatusBarPolicy(26949): updateDataIcon subscription =0
02-03 17:16:32.708 D/StatusBarPolicy(26949): updateDataIcon subscription =0
02-03 17:16:40.816 D/StatusBarPolicy(26949): updateDataIcon subscription =0
02-03 17:16:41.837 D/StatusBarPolicy(26949): updateDataIcon subscription =0
02-03 17:16:42.377 D/StatusBarPolicy(26949): onSignalStrengthsChanged:SignalStrength: 99 0 -86 -70 -81 -10 8 99 2147483647 2147483647 2147483647 2147483647 cdma for subscription0
02-03 17:16:42.377 D/StatusBarPolicy(26949): updateSignalStrength on subscription :0
02-03 17:16:42.387 D/StatusBarPolicy(26949): StatusBarPolocy::getIconLevel -EVDO
02-03 17:16:42.387 D/StatusBarPolicy(26949): getEvdoLevel_band_six -evdoDbm:-81
02-03 17:16:42.387 D/StatusBarPolicy(26949): getEvdoLevel_band_six -evdoEcio:-10
02-03 17:16:46.942 D/StatusBarPolicy(26949): updateDataIcon subscription =0
02-03 17:16:47.953 D/StatusBarPolicy(26949): updateDataIcon subscription =0
02-03 17:16:49.084 D/StatusBarPolicy(26949): onSignalStrengthsChanged:SignalStrength: 99 0 -86 -70 -82 -10 8 99 2147483647 2147483647 2147483647 2147483647 cdma for subscription0
02-03 17:16:49.084 D/StatusBarPolicy(26949): updateSignalStrength on subscription :0
02-03 17:16:49.094 D/StatusBarPolicy(26949): StatusBarPolocy::getIconLevel -EVDO
02-03 17:16:49.094 D/StatusBarPolicy(26949): getEvdoLevel_band_six -evdoDbm:-82
02-03 17:16:49.094 D/StatusBarPolicy(26949): getEvdoLevel_band_six -evdoEcio:-10
02-03 17:16:50.966 D/StatusBarPolicy(26949): updateDataIcon subscription =0
02-03 17:16:51.967 D/StatusBarPolicy(26949): updateDataIcon subscription =0
02-03 17:16:53.588 D/StatusBarPolicy(26949): onSignalStrengthsChanged:SignalStrength: 99 0 -86 -70 -84 -10 8 99 2147483647 2147483647 2147483647 2147483647 cdma for subscription0
02-03 17:16:53.588 D/StatusBarPolicy(26949): updateSignalStrength on subscription :0
02-03 17:16:53.588 D/StatusBarPolicy(26949): StatusBarPolocy::getIconLevel -EVDO
02-03 17:16:53.588 D/StatusBarPolicy(26949): getEvdoLevel_band_six -evdoDbm:-84
02-03 17:16:53.588 D/StatusBarPolicy(26949): getEvdoLevel_band_six -evdoEcio:-10
02-03 17:17:00.005 D/AlarmManager(26892): scheduleTimeTickEvent calendar=Fri Feb 03 17:18:00 CST 2012
02-03 17:17:00.005 D/AlarmManager(26892): calendar.getTimeInMillis()1328311080000
02-03 17:17:02.077 D/StatusBarPolicy(26949): updateDataIcon subscription =0
02-03 17:17:03.098 D/StatusBarPolicy(26949): updateDataIcon subscription =0
02-03 17:17:09.153 D/StatusBarPolicy(26949): updateDataIcon subscription =0
02-03 17:17:10.164 D/StatusBarPolicy(26949): updateDataIcon subscription =0
02-03 17:17:12.196 D/StatusBarPolicy(26949): updateDataIcon subscription =0
02-03 17:17:13.217 D/StatusBarPolicy(26949): updateDataIcon subscription =0
02-03 17:17:15.239 D/StatusBarPolicy(26949): updateDataIcon subscription =0
02-03 17:17:16.250 D/StatusBarPolicy(26949): updateDataIcon subscription =0
02-03 17:17:20.464 D/StatusBarPolicy(26949): onSignalStrengthsChanged:SignalStrength: 99 0 -86 -70 -82 -10 8 99 2147483647 2147483647 2147483647 2147483647 cdma for subscription0
02-03 17:17:20.464 D/StatusBarPolicy(26949): updateSignalStrength on subscription :0
02-03 17:17:20.464 D/StatusBarPolicy(26949): StatusBarPolocy::getIconLevel -EVDO
02-03 17:17:20.464 D/StatusBarPolicy(26949): getEvdoLevel_band_six -evdoDbm:-82
02-03 17:17:20.464 D/StatusBarPolicy(26949): getEvdoLevel_band_six -evdoEcio:-10
02-03 17:17:22.306 D/StatusBarPolicy(26949): updateDataIcon subscription =0
02-03 17:17:23.327 D/StatusBarPolicy(26949): updateDataIcon subscription =0
02-03 17:17:32.436 D/StatusBarPolicy(26949): updateDataIcon subscription =0
02-03 17:17:33.457 D/StatusBarPolicy(26949): updateDataIcon subscription =0
02-03 17:17:42.576 D/StatusBarPolicy(26949): updateDataIcon subscription =0
02-03 17:17:42.876 D/StatusBarPolicy(26949): onSignalStrengthsChanged:SignalStrength: 99 0 -86 -70 -83 -10 8 99 2147483647 2147483647 2147483647 2147483647 cdma for subscription0
02-03 17:17:42.876 D/StatusBarPolicy(26949): updateSignalStrength on subscription :0
02-03 17:17:42.876 D/StatusBarPolicy(26949): StatusBarPolocy::getIconLevel -EVDO
02-03 17:17:42.886 D/StatusBarPolicy(26949): getEvdoLevel_band_six -evdoDbm:-83
02-03 17:17:42.886 D/StatusBarPolicy(26949): getEvdoLevel_band_six -evdoEcio:-10
02-03 17:17:43.607 D/StatusBarPolicy(26949): updateDataIcon subscription =0
02-03 17:17:52.706 D/StatusBarPolicy(26949): updateDataIcon subscription =0
02-03 17:17:53.727 D/StatusBarPolicy(26949): updateDataIcon subscription =0
02-03 17:17:54.077 D/StatusBarPolicy(26949): onSignalStrengthsChanged:SignalStrength: 99 0 -86 -70 -69 -10 8 99 2147483647 2147483647 2147483647 2147483647 cdma for subscription0
02-03 17:17:54.077 D/StatusBarPolicy(26949): updateSignalStrength on subscription :0
02-03 17:17:54.077 D/StatusBarPolicy(26949): StatusBarPolocy::getIconLevel -EVDO
02-03 17:17:54.077 D/StatusBarPolicy(26949): getEvdoLevel_band_six -evdoDbm:-69
02-03 17:17:54.077 D/StatusBarPolicy(26949): getEvdoLevel_band_six -evdoEcio:-10
02-03 17:17:56.319 D/StatusBarPolicy(26949): onSignalStrengthsChanged:SignalStrength: 99 0 -86 -70 -72 -10 8 99 2147483647 2147483647 2147483647 2147483647 cdma for subscription0
02-03 17:17:56.319 D/StatusBarPolicy(26949): updateSignalStrength on subscription :0
02-03 17:17:56.319 D/StatusBarPolicy(26949): StatusBarPolocy::getIconLevel -EVDO
02-03 17:17:56.319 D/StatusBarPolicy(26949): getEvdoLevel_band_six -evdoDbm:-72
02-03 17:17:56.319 D/StatusBarPolicy(26949): getEvdoLevel_band_six -evdoEcio:-10
02-03 17:18:00.003 D/AlarmManager(26892): scheduleTimeTickEvent calendar=Fri Feb 03 17:19:00 CST 2012
02-03 17:18:00.003 D/AlarmManager(26892): calendar.getTimeInMillis()1328311140000
02-03 17:18:00.794 D/StatusBarPolicy(26949): onSignalStrengthsChanged:SignalStrength: 99 0 -86 -70 -75 -10 8 99 2147483647 2147483647 2147483647 2147483647 cdma for subscription0
02-03 17:18:00.794 D/StatusBarPolicy(26949): updateSignalStrength on subscription :0
02-03 17:18:00.794 D/StatusBarPolicy(26949): StatusBarPolocy::getIconLevel -EVDO
02-03 17:18:00.794 D/StatusBarPolicy(26949): getEvdoLevel_band_six -evdoDbm:-75
02-03 17:18:00.794 D/StatusBarPolicy(26949): getEvdoLevel_band_six -evdoEcio:-10
02-03 17:18:02.856 D/StatusBarPolicy(26949): updateDataIcon subscription =0
02-03 17:18:03.046 D/StatusBarPolicy(26949): onSignalStrengthsChanged:SignalStrength: 99 0 -86 -70 -78 -10 8 99 2147483647 2147483647 2147483647 2147483647 cdma for subscription0
02-03 17:18:03.056 D/StatusBarPolicy(26949): updateSignalStrength on subscription :0
02-03 17:18:03.056 D/StatusBarPolicy(26949): StatusBarPolocy::getIconLevel -EVDO
02-03 17:18:03.066 D/StatusBarPolicy(26949): getEvdoLevel_band_six -evdoDbm:-78
02-03 17:18:03.066 D/StatusBarPolicy(26949): getEvdoLevel_band_six -evdoEcio:-10
02-03 17:18:03.887 D/StatusBarPolicy(26949): updateDataIcon subscription =0
02-03 17:18:05.278 D/StatusBarPolicy(26949): onSignalStrengthsChanged:SignalStrength: 99 0 -86 -70 -80 -10 8 99 2147483647 2147483647 2147483647 2147483647 cdma for subscription0
02-03 17:18:05.278 D/StatusBarPolicy(26949): updateSignalStrength on subscription :0
02-03 17:18:05.278 D/StatusBarPolicy(26949): StatusBarPolocy::getIconLevel -EVDO
02-03 17:18:05.278 D/StatusBarPolicy(26949): getEvdoLevel_band_six -evdoDbm:-80
02-03 17:18:05.288 D/StatusBarPolicy(26949): getEvdoLevel_band_six -evdoEcio:-10
02-03 17:18:12.986 D/StatusBarPolicy(26949): updateDataIcon subscription =0
02-03 17:18:14.007 D/StatusBarPolicy(26949): updateDataIcon subscription =0
02-03 17:18:14.227 D/StatusBarPolicy(26949): onSignalStrengthsChanged:SignalStrength: 99 0 -86 -70 -84 -10 8 99 2147483647 2147483647 2147483647 2147483647 cdma for subscription0
02-03 17:18:14.227 D/StatusBarPolicy(26949): updateSignalStrength on subscription :0
02-03 17:18:14.247 D/StatusBarPolicy(26949): StatusBarPolocy::getIconLevel -EVDO
02-03 17:18:14.247 D/StatusBarPolicy(26949): getEvdoLevel_band_six -evdoDbm:-84
02-03 17:18:14.247 D/StatusBarPolicy(26949): getEvdoLevel_band_six -evdoEcio:-10
02-03 17:18:23.106 D/StatusBarPolicy(26949): updateDataIcon subscription =0
02-03 17:18:24.147 D/StatusBarPolicy(26949): updateDataIcon subscription =0
02-03 17:18:25.448 D/StatusBarPolicy(26949): onSignalStrengthsChanged:SignalStrength: 99 0 -86 -70 -83 -10 8 99 2147483647 2147483647 2147483647 2147483647 cdma for subscription0
02-03 17:18:25.448 D/StatusBarPolicy(26949): updateSignalStrength on subscription :0
02-03 17:18:25.448 D/StatusBarPolicy(26949): StatusBarPolocy::getIconLevel -EVDO
02-03 17:18:25.448 D/StatusBarPolicy(26949): getEvdoLevel_band_six -evdoDbm:-83
02-03 17:18:25.458 D/StatusBarPolicy(26949): getEvdoLevel_band_six -evdoEcio:-10
02-03 17:18:33.255 D/StatusBarPolicy(26949): updateDataIcon subscription =0
02-03 17:18:34.286 D/StatusBarPolicy(26949): updateDataIcon subscription =0
02-03 17:18:38.891 D/StatusBarPolicy(26949): onSignalStrengthsChanged:SignalStrength: 99 0 -86 -70 -82 -10 8 99 2147483647 2147483647 2147483647 2147483647 cdma for subscription0
02-03 17:18:38.891 D/StatusBarPolicy(26949): updateSignalStrength on subscription :0
02-03 17:18:38.891 D/StatusBarPolicy(26949): StatusBarPolocy::getIconLevel -EVDO
02-03 17:18:38.891 D/StatusBarPolicy(26949): getEvdoLevel_band_six -evdoDbm:-82
02-03 17:18:38.901 D/StatusBarPolicy(26949): getEvdoLevel_band_six -evdoEcio:-10
02-03 17:18:43.385 D/StatusBarPolicy(26949): updateDataIcon subscription =0
02-03 17:18:44.406 D/StatusBarPolicy(26949): updateDataIcon subscription =0
02-03 17:18:45.608 D/StatusBarPolicy(26949): onSignalStrengthsChanged:SignalStrength: 99 0 -86 -70 -83 -10 8 99 2147483647 2147483647 2147483647 2147483647 cdma for subscription0
02-03 17:18:45.608 D/StatusBarPolicy(26949): updateSignalStrength on subscription :0
02-03 17:18:45.608 D/StatusBarPolicy(26949): StatusBarPolocy::getIconLevel -EVDO
02-03 17:18:45.618 D/StatusBarPolicy(26949): getEvdoLevel_band_six -evdoDbm:-83
02-03 17:18:45.618 D/StatusBarPolicy(26949): getEvdoLevel_band_six -evdoEcio:-10
02-03 17:18:47.850 D/StatusBarPolicy(26949): onSignalStrengthsChanged:SignalStrength: 99 0 -86 -70 -82 -10 8 99 2147483647 2147483647 2147483647 2147483647 cdma for subscription0
02-03 17:18:47.850 D/StatusBarPolicy(26949): updateSignalStrength on subscription :0
02-03 17:18:47.850 D/StatusBarPolicy(26949): StatusBarPolocy::getIconLevel -EVDO
02-03 17:18:47.850 D/StatusBarPolicy(26949): getEvdoLevel_band_six -evdoDbm:-82
02-03 17:18:47.850 D/StatusBarPolicy(26949): getEvdoLevel_band_six -evdoEcio:-10
02-03 17:18:53.505 D/StatusBarPolicy(26949): updateDataIcon subscription =0
02-03 17:18:54.526 D/StatusBarPolicy(26949): updateDataIcon subscription =0
02-03 17:18:59.041 D/StatusBarPolicy(26949): onSignalStrengthsChanged:SignalStrength: 99 0 -86 -70 -83 -10 8 99 2147483647 2147483647 2147483647 2147483647 cdma for subscription0
02-03 17:18:59.041 D/StatusBarPolicy(26949): updateSignalStrength on subscription :0
02-03 17:18:59.051 D/StatusBarPolicy(26949): StatusBarPolocy::getIconLevel -EVDO
02-03 17:18:59.051 D/StatusBarPolicy(26949): getEvdoLevel_band_six -evdoDbm:-83
02-03 17:18:59.051 D/StatusBarPolicy(26949): getEvdoLevel_band_six -evdoEcio:-10
02-03 17:18:59.992 D/AlarmManager(26892): scheduleTimeTickEvent calendar=Fri Feb 03 17:20:00 CST 2012
02-03 17:18:59.992 D/AlarmManager(26892): calendar.getTimeInMillis()1328311200000
02-03 17:19:01.283 D/StatusBarPolicy(26949): onSignalStrengthsChanged:SignalStrength: 99 0 -85 -95 -84 -10 8 99 2147483647 2147483647 2147483647 2147483647 cdma for subscription0
02-03 17:19:01.283 D/StatusBarPolicy(26949): updateSignalStrength on subscription :0
02-03 17:19:01.293 D/StatusBarPolicy(26949): StatusBarPolocy::getIconLevel -EVDO
02-03 17:19:01.303 D/StatusBarPolicy(26949): getEvdoLevel_band_six -evdoDbm:-84
02-03 17:19:01.303 D/StatusBarPolicy(26949): getEvdoLevel_band_six -evdoEcio:-10
02-03 17:19:03.635 D/StatusBarPolicy(26949): updateDataIcon subscription =0
02-03 17:19:04.656 D/StatusBarPolicy(26949): updateDataIcon subscription =0
02-03 17:19:05.767 D/StatusBarPolicy(26949): onSignalStrengthsChanged:SignalStrength: 99 0 -87 -70 -84 -10 8 99 2147483647 2147483647 2147483647 2147483647 cdma for subscription0
02-03 17:19:05.767 D/StatusBarPolicy(26949): updateSignalStrength on subscription :0
02-03 17:19:05.767 D/StatusBarPolicy(26949): StatusBarPolocy::getIconLevel -EVDO
02-03 17:19:05.767 D/StatusBarPolicy(26949): getEvdoLevel_band_six -evdoDbm:-84
02-03 17:19:05.767 D/StatusBarPolicy(26949): getEvdoLevel_band_six -evdoEcio:-10
02-03 17:19:10.712 D/StatusBarPolicy(26949): updateDataIcon subscription =0
02-03 17:19:11.723 D/StatusBarPolicy(26949): updateDataIcon subscription =0
02-03 17:19:12.464 D/StatusBarPolicy(26949): onSignalStrengthsChanged:SignalStrength: 99 0 -87 -70 -85 -10 8 99 2147483647 2147483647 2147483647 2147483647 cdma for subscription0
02-03 17:19:12.464 D/StatusBarPolicy(26949): updateSignalStrength on subscription :0
02-03 17:19:12.464 D/StatusBarPolicy(26949): StatusBarPolocy::getIconLevel -EVDO
02-03 17:19:12.464 D/StatusBarPolicy(26949): getEvdoLevel_band_six -evdoDbm:-85
02-03 17:19:12.464 D/StatusBarPolicy(26949): getEvdoLevel_band_six -evdoEcio:-10
02-03 17:19:13.735 D/StatusBarPolicy(26949): updateDataIcon subscription =0
02-03 17:19:14.746 D/StatusBarPolicy(26949): updateDataIcon subscription =0
02-03 17:19:16.948 D/StatusBarPolicy(26949): onSignalStrengthsChanged:SignalStrength: 99 0 -87 -95 -85 -5 8 99 2147483647 2147483647 2147483647 2147483647 cdma for subscription0
02-03 17:19:16.948 D/StatusBarPolicy(26949): updateSignalStrength on subscription :0
02-03 17:19:16.948 D/StatusBarPolicy(26949): StatusBarPolocy::getIconLevel -EVDO
02-03 17:19:16.948 D/StatusBarPolicy(26949): getEvdoLevel_band_six -evdoDbm:-85
02-03 17:19:16.948 D/StatusBarPolicy(26949): getEvdoLevel_band_six -evdoEcio:-5
02-03 17:19:21.422 D/StatusBarPolicy(26949): onSignalStrengthsChanged:SignalStrength: 99 0 -87 -70 -85 -5 8 99 2147483647 2147483647 2147483647 2147483647 cdma for subscription0
02-03 17:19:21.422 D/StatusBarPolicy(26949): updateSignalStrength on subscription :0
02-03 17:19:21.422 D/StatusBarPolicy(26949): StatusBarPolocy::getIconLevel -EVDO
02-03 17:19:21.422 D/StatusBarPolicy(26949): getEvdoLevel_band_six -evdoDbm:-85
02-03 17:19:21.422 D/StatusBarPolicy(26949): getEvdoLevel_band_six -evdoEcio:-5
02-03 17:19:24.826 D/StatusBarPolicy(26949): updateDataIcon subscription =0
02-03 17:19:25.857 D/StatusBarPolicy(26949): updateDataIcon subscription =0
02-03 17:19:32.633 D/StatusBarPolicy(26949): onSignalStrengthsChanged:SignalStrength: 99 0 -87 -70 -84 -5 8 99 2147483647 2147483647 2147483647 2147483647 cdma for subscription0
02-03 17:19:32.633 D/StatusBarPolicy(26949): updateSignalStrength on subscription :0
02-03 17:19:32.643 D/StatusBarPolicy(26949): StatusBarPolocy::getIconLevel -EVDO
02-03 17:19:32.643 D/StatusBarPolicy(26949): getEvdoLevel_band_six -evdoDbm:-84
02-03 17:19:32.643 D/StatusBarPolicy(26949): getEvdoLevel_band_six -evdoEcio:-5
02-03 17:19:34.966 D/StatusBarPolicy(26949): updateDataIcon subscription =0
02-03 17:19:35.977 D/StatusBarPolicy(26949): updateDataIcon subscription =0
02-03 17:19:46.097 D/StatusBarPolicy(26949): updateDataIcon subscription =0
02-03 17:19:47.118 D/StatusBarPolicy(26949): updateDataIcon subscription =0
02-03 17:19:50.571 D/StatusBarPolicy(26949): onSignalStrengthsChanged:SignalStrength: 99 0 -87 -70 -86 -5 8 99 2147483647 2147483647 2147483647 2147483647 cdma for subscription0
02-03 17:19:50.571 D/StatusBarPolicy(26949): updateSignalStrength on subscription :0
02-03 17:19:50.571 D/StatusBarPolicy(26949): StatusBarPolocy::getIconLevel -EVDO
02-03 17:19:50.571 D/StatusBarPolicy(26949): getEvdoLevel_band_six -evdoDbm:-86
02-03 17:19:50.571 D/StatusBarPolicy(26949): getEvdoLevel_band_six -evdoEcio:-5
02-03 17:19:56.226 D/StatusBarPolicy(26949): updateDataIcon subscription =0
02-03 17:19:57.247 D/StatusBarPolicy(26949): updateDataIcon subscription =0
02-03 17:20:00.010 D/AlarmManager(26892): scheduleTimeTickEvent calendar=Fri Feb 03 17:21:00 CST 2012
02-03 17:20:00.010 D/AlarmManager(26892): calendar.getTimeInMillis()1328311260000
02-03 17:20:06.356 D/StatusBarPolicy(26949): updateDataIcon subscription =0
02-03 17:20:07.387 D/StatusBarPolicy(26949): updateDataIcon subscription =0
02-03 17:20:17.497 D/StatusBarPolicy(26949): updateDataIcon subscription =0
02-03 17:20:18.528 D/StatusBarPolicy(26949): updateDataIcon subscription =0
02-03 17:20:24.154 D/StatusBarPolicy(26949): onSignalStrengthsChanged:SignalStrength: 99 0 -87 -70 -87 -5 8 99 2147483647 2147483647 2147483647 2147483647 cdma for subscription0
02-03 17:20:24.154 D/StatusBarPolicy(26949): updateSignalStrength on subscription :0
02-03 17:20:24.154 D/StatusBarPolicy(26949): StatusBarPolocy::getIconLevel -EVDO
02-03 17:20:24.154 D/StatusBarPolicy(26949): getEvdoLevel_band_six -evdoDbm:-87
02-03 17:20:24.154 D/StatusBarPolicy(26949): getEvdoLevel_band_six -evdoEcio:-5
02-03 17:20:27.637 D/StatusBarPolicy(26949): updateDataIcon subscription =0
02-03 17:20:28.668 D/StatusBarPolicy(26949): updateDataIcon subscription =0
02-03 17:20:30.890 D/StatusBarPolicy(26949): onSignalStrengthsChanged:SignalStrength: 99 0 -87 -70 -86 -5 8 99 2147483647 2147483647 2147483647 2147483647 cdma for subscription0
02-03 17:20:30.890 D/StatusBarPolicy(26949): updateSignalStrength on subscription :0
02-03 17:20:30.890 D/StatusBarPolicy(26949): StatusBarPolocy::getIconLevel -EVDO
02-03 17:20:30.890 D/StatusBarPolicy(26949): getEvdoLevel_band_six -evdoDbm:-86
02-03 17:20:30.910 D/StatusBarPolicy(26949): getEvdoLevel_band_six -evdoEcio:-5
02-03 17:20:38.778 D/StatusBarPolicy(26949): updateDataIcon subscription =0
02-03 17:20:39.799 D/StatusBarPolicy(26949): updateDataIcon subscription =0
02-03 17:20:48.888 D/StatusBarPolicy(26949): updateDataIcon subscription =0
02-03 17:20:49.899 D/StatusBarPolicy(26949): updateDataIcon subscription =0
02-03 17:20:59.008 D/StatusBarPolicy(26949): updateDataIcon subscription =0
02-03 17:20:59.999 D/AlarmManager(26892): scheduleTimeTickEvent calendar=Fri Feb 03 17:22:00 CST 2012
02-03 17:20:59.999 D/AlarmManager(26892): calendar.getTimeInMillis()1328311320000
02-03 17:21:00.029 D/StatusBarPolicy(26949): updateDataIcon subscription =0
02-03 17:21:09.128 D/StatusBarPolicy(26949): updateDataIcon subscription =0
02-03 17:21:10.149 D/StatusBarPolicy(26949): updateDataIcon subscription =0
02-03 17:21:19.267 D/StatusBarPolicy(26949): updateDataIcon subscription =0
02-03 17:21:20.288 D/StatusBarPolicy(26949): updateDataIcon subscription =0
02-03 17:21:29.387 D/StatusBarPolicy(26949): updateDataIcon subscription =0
02-03 17:21:30.418 D/StatusBarPolicy(26949): updateDataIcon subscription =0
02-03 17:21:39.507 D/StatusBarPolicy(26949): updateDataIcon subscription =0
02-03 17:21:40.528 D/StatusBarPolicy(26949): updateDataIcon subscription =0
02-03 17:21:50.648 D/StatusBarPolicy(26949): updateDataIcon subscription =0
02-03 17:21:51.679 D/StatusBarPolicy(26949): updateDataIcon subscription =0
02-03 17:22:00.007 D/AlarmManager(26892): scheduleTimeTickEvent calendar=Fri Feb 03 17:23:00 CST 2012
02-03 17:22:00.007 D/AlarmManager(26892): calendar.getTimeInMillis()1328311380000
02-03 17:22:00.788 D/StatusBarPolicy(26949): updateDataIcon subscription =0
02-03 17:22:01.809 D/StatusBarPolicy(26949): updateDataIcon subscription =0
02-03 17:22:10.928 D/StatusBarPolicy(26949): updateDataIcon subscription =0
02-03 17:22:11.939 D/StatusBarPolicy(26949): updateDataIcon subscription =0
02-03 17:22:21.048 D/StatusBarPolicy(26949): updateDataIcon subscription =0
02-03 17:22:22.079 D/StatusBarPolicy(26949): updateDataIcon subscription =0
02-03 17:22:31.178 D/StatusBarPolicy(26949): updateDataIcon subscription =0
02-03 17:22:32.199 D/StatusBarPolicy(26949): updateDataIcon subscription =0
02-03 17:22:41.297 D/StatusBarPolicy(26949): updateDataIcon subscription =0
02-03 17:22:42.318 D/StatusBarPolicy(26949): updateDataIcon subscription =0
02-03 17:22:52.438 D/StatusBarPolicy(26949): updateDataIcon subscription =0
02-03 17:22:53.449 D/StatusBarPolicy(26949): updateDataIcon subscription =0
02-03 17:22:53.680 D/NetdConnector(26892): SND -> {interface readrxcounter rmnet0} {null}
02-03 17:22:53.680 D/NetdConnector(26892): RCV <- {216 348468280}
02-03 17:22:53.690 D/NetdConnector(26892): RSP <- {216 348468280}
02-03 17:22:53.690 D/NetdConnector(26892): SND -> {interface readtxcounter rmnet0} {null}
02-03 17:22:53.700 D/NetdConnector(26892): RCV <- {217 16597912}
02-03 17:22:53.710 D/NetdConnector(26892): RSP <- {217 16597912}
02-03 17:22:59.996 D/AlarmManager(26892): scheduleTimeTickEvent calendar=Fri Feb 03 17:24:00 CST 2012
02-03 17:22:59.996 D/AlarmManager(26892): calendar.getTimeInMillis()1328311440000
02-03 17:23:02.558 D/StatusBarPolicy(26949): updateDataIcon subscription =0
02-03 17:23:03.599 D/StatusBarPolicy(26949): updateDataIcon subscription =0
02-03 17:23:07.723 D/StatusBarPolicy(26949): onSignalStrengthsChanged:SignalStrength: 99 0 -87 -70 -84 -5 8 99 2147483647 2147483647 2147483647 2147483647 cdma for subscription0
02-03 17:23:07.723 D/StatusBarPolicy(26949): updateSignalStrength on subscription :0
02-03 17:23:07.723 D/StatusBarPolicy(26949): StatusBarPolocy::getIconLevel -EVDO
02-03 17:23:07.723 D/StatusBarPolicy(26949): getEvdoLevel_band_six -evdoDbm:-84
02-03 17:23:07.723 D/StatusBarPolicy(26949): getEvdoLevel_band_six -evdoEcio:-5
02-03 17:23:13.719 D/StatusBarPolicy(26949): updateDataIcon subscription =0
02-03 17:23:14.740 D/StatusBarPolicy(26949): updateDataIcon subscription =0
02-03 17:23:23.939 D/StatusBarPolicy(26949): updateDataIcon subscription =0
02-03 17:23:24.960 D/StatusBarPolicy(26949): updateDataIcon subscription =0
02-03 17:23:34.059 D/StatusBarPolicy(26949): updateDataIcon subscription =0
02-03 17:23:35.080 D/StatusBarPolicy(26949): updateDataIcon subscription =0
02-03 17:23:45.210 D/StatusBarPolicy(26949): updateDataIcon subscription =0
02-03 17:23:46.231 D/StatusBarPolicy(26949): updateDataIcon subscription =0
02-03 17:23:52.497 D/StatusBarPolicy(26949): onSignalStrengthsChanged:SignalStrength: 99 0 -87 -70 -82 -5 8 99 2147483647 2147483647 2147483647 2147483647 cdma for subscription0
02-03 17:23:52.497 D/StatusBarPolicy(26949): updateSignalStrength on subscription :0
02-03 17:23:52.507 D/StatusBarPolicy(26949): StatusBarPolocy::getIconLevel -EVDO
02-03 17:23:52.507 D/StatusBarPolicy(26949): getEvdoLevel_band_six -evdoDbm:-82
02-03 17:23:52.507 D/StatusBarPolicy(26949): getEvdoLevel_band_six -evdoEcio:-5
02-03 17:23:55.340 D/StatusBarPolicy(26949): updateDataIcon subscription =0
02-03 17:23:56.361 D/StatusBarPolicy(26949): updateDataIcon subscription =0
02-03 17:24:00.004 D/AlarmManager(26892): scheduleTimeTickEvent calendar=Fri Feb 03 17:25:00 CST 2012
02-03 17:24:00.004 D/AlarmManager(26892): calendar.getTimeInMillis()1328311500000
02-03 17:24:06.471 D/StatusBarPolicy(26949): updateDataIcon subscription =0
02-03 17:24:07.482 D/StatusBarPolicy(26949): updateDataIcon subscription =0
02-03 17:24:09.514 D/StatusBarPolicy(26949): updateDataIcon subscription =0
02-03 17:24:10.535 D/StatusBarPolicy(26949): updateDataIcon subscription =0
02-03 17:24:16.600 D/StatusBarPolicy(26949): updateDataIcon subscription =0
02-03 17:24:17.611 D/StatusBarPolicy(26949): updateDataIcon subscription =0
02-03 17:24:26.110 D/StatusBarPolicy(26949): onSignalStrengthsChanged:SignalStrength: 99 0 -87 -70 -83 -5 8 99 2147483647 2147483647 2147483647 2147483647 cdma for subscription0
02-03 17:24:26.110 D/StatusBarPolicy(26949): updateSignalStrength on subscription :0
02-03 17:24:26.110 D/StatusBarPolicy(26949): StatusBarPolocy::getIconLevel -EVDO
02-03 17:24:26.110 D/StatusBarPolicy(26949): getEvdoLevel_band_six -evdoDbm:-83
02-03 17:24:26.110 D/StatusBarPolicy(26949): getEvdoLevel_band_six -evdoEcio:-5
02-03 17:24:26.720 D/StatusBarPolicy(26949): updateDataIcon subscription =0
02-03 17:24:27.731 D/StatusBarPolicy(26949): updateDataIcon subscription =0
02-03 17:24:35.068 D/StatusBarPolicy(26949): onSignalStrengthsChanged:SignalStrength: 99 0 -87 -70 -87 -5 8 99 2147483647 2147483647 2147483647 2147483647 cdma for subscription0
02-03 17:24:35.068 D/StatusBarPolicy(26949): updateSignalStrength on subscription :0
02-03 17:24:35.088 D/StatusBarPolicy(26949): StatusBarPolocy::getIconLevel -EVDO
02-03 17:24:35.088 D/StatusBarPolicy(26949): getEvdoLevel_band_six -evdoDbm:-87
02-03 17:24:35.109 D/StatusBarPolicy(26949): getEvdoLevel_band_six -evdoEcio:-5
02-03 17:24:37.871 D/StatusBarPolicy(26949): updateDataIcon subscription =0
02-03 17:24:38.872 D/StatusBarPolicy(26949): updateDataIcon subscription =0
02-03 17:24:47.991 D/StatusBarPolicy(26949): updateDataIcon subscription =0
02-03 17:24:49.002 D/StatusBarPolicy(26949): updateDataIcon subscription =0
02-03 17:24:55.228 D/StatusBarPolicy(26949): onSignalStrengthsChanged:SignalStrength: 99 0 -91 -80 -87 -15 8 99 2147483647 2147483647 2147483647 2147483647 cdma for subscription0
02-03 17:24:55.228 D/StatusBarPolicy(26949): updateSignalStrength on subscription :0
02-03 17:24:55.228 D/StatusBarPolicy(26949): StatusBarPolocy::getIconLevel -EVDO
02-03 17:24:55.228 D/StatusBarPolicy(26949): getEvdoLevel_band_six -evdoDbm:-87
02-03 17:24:55.248 D/StatusBarPolicy(26949): getEvdoLevel_band_six -evdoEcio:-15
02-03 17:24:57.470 D/StatusBarPolicy(26949): onSignalStrengthsChanged:SignalStrength: 99 0 -91 -70 -87 -15 8 99 2147483647 2147483647 2147483647 2147483647 cdma for subscription0
02-03 17:24:57.470 D/StatusBarPolicy(26949): updateSignalStrength on subscription :0
02-03 17:24:57.470 D/StatusBarPolicy(26949): StatusBarPolocy::getIconLevel -EVDO
02-03 17:24:57.470 D/StatusBarPolicy(26949): getEvdoLevel_band_six -evdoDbm:-87
02-03 17:24:57.470 D/StatusBarPolicy(26949): getEvdoLevel_band_six -evdoEcio:-15
02-03 17:24:58.121 D/StatusBarPolicy(26949): updateDataIcon subscription =0
02-03 17:24:59.132 D/StatusBarPolicy(26949): updateDataIcon subscription =0
02-03 17:25:00.003 D/AlarmManager(26892): scheduleTimeTickEvent calendar=Fri Feb 03 17:26:00 CST 2012
02-03 17:25:00.003 D/AlarmManager(26892): calendar.getTimeInMillis()1328311560000
