02-03 17:25:08.671 D/StatusBarPolicy(26949): onSignalStrengthsChanged:SignalStrength: 99 0 -91 -70 -89 -15 8 99 2147483647 2147483647 2147483647 2147483647 cdma for subscription0
02-03 17:25:08.671 D/StatusBarPolicy(26949): updateSignalStrength on subscription :0
02-03 17:25:08.671 D/StatusBarPolicy(26949): StatusBarPolocy::getIconLevel -EVDO
02-03 17:25:08.691 D/StatusBarPolicy(26949): getEvdoLevel_band_six -evdoDbm:-89
02-03 17:25:08.691 D/StatusBarPolicy(26949): getEvdoLevel_band_six -evdoEcio:-15
02-03 17:25:09.222 D/StatusBarPolicy(26949): updateDataIcon subscription =0
02-03 17:25:10.243 D/StatusBarPolicy(26949): updateDataIcon subscription =0
02-03 17:25:19.342 D/StatusBarPolicy(26949): updateDataIcon subscription =0
02-03 17:25:20.363 D/StatusBarPolicy(26949): updateDataIcon subscription =0
02-03 17:25:26.599 D/StatusBarPolicy(26949): onSignalStrengthsChanged:SignalStrength: 99 0 -92 -80 -89 -15 8 99 2147483647 2147483647 2147483647 2147483647 cdma for subscription0
02-03 17:25:26.599 D/StatusBarPolicy(26949): updateSignalStrength on subscription :0
02-03 17:25:26.599 D/StatusBarPolicy(26949): StatusBarPolocy::getIconLevel -EVDO
02-03 17:25:26.599 D/StatusBarPolicy(26949): getEvdoLevel_band_six -evdoDbm:-89
02-03 17:25:26.599 D/StatusBarPolicy(26949): getEvdoLevel_band_six -evdoEcio:-15
02-03 17:25:30.483 D/StatusBarPolicy(26949): updateDataIcon subscription =0
02-03 17:25:31.063 D/StatusBarPolicy(26949): onSignalStrengthsChanged:SignalStrength: 99 0 -93 -70 -89 -15 8 99 2147483647 2147483647 2147483647 2147483647 cdma for subscription0
02-03 17:25:31.063 D/StatusBarPolicy(26949): updateSignalStrength on subscription :0
02-03 17:25:31.063 D/StatusBarPolicy(26949): StatusBarPolocy::getIconLevel -EVDO
02-03 17:25:31.063 D/StatusBarPolicy(26949): getEvdoLevel_band_six -evdoDbm:-89
02-03 17:25:31.093 D/StatusBarPolicy(26949): getEvdoLevel_band_six -evdoEcio:-15
02-03 17:25:31.504 D/StatusBarPolicy(26949): updateDataIcon subscription =0
02-03 17:25:35.547 D/StatusBarPolicy(26949): onSignalStrengthsChanged:SignalStrength: 99 0 -93 -70 -90 -15 8 99 2147483647 2147483647 2147483647 2147483647 cdma for subscription0
02-03 17:25:35.547 D/StatusBarPolicy(26949): updateSignalStrength on subscription :0
02-03 17:25:35.547 D/StatusBarPolicy(26949): StatusBarPolocy::getIconLevel -EVDO
02-03 17:25:35.547 D/StatusBarPolicy(26949): getEvdoLevel_band_six -evdoDbm:-90
02-03 17:25:35.567 D/StatusBarPolicy(26949): getEvdoLevel_band_six -evdoEcio:-15
02-03 17:25:40.032 D/StatusBarPolicy(26949): onSignalStrengthsChanged:SignalStrength: 99 0 -120 -90 -120 -15 8 99 2147483647 2147483647 2147483647 2147483647 cdma for subscription0
02-03 17:25:40.032 D/StatusBarPolicy(26949): updateSignalStrength on subscription :0
02-03 17:25:40.032 D/StatusBarPolicy(26949): StatusBarPolocy::getIconLevel -EVDO
02-03 17:25:40.032 D/StatusBarPolicy(26949): getEvdoLevel_band_six -evdoDbm:-120
02-03 17:25:40.042 D/StatusBarPolicy(26949): getEvdoLevel_band_six -evdoEcio:-15
02-03 17:25:40.072 D/StatusBarPolicy(26949): onSignalStrengthsChanged:SignalStrength: 99 0 -93 -90 -91 -15 8 99 2147483647 2147483647 2147483647 2147483647 cdma for subscription0
02-03 17:25:40.072 D/StatusBarPolicy(26949): updateSignalStrength on subscription :0
02-03 17:25:40.072 D/StatusBarPolicy(26949): StatusBarPolocy::getIconLevel -EVDO
02-03 17:25:40.072 D/StatusBarPolicy(26949): getEvdoLevel_band_six -evdoDbm:-91
02-03 17:25:40.072 D/StatusBarPolicy(26949): getEvdoLevel_band_six -evdoEcio:-15
02-03 17:25:40.642 D/StatusBarPolicy(26949): updateDataIcon subscription =0
02-03 17:25:41.673 D/StatusBarPolicy(26949): updateDataIcon subscription =0
02-03 17:25:44.706 D/StatusBarPolicy(26949): updateDataIcon subscription =0
02-03 17:25:45.717 D/StatusBarPolicy(26949): updateDataIcon subscription =0
02-03 17:25:46.718 D/StatusBarPolicy(26949): updateDataIcon subscription =0
02-03 17:25:46.738 D/StatusBarPolicy(26949): onSignalStrengthsChanged:SignalStrength: 99 0 -94 -70 -92 -15 8 99 2147483647 2147483647 2147483647 2147483647 cdma for subscription0
02-03 17:25:46.738 D/StatusBarPolicy(26949): updateSignalStrength on subscription :0
02-03 17:25:46.738 D/StatusBarPolicy(26949): StatusBarPolocy::getIconLevel -EVDO
02-03 17:25:46.738 D/StatusBarPolicy(26949): getEvdoLevel_band_six -evdoDbm:-92
02-03 17:25:46.738 D/StatusBarPolicy(26949): getEvdoLevel_band_six -evdoEcio:-15
02-03 17:25:48.981 D/StatusBarPolicy(26949): onSignalStrengthsChanged:SignalStrength: 99 0 -94 -70 -91 -15 8 99 2147483647 2147483647 2147483647 2147483647 cdma for subscription0
02-03 17:25:48.981 D/StatusBarPolicy(26949): updateSignalStrength on subscription :0
02-03 17:25:48.981 D/StatusBarPolicy(26949): StatusBarPolocy::getIconLevel -EVDO
02-03 17:25:48.981 D/StatusBarPolicy(26949): getEvdoLevel_band_six -evdoDbm:-91
02-03 17:25:48.981 D/StatusBarPolicy(26949): getEvdoLevel_band_six -evdoEcio:-15
02-03 17:25:50.732 D/StatusBarPolicy(26949): updateDataIcon subscription =0
02-03 17:25:51.233 D/StatusBarPolicy(26949): onSignalStrengthsChanged:SignalStrength: 99 0 -93 -80 -91 -15 8 99 2147483647 2147483647 2147483647 2147483647 cdma for subscription0
02-03 17:25:51.243 D/StatusBarPolicy(26949): updateSignalStrength on subscription :0
02-03 17:25:51.243 D/StatusBarPolicy(26949): StatusBarPolocy::getIconLevel -EVDO
02-03 17:25:51.243 D/StatusBarPolicy(26949): getEvdoLevel_band_six -evdoDbm:-91
02-03 17:25:51.253 D/StatusBarPolicy(26949): getEvdoLevel_band_six -evdoEcio:-15
02-03 17:25:51.743 D/StatusBarPolicy(26949): updateDataIcon subscription =0
02-03 17:25:55.697 D/StatusBarPolicy(26949): onSignalStrengthsChanged:SignalStrength: 99 0 -94 -95 -91 -20 8 99 2147483647 2147483647 2147483647 2147483647 cdma for subscription0
02-03 17:25:55.697 D/StatusBarPolicy(26949): updateSignalStrength on subscription :0
02-03 17:25:55.697 D/StatusBarPolicy(26949): StatusBarPolocy::getIconLevel -EVDO
02-03 17:25:55.697 D/StatusBarPolicy(26949): getEvdoLevel_band_six -evdoDbm:-91
02-03 17:25:55.697 D/StatusBarPolicy(26949): getEvdoLevel_band_six -evdoEcio:-20
02-03 17:26:00.001 D/AlarmManager(26892): scheduleTimeTickEvent calendar=Fri Feb 03 17:27:00 CST 2012
02-03 17:26:00.001 D/AlarmManager(26892): calendar.getTimeInMillis()1328311620000
02-03 17:26:00.192 D/StatusBarPolicy(26949): onSignalStrengthsChanged:SignalStrength: 99 0 -93 -70 -91 -15 8 99 2147483647 2147483647 2147483647 2147483647 cdma for subscription0
02-03 17:26:00.192 D/StatusBarPolicy(26949): updateSignalStrength on subscription :0
02-03 17:26:00.202 D/StatusBarPolicy(26949): StatusBarPolocy::getIconLevel -EVDO
02-03 17:26:00.202 D/StatusBarPolicy(26949): getEvdoLevel_band_six -evdoDbm:-91
02-03 17:26:00.202 D/StatusBarPolicy(26949): getEvdoLevel_band_six -evdoEcio:-15
02-03 17:26:01.843 D/StatusBarPolicy(26949): updateDataIcon subscription =0
02-03 17:26:02.864 D/StatusBarPolicy(26949): updateDataIcon subscription =0
02-03 17:26:11.983 D/StatusBarPolicy(26949): updateDataIcon subscription =0
02-03 17:26:12.994 D/StatusBarPolicy(26949): updateDataIcon subscription =0
02-03 17:26:23.124 D/StatusBarPolicy(26949): updateDataIcon subscription =0
02-03 17:26:24.145 D/StatusBarPolicy(26949): updateDataIcon subscription =0
02-03 17:26:31.542 D/StatusBarPolicy(26949): onSignalStrengthsChanged:SignalStrength: 99 0 -94 -80 -91 -15 8 99 2147483647 2147483647 2147483647 2147483647 cdma for subscription0
02-03 17:26:31.552 D/StatusBarPolicy(26949): updateSignalStrength on subscription :0
02-03 17:26:31.552 D/StatusBarPolicy(26949): StatusBarPolocy::getIconLevel -EVDO
02-03 17:26:31.552 D/StatusBarPolicy(26949): getEvdoLevel_band_six -evdoDbm:-91
02-03 17:26:31.552 D/StatusBarPolicy(26949): getEvdoLevel_band_six -evdoEcio:-15
02-03 17:26:33.254 D/StatusBarPolicy(26949): updateDataIcon subscription =0
02-03 17:26:34.275 D/StatusBarPolicy(26949): updateDataIcon subscription =0
02-03 17:26:38.269 D/StatusBarPolicy(26949): onSignalStrengthsChanged:SignalStrength: 99 0 -93 -70 -91 -15 8 99 2147483647 2147483647 2147483647 2147483647 cdma for subscription0
02-03 17:26:38.279 D/StatusBarPolicy(26949): updateSignalStrength on subscription :0
02-03 17:26:38.279 D/StatusBarPolicy(26949): StatusBarPolocy::getIconLevel -EVDO
02-03 17:26:38.279 D/StatusBarPolicy(26949): getEvdoLevel_band_six -evdoDbm:-91
02-03 17:26:38.279 D/StatusBarPolicy(26949): getEvdoLevel_band_six -evdoEcio:-15
02-03 17:26:43.394 D/StatusBarPolicy(26949): updateDataIcon subscription =0
02-03 17:26:44.415 D/StatusBarPolicy(26949): updateDataIcon subscription =0
02-03 17:26:51.702 D/StatusBarPolicy(26949): onSignalStrengthsChanged:SignalStrength: 99 0 -93 -70 -90 -15 8 99 2147483647 2147483647 2147483647 2147483647 cdma for subscription0
02-03 17:26:51.712 D/StatusBarPolicy(26949): updateSignalStrength on subscription :0
02-03 17:26:51.712 D/StatusBarPolicy(26949): StatusBarPolocy::getIconLevel -EVDO
02-03 17:26:51.722 D/StatusBarPolicy(26949): getEvdoLevel_band_six -evdoDbm:-90
02-03 17:26:51.722 D/StatusBarPolicy(26949): getEvdoLevel_band_six -evdoEcio:-15
02-03 17:26:54.535 D/StatusBarPolicy(26949): updateDataIcon subscription =0
02-03 17:26:55.556 D/StatusBarPolicy(26949): updateDataIcon subscription =0
02-03 17:27:00.010 D/AlarmManager(26892): scheduleTimeTickEvent calendar=Fri Feb 03 17:28:00 CST 2012
02-03 17:27:00.010 D/AlarmManager(26892): calendar.getTimeInMillis()1328311680000
02-03 17:27:04.664 D/StatusBarPolicy(26949): updateDataIcon subscription =0
02-03 17:27:05.685 D/StatusBarPolicy(26949): updateDataIcon subscription =0
02-03 17:27:07.407 D/StatusBarPolicy(26949): onSignalStrengthsChanged:SignalStrength: 99 0 -93 -70 -89 -10 8 99 2147483647 2147483647 2147483647 2147483647 cdma for subscription0
02-03 17:27:07.407 D/StatusBarPolicy(26949): updateSignalStrength on subscription :0
02-03 17:27:07.407 D/StatusBarPolicy(26949): StatusBarPolocy::getIconLevel -EVDO
02-03 17:27:07.407 D/StatusBarPolicy(26949): getEvdoLevel_band_six -evdoDbm:-89
02-03 17:27:07.417 D/StatusBarPolicy(26949): getEvdoLevel_band_six -evdoEcio:-10
02-03 17:27:14.794 D/StatusBarPolicy(26949): updateDataIcon subscription =0
02-03 17:27:15.815 D/StatusBarPolicy(26949): updateDataIcon subscription =0
02-03 17:27:18.618 D/StatusBarPolicy(26949): onSignalStrengthsChanged:SignalStrength: 99 0 -93 -70 -84 -10 8 99 2147483647 2147483647 2147483647 2147483647 cdma for subscription0
02-03 17:27:18.618 D/StatusBarPolicy(26949): updateSignalStrength on subscription :0
02-03 17:27:18.628 D/StatusBarPolicy(26949): StatusBarPolocy::getIconLevel -EVDO
02-03 17:27:18.628 D/StatusBarPolicy(26949): getEvdoLevel_band_six -evdoDbm:-84
02-03 17:27:18.628 D/StatusBarPolicy(26949): getEvdoLevel_band_six -evdoEcio:-10
02-03 17:27:23.082 D/StatusBarPolicy(26949): onSignalStrengthsChanged:SignalStrength: 99 0 -87 -70 -84 -10 8 99 2147483647 2147483647 2147483647 2147483647 cdma for subscription0
02-03 17:27:23.082 D/StatusBarPolicy(26949): updateSignalStrength on subscription :0
02-03 17:27:23.082 D/StatusBarPolicy(26949): StatusBarPolocy::getIconLevel -EVDO
02-03 17:27:23.082 D/StatusBarPolicy(26949): getEvdoLevel_band_six -evdoDbm:-84
02-03 17:27:23.082 D/StatusBarPolicy(26949): getEvdoLevel_band_six -evdoEcio:-10
02-03 17:27:24.934 D/StatusBarPolicy(26949): updateDataIcon subscription =0
02-03 17:27:25.955 D/StatusBarPolicy(26949): updateDataIcon subscription =0
02-03 17:27:35.054 D/StatusBarPolicy(26949): updateDataIcon subscription =0
02-03 17:27:36.075 D/StatusBarPolicy(26949): updateDataIcon subscription =0
02-03 17:27:45.174 D/StatusBarPolicy(26949): updateDataIcon subscription =0
02-03 17:27:46.205 D/StatusBarPolicy(26949): updateDataIcon subscription =0
02-03 17:27:55.304 D/StatusBarPolicy(26949): updateDataIcon subscription =0
02-03 17:27:56.325 D/StatusBarPolicy(26949): updateDataIcon subscription =0
02-03 17:28:00.008 D/AlarmManager(26892): scheduleTimeTickEvent calendar=Fri Feb 03 17:29:00 CST 2012
02-03 17:28:00.008 D/AlarmManager(26892): calendar.getTimeInMillis()1328311740000
02-03 17:28:05.444 D/StatusBarPolicy(26949): updateDataIcon subscription =0
02-03 17:28:06.455 D/StatusBarPolicy(26949): updateDataIcon subscription =0
02-03 17:28:15.564 D/StatusBarPolicy(26949): updateDataIcon subscription =0
02-03 17:28:16.585 D/StatusBarPolicy(26949): updateDataIcon subscription =0
02-03 17:28:16.835 D/StatusBarPolicy(26949): onSignalStrengthsChanged:SignalStrength: 99 0 -87 -70 -85 -10 8 99 2147483647 2147483647 2147483647 2147483647 cdma for subscription0
02-03 17:28:16.835 D/StatusBarPolicy(26949): updateSignalStrength on subscription :0
02-03 17:28:16.845 D/StatusBarPolicy(26949): StatusBarPolocy::getIconLevel -EVDO
02-03 17:28:16.845 D/StatusBarPolicy(26949): getEvdoLevel_band_six -evdoDbm:-85
02-03 17:28:16.845 D/StatusBarPolicy(26949): getEvdoLevel_band_six -evdoEcio:-10
02-03 17:28:25.693 D/StatusBarPolicy(26949): updateDataIcon subscription =0
02-03 17:28:26.704 D/StatusBarPolicy(26949): updateDataIcon subscription =0
02-03 17:28:34.762 D/StatusBarPolicy(26949): onSignalStrengthsChanged:SignalStrength: 99 0 -87 -70 -93 -10 8 99 2147483647 2147483647 2147483647 2147483647 cdma for subscription0
02-03 17:28:34.762 D/StatusBarPolicy(26949): updateSignalStrength on subscription :0
02-03 17:28:34.762 D/StatusBarPolicy(26949): StatusBarPolocy::getIconLevel -EVDO
02-03 17:28:34.762 D/StatusBarPolicy(26949): getEvdoLevel_band_six -evdoDbm:-93
02-03 17:28:34.762 D/StatusBarPolicy(26949): getEvdoLevel_band_six -evdoEcio:-10
02-03 17:28:35.813 D/StatusBarPolicy(26949): updateDataIcon subscription =0
02-03 17:28:36.834 D/StatusBarPolicy(26949): updateDataIcon subscription =0
02-03 17:28:37.005 D/StatusBarPolicy(26949): onSignalStrengthsChanged:SignalStrength: 99 0 -87 -70 -91 -10 8 99 2147483647 2147483647 2147483647 2147483647 cdma for subscription0
02-03 17:28:37.015 D/StatusBarPolicy(26949): updateSignalStrength on subscription :0
02-03 17:28:37.015 D/StatusBarPolicy(26949): StatusBarPolocy::getIconLevel -EVDO
02-03 17:28:37.015 D/StatusBarPolicy(26949): getEvdoLevel_band_six -evdoDbm:-91
02-03 17:28:37.015 D/StatusBarPolicy(26949): getEvdoLevel_band_six -evdoEcio:-10
02-03 17:28:45.943 D/StatusBarPolicy(26949): updateDataIcon subscription =0
02-03 17:28:46.964 D/StatusBarPolicy(26949): updateDataIcon subscription =0
02-03 17:28:50.438 D/StatusBarPolicy(26949): onSignalStrengthsChanged:SignalStrength: 99 0 -87 -70 -86 -10 8 99 2147483647 2147483647 2147483647 2147483647 cdma for subscription0
02-03 17:28:50.448 D/StatusBarPolicy(26949): updateSignalStrength on subscription :0
02-03 17:28:50.448 D/StatusBarPolicy(26949): StatusBarPolocy::getIconLevel -EVDO
02-03 17:28:50.448 D/StatusBarPolicy(26949): getEvdoLevel_band_six -evdoDbm:-86
02-03 17:28:50.448 D/StatusBarPolicy(26949): getEvdoLevel_band_six -evdoEcio:-10
02-03 17:28:57.084 D/StatusBarPolicy(26949): updateDataIcon subscription =0
02-03 17:28:58.105 D/StatusBarPolicy(26949): updateDataIcon subscription =0
02-03 17:28:59.997 D/AlarmManager(26892): scheduleTimeTickEvent calendar=Fri Feb 03 17:30:00 CST 2012
02-03 17:28:59.997 D/AlarmManager(26892): calendar.getTimeInMillis()1328311800000
02-03 17:29:07.204 D/StatusBarPolicy(26949): updateDataIcon subscription =0
02-03 17:29:08.225 D/StatusBarPolicy(26949): updateDataIcon subscription =0
02-03 17:29:17.344 D/StatusBarPolicy(26949): updateDataIcon subscription =0
02-03 17:29:18.365 D/StatusBarPolicy(26949): updateDataIcon subscription =0
02-03 17:29:27.474 D/StatusBarPolicy(26949): updateDataIcon subscription =0
02-03 17:29:28.495 D/StatusBarPolicy(26949): updateDataIcon subscription =0
02-03 17:29:30.767 D/StatusBarPolicy(26949): onSignalStrengthsChanged:SignalStrength: 99 0 -87 -70 -84 -10 8 99 2147483647 2147483647 2147483647 2147483647 cdma for subscription0
02-03 17:29:30.767 D/StatusBarPolicy(26949): updateSignalStrength on subscription :0
02-03 17:29:30.767 D/StatusBarPolicy(26949): StatusBarPolocy::getIconLevel -EVDO
02-03 17:29:30.767 D/StatusBarPolicy(26949): getEvdoLevel_band_six -evdoDbm:-84
02-03 17:29:30.767 D/StatusBarPolicy(26949): getEvdoLevel_band_six -evdoEcio:-10
02-03 17:29:37.584 D/StatusBarPolicy(26949): updateDataIcon subscription =0
02-03 17:29:38.605 D/StatusBarPolicy(26949): updateDataIcon subscription =0
02-03 17:29:47.723 D/StatusBarPolicy(26949): updateDataIcon subscription =0
02-03 17:29:48.755 D/StatusBarPolicy(26949): updateDataIcon subscription =0
02-03 17:29:57.863 D/StatusBarPolicy(26949): updateDataIcon subscription =0
02-03 17:29:58.894 D/StatusBarPolicy(26949): updateDataIcon subscription =0
02-03 17:29:59.995 D/AlarmManager(26892): scheduleTimeTickEvent calendar=Fri Feb 03 17:31:00 CST 2012
02-03 17:29:59.995 D/AlarmManager(26892): calendar.getTimeInMillis()1328311860000
02-03 17:30:08.033 D/StatusBarPolicy(26949): updateDataIcon subscription =0
02-03 17:30:09.054 D/StatusBarPolicy(26949): updateDataIcon subscription =0
02-03 17:30:18.153 D/StatusBarPolicy(26949): updateDataIcon subscription =0
02-03 17:30:19.184 D/StatusBarPolicy(26949): updateDataIcon subscription =0
02-03 17:30:26.762 D/StatusBarPolicy(26949): onSignalStrengthsChanged:SignalStrength: 99 0 -87 -70 -82 -10 8 99 2147483647 2147483647 2147483647 2147483647 cdma for subscription0
02-03 17:30:26.762 D/StatusBarPolicy(26949): updateSignalStrength on subscription :0
02-03 17:30:26.772 D/StatusBarPolicy(26949): StatusBarPolocy::getIconLevel -EVDO
02-03 17:30:26.772 D/StatusBarPolicy(26949): getEvdoLevel_band_six -evdoDbm:-82
02-03 17:30:26.772 D/StatusBarPolicy(26949): getEvdoLevel_band_six -evdoEcio:-10
02-03 17:30:28.273 D/StatusBarPolicy(26949): updateDataIcon subscription =0
02-03 17:30:28.994 D/StatusBarPolicy(26949): onSignalStrengthsChanged:SignalStrength: 99 0 -87 -70 -83 -10 8 99 2147483647 2147483647 2147483647 2147483647 cdma for subscription0
02-03 17:30:28.994 D/StatusBarPolicy(26949): updateSignalStrength on subscription :0
02-03 17:30:28.994 D/StatusBarPolicy(26949): StatusBarPolocy::getIconLevel -EVDO
02-03 17:30:28.994 D/StatusBarPolicy(26949): getEvdoLevel_band_six -evdoDbm:-83
02-03 17:30:28.994 D/StatusBarPolicy(26949): getEvdoLevel_band_six -evdoEcio:-10
02-03 17:30:29.304 D/StatusBarPolicy(26949): updateDataIcon subscription =0
02-03 17:30:31.256 D/StatusBarPolicy(26949): onSignalStrengthsChanged:SignalStrength: 99 0 -87 -70 -84 -10 8 99 2147483647 2147483647 2147483647 2147483647 cdma for subscription0
02-03 17:30:31.266 D/StatusBarPolicy(26949): updateSignalStrength on subscription :0
02-03 17:30:31.266 D/StatusBarPolicy(26949): StatusBarPolocy::getIconLevel -EVDO
02-03 17:30:31.266 D/StatusBarPolicy(26949): getEvdoLevel_band_six -evdoDbm:-84
02-03 17:30:31.276 D/StatusBarPolicy(26949): getEvdoLevel_band_six -evdoEcio:-10
02-03 17:30:37.963 D/StatusBarPolicy(26949): onSignalStrengthsChanged:SignalStrength: 99 0 -87 -70 -85 -10 8 99 2147483647 2147483647 2147483647 2147483647 cdma for subscription0
02-03 17:30:37.963 D/StatusBarPolicy(26949): updateSignalStrength on subscription :0
02-03 17:30:37.973 D/StatusBarPolicy(26949): StatusBarPolocy::getIconLevel -EVDO
02-03 17:30:37.973 D/StatusBarPolicy(26949): getEvdoLevel_band_six -evdoDbm:-85
02-03 17:30:37.973 D/StatusBarPolicy(26949): getEvdoLevel_band_six -evdoEcio:-10
02-03 17:30:39.414 D/StatusBarPolicy(26949): updateDataIcon subscription =0
02-03 17:30:40.435 D/StatusBarPolicy(26949): updateDataIcon subscription =0
02-03 17:30:49.544 D/StatusBarPolicy(26949): updateDataIcon subscription =0
02-03 17:30:50.555 D/StatusBarPolicy(26949): updateDataIcon subscription =0
02-03 17:30:59.674 D/StatusBarPolicy(26949): updateDataIcon subscription =0
02-03 17:31:00.004 D/AlarmManager(26892): scheduleTimeTickEvent calendar=Fri Feb 03 17:32:00 CST 2012
02-03 17:31:00.004 D/AlarmManager(26892): calendar.getTimeInMillis()1328311920000
02-03 17:31:00.374 D/StatusBarPolicy(26949): onSignalStrengthsChanged:SignalStrength: 99 0 -87 -70 -86 -10 8 99 2147483647 2147483647 2147483647 2147483647 cdma for subscription0
02-03 17:31:00.374 D/StatusBarPolicy(26949): updateSignalStrength on subscription :0
02-03 17:31:00.374 D/StatusBarPolicy(26949): StatusBarPolocy::getIconLevel -EVDO
02-03 17:31:00.374 D/StatusBarPolicy(26949): getEvdoLevel_band_six -evdoDbm:-86
02-03 17:31:00.374 D/StatusBarPolicy(26949): getEvdoLevel_band_six -evdoEcio:-10
02-03 17:31:00.695 D/StatusBarPolicy(26949): updateDataIcon subscription =0
02-03 17:31:09.804 D/StatusBarPolicy(26949): updateDataIcon subscription =0
02-03 17:31:10.825 D/StatusBarPolicy(26949): updateDataIcon subscription =0
02-03 17:31:19.933 D/StatusBarPolicy(26949): updateDataIcon subscription =0
02-03 17:31:20.954 D/StatusBarPolicy(26949): updateDataIcon subscription =0
02-03 17:31:22.776 D/StatusBarPolicy(26949): onSignalStrengthsChanged:SignalStrength: 99 0 -87 -70 -87 -10 8 99 2147483647 2147483647 2147483647 2147483647 cdma for subscription0
02-03 17:31:22.776 D/StatusBarPolicy(26949): updateSignalStrength on subscription :0
02-03 17:31:22.776 D/StatusBarPolicy(26949): StatusBarPolocy::getIconLevel -EVDO
02-03 17:31:22.776 D/StatusBarPolicy(26949): getEvdoLevel_band_six -evdoDbm:-87
02-03 17:31:22.776 D/StatusBarPolicy(26949): getEvdoLevel_band_six -evdoEcio:-10
02-03 17:31:30.063 D/StatusBarPolicy(26949): updateDataIcon subscription =0
02-03 17:31:31.074 D/StatusBarPolicy(26949): updateDataIcon subscription =0
02-03 17:31:31.735 D/StatusBarPolicy(26949): onSignalStrengthsChanged:SignalStrength: 99 0 -87 -70 -88 -10 8 99 2147483647 2147483647 2147483647 2147483647 cdma for subscription0
02-03 17:31:31.735 D/StatusBarPolicy(26949): updateSignalStrength on subscription :0
02-03 17:31:31.735 D/StatusBarPolicy(26949): StatusBarPolocy::getIconLevel -EVDO
02-03 17:31:31.735 D/StatusBarPolicy(26949): getEvdoLevel_band_six -evdoDbm:-88
02-03 17:31:31.735 D/StatusBarPolicy(26949): getEvdoLevel_band_six -evdoEcio:-10
02-03 17:31:40.173 D/StatusBarPolicy(26949): updateDataIcon subscription =0
02-03 17:31:41.204 D/StatusBarPolicy(26949): updateDataIcon subscription =0
02-03 17:31:50.323 D/StatusBarPolicy(26949): updateDataIcon subscription =0
02-03 17:31:51.344 D/StatusBarPolicy(26949): updateDataIcon subscription =0
02-03 17:31:56.379 D/StatusBarPolicy(26949): onSignalStrengthsChanged:SignalStrength: 99 0 -87 -70 -87 -10 8 99 2147483647 2147483647 2147483647 2147483647 cdma for subscription0
02-03 17:31:56.379 D/StatusBarPolicy(26949): updateSignalStrength on subscription :0
02-03 17:31:56.379 D/StatusBarPolicy(26949): StatusBarPolocy::getIconLevel -EVDO
02-03 17:31:56.379 D/StatusBarPolicy(26949): getEvdoLevel_band_six -evdoDbm:-87
02-03 17:31:56.379 D/StatusBarPolicy(26949): getEvdoLevel_band_six -evdoEcio:-10
02-03 17:31:58.611 D/StatusBarPolicy(26949): onSignalStrengthsChanged:SignalStrength: 99 0 -87 -70 -86 -10 8 99 2147483647 2147483647 2147483647 2147483647 cdma for subscription0
02-03 17:31:58.611 D/StatusBarPolicy(26949): updateSignalStrength on subscription :0
02-03 17:31:58.611 D/StatusBarPolicy(26949): StatusBarPolocy::getIconLevel -EVDO
02-03 17:31:58.611 D/StatusBarPolicy(26949): getEvdoLevel_band_six -evdoDbm:-86
02-03 17:31:58.611 D/StatusBarPolicy(26949): getEvdoLevel_band_six -evdoEcio:-10
02-03 17:32:00.003 D/AlarmManager(26892): scheduleTimeTickEvent calendar=Fri Feb 03 17:33:00 CST 2012
02-03 17:32:00.003 D/AlarmManager(26892): calendar.getTimeInMillis()1328311980000
02-03 17:32:01.484 D/StatusBarPolicy(26949): updateDataIcon subscription =0
02-03 17:32:02.505 D/StatusBarPolicy(26949): updateDataIcon subscription =0
02-03 17:32:11.614 D/StatusBarPolicy(26949): updateDataIcon subscription =0
02-03 17:32:12.064 D/StatusBarPolicy(26949): onSignalStrengthsChanged:SignalStrength: 99 0 -87 -70 -84 -10 8 99 2147483647 2147483647 2147483647 2147483647 cdma for subscription0
02-03 17:32:12.064 D/StatusBarPolicy(26949): updateSignalStrength on subscription :0
02-03 17:32:12.074 D/StatusBarPolicy(26949): StatusBarPolocy::getIconLevel -EVDO
02-03 17:32:12.074 D/StatusBarPolicy(26949): getEvdoLevel_band_six -evdoDbm:-84
02-03 17:32:12.074 D/StatusBarPolicy(26949): getEvdoLevel_band_six -evdoEcio:-10
02-03 17:32:12.635 D/StatusBarPolicy(26949): updateDataIcon subscription =0
02-03 17:32:22.765 D/StatusBarPolicy(26949): updateDataIcon subscription =0
02-03 17:32:23.786 D/StatusBarPolicy(26949): updateDataIcon subscription =0
02-03 17:32:25.497 D/StatusBarPolicy(26949): onSignalStrengthsChanged:SignalStrength: 99 0 -87 -70 -83 -10 8 99 2147483647 2147483647 2147483647 2147483647 cdma for subscription0
02-03 17:32:25.497 D/StatusBarPolicy(26949): updateSignalStrength on subscription :0
02-03 17:32:25.497 D/StatusBarPolicy(26949): StatusBarPolocy::getIconLevel -EVDO
02-03 17:32:25.507 D/StatusBarPolicy(26949): getEvdoLevel_band_six -evdoDbm:-83
02-03 17:32:25.507 D/StatusBarPolicy(26949): getEvdoLevel_band_six -evdoEcio:-10
02-03 17:32:29.972 D/StatusBarPolicy(26949): onSignalStrengthsChanged:SignalStrength: 99 0 -87 -70 -84 -10 8 99 2147483647 2147483647 2147483647 2147483647 cdma for subscription0
02-03 17:32:29.972 D/StatusBarPolicy(26949): updateSignalStrength on subscription :0
02-03 17:32:29.972 D/StatusBarPolicy(26949): StatusBarPolocy::getIconLevel -EVDO
02-03 17:32:29.982 D/StatusBarPolicy(26949): getEvdoLevel_band_six -evdoDbm:-84
02-03 17:32:29.982 D/StatusBarPolicy(26949): getEvdoLevel_band_six -evdoEcio:-10
02-03 17:32:32.885 D/StatusBarPolicy(26949): updateDataIcon subscription =0
02-03 17:32:33.896 D/StatusBarPolicy(26949): updateDataIcon subscription =0
02-03 17:32:34.456 D/StatusBarPolicy(26949): onSignalStrengthsChanged:SignalStrength: 99 0 -87 -70 -83 -10 8 99 2147483647 2147483647 2147483647 2147483647 cdma for subscription0
02-03 17:32:34.456 D/StatusBarPolicy(26949): updateSignalStrength on subscription :0
02-03 17:32:34.466 D/StatusBarPolicy(26949): StatusBarPolocy::getIconLevel -EVDO
02-03 17:32:34.466 D/StatusBarPolicy(26949): getEvdoLevel_band_six -evdoDbm:-83
02-03 17:32:34.476 D/StatusBarPolicy(26949): getEvdoLevel_band_six -evdoEcio:-10
02-03 17:32:41.015 D/StatusBarPolicy(26949): onSignalStrengthsChanged:SignalStrength: 99 0 -87 -70 -82 -10 8 99 2147483647 2147483647 2147483647 2147483647 cdma for subscription0
02-03 17:32:41.015 D/StatusBarPolicy(26949): updateSignalStrength on subscription :0
02-03 17:32:41.015 D/StatusBarPolicy(26949): StatusBarPolocy::getIconLevel -EVDO
02-03 17:32:41.015 D/StatusBarPolicy(26949): getEvdoLevel_band_six -evdoDbm:-82
02-03 17:32:41.025 D/StatusBarPolicy(26949): getEvdoLevel_band_six -evdoEcio:-10
02-03 17:32:42.827 D/StatusBarPolicy(26949): updateDataIcon subscription =0
02-03 17:32:43.838 D/StatusBarPolicy(26949): updateDataIcon subscription =0
02-03 17:32:52.196 D/StatusBarPolicy(26949): onSignalStrengthsChanged:SignalStrength: 99 0 -87 -70 -81 -10 8 99 2147483647 2147483647 2147483647 2147483647 cdma for subscription0
02-03 17:32:52.196 D/StatusBarPolicy(26949): updateSignalStrength on subscription :0
02-03 17:32:52.206 D/StatusBarPolicy(26949): StatusBarPolocy::getIconLevel -EVDO
02-03 17:32:52.216 D/StatusBarPolicy(26949): getEvdoLevel_band_six -evdoDbm:-81
02-03 17:32:52.216 D/StatusBarPolicy(26949): getEvdoLevel_band_six -evdoEcio:-10
02-03 17:32:52.957 D/StatusBarPolicy(26949): updateDataIcon subscription =0
02-03 17:32:53.497 D/NetdConnector(26892): SND -> {interface readrxcounter rmnet0} {null}
02-03 17:32:53.507 D/NetdConnector(26892): RCV <- {216 348472172}
02-03 17:32:53.517 D/NetdConnector(26892): RSP <- {216 348472172}
02-03 17:32:53.517 D/NetdConnector(26892): SND -> {interface readtxcounter rmnet0} {null}
02-03 17:32:53.547 D/NetdConnector(26892): RCV <- {217 16601129}
02-03 17:32:53.547 D/NetdConnector(26892): RSP <- {217 16601129}
02-03 17:32:53.968 D/StatusBarPolicy(26949): updateDataIcon subscription =0
02-03 17:32:54.428 D/StatusBarPolicy(26949): onSignalStrengthsChanged:SignalStrength: 99 0 -87 -70 -82 -10 8 99 2147483647 2147483647 2147483647 2147483647 cdma for subscription0
02-03 17:32:54.428 D/StatusBarPolicy(26949): updateSignalStrength on subscription :0
02-03 17:32:54.438 D/StatusBarPolicy(26949): StatusBarPolocy::getIconLevel -EVDO
02-03 17:32:54.438 D/StatusBarPolicy(26949): getEvdoLevel_band_six -evdoDbm:-82
02-03 17:32:54.438 D/StatusBarPolicy(26949): getEvdoLevel_band_six -evdoEcio:-10
02-03 17:32:59.994 D/AlarmManager(26892): scheduleTimeTickEvent calendar=Fri Feb 03 17:34:00 CST 2012
02-03 17:32:59.994 D/AlarmManager(26892): calendar.getTimeInMillis()1328312040000
02-03 17:33:03.057 D/StatusBarPolicy(26949): updateDataIcon subscription =0
02-03 17:33:03.397 D/StatusBarPolicy(26949): onSignalStrengthsChanged:SignalStrength: 99 0 -87 -70 -81 -10 8 99 2147483647 2147483647 2147483647 2147483647 cdma for subscription0
02-03 17:33:03.397 D/StatusBarPolicy(26949): updateSignalStrength on subscription :0
02-03 17:33:03.407 D/StatusBarPolicy(26949): StatusBarPolocy::getIconLevel -EVDO
02-03 17:33:03.407 D/StatusBarPolicy(26949): getEvdoLevel_band_six -evdoDbm:-81
02-03 17:33:03.407 D/StatusBarPolicy(26949): getEvdoLevel_band_six -evdoEcio:-10
02-03 17:33:04.058 D/StatusBarPolicy(26949): updateDataIcon subscription =0
02-03 17:33:10.124 D/StatusBarPolicy(26949): onSignalStrengthsChanged:SignalStrength: 99 0 -87 -70 -83 -10 8 99 2147483647 2147483647 2147483647 2147483647 cdma for subscription0
02-03 17:33:10.124 D/StatusBarPolicy(26949): updateSignalStrength on subscription :0
02-03 17:33:10.124 D/StatusBarPolicy(26949): StatusBarPolocy::getIconLevel -EVDO
02-03 17:33:10.124 D/StatusBarPolicy(26949): getEvdoLevel_band_six -evdoDbm:-83
02-03 17:33:10.124 D/StatusBarPolicy(26949): getEvdoLevel_band_six -evdoEcio:-10
02-03 17:33:13.197 D/StatusBarPolicy(26949): updateDataIcon subscription =0
02-03 17:33:14.198 D/StatusBarPolicy(26949): updateDataIcon subscription =0
02-03 17:33:14.598 D/StatusBarPolicy(26949): onSignalStrengthsChanged:SignalStrength: 99 0 -87 -70 -84 -10 8 99 2147483647 2147483647 2147483647 2147483647 cdma for subscription0
02-03 17:33:14.598 D/StatusBarPolicy(26949): updateSignalStrength on subscription :0
02-03 17:33:14.608 D/StatusBarPolicy(26949): StatusBarPolocy::getIconLevel -EVDO
02-03 17:33:14.608 D/StatusBarPolicy(26949): getEvdoLevel_band_six -evdoDbm:-84
02-03 17:33:14.608 D/StatusBarPolicy(26949): getEvdoLevel_band_six -evdoEcio:-10
02-03 17:33:19.072 D/StatusBarPolicy(26949): onSignalStrengthsChanged:SignalStrength: 99 0 -87 -70 -85 -10 8 99 2147483647 2147483647 2147483647 2147483647 cdma for subscription0
02-03 17:33:19.082 D/StatusBarPolicy(26949): updateSignalStrength on subscription :0
02-03 17:33:19.082 D/StatusBarPolicy(26949): StatusBarPolocy::getIconLevel -EVDO
02-03 17:33:19.082 D/StatusBarPolicy(26949): getEvdoLevel_band_six -evdoDbm:-85
02-03 17:33:19.082 D/StatusBarPolicy(26949): getEvdoLevel_band_six -evdoEcio:-10
02-03 17:33:21.315 D/StatusBarPolicy(26949): onSignalStrengthsChanged:SignalStrength: 99 0 -87 -70 -86 -10 8 99 2147483647 2147483647 2147483647 2147483647 cdma for subscription0
02-03 17:33:21.315 D/StatusBarPolicy(26949): updateSignalStrength on subscription :0
02-03 17:33:21.325 D/StatusBarPolicy(26949): StatusBarPolocy::getIconLevel -EVDO
02-03 17:33:21.325 D/StatusBarPolicy(26949): getEvdoLevel_band_six -evdoDbm:-86
02-03 17:33:21.325 D/StatusBarPolicy(26949): getEvdoLevel_band_six -evdoEcio:-10
02-03 17:33:23.307 D/StatusBarPolicy(26949): updateDataIcon subscription =0
02-03 17:33:23.557 D/StatusBarPolicy(26949): onSignalStrengthsChanged:SignalStrength: 99 0 -87 -70 -85 -10 8 99 2147483647 2147483647 2147483647 2147483647 cdma for subscription0
02-03 17:33:23.557 D/StatusBarPolicy(26949): updateSignalStrength on subscription :0
02-03 17:33:23.567 D/StatusBarPolicy(26949): StatusBarPolocy::getIconLevel -EVDO
02-03 17:33:23.567 D/StatusBarPolicy(26949): getEvdoLevel_band_six -evdoDbm:-85
02-03 17:33:23.577 D/StatusBarPolicy(26949): getEvdoLevel_band_six -evdoEcio:-10
02-03 17:33:24.327 D/StatusBarPolicy(26949): updateDataIcon subscription =0
02-03 17:33:25.789 D/StatusBarPolicy(26949): onSignalStrengthsChanged:SignalStrength: 99 0 -87 -70 -94 -10 8 99 2147483647 2147483647 2147483647 2147483647 cdma for subscription0
02-03 17:33:25.789 D/StatusBarPolicy(26949): updateSignalStrength on subscription :0
02-03 17:33:25.799 D/StatusBarPolicy(26949): StatusBarPolocy::getIconLevel -EVDO
02-03 17:33:25.799 D/StatusBarPolicy(26949): getEvdoLevel_band_six -evdoDbm:-94
02-03 17:33:25.819 D/StatusBarPolicy(26949): getEvdoLevel_band_six -evdoEcio:-10
02-03 17:33:28.031 D/StatusBarPolicy(26949): onSignalStrengthsChanged:SignalStrength: 99 0 -87 -70 -92 -10 8 99 2147483647 2147483647 2147483647 2147483647 cdma for subscription0
02-03 17:33:28.041 D/StatusBarPolicy(26949): updateSignalStrength on subscription :0
02-03 17:33:28.041 D/StatusBarPolicy(26949): StatusBarPolocy::getIconLevel -EVDO
02-03 17:33:28.041 D/StatusBarPolicy(26949): getEvdoLevel_band_six -evdoDbm:-92
02-03 17:33:28.041 D/StatusBarPolicy(26949): getEvdoLevel_band_six -evdoEcio:-10
02-03 17:33:33.436 D/StatusBarPolicy(26949): updateDataIcon subscription =0
02-03 17:33:34.457 D/StatusBarPolicy(26949): updateDataIcon subscription =0
02-03 17:33:43.566 D/StatusBarPolicy(26949): updateDataIcon subscription =0
02-03 17:33:44.587 D/StatusBarPolicy(26949): updateDataIcon subscription =0
02-03 17:33:45.959 D/StatusBarPolicy(26949): onSignalStrengthsChanged:SignalStrength: 99 0 -87 -70 -87 -10 8 99 2147483647 2147483647 2147483647 2147483647 cdma for subscription0
02-03 17:33:45.959 D/StatusBarPolicy(26949): updateSignalStrength on subscription :0
02-03 17:33:45.959 D/StatusBarPolicy(26949): StatusBarPolocy::getIconLevel -EVDO
02-03 17:33:45.959 D/StatusBarPolicy(26949): getEvdoLevel_band_six -evdoDbm:-87
02-03 17:33:45.959 D/StatusBarPolicy(26949): getEvdoLevel_band_six -evdoEcio:-10
02-03 17:33:53.696 D/StatusBarPolicy(26949): updateDataIcon subscription =0
02-03 17:33:54.717 D/StatusBarPolicy(26949): updateDataIcon subscription =0
02-03 17:33:57.160 D/StatusBarPolicy(26949): onSignalStrengthsChanged:SignalStrength: 99 0 -87 -70 -86 -10 8 99 2147483647 2147483647 2147483647 2147483647 cdma for subscription0
02-03 17:33:57.160 D/StatusBarPolicy(26949): updateSignalStrength on subscription :0
02-03 17:33:57.160 D/StatusBarPolicy(26949): StatusBarPolocy::getIconLevel -EVDO
02-03 17:33:57.160 D/StatusBarPolicy(26949): getEvdoLevel_band_six -evdoDbm:-86
02-03 17:33:57.160 D/StatusBarPolicy(26949): getEvdoLevel_band_six -evdoEcio:-10
02-03 17:34:00.002 D/AlarmManager(26892): scheduleTimeTickEvent calendar=Fri Feb 03 17:35:00 CST 2012
02-03 17:34:00.002 D/AlarmManager(26892): calendar.getTimeInMillis()1328312100000
02-03 17:34:03.836 D/StatusBarPolicy(26949): updateDataIcon subscription =0
02-03 17:34:04.857 D/StatusBarPolicy(26949): updateDataIcon subscription =0
02-03 17:34:10.603 D/StatusBarPolicy(26949): onSignalStrengthsChanged:SignalStrength: 99 0 -87 -70 -85 -10 8 99 2147483647 2147483647 2147483647 2147483647 cdma for subscription0
02-03 17:34:10.613 D/StatusBarPolicy(26949): updateSignalStrength on subscription :0
02-03 17:34:10.613 D/StatusBarPolicy(26949): StatusBarPolocy::getIconLevel -EVDO
02-03 17:34:10.613 D/StatusBarPolicy(26949): getEvdoLevel_band_six -evdoDbm:-85
02-03 17:34:10.633 D/StatusBarPolicy(26949): getEvdoLevel_band_six -evdoEcio:-10
02-03 17:34:13.966 D/StatusBarPolicy(26949): updateDataIcon subscription =0
02-03 17:34:14.977 D/StatusBarPolicy(26949): updateDataIcon subscription =0
02-03 17:34:24.046 D/StatusBarPolicy(26949): onSignalStrengthsChanged:SignalStrength: 99 0 -87 -70 -84 -10 8 99 2147483647 2147483647 2147483647 2147483647 cdma for subscription0
02-03 17:34:24.046 D/StatusBarPolicy(26949): updateSignalStrength on subscription :0
02-03 17:34:24.046 D/StatusBarPolicy(26949): StatusBarPolocy::getIconLevel -EVDO
02-03 17:34:24.046 D/StatusBarPolicy(26949): getEvdoLevel_band_six -evdoDbm:-84
02-03 17:34:24.046 D/StatusBarPolicy(26949): getEvdoLevel_band_six -evdoEcio:-10
02-03 17:34:24.086 D/StatusBarPolicy(26949): updateDataIcon subscription =0
02-03 17:34:25.097 D/StatusBarPolicy(26949): updateDataIcon subscription =0
02-03 17:34:34.216 D/StatusBarPolicy(26949): updateDataIcon subscription =0
02-03 17:34:35.237 D/StatusBarPolicy(26949): updateDataIcon subscription =0
02-03 17:34:37.479 D/StatusBarPolicy(26949): onSignalStrengthsChanged:SignalStrength: 99 0 -87 -70 -86 -10 8 99 2147483647 2147483647 2147483647 2147483647 cdma for subscription0
02-03 17:34:37.479 D/StatusBarPolicy(26949): updateSignalStrength on subscription :0
02-03 17:34:37.479 D/StatusBarPolicy(26949): StatusBarPolocy::getIconLevel -EVDO
02-03 17:34:37.489 D/StatusBarPolicy(26949): getEvdoLevel_band_six -evdoDbm:-86
02-03 17:34:37.489 D/StatusBarPolicy(26949): getEvdoLevel_band_six -evdoEcio:-10
02-03 17:34:44.346 D/StatusBarPolicy(26949): updateDataIcon subscription =0
02-03 17:34:45.367 D/StatusBarPolicy(26949): updateDataIcon subscription =0
02-03 17:34:46.448 D/StatusBarPolicy(26949): onSignalStrengthsChanged:SignalStrength: 99 0 -87 -70 -85 -10 8 99 2147483647 2147483647 2147483647 2147483647 cdma for subscription0
02-03 17:34:46.448 D/StatusBarPolicy(26949): updateSignalStrength on subscription :0
02-03 17:34:46.448 D/StatusBarPolicy(26949): StatusBarPolocy::getIconLevel -EVDO
02-03 17:34:46.448 D/StatusBarPolicy(26949): getEvdoLevel_band_six -evdoDbm:-85
02-03 17:34:46.448 D/StatusBarPolicy(26949): getEvdoLevel_band_six -evdoEcio:-10
02-03 17:34:53.174 D/StatusBarPolicy(26949): onSignalStrengthsChanged:SignalStrength: 99 0 -87 -70 -84 -10 8 99 2147483647 2147483647 2147483647 2147483647 cdma for subscription0
02-03 17:34:53.174 D/StatusBarPolicy(26949): updateSignalStrength on subscription :0
02-03 17:34:53.174 D/StatusBarPolicy(26949): StatusBarPolocy::getIconLevel -EVDO
02-03 17:34:53.174 D/StatusBarPolicy(26949): getEvdoLevel_band_six -evdoDbm:-84
02-03 17:34:53.174 D/StatusBarPolicy(26949): getEvdoLevel_band_six -evdoEcio:-10
02-03 17:34:54.505 D/StatusBarPolicy(26949): updateDataIcon subscription =0
02-03 17:34:55.546 D/StatusBarPolicy(26949): updateDataIcon subscription =0
02-03 17:35:00.001 D/AlarmManager(26892): scheduleTimeTickEvent calendar=Fri Feb 03 17:36:00 CST 2012
02-03 17:35:00.001 D/AlarmManager(26892): calendar.getTimeInMillis()1328312160000
02-03 17:35:04.645 D/StatusBarPolicy(26949): updateDataIcon subscription =0
02-03 17:35:05.666 D/StatusBarPolicy(26949): updateDataIcon subscription =0
02-03 17:35:14.765 D/StatusBarPolicy(26949): updateDataIcon subscription =0
02-03 17:35:15.566 D/StatusBarPolicy(26949): onSignalStrengthsChanged:SignalStrength: 99 0 -87 -70 -85 -10 8 99 2147483647 2147483647 2147483647 2147483647 cdma for subscription0
02-03 17:35:15.566 D/StatusBarPolicy(26949): updateSignalStrength on subscription :0
02-03 17:35:15.576 D/StatusBarPolicy(26949): StatusBarPolocy::getIconLevel -EVDO
02-03 17:35:15.576 D/StatusBarPolicy(26949): getEvdoLevel_band_six -evdoDbm:-85
02-03 17:35:15.576 D/StatusBarPolicy(26949): getEvdoLevel_band_six -evdoEcio:-10
02-03 17:35:15.796 D/StatusBarPolicy(26949): updateDataIcon subscription =0
02-03 17:35:24.895 D/StatusBarPolicy(26949): updateDataIcon subscription =0
02-03 17:35:25.916 D/StatusBarPolicy(26949): updateDataIcon subscription =0
02-03 17:35:35.025 D/StatusBarPolicy(26949): updateDataIcon subscription =0
02-03 17:35:36.046 D/StatusBarPolicy(26949): updateDataIcon subscription =0
02-03 17:35:45.155 D/StatusBarPolicy(26949): updateDataIcon subscription =0
02-03 17:35:46.166 D/StatusBarPolicy(26949): updateDataIcon subscription =0
02-03 17:35:46.927 D/StatusBarPolicy(26949): onSignalStrengthsChanged:SignalStrength: 99 0 -87 -70 -87 -10 8 99 2147483647 2147483647 2147483647 2147483647 cdma for subscription0
02-03 17:35:46.927 D/StatusBarPolicy(26949): updateSignalStrength on subscription :0
02-03 17:35:46.937 D/StatusBarPolicy(26949): StatusBarPolocy::getIconLevel -EVDO
02-03 17:35:46.937 D/StatusBarPolicy(26949): getEvdoLevel_band_six -evdoDbm:-87
02-03 17:35:46.937 D/StatusBarPolicy(26949): getEvdoLevel_band_six -evdoEcio:-10
02-03 17:35:55.275 D/StatusBarPolicy(26949): updateDataIcon subscription =0
02-03 17:35:56.296 D/StatusBarPolicy(26949): updateDataIcon subscription =0
02-03 17:35:59.999 D/AlarmManager(26892): scheduleTimeTickEvent calendar=Fri Feb 03 17:37:00 CST 2012
02-03 17:35:59.999 D/AlarmManager(26892): calendar.getTimeInMillis()1328312220000
02-03 17:36:05.445 D/StatusBarPolicy(26949): updateDataIcon subscription =0
02-03 17:36:06.456 D/StatusBarPolicy(26949): updateDataIcon subscription =0
02-03 17:36:13.813 D/StatusBarPolicy(26949): onSignalStrengthsChanged:SignalStrength: 99 0 -87 -70 -88 -10 8 99 2147483647 2147483647 2147483647 2147483647 cdma for subscription0
02-03 17:36:13.813 D/StatusBarPolicy(26949): updateSignalStrength on subscription :0
02-03 17:36:13.813 D/StatusBarPolicy(26949): StatusBarPolocy::getIconLevel -EVDO
02-03 17:36:13.813 D/StatusBarPolicy(26949): getEvdoLevel_band_six -evdoDbm:-88
02-03 17:36:13.813 D/StatusBarPolicy(26949): getEvdoLevel_band_six -evdoEcio:-10
02-03 17:36:15.555 D/StatusBarPolicy(26949): updateDataIcon subscription =0
02-03 17:36:16.055 D/StatusBarPolicy(26949): onSignalStrengthsChanged:SignalStrength: 99 0 -87 -70 -87 -10 8 99 2147483647 2147483647 2147483647 2147483647 cdma for subscription0
02-03 17:36:16.055 D/StatusBarPolicy(26949): updateSignalStrength on subscription :0
02-03 17:36:16.055 D/StatusBarPolicy(26949): StatusBarPolocy::getIconLevel -EVDO
02-03 17:36:16.055 D/StatusBarPolicy(26949): getEvdoLevel_band_six -evdoDbm:-87
02-03 17:36:16.085 D/StatusBarPolicy(26949): getEvdoLevel_band_six -evdoEcio:-10
02-03 17:36:16.576 D/StatusBarPolicy(26949): updateDataIcon subscription =0
02-03 17:36:20.529 D/StatusBarPolicy(26949): onSignalStrengthsChanged:SignalStrength: 99 0 -87 -70 -86 -10 8 99 2147483647 2147483647 2147483647 2147483647 cdma for subscription0
02-03 17:36:20.529 D/StatusBarPolicy(26949): updateSignalStrength on subscription :0
02-03 17:36:20.539 D/StatusBarPolicy(26949): StatusBarPolocy::getIconLevel -EVDO
02-03 17:36:20.539 D/StatusBarPolicy(26949): getEvdoLevel_band_six -evdoDbm:-86
02-03 17:36:20.539 D/StatusBarPolicy(26949): getEvdoLevel_band_six -evdoEcio:-10
02-03 17:36:25.674 D/StatusBarPolicy(26949): updateDataIcon subscription =0
02-03 17:36:26.695 D/StatusBarPolicy(26949): updateDataIcon subscription =0
02-03 17:36:27.256 D/StatusBarPolicy(26949): onSignalStrengthsChanged:SignalStrength: 99 0 -87 -70 -87 -10 8 99 2147483647 2147483647 2147483647 2147483647 cdma for subscription0
02-03 17:36:27.266 D/StatusBarPolicy(26949): updateSignalStrength on subscription :0
02-03 17:36:27.266 D/StatusBarPolicy(26949): StatusBarPolocy::getIconLevel -EVDO
02-03 17:36:27.276 D/StatusBarPolicy(26949): getEvdoLevel_band_six -evdoDbm:-87
02-03 17:36:27.276 D/StatusBarPolicy(26949): getEvdoLevel_band_six -evdoEcio:-10
02-03 17:36:35.794 D/StatusBarPolicy(26949): updateDataIcon subscription =0
02-03 17:36:36.215 D/StatusBarPolicy(26949): onSignalStrengthsChanged:SignalStrength: 99 0 -87 -70 -86 -10 8 99 2147483647 2147483647 2147483647 2147483647 cdma for subscription0
02-03 17:36:36.215 D/StatusBarPolicy(26949): updateSignalStrength on subscription :0
02-03 17:36:36.215 D/StatusBarPolicy(26949): StatusBarPolocy::getIconLevel -EVDO
02-03 17:36:36.215 D/StatusBarPolicy(26949): getEvdoLevel_band_six -evdoDbm:-86
02-03 17:36:36.225 D/StatusBarPolicy(26949): getEvdoLevel_band_six -evdoEcio:-10
02-03 17:36:36.815 D/StatusBarPolicy(26949): updateDataIcon subscription =0
02-03 17:36:45.924 D/StatusBarPolicy(26949): updateDataIcon subscription =0
02-03 17:36:46.935 D/StatusBarPolicy(26949): updateDataIcon subscription =0
02-03 17:36:56.034 D/StatusBarPolicy(26949): updateDataIcon subscription =0
02-03 17:36:56.374 D/StatusBarPolicy(26949): onSignalStrengthsChanged:SignalStrength: 99 0 -87 -70 -85 -10 8 99 2147483647 2147483647 2147483647 2147483647 cdma for subscription0
02-03 17:36:56.374 D/StatusBarPolicy(26949): updateSignalStrength on subscription :0
02-03 17:36:56.384 D/StatusBarPolicy(26949): StatusBarPolocy::getIconLevel -EVDO
02-03 17:36:56.384 D/StatusBarPolicy(26949): getEvdoLevel_band_six -evdoDbm:-85
02-03 17:36:56.384 D/StatusBarPolicy(26949): getEvdoLevel_band_six -evdoEcio:-10
02-03 17:36:57.055 D/StatusBarPolicy(26949): updateDataIcon subscription =0
02-03 17:36:59.998 D/AlarmManager(26892): scheduleTimeTickEvent calendar=Fri Feb 03 17:38:00 CST 2012
02-03 17:36:59.998 D/AlarmManager(26892): calendar.getTimeInMillis()1328312280000
02-03 17:37:00.849 D/StatusBarPolicy(26949): onSignalStrengthsChanged:SignalStrength: 99 0 -87 -70 -93 -10 8 99 2147483647 2147483647 2147483647 2147483647 cdma for subscription0
02-03 17:37:00.849 D/StatusBarPolicy(26949): updateSignalStrength on subscription :0
02-03 17:37:00.849 D/StatusBarPolicy(26949): StatusBarPolocy::getIconLevel -EVDO
02-03 17:37:00.849 D/StatusBarPolicy(26949): getEvdoLevel_band_six -evdoDbm:-93
02-03 17:37:00.879 D/StatusBarPolicy(26949): getEvdoLevel_band_six -evdoEcio:-10
02-03 17:37:03.111 D/StatusBarPolicy(26949): onSignalStrengthsChanged:SignalStrength: 99 0 -87 -70 -92 -10 8 99 2147483647 2147483647 2147483647 2147483647 cdma for subscription0
02-03 17:37:03.111 D/StatusBarPolicy(26949): updateSignalStrength on subscription :0
02-03 17:37:03.121 D/StatusBarPolicy(26949): StatusBarPolocy::getIconLevel -EVDO
02-03 17:37:03.121 D/StatusBarPolicy(26949): getEvdoLevel_band_six -evdoDbm:-92
02-03 17:37:03.131 D/StatusBarPolicy(26949): getEvdoLevel_band_six -evdoEcio:-10
02-03 17:37:06.164 D/StatusBarPolicy(26949): updateDataIcon subscription =0
02-03 17:37:07.185 D/StatusBarPolicy(26949): updateDataIcon subscription =0
02-03 17:37:07.585 D/StatusBarPolicy(26949): onSignalStrengthsChanged:SignalStrength: 99 0 -87 -70 -89 -10 8 99 2147483647 2147483647 2147483647 2147483647 cdma for subscription0
02-03 17:37:07.585 D/StatusBarPolicy(26949): updateSignalStrength on subscription :0
02-03 17:37:07.585 D/StatusBarPolicy(26949): StatusBarPolocy::getIconLevel -EVDO
02-03 17:37:07.585 D/StatusBarPolicy(26949): getEvdoLevel_band_six -evdoDbm:-89
02-03 17:37:07.595 D/StatusBarPolicy(26949): getEvdoLevel_band_six -evdoEcio:-10
02-03 17:37:16.284 D/StatusBarPolicy(26949): updateDataIcon subscription =0
02-03 17:37:16.534 D/StatusBarPolicy(26949): onSignalStrengthsChanged:SignalStrength: 99 0 -87 -70 -86 -10 8 99 2147483647 2147483647 2147483647 2147483647 cdma for subscription0
02-03 17:37:16.534 D/StatusBarPolicy(26949): updateSignalStrength on subscription :0
02-03 17:37:16.544 D/StatusBarPolicy(26949): StatusBarPolocy::getIconLevel -EVDO
02-03 17:37:16.564 D/StatusBarPolicy(26949): getEvdoLevel_band_six -evdoDbm:-86
02-03 17:37:16.564 D/StatusBarPolicy(26949): getEvdoLevel_band_six -evdoEcio:-10
02-03 17:37:17.305 D/StatusBarPolicy(26949): updateDataIcon subscription =0
02-03 17:37:23.251 D/StatusBarPolicy(26949): onSignalStrengthsChanged:SignalStrength: 99 0 -87 -70 -85 -10 8 99 2147483647 2147483647 2147483647 2147483647 cdma for subscription0
02-03 17:37:23.261 D/StatusBarPolicy(26949): updateSignalStrength on subscription :0
02-03 17:37:23.261 D/StatusBarPolicy(26949): StatusBarPolocy::getIconLevel -EVDO
02-03 17:37:23.261 D/StatusBarPolicy(26949): getEvdoLevel_band_six -evdoDbm:-85
02-03 17:37:23.261 D/StatusBarPolicy(26949): getEvdoLevel_band_six -evdoEcio:-10
02-03 17:37:27.425 D/StatusBarPolicy(26949): updateDataIcon subscription =0
02-03 17:37:27.745 D/StatusBarPolicy(26949): onSignalStrengthsChanged:SignalStrength: 99 0 -87 -70 -86 -10 8 99 2147483647 2147483647 2147483647 2147483647 cdma for subscription0
02-03 17:37:27.755 D/StatusBarPolicy(26949): updateSignalStrength on subscription :0
02-03 17:37:27.755 D/StatusBarPolicy(26949): StatusBarPolocy::getIconLevel -EVDO
02-03 17:37:27.755 D/StatusBarPolicy(26949): getEvdoLevel_band_six -evdoDbm:-86
02-03 17:37:27.765 D/StatusBarPolicy(26949): getEvdoLevel_band_six -evdoEcio:-10
02-03 17:37:28.446 D/StatusBarPolicy(26949): updateDataIcon subscription =0
02-03 17:37:29.997 D/StatusBarPolicy(26949): onSignalStrengthsChanged:SignalStrength: 99 0 -87 -70 -85 -10 8 99 2147483647 2147483647 2147483647 2147483647 cdma for subscription0
02-03 17:37:29.997 D/StatusBarPolicy(26949): updateSignalStrength on subscription :0
02-03 17:37:29.997 D/StatusBarPolicy(26949): StatusBarPolocy::getIconLevel -EVDO
02-03 17:37:29.997 D/StatusBarPolicy(26949): getEvdoLevel_band_six -evdoDbm:-85
02-03 17:37:30.007 D/StatusBarPolicy(26949): getEvdoLevel_band_six -evdoEcio:-10
02-03 17:37:32.209 D/StatusBarPolicy(26949): onSignalStrengthsChanged:SignalStrength: 99 0 -87 -70 -86 -10 8 99 2147483647 2147483647 2147483647 2147483647 cdma for subscription0
02-03 17:37:32.209 D/StatusBarPolicy(26949): updateSignalStrength on subscription :0
02-03 17:37:32.219 D/StatusBarPolicy(26949): StatusBarPolocy::getIconLevel -EVDO
02-03 17:37:32.219 D/StatusBarPolicy(26949): getEvdoLevel_band_six -evdoDbm:-86
02-03 17:37:32.219 D/StatusBarPolicy(26949): getEvdoLevel_band_six -evdoEcio:-10
02-03 17:37:37.545 D/StatusBarPolicy(26949): updateDataIcon subscription =0
02-03 17:37:38.566 D/StatusBarPolicy(26949): updateDataIcon subscription =0
02-03 17:37:47.674 D/StatusBarPolicy(26949): updateDataIcon subscription =0
02-03 17:37:48.695 D/StatusBarPolicy(26949): updateDataIcon subscription =0
02-03 17:37:57.804 D/StatusBarPolicy(26949): updateDataIcon subscription =0
02-03 17:37:58.825 D/StatusBarPolicy(26949): updateDataIcon subscription =0
02-03 17:38:00.006 D/AlarmManager(26892): scheduleTimeTickEvent calendar=Fri Feb 03 17:39:00 CST 2012
02-03 17:38:00.006 D/AlarmManager(26892): calendar.getTimeInMillis()1328312340000
02-03 17:38:07.934 D/StatusBarPolicy(26949): updateDataIcon subscription =0
02-03 17:38:08.955 D/StatusBarPolicy(26949): updateDataIcon subscription =0
02-03 17:38:12.589 D/StatusBarPolicy(26949): onSignalStrengthsChanged:SignalStrength: 99 0 -87 -70 -87 -10 8 99 2147483647 2147483647 2147483647 2147483647 cdma for subscription0
02-03 17:38:12.589 D/StatusBarPolicy(26949): updateSignalStrength on subscription :0
