02-03 16:43:42.296 W/WindowManager(26892): updateFocusedWindowLocked newFocus=Window{408b6530 com.android.phone/com.android.phone.CallFeaturesSetting paused=false} mode=3 mCurrentFocus = Window{408b6530 com.android.phone/com.android.phone.CallFeaturesSetting paused=false}
02-03 16:43:42.316 W/WindowManager(26892): updateFocusedWindowLocked newFocus=Window{408b6530 com.android.phone/com.android.phone.CallFeaturesSetting paused=false} mode=3 mCurrentFocus = Window{408b6530 com.android.phone/com.android.phone.CallFeaturesSetting paused=false}
02-03 16:43:42.316 W/WindowManager(26892): updateFocusedWindowLocked newFocus=Window{408b6530 com.android.phone/com.android.phone.CallFeaturesSetting paused=false} mode=3 mCurrentFocus = Window{408b6530 com.android.phone/com.android.phone.CallFeaturesSetting paused=false}
02-03 16:43:43.196 D/StatusBarPolicy(26949): updateDataIcon subscription =0
02-03 16:43:44.217 D/StatusBarPolicy(26949): updateDataIcon subscription =0
02-03 16:43:46.650 D/StatusBarPolicy(26949): onSignalStrengthsChanged:SignalStrength: 99 0 -91 -70 -95 -20 8 99 2147483647 2147483647 2147483647 2147483647 cdma for subscription0
02-03 16:43:46.650 D/StatusBarPolicy(26949): updateSignalStrength on subscription :0
02-03 16:43:46.650 D/StatusBarPolicy(26949): StatusBarPolocy::getIconLevel -EVDO
02-03 16:43:46.660 D/StatusBarPolicy(26949): getEvdoLevel_band_six -evdoDbm:-95
02-03 16:43:46.660 D/StatusBarPolicy(26949): getEvdoLevel_band_six -evdoEcio:-20
02-03 16:43:48.131 D/PowerManagerService(26892): setTimeoutLocked now=86555078 timeoutOverride=-1 nextState=1 when=86662078
02-03 16:43:48.892 D/StatusBarPolicy(26949): onSignalStrengthsChanged:SignalStrength: 99 0 -91 -70 -93 -10 8 99 2147483647 2147483647 2147483647 2147483647 cdma for subscription0
02-03 16:43:48.892 D/StatusBarPolicy(26949): updateSignalStrength on subscription :0
02-03 16:43:48.902 D/StatusBarPolicy(26949): StatusBarPolocy::getIconLevel -EVDO
02-03 16:43:48.902 D/StatusBarPolicy(26949): getEvdoLevel_band_six -evdoDbm:-93
02-03 16:43:48.902 D/StatusBarPolicy(26949): getEvdoLevel_band_six -evdoEcio:-10
02-03 16:43:49.843 D/PowerManagerService(26892): setTimeoutLocked now=86556786 timeoutOverride=-1 nextState=3 when=86562786
02-03 16:43:49.953 I/ActivityManager(26892): Starting: Intent { act=android.intent.action.MAIN cat=[android.intent.category.HOME] flg=0x10200000 cmp=com.android.launcher/com.android.launcher2.Launcher } from pid 26892
02-03 16:43:49.953 W/WindowManager(26892): updateFocusedWindowLocked newFocus=null mode=3 mCurrentFocus = Window{408b6530 com.android.phone/com.android.phone.CallFeaturesSetting paused=true}
02-03 16:43:49.963 W/WindowManager(26892): updateFocusedWindowLocked newFocus=null mode=0 mCurrentFocus = null
02-03 16:43:49.983 W/WindowManager(26892): updateFocusedWindowLocked newFocus=null mode=3 mCurrentFocus = null
02-03 16:43:50.013 W/WindowManager(26892): updateFocusedWindowLocked newFocus=Window{4084db38 com.android.launcher/com.android.launcher2.Launcher paused=false} mode=2 mCurrentFocus = null
02-03 16:43:50.013 W/WindowManager(26892): updateFocusedWindowLocked newFocus=Window{4084db38 com.android.launcher/com.android.launcher2.Launcher paused=false} mode=2 mCurrentFocus = Window{4084db38 com.android.launcher/com.android.launcher2.Launcher paused=false}
02-03 16:43:50.023 W/WindowManager(26892): updateFocusedWindowLocked newFocus=Window{4084db38 com.android.launcher/com.android.launcher2.Launcher paused=false} mode=3 mCurrentFocus = Window{4084db38 com.android.launcher/com.android.launcher2.Launcher paused=false}
02-03 16:43:54.317 D/StatusBarPolicy(26949): updateDataIcon subscription =0
02-03 16:43:55.338 D/StatusBarPolicy(26949): updateDataIcon subscription =0
02-03 16:43:55.849 D/PowerManagerService(26892): setTimeoutLocked now=86562792 timeoutOverride=-1 nextState=1 when=86669792
02-03 16:44:00.013 D/AlarmManager(26892): scheduleTimeTickEvent calendar=Fri Feb 03 16:45:00 CST 2012
02-03 16:44:00.013 D/AlarmManager(26892): calendar.getTimeInMillis()1328309100000
02-03 16:44:00.083 D/StatusBarPolicy(26949): onSignalStrengthsChanged:SignalStrength: 99 0 -91 -70 -92 -10 8 99 2147483647 2147483647 2147483647 2147483647 cdma for subscription0
02-03 16:44:00.083 D/StatusBarPolicy(26949): updateSignalStrength on subscription :0
02-03 16:44:00.083 D/StatusBarPolicy(26949): StatusBarPolocy::getIconLevel -EVDO
02-03 16:44:00.083 D/StatusBarPolicy(26949): getEvdoLevel_band_six -evdoDbm:-92
02-03 16:44:00.083 D/StatusBarPolicy(26949): getEvdoLevel_band_six -evdoEcio:-10
02-03 16:44:04.437 D/StatusBarPolicy(26949): updateDataIcon subscription =0
02-03 16:44:05.458 D/StatusBarPolicy(26949): updateDataIcon subscription =0
02-03 16:44:09.072 D/PowerManagerService(26892): setTimeoutLocked now=86576015 timeoutOverride=-1 nextState=0 when=86583015
02-03 16:44:09.102 W/WindowManager(26892): updateFocusedWindowLocked newFocus=Window{4085adb0 Keyguard paused=false} mode=3 mCurrentFocus = Window{4084db38 com.android.launcher/com.android.launcher2.Launcher paused=false}
02-03 16:45:00.001 D/AlarmManager(26892): scheduleTimeTickEvent calendar=Fri Feb 03 16:46:00 CST 2012
02-03 16:45:00.001 D/AlarmManager(26892): calendar.getTimeInMillis()1328309160000
02-03 16:46:00.000 D/AlarmManager(26892): scheduleTimeTickEvent calendar=Fri Feb 03 16:47:00 CST 2012
02-03 16:46:00.000 D/AlarmManager(26892): calendar.getTimeInMillis()1328309220000
02-03 16:46:50.980 W/WindowManager(26892): updateFocusedWindowLocked newFocus=Window{4085adb0 Keyguard paused=false} mode=3 mCurrentFocus = Window{4085adb0 Keyguard paused=false}
02-03 16:46:51.090 W/WindowManager(26892): updateFocusedWindowLocked newFocus=Window{4085adb0 Keyguard paused=false} mode=3 mCurrentFocus = Window{4085adb0 Keyguard paused=false}
02-03 16:46:54.703 W/WindowManager(26892): updateFocusedWindowLocked newFocus=Window{4085adb0 Keyguard paused=false} mode=3 mCurrentFocus = Window{4085adb0 Keyguard paused=false}
02-03 16:46:54.713 W/WindowManager(26892): updateFocusedWindowLocked newFocus=Window{4085adb0 Keyguard paused=false} mode=2 mCurrentFocus = Window{4085adb0 Keyguard paused=false}
02-03 16:46:54.713 W/WindowManager(26892): updateFocusedWindowLocked newFocus=Window{4085adb0 Keyguard paused=false} mode=2 mCurrentFocus = Window{4085adb0 Keyguard paused=false}
02-03 16:46:54.763 D/StatusBarPolicy(26949): onSignalStrengthsChanged:SignalStrength: 99 0 -92 -70 -93 -10 8 99 2147483647 2147483647 2147483647 2147483647 cdma for subscription0
02-03 16:46:54.763 D/StatusBarPolicy(26949): updateSignalStrength on subscription :0
02-03 16:46:54.763 D/StatusBarPolicy(26949): StatusBarPolocy::getIconLevel -EVDO
02-03 16:46:54.763 D/StatusBarPolicy(26949): getEvdoLevel_band_six -evdoDbm:-93
02-03 16:46:54.763 D/StatusBarPolicy(26949): getEvdoLevel_band_six -evdoEcio:-10
02-03 16:46:54.783 I/TelephonyRegistry(26892): notifyServiceState: 0 home Sprint  310099  EvDo rev. A CSS not supported 41 4139RoamInd: 1RoamStatus(sprint): 1DefRoamInd: 160EmergOnly: false
02-03 16:46:54.783 D/StatusBarPolicy(26949): onServiceStateChanged:0 home Sprint  310099  EvDo rev. A CSS not supported 41 4139RoamInd: 1RoamStatus(sprint): 1DefRoamInd: 160EmergOnly: falsefor subscription :0
02-03 16:46:54.783 D/StatusBarPolicy(26949): updateSignalStrength on subscription :0
02-03 16:46:54.783 D/StatusBarPolicy(26949): StatusBarPolocy::getIconLevel -EVDO
02-03 16:46:54.783 D/StatusBarPolicy(26949): getEvdoLevel_band_six -evdoDbm:-93
02-03 16:46:54.783 D/StatusBarPolicy(26949): getEvdoLevel_band_six -evdoEcio:-10
02-03 16:46:54.783 D/StatusBarPolicy(26949): updateDataIcon subscription =0
02-03 16:46:55.834 D/PowerManagerService(26892): setTimeoutLocked now=86742785 timeoutOverride=-1 nextState=3 when=86748785
02-03 16:46:55.844 W/WindowManager(26892): updateFocusedWindowLocked newFocus=null mode=3 mCurrentFocus = Window{4085adb0 Keyguard paused=false}
02-03 16:46:55.844 D/PowerManagerService(26892): setTimeoutLocked now=86742796 timeoutOverride=-1 nextState=3 when=86748796
02-03 16:46:55.844 W/WindowManager(26892): updateFocusedWindowLocked newFocus=Window{4084db38 com.android.launcher/com.android.launcher2.Launcher paused=false} mode=2 mCurrentFocus = null
02-03 16:46:55.854 W/InputManagerService(26892): Window already focused, ignoring focus gain of: com.android.internal.view.IInputMethodClient$Stub$Proxy@408d8620
02-03 16:46:56.765 D/StatusBarPolicy(26949): updateDataIcon subscription =0
02-03 16:46:56.855 D/PowerManagerService(26892): setTimeoutLocked now=86743794 timeoutOverride=-1 nextState=3 when=86749794
02-03 16:46:57.076 D/StatusBarPolicy(26949): onSignalStrengthsChanged:SignalStrength: 99 0 -92 -70 -91 -20 8 99 2147483647 2147483647 2147483647 2147483647 cdma for subscription0
02-03 16:46:57.076 D/StatusBarPolicy(26949): updateSignalStrength on subscription :0
02-03 16:46:57.076 D/StatusBarPolicy(26949): StatusBarPolocy::getIconLevel -EVDO
02-03 16:46:57.096 D/StatusBarPolicy(26949): getEvdoLevel_band_six -evdoDbm:-91
02-03 16:46:57.096 D/StatusBarPolicy(26949): getEvdoLevel_band_six -evdoEcio:-20
02-03 16:46:57.386 D/PowerManagerService(26892): setTimeoutLocked now=86744334 timeoutOverride=-1 nextState=3 when=86750334
02-03 16:46:57.476 D/PowerManagerService(26892): setTimeoutLocked now=86744422 timeoutOverride=-1 nextState=3 when=86750422
02-03 16:46:57.776 D/StatusBarPolicy(26949): updateDataIcon subscription =0
02-03 16:46:58.237 D/PowerManagerService(26892): setTimeoutLocked now=86745186 timeoutOverride=-1 nextState=3 when=86751186
02-03 16:46:58.547 D/PowerManagerService(26892): setTimeoutLocked now=86745487 timeoutOverride=-1 nextState=3 when=86751487
02-03 16:46:58.757 D/PowerManagerService(26892): setTimeoutLocked now=86745701 timeoutOverride=-1 nextState=3 when=86751701
02-03 16:46:59.118 D/PowerManagerService(26892): setTimeoutLocked now=86746066 timeoutOverride=-1 nextState=3 when=86752066
02-03 16:46:59.288 D/StatusBarPolicy(26949): onSignalStrengthsChanged:SignalStrength: 99 0 -92 -70 -90 -10 8 99 2147483647 2147483647 2147483647 2147483647 cdma for subscription0
02-03 16:46:59.288 D/StatusBarPolicy(26949): updateSignalStrength on subscription :0
02-03 16:46:59.288 D/StatusBarPolicy(26949): StatusBarPolocy::getIconLevel -EVDO
02-03 16:46:59.288 D/StatusBarPolicy(26949): getEvdoLevel_band_six -evdoDbm:-90
02-03 16:46:59.288 D/StatusBarPolicy(26949): getEvdoLevel_band_six -evdoEcio:-10
02-03 16:46:59.438 D/PowerManagerService(26892): setTimeoutLocked now=86746379 timeoutOverride=-1 nextState=3 when=86752379
02-03 16:46:59.648 D/PowerManagerService(26892): setTimeoutLocked now=86746594 timeoutOverride=-1 nextState=3 when=86752594
02-03 16:47:00.008 D/AlarmManager(26892): scheduleTimeTickEvent calendar=Fri Feb 03 16:48:00 CST 2012
02-03 16:47:00.008 D/AlarmManager(26892): calendar.getTimeInMillis()1328309280000
02-03 16:47:00.489 D/PowerManagerService(26892): setTimeoutLocked now=86747434 timeoutOverride=-1 nextState=3 when=86753434
02-03 16:47:00.569 W/WindowManager(26892): updateFocusedWindowLocked newFocus=Window{405397d8 AtchDlg:com.android.launcher/com.android.launcher2.Launcher paused=false} mode=1 mCurrentFocus = Window{4084db38 com.android.launcher/com.android.launcher2.Launcher paused=false}
02-03 16:47:00.569 W/WindowManager(26892): updateFocusedWindowLocked newFocus=Window{405397d8 AtchDlg:com.android.launcher/com.android.launcher2.Launcher paused=false} mode=3 mCurrentFocus = Window{405397d8 AtchDlg:com.android.launcher/com.android.launcher2.Launcher paused=false}
02-03 16:47:01.370 D/PowerManagerService(26892): setTimeoutLocked now=86748312 timeoutOverride=-1 nextState=3 when=86754312
02-03 16:47:01.410 W/WindowManager(26892): updateFocusedWindowLocked newFocus=Window{4084db38 com.android.launcher/com.android.launcher2.Launcher paused=false} mode=3 mCurrentFocus = Window{405397d8 AtchDlg:com.android.launcher/com.android.launcher2.Launcher paused=false}
02-03 16:47:01.420 W/InputManagerService(26892): Window already focused, ignoring focus gain of: com.android.internal.view.IInputMethodClient$Stub$Proxy@40791e58
02-03 16:47:01.540 D/StatusBarPolicy(26949): onSignalStrengthsChanged:SignalStrength: 99 0 -92 -70 -89 -20 8 99 2147483647 2147483647 2147483647 2147483647 cdma for subscription0
02-03 16:47:01.540 D/StatusBarPolicy(26949): updateSignalStrength on subscription :0
02-03 16:47:01.540 D/StatusBarPolicy(26949): StatusBarPolocy::getIconLevel -EVDO
02-03 16:47:01.540 D/StatusBarPolicy(26949): getEvdoLevel_band_six -evdoDbm:-89
02-03 16:47:01.540 D/StatusBarPolicy(26949): getEvdoLevel_band_six -evdoEcio:-20
02-03 16:47:02.050 D/PowerManagerService(26892): setTimeoutLocked now=86748995 timeoutOverride=-1 nextState=3 when=86754995
02-03 16:47:03.322 D/PowerManagerService(26892): setTimeoutLocked now=86750260 timeoutOverride=-1 nextState=3 when=86756260
02-03 16:47:03.392 D/PowerManagerService(26892): setTimeoutLocked now=86750333 timeoutOverride=-1 nextState=3 when=86756333
02-03 16:47:04.353 D/PowerManagerService(26892): setTimeoutLocked now=86751294 timeoutOverride=-1 nextState=3 when=86757294
02-03 16:47:05.454 D/PowerManagerService(26892): setTimeoutLocked now=86752394 timeoutOverride=-1 nextState=3 when=86758394
02-03 16:47:05.484 I/ActivityManager(26892): Starting: Intent { act=android.intent.action.MAIN cat=[android.intent.category.HOME] flg=0x10200000 cmp=com.android.launcher/com.android.launcher2.Launcher } from pid 26892
02-03 16:47:06.024 D/StatusBarPolicy(26949): onSignalStrengthsChanged:SignalStrength: 99 0 -92 -70 -88 -30 8 99 2147483647 2147483647 2147483647 2147483647 cdma for subscription0
02-03 16:47:06.024 D/StatusBarPolicy(26949): updateSignalStrength on subscription :0
02-03 16:47:06.024 D/StatusBarPolicy(26949): StatusBarPolocy::getIconLevel -EVDO
02-03 16:47:06.024 D/StatusBarPolicy(26949): getEvdoLevel_band_six -evdoDbm:-88
02-03 16:47:06.024 D/StatusBarPolicy(26949): getEvdoLevel_band_six -evdoEcio:-30
02-03 16:47:06.605 D/PowerManagerService(26892): setTimeoutLocked now=86753546 timeoutOverride=-1 nextState=3 when=86759546
02-03 16:47:06.855 I/ActivityManager(26892): Starting: Intent { act=android.intent.action.MAIN cat=[android.intent.category.HOME] flg=0x10200000 cmp=com.android.launcher/com.android.launcher2.Launcher } from pid 26892
02-03 16:47:07.966 D/PowerManagerService(26892): setTimeoutLocked now=86754912 timeoutOverride=-1 nextState=3 when=86760912
02-03 16:47:08.036 W/WindowManager(26892): updateFocusedWindowLocked newFocus=Window{4053d1e8 AtchDlg:com.android.launcher/com.android.launcher2.Launcher paused=false} mode=1 mCurrentFocus = Window{4084db38 com.android.launcher/com.android.launcher2.Launcher paused=false}
02-03 16:47:08.046 W/WindowManager(26892): updateFocusedWindowLocked newFocus=Window{4053d1e8 AtchDlg:com.android.launcher/com.android.launcher2.Launcher paused=false} mode=3 mCurrentFocus = Window{4053d1e8 AtchDlg:com.android.launcher/com.android.launcher2.Launcher paused=false}
02-03 16:47:08.507 D/PowerManagerService(26892): setTimeoutLocked now=86755450 timeoutOverride=-1 nextState=3 when=86761450
02-03 16:47:08.567 D/PowerManagerService(26892): setTimeoutLocked now=86755513 timeoutOverride=-1 nextState=3 when=86761513
02-03 16:47:08.567 I/ActivityManager(26892): Starting: Intent { act=android.settings.SETTINGS flg=0x10200000 cmp=com.android.settings/.Settings } from pid 26987
02-03 16:47:08.577 W/WindowManager(26892): updateFocusedWindowLocked newFocus=Window{4053d1e8 AtchDlg:com.android.launcher/com.android.launcher2.Launcher paused=false} mode=3 mCurrentFocus = Window{4053d1e8 AtchDlg:com.android.launcher/com.android.launcher2.Launcher paused=false}
02-03 16:47:08.597 W/WindowManager(26892): updateFocusedWindowLocked newFocus=Window{4053d1e8 AtchDlg:com.android.launcher/com.android.launcher2.Launcher paused=false} mode=0 mCurrentFocus = Window{4053d1e8 AtchDlg:com.android.launcher/com.android.launcher2.Launcher paused=false}
02-03 16:47:08.607 W/WindowManager(26892): updateFocusedWindowLocked newFocus=null mode=0 mCurrentFocus = Window{4053d1e8 AtchDlg:com.android.launcher/com.android.launcher2.Launcher paused=false}
02-03 16:47:08.617 W/WindowManager(26892): updateFocusedWindowLocked newFocus=null mode=3 mCurrentFocus = null
02-03 16:47:08.637 W/WindowManager(26892): updateFocusedWindowLocked newFocus=Window{40a6bc10 com.android.settings/com.android.settings.Settings paused=false} mode=2 mCurrentFocus = null
02-03 16:47:08.637 W/WindowManager(26892): updateFocusedWindowLocked newFocus=Window{40a6bc10 com.android.settings/com.android.settings.Settings paused=false} mode=2 mCurrentFocus = Window{40a6bc10 com.android.settings/com.android.settings.Settings paused=false}
02-03 16:47:08.677 W/WindowManager(26892): updateFocusedWindowLocked newFocus=Window{40a6bc10 com.android.settings/com.android.settings.Settings paused=false} mode=3 mCurrentFocus = Window{40a6bc10 com.android.settings/com.android.settings.Settings paused=false}
02-03 16:47:08.677 W/WindowManager(26892): updateFocusedWindowLocked newFocus=Window{40a6bc10 com.android.settings/com.android.settings.Settings paused=false} mode=3 mCurrentFocus = Window{40a6bc10 com.android.settings/com.android.settings.Settings paused=false}
02-03 16:47:08.837 D/StatusBarPolicy(26949): updateDataIcon subscription =0
02-03 16:47:09.177 D/PowerManagerService(26892): setTimeoutLocked now=86756123 timeoutOverride=-1 nextState=3 when=86762123
02-03 16:47:09.488 D/PowerManagerService(26892): setTimeoutLocked now=86756434 timeoutOverride=-1 nextState=3 when=86762434
02-03 16:47:09.848 D/StatusBarPolicy(26949): updateDataIcon subscription =0
02-03 16:47:10.158 D/PowerManagerService(26892): setTimeoutLocked now=86757099 timeoutOverride=-1 nextState=3 when=86763099
02-03 16:47:10.669 D/PowerManagerService(26892): setTimeoutLocked now=86757613 timeoutOverride=-1 nextState=3 when=86763613
02-03 16:47:10.779 D/PowerManagerService(26892): setTimeoutLocked now=86757727 timeoutOverride=-1 nextState=3 when=86763727
02-03 16:47:11.199 D/PowerManagerService(26892): setTimeoutLocked now=86758141 timeoutOverride=-1 nextState=3 when=86764141
02-03 16:47:11.420 I/ActivityManager(26892): Starting: Intent { act=android.intent.action.MAIN cmp=com.android.settings/.DisplaySettings } from pid 27104
02-03 16:47:11.450 W/WindowManager(26892): updateFocusedWindowLocked newFocus=null mode=0 mCurrentFocus = Window{40a6bc10 com.android.settings/com.android.settings.Settings paused=true}
02-03 16:47:11.500 W/WindowManager(26892): updateFocusedWindowLocked newFocus=Window{4073ff98 com.android.settings/com.android.settings.DisplaySettings paused=false} mode=3 mCurrentFocus = null
02-03 16:47:11.600 W/WindowManager(26892): updateFocusedWindowLocked newFocus=Window{4073ff98 com.android.settings/com.android.settings.DisplaySettings paused=false} mode=2 mCurrentFocus = Window{4073ff98 com.android.settings/com.android.settings.DisplaySettings paused=false}
02-03 16:47:11.600 W/WindowManager(26892): updateFocusedWindowLocked newFocus=Window{4073ff98 com.android.settings/com.android.settings.DisplaySettings paused=false} mode=2 mCurrentFocus = Window{4073ff98 com.android.settings/com.android.settings.DisplaySettings paused=false}
02-03 16:47:11.620 W/WindowManager(26892): updateFocusedWindowLocked newFocus=Window{4073ff98 com.android.settings/com.android.settings.DisplaySettings paused=false} mode=3 mCurrentFocus = Window{4073ff98 com.android.settings/com.android.settings.DisplaySettings paused=false}
02-03 16:47:11.980 D/PowerManagerService(26892): setTimeoutLocked now=86758928 timeoutOverride=-1 nextState=3 when=86764928
02-03 16:47:12.280 D/PowerManagerService(26892): setTimeoutLocked now=86759228 timeoutOverride=-1 nextState=3 when=86765228
02-03 16:47:12.501 D/PowerManagerService(26892): setTimeoutLocked now=86759442 timeoutOverride=-1 nextState=3 when=86765442
02-03 16:47:13.001 D/PowerManagerService(26892): setTimeoutLocked now=86759944 timeoutOverride=-1 nextState=3 when=86765944
02-03 16:47:13.041 D/PowerManagerService(26892): setTimeoutLocked now=86759981 timeoutOverride=-1 nextState=3 when=86765981
02-03 16:47:13.191 I/ActivityManager(26892): Starting: Intent { act=android.intent.action.MAIN cmp=com.android.settings/.ScalibrationWnd } from pid 27104
02-03 16:47:13.221 W/WindowManager(26892): updateFocusedWindowLocked newFocus=null mode=0 mCurrentFocus = Window{4073ff98 com.android.settings/com.android.settings.DisplaySettings paused=true}
02-03 16:47:13.331 W/WindowManager(26892): updateFocusedWindowLocked newFocus=Window{407aecc0 com.android.settings/com.android.settings.ScalibrationWnd paused=false} mode=3 mCurrentFocus = null
02-03 16:47:13.361 W/WindowManager(26892): updateFocusedWindowLocked newFocus=Window{407aecc0 com.android.settings/com.android.settings.ScalibrationWnd paused=false} mode=2 mCurrentFocus = Window{407aecc0 com.android.settings/com.android.settings.ScalibrationWnd paused=false}
02-03 16:47:13.361 W/WindowManager(26892): updateFocusedWindowLocked newFocus=Window{407aecc0 com.android.settings/com.android.settings.ScalibrationWnd paused=false} mode=2 mCurrentFocus = Window{407aecc0 com.android.settings/com.android.settings.ScalibrationWnd paused=false}
02-03 16:47:13.371 W/WindowManager(26892): updateFocusedWindowLocked newFocus=Window{407aecc0 com.android.settings/com.android.settings.ScalibrationWnd paused=false} mode=3 mCurrentFocus = Window{407aecc0 com.android.settings/com.android.settings.ScalibrationWnd paused=false}
02-03 16:47:14.993 D/StatusBarPolicy(26949): onSignalStrengthsChanged:SignalStrength: 99 0 -92 -70 -88 -15 8 99 2147483647 2147483647 2147483647 2147483647 cdma for subscription0
02-03 16:47:14.993 D/StatusBarPolicy(26949): updateSignalStrength on subscription :0
02-03 16:47:14.993 D/StatusBarPolicy(26949): StatusBarPolocy::getIconLevel -EVDO
02-03 16:47:15.003 D/StatusBarPolicy(26949): getEvdoLevel_band_six -evdoDbm:-88
02-03 16:47:15.003 D/StatusBarPolicy(26949): getEvdoLevel_band_six -evdoEcio:-15
02-03 16:47:15.804 D/PowerManagerService(26892): setTimeoutLocked now=86762756 timeoutOverride=-1 nextState=0 when=86769756
02-03 16:47:15.834 W/WindowManager(26892): updateFocusedWindowLocked newFocus=Window{4085adb0 Keyguard paused=false} mode=3 mCurrentFocus = Window{407aecc0 com.android.settings/com.android.settings.ScalibrationWnd paused=false}
02-03 16:47:59.997 D/AlarmManager(26892): scheduleTimeTickEvent calendar=Fri Feb 03 16:49:00 CST 2012
02-03 16:47:59.997 D/AlarmManager(26892): calendar.getTimeInMillis()1328309340000
02-03 16:49:00.005 D/AlarmManager(26892): scheduleTimeTickEvent calendar=Fri Feb 03 16:50:00 CST 2012
02-03 16:49:00.005 D/AlarmManager(26892): calendar.getTimeInMillis()1328309400000
02-03 16:50:00.004 D/AlarmManager(26892): scheduleTimeTickEvent calendar=Fri Feb 03 16:51:00 CST 2012
02-03 16:50:00.004 D/AlarmManager(26892): calendar.getTimeInMillis()1328309460000
02-03 16:50:59.993 D/AlarmManager(26892): scheduleTimeTickEvent calendar=Fri Feb 03 16:52:00 CST 2012
02-03 16:50:59.993 D/AlarmManager(26892): calendar.getTimeInMillis()1328309520000
02-03 16:52:00.011 D/AlarmManager(26892): scheduleTimeTickEvent calendar=Fri Feb 03 16:53:00 CST 2012
02-03 16:52:00.011 D/AlarmManager(26892): calendar.getTimeInMillis()1328309580000
02-03 16:52:53.643 D/NetdConnector(26892): SND -> {interface readrxcounter rmnet0} {null}
02-03 16:52:53.653 D/NetdConnector(26892): RCV <- {216 348455693}
02-03 16:52:53.663 D/NetdConnector(26892): RSP <- {216 348455693}
02-03 16:52:53.673 D/NetdConnector(26892): SND -> {interface readtxcounter rmnet0} {null}
02-03 16:52:53.683 D/NetdConnector(26892): RCV <- {217 16588299}
02-03 16:52:53.683 D/NetdConnector(26892): RSP <- {217 16588299}
02-03 16:53:00.010 D/AlarmManager(26892): scheduleTimeTickEvent calendar=Fri Feb 03 16:54:00 CST 2012
02-03 16:53:00.010 D/AlarmManager(26892): calendar.getTimeInMillis()1328309640000
02-03 16:53:59.998 D/AlarmManager(26892): scheduleTimeTickEvent calendar=Fri Feb 03 16:55:00 CST 2012
02-03 16:53:59.998 D/AlarmManager(26892): calendar.getTimeInMillis()1328309700000
02-03 16:54:43.651 W/WindowManager(26892): updateFocusedWindowLocked newFocus=Window{4085adb0 Keyguard paused=false} mode=3 mCurrentFocus = Window{4085adb0 Keyguard paused=false}
02-03 16:54:43.671 W/WindowManager(26892): updateFocusedWindowLocked newFocus=Window{4085adb0 Keyguard paused=false} mode=2 mCurrentFocus = Window{4085adb0 Keyguard paused=false}
02-03 16:54:43.671 W/WindowManager(26892): updateFocusedWindowLocked newFocus=Window{4085adb0 Keyguard paused=false} mode=2 mCurrentFocus = Window{4085adb0 Keyguard paused=false}
02-03 16:54:43.721 D/StatusBarPolicy(26949): onSignalStrengthsChanged:SignalStrength: 99 0 -95 -75 -90 -25 8 99 2147483647 2147483647 2147483647 2147483647 cdma for subscription0
02-03 16:54:43.721 D/StatusBarPolicy(26949): updateSignalStrength on subscription :0
02-03 16:54:43.721 D/StatusBarPolicy(26949): StatusBarPolocy::getIconLevel -EVDO
02-03 16:54:43.721 D/StatusBarPolicy(26949): getEvdoLevel_band_six -evdoDbm:-90
02-03 16:54:43.721 D/StatusBarPolicy(26949): getEvdoLevel_band_six -evdoEcio:-25
02-03 16:54:43.741 I/TelephonyRegistry(26892): notifyServiceState: 0 home Sprint  310099  EvDo rev. A CSS not supported 41 4139RoamInd: 1RoamStatus(sprint): 1DefRoamInd: 160EmergOnly: false
02-03 16:54:43.741 D/StatusBarPolicy(26949): onServiceStateChanged:0 home Sprint  310099  EvDo rev. A CSS not supported 41 4139RoamInd: 1RoamStatus(sprint): 1DefRoamInd: 160EmergOnly: falsefor subscription :0
02-03 16:54:43.741 D/StatusBarPolicy(26949): updateSignalStrength on subscription :0
02-03 16:54:43.741 D/StatusBarPolicy(26949): StatusBarPolocy::getIconLevel -EVDO
02-03 16:54:43.741 D/StatusBarPolicy(26949): getEvdoLevel_band_six -evdoDbm:-90
02-03 16:54:43.741 D/StatusBarPolicy(26949): getEvdoLevel_band_six -evdoEcio:-25
02-03 16:54:43.741 D/StatusBarPolicy(26949): updateDataIcon subscription =0
02-03 16:54:45.342 D/PowerManagerService(26892): setTimeoutLocked now=87212445 timeoutOverride=-1 nextState=3 when=87218445
02-03 16:54:45.352 W/WindowManager(26892): updateFocusedWindowLocked newFocus=null mode=3 mCurrentFocus = Window{4085adb0 Keyguard paused=false}
02-03 16:54:45.352 W/WindowManager(26892): updateFocusedWindowLocked newFocus=Window{407aecc0 com.android.settings/com.android.settings.ScalibrationWnd paused=false} mode=2 mCurrentFocus = null
02-03 16:54:45.362 W/InputManagerService(26892): Window already focused, ignoring focus gain of: com.android.internal.view.IInputMethodClient$Stub$Proxy@4080f9e8
02-03 16:54:45.392 D/PowerManagerService(26892): setTimeoutLocked now=87212491 timeoutOverride=-1 nextState=3 when=87218491
02-03 16:54:45.703 D/StatusBarPolicy(26949): updateDataIcon subscription =0
02-03 16:54:46.083 D/PowerManagerService(26892): setTimeoutLocked now=87213176 timeoutOverride=-1 nextState=3 when=87219176
02-03 16:54:46.083 W/WindowManager(26892): updateFocusedWindowLocked newFocus=Window{4088bae0 TrackingView paused=false} mode=3 mCurrentFocus = Window{407aecc0 com.android.settings/com.android.settings.ScalibrationWnd paused=false}
02-03 16:54:46.093 W/WindowManager(26892): updateFocusedWindowLocked newFocus=Window{407b9bc0 StatusBarExpanded paused=false} mode=3 mCurrentFocus = Window{4088bae0 TrackingView paused=false}
02-03 16:54:46.213 D/PowerManagerService(26892): setTimeoutLocked now=87213312 timeoutOverride=-1 nextState=3 when=87219312
02-03 16:54:46.714 D/StatusBarPolicy(26949): updateDataIcon subscription =0
02-03 16:54:47.354 D/StatusBarPolicy(26949): onSignalStrengthsChanged:SignalStrength: 99 0 -95 -75 -89 -25 8 99 2147483647 2147483647 2147483647 2147483647 cdma for subscription0
02-03 16:54:47.354 D/StatusBarPolicy(26949): updateSignalStrength on subscription :0
02-03 16:54:47.354 D/StatusBarPolicy(26949): StatusBarPolocy::getIconLevel -EVDO
02-03 16:54:47.354 D/StatusBarPolicy(26949): getEvdoLevel_band_six -evdoDbm:-89
02-03 16:54:47.354 D/StatusBarPolicy(26949): getEvdoLevel_band_six -evdoEcio:-25
02-03 16:54:47.555 D/PowerManagerService(26892): setTimeoutLocked now=87214645 timeoutOverride=-1 nextState=3 when=87220645
02-03 16:54:47.605 D/PowerManagerService(26892): setTimeoutLocked now=87214708 timeoutOverride=-1 nextState=3 when=87220708
02-03 16:54:47.845 W/WindowManager(26892): updateFocusedWindowLocked newFocus=Window{4088bae0 TrackingView paused=false} mode=3 mCurrentFocus = Window{407b9bc0 StatusBarExpanded paused=false}
02-03 16:54:47.855 W/WindowManager(26892): updateFocusedWindowLocked newFocus=Window{407aecc0 com.android.settings/com.android.settings.ScalibrationWnd paused=false} mode=3 mCurrentFocus = Window{4088bae0 TrackingView paused=false}
02-03 16:54:47.865 W/InputManagerService(26892): Window already focused, ignoring focus gain of: com.android.internal.view.IInputMethodClient$Stub$Proxy@40a11688
02-03 16:54:49.587 D/StatusBarPolicy(26949): onSignalStrengthsChanged:SignalStrength: 99 0 -95 -75 -90 -25 8 99 2147483647 2147483647 2147483647 2147483647 cdma for subscription0
02-03 16:54:49.587 D/StatusBarPolicy(26949): updateSignalStrength on subscription :0
02-03 16:54:49.597 D/StatusBarPolicy(26949): StatusBarPolocy::getIconLevel -EVDO
02-03 16:54:49.597 D/StatusBarPolicy(26949): getEvdoLevel_band_six -evdoDbm:-90
02-03 16:54:49.597 D/StatusBarPolicy(26949): getEvdoLevel_band_six -evdoEcio:-25
02-03 16:54:50.678 D/PowerManagerService(26892): setTimeoutLocked now=87217773 timeoutOverride=-1 nextState=3 when=87223773
02-03 16:54:50.738 W/WindowManager(26892): updateFocusedWindowLocked newFocus=Window{407aecc0 com.android.settings/com.android.settings.ScalibrationWnd paused=true} mode=0 mCurrentFocus = Window{407aecc0 com.android.settings/com.android.settings.ScalibrationWnd paused=true}
02-03 16:54:50.758 W/WindowManager(26892): updateFocusedWindowLocked newFocus=Window{4073ff98 com.android.settings/com.android.settings.DisplaySettings paused=false} mode=3 mCurrentFocus = Window{407aecc0 com.android.settings/com.android.settings.ScalibrationWnd paused=false}
02-03 16:54:50.778 W/WindowManager(26892): updateFocusedWindowLocked newFocus=Window{4073ff98 com.android.settings/com.android.settings.DisplaySettings paused=false} mode=2 mCurrentFocus = Window{4073ff98 com.android.settings/com.android.settings.DisplaySettings paused=false}
02-03 16:54:50.778 W/WindowManager(26892): updateFocusedWindowLocked newFocus=Window{4073ff98 com.android.settings/com.android.settings.DisplaySettings paused=false} mode=2 mCurrentFocus = Window{4073ff98 com.android.settings/com.android.settings.DisplaySettings paused=false}
02-03 16:54:50.788 W/WindowManager(26892): updateFocusedWindowLocked newFocus=Window{4073ff98 com.android.settings/com.android.settings.DisplaySettings paused=false} mode=3 mCurrentFocus = Window{4073ff98 com.android.settings/com.android.settings.DisplaySettings paused=false}
02-03 16:54:50.958 W/WindowManager(26892): updateFocusedWindowLocked newFocus=Window{4073ff98 com.android.settings/com.android.settings.DisplaySettings paused=false} mode=3 mCurrentFocus = Window{4073ff98 com.android.settings/com.android.settings.DisplaySettings paused=false}
02-03 16:54:50.988 W/WindowManager(26892): updateFocusedWindowLocked newFocus=Window{4073ff98 com.android.settings/com.android.settings.DisplaySettings paused=false} mode=0 mCurrentFocus = Window{4073ff98 com.android.settings/com.android.settings.DisplaySettings paused=false}
02-03 16:54:51.849 D/StatusBarPolicy(26949): onSignalStrengthsChanged:SignalStrength: 99 0 -95 -75 -90 -15 8 99 2147483647 2147483647 2147483647 2147483647 cdma for subscription0
02-03 16:54:51.849 D/StatusBarPolicy(26949): updateSignalStrength on subscription :0
02-03 16:54:51.859 D/StatusBarPolicy(26949): StatusBarPolocy::getIconLevel -EVDO
02-03 16:54:51.859 D/StatusBarPolicy(26949): getEvdoLevel_band_six -evdoDbm:-90
02-03 16:54:51.859 D/StatusBarPolicy(26949): getEvdoLevel_band_six -evdoEcio:-15
02-03 16:54:53.300 D/PowerManagerService(26892): setTimeoutLocked now=87220391 timeoutOverride=-1 nextState=3 when=87226391
02-03 16:54:53.630 D/PowerManagerService(26892): setTimeoutLocked now=87220728 timeoutOverride=-1 nextState=3 when=87226728
02-03 16:54:53.941 D/PowerManagerService(26892): setTimeoutLocked now=87221032 timeoutOverride=-1 nextState=3 when=87227032
02-03 16:54:54.091 D/StatusBarPolicy(26949): onSignalStrengthsChanged:SignalStrength: 99 0 -90 -75 -90 -15 8 99 2147483647 2147483647 2147483647 2147483647 cdma for subscription0
02-03 16:54:54.091 D/StatusBarPolicy(26949): updateSignalStrength on subscription :0
02-03 16:54:54.091 D/StatusBarPolicy(26949): StatusBarPolocy::getIconLevel -EVDO
02-03 16:54:54.091 D/StatusBarPolicy(26949): getEvdoLevel_band_six -evdoDbm:-90
02-03 16:54:54.091 D/StatusBarPolicy(26949): getEvdoLevel_band_six -evdoEcio:-15
02-03 16:54:55.763 D/StatusBarPolicy(26949): updateDataIcon subscription =0
02-03 16:54:56.303 D/StatusBarPolicy(26949): onSignalStrengthsChanged:SignalStrength: 99 0 -90 -75 -89 -15 8 99 2147483647 2147483647 2147483647 2147483647 cdma for subscription0
02-03 16:54:56.303 D/StatusBarPolicy(26949): updateSignalStrength on subscription :0
02-03 16:54:56.313 D/StatusBarPolicy(26949): StatusBarPolocy::getIconLevel -EVDO
02-03 16:54:56.313 D/StatusBarPolicy(26949): getEvdoLevel_band_six -evdoDbm:-89
02-03 16:54:56.313 D/StatusBarPolicy(26949): getEvdoLevel_band_six -evdoEcio:-15
02-03 16:54:56.774 D/StatusBarPolicy(26949): updateDataIcon subscription =0
02-03 16:54:59.937 D/PowerManagerService(26892): setTimeoutLocked now=87227033 timeoutOverride=-1 nextState=1 when=87334033
02-03 16:55:00.007 D/AlarmManager(26892): scheduleTimeTickEvent calendar=Fri Feb 03 16:56:00 CST 2012
02-03 16:55:00.007 D/AlarmManager(26892): calendar.getTimeInMillis()1328309760000
02-03 16:55:00.757 D/PowerManagerService(26892): setTimeoutLocked now=87227852 timeoutOverride=-1 nextState=3 when=87233852
02-03 16:55:00.827 W/WindowManager(26892): updateFocusedWindowLocked newFocus=Window{4073ff98 com.android.settings/com.android.settings.DisplaySettings paused=true} mode=0 mCurrentFocus = Window{4073ff98 com.android.settings/com.android.settings.DisplaySettings paused=true}
02-03 16:55:00.848 W/WindowManager(26892): updateFocusedWindowLocked newFocus=Window{40a6bc10 com.android.settings/com.android.settings.Settings paused=false} mode=3 mCurrentFocus = Window{4073ff98 com.android.settings/com.android.settings.DisplaySettings paused=false}
02-03 16:55:00.868 W/WindowManager(26892): updateFocusedWindowLocked newFocus=Window{40a6bc10 com.android.settings/com.android.settings.Settings paused=false} mode=2 mCurrentFocus = Window{40a6bc10 com.android.settings/com.android.settings.Settings paused=false}
02-03 16:55:00.868 W/WindowManager(26892): updateFocusedWindowLocked newFocus=Window{40a6bc10 com.android.settings/com.android.settings.Settings paused=false} mode=2 mCurrentFocus = Window{40a6bc10 com.android.settings/com.android.settings.Settings paused=false}
02-03 16:55:00.878 W/WindowManager(26892): updateFocusedWindowLocked newFocus=Window{40a6bc10 com.android.settings/com.android.settings.Settings paused=false} mode=3 mCurrentFocus = Window{40a6bc10 com.android.settings/com.android.settings.Settings paused=false}
02-03 16:55:01.058 W/WindowManager(26892): updateFocusedWindowLocked newFocus=Window{40a6bc10 com.android.settings/com.android.settings.Settings paused=false} mode=3 mCurrentFocus = Window{40a6bc10 com.android.settings/com.android.settings.Settings paused=false}
02-03 16:55:01.118 W/WindowManager(26892): updateFocusedWindowLocked newFocus=Window{40a6bc10 com.android.settings/com.android.settings.Settings paused=false} mode=0 mCurrentFocus = Window{40a6bc10 com.android.settings/com.android.settings.Settings paused=false}
02-03 16:55:03.430 D/PowerManagerService(26892): setTimeoutLocked now=87230526 timeoutOverride=-1 nextState=3 when=87236526
02-03 16:55:03.540 D/PowerManagerService(26892): setTimeoutLocked now=87230637 timeoutOverride=-1 nextState=3 when=87236637
02-03 16:55:03.680 I/ActivityManager(26892): Starting: Intent { act=android.intent.action.MAIN cmp=com.android.settings/.SoundSettings } from pid 27104
02-03 16:55:03.730 W/WindowManager(26892): updateFocusedWindowLocked newFocus=null mode=0 mCurrentFocus = Window{40a6bc10 com.android.settings/com.android.settings.Settings paused=true}
02-03 16:55:03.790 W/WindowManager(26892): updateFocusedWindowLocked newFocus=Window{4052f358 com.android.settings/com.android.settings.SoundSettings paused=false} mode=3 mCurrentFocus = null
02-03 16:55:03.890 W/WindowManager(26892): updateFocusedWindowLocked newFocus=Window{4052f358 com.android.settings/com.android.settings.SoundSettings paused=false} mode=2 mCurrentFocus = Window{4052f358 com.android.settings/com.android.settings.SoundSettings paused=false}
02-03 16:55:03.890 W/WindowManager(26892): updateFocusedWindowLocked newFocus=Window{4052f358 com.android.settings/com.android.settings.SoundSettings paused=false} mode=2 mCurrentFocus = Window{4052f358 com.android.settings/com.android.settings.SoundSettings paused=false}
02-03 16:55:03.900 W/WindowManager(26892): updateFocusedWindowLocked newFocus=Window{4052f358 com.android.settings/com.android.settings.SoundSettings paused=false} mode=3 mCurrentFocus = Window{4052f358 com.android.settings/com.android.settings.SoundSettings paused=false}
02-03 16:55:04.591 D/PowerManagerService(26892): setTimeoutLocked now=87231674 timeoutOverride=-1 nextState=3 when=87237674
02-03 16:55:04.691 W/WindowManager(26892): updateFocusedWindowLocked newFocus=Window{4052f358 com.android.settings/com.android.settings.SoundSettings paused=true} mode=0 mCurrentFocus = Window{4052f358 com.android.settings/com.android.settings.SoundSettings paused=true}
02-03 16:55:04.711 W/WindowManager(26892): updateFocusedWindowLocked newFocus=Window{40a6bc10 com.android.settings/com.android.settings.Settings paused=false} mode=3 mCurrentFocus = Window{4052f358 com.android.settings/com.android.settings.SoundSettings paused=false}
02-03 16:55:04.731 W/WindowManager(26892): updateFocusedWindowLocked newFocus=Window{40a6bc10 com.android.settings/com.android.settings.Settings paused=false} mode=2 mCurrentFocus = Window{40a6bc10 com.android.settings/com.android.settings.Settings paused=false}
02-03 16:55:04.731 W/WindowManager(26892): updateFocusedWindowLocked newFocus=Window{40a6bc10 com.android.settings/com.android.settings.Settings paused=false} mode=2 mCurrentFocus = Window{40a6bc10 com.android.settings/com.android.settings.Settings paused=false}
02-03 16:55:04.741 W/WindowManager(26892): updateFocusedWindowLocked newFocus=Window{40a6bc10 com.android.settings/com.android.settings.Settings paused=false} mode=3 mCurrentFocus = Window{40a6bc10 com.android.settings/com.android.settings.Settings paused=false}
02-03 16:55:04.901 W/WindowManager(26892): updateFocusedWindowLocked newFocus=Window{40a6bc10 com.android.settings/com.android.settings.Settings paused=false} mode=3 mCurrentFocus = Window{40a6bc10 com.android.settings/com.android.settings.Settings paused=false}
02-03 16:55:04.911 W/WindowManager(26892): updateFocusedWindowLocked newFocus=Window{40a6bc10 com.android.settings/com.android.settings.Settings paused=false} mode=0 mCurrentFocus = Window{40a6bc10 com.android.settings/com.android.settings.Settings paused=false}
02-03 16:55:05.862 D/StatusBarPolicy(26949): updateDataIcon subscription =0
02-03 16:55:05.952 D/PowerManagerService(26892): setTimeoutLocked now=87233058 timeoutOverride=-1 nextState=3 when=87239058
02-03 16:55:06.033 D/PowerManagerService(26892): setTimeoutLocked now=87233135 timeoutOverride=-1 nextState=3 when=87239135
02-03 16:55:06.233 I/ActivityManager(26892): Starting: Intent { act=android.intent.action.MAIN cmp=com.android.settings/.DisplaySettings } from pid 27104
02-03 16:55:06.243 W/WindowManager(26892): updateFocusedWindowLocked newFocus=null mode=0 mCurrentFocus = Window{40a6bc10 com.android.settings/com.android.settings.Settings paused=true}
02-03 16:55:06.273 W/WindowManager(26892): updateFocusedWindowLocked newFocus=Window{4053d1e8 com.android.settings/com.android.settings.DisplaySettings paused=false} mode=3 mCurrentFocus = null
02-03 16:55:06.333 W/WindowManager(26892): updateFocusedWindowLocked newFocus=Window{4053d1e8 com.android.settings/com.android.settings.DisplaySettings paused=false} mode=2 mCurrentFocus = Window{4053d1e8 com.android.settings/com.android.settings.DisplaySettings paused=false}
02-03 16:55:06.333 W/WindowManager(26892): updateFocusedWindowLocked newFocus=Window{4053d1e8 com.android.settings/com.android.settings.DisplaySettings paused=false} mode=2 mCurrentFocus = Window{4053d1e8 com.android.settings/com.android.settings.DisplaySettings paused=false}
02-03 16:55:06.343 W/WindowManager(26892): updateFocusedWindowLocked newFocus=Window{4053d1e8 com.android.settings/com.android.settings.DisplaySettings paused=false} mode=3 mCurrentFocus = Window{4053d1e8 com.android.settings/com.android.settings.DisplaySettings paused=false}
02-03 16:55:06.803 D/PowerManagerService(26892): setTimeoutLocked now=87233898 timeoutOverride=-1 nextState=3 when=87239898
02-03 16:55:06.863 W/WindowManager(26892): updateFocusedWindowLocked newFocus=Window{4053d1e8 com.android.settings/com.android.settings.DisplaySettings paused=true} mode=0 mCurrentFocus = Window{4053d1e8 com.android.settings/com.android.settings.DisplaySettings paused=true}
02-03 16:55:06.873 D/StatusBarPolicy(26949): updateDataIcon subscription =0
02-03 16:55:06.893 W/WindowManager(26892): updateFocusedWindowLocked newFocus=Window{40a6bc10 com.android.settings/com.android.settings.Settings paused=false} mode=3 mCurrentFocus = Window{4053d1e8 com.android.settings/com.android.settings.DisplaySettings paused=false}
02-03 16:55:06.913 W/WindowManager(26892): updateFocusedWindowLocked newFocus=Window{40a6bc10 com.android.settings/com.android.settings.Settings paused=false} mode=2 mCurrentFocus = Window{40a6bc10 com.android.settings/com.android.settings.Settings paused=false}
02-03 16:55:06.913 W/WindowManager(26892): updateFocusedWindowLocked newFocus=Window{40a6bc10 com.android.settings/com.android.settings.Settings paused=false} mode=2 mCurrentFocus = Window{40a6bc10 com.android.settings/com.android.settings.Settings paused=false}
02-03 16:55:06.923 W/WindowManager(26892): updateFocusedWindowLocked newFocus=Window{40a6bc10 com.android.settings/com.android.settings.Settings paused=false} mode=3 mCurrentFocus = Window{40a6bc10 com.android.settings/com.android.settings.Settings paused=false}
02-03 16:55:07.084 W/WindowManager(26892): updateFocusedWindowLocked newFocus=Window{40a6bc10 com.android.settings/com.android.settings.Settings paused=false} mode=3 mCurrentFocus = Window{40a6bc10 com.android.settings/com.android.settings.Settings paused=false}
02-03 16:55:07.094 W/WindowManager(26892): updateFocusedWindowLocked newFocus=Window{40a6bc10 com.android.settings/com.android.settings.Settings paused=false} mode=0 mCurrentFocus = Window{40a6bc10 com.android.settings/com.android.settings.Settings paused=false}
02-03 16:55:09.776 D/PowerManagerService(26892): setTimeoutLocked now=87236872 timeoutOverride=-1 nextState=3 when=87242872
02-03 16:55:10.127 D/PowerManagerService(26892): setTimeoutLocked now=87237223 timeoutOverride=-1 nextState=3 when=87243223
02-03 16:55:10.637 D/PowerManagerService(26892): setTimeoutLocked now=87237736 timeoutOverride=-1 nextState=3 when=87243736
02-03 16:55:10.697 D/PowerManagerService(26892): setTimeoutLocked now=87237799 timeoutOverride=-1 nextState=3 when=87243799
02-03 16:55:10.967 D/PowerManagerService(26892): setTimeoutLocked now=87238062 timeoutOverride=-1 nextState=3 when=87244062
02-03 16:55:11.128 I/ActivityManager(26892): Starting: Intent { act=android.intent.action.MAIN cmp=com.android.settings/.WirelessSettings } from pid 27104
02-03 16:55:11.158 W/WindowManager(26892): updateFocusedWindowLocked newFocus=null mode=0 mCurrentFocus = Window{40a6bc10 com.android.settings/com.android.settings.Settings paused=true}
02-03 16:55:11.218 W/WindowManager(26892): updateFocusedWindowLocked newFocus=Window{407aecc0 com.android.settings/com.android.settings.WirelessSettings paused=false} mode=3 mCurrentFocus = null
02-03 16:55:11.318 W/WindowManager(26892): updateFocusedWindowLocked newFocus=Window{407aecc0 com.android.settings/com.android.settings.WirelessSettings paused=false} mode=2 mCurrentFocus = Window{407aecc0 com.android.settings/com.android.settings.WirelessSettings paused=false}
02-03 16:55:11.318 W/WindowManager(26892): updateFocusedWindowLocked newFocus=Window{407aecc0 com.android.settings/com.android.settings.WirelessSettings paused=false} mode=2 mCurrentFocus = Window{407aecc0 com.android.settings/com.android.settings.WirelessSettings paused=false}
02-03 16:55:11.338 W/WindowManager(26892): updateFocusedWindowLocked newFocus=Window{407aecc0 com.android.settings/com.android.settings.WirelessSettings paused=false} mode=3 mCurrentFocus = Window{407aecc0 com.android.settings/com.android.settings.WirelessSettings paused=false}
02-03 16:55:11.708 D/PowerManagerService(26892): setTimeoutLocked now=87238808 timeoutOverride=-1 nextState=3 when=87244808
02-03 16:55:11.858 D/PowerManagerService(26892): setTimeoutLocked now=87238957 timeoutOverride=-1 nextState=3 when=87244957
02-03 16:55:12.979 D/PowerManagerService(26892): setTimeoutLocked now=87240072 timeoutOverride=-1 nextState=3 when=87246072
02-03 16:55:13.009 D/PowerManagerService(26892): setTimeoutLocked now=87240108 timeoutOverride=-1 nextState=3 when=87246108
02-03 16:55:13.160 I/ActivityManager(26892): Starting: Intent { act=android.intent.action.MAIN cmp=com.android.settings/.vpn.VpnSettings } from pid 27104
02-03 16:55:13.200 W/WindowManager(26892): updateFocusedWindowLocked newFocus=null mode=0 mCurrentFocus = Window{407aecc0 com.android.settings/com.android.settings.WirelessSettings paused=true}
02-03 16:55:13.220 W/WindowManager(26892): updateFocusedWindowLocked newFocus=Window{407d1898 com.android.settings/com.android.settings.vpn.VpnSettings paused=false} mode=3 mCurrentFocus = null
02-03 16:55:13.260 W/WindowManager(26892): updateFocusedWindowLocked newFocus=Window{407d1898 com.android.settings/com.android.settings.vpn.VpnSettings paused=false} mode=2 mCurrentFocus = Window{407d1898 com.android.settings/com.android.settings.vpn.VpnSettings paused=false}
02-03 16:55:13.260 W/WindowManager(26892): updateFocusedWindowLocked newFocus=Window{407d1898 com.android.settings/com.android.settings.vpn.VpnSettings paused=false} mode=2 mCurrentFocus = Window{407d1898 com.android.settings/com.android.settings.vpn.VpnSettings paused=false}
02-03 16:55:13.270 W/WindowManager(26892): updateFocusedWindowLocked newFocus=Window{407d1898 com.android.settings/com.android.settings.vpn.VpnSettings paused=false} mode=3 mCurrentFocus = Window{407d1898 com.android.settings/com.android.settings.vpn.VpnSettings paused=false}
02-03 16:55:14.251 D/PowerManagerService(26892): setTimeoutLocked now=87241341 timeoutOverride=-1 nextState=3 when=87247341
02-03 16:55:14.311 D/PowerManagerService(26892): setTimeoutLocked now=87241401 timeoutOverride=-1 nextState=3 when=87247401
02-03 16:55:14.481 I/ActivityManager(26892): Starting: Intent { cmp=com.android.settings/.vpn.VpnTypeSelection } from pid 27104
02-03 16:55:14.501 W/WindowManager(26892): updateFocusedWindowLocked newFocus=null mode=0 mCurrentFocus = Window{407d1898 com.android.settings/com.android.settings.vpn.VpnSettings paused=true}
02-03 16:55:14.541 W/WindowManager(26892): updateFocusedWindowLocked newFocus=Window{40833e00 com.android.settings/com.android.settings.vpn.VpnTypeSelection paused=false} mode=3 mCurrentFocus = null
02-03 16:55:14.621 W/WindowManager(26892): updateFocusedWindowLocked newFocus=Window{40833e00 com.android.settings/com.android.settings.vpn.VpnTypeSelection paused=false} mode=2 mCurrentFocus = Window{40833e00 com.android.settings/com.android.settings.vpn.VpnTypeSelection paused=false}
02-03 16:55:14.621 W/WindowManager(26892): updateFocusedWindowLocked newFocus=Window{40833e00 com.android.settings/com.android.settings.vpn.VpnTypeSelection paused=false} mode=2 mCurrentFocus = Window{40833e00 com.android.settings/com.android.settings.vpn.VpnTypeSelection paused=false}
02-03 16:55:14.631 W/WindowManager(26892): updateFocusedWindowLocked newFocus=Window{40833e00 com.android.settings/com.android.settings.vpn.VpnTypeSelection paused=false} mode=3 mCurrentFocus = Window{40833e00 com.android.settings/com.android.settings.vpn.VpnTypeSelection paused=false}
02-03 16:55:15.141 D/PowerManagerService(26892): setTimeoutLocked now=87242243 timeoutOverride=-1 nextState=3 when=87248243
02-03 16:55:15.222 D/PowerManagerService(26892): setTimeoutLocked now=87242329 timeoutOverride=-1 nextState=3 when=87248329
02-03 16:55:15.392 W/WindowManager(26892): updateFocusedWindowLocked newFocus=Window{40833e00 com.android.settings/com.android.settings.vpn.VpnTypeSelection paused=true} mode=0 mCurrentFocus = Window{40833e00 com.android.settings/com.android.settings.vpn.VpnTypeSelection paused=true}
02-03 16:55:15.422 I/ActivityManager(26892): Starting: Intent { cmp=com.android.settings/.vpn.VpnEditor (has extras) } from pid 27104
02-03 16:55:15.422 W/WindowManager(26892): updateFocusedWindowLocked newFocus=Window{407d1898 com.android.settings/com.android.settings.vpn.VpnSettings paused=true} mode=3 mCurrentFocus = Window{40833e00 com.android.settings/com.android.settings.vpn.VpnTypeSelection paused=false}
02-03 16:55:15.442 W/WindowManager(26892): updateFocusedWindowLocked newFocus=null mode=0 mCurrentFocus = Window{407d1898 com.android.settings/com.android.settings.vpn.VpnSettings paused=false}
02-03 16:55:15.442 W/InputManagerService(26892): Starting input on non-focused client com.android.internal.view.IInputMethodClient$Stub$Proxy@40954978 (uid=1000 pid=27104)
