02-03 17:38:12.589 D/StatusBarPolicy(26949): StatusBarPolocy::getIconLevel -EVDO
02-03 17:38:12.589 D/StatusBarPolicy(26949): getEvdoLevel_band_six -evdoDbm:-87
02-03 17:38:12.599 D/StatusBarPolicy(26949): getEvdoLevel_band_six -evdoEcio:-10
02-03 17:38:18.054 D/StatusBarPolicy(26949): updateDataIcon subscription =0
02-03 17:38:19.085 D/StatusBarPolicy(26949): updateDataIcon subscription =0
02-03 17:38:28.184 D/StatusBarPolicy(26949): updateDataIcon subscription =0
02-03 17:38:29.195 D/StatusBarPolicy(26949): updateDataIcon subscription =0
02-03 17:38:38.304 D/StatusBarPolicy(26949): updateDataIcon subscription =0
02-03 17:38:39.325 D/StatusBarPolicy(26949): updateDataIcon subscription =0
02-03 17:38:48.434 D/StatusBarPolicy(26949): updateDataIcon subscription =0
02-03 17:38:49.445 D/StatusBarPolicy(26949): updateDataIcon subscription =0
02-03 17:38:58.564 D/StatusBarPolicy(26949): updateDataIcon subscription =0
02-03 17:38:59.575 D/StatusBarPolicy(26949): updateDataIcon subscription =0
02-03 17:39:00.005 D/AlarmManager(26892): scheduleTimeTickEvent calendar=Fri Feb 03 17:40:00 CST 2012
02-03 17:39:00.005 D/AlarmManager(26892): calendar.getTimeInMillis()1328312400000
02-03 17:39:08.683 D/StatusBarPolicy(26949): updateDataIcon subscription =0
02-03 17:39:09.704 D/StatusBarPolicy(26949): updateDataIcon subscription =0
02-03 17:39:19.824 D/StatusBarPolicy(26949): updateDataIcon subscription =0
02-03 17:39:20.845 D/StatusBarPolicy(26949): updateDataIcon subscription =0
02-03 17:39:26.471 D/StatusBarPolicy(26949): onSignalStrengthsChanged:SignalStrength: 99 0 -87 -70 -88 -10 8 99 2147483647 2147483647 2147483647 2147483647 cdma for subscription0
02-03 17:39:26.471 D/StatusBarPolicy(26949): updateSignalStrength on subscription :0
02-03 17:39:26.481 D/StatusBarPolicy(26949): StatusBarPolocy::getIconLevel -EVDO
02-03 17:39:26.481 D/StatusBarPolicy(26949): getEvdoLevel_band_six -evdoDbm:-88
02-03 17:39:26.481 D/StatusBarPolicy(26949): getEvdoLevel_band_six -evdoEcio:-10
02-03 17:39:29.954 D/StatusBarPolicy(26949): updateDataIcon subscription =0
02-03 17:39:30.955 D/StatusBarPolicy(26949): onSignalStrengthsChanged:SignalStrength: 99 0 -87 -70 -87 -10 8 99 2147483647 2147483647 2147483647 2147483647 cdma for subscription0
02-03 17:39:30.955 D/StatusBarPolicy(26949): updateSignalStrength on subscription :0
02-03 17:39:30.955 D/StatusBarPolicy(26949): StatusBarPolocy::getIconLevel -EVDO
02-03 17:39:30.955 D/StatusBarPolicy(26949): getEvdoLevel_band_six -evdoDbm:-87
02-03 17:39:30.955 D/StatusBarPolicy(26949): getEvdoLevel_band_six -evdoEcio:-10
02-03 17:39:30.985 D/StatusBarPolicy(26949): updateDataIcon subscription =0
02-03 17:39:40.094 D/StatusBarPolicy(26949): updateDataIcon subscription =0
02-03 17:39:41.115 D/StatusBarPolicy(26949): updateDataIcon subscription =0
02-03 17:39:50.204 D/StatusBarPolicy(26949): updateDataIcon subscription =0
02-03 17:39:51.225 D/StatusBarPolicy(26949): updateDataIcon subscription =0
02-03 17:40:00.004 D/AlarmManager(26892): scheduleTimeTickEvent calendar=Fri Feb 03 17:41:00 CST 2012
02-03 17:40:00.004 D/AlarmManager(26892): calendar.getTimeInMillis()1328312460000
02-03 17:40:00.344 D/StatusBarPolicy(26949): updateDataIcon subscription =0
02-03 17:40:01.365 D/StatusBarPolicy(26949): updateDataIcon subscription =0
02-03 17:40:10.474 D/StatusBarPolicy(26949): updateDataIcon subscription =0
02-03 17:40:11.495 D/StatusBarPolicy(26949): updateDataIcon subscription =0
02-03 17:40:20.594 D/StatusBarPolicy(26949): updateDataIcon subscription =0
02-03 17:40:21.615 D/StatusBarPolicy(26949): updateDataIcon subscription =0
02-03 17:40:22.475 D/StatusBarPolicy(26949): onSignalStrengthsChanged:SignalStrength: 99 0 -87 -70 -86 -10 8 99 2147483647 2147483647 2147483647 2147483647 cdma for subscription0
02-03 17:40:22.475 D/StatusBarPolicy(26949): updateSignalStrength on subscription :0
02-03 17:40:22.485 D/StatusBarPolicy(26949): StatusBarPolocy::getIconLevel -EVDO
02-03 17:40:22.495 D/StatusBarPolicy(26949): getEvdoLevel_band_six -evdoDbm:-86
02-03 17:40:22.505 D/StatusBarPolicy(26949): getEvdoLevel_band_six -evdoEcio:-10
02-03 17:40:30.713 D/StatusBarPolicy(26949): updateDataIcon subscription =0
02-03 17:40:31.734 D/StatusBarPolicy(26949): updateDataIcon subscription =0
02-03 17:40:38.151 D/StatusBarPolicy(26949): onSignalStrengthsChanged:SignalStrength: 99 0 -87 -70 -85 -10 8 99 2147483647 2147483647 2147483647 2147483647 cdma for subscription0
02-03 17:40:38.151 D/StatusBarPolicy(26949): updateSignalStrength on subscription :0
02-03 17:40:38.151 D/StatusBarPolicy(26949): StatusBarPolocy::getIconLevel -EVDO
02-03 17:40:38.151 D/StatusBarPolicy(26949): getEvdoLevel_band_six -evdoDbm:-85
02-03 17:40:38.181 D/StatusBarPolicy(26949): getEvdoLevel_band_six -evdoEcio:-10
02-03 17:40:40.833 D/StatusBarPolicy(26949): updateDataIcon subscription =0
02-03 17:40:41.854 D/StatusBarPolicy(26949): updateDataIcon subscription =0
02-03 17:40:50.963 D/StatusBarPolicy(26949): updateDataIcon subscription =0
02-03 17:40:51.984 D/StatusBarPolicy(26949): updateDataIcon subscription =0
02-03 17:40:56.489 D/RPC     (26892): 3000008c:00050000 received CALL.
02-03 17:40:56.489 D/RPC     (26892): 3000008c:00050000 dispatching RPC call (XID 1367, xdr 0x443dd0) for callback client 3100008c:00050001.
02-03 17:40:56.489 D/RPC     (26892): 3100008c:327681 sending RPC reply (XID 1367)
02-03 17:40:57.039 D/StatusBarPolicy(26949): updateDataIcon subscription =0
02-03 17:40:58.000 D/RPC     (26892): 3000008c:00050000 sending call (XID 46).
02-03 17:40:58.010 D/RPC     (26892): 3000008c:00050000 received REPLY (XID 46), grabbing mutex to wake up client.
02-03 17:40:58.010 D/RPC     (26892): 3000008c:00050000 call success.
02-03 17:40:58.020 D/RPC     (26892): 3000008c:00050000 sending call (XID 47).
02-03 17:40:58.020 D/RPC     (26892): 3000008c:00050000 received REPLY (XID 47), grabbing mutex to wake up client.
02-03 17:40:58.020 D/RPC     (26892): 3000008c:00050000 call success.
02-03 17:40:58.040 D/RPC     (26892): 3000008c:00050000 sending call (XID 48).
02-03 17:40:58.040 D/RPC     (26892): 3000008c:00050000 received REPLY (XID 48), grabbing mutex to wake up client.
02-03 17:40:58.040 D/RPC     (26892): 3000008c:00050000 call success.
02-03 17:40:58.060 D/RPC     (26892): 3000008c:00050000 sending call (XID 49).
02-03 17:40:58.060 D/RPC     (26892): 3000008c:00050000 received REPLY (XID 49), grabbing mutex to wake up client.
02-03 17:40:58.060 D/RPC     (26892): 3000008c:00050000 call success.
02-03 17:40:58.070 D/RPC     (26892): 3000008c:00050000 sending call (XID 50).
02-03 17:40:58.080 D/RPC     (26892): 3000008c:00050000 received REPLY (XID 50), grabbing mutex to wake up client.
02-03 17:40:58.080 D/RPC     (26892): 3000008c:00050000 call success.
02-03 17:40:58.090 D/RPC     (26892): 3000008c:00050000 sending call (XID 51).
02-03 17:40:58.090 D/RPC     (26892): 3000008c:00050000 received REPLY (XID 51), grabbing mutex to wake up client.
02-03 17:40:58.090 D/RPC     (26892): 3000008c:00050000 call success.
02-03 17:40:58.110 D/RPC     (26892): 3000008c:00050000 sending call (XID 52).
02-03 17:40:58.110 D/RPC     (26892): 3000008c:00050000 received REPLY (XID 52), grabbing mutex to wake up client.
02-03 17:40:58.110 D/RPC     (26892): 3000008c:00050000 call success.
02-03 17:40:58.120 D/RPC     (26892): 3000008c:00050000 sending call (XID 53).
02-03 17:40:58.120 D/RPC     (26892): 3000008c:00050000 received REPLY (XID 53), grabbing mutex to wake up client.
02-03 17:40:58.120 D/RPC     (26892): 3000008c:00050000 call success.
02-03 17:40:58.140 D/RPC     (26892): 3000008c:00050000 sending call (XID 54).
02-03 17:40:58.140 D/RPC     (26892): 3000008c:00050000 received REPLY (XID 54), grabbing mutex to wake up client.
02-03 17:40:58.140 D/RPC     (26892): 3000008c:00050000 call success.
02-03 17:40:58.150 D/RPC     (26892): 3000008c:00050000 sending call (XID 55).
02-03 17:40:58.150 D/RPC     (26892): 3000008c:00050000 received REPLY (XID 55), grabbing mutex to wake up client.
02-03 17:40:58.150 D/RPC     (26892): 3000008c:00050000 call success.
02-03 17:40:58.170 D/RPC     (26892): 3000008c:00050000 sending call (XID 56).
02-03 17:40:58.170 D/RPC     (26892): 3000008c:00050000 received REPLY (XID 56), grabbing mutex to wake up client.
02-03 17:40:58.170 D/RPC     (26892): 3000008c:00050000 call success.
02-03 17:40:58.190 D/RPC     (26892): 3000008c:00050000 sending call (XID 57).
02-03 17:40:58.190 D/RPC     (26892): 3000008c:00050000 received REPLY (XID 57), grabbing mutex to wake up client.
02-03 17:40:58.190 D/RPC     (26892): 3000008c:00050000 call success.
02-03 17:40:58.200 D/RPC     (26892): 3000008c:00050000 sending call (XID 58).
02-03 17:40:58.200 D/RPC     (26892): 3000008c:00050000 received REPLY (XID 58), grabbing mutex to wake up client.
02-03 17:40:58.200 D/RPC     (26892): 3000008c:00050000 call success.
02-03 17:40:58.200 D/RPC     (26892): 3000008c:00050000 waiting for XDR input buffer to be consumed.
02-03 17:40:58.200 D/RPC     (26892): 3000008c:00050000 received CALL.
02-03 17:40:58.200 D/RPC     (26892): 3000008c:00050000 dispatching RPC call (XID 1368, xdr 0x443dd0) for callback client 3100008c:00050001.
02-03 17:40:58.200 D/RPC     (26892): 3100008c:327681 sending RPC reply (XID 1368)
02-03 17:40:58.310 D/StatusBarPolicy(26949): onSignalStrengthsChanged:SignalStrength: 99 0 -87 -70 -84 -10 8 99 2147483647 2147483647 2147483647 2147483647 cdma for subscription0
02-03 17:40:58.310 D/StatusBarPolicy(26949): updateSignalStrength on subscription :0
02-03 17:40:58.310 D/StatusBarPolicy(26949): StatusBarPolocy::getIconLevel -EVDO
02-03 17:40:58.310 D/StatusBarPolicy(26949): getEvdoLevel_band_six -evdoDbm:-84
02-03 17:40:58.310 D/StatusBarPolicy(26949): getEvdoLevel_band_six -evdoEcio:-10
02-03 17:41:00.002 D/AlarmManager(26892): scheduleTimeTickEvent calendar=Fri Feb 03 17:42:00 CST 2012
02-03 17:41:00.002 D/AlarmManager(26892): calendar.getTimeInMillis()1328312520000
02-03 17:41:00.072 D/StatusBarPolicy(26949): updateDataIcon subscription =0
02-03 17:41:01.093 D/StatusBarPolicy(26949): updateDataIcon subscription =0
02-03 17:41:02.114 D/StatusBarPolicy(26949): updateDataIcon subscription =0
02-03 17:41:11.203 D/StatusBarPolicy(26949): updateDataIcon subscription =0
02-03 17:41:12.224 D/StatusBarPolicy(26949): updateDataIcon subscription =0
02-03 17:41:21.323 D/StatusBarPolicy(26949): updateDataIcon subscription =0
02-03 17:41:22.344 D/StatusBarPolicy(26949): updateDataIcon subscription =0
02-03 17:41:27.439 D/StatusBarPolicy(26949): onSignalStrengthsChanged:SignalStrength: 99 0 -87 -70 -87 -10 8 99 2147483647 2147483647 2147483647 2147483647 cdma for subscription0
02-03 17:41:27.439 D/StatusBarPolicy(26949): updateSignalStrength on subscription :0
02-03 17:41:27.439 D/StatusBarPolicy(26949): StatusBarPolocy::getIconLevel -EVDO
02-03 17:41:27.439 D/StatusBarPolicy(26949): getEvdoLevel_band_six -evdoDbm:-87
02-03 17:41:27.439 D/StatusBarPolicy(26949): getEvdoLevel_band_six -evdoEcio:-10
02-03 17:41:31.453 D/StatusBarPolicy(26949): updateDataIcon subscription =0
02-03 17:41:32.464 D/StatusBarPolicy(26949): updateDataIcon subscription =0
02-03 17:41:41.573 D/StatusBarPolicy(26949): updateDataIcon subscription =0
02-03 17:41:42.604 D/StatusBarPolicy(26949): updateDataIcon subscription =0
02-03 17:41:45.356 D/StatusBarPolicy(26949): onSignalStrengthsChanged:SignalStrength: 99 0 -87 -70 -88 -10 8 99 2147483647 2147483647 2147483647 2147483647 cdma for subscription0
02-03 17:41:45.356 D/StatusBarPolicy(26949): updateSignalStrength on subscription :0
02-03 17:41:45.366 D/StatusBarPolicy(26949): StatusBarPolocy::getIconLevel -EVDO
02-03 17:41:45.366 D/StatusBarPolicy(26949): getEvdoLevel_band_six -evdoDbm:-88
02-03 17:41:45.366 D/StatusBarPolicy(26949): getEvdoLevel_band_six -evdoEcio:-10
02-03 17:41:51.692 D/StatusBarPolicy(26949): updateDataIcon subscription =0
02-03 17:41:52.703 D/StatusBarPolicy(26949): updateDataIcon subscription =0
02-03 17:42:00.001 D/AlarmManager(26892): scheduleTimeTickEvent calendar=Fri Feb 03 17:43:00 CST 2012
02-03 17:42:00.001 D/AlarmManager(26892): calendar.getTimeInMillis()1328312580000
02-03 17:42:01.852 D/StatusBarPolicy(26949): updateDataIcon subscription =0
02-03 17:42:02.863 D/StatusBarPolicy(26949): updateDataIcon subscription =0
02-03 17:42:05.516 D/StatusBarPolicy(26949): onSignalStrengthsChanged:SignalStrength: 99 0 -87 -70 -87 -10 8 99 2147483647 2147483647 2147483647 2147483647 cdma for subscription0
02-03 17:42:05.526 D/StatusBarPolicy(26949): updateSignalStrength on subscription :0
02-03 17:42:05.526 D/StatusBarPolicy(26949): StatusBarPolocy::getIconLevel -EVDO
02-03 17:42:05.526 D/StatusBarPolicy(26949): getEvdoLevel_band_six -evdoDbm:-87
02-03 17:42:05.526 D/StatusBarPolicy(26949): getEvdoLevel_band_six -evdoEcio:-10
02-03 17:42:11.972 D/StatusBarPolicy(26949): updateDataIcon subscription =0
02-03 17:42:13.003 D/StatusBarPolicy(26949): updateDataIcon subscription =0
02-03 17:42:16.717 D/StatusBarPolicy(26949): onSignalStrengthsChanged:SignalStrength: 99 0 -87 -70 -86 -10 8 99 2147483647 2147483647 2147483647 2147483647 cdma for subscription0
02-03 17:42:16.717 D/StatusBarPolicy(26949): updateSignalStrength on subscription :0
02-03 17:42:16.727 D/StatusBarPolicy(26949): StatusBarPolocy::getIconLevel -EVDO
02-03 17:42:16.727 D/StatusBarPolicy(26949): getEvdoLevel_band_six -evdoDbm:-86
02-03 17:42:16.727 D/StatusBarPolicy(26949): getEvdoLevel_band_six -evdoEcio:-10
02-03 17:42:22.122 D/StatusBarPolicy(26949): updateDataIcon subscription =0
02-03 17:42:23.143 D/StatusBarPolicy(26949): updateDataIcon subscription =0
02-03 17:42:32.252 D/StatusBarPolicy(26949): updateDataIcon subscription =0
02-03 17:42:32.402 D/StatusBarPolicy(26949): onSignalStrengthsChanged:SignalStrength: 99 0 -87 -70 -87 -10 8 99 2147483647 2147483647 2147483647 2147483647 cdma for subscription0
02-03 17:42:32.402 D/StatusBarPolicy(26949): updateSignalStrength on subscription :0
02-03 17:42:32.412 D/StatusBarPolicy(26949): StatusBarPolocy::getIconLevel -EVDO
02-03 17:42:32.412 D/StatusBarPolicy(26949): getEvdoLevel_band_six -evdoDbm:-87
02-03 17:42:32.412 D/StatusBarPolicy(26949): getEvdoLevel_band_six -evdoEcio:-10
02-03 17:42:33.263 D/StatusBarPolicy(26949): updateDataIcon subscription =0
02-03 17:42:42.372 D/StatusBarPolicy(26949): updateDataIcon subscription =0
02-03 17:42:43.393 D/StatusBarPolicy(26949): updateDataIcon subscription =0
02-03 17:42:52.492 D/StatusBarPolicy(26949): updateDataIcon subscription =0
02-03 17:42:53.503 D/NetdConnector(26892): SND -> {interface readrxcounter rmnet0} {null}
02-03 17:42:53.513 D/NetdConnector(26892): RCV <- {216 348516915}
02-03 17:42:53.523 D/NetdConnector(26892): RSP <- {216 348516915}
02-03 17:42:53.533 D/StatusBarPolicy(26949): updateDataIcon subscription =0
02-03 17:42:53.553 D/NetdConnector(26892): SND -> {interface readtxcounter rmnet0} {null}
02-03 17:42:53.553 D/NetdConnector(26892): RCV <- {217 16606182}
02-03 17:42:53.553 D/NetdConnector(26892): RSP <- {217 16606182}
02-03 17:42:59.999 D/AlarmManager(26892): scheduleTimeTickEvent calendar=Fri Feb 03 17:44:00 CST 2012
02-03 17:42:59.999 D/AlarmManager(26892): calendar.getTimeInMillis()1328312640000
02-03 17:43:02.632 D/StatusBarPolicy(26949): updateDataIcon subscription =0
02-03 17:43:03.653 D/StatusBarPolicy(26949): updateDataIcon subscription =0
02-03 17:43:06.005 D/StatusBarPolicy(26949): onSignalStrengthsChanged:SignalStrength: 99 0 -87 -70 -86 -10 8 99 2147483647 2147483647 2147483647 2147483647 cdma for subscription0
02-03 17:43:06.005 D/StatusBarPolicy(26949): updateSignalStrength on subscription :0
02-03 17:43:06.005 D/StatusBarPolicy(26949): StatusBarPolocy::getIconLevel -EVDO
02-03 17:43:06.015 D/StatusBarPolicy(26949): getEvdoLevel_band_six -evdoDbm:-86
02-03 17:43:06.015 D/StatusBarPolicy(26949): getEvdoLevel_band_six -evdoEcio:-10
02-03 17:43:12.772 D/StatusBarPolicy(26949): updateDataIcon subscription =0
02-03 17:43:13.793 D/StatusBarPolicy(26949): updateDataIcon subscription =0
02-03 17:43:14.964 D/StatusBarPolicy(26949): onSignalStrengthsChanged:SignalStrength: 99 0 -87 -70 -87 -10 8 99 2147483647 2147483647 2147483647 2147483647 cdma for subscription0
02-03 17:43:14.964 D/StatusBarPolicy(26949): updateSignalStrength on subscription :0
02-03 17:43:14.964 D/StatusBarPolicy(26949): StatusBarPolocy::getIconLevel -EVDO
02-03 17:43:14.974 D/StatusBarPolicy(26949): getEvdoLevel_band_six -evdoDbm:-87
02-03 17:43:14.974 D/StatusBarPolicy(26949): getEvdoLevel_band_six -evdoEcio:-10
02-03 17:43:21.680 D/StatusBarPolicy(26949): onSignalStrengthsChanged:SignalStrength: 99 0 -94 -80 -87 -10 8 99 2147483647 2147483647 2147483647 2147483647 cdma for subscription0
02-03 17:43:21.680 D/StatusBarPolicy(26949): updateSignalStrength on subscription :0
02-03 17:43:21.690 D/StatusBarPolicy(26949): StatusBarPolocy::getIconLevel -EVDO
02-03 17:43:21.690 D/StatusBarPolicy(26949): getEvdoLevel_band_six -evdoDbm:-87
02-03 17:43:21.690 D/StatusBarPolicy(26949): getEvdoLevel_band_six -evdoEcio:-10
02-03 17:43:23.922 D/StatusBarPolicy(26949): updateDataIcon subscription =0
02-03 17:43:24.933 D/StatusBarPolicy(26949): updateDataIcon subscription =0
02-03 17:43:26.165 D/StatusBarPolicy(26949): onSignalStrengthsChanged:SignalStrength: 99 0 -94 -70 -87 -10 8 99 2147483647 2147483647 2147483647 2147483647 cdma for subscription0
02-03 17:43:26.165 D/StatusBarPolicy(26949): updateSignalStrength on subscription :0
02-03 17:43:26.175 D/StatusBarPolicy(26949): StatusBarPolocy::getIconLevel -EVDO
02-03 17:43:26.175 D/StatusBarPolicy(26949): getEvdoLevel_band_six -evdoDbm:-87
02-03 17:43:26.195 D/StatusBarPolicy(26949): getEvdoLevel_band_six -evdoEcio:-10
02-03 17:43:30.649 D/StatusBarPolicy(26949): onSignalStrengthsChanged:SignalStrength: 99 0 -94 -80 -87 -10 8 99 2147483647 2147483647 2147483647 2147483647 cdma for subscription0
02-03 17:43:30.649 D/StatusBarPolicy(26949): updateSignalStrength on subscription :0
02-03 17:43:30.659 D/StatusBarPolicy(26949): StatusBarPolocy::getIconLevel -EVDO
02-03 17:43:30.669 D/StatusBarPolicy(26949): getEvdoLevel_band_six -evdoDbm:-87
02-03 17:43:30.669 D/StatusBarPolicy(26949): getEvdoLevel_band_six -evdoEcio:-10
02-03 17:43:32.000 D/StatusBarPolicy(26949): updateDataIcon subscription =0
02-03 17:43:32.861 D/StatusBarPolicy(26949): onSignalStrengthsChanged:SignalStrength: 99 0 -94 -80 -86 -10 8 99 2147483647 2147483647 2147483647 2147483647 cdma for subscription0
02-03 17:43:32.861 D/StatusBarPolicy(26949): updateSignalStrength on subscription :0
02-03 17:43:32.871 D/StatusBarPolicy(26949): StatusBarPolocy::getIconLevel -EVDO
02-03 17:43:32.871 D/StatusBarPolicy(26949): getEvdoLevel_band_six -evdoDbm:-86
02-03 17:43:32.871 D/StatusBarPolicy(26949): getEvdoLevel_band_six -evdoEcio:-10
02-03 17:43:33.001 D/StatusBarPolicy(26949): updateDataIcon subscription =0
02-03 17:43:34.012 D/StatusBarPolicy(26949): updateDataIcon subscription =0
02-03 17:43:35.013 D/StatusBarPolicy(26949): updateDataIcon subscription =0
02-03 17:43:35.113 D/StatusBarPolicy(26949): onSignalStrengthsChanged:SignalStrength: 99 0 -89 -70 -86 -5 8 99 2147483647 2147483647 2147483647 2147483647 cdma for subscription0
02-03 17:43:35.113 D/StatusBarPolicy(26949): updateSignalStrength on subscription :0
02-03 17:43:35.113 D/StatusBarPolicy(26949): StatusBarPolocy::getIconLevel -EVDO
02-03 17:43:35.113 D/StatusBarPolicy(26949): getEvdoLevel_band_six -evdoDbm:-86
02-03 17:43:35.113 D/StatusBarPolicy(26949): getEvdoLevel_band_six -evdoEcio:-5
02-03 17:43:41.830 D/StatusBarPolicy(26949): onSignalStrengthsChanged:SignalStrength: 99 0 -89 -70 -85 -5 8 99 2147483647 2147483647 2147483647 2147483647 cdma for subscription0
02-03 17:43:41.830 D/StatusBarPolicy(26949): updateSignalStrength on subscription :0
02-03 17:43:41.830 D/StatusBarPolicy(26949): StatusBarPolocy::getIconLevel -EVDO
02-03 17:43:41.830 D/StatusBarPolicy(26949): getEvdoLevel_band_six -evdoDbm:-85
02-03 17:43:41.830 D/StatusBarPolicy(26949): getEvdoLevel_band_six -evdoEcio:-5
02-03 17:43:44.102 D/StatusBarPolicy(26949): updateDataIcon subscription =0
02-03 17:43:45.123 D/StatusBarPolicy(26949): updateDataIcon subscription =0
02-03 17:43:54.232 D/StatusBarPolicy(26949): updateDataIcon subscription =0
02-03 17:43:55.253 D/StatusBarPolicy(26949): updateDataIcon subscription =0
02-03 17:43:59.998 D/AlarmManager(26892): scheduleTimeTickEvent calendar=Fri Feb 03 17:45:00 CST 2012
02-03 17:43:59.998 D/AlarmManager(26892): calendar.getTimeInMillis()1328312700000
02-03 17:44:04.362 D/StatusBarPolicy(26949): updateDataIcon subscription =0
02-03 17:44:05.383 D/StatusBarPolicy(26949): updateDataIcon subscription =0
02-03 17:44:14.492 D/StatusBarPolicy(26949): updateDataIcon subscription =0
02-03 17:44:15.523 D/StatusBarPolicy(26949): updateDataIcon subscription =0
02-03 17:44:22.159 D/StatusBarPolicy(26949): onSignalStrengthsChanged:SignalStrength: 99 0 -89 -70 -83 -5 8 99 2147483647 2147483647 2147483647 2147483647 cdma for subscription0
02-03 17:44:22.159 D/StatusBarPolicy(26949): updateSignalStrength on subscription :0
02-03 17:44:22.169 D/StatusBarPolicy(26949): StatusBarPolocy::getIconLevel -EVDO
02-03 17:44:22.169 D/StatusBarPolicy(26949): getEvdoLevel_band_six -evdoDbm:-83
02-03 17:44:22.179 D/StatusBarPolicy(26949): getEvdoLevel_band_six -evdoEcio:-5
02-03 17:44:24.401 D/StatusBarPolicy(26949): onSignalStrengthsChanged:SignalStrength: 99 0 -89 -70 -82 -5 8 99 2147483647 2147483647 2147483647 2147483647 cdma for subscription0
02-03 17:44:24.401 D/StatusBarPolicy(26949): updateSignalStrength on subscription :0
02-03 17:44:24.411 D/StatusBarPolicy(26949): StatusBarPolocy::getIconLevel -EVDO
02-03 17:44:24.411 D/StatusBarPolicy(26949): getEvdoLevel_band_six -evdoDbm:-82
02-03 17:44:24.411 D/StatusBarPolicy(26949): getEvdoLevel_band_six -evdoEcio:-5
02-03 17:44:24.642 D/StatusBarPolicy(26949): updateDataIcon subscription =0
02-03 17:44:25.653 D/StatusBarPolicy(26949): updateDataIcon subscription =0
02-03 17:44:28.686 D/StatusBarPolicy(26949): updateDataIcon subscription =0
02-03 17:44:29.707 D/StatusBarPolicy(26949): updateDataIcon subscription =0
02-03 17:44:33.370 D/StatusBarPolicy(26949): onSignalStrengthsChanged:SignalStrength: 99 0 -84 -70 -82 -5 8 99 2147483647 2147483647 2147483647 2147483647 cdma for subscription0
02-03 17:44:33.370 D/StatusBarPolicy(26949): updateSignalStrength on subscription :0
02-03 17:44:33.370 D/StatusBarPolicy(26949): StatusBarPolocy::getIconLevel -EVDO
02-03 17:44:33.370 D/StatusBarPolicy(26949): getEvdoLevel_band_six -evdoDbm:-82
02-03 17:44:33.380 D/StatusBarPolicy(26949): getEvdoLevel_band_six -evdoEcio:-5
02-03 17:44:34.762 D/StatusBarPolicy(26949): updateDataIcon subscription =0
02-03 17:44:35.783 D/StatusBarPolicy(26949): updateDataIcon subscription =0
02-03 17:44:44.561 D/StatusBarPolicy(26949): onSignalStrengthsChanged:SignalStrength: 99 0 -84 -70 -83 -5 8 99 2147483647 2147483647 2147483647 2147483647 cdma for subscription0
02-03 17:44:44.571 D/StatusBarPolicy(26949): updateSignalStrength on subscription :0
02-03 17:44:44.571 D/StatusBarPolicy(26949): StatusBarPolocy::getIconLevel -EVDO
02-03 17:44:44.571 D/StatusBarPolicy(26949): getEvdoLevel_band_six -evdoDbm:-83
02-03 17:44:44.581 D/StatusBarPolicy(26949): getEvdoLevel_band_six -evdoEcio:-5
02-03 17:44:44.881 D/StatusBarPolicy(26949): updateDataIcon subscription =0
02-03 17:44:45.902 D/StatusBarPolicy(26949): updateDataIcon subscription =0
02-03 17:44:49.056 D/StatusBarPolicy(26949): onSignalStrengthsChanged:SignalStrength: 99 0 -84 -70 -82 -5 8 99 2147483647 2147483647 2147483647 2147483647 cdma for subscription0
02-03 17:44:49.056 D/StatusBarPolicy(26949): updateSignalStrength on subscription :0
02-03 17:44:49.066 D/StatusBarPolicy(26949): StatusBarPolocy::getIconLevel -EVDO
02-03 17:44:49.066 D/StatusBarPolicy(26949): getEvdoLevel_band_six -evdoDbm:-82
02-03 17:44:49.086 D/StatusBarPolicy(26949): getEvdoLevel_band_six -evdoEcio:-5
02-03 17:44:55.011 D/StatusBarPolicy(26949): updateDataIcon subscription =0
02-03 17:44:56.032 D/StatusBarPolicy(26949): updateDataIcon subscription =0
02-03 17:44:58.014 D/StatusBarPolicy(26949): onSignalStrengthsChanged:SignalStrength: 99 0 -84 -70 -83 -5 8 99 2147483647 2147483647 2147483647 2147483647 cdma for subscription0
02-03 17:44:58.014 D/StatusBarPolicy(26949): updateSignalStrength on subscription :0
02-03 17:44:58.044 D/StatusBarPolicy(26949): StatusBarPolocy::getIconLevel -EVDO
02-03 17:44:58.044 D/StatusBarPolicy(26949): getEvdoLevel_band_six -evdoDbm:-83
02-03 17:44:58.044 D/StatusBarPolicy(26949): getEvdoLevel_band_six -evdoEcio:-5
02-03 17:45:00.006 D/AlarmManager(26892): scheduleTimeTickEvent calendar=Fri Feb 03 17:46:00 CST 2012
02-03 17:45:00.006 D/AlarmManager(26892): calendar.getTimeInMillis()1328312760000
02-03 17:45:06.132 D/StatusBarPolicy(26949): updateDataIcon subscription =0
02-03 17:45:07.153 D/StatusBarPolicy(26949): updateDataIcon subscription =0
02-03 17:45:09.215 D/StatusBarPolicy(26949): onSignalStrengthsChanged:SignalStrength: 99 0 -84 -70 -84 -5 8 99 2147483647 2147483647 2147483647 2147483647 cdma for subscription0
02-03 17:45:09.215 D/StatusBarPolicy(26949): updateSignalStrength on subscription :0
02-03 17:45:09.215 D/StatusBarPolicy(26949): StatusBarPolocy::getIconLevel -EVDO
02-03 17:45:09.215 D/StatusBarPolicy(26949): getEvdoLevel_band_six -evdoDbm:-84
02-03 17:45:09.215 D/StatusBarPolicy(26949): getEvdoLevel_band_six -evdoEcio:-5
02-03 17:45:16.232 D/StatusBarPolicy(26949): updateDataIcon subscription =0
02-03 17:45:17.253 D/StatusBarPolicy(26949): updateDataIcon subscription =0
02-03 17:45:22.648 D/StatusBarPolicy(26949): onSignalStrengthsChanged:SignalStrength: 99 0 -91 -80 -84 -10 8 99 2147483647 2147483647 2147483647 2147483647 cdma for subscription0
02-03 17:45:22.648 D/StatusBarPolicy(26949): updateSignalStrength on subscription :0
02-03 17:45:22.648 D/StatusBarPolicy(26949): StatusBarPolocy::getIconLevel -EVDO
02-03 17:45:22.648 D/StatusBarPolicy(26949): getEvdoLevel_band_six -evdoDbm:-84
02-03 17:45:22.648 D/StatusBarPolicy(26949): getEvdoLevel_band_six -evdoEcio:-10
02-03 17:45:26.352 D/StatusBarPolicy(26949): updateDataIcon subscription =0
02-03 17:45:27.133 D/StatusBarPolicy(26949): onSignalStrengthsChanged:SignalStrength: 99 0 -91 -80 -85 -10 8 99 2147483647 2147483647 2147483647 2147483647 cdma for subscription0
02-03 17:45:27.133 D/StatusBarPolicy(26949): updateSignalStrength on subscription :0
02-03 17:45:27.133 D/StatusBarPolicy(26949): StatusBarPolocy::getIconLevel -EVDO
02-03 17:45:27.133 D/StatusBarPolicy(26949): getEvdoLevel_band_six -evdoDbm:-85
02-03 17:45:27.133 D/StatusBarPolicy(26949): getEvdoLevel_band_six -evdoEcio:-10
02-03 17:45:27.373 D/StatusBarPolicy(26949): updateDataIcon subscription =0
02-03 17:45:33.849 D/StatusBarPolicy(26949): onSignalStrengthsChanged:SignalStrength: 99 0 -93 -95 -85 -10 8 99 2147483647 2147483647 2147483647 2147483647 cdma for subscription0
02-03 17:45:33.849 D/StatusBarPolicy(26949): updateSignalStrength on subscription :0
02-03 17:45:33.859 D/StatusBarPolicy(26949): StatusBarPolocy::getIconLevel -EVDO
02-03 17:45:33.859 D/StatusBarPolicy(26949): getEvdoLevel_band_six -evdoDbm:-85
02-03 17:45:33.859 D/StatusBarPolicy(26949): getEvdoLevel_band_six -evdoEcio:-10
02-03 17:45:36.502 D/StatusBarPolicy(26949): updateDataIcon subscription =0
02-03 17:45:37.523 D/StatusBarPolicy(26949): updateDataIcon subscription =0
02-03 17:45:38.334 D/StatusBarPolicy(26949): onSignalStrengthsChanged:SignalStrength: 99 0 -93 -70 -85 -10 8 99 2147483647 2147483647 2147483647 2147483647 cdma for subscription0
02-03 17:45:38.334 D/StatusBarPolicy(26949): updateSignalStrength on subscription :0
02-03 17:45:38.344 D/StatusBarPolicy(26949): StatusBarPolocy::getIconLevel -EVDO
02-03 17:45:38.344 D/StatusBarPolicy(26949): getEvdoLevel_band_six -evdoDbm:-85
02-03 17:45:38.344 D/StatusBarPolicy(26949): getEvdoLevel_band_six -evdoEcio:-10
02-03 17:45:47.643 D/StatusBarPolicy(26949): updateDataIcon subscription =0
02-03 17:45:48.664 D/StatusBarPolicy(26949): updateDataIcon subscription =0
02-03 17:45:49.535 D/StatusBarPolicy(26949): onSignalStrengthsChanged:SignalStrength: 99 0 -93 -70 -88 -10 8 99 2147483647 2147483647 2147483647 2147483647 cdma for subscription0
02-03 17:45:49.535 D/StatusBarPolicy(26949): updateSignalStrength on subscription :0
02-03 17:45:49.535 D/StatusBarPolicy(26949): StatusBarPolocy::getIconLevel -EVDO
02-03 17:45:49.545 D/StatusBarPolicy(26949): getEvdoLevel_band_six -evdoDbm:-88
02-03 17:45:49.545 D/StatusBarPolicy(26949): getEvdoLevel_band_six -evdoEcio:-10
02-03 17:45:54.019 D/StatusBarPolicy(26949): onSignalStrengthsChanged:SignalStrength: 99 0 -95 -125 -89 -10 8 99 2147483647 2147483647 2147483647 2147483647 cdma for subscription0
02-03 17:45:54.019 D/StatusBarPolicy(26949): updateSignalStrength on subscription :0
02-03 17:45:54.019 D/StatusBarPolicy(26949): StatusBarPolocy::getIconLevel -EVDO
02-03 17:45:54.029 D/StatusBarPolicy(26949): getEvdoLevel_band_six -evdoDbm:-89
02-03 17:45:54.029 D/StatusBarPolicy(26949): getEvdoLevel_band_six -evdoEcio:-10
02-03 17:45:56.251 D/StatusBarPolicy(26949): onSignalStrengthsChanged:SignalStrength: 99 0 -95 -125 -88 -10 8 99 2147483647 2147483647 2147483647 2147483647 cdma for subscription0
02-03 17:45:56.251 D/StatusBarPolicy(26949): updateSignalStrength on subscription :0
02-03 17:45:56.251 D/StatusBarPolicy(26949): StatusBarPolocy::getIconLevel -EVDO
02-03 17:45:56.251 D/StatusBarPolicy(26949): getEvdoLevel_band_six -evdoDbm:-88
02-03 17:45:56.251 D/StatusBarPolicy(26949): getEvdoLevel_band_six -evdoEcio:-10
02-03 17:45:57.763 D/StatusBarPolicy(26949): updateDataIcon subscription =0
02-03 17:45:58.493 D/StatusBarPolicy(26949): onSignalStrengthsChanged:SignalStrength: 99 0 -94 -70 -88 -10 8 99 2147483647 2147483647 2147483647 2147483647 cdma for subscription0
02-03 17:45:58.493 D/StatusBarPolicy(26949): updateSignalStrength on subscription :0
02-03 17:45:58.493 D/StatusBarPolicy(26949): StatusBarPolocy::getIconLevel -EVDO
02-03 17:45:58.493 D/StatusBarPolicy(26949): getEvdoLevel_band_six -evdoDbm:-88
02-03 17:45:58.523 D/StatusBarPolicy(26949): getEvdoLevel_band_six -evdoEcio:-10
02-03 17:45:58.784 D/StatusBarPolicy(26949): updateDataIcon subscription =0
02-03 17:46:00.005 D/AlarmManager(26892): scheduleTimeTickEvent calendar=Fri Feb 03 17:47:00 CST 2012
02-03 17:46:00.005 D/AlarmManager(26892): calendar.getTimeInMillis()1328312820000
02-03 17:46:02.968 D/StatusBarPolicy(26949): onSignalStrengthsChanged:SignalStrength: 99 0 -94 -70 -87 -10 8 99 2147483647 2147483647 2147483647 2147483647 cdma for subscription0
02-03 17:46:02.968 D/StatusBarPolicy(26949): updateSignalStrength on subscription :0
02-03 17:46:02.978 D/StatusBarPolicy(26949): StatusBarPolocy::getIconLevel -EVDO
02-03 17:46:02.978 D/StatusBarPolicy(26949): getEvdoLevel_band_six -evdoDbm:-87
02-03 17:46:02.988 D/StatusBarPolicy(26949): getEvdoLevel_band_six -evdoEcio:-10
02-03 17:46:07.882 D/StatusBarPolicy(26949): updateDataIcon subscription =0
02-03 17:46:08.893 D/StatusBarPolicy(26949): updateDataIcon subscription =0
02-03 17:46:09.694 D/StatusBarPolicy(26949): onSignalStrengthsChanged:SignalStrength: 99 0 -94 -70 -86 -10 8 99 2147483647 2147483647 2147483647 2147483647 cdma for subscription0
02-03 17:46:09.694 D/StatusBarPolicy(26949): updateSignalStrength on subscription :0
02-03 17:46:09.694 D/StatusBarPolicy(26949): StatusBarPolocy::getIconLevel -EVDO
02-03 17:46:09.694 D/StatusBarPolicy(26949): getEvdoLevel_band_six -evdoDbm:-86
02-03 17:46:09.704 D/StatusBarPolicy(26949): getEvdoLevel_band_six -evdoEcio:-10
02-03 17:46:17.992 D/StatusBarPolicy(26949): updateDataIcon subscription =0
02-03 17:46:19.013 D/StatusBarPolicy(26949): updateDataIcon subscription =0
02-03 17:46:20.885 D/StatusBarPolicy(26949): onSignalStrengthsChanged:SignalStrength: 99 0 -89 -70 -86 -10 8 99 2147483647 2147483647 2147483647 2147483647 cdma for subscription0
02-03 17:46:20.885 D/StatusBarPolicy(26949): updateSignalStrength on subscription :0
02-03 17:46:20.885 D/StatusBarPolicy(26949): StatusBarPolocy::getIconLevel -EVDO
02-03 17:46:20.885 D/StatusBarPolicy(26949): getEvdoLevel_band_six -evdoDbm:-86
02-03 17:46:20.885 D/StatusBarPolicy(26949): getEvdoLevel_band_six -evdoEcio:-10
02-03 17:46:25.369 D/StatusBarPolicy(26949): onSignalStrengthsChanged:SignalStrength: 99 0 -89 -70 -84 -10 8 99 2147483647 2147483647 2147483647 2147483647 cdma for subscription0
02-03 17:46:25.369 D/StatusBarPolicy(26949): updateSignalStrength on subscription :0
02-03 17:46:25.369 D/StatusBarPolicy(26949): StatusBarPolocy::getIconLevel -EVDO
02-03 17:46:25.369 D/StatusBarPolicy(26949): getEvdoLevel_band_six -evdoDbm:-84
02-03 17:46:25.390 D/StatusBarPolicy(26949): getEvdoLevel_band_six -evdoEcio:-10
02-03 17:46:28.122 D/StatusBarPolicy(26949): updateDataIcon subscription =0
02-03 17:46:29.133 D/StatusBarPolicy(26949): updateDataIcon subscription =0
02-03 17:46:38.242 D/StatusBarPolicy(26949): updateDataIcon subscription =0
02-03 17:46:39.263 D/StatusBarPolicy(26949): updateDataIcon subscription =0
02-03 17:46:45.529 D/StatusBarPolicy(26949): onSignalStrengthsChanged:SignalStrength: 99 0 -89 -70 -83 -10 8 99 2147483647 2147483647 2147483647 2147483647 cdma for subscription0
02-03 17:46:45.529 D/StatusBarPolicy(26949): updateSignalStrength on subscription :0
02-03 17:46:45.529 D/StatusBarPolicy(26949): StatusBarPolocy::getIconLevel -EVDO
02-03 17:46:45.529 D/StatusBarPolicy(26949): getEvdoLevel_band_six -evdoDbm:-83
02-03 17:46:45.529 D/StatusBarPolicy(26949): getEvdoLevel_band_six -evdoEcio:-10
02-03 17:46:48.362 D/StatusBarPolicy(26949): updateDataIcon subscription =0
02-03 17:46:50.404 D/StatusBarPolicy(26949): updateDataIcon subscription =0
02-03 17:46:52.266 D/StatusBarPolicy(26949): onSignalStrengthsChanged:SignalStrength: 99 0 -89 -70 -84 -10 8 99 2147483647 2147483647 2147483647 2147483647 cdma for subscription0
02-03 17:46:52.266 D/StatusBarPolicy(26949): updateSignalStrength on subscription :0
02-03 17:46:52.266 D/StatusBarPolicy(26949): StatusBarPolocy::getIconLevel -EVDO
02-03 17:46:52.266 D/StatusBarPolicy(26949): getEvdoLevel_band_six -evdoDbm:-84
02-03 17:46:52.266 D/StatusBarPolicy(26949): getEvdoLevel_band_six -evdoEcio:-10
02-03 17:46:52.426 D/StatusBarPolicy(26949): updateDataIcon subscription =0
02-03 17:46:55.459 D/StatusBarPolicy(26949): updateDataIcon subscription =0
02-03 17:46:58.502 D/StatusBarPolicy(26949): updateDataIcon subscription =0
02-03 17:46:59.523 D/StatusBarPolicy(26949): updateDataIcon subscription =0
02-03 17:47:00.003 D/AlarmManager(26892): scheduleTimeTickEvent calendar=Fri Feb 03 17:48:00 CST 2012
02-03 17:47:00.003 D/AlarmManager(26892): calendar.getTimeInMillis()1328312880000
02-03 17:47:07.951 D/StatusBarPolicy(26949): onSignalStrengthsChanged:SignalStrength: 99 0 -89 -70 -83 -10 8 99 2147483647 2147483647 2147483647 2147483647 cdma for subscription0
02-03 17:47:07.951 D/StatusBarPolicy(26949): updateSignalStrength on subscription :0
02-03 17:47:07.951 D/StatusBarPolicy(26949): StatusBarPolocy::getIconLevel -EVDO
02-03 17:47:07.951 D/StatusBarPolicy(26949): getEvdoLevel_band_six -evdoDbm:-83
02-03 17:47:07.961 D/StatusBarPolicy(26949): getEvdoLevel_band_six -evdoEcio:-10
02-03 17:47:08.632 D/StatusBarPolicy(26949): updateDataIcon subscription =0
02-03 17:47:09.653 D/StatusBarPolicy(26949): updateDataIcon subscription =0
02-03 17:47:18.762 D/StatusBarPolicy(26949): updateDataIcon subscription =0
02-03 17:47:19.783 D/StatusBarPolicy(26949): updateDataIcon subscription =0
02-03 17:47:28.911 D/StatusBarPolicy(26949): updateDataIcon subscription =0
02-03 17:47:29.932 D/StatusBarPolicy(26949): updateDataIcon subscription =0
02-03 17:47:38.040 D/StatusBarPolicy(26949): updateDataIcon subscription =0
02-03 17:47:39.061 D/StatusBarPolicy(26949): updateDataIcon subscription =0
02-03 17:47:48.170 D/StatusBarPolicy(26949): updateDataIcon subscription =0
02-03 17:47:49.181 D/StatusBarPolicy(26949): updateDataIcon subscription =0
02-03 17:47:59.301 D/StatusBarPolicy(26949): updateDataIcon subscription =0
02-03 17:48:00.002 D/AlarmManager(26892): scheduleTimeTickEvent calendar=Fri Feb 03 17:49:00 CST 2012
02-03 17:48:00.002 D/AlarmManager(26892): calendar.getTimeInMillis()1328312940000
02-03 17:48:00.322 D/StatusBarPolicy(26949): updateDataIcon subscription =0
02-03 17:48:01.703 D/StatusBarPolicy(26949): onSignalStrengthsChanged:SignalStrength: 99 0 -89 -70 -84 -10 8 99 2147483647 2147483647 2147483647 2147483647 cdma for subscription0
02-03 17:48:01.703 D/StatusBarPolicy(26949): updateSignalStrength on subscription :0
02-03 17:48:01.703 D/StatusBarPolicy(26949): StatusBarPolocy::getIconLevel -EVDO
02-03 17:48:01.703 D/StatusBarPolicy(26949): getEvdoLevel_band_six -evdoDbm:-84
02-03 17:48:01.723 D/StatusBarPolicy(26949): getEvdoLevel_band_six -evdoEcio:-10
02-03 17:48:08.440 D/StatusBarPolicy(26949): onSignalStrengthsChanged:SignalStrength: 99 0 -89 -70 -85 -10 8 99 2147483647 2147483647 2147483647 2147483647 cdma for subscription0
02-03 17:48:08.440 D/StatusBarPolicy(26949): updateSignalStrength on subscription :0
02-03 17:48:08.440 D/StatusBarPolicy(26949): StatusBarPolocy::getIconLevel -EVDO
02-03 17:48:08.440 D/StatusBarPolicy(26949): getEvdoLevel_band_six -evdoDbm:-85
02-03 17:48:08.440 D/StatusBarPolicy(26949): getEvdoLevel_band_six -evdoEcio:-10
02-03 17:48:09.441 D/StatusBarPolicy(26949): updateDataIcon subscription =0
02-03 17:48:10.472 D/StatusBarPolicy(26949): updateDataIcon subscription =0
02-03 17:48:12.904 D/StatusBarPolicy(26949): onSignalStrengthsChanged:SignalStrength: 99 0 -89 -70 -84 -10 8 99 2147483647 2147483647 2147483647 2147483647 cdma for subscription0
02-03 17:48:12.904 D/StatusBarPolicy(26949): updateSignalStrength on subscription :0
02-03 17:48:12.904 D/StatusBarPolicy(26949): StatusBarPolocy::getIconLevel -EVDO
02-03 17:48:12.904 D/StatusBarPolicy(26949): getEvdoLevel_band_six -evdoDbm:-84
02-03 17:48:12.904 D/StatusBarPolicy(26949): getEvdoLevel_band_six -evdoEcio:-10
02-03 17:48:19.571 D/StatusBarPolicy(26949): updateDataIcon subscription =0
02-03 17:48:19.621 D/StatusBarPolicy(26949): onSignalStrengthsChanged:SignalStrength: 99 0 -89 -70 -83 -10 8 99 2147483647 2147483647 2147483647 2147483647 cdma for subscription0
02-03 17:48:19.621 D/StatusBarPolicy(26949): updateSignalStrength on subscription :0
02-03 17:48:19.621 D/StatusBarPolicy(26949): StatusBarPolocy::getIconLevel -EVDO
02-03 17:48:19.621 D/StatusBarPolicy(26949): getEvdoLevel_band_six -evdoDbm:-83
02-03 17:48:19.621 D/StatusBarPolicy(26949): getEvdoLevel_band_six -evdoEcio:-10
02-03 17:48:20.592 D/StatusBarPolicy(26949): updateDataIcon subscription =0
02-03 17:48:28.590 D/StatusBarPolicy(26949): onSignalStrengthsChanged:SignalStrength: 99 0 -84 -70 -83 -10 8 99 2147483647 2147483647 2147483647 2147483647 cdma for subscription0
02-03 17:48:28.590 D/StatusBarPolicy(26949): updateSignalStrength on subscription :0
02-03 17:48:28.600 D/StatusBarPolicy(26949): StatusBarPolocy::getIconLevel -EVDO
02-03 17:48:28.600 D/StatusBarPolicy(26949): getEvdoLevel_band_six -evdoDbm:-83
02-03 17:48:28.600 D/StatusBarPolicy(26949): getEvdoLevel_band_six -evdoEcio:-10
02-03 17:48:29.701 D/StatusBarPolicy(26949): updateDataIcon subscription =0
02-03 17:48:30.722 D/StatusBarPolicy(26949): updateDataIcon subscription =0
02-03 17:48:39.821 D/StatusBarPolicy(26949): updateDataIcon subscription =0
02-03 17:48:40.852 D/StatusBarPolicy(26949): updateDataIcon subscription =0
02-03 17:48:49.951 D/StatusBarPolicy(26949): updateDataIcon subscription =0
02-03 17:48:50.972 D/StatusBarPolicy(26949): updateDataIcon subscription =0
02-03 17:49:00.000 D/AlarmManager(26892): scheduleTimeTickEvent calendar=Fri Feb 03 17:50:00 CST 2012
02-03 17:49:00.000 D/AlarmManager(26892): calendar.getTimeInMillis()1328313000000
02-03 17:49:00.080 D/StatusBarPolicy(26949): updateDataIcon subscription =0
02-03 17:49:01.091 D/StatusBarPolicy(26949): updateDataIcon subscription =0
02-03 17:49:10.200 D/StatusBarPolicy(26949): updateDataIcon subscription =0
02-03 17:49:11.141 D/StatusBarPolicy(26949): onSignalStrengthsChanged:SignalStrength: 99 0 -84 -70 -82 -10 8 99 2147483647 2147483647 2147483647 2147483647 cdma for subscription0
02-03 17:49:11.141 D/StatusBarPolicy(26949): updateSignalStrength on subscription :0
02-03 17:49:11.141 D/StatusBarPolicy(26949): StatusBarPolocy::getIconLevel -EVDO
02-03 17:49:11.141 D/StatusBarPolicy(26949): getEvdoLevel_band_six -evdoDbm:-82
02-03 17:49:11.161 D/StatusBarPolicy(26949): getEvdoLevel_band_six -evdoEcio:-10
02-03 17:49:11.211 D/StatusBarPolicy(26949): updateDataIcon subscription =0
02-03 17:49:13.383 D/StatusBarPolicy(26949): onSignalStrengthsChanged:SignalStrength: 99 0 -84 -70 -83 -10 8 99 2147483647 2147483647 2147483647 2147483647 cdma for subscription0
02-03 17:49:13.383 D/StatusBarPolicy(26949): updateSignalStrength on subscription :0
02-03 17:49:13.383 D/StatusBarPolicy(26949): StatusBarPolocy::getIconLevel -EVDO
02-03 17:49:13.383 D/StatusBarPolicy(26949): getEvdoLevel_band_six -evdoDbm:-83
02-03 17:49:13.383 D/StatusBarPolicy(26949): getEvdoLevel_band_six -evdoEcio:-10
02-03 17:49:20.310 D/StatusBarPolicy(26949): updateDataIcon subscription =0
02-03 17:49:21.331 D/StatusBarPolicy(26949): updateDataIcon subscription =0
02-03 17:49:22.342 D/StatusBarPolicy(26949): onSignalStrengthsChanged:SignalStrength: 99 0 -84 -70 -84 -10 8 99 2147483647 2147483647 2147483647 2147483647 cdma for subscription0
02-03 17:49:22.342 D/StatusBarPolicy(26949): updateSignalStrength on subscription :0
02-03 17:49:22.352 D/StatusBarPolicy(26949): StatusBarPolocy::getIconLevel -EVDO
02-03 17:49:22.352 D/StatusBarPolicy(26949): getEvdoLevel_band_six -evdoDbm:-84
02-03 17:49:22.352 D/StatusBarPolicy(26949): getEvdoLevel_band_six -evdoEcio:-10
02-03 17:49:30.480 D/StatusBarPolicy(26949): updateDataIcon subscription =0
02-03 17:49:31.501 D/StatusBarPolicy(26949): updateDataIcon subscription =0
02-03 17:49:40.620 D/StatusBarPolicy(26949): updateDataIcon subscription =0
02-03 17:49:41.641 D/StatusBarPolicy(26949): updateDataIcon subscription =0
02-03 17:49:49.228 D/StatusBarPolicy(26949): onSignalStrengthsChanged:SignalStrength: 99 0 -84 -70 -85 -10 8 99 2147483647 2147483647 2147483647 2147483647 cdma for subscription0
02-03 17:49:49.228 D/StatusBarPolicy(26949): updateSignalStrength on subscription :0
02-03 17:49:49.238 D/StatusBarPolicy(26949): StatusBarPolocy::getIconLevel -EVDO
02-03 17:49:49.238 D/StatusBarPolicy(26949): getEvdoLevel_band_six -evdoDbm:-85
02-03 17:49:49.238 D/StatusBarPolicy(26949): getEvdoLevel_band_six -evdoEcio:-10
02-03 17:49:50.750 D/StatusBarPolicy(26949): updateDataIcon subscription =0
02-03 17:49:51.761 D/StatusBarPolicy(26949): updateDataIcon subscription =0
02-03 17:49:59.999 D/AlarmManager(26892): scheduleTimeTickEvent calendar=Fri Feb 03 17:51:00 CST 2012
02-03 17:49:59.999 D/AlarmManager(26892): calendar.getTimeInMillis()1328313060000
02-03 17:50:01.891 D/StatusBarPolicy(26949): updateDataIcon subscription =0
02-03 17:50:02.902 D/StatusBarPolicy(26949): updateDataIcon subscription =0
02-03 17:50:12.011 D/StatusBarPolicy(26949): updateDataIcon subscription =0
02-03 17:50:13.032 D/StatusBarPolicy(26949): updateDataIcon subscription =0
02-03 17:50:22.130 D/StatusBarPolicy(26949): updateDataIcon subscription =0
02-03 17:50:23.151 D/StatusBarPolicy(26949): updateDataIcon subscription =0
02-03 17:50:31.790 D/StatusBarPolicy(26949): onSignalStrengthsChanged:SignalStrength: 99 0 -89 -70 -85 -10 8 99 2147483647 2147483647 2147483647 2147483647 cdma for subscription0
02-03 17:50:31.790 D/StatusBarPolicy(26949): updateSignalStrength on subscription :0
02-03 17:50:31.790 D/StatusBarPolicy(26949): StatusBarPolocy::getIconLevel -EVDO
02-03 17:50:31.790 D/StatusBarPolicy(26949): getEvdoLevel_band_six -evdoDbm:-85
02-03 17:50:31.820 D/StatusBarPolicy(26949): getEvdoLevel_band_six -evdoEcio:-10
02-03 17:50:32.260 D/StatusBarPolicy(26949): updateDataIcon subscription =0
02-03 17:50:33.281 D/StatusBarPolicy(26949): updateDataIcon subscription =0
02-03 17:50:42.380 D/StatusBarPolicy(26949): updateDataIcon subscription =0
02-03 17:50:43.401 D/StatusBarPolicy(26949): updateDataIcon subscription =0
02-03 17:50:47.475 D/StatusBarPolicy(26949): onSignalStrengthsChanged:SignalStrength: 99 0 -89 -70 -86 -10 8 99 2147483647 2147483647 2147483647 2147483647 cdma for subscription0
02-03 17:50:47.475 D/StatusBarPolicy(26949): updateSignalStrength on subscription :0
02-03 17:50:47.475 D/StatusBarPolicy(26949): StatusBarPolocy::getIconLevel -EVDO
02-03 17:50:47.485 D/StatusBarPolicy(26949): getEvdoLevel_band_six -evdoDbm:-86
02-03 17:50:47.495 D/StatusBarPolicy(26949): getEvdoLevel_band_six -evdoEcio:-10
02-03 17:50:52.500 D/StatusBarPolicy(26949): updateDataIcon subscription =0
02-03 17:50:53.521 D/StatusBarPolicy(26949): updateDataIcon subscription =0
02-03 17:50:54.542 D/StatusBarPolicy(26949): updateDataIcon subscription =0
02-03 17:50:55.563 D/StatusBarPolicy(26949): updateDataIcon subscription =0
02-03 17:50:56.434 D/StatusBarPolicy(26949): onSignalStrengthsChanged:SignalStrength: 99 0 -89 -70 -85 -10 8 99 2147483647 2147483647 2147483647 2147483647 cdma for subscription0
02-03 17:50:56.434 D/StatusBarPolicy(26949): updateSignalStrength on subscription :0
02-03 17:50:56.434 D/StatusBarPolicy(26949): StatusBarPolocy::getIconLevel -EVDO
02-03 17:50:56.434 D/StatusBarPolicy(26949): getEvdoLevel_band_six -evdoDbm:-85
02-03 17:50:56.434 D/StatusBarPolicy(26949): getEvdoLevel_band_six -evdoEcio:-10
02-03 17:50:56.484 D/RPC     (26892): 3000008c:00050000 received CALL.
02-03 17:50:56.484 D/RPC     (26892): 3000008c:00050000 dispatching RPC call (XID 1374, xdr 0x443dd0) for callback client 3100008c:00050001.
02-03 17:50:56.484 D/RPC     (26892): 3100008c:327681 sending RPC reply (XID 1374)
02-03 17:50:56.574 D/StatusBarPolicy(26949): updateDataIcon subscription =0
02-03 17:50:57.265 D/RPC     (26892): 3000008c:00050000 sending call (XID 59).
02-03 17:50:57.275 D/RPC     (26892): 3000008c:00050000 received REPLY (XID 59), grabbing mutex to wake up client.
02-03 17:50:57.275 D/RPC     (26892): 3000008c:00050000 call success.
02-03 17:50:57.285 D/RPC     (26892): 3000008c:00050000 sending call (XID 60).
02-03 17:50:57.285 D/RPC     (26892): 3000008c:00050000 received REPLY (XID 60), grabbing mutex to wake up client.
02-03 17:50:57.285 D/RPC     (26892): 3000008c:00050000 call success.
02-03 17:50:57.305 D/RPC     (26892): 3000008c:00050000 sending call (XID 61).
02-03 17:50:57.305 D/RPC     (26892): 3000008c:00050000 received REPLY (XID 61), grabbing mutex to wake up client.
02-03 17:50:57.305 D/RPC     (26892): 3000008c:00050000 call success.
02-03 17:50:57.315 D/RPC     (26892): 3000008c:00050000 sending call (XID 62).
02-03 17:50:57.315 D/RPC     (26892): 3000008c:00050000 received REPLY (XID 62), grabbing mutex to wake up client.
02-03 17:50:57.315 D/RPC     (26892): 3000008c:00050000 call success.
02-03 17:50:57.325 D/RPC     (26892): 3000008c:00050000 sending call (XID 63).
02-03 17:50:57.335 D/RPC     (26892): 3000008c:00050000 received REPLY (XID 63), grabbing mutex to wake up client.
02-03 17:50:57.335 D/RPC     (26892): 3000008c:00050000 call success.
02-03 17:50:57.345 D/RPC     (26892): 3000008c:00050000 sending call (XID 64).
02-03 17:50:57.345 D/RPC     (26892): 3000008c:00050000 received REPLY (XID 64), grabbing mutex to wake up client.
02-03 17:50:57.345 D/RPC     (26892): 3000008c:00050000 call success.
02-03 17:50:57.355 D/RPC     (26892): 3000008c:00050000 sending call (XID 65).
02-03 17:50:57.365 D/RPC     (26892): 3000008c:00050000 received REPLY (XID 65), grabbing mutex to wake up client.
02-03 17:50:57.365 D/RPC     (26892): 3000008c:00050000 call success.
02-03 17:50:57.375 D/RPC     (26892): 3000008c:00050000 sending call (XID 66).
02-03 17:50:57.375 D/RPC     (26892): 3000008c:00050000 received REPLY (XID 66), grabbing mutex to wake up client.
02-03 17:50:57.375 D/RPC     (26892): 3000008c:00050000 call success.
02-03 17:50:57.385 D/RPC     (26892): 3000008c:00050000 sending call (XID 67).
02-03 17:50:57.395 D/RPC     (26892): 3000008c:00050000 received REPLY (XID 67), grabbing mutex to wake up client.
02-03 17:50:57.395 D/RPC     (26892): 3000008c:00050000 call success.
02-03 17:50:57.405 D/RPC     (26892): 3000008c:00050000 sending call (XID 68).
02-03 17:50:57.405 D/RPC     (26892): 3000008c:00050000 received REPLY (XID 68), grabbing mutex to wake up client.
02-03 17:50:57.405 D/RPC     (26892): 3000008c:00050000 call success.
02-03 17:50:57.415 D/RPC     (26892): 3000008c:00050000 sending call (XID 69).
02-03 17:50:57.425 D/RPC     (26892): 3000008c:00050000 received REPLY (XID 69), grabbing mutex to wake up client.
02-03 17:50:57.425 D/RPC     (26892): 3000008c:00050000 call success.
02-03 17:50:57.435 D/RPC     (26892): 3000008c:00050000 sending call (XID 70).
02-03 17:50:57.435 D/RPC     (26892): 3000008c:00050000 received REPLY (XID 70), grabbing mutex to wake up client.
02-03 17:50:57.435 D/RPC     (26892): 3000008c:00050000 call success.
02-03 17:50:57.445 D/RPC     (26892): 3000008c:00050000 sending call (XID 71).
02-03 17:50:57.455 D/RPC     (26892): 3000008c:00050000 received REPLY (XID 71), grabbing mutex to wake up client.
02-03 17:50:57.455 D/RPC     (26892): 3000008c:00050000 waiting for XDR input buffer to be consumed.
02-03 17:50:57.455 D/RPC     (26892): 3000008c:00050000 call success.
02-03 17:50:57.455 D/RPC     (26892): 3000008c:00050000 received CALL.
02-03 17:50:57.455 D/RPC     (26892): 3000008c:00050000 dispatching RPC call (XID 1375, xdr 0x443dd0) for callback client 3100008c:00050001.
02-03 17:50:57.455 D/RPC     (26892): 3100008c:327681 sending RPC reply (XID 1375)
02-03 17:50:57.595 D/StatusBarPolicy(26949): updateDataIcon subscription =0
02-03 17:50:59.627 D/StatusBarPolicy(26949): updateDataIcon subscription =0
02-03 17:51:00.007 D/AlarmManager(26892): scheduleTimeTickEvent calendar=Fri Feb 03 17:52:00 CST 2012
