02-03 17:00:09.919 D/StatusBarPolicy(26949): onSignalStrengthsChanged:SignalStrength: 99 0 -85 -70 -84 -5 8 99 2147483647 2147483647 2147483647 2147483647 cdma for subscription0
02-03 17:00:09.919 D/StatusBarPolicy(26949): updateSignalStrength on subscription :0
02-03 17:00:09.919 D/StatusBarPolicy(26949): StatusBarPolocy::getIconLevel -EVDO
02-03 17:00:09.919 D/StatusBarPolicy(26949): getEvdoLevel_band_six -evdoDbm:-84
02-03 17:00:09.919 D/StatusBarPolicy(26949): getEvdoLevel_band_six -evdoEcio:-5
02-03 17:00:11.400 D/StatusBarPolicy(26949): updateDataIcon subscription =0
02-03 17:00:12.181 D/StatusBarPolicy(26949): onSignalStrengthsChanged:SignalStrength: 99 0 -85 -70 -85 -25 8 99 2147483647 2147483647 2147483647 2147483647 cdma for subscription0
02-03 17:00:12.181 D/StatusBarPolicy(26949): updateSignalStrength on subscription :0
02-03 17:00:12.181 D/StatusBarPolicy(26949): StatusBarPolocy::getIconLevel -EVDO
02-03 17:00:12.181 D/StatusBarPolicy(26949): getEvdoLevel_band_six -evdoDbm:-85
02-03 17:00:12.181 D/StatusBarPolicy(26949): getEvdoLevel_band_six -evdoEcio:-25
02-03 17:00:12.411 D/StatusBarPolicy(26949): updateDataIcon subscription =0
02-03 17:00:16.656 D/StatusBarPolicy(26949): onSignalStrengthsChanged:SignalStrength: 99 0 -85 -70 -86 -35 8 99 2147483647 2147483647 2147483647 2147483647 cdma for subscription0
02-03 17:00:16.656 D/StatusBarPolicy(26949): updateSignalStrength on subscription :0
02-03 17:00:16.656 D/StatusBarPolicy(26949): StatusBarPolocy::getIconLevel -EVDO
02-03 17:00:16.656 D/StatusBarPolicy(26949): getEvdoLevel_band_six -evdoDbm:-86
02-03 17:00:16.656 D/StatusBarPolicy(26949): getEvdoLevel_band_six -evdoEcio:-35
02-03 17:00:18.898 D/StatusBarPolicy(26949): onSignalStrengthsChanged:SignalStrength: 99 0 -85 -70 -86 -25 8 99 2147483647 2147483647 2147483647 2147483647 cdma for subscription0
02-03 17:00:18.898 D/StatusBarPolicy(26949): updateSignalStrength on subscription :0
02-03 17:00:18.898 D/StatusBarPolicy(26949): StatusBarPolocy::getIconLevel -EVDO
02-03 17:00:18.898 D/StatusBarPolicy(26949): getEvdoLevel_band_six -evdoDbm:-86
02-03 17:00:18.898 D/StatusBarPolicy(26949): getEvdoLevel_band_six -evdoEcio:-25
02-03 17:00:21.140 D/StatusBarPolicy(26949): onSignalStrengthsChanged:SignalStrength: 99 0 -85 -70 -86 -10 8 99 2147483647 2147483647 2147483647 2147483647 cdma for subscription0
02-03 17:00:21.140 D/StatusBarPolicy(26949): updateSignalStrength on subscription :0
02-03 17:00:21.140 D/StatusBarPolicy(26949): StatusBarPolocy::getIconLevel -EVDO
02-03 17:00:21.140 D/StatusBarPolicy(26949): getEvdoLevel_band_six -evdoDbm:-86
02-03 17:00:21.140 D/StatusBarPolicy(26949): getEvdoLevel_band_six -evdoEcio:-10
02-03 17:00:21.520 D/StatusBarPolicy(26949): updateDataIcon subscription =0
02-03 17:00:22.521 D/StatusBarPolicy(26949): updateDataIcon subscription =0
02-03 17:00:31.650 D/StatusBarPolicy(26949): updateDataIcon subscription =0
02-03 17:00:32.661 D/StatusBarPolicy(26949): updateDataIcon subscription =0
02-03 17:00:41.790 D/StatusBarPolicy(26949): updateDataIcon subscription =0
02-03 17:00:42.811 D/StatusBarPolicy(26949): updateDataIcon subscription =0
02-03 17:00:45.774 D/StatusBarPolicy(26949): onSignalStrengthsChanged:SignalStrength: 99 0 -85 -70 -84 -10 8 99 2147483647 2147483647 2147483647 2147483647 cdma for subscription0
02-03 17:00:45.774 D/StatusBarPolicy(26949): updateSignalStrength on subscription :0
02-03 17:00:45.774 D/StatusBarPolicy(26949): StatusBarPolocy::getIconLevel -EVDO
02-03 17:00:45.774 D/StatusBarPolicy(26949): getEvdoLevel_band_six -evdoDbm:-84
02-03 17:00:45.784 D/StatusBarPolicy(26949): getEvdoLevel_band_six -evdoEcio:-10
02-03 17:00:46.044 D/PowerManagerService(26892): setTimeoutLocked now=87573142 timeoutOverride=-1 nextState=3 when=87579142
02-03 17:00:46.164 I/ActivityManager(26892): Starting: Intent { act=android.intent.action.MAIN cat=[android.intent.category.HOME] flg=0x10200000 cmp=com.android.launcher/com.android.launcher2.Launcher } from pid 26892
02-03 17:00:46.164 W/WindowManager(26892): updateFocusedWindowLocked newFocus=Window{40874630 com.android.settings/com.android.settings.ScalibrationWnd paused=true} mode=3 mCurrentFocus = Window{40874630 com.android.settings/com.android.settings.ScalibrationWnd paused=true}
02-03 17:00:46.174 W/WindowManager(26892): updateFocusedWindowLocked newFocus=null mode=0 mCurrentFocus = Window{40874630 com.android.settings/com.android.settings.ScalibrationWnd paused=true}
02-03 17:00:46.194 W/WindowManager(26892): updateFocusedWindowLocked newFocus=null mode=3 mCurrentFocus = null
02-03 17:00:46.214 W/WindowManager(26892): updateFocusedWindowLocked newFocus=Window{4084db38 com.android.launcher/com.android.launcher2.Launcher paused=false} mode=2 mCurrentFocus = null
02-03 17:00:46.224 W/WindowManager(26892): updateFocusedWindowLocked newFocus=Window{4084db38 com.android.launcher/com.android.launcher2.Launcher paused=false} mode=2 mCurrentFocus = Window{4084db38 com.android.launcher/com.android.launcher2.Launcher paused=false}
02-03 17:00:46.224 W/WindowManager(26892): updateFocusedWindowLocked newFocus=Window{4084db38 com.android.launcher/com.android.launcher2.Launcher paused=false} mode=3 mCurrentFocus = Window{4084db38 com.android.launcher/com.android.launcher2.Launcher paused=false}
02-03 17:00:47.265 D/PowerManagerService(26892): setTimeoutLocked now=87574362 timeoutOverride=-1 nextState=3 when=87580362
02-03 17:00:47.366 W/WindowManager(26892): updateFocusedWindowLocked newFocus=Window{408df0b0 AtchDlg:com.android.launcher/com.android.launcher2.Launcher paused=false} mode=1 mCurrentFocus = Window{4084db38 com.android.launcher/com.android.launcher2.Launcher paused=false}
02-03 17:00:47.376 W/WindowManager(26892): updateFocusedWindowLocked newFocus=Window{408df0b0 AtchDlg:com.android.launcher/com.android.launcher2.Launcher paused=false} mode=3 mCurrentFocus = Window{408df0b0 AtchDlg:com.android.launcher/com.android.launcher2.Launcher paused=false}
02-03 17:00:47.956 D/PowerManagerService(26892): setTimeoutLocked now=87575056 timeoutOverride=-1 nextState=3 when=87581056
02-03 17:00:47.996 D/StatusBarPolicy(26949): onSignalStrengthsChanged:SignalStrength: 99 0 -85 -70 -85 -10 8 99 2147483647 2147483647 2147483647 2147483647 cdma for subscription0
02-03 17:00:47.996 D/StatusBarPolicy(26949): updateSignalStrength on subscription :0
02-03 17:00:48.006 D/StatusBarPolicy(26949): StatusBarPolocy::getIconLevel -EVDO
02-03 17:00:48.006 D/StatusBarPolicy(26949): getEvdoLevel_band_six -evdoDbm:-85
02-03 17:00:48.006 D/StatusBarPolicy(26949): getEvdoLevel_band_six -evdoEcio:-10
02-03 17:00:48.036 D/PowerManagerService(26892): setTimeoutLocked now=87575129 timeoutOverride=-1 nextState=3 when=87581129
02-03 17:00:48.036 I/ActivityManager(26892): Starting: Intent { act=android.settings.SETTINGS flg=0x10200000 cmp=com.android.settings/.Settings } from pid 26987
02-03 17:00:48.056 W/WindowManager(26892): updateFocusedWindowLocked newFocus=Window{408df0b0 AtchDlg:com.android.launcher/com.android.launcher2.Launcher paused=false} mode=3 mCurrentFocus = Window{408df0b0 AtchDlg:com.android.launcher/com.android.launcher2.Launcher paused=false}
02-03 17:00:48.066 W/WindowManager(26892): updateFocusedWindowLocked newFocus=Window{408df0b0 AtchDlg:com.android.launcher/com.android.launcher2.Launcher paused=false} mode=0 mCurrentFocus = Window{408df0b0 AtchDlg:com.android.launcher/com.android.launcher2.Launcher paused=false}
02-03 17:00:48.066 W/WindowManager(26892): updateFocusedWindowLocked newFocus=null mode=0 mCurrentFocus = Window{408df0b0 AtchDlg:com.android.launcher/com.android.launcher2.Launcher paused=false}
02-03 17:00:48.076 W/WindowManager(26892): updateFocusedWindowLocked newFocus=null mode=3 mCurrentFocus = null
02-03 17:00:48.096 W/WindowManager(26892): updateFocusedWindowLocked newFocus=null mode=0 mCurrentFocus = null
02-03 17:00:48.096 W/WindowManager(26892): updateFocusedWindowLocked newFocus=null mode=3 mCurrentFocus = null
02-03 17:00:48.126 W/WindowManager(26892): updateFocusedWindowLocked newFocus=Window{40a6bc10 com.android.settings/com.android.settings.Settings paused=false} mode=2 mCurrentFocus = null
02-03 17:00:48.126 W/WindowManager(26892): updateFocusedWindowLocked newFocus=Window{40a6bc10 com.android.settings/com.android.settings.Settings paused=false} mode=2 mCurrentFocus = Window{40a6bc10 com.android.settings/com.android.settings.Settings paused=false}
02-03 17:00:48.156 W/WindowManager(26892): updateFocusedWindowLocked newFocus=Window{40a6bc10 com.android.settings/com.android.settings.Settings paused=false} mode=3 mCurrentFocus = Window{40a6bc10 com.android.settings/com.android.settings.Settings paused=false}
02-03 17:00:48.166 W/WindowManager(26892): updateFocusedWindowLocked newFocus=Window{40a6bc10 com.android.settings/com.android.settings.Settings paused=false} mode=3 mCurrentFocus = Window{40a6bc10 com.android.settings/com.android.settings.Settings paused=false}
02-03 17:00:49.297 D/PowerManagerService(26892): setTimeoutLocked now=87576398 timeoutOverride=-1 nextState=3 when=87582398
02-03 17:00:49.378 D/PowerManagerService(26892): setTimeoutLocked now=87576472 timeoutOverride=-1 nextState=3 when=87582472
02-03 17:00:49.548 I/ActivityManager(26892): Starting: Intent { act=android.intent.action.MAIN cmp=com.android.settings/.DisplaySettings } from pid 27104
02-03 17:00:49.598 W/WindowManager(26892): updateFocusedWindowLocked newFocus=null mode=0 mCurrentFocus = Window{40a6bc10 com.android.settings/com.android.settings.Settings paused=true}
02-03 17:00:49.638 W/WindowManager(26892): updateFocusedWindowLocked newFocus=Window{4092b458 com.android.settings/com.android.settings.DisplaySettings paused=false} mode=3 mCurrentFocus = null
02-03 17:00:49.748 W/WindowManager(26892): updateFocusedWindowLocked newFocus=Window{4092b458 com.android.settings/com.android.settings.DisplaySettings paused=false} mode=2 mCurrentFocus = Window{4092b458 com.android.settings/com.android.settings.DisplaySettings paused=false}
02-03 17:00:49.748 W/WindowManager(26892): updateFocusedWindowLocked newFocus=Window{4092b458 com.android.settings/com.android.settings.DisplaySettings paused=false} mode=2 mCurrentFocus = Window{4092b458 com.android.settings/com.android.settings.DisplaySettings paused=false}
02-03 17:00:49.758 W/WindowManager(26892): updateFocusedWindowLocked newFocus=Window{4092b458 com.android.settings/com.android.settings.DisplaySettings paused=false} mode=3 mCurrentFocus = Window{4092b458 com.android.settings/com.android.settings.DisplaySettings paused=false}
02-03 17:00:50.058 D/PowerManagerService(26892): setTimeoutLocked now=87577155 timeoutOverride=-1 nextState=3 when=87583155
02-03 17:00:50.168 D/PowerManagerService(26892): setTimeoutLocked now=87577268 timeoutOverride=-1 nextState=3 when=87583268
02-03 17:00:50.268 D/StatusBarPolicy(26949): onSignalStrengthsChanged:SignalStrength: 99 0 -85 -70 -86 -10 8 99 2147483647 2147483647 2147483647 2147483647 cdma for subscription0
02-03 17:00:50.278 D/StatusBarPolicy(26949): updateSignalStrength on subscription :0
02-03 17:00:50.278 D/StatusBarPolicy(26949): StatusBarPolocy::getIconLevel -EVDO
02-03 17:00:50.278 D/StatusBarPolicy(26949): getEvdoLevel_band_six -evdoDbm:-86
02-03 17:00:50.278 D/StatusBarPolicy(26949): getEvdoLevel_band_six -evdoEcio:-10
02-03 17:00:50.569 D/PowerManagerService(26892): setTimeoutLocked now=87577657 timeoutOverride=-1 nextState=3 when=87583657
02-03 17:00:50.769 I/ActivityManager(26892): Starting: Intent { act=android.intent.action.MAIN cmp=com.android.settings/.ScalibrationWnd } from pid 27104
02-03 17:00:50.809 W/WindowManager(26892): updateFocusedWindowLocked newFocus=null mode=0 mCurrentFocus = Window{4092b458 com.android.settings/com.android.settings.DisplaySettings paused=true}
02-03 17:00:50.929 W/WindowManager(26892): updateFocusedWindowLocked newFocus=Window{409432c8 com.android.settings/com.android.settings.ScalibrationWnd paused=false} mode=3 mCurrentFocus = null
02-03 17:00:50.959 W/WindowManager(26892): updateFocusedWindowLocked newFocus=Window{409432c8 com.android.settings/com.android.settings.ScalibrationWnd paused=false} mode=2 mCurrentFocus = Window{409432c8 com.android.settings/com.android.settings.ScalibrationWnd paused=false}
02-03 17:00:50.959 W/WindowManager(26892): updateFocusedWindowLocked newFocus=Window{409432c8 com.android.settings/com.android.settings.ScalibrationWnd paused=false} mode=2 mCurrentFocus = Window{409432c8 com.android.settings/com.android.settings.ScalibrationWnd paused=false}
02-03 17:00:50.969 W/WindowManager(26892): updateFocusedWindowLocked newFocus=Window{409432c8 com.android.settings/com.android.settings.ScalibrationWnd paused=false} mode=3 mCurrentFocus = Window{409432c8 com.android.settings/com.android.settings.ScalibrationWnd paused=false}
02-03 17:00:51.910 D/StatusBarPolicy(26949): updateDataIcon subscription =0
02-03 17:00:52.511 D/StatusBarPolicy(26949): onSignalStrengthsChanged:SignalStrength: 99 0 -85 -70 -87 -10 8 99 2147483647 2147483647 2147483647 2147483647 cdma for subscription0
02-03 17:00:52.511 D/StatusBarPolicy(26949): updateSignalStrength on subscription :0
02-03 17:00:52.521 D/StatusBarPolicy(26949): StatusBarPolocy::getIconLevel -EVDO
02-03 17:00:52.521 D/StatusBarPolicy(26949): getEvdoLevel_band_six -evdoDbm:-87
02-03 17:00:52.521 D/StatusBarPolicy(26949): getEvdoLevel_band_six -evdoEcio:-10
02-03 17:00:52.921 D/StatusBarPolicy(26949): updateDataIcon subscription =0
02-03 17:00:54.733 D/StatusBarPolicy(26949): onSignalStrengthsChanged:SignalStrength: 99 0 -85 -70 -88 -20 8 99 2147483647 2147483647 2147483647 2147483647 cdma for subscription0
02-03 17:00:54.733 D/StatusBarPolicy(26949): updateSignalStrength on subscription :0
02-03 17:00:54.733 D/StatusBarPolicy(26949): StatusBarPolocy::getIconLevel -EVDO
02-03 17:00:54.733 D/StatusBarPolicy(26949): getEvdoLevel_band_six -evdoDbm:-88
02-03 17:00:54.733 D/StatusBarPolicy(26949): getEvdoLevel_band_six -evdoEcio:-20
02-03 17:00:56.565 D/PowerManagerService(26892): setTimeoutLocked now=87583658 timeoutOverride=-1 nextState=1 when=87690658
02-03 17:00:59.217 D/StatusBarPolicy(26949): onSignalStrengthsChanged:SignalStrength: 99 0 -85 -70 -89 -20 8 99 2147483647 2147483647 2147483647 2147483647 cdma for subscription0
02-03 17:00:59.217 D/StatusBarPolicy(26949): updateSignalStrength on subscription :0
02-03 17:00:59.217 D/StatusBarPolicy(26949): StatusBarPolocy::getIconLevel -EVDO
02-03 17:00:59.217 D/StatusBarPolicy(26949): getEvdoLevel_band_six -evdoDbm:-89
02-03 17:00:59.227 D/StatusBarPolicy(26949): getEvdoLevel_band_six -evdoEcio:-20
02-03 17:01:00.008 D/AlarmManager(26892): scheduleTimeTickEvent calendar=Fri Feb 03 17:02:00 CST 2012
02-03 17:01:00.008 D/AlarmManager(26892): calendar.getTimeInMillis()1328310120000
02-03 17:01:03.021 D/StatusBarPolicy(26949): updateDataIcon subscription =0
02-03 17:01:03.692 D/StatusBarPolicy(26949): onSignalStrengthsChanged:SignalStrength: 99 0 -85 -70 -91 -30 7 99 2147483647 2147483647 2147483647 2147483647 cdma for subscription0
02-03 17:01:03.692 D/StatusBarPolicy(26949): updateSignalStrength on subscription :0
02-03 17:01:03.692 D/StatusBarPolicy(26949): StatusBarPolocy::getIconLevel -EVDO
02-03 17:01:03.692 D/StatusBarPolicy(26949): getEvdoLevel_band_six -evdoDbm:-91
02-03 17:01:03.702 D/StatusBarPolicy(26949): getEvdoLevel_band_six -evdoEcio:-30
02-03 17:01:04.032 D/StatusBarPolicy(26949): updateDataIcon subscription =0
02-03 17:01:05.944 D/StatusBarPolicy(26949): onSignalStrengthsChanged:SignalStrength: 99 0 -88 -80 -92 -35 8 99 2147483647 2147483647 2147483647 2147483647 cdma for subscription0
02-03 17:01:05.944 D/StatusBarPolicy(26949): updateSignalStrength on subscription :0
02-03 17:01:05.944 D/StatusBarPolicy(26949): StatusBarPolocy::getIconLevel -EVDO
02-03 17:01:05.944 D/StatusBarPolicy(26949): getEvdoLevel_band_six -evdoDbm:-92
02-03 17:01:05.964 D/StatusBarPolicy(26949): getEvdoLevel_band_six -evdoEcio:-35
02-03 17:01:08.186 D/StatusBarPolicy(26949): onSignalStrengthsChanged:SignalStrength: 99 0 -91 -70 -93 -35 8 99 2147483647 2147483647 2147483647 2147483647 cdma for subscription0
02-03 17:01:08.186 D/StatusBarPolicy(26949): updateSignalStrength on subscription :0
02-03 17:01:08.186 D/StatusBarPolicy(26949): StatusBarPolocy::getIconLevel -EVDO
02-03 17:01:08.186 D/StatusBarPolicy(26949): getEvdoLevel_band_six -evdoDbm:-93
02-03 17:01:08.186 D/StatusBarPolicy(26949): getEvdoLevel_band_six -evdoEcio:-35
02-03 17:01:10.418 D/StatusBarPolicy(26949): onSignalStrengthsChanged:SignalStrength: 99 0 -91 -70 -93 -35 7 99 2147483647 2147483647 2147483647 2147483647 cdma for subscription0
02-03 17:01:10.418 D/StatusBarPolicy(26949): updateSignalStrength on subscription :0
02-03 17:01:10.418 D/StatusBarPolicy(26949): StatusBarPolocy::getIconLevel -EVDO
02-03 17:01:10.428 D/StatusBarPolicy(26949): getEvdoLevel_band_six -evdoDbm:-93
02-03 17:01:10.428 D/StatusBarPolicy(26949): getEvdoLevel_band_six -evdoEcio:-35
02-03 17:01:12.670 D/StatusBarPolicy(26949): onSignalStrengthsChanged:SignalStrength: 99 0 -91 -70 -92 -5 8 99 2147483647 2147483647 2147483647 2147483647 cdma for subscription0
02-03 17:01:12.670 D/StatusBarPolicy(26949): updateSignalStrength on subscription :0
02-03 17:01:12.680 D/StatusBarPolicy(26949): StatusBarPolocy::getIconLevel -EVDO
02-03 17:01:12.680 D/StatusBarPolicy(26949): getEvdoLevel_band_six -evdoDbm:-92
02-03 17:01:12.680 D/StatusBarPolicy(26949): getEvdoLevel_band_six -evdoEcio:-5
02-03 17:01:13.161 D/StatusBarPolicy(26949): updateDataIcon subscription =0
02-03 17:01:14.162 D/StatusBarPolicy(26949): updateDataIcon subscription =0
02-03 17:01:14.892 D/StatusBarPolicy(26949): onSignalStrengthsChanged:SignalStrength: 99 0 -91 -70 -92 -25 8 99 2147483647 2147483647 2147483647 2147483647 cdma for subscription0
02-03 17:01:14.902 D/StatusBarPolicy(26949): updateSignalStrength on subscription :0
02-03 17:01:14.902 D/StatusBarPolicy(26949): StatusBarPolocy::getIconLevel -EVDO
02-03 17:01:14.902 D/StatusBarPolicy(26949): getEvdoLevel_band_six -evdoDbm:-92
02-03 17:01:14.922 D/StatusBarPolicy(26949): getEvdoLevel_band_six -evdoEcio:-25
02-03 17:01:17.135 D/StatusBarPolicy(26949): onSignalStrengthsChanged:SignalStrength: 99 0 -91 -70 -91 -15 8 99 2147483647 2147483647 2147483647 2147483647 cdma for subscription0
02-03 17:01:17.135 D/StatusBarPolicy(26949): updateSignalStrength on subscription :0
02-03 17:01:17.145 D/StatusBarPolicy(26949): StatusBarPolocy::getIconLevel -EVDO
02-03 17:01:17.155 D/StatusBarPolicy(26949): getEvdoLevel_band_six -evdoDbm:-91
02-03 17:01:17.155 D/StatusBarPolicy(26949): getEvdoLevel_band_six -evdoEcio:-15
02-03 17:01:19.377 D/StatusBarPolicy(26949): onSignalStrengthsChanged:SignalStrength: 99 0 -91 -70 -90 -15 8 99 2147483647 2147483647 2147483647 2147483647 cdma for subscription0
02-03 17:01:19.377 D/StatusBarPolicy(26949): updateSignalStrength on subscription :0
02-03 17:01:19.377 D/StatusBarPolicy(26949): StatusBarPolocy::getIconLevel -EVDO
02-03 17:01:19.377 D/StatusBarPolicy(26949): getEvdoLevel_band_six -evdoDbm:-90
02-03 17:01:19.377 D/StatusBarPolicy(26949): getEvdoLevel_band_six -evdoEcio:-15
02-03 17:01:21.619 D/StatusBarPolicy(26949): onSignalStrengthsChanged:SignalStrength: 99 0 -93 -85 -90 -25 8 99 2147483647 2147483647 2147483647 2147483647 cdma for subscription0
02-03 17:01:21.619 D/StatusBarPolicy(26949): updateSignalStrength on subscription :0
02-03 17:01:21.629 D/StatusBarPolicy(26949): StatusBarPolocy::getIconLevel -EVDO
02-03 17:01:21.629 D/StatusBarPolicy(26949): getEvdoLevel_band_six -evdoDbm:-90
02-03 17:01:21.649 D/StatusBarPolicy(26949): getEvdoLevel_band_six -evdoEcio:-25
02-03 17:01:23.871 D/StatusBarPolicy(26949): onSignalStrengthsChanged:SignalStrength: 99 0 -93 -85 -89 -25 8 99 2147483647 2147483647 2147483647 2147483647 cdma for subscription0
02-03 17:01:23.871 D/StatusBarPolicy(26949): updateSignalStrength on subscription :0
02-03 17:01:23.871 D/StatusBarPolicy(26949): StatusBarPolocy::getIconLevel -EVDO
02-03 17:01:23.871 D/StatusBarPolicy(26949): getEvdoLevel_band_six -evdoDbm:-89
02-03 17:01:23.881 D/StatusBarPolicy(26949): getEvdoLevel_band_six -evdoEcio:-25
02-03 17:01:24.272 D/StatusBarPolicy(26949): updateDataIcon subscription =0
02-03 17:01:25.283 D/StatusBarPolicy(26949): updateDataIcon subscription =0
02-03 17:01:26.103 D/StatusBarPolicy(26949): onSignalStrengthsChanged:SignalStrength: 99 0 -91 -70 -89 -20 8 99 2147483647 2147483647 2147483647 2147483647 cdma for subscription0
02-03 17:01:26.103 D/StatusBarPolicy(26949): updateSignalStrength on subscription :0
02-03 17:01:26.103 D/StatusBarPolicy(26949): StatusBarPolocy::getIconLevel -EVDO
02-03 17:01:26.103 D/StatusBarPolicy(26949): getEvdoLevel_band_six -evdoDbm:-89
02-03 17:01:26.103 D/StatusBarPolicy(26949): getEvdoLevel_band_six -evdoEcio:-20
02-03 17:01:28.356 D/StatusBarPolicy(26949): onSignalStrengthsChanged:SignalStrength: 99 0 -91 -70 -87 -20 8 99 2147483647 2147483647 2147483647 2147483647 cdma for subscription0
02-03 17:01:28.356 D/StatusBarPolicy(26949): updateSignalStrength on subscription :0
02-03 17:01:28.356 D/StatusBarPolicy(26949): StatusBarPolocy::getIconLevel -EVDO
02-03 17:01:28.366 D/StatusBarPolicy(26949): getEvdoLevel_band_six -evdoDbm:-87
02-03 17:01:28.366 D/StatusBarPolicy(26949): getEvdoLevel_band_six -evdoEcio:-20
02-03 17:01:30.578 D/StatusBarPolicy(26949): onSignalStrengthsChanged:SignalStrength: 99 0 -91 -70 -89 -35 8 99 2147483647 2147483647 2147483647 2147483647 cdma for subscription0
02-03 17:01:30.578 D/StatusBarPolicy(26949): updateSignalStrength on subscription :0
02-03 17:01:30.588 D/StatusBarPolicy(26949): StatusBarPolocy::getIconLevel -EVDO
02-03 17:01:30.588 D/StatusBarPolicy(26949): getEvdoLevel_band_six -evdoDbm:-89
02-03 17:01:30.588 D/StatusBarPolicy(26949): getEvdoLevel_band_six -evdoEcio:-35
02-03 17:01:32.830 D/StatusBarPolicy(26949): onSignalStrengthsChanged:SignalStrength: 99 0 -91 -70 -91 -35 7 99 2147483647 2147483647 2147483647 2147483647 cdma for subscription0
02-03 17:01:32.830 D/StatusBarPolicy(26949): updateSignalStrength on subscription :0
02-03 17:01:32.840 D/StatusBarPolicy(26949): StatusBarPolocy::getIconLevel -EVDO
02-03 17:01:32.840 D/StatusBarPolicy(26949): getEvdoLevel_band_six -evdoDbm:-91
02-03 17:01:32.840 D/StatusBarPolicy(26949): getEvdoLevel_band_six -evdoEcio:-35
02-03 17:01:34.401 D/StatusBarPolicy(26949): updateDataIcon subscription =0
02-03 17:01:35.062 D/StatusBarPolicy(26949): onSignalStrengthsChanged:SignalStrength: 99 0 -91 -70 -90 -20 8 99 2147483647 2147483647 2147483647 2147483647 cdma for subscription0
02-03 17:01:35.062 D/StatusBarPolicy(26949): updateSignalStrength on subscription :0
02-03 17:01:35.062 D/StatusBarPolicy(26949): StatusBarPolocy::getIconLevel -EVDO
02-03 17:01:35.072 D/StatusBarPolicy(26949): getEvdoLevel_band_six -evdoDbm:-90
02-03 17:01:35.082 D/StatusBarPolicy(26949): getEvdoLevel_band_six -evdoEcio:-20
02-03 17:01:35.432 D/StatusBarPolicy(26949): updateDataIcon subscription =0
02-03 17:01:41.779 D/StatusBarPolicy(26949): onSignalStrengthsChanged:SignalStrength: 99 0 -91 -70 -89 -30 8 99 2147483647 2147483647 2147483647 2147483647 cdma for subscription0
02-03 17:01:41.779 D/StatusBarPolicy(26949): updateSignalStrength on subscription :0
02-03 17:01:41.789 D/StatusBarPolicy(26949): StatusBarPolocy::getIconLevel -EVDO
02-03 17:01:41.789 D/StatusBarPolicy(26949): getEvdoLevel_band_six -evdoDbm:-89
02-03 17:01:41.789 D/StatusBarPolicy(26949): getEvdoLevel_band_six -evdoEcio:-30
02-03 17:01:44.521 D/StatusBarPolicy(26949): updateDataIcon subscription =0
02-03 17:01:45.542 D/StatusBarPolicy(26949): updateDataIcon subscription =0
02-03 17:01:52.980 D/StatusBarPolicy(26949): onSignalStrengthsChanged:SignalStrength: 99 0 -91 -70 -87 -30 8 99 2147483647 2147483647 2147483647 2147483647 cdma for subscription0
02-03 17:01:52.980 D/StatusBarPolicy(26949): updateSignalStrength on subscription :0
02-03 17:01:52.990 D/StatusBarPolicy(26949): StatusBarPolocy::getIconLevel -EVDO
02-03 17:01:52.990 D/StatusBarPolicy(26949): getEvdoLevel_band_six -evdoDbm:-87
02-03 17:01:52.990 D/StatusBarPolicy(26949): getEvdoLevel_band_six -evdoEcio:-30
02-03 17:01:54.661 D/StatusBarPolicy(26949): updateDataIcon subscription =0
02-03 17:01:55.672 D/StatusBarPolicy(26949): updateDataIcon subscription =0
02-03 17:01:59.696 D/StatusBarPolicy(26949): onSignalStrengthsChanged:SignalStrength: 99 0 -91 -70 -87 -20 8 99 2147483647 2147483647 2147483647 2147483647 cdma for subscription0
02-03 17:01:59.696 D/StatusBarPolicy(26949): updateSignalStrength on subscription :0
02-03 17:01:59.706 D/StatusBarPolicy(26949): StatusBarPolocy::getIconLevel -EVDO
02-03 17:01:59.706 D/StatusBarPolicy(26949): getEvdoLevel_band_six -evdoDbm:-87
02-03 17:01:59.706 D/StatusBarPolicy(26949): getEvdoLevel_band_six -evdoEcio:-20
02-03 17:01:59.996 D/AlarmManager(26892): scheduleTimeTickEvent calendar=Fri Feb 03 17:03:00 CST 2012
02-03 17:01:59.996 D/AlarmManager(26892): calendar.getTimeInMillis()1328310180000
02-03 17:02:01.948 D/StatusBarPolicy(26949): onSignalStrengthsChanged:SignalStrength: 99 0 -91 -70 -87 -10 8 99 2147483647 2147483647 2147483647 2147483647 cdma for subscription0
02-03 17:02:01.948 D/StatusBarPolicy(26949): updateSignalStrength on subscription :0
02-03 17:02:01.948 D/StatusBarPolicy(26949): StatusBarPolocy::getIconLevel -EVDO
02-03 17:02:01.948 D/StatusBarPolicy(26949): getEvdoLevel_band_six -evdoDbm:-87
02-03 17:02:01.948 D/StatusBarPolicy(26949): getEvdoLevel_band_six -evdoEcio:-10
02-03 17:02:04.181 D/StatusBarPolicy(26949): onSignalStrengthsChanged:SignalStrength: 99 0 -91 -70 -88 -10 8 99 2147483647 2147483647 2147483647 2147483647 cdma for subscription0
02-03 17:02:04.181 D/StatusBarPolicy(26949): updateSignalStrength on subscription :0
02-03 17:02:04.191 D/StatusBarPolicy(26949): StatusBarPolocy::getIconLevel -EVDO
02-03 17:02:04.191 D/StatusBarPolicy(26949): getEvdoLevel_band_six -evdoDbm:-88
02-03 17:02:04.201 D/StatusBarPolicy(26949): getEvdoLevel_band_six -evdoEcio:-10
02-03 17:02:04.801 D/StatusBarPolicy(26949): updateDataIcon subscription =0
02-03 17:02:05.812 D/StatusBarPolicy(26949): updateDataIcon subscription =0
02-03 17:02:08.655 D/StatusBarPolicy(26949): onSignalStrengthsChanged:SignalStrength: 99 0 -91 -70 -89 -10 8 99 2147483647 2147483647 2147483647 2147483647 cdma for subscription0
02-03 17:02:08.655 D/StatusBarPolicy(26949): updateSignalStrength on subscription :0
02-03 17:02:08.665 D/StatusBarPolicy(26949): StatusBarPolocy::getIconLevel -EVDO
02-03 17:02:08.665 D/StatusBarPolicy(26949): getEvdoLevel_band_six -evdoDbm:-89
02-03 17:02:08.665 D/StatusBarPolicy(26949): getEvdoLevel_band_six -evdoEcio:-10
02-03 17:02:10.917 D/StatusBarPolicy(26949): onSignalStrengthsChanged:SignalStrength: 99 0 -91 -70 -88 -10 8 99 2147483647 2147483647 2147483647 2147483647 cdma for subscription0
02-03 17:02:10.917 D/StatusBarPolicy(26949): updateSignalStrength on subscription :0
02-03 17:02:10.927 D/StatusBarPolicy(26949): StatusBarPolocy::getIconLevel -EVDO
02-03 17:02:10.927 D/StatusBarPolicy(26949): getEvdoLevel_band_six -evdoDbm:-88
02-03 17:02:10.927 D/StatusBarPolicy(26949): getEvdoLevel_band_six -evdoEcio:-10
02-03 17:02:14.961 D/StatusBarPolicy(26949): updateDataIcon subscription =0
02-03 17:02:15.962 D/StatusBarPolicy(26949): updateDataIcon subscription =0
02-03 17:02:19.846 D/StatusBarPolicy(26949): onSignalStrengthsChanged:SignalStrength: 99 0 -91 -70 -87 -10 8 99 2147483647 2147483647 2147483647 2147483647 cdma for subscription0
02-03 17:02:19.846 D/StatusBarPolicy(26949): updateSignalStrength on subscription :0
02-03 17:02:19.846 D/StatusBarPolicy(26949): StatusBarPolocy::getIconLevel -EVDO
02-03 17:02:19.846 D/StatusBarPolicy(26949): getEvdoLevel_band_six -evdoDbm:-87
02-03 17:02:19.846 D/StatusBarPolicy(26949): getEvdoLevel_band_six -evdoEcio:-10
02-03 17:02:22.108 D/StatusBarPolicy(26949): onSignalStrengthsChanged:SignalStrength: 99 0 -91 -70 -88 -10 8 99 2147483647 2147483647 2147483647 2147483647 cdma for subscription0
02-03 17:02:22.108 D/StatusBarPolicy(26949): updateSignalStrength on subscription :0
02-03 17:02:22.108 D/StatusBarPolicy(26949): StatusBarPolocy::getIconLevel -EVDO
02-03 17:02:22.118 D/StatusBarPolicy(26949): getEvdoLevel_band_six -evdoDbm:-88
02-03 17:02:22.118 D/StatusBarPolicy(26949): getEvdoLevel_band_six -evdoEcio:-10
02-03 17:02:24.350 D/StatusBarPolicy(26949): onSignalStrengthsChanged:SignalStrength: 99 0 -91 -70 -87 -10 8 99 2147483647 2147483647 2147483647 2147483647 cdma for subscription0
02-03 17:02:24.350 D/StatusBarPolicy(26949): updateSignalStrength on subscription :0
02-03 17:02:24.350 D/StatusBarPolicy(26949): StatusBarPolocy::getIconLevel -EVDO
02-03 17:02:24.350 D/StatusBarPolicy(26949): getEvdoLevel_band_six -evdoDbm:-87
02-03 17:02:24.370 D/StatusBarPolicy(26949): getEvdoLevel_band_six -evdoEcio:-10
02-03 17:02:25.081 D/StatusBarPolicy(26949): updateDataIcon subscription =0
02-03 17:02:26.092 D/StatusBarPolicy(26949): updateDataIcon subscription =0
02-03 17:02:35.221 D/StatusBarPolicy(26949): updateDataIcon subscription =0
02-03 17:02:36.232 D/StatusBarPolicy(26949): updateDataIcon subscription =0
02-03 17:02:42.268 D/StatusBarPolicy(26949): onSignalStrengthsChanged:SignalStrength: 99 0 -91 -70 -86 -10 8 99 2147483647 2147483647 2147483647 2147483647 cdma for subscription0
02-03 17:02:42.268 D/StatusBarPolicy(26949): updateSignalStrength on subscription :0
02-03 17:02:42.278 D/StatusBarPolicy(26949): StatusBarPolocy::getIconLevel -EVDO
02-03 17:02:42.278 D/StatusBarPolicy(26949): getEvdoLevel_band_six -evdoDbm:-86
02-03 17:02:42.298 D/StatusBarPolicy(26949): getEvdoLevel_band_six -evdoEcio:-10
02-03 17:02:43.569 D/PowerManagerService(26892): setTimeoutLocked now=87690661 timeoutOverride=-1 nextState=0 when=87697661
02-03 17:02:45.341 D/StatusBarPolicy(26949): updateDataIcon subscription =0
02-03 17:02:46.352 D/StatusBarPolicy(26949): updateDataIcon subscription =0
02-03 17:02:48.984 D/StatusBarPolicy(26949): onSignalStrengthsChanged:SignalStrength: 99 0 -86 -70 -86 -10 8 99 2147483647 2147483647 2147483647 2147483647 cdma for subscription0
02-03 17:02:48.984 D/StatusBarPolicy(26949): updateSignalStrength on subscription :0
02-03 17:02:48.984 D/StatusBarPolicy(26949): StatusBarPolocy::getIconLevel -EVDO
02-03 17:02:48.984 D/StatusBarPolicy(26949): getEvdoLevel_band_six -evdoDbm:-86
02-03 17:02:48.984 D/StatusBarPolicy(26949): getEvdoLevel_band_six -evdoEcio:-10
02-03 17:02:53.659 D/NetdConnector(26892): SND -> {interface readrxcounter rmnet0} {null}
02-03 17:02:53.669 D/NetdConnector(26892): RCV <- {216 348459623}
02-03 17:02:53.679 D/NetdConnector(26892): RSP <- {216 348459623}
02-03 17:02:53.689 D/NetdConnector(26892): SND -> {interface readtxcounter rmnet0} {null}
02-03 17:02:53.689 D/NetdConnector(26892): RCV <- {217 16591516}
02-03 17:02:53.699 D/NetdConnector(26892): RSP <- {217 16591516}
02-03 17:02:55.471 D/StatusBarPolicy(26949): updateDataIcon subscription =0
02-03 17:02:56.482 D/StatusBarPolicy(26949): updateDataIcon subscription =0
02-03 17:03:00.005 D/AlarmManager(26892): scheduleTimeTickEvent calendar=Fri Feb 03 17:04:00 CST 2012
02-03 17:03:00.005 D/AlarmManager(26892): calendar.getTimeInMillis()1328310240000
02-03 17:03:02.427 D/StatusBarPolicy(26949): onSignalStrengthsChanged:SignalStrength: 99 0 -86 -70 -86 -20 8 99 2147483647 2147483647 2147483647 2147483647 cdma for subscription0
02-03 17:03:02.427 D/StatusBarPolicy(26949): updateSignalStrength on subscription :0
02-03 17:03:02.427 D/StatusBarPolicy(26949): StatusBarPolocy::getIconLevel -EVDO
02-03 17:03:02.427 D/StatusBarPolicy(26949): getEvdoLevel_band_six -evdoDbm:-86
02-03 17:03:02.427 D/StatusBarPolicy(26949): getEvdoLevel_band_six -evdoEcio:-20
02-03 17:03:04.670 D/StatusBarPolicy(26949): onSignalStrengthsChanged:SignalStrength: 99 0 -86 -70 -86 -10 8 99 2147483647 2147483647 2147483647 2147483647 cdma for subscription0
02-03 17:03:04.670 D/StatusBarPolicy(26949): updateSignalStrength on subscription :0
02-03 17:03:04.670 D/StatusBarPolicy(26949): StatusBarPolocy::getIconLevel -EVDO
02-03 17:03:04.670 D/StatusBarPolicy(26949): getEvdoLevel_band_six -evdoDbm:-86
02-03 17:03:04.670 D/StatusBarPolicy(26949): getEvdoLevel_band_six -evdoEcio:-10
02-03 17:03:05.600 D/StatusBarPolicy(26949): updateDataIcon subscription =0
02-03 17:03:06.621 D/StatusBarPolicy(26949): updateDataIcon subscription =0
02-03 17:03:15.740 D/StatusBarPolicy(26949): updateDataIcon subscription =0
02-03 17:03:16.751 D/StatusBarPolicy(26949): updateDataIcon subscription =0
02-03 17:03:19.744 D/PowerManagerService(26892): setTimeoutLocked now=87726846 timeoutOverride=-1 nextState=3 when=87732846
02-03 17:03:19.974 D/PowerManagerService(26892): setTimeoutLocked now=87727071 timeoutOverride=-1 nextState=3 when=87733071
02-03 17:03:25.980 D/PowerManagerService(26892): setTimeoutLocked now=87733072 timeoutOverride=-1 nextState=1 when=87840072
02-03 17:03:26.871 D/StatusBarPolicy(26949): updateDataIcon subscription =0
02-03 17:03:27.892 D/StatusBarPolicy(26949): updateDataIcon subscription =0
02-03 17:03:33.788 D/StatusBarPolicy(26949): onSignalStrengthsChanged:SignalStrength: 99 0 -86 -70 -84 -10 8 99 2147483647 2147483647 2147483647 2147483647 cdma for subscription0
02-03 17:03:33.788 D/StatusBarPolicy(26949): updateSignalStrength on subscription :0
02-03 17:03:33.788 D/StatusBarPolicy(26949): StatusBarPolocy::getIconLevel -EVDO
02-03 17:03:33.788 D/StatusBarPolicy(26949): getEvdoLevel_band_six -evdoDbm:-84
02-03 17:03:33.788 D/StatusBarPolicy(26949): getEvdoLevel_band_six -evdoEcio:-10
02-03 17:03:37.011 D/StatusBarPolicy(26949): updateDataIcon subscription =0
02-03 17:03:38.022 D/StatusBarPolicy(26949): updateDataIcon subscription =0
02-03 17:03:47.141 D/StatusBarPolicy(26949): updateDataIcon subscription =0
02-03 17:03:47.221 D/StatusBarPolicy(26949): onSignalStrengthsChanged:SignalStrength: 99 0 -86 -70 -83 -10 8 99 2147483647 2147483647 2147483647 2147483647 cdma for subscription0
02-03 17:03:47.221 D/StatusBarPolicy(26949): updateSignalStrength on subscription :0
02-03 17:03:47.221 D/StatusBarPolicy(26949): StatusBarPolocy::getIconLevel -EVDO
02-03 17:03:47.221 D/StatusBarPolicy(26949): getEvdoLevel_band_six -evdoDbm:-83
02-03 17:03:47.221 D/StatusBarPolicy(26949): getEvdoLevel_band_six -evdoEcio:-10
02-03 17:03:48.142 D/StatusBarPolicy(26949): updateDataIcon subscription =0
02-03 17:03:56.250 D/StatusBarPolicy(26949): updateDataIcon subscription =0
02-03 17:03:57.261 D/StatusBarPolicy(26949): updateDataIcon subscription =0
02-03 17:04:00.004 D/AlarmManager(26892): scheduleTimeTickEvent calendar=Fri Feb 03 17:05:00 CST 2012
02-03 17:04:00.004 D/AlarmManager(26892): calendar.getTimeInMillis()1328310300000
02-03 17:04:06.370 D/StatusBarPolicy(26949): updateDataIcon subscription =0
02-03 17:04:07.391 D/StatusBarPolicy(26949): updateDataIcon subscription =0
02-03 17:04:16.480 D/StatusBarPolicy(26949): updateDataIcon subscription =0
02-03 17:04:17.501 D/StatusBarPolicy(26949): updateDataIcon subscription =0
02-03 17:04:26.589 D/StatusBarPolicy(26949): updateDataIcon subscription =0
02-03 17:04:27.610 D/StatusBarPolicy(26949): updateDataIcon subscription =0
02-03 17:04:36.719 D/StatusBarPolicy(26949): updateDataIcon subscription =0
02-03 17:04:37.740 D/StatusBarPolicy(26949): updateDataIcon subscription =0
02-03 17:04:46.849 D/StatusBarPolicy(26949): updateDataIcon subscription =0
02-03 17:04:47.880 D/StatusBarPolicy(26949): updateDataIcon subscription =0
02-03 17:04:56.989 D/StatusBarPolicy(26949): updateDataIcon subscription =0
02-03 17:04:58.010 D/StatusBarPolicy(26949): updateDataIcon subscription =0
02-03 17:05:00.002 D/AlarmManager(26892): scheduleTimeTickEvent calendar=Fri Feb 03 17:06:00 CST 2012
02-03 17:05:00.002 D/AlarmManager(26892): calendar.getTimeInMillis()1328310360000
02-03 17:05:08.130 D/StatusBarPolicy(26949): updateDataIcon subscription =0
02-03 17:05:09.151 D/StatusBarPolicy(26949): updateDataIcon subscription =0
02-03 17:05:13.055 D/PowerManagerService(26892): setTimeoutLocked now=87840148 timeoutOverride=-1 nextState=0 when=87847148
02-03 17:05:18.260 D/StatusBarPolicy(26949): updateDataIcon subscription =0
02-03 17:05:19.291 D/StatusBarPolicy(26949): updateDataIcon subscription =0
02-03 17:05:28.400 D/StatusBarPolicy(26949): updateDataIcon subscription =0
02-03 17:05:29.441 D/StatusBarPolicy(26949): updateDataIcon subscription =0
02-03 17:05:38.550 D/StatusBarPolicy(26949): updateDataIcon subscription =0
02-03 17:05:39.571 D/StatusBarPolicy(26949): updateDataIcon subscription =0
02-03 17:05:48.670 D/StatusBarPolicy(26949): updateDataIcon subscription =0
02-03 17:05:49.681 D/StatusBarPolicy(26949): updateDataIcon subscription =0
02-03 17:05:58.789 D/StatusBarPolicy(26949): updateDataIcon subscription =0
02-03 17:05:59.810 D/StatusBarPolicy(26949): updateDataIcon subscription =0
02-03 17:06:00.001 D/AlarmManager(26892): scheduleTimeTickEvent calendar=Fri Feb 03 17:07:00 CST 2012
02-03 17:06:00.001 D/AlarmManager(26892): calendar.getTimeInMillis()1328310420000
02-03 17:06:08.909 D/StatusBarPolicy(26949): updateDataIcon subscription =0
02-03 17:06:09.930 D/StatusBarPolicy(26949): updateDataIcon subscription =0
02-03 17:06:19.029 D/StatusBarPolicy(26949): updateDataIcon subscription =0
02-03 17:06:20.050 D/StatusBarPolicy(26949): updateDataIcon subscription =0
02-03 17:06:29.149 D/StatusBarPolicy(26949): updateDataIcon subscription =0
02-03 17:06:30.170 D/StatusBarPolicy(26949): updateDataIcon subscription =0
02-03 17:06:30.761 D/StatusBarPolicy(26949): onSignalStrengthsChanged:SignalStrength: 99 0 -86 -70 -84 -10 8 99 2147483647 2147483647 2147483647 2147483647 cdma for subscription0
02-03 17:06:30.761 D/StatusBarPolicy(26949): updateSignalStrength on subscription :0
02-03 17:06:30.771 D/StatusBarPolicy(26949): StatusBarPolocy::getIconLevel -EVDO
02-03 17:06:30.771 D/StatusBarPolicy(26949): getEvdoLevel_band_six -evdoDbm:-84
02-03 17:06:30.771 D/StatusBarPolicy(26949): getEvdoLevel_band_six -evdoEcio:-10
02-03 17:06:40.300 D/StatusBarPolicy(26949): updateDataIcon subscription =0
02-03 17:06:41.311 D/StatusBarPolicy(26949): updateDataIcon subscription =0
02-03 17:06:50.420 D/StatusBarPolicy(26949): updateDataIcon subscription =0
02-03 17:06:51.441 D/StatusBarPolicy(26949): updateDataIcon subscription =0
02-03 17:07:00.009 D/AlarmManager(26892): scheduleTimeTickEvent calendar=Fri Feb 03 17:08:00 CST 2012
02-03 17:07:00.009 D/AlarmManager(26892): calendar.getTimeInMillis()1328310480000
02-03 17:07:00.550 D/StatusBarPolicy(26949): updateDataIcon subscription =0
02-03 17:07:01.561 D/StatusBarPolicy(26949): updateDataIcon subscription =0
02-03 17:07:10.670 D/StatusBarPolicy(26949): updateDataIcon subscription =0
02-03 17:07:11.691 D/StatusBarPolicy(26949): updateDataIcon subscription =0
02-03 17:07:20.819 D/StatusBarPolicy(26949): updateDataIcon subscription =0
02-03 17:07:21.840 D/StatusBarPolicy(26949): updateDataIcon subscription =0
02-03 17:07:29.007 D/StatusBarPolicy(26949): onSignalStrengthsChanged:SignalStrength: 99 0 -86 -70 -83 -10 8 99 2147483647 2147483647 2147483647 2147483647 cdma for subscription0
02-03 17:07:29.017 D/StatusBarPolicy(26949): updateSignalStrength on subscription :0
02-03 17:07:29.027 D/StatusBarPolicy(26949): StatusBarPolocy::getIconLevel -EVDO
02-03 17:07:29.027 D/StatusBarPolicy(26949): getEvdoLevel_band_six -evdoDbm:-83
02-03 17:07:29.027 D/StatusBarPolicy(26949): getEvdoLevel_band_six -evdoEcio:-10
02-03 17:07:30.929 D/StatusBarPolicy(26949): updateDataIcon subscription =0
02-03 17:07:31.950 D/StatusBarPolicy(26949): updateDataIcon subscription =0
02-03 17:07:41.059 D/StatusBarPolicy(26949): updateDataIcon subscription =0
02-03 17:07:42.080 D/StatusBarPolicy(26949): updateDataIcon subscription =0
02-03 17:07:52.200 D/StatusBarPolicy(26949): updateDataIcon subscription =0
02-03 17:07:53.221 D/StatusBarPolicy(26949): updateDataIcon subscription =0
02-03 17:08:00.008 D/AlarmManager(26892): scheduleTimeTickEvent calendar=Fri Feb 03 17:09:00 CST 2012
02-03 17:08:00.008 D/AlarmManager(26892): calendar.getTimeInMillis()1328310540000
02-03 17:08:02.330 D/StatusBarPolicy(26949): updateDataIcon subscription =0
02-03 17:08:03.351 D/StatusBarPolicy(26949): updateDataIcon subscription =0
02-03 17:08:12.450 D/StatusBarPolicy(26949): updateDataIcon subscription =0
02-03 17:08:13.471 D/StatusBarPolicy(26949): updateDataIcon subscription =0
02-03 17:08:22.580 D/StatusBarPolicy(26949): updateDataIcon subscription =0
02-03 17:08:23.601 D/StatusBarPolicy(26949): updateDataIcon subscription =0
02-03 17:08:33.721 D/StatusBarPolicy(26949): updateDataIcon subscription =0
02-03 17:08:34.752 D/StatusBarPolicy(26949): updateDataIcon subscription =0
02-03 17:08:43.860 D/StatusBarPolicy(26949): updateDataIcon subscription =0
02-03 17:08:44.871 D/StatusBarPolicy(26949): updateDataIcon subscription =0
02-03 17:08:54.000 D/StatusBarPolicy(26949): updateDataIcon subscription =0
02-03 17:08:55.011 D/StatusBarPolicy(26949): updateDataIcon subscription =0
02-03 17:08:58.625 D/StatusBarPolicy(26949): onSignalStrengthsChanged:SignalStrength: 99 0 -86 -70 -84 -10 8 99 2147483647 2147483647 2147483647 2147483647 cdma for subscription0
02-03 17:08:58.635 D/StatusBarPolicy(26949): updateSignalStrength on subscription :0
02-03 17:08:58.635 D/StatusBarPolicy(26949): StatusBarPolocy::getIconLevel -EVDO
02-03 17:08:58.635 D/StatusBarPolicy(26949): getEvdoLevel_band_six -evdoDbm:-84
02-03 17:08:58.635 D/StatusBarPolicy(26949): getEvdoLevel_band_six -evdoEcio:-10
02-03 17:09:00.006 D/AlarmManager(26892): scheduleTimeTickEvent calendar=Fri Feb 03 17:10:00 CST 2012
02-03 17:09:00.006 D/AlarmManager(26892): calendar.getTimeInMillis()1328310600000
02-03 17:09:04.120 D/StatusBarPolicy(26949): updateDataIcon subscription =0
02-03 17:09:05.141 D/StatusBarPolicy(26949): updateDataIcon subscription =0
02-03 17:09:15.261 D/StatusBarPolicy(26949): updateDataIcon subscription =0
02-03 17:09:16.262 D/StatusBarPolicy(26949): updateDataIcon subscription =0
02-03 17:09:25.381 D/StatusBarPolicy(26949): updateDataIcon subscription =0
02-03 17:09:26.392 D/StatusBarPolicy(26949): updateDataIcon subscription =0
02-03 17:09:27.733 D/StatusBarPolicy(26949): onSignalStrengthsChanged:SignalStrength: 99 0 -86 -70 -82 -10 8 99 2147483647 2147483647 2147483647 2147483647 cdma for subscription0
02-03 17:09:27.733 D/StatusBarPolicy(26949): updateSignalStrength on subscription :0
02-03 17:09:27.733 D/StatusBarPolicy(26949): StatusBarPolocy::getIconLevel -EVDO
02-03 17:09:27.733 D/StatusBarPolicy(26949): getEvdoLevel_band_six -evdoDbm:-82
02-03 17:09:27.763 D/StatusBarPolicy(26949): getEvdoLevel_band_six -evdoEcio:-10
02-03 17:09:29.965 D/StatusBarPolicy(26949): onSignalStrengthsChanged:SignalStrength: 99 0 -86 -70 -83 -10 8 99 2147483647 2147483647 2147483647 2147483647 cdma for subscription0
02-03 17:09:29.965 D/StatusBarPolicy(26949): updateSignalStrength on subscription :0
02-03 17:09:29.965 D/StatusBarPolicy(26949): StatusBarPolocy::getIconLevel -EVDO
02-03 17:09:29.965 D/StatusBarPolicy(26949): getEvdoLevel_band_six -evdoDbm:-83
02-03 17:09:29.965 D/StatusBarPolicy(26949): getEvdoLevel_band_six -evdoEcio:-10
02-03 17:09:35.491 D/StatusBarPolicy(26949): updateDataIcon subscription =0
02-03 17:09:36.502 D/StatusBarPolicy(26949): updateDataIcon subscription =0
02-03 17:09:46.622 D/StatusBarPolicy(26949): updateDataIcon subscription =0
02-03 17:09:47.633 D/StatusBarPolicy(26949): updateDataIcon subscription =0
02-03 17:09:56.732 D/StatusBarPolicy(26949): updateDataIcon subscription =0
02-03 17:09:57.753 D/StatusBarPolicy(26949): updateDataIcon subscription =0
02-03 17:09:59.094 D/StatusBarPolicy(26949): onSignalStrengthsChanged:SignalStrength: 99 0 -91 -70 -83 -10 8 99 2147483647 2147483647 2147483647 2147483647 cdma for subscription0
02-03 17:09:59.094 D/StatusBarPolicy(26949): updateSignalStrength on subscription :0
02-03 17:09:59.104 D/StatusBarPolicy(26949): StatusBarPolocy::getIconLevel -EVDO
02-03 17:09:59.104 D/StatusBarPolicy(26949): getEvdoLevel_band_six -evdoDbm:-83
02-03 17:09:59.104 D/StatusBarPolicy(26949): getEvdoLevel_band_six -evdoEcio:-10
02-03 17:09:59.995 D/AlarmManager(26892): scheduleTimeTickEvent calendar=Fri Feb 03 17:11:00 CST 2012
02-03 17:09:59.995 D/AlarmManager(26892): calendar.getTimeInMillis()1328310660000
02-03 17:10:01.336 D/StatusBarPolicy(26949): onSignalStrengthsChanged:SignalStrength: 99 0 -91 -70 -88 -10 8 99 2147483647 2147483647 2147483647 2147483647 cdma for subscription0
02-03 17:10:01.336 D/StatusBarPolicy(26949): updateSignalStrength on subscription :0
02-03 17:10:01.346 D/StatusBarPolicy(26949): StatusBarPolocy::getIconLevel -EVDO
02-03 17:10:01.346 D/StatusBarPolicy(26949): getEvdoLevel_band_six -evdoDbm:-88
02-03 17:10:01.366 D/StatusBarPolicy(26949): getEvdoLevel_band_six -evdoEcio:-10
02-03 17:10:07.872 D/StatusBarPolicy(26949): updateDataIcon subscription =0
02-03 17:10:08.073 D/StatusBarPolicy(26949): onSignalStrengthsChanged:SignalStrength: 99 0 -91 -70 -96 -10 8 99 2147483647 2147483647 2147483647 2147483647 cdma for subscription0
02-03 17:10:08.073 D/StatusBarPolicy(26949): updateSignalStrength on subscription :0
02-03 17:10:08.083 D/StatusBarPolicy(26949): StatusBarPolocy::getIconLevel -EVDO
02-03 17:10:08.083 D/StatusBarPolicy(26949): getEvdoLevel_band_six -evdoDbm:-96
02-03 17:10:08.093 D/StatusBarPolicy(26949): getEvdoLevel_band_six -evdoEcio:-10
02-03 17:10:08.893 D/StatusBarPolicy(26949): updateDataIcon subscription =0
02-03 17:10:10.305 D/StatusBarPolicy(26949): onSignalStrengthsChanged:SignalStrength: 99 0 -91 -70 -93 -10 8 99 2147483647 2147483647 2147483647 2147483647 cdma for subscription0
02-03 17:10:10.305 D/StatusBarPolicy(26949): updateSignalStrength on subscription :0
02-03 17:10:10.315 D/StatusBarPolicy(26949): StatusBarPolocy::getIconLevel -EVDO
02-03 17:10:10.315 D/StatusBarPolicy(26949): getEvdoLevel_band_six -evdoDbm:-93
02-03 17:10:10.315 D/StatusBarPolicy(26949): getEvdoLevel_band_six -evdoEcio:-10
02-03 17:10:17.031 D/StatusBarPolicy(26949): onSignalStrengthsChanged:SignalStrength: 99 0 -91 -70 -88 -10 8 99 2147483647 2147483647 2147483647 2147483647 cdma for subscription0
02-03 17:10:17.031 D/StatusBarPolicy(26949): updateSignalStrength on subscription :0
02-03 17:10:17.031 D/StatusBarPolicy(26949): StatusBarPolocy::getIconLevel -EVDO
02-03 17:10:17.031 D/StatusBarPolicy(26949): getEvdoLevel_band_six -evdoDbm:-88
02-03 17:10:17.041 D/StatusBarPolicy(26949): getEvdoLevel_band_six -evdoEcio:-10
02-03 17:10:18.002 D/StatusBarPolicy(26949): updateDataIcon subscription =0
02-03 17:10:19.023 D/StatusBarPolicy(26949): updateDataIcon subscription =0
02-03 17:10:28.132 D/StatusBarPolicy(26949): updateDataIcon subscription =0
02-03 17:10:29.143 D/StatusBarPolicy(26949): updateDataIcon subscription =0
02-03 17:10:37.191 D/StatusBarPolicy(26949): onSignalStrengthsChanged:SignalStrength: 99 0 -91 -70 -83 -10 8 99 2147483647 2147483647 2147483647 2147483647 cdma for subscription0
02-03 17:10:37.191 D/StatusBarPolicy(26949): updateSignalStrength on subscription :0
02-03 17:10:37.191 D/StatusBarPolicy(26949): StatusBarPolocy::getIconLevel -EVDO
02-03 17:10:37.191 D/StatusBarPolicy(26949): getEvdoLevel_band_six -evdoDbm:-83
02-03 17:10:37.191 D/StatusBarPolicy(26949): getEvdoLevel_band_six -evdoEcio:-10
02-03 17:10:39.263 D/StatusBarPolicy(26949): updateDataIcon subscription =0
02-03 17:10:40.284 D/StatusBarPolicy(26949): updateDataIcon subscription =0
02-03 17:10:43.938 D/StatusBarPolicy(26949): onSignalStrengthsChanged:SignalStrength: 99 0 -87 -315 -92 -10 8 99 2147483647 2147483647 2147483647 2147483647 cdma for subscription0
02-03 17:10:43.938 D/StatusBarPolicy(26949): updateSignalStrength on subscription :0
02-03 17:10:43.948 D/StatusBarPolicy(26949): StatusBarPolocy::getIconLevel -EVDO
02-03 17:10:43.948 D/StatusBarPolicy(26949): getEvdoLevel_band_six -evdoDbm:-92
02-03 17:10:43.948 D/StatusBarPolicy(26949): getEvdoLevel_band_six -evdoEcio:-10
02-03 17:10:46.170 D/StatusBarPolicy(26949): onSignalStrengthsChanged:SignalStrength: 99 0 -86 -70 -91 -5 8 99 2147483647 2147483647 2147483647 2147483647 cdma for subscription0
02-03 17:10:46.170 D/StatusBarPolicy(26949): updateSignalStrength on subscription :0
02-03 17:10:46.170 D/StatusBarPolicy(26949): StatusBarPolocy::getIconLevel -EVDO
02-03 17:10:46.170 D/StatusBarPolicy(26949): getEvdoLevel_band_six -evdoDbm:-91
02-03 17:10:46.170 D/StatusBarPolicy(26949): getEvdoLevel_band_six -evdoEcio:-5
02-03 17:10:48.402 D/StatusBarPolicy(26949): onSignalStrengthsChanged:SignalStrength: 99 0 -86 -70 -90 -5 8 99 2147483647 2147483647 2147483647 2147483647 cdma for subscription0
02-03 17:10:48.402 D/StatusBarPolicy(26949): updateSignalStrength on subscription :0
02-03 17:10:48.412 D/StatusBarPolicy(26949): StatusBarPolocy::getIconLevel -EVDO
02-03 17:10:48.412 D/StatusBarPolicy(26949): getEvdoLevel_band_six -evdoDbm:-90
02-03 17:10:48.412 D/StatusBarPolicy(26949): getEvdoLevel_band_six -evdoEcio:-5
02-03 17:10:49.413 D/StatusBarPolicy(26949): updateDataIcon subscription =0
02-03 17:10:50.444 D/StatusBarPolicy(26949): updateDataIcon subscription =0
02-03 17:10:59.543 D/StatusBarPolicy(26949): updateDataIcon subscription =0
02-03 17:10:59.593 D/StatusBarPolicy(26949): onSignalStrengthsChanged:SignalStrength: 99 0 -86 -70 -85 -5 8 99 2147483647 2147483647 2147483647 2147483647 cdma for subscription0
02-03 17:10:59.593 D/StatusBarPolicy(26949): updateSignalStrength on subscription :0
02-03 17:10:59.593 D/StatusBarPolicy(26949): StatusBarPolocy::getIconLevel -EVDO
02-03 17:10:59.603 D/StatusBarPolicy(26949): getEvdoLevel_band_six -evdoDbm:-85
02-03 17:10:59.603 D/StatusBarPolicy(26949): getEvdoLevel_band_six -evdoEcio:-5
02-03 17:10:59.993 D/AlarmManager(26892): scheduleTimeTickEvent calendar=Fri Feb 03 17:12:00 CST 2012
02-03 17:10:59.993 D/AlarmManager(26892): calendar.getTimeInMillis()1328310720000
02-03 17:11:00.564 D/StatusBarPolicy(26949): updateDataIcon subscription =0
02-03 17:11:09.663 D/StatusBarPolicy(26949): updateDataIcon subscription =0
