02-13 14:15:47.762 D/StatusBarPolicy(  326): getEvdoLevel_band_six -evdoEcio:-15
02-13 14:15:47.762 D/StatusBarPolicy(  326): updateDataIcon subscription =0
02-13 14:15:48.092 D/StatusBarPolicy(  326): onSignalStrengthsChanged:SignalStrength: 99 0 -105 -130 -84 -15 8 99 2147483647 2147483647 2147483647 2147483647 cdma for subscription0
02-13 14:15:48.102 D/StatusBarPolicy(  326): updateSignalStrength on subscription :0
02-13 14:15:48.102 D/StatusBarPolicy(  326): StatusBarPolocy::getIconLevel -EVDO
02-13 14:15:48.102 D/StatusBarPolicy(  326): getEvdoLevel_band_six -evdoDbm:-84
02-13 14:15:48.102 D/StatusBarPolicy(  326): getEvdoLevel_band_six -evdoEcio:-15
02-13 14:15:50.344 D/StatusBarPolicy(  326): onSignalStrengthsChanged:SignalStrength: 99 0 -105 -130 -87 -15 8 99 2147483647 2147483647 2147483647 2147483647 cdma for subscription0
02-13 14:15:50.344 D/StatusBarPolicy(  326): updateSignalStrength on subscription :0
02-13 14:15:50.344 D/StatusBarPolicy(  326): StatusBarPolocy::getIconLevel -EVDO
02-13 14:15:50.344 D/StatusBarPolicy(  326): getEvdoLevel_band_six -evdoDbm:-87
02-13 14:15:50.354 D/StatusBarPolicy(  326): getEvdoLevel_band_six -evdoEcio:-15
02-13 14:15:50.855 D/StatusBarPolicy(  326): updateDataIcon subscription =0
02-13 14:15:52.587 D/StatusBarPolicy(  326): onSignalStrengthsChanged:SignalStrength: 99 0 -105 -130 -90 -15 7 99 2147483647 2147483647 2147483647 2147483647 cdma for subscription0
02-13 14:15:52.587 D/StatusBarPolicy(  326): updateSignalStrength on subscription :0
02-13 14:15:52.597 D/StatusBarPolicy(  326): StatusBarPolocy::getIconLevel -EVDO
02-13 14:15:52.597 D/StatusBarPolicy(  326): getEvdoLevel_band_six -evdoDbm:-90
02-13 14:15:52.597 D/StatusBarPolicy(  326): getEvdoLevel_band_six -evdoEcio:-15
02-13 14:15:52.777 D/StatusBarPolicy(  326): onSignalStrengthsChanged:SignalStrength: 99 0 -107 -105 -90 -15 7 99 2147483647 2147483647 2147483647 2147483647 cdma for subscription0
02-13 14:15:52.777 D/StatusBarPolicy(  326): updateSignalStrength on subscription :0
02-13 14:15:52.777 D/StatusBarPolicy(  326): StatusBarPolocy::getIconLevel -EVDO
02-13 14:15:52.777 D/StatusBarPolicy(  326): getEvdoLevel_band_six -evdoDbm:-90
02-13 14:15:52.777 D/StatusBarPolicy(  326): getEvdoLevel_band_six -evdoEcio:-15
02-13 14:15:52.817 I/TelephonyRegistry(  256): notifyServiceState: 0 home Sprint  310099  EvDo rev. A CSS not supported 41 4139RoamInd: 1RoamStatus(sprint): 1DefRoamInd: 160EmergOnly: false
02-13 14:15:52.817 D/StatusBarPolicy(  326): onServiceStateChanged:0 home Sprint  310099  EvDo rev. A CSS not supported 41 4139RoamInd: 1RoamStatus(sprint): 1DefRoamInd: 160EmergOnly: falsefor subscription :0
02-13 14:15:52.817 D/StatusBarPolicy(  326): updateSignalStrength on subscription :0
02-13 14:15:52.817 D/StatusBarPolicy(  326): StatusBarPolocy::getIconLevel -EVDO
02-13 14:15:52.817 D/StatusBarPolicy(  326): getEvdoLevel_band_six -evdoDbm:-90
02-13 14:15:52.817 D/StatusBarPolicy(  326): getEvdoLevel_band_six -evdoEcio:-15
02-13 14:15:52.817 D/StatusBarPolicy(  326): updateDataIcon subscription =0
02-13 14:15:54.809 D/StatusBarPolicy(  326): onSignalStrengthsChanged:SignalStrength: 99 0 -107 -105 -94 -45 7 99 2147483647 2147483647 2147483647 2147483647 cdma for subscription0
02-13 14:15:54.829 D/StatusBarPolicy(  326): updateSignalStrength on subscription :0
02-13 14:15:54.829 D/StatusBarPolicy(  326): StatusBarPolocy::getIconLevel -EVDO
02-13 14:15:54.829 D/StatusBarPolicy(  326): getEvdoLevel_band_six -evdoDbm:-94
02-13 14:15:54.829 D/StatusBarPolicy(  326): getEvdoLevel_band_six -evdoEcio:-45
02-13 14:15:57.061 D/StatusBarPolicy(  326): onSignalStrengthsChanged:SignalStrength: 99 0 -107 -105 -96 -35 7 99 2147483647 2147483647 2147483647 2147483647 cdma for subscription0
02-13 14:15:57.061 D/StatusBarPolicy(  326): updateSignalStrength on subscription :0
02-13 14:15:57.061 D/StatusBarPolicy(  326): StatusBarPolocy::getIconLevel -EVDO
02-13 14:15:57.061 D/StatusBarPolicy(  326): getEvdoLevel_band_six -evdoDbm:-96
02-13 14:15:57.061 D/StatusBarPolicy(  326): getEvdoLevel_band_six -evdoEcio:-35
02-13 14:15:57.441 D/WifiService(  256): ACTION_BATTERY_CHANGED pluggedType: 0
02-13 14:15:57.441 D/WifiService(  256): WifiHandler, MESSAGE_UPDATE_STATE
02-13 14:15:57.441 D/WifiService(  256): isAirplaneModeOn(): false
02-13 14:15:57.441 D/WifiService(  256): updateWifiState(), wifiEnabled: true, airplaneMode: false, wifiShouldBeEnabled: true, wifiShouldBeStarted: true, strongestLockMode: 1
02-13 14:15:57.441 D/WifiService(  256): WifiHandler, MESSAGE_ENABLE_WIFI, msg.arg1: 0, msg.arg2: 1000
02-13 14:15:57.441 D/WifiService(  256): WifiHandler, MESSAGE_START_WIFI, msg.arg1: 1
02-13 14:15:57.962 D/StatusBarPolicy(  326): onSignalStrengthsChanged:SignalStrength: 99 0 -109 -80 -96 -35 7 99 2147483647 2147483647 2147483647 2147483647 cdma for subscription0
02-13 14:15:57.962 D/StatusBarPolicy(  326): updateSignalStrength on subscription :0
02-13 14:15:57.962 D/StatusBarPolicy(  326): StatusBarPolocy::getIconLevel -EVDO
02-13 14:15:57.962 D/StatusBarPolicy(  326): getEvdoLevel_band_six -evdoDbm:-96
02-13 14:15:57.962 D/StatusBarPolicy(  326): getEvdoLevel_band_six -evdoEcio:-35
02-13 14:15:57.972 I/TelephonyRegistry(  256): notifyServiceState: 0 home Sprint  310099  EvDo rev. A CSS not supported 41 4139RoamInd: 1RoamStatus(sprint): 1DefRoamInd: 160EmergOnly: false
02-13 14:15:57.972 D/StatusBarPolicy(  326): onServiceStateChanged:0 home Sprint  310099  EvDo rev. A CSS not supported 41 4139RoamInd: 1RoamStatus(sprint): 1DefRoamInd: 160EmergOnly: falsefor subscription :0
02-13 14:15:57.972 D/StatusBarPolicy(  326): updateSignalStrength on subscription :0
02-13 14:15:57.972 D/StatusBarPolicy(  326): StatusBarPolocy::getIconLevel -EVDO
02-13 14:15:57.972 D/StatusBarPolicy(  326): getEvdoLevel_band_six -evdoDbm:-96
02-13 14:15:57.972 D/StatusBarPolicy(  326): getEvdoLevel_band_six -evdoEcio:-35
02-13 14:15:57.972 D/StatusBarPolicy(  326): updateDataIcon subscription =0
02-13 14:16:00.004 D/AlarmManager(  256): scheduleTimeTickEvent calendar=Mon Feb 13 14:17:00 CST 2012
02-13 14:16:00.004 D/AlarmManager(  256): calendar.getTimeInMillis()1329164220000
02-13 14:16:01.545 D/StatusBarPolicy(  326): onSignalStrengthsChanged:SignalStrength: 99 0 -109 -80 -98 -25 6 99 2147483647 2147483647 2147483647 2147483647 cdma for subscription0
02-13 14:16:01.555 D/StatusBarPolicy(  326): updateSignalStrength on subscription :0
02-13 14:16:01.555 D/StatusBarPolicy(  326): StatusBarPolocy::getIconLevel -EVDO
02-13 14:16:01.555 D/StatusBarPolicy(  326): getEvdoLevel_band_six -evdoDbm:-98
02-13 14:16:01.555 D/StatusBarPolicy(  326): getEvdoLevel_band_six -evdoEcio:-25
02-13 14:16:03.017 D/StatusBarPolicy(  326): onSignalStrengthsChanged:SignalStrength: 99 0 -111 -70 -98 -25 6 99 2147483647 2147483647 2147483647 2147483647 cdma for subscription0
02-13 14:16:03.017 D/StatusBarPolicy(  326): updateSignalStrength on subscription :0
02-13 14:16:03.017 D/StatusBarPolicy(  326): StatusBarPolocy::getIconLevel -EVDO
02-13 14:16:03.017 D/StatusBarPolicy(  326): getEvdoLevel_band_six -evdoDbm:-98
02-13 14:16:03.017 D/StatusBarPolicy(  326): getEvdoLevel_band_six -evdoEcio:-25
02-13 14:16:03.037 I/TelephonyRegistry(  256): notifyServiceState: 0 home Sprint  310099  EvDo rev. A CSS not supported 41 4139RoamInd: 1RoamStatus(sprint): 1DefRoamInd: 160EmergOnly: false
02-13 14:16:03.037 D/StatusBarPolicy(  326): onServiceStateChanged:0 home Sprint  310099  EvDo rev. A CSS not supported 41 4139RoamInd: 1RoamStatus(sprint): 1DefRoamInd: 160EmergOnly: falsefor subscription :0
02-13 14:16:03.037 D/StatusBarPolicy(  326): updateSignalStrength on subscription :0
02-13 14:16:03.037 D/StatusBarPolicy(  326): StatusBarPolocy::getIconLevel -EVDO
02-13 14:16:03.037 D/StatusBarPolicy(  326): getEvdoLevel_band_six -evdoDbm:-98
02-13 14:16:03.037 D/StatusBarPolicy(  326): getEvdoLevel_band_six -evdoEcio:-25
02-13 14:16:03.037 D/StatusBarPolicy(  326): updateDataIcon subscription =0
02-13 14:16:08.252 D/StatusBarPolicy(  326): onSignalStrengthsChanged:SignalStrength: 99 0 -112 -90 -98 -25 6 99 2147483647 2147483647 2147483647 2147483647 cdma for subscription0
02-13 14:16:08.252 D/StatusBarPolicy(  326): updateSignalStrength on subscription :0
02-13 14:16:08.252 D/StatusBarPolicy(  326): StatusBarPolocy::getIconLevel -EVDO
02-13 14:16:08.252 D/StatusBarPolicy(  326): getEvdoLevel_band_six -evdoDbm:-98
02-13 14:16:08.252 D/StatusBarPolicy(  326): getEvdoLevel_band_six -evdoEcio:-25
02-13 14:16:08.292 I/TelephonyRegistry(  256): notifyServiceState: 0 home Sprint  310099  EvDo rev. A CSS not supported 41 4139RoamInd: 1RoamStatus(sprint): 1DefRoamInd: 160EmergOnly: false
02-13 14:16:08.292 D/StatusBarPolicy(  326): onServiceStateChanged:0 home Sprint  310099  EvDo rev. A CSS not supported 41 4139RoamInd: 1RoamStatus(sprint): 1DefRoamInd: 160EmergOnly: falsefor subscription :0
02-13 14:16:08.292 D/StatusBarPolicy(  326): updateSignalStrength on subscription :0
02-13 14:16:08.292 D/StatusBarPolicy(  326): StatusBarPolocy::getIconLevel -EVDO
02-13 14:16:08.292 D/StatusBarPolicy(  326): getEvdoLevel_band_six -evdoDbm:-98
02-13 14:16:08.292 D/StatusBarPolicy(  326): getEvdoLevel_band_six -evdoEcio:-25
02-13 14:16:08.292 D/StatusBarPolicy(  326): updateDataIcon subscription =0
02-13 14:16:10.504 D/StatusBarPolicy(  326): onSignalStrengthsChanged:SignalStrength: 99 0 -112 -90 -97 -25 6 99 2147483647 2147483647 2147483647 2147483647 cdma for subscription0
02-13 14:16:10.504 D/StatusBarPolicy(  326): updateSignalStrength on subscription :0
02-13 14:16:10.524 D/StatusBarPolicy(  326): StatusBarPolocy::getIconLevel -EVDO
02-13 14:16:10.524 D/StatusBarPolicy(  326): getEvdoLevel_band_six -evdoDbm:-97
02-13 14:16:10.524 D/StatusBarPolicy(  326): getEvdoLevel_band_six -evdoEcio:-25
02-13 14:16:13.257 D/StatusBarPolicy(  326): onSignalStrengthsChanged:SignalStrength: 99 0 -108 -70 -97 -20 6 99 2147483647 2147483647 2147483647 2147483647 cdma for subscription0
02-13 14:16:13.257 D/StatusBarPolicy(  326): updateSignalStrength on subscription :0
02-13 14:16:13.257 D/StatusBarPolicy(  326): StatusBarPolocy::getIconLevel -EVDO
02-13 14:16:13.257 D/StatusBarPolicy(  326): getEvdoLevel_band_six -evdoDbm:-97
02-13 14:16:13.257 D/StatusBarPolicy(  326): getEvdoLevel_band_six -evdoEcio:-20
02-13 14:16:13.287 I/TelephonyRegistry(  256): notifyServiceState: 0 home Sprint  310099  EvDo rev. A CSS not supported 41 4139RoamInd: 1RoamStatus(sprint): 1DefRoamInd: 160EmergOnly: false
02-13 14:16:13.287 D/StatusBarPolicy(  326): onServiceStateChanged:0 home Sprint  310099  EvDo rev. A CSS not supported 41 4139RoamInd: 1RoamStatus(sprint): 1DefRoamInd: 160EmergOnly: falsefor subscription :0
02-13 14:16:13.287 D/StatusBarPolicy(  326): updateSignalStrength on subscription :0
02-13 14:16:13.287 D/StatusBarPolicy(  326): StatusBarPolocy::getIconLevel -EVDO
02-13 14:16:13.287 D/StatusBarPolicy(  326): getEvdoLevel_band_six -evdoDbm:-97
02-13 14:16:13.287 D/StatusBarPolicy(  326): getEvdoLevel_band_six -evdoEcio:-20
02-13 14:16:13.297 D/StatusBarPolicy(  326): updateDataIcon subscription =0
02-13 14:16:14.978 D/StatusBarPolicy(  326): onSignalStrengthsChanged:SignalStrength: 99 0 -108 -70 -90 -20 6 99 2147483647 2147483647 2147483647 2147483647 cdma for subscription0
02-13 14:16:14.988 D/StatusBarPolicy(  326): updateSignalStrength on subscription :0
02-13 14:16:14.998 D/StatusBarPolicy(  326): StatusBarPolocy::getIconLevel -EVDO
02-13 14:16:14.998 D/StatusBarPolicy(  326): getEvdoLevel_band_six -evdoDbm:-90
02-13 14:16:14.998 D/StatusBarPolicy(  326): getEvdoLevel_band_six -evdoEcio:-20
02-13 14:16:17.231 D/StatusBarPolicy(  326): onSignalStrengthsChanged:SignalStrength: 99 0 -108 -70 -91 -20 6 99 2147483647 2147483647 2147483647 2147483647 cdma for subscription0
02-13 14:16:17.231 D/StatusBarPolicy(  326): updateSignalStrength on subscription :0
02-13 14:16:17.231 D/StatusBarPolicy(  326): StatusBarPolocy::getIconLevel -EVDO
02-13 14:16:17.231 D/StatusBarPolicy(  326): getEvdoLevel_band_six -evdoDbm:-91
02-13 14:16:17.241 D/StatusBarPolicy(  326): getEvdoLevel_band_six -evdoEcio:-20
02-13 14:16:18.452 D/StatusBarPolicy(  326): onSignalStrengthsChanged:SignalStrength: 99 0 -109 -85 -91 -25 6 99 2147483647 2147483647 2147483647 2147483647 cdma for subscription0
02-13 14:16:18.452 D/StatusBarPolicy(  326): updateSignalStrength on subscription :0
02-13 14:16:18.452 D/StatusBarPolicy(  326): StatusBarPolocy::getIconLevel -EVDO
02-13 14:16:18.452 D/StatusBarPolicy(  326): getEvdoLevel_band_six -evdoDbm:-91
02-13 14:16:18.452 D/StatusBarPolicy(  326): getEvdoLevel_band_six -evdoEcio:-25
02-13 14:16:18.462 I/TelephonyRegistry(  256): notifyServiceState: 0 home Sprint  310099  EvDo rev. A CSS not supported 41 4139RoamInd: 1RoamStatus(sprint): 1DefRoamInd: 160EmergOnly: false
02-13 14:16:18.462 D/StatusBarPolicy(  326): onServiceStateChanged:0 home Sprint  310099  EvDo rev. A CSS not supported 41 4139RoamInd: 1RoamStatus(sprint): 1DefRoamInd: 160EmergOnly: falsefor subscription :0
02-13 14:16:18.462 D/StatusBarPolicy(  326): updateSignalStrength on subscription :0
02-13 14:16:18.462 D/StatusBarPolicy(  326): StatusBarPolocy::getIconLevel -EVDO
02-13 14:16:18.462 D/StatusBarPolicy(  326): getEvdoLevel_band_six -evdoDbm:-91
02-13 14:16:18.462 D/StatusBarPolicy(  326): getEvdoLevel_band_six -evdoEcio:-25
02-13 14:16:18.472 D/StatusBarPolicy(  326): updateDataIcon subscription =0
02-13 14:16:21.715 D/StatusBarPolicy(  326): onSignalStrengthsChanged:SignalStrength: 99 0 -109 -85 -95 -35 6 99 2147483647 2147483647 2147483647 2147483647 cdma for subscription0
02-13 14:16:21.715 D/StatusBarPolicy(  326): updateSignalStrength on subscription :0
02-13 14:16:21.715 D/StatusBarPolicy(  326): StatusBarPolocy::getIconLevel -EVDO
02-13 14:16:21.715 D/StatusBarPolicy(  326): getEvdoLevel_band_six -evdoDbm:-95
02-13 14:16:21.725 D/StatusBarPolicy(  326): getEvdoLevel_band_six -evdoEcio:-35
02-13 14:16:22.406 D/PowerManagerService(  256): setTimeoutLocked now=162433 timeoutOverride=-1 nextState=3 when=168433
02-13 14:16:22.566 D/PowerManagerService(  256): setTimeoutLocked now=162592 timeoutOverride=-1 nextState=3 when=168592
02-13 14:16:23.507 D/StatusBarPolicy(  326): onSignalStrengthsChanged:SignalStrength: 99 0 -111 -100 -95 -35 6 99 2147483647 2147483647 2147483647 2147483647 cdma for subscription0
02-13 14:16:23.507 D/StatusBarPolicy(  326): updateSignalStrength on subscription :0
02-13 14:16:23.507 D/StatusBarPolicy(  326): StatusBarPolocy::getIconLevel -EVDO
02-13 14:16:23.507 D/StatusBarPolicy(  326): getEvdoLevel_band_six -evdoDbm:-95
02-13 14:16:23.507 D/StatusBarPolicy(  326): getEvdoLevel_band_six -evdoEcio:-35
02-13 14:16:23.527 I/TelephonyRegistry(  256): notifyServiceState: 0 home Sprint  310099  EvDo rev. A CSS not supported 41 4139RoamInd: 1RoamStatus(sprint): 1DefRoamInd: 160EmergOnly: false
02-13 14:16:23.527 D/StatusBarPolicy(  326): onServiceStateChanged:0 home Sprint  310099  EvDo rev. A CSS not supported 41 4139RoamInd: 1RoamStatus(sprint): 1DefRoamInd: 160EmergOnly: falsefor subscription :0
02-13 14:16:23.527 D/StatusBarPolicy(  326): updateSignalStrength on subscription :0
02-13 14:16:23.527 D/StatusBarPolicy(  326): StatusBarPolocy::getIconLevel -EVDO
02-13 14:16:23.527 D/StatusBarPolicy(  326): getEvdoLevel_band_six -evdoDbm:-95
02-13 14:16:23.527 D/StatusBarPolicy(  326): getEvdoLevel_band_six -evdoEcio:-35
02-13 14:16:23.527 D/StatusBarPolicy(  326): updateDataIcon subscription =0
02-13 14:16:23.797 D/PowerManagerService(  256): setTimeoutLocked now=163822 timeoutOverride=-1 nextState=3 when=169822
02-13 14:16:26.199 D/StatusBarPolicy(  326): onSignalStrengthsChanged:SignalStrength: 99 0 -108 -80 -99 -20 6 99 2147483647 2147483647 2147483647 2147483647 cdma for subscription0
02-13 14:16:26.199 D/StatusBarPolicy(  326): updateSignalStrength on subscription :0
02-13 14:16:26.199 D/StatusBarPolicy(  326): StatusBarPolocy::getIconLevel -EVDO
02-13 14:16:26.209 D/StatusBarPolicy(  326): getEvdoLevel_band_six -evdoDbm:-99
02-13 14:16:26.209 D/StatusBarPolicy(  326): getEvdoLevel_band_six -evdoEcio:-20
02-13 14:16:28.672 D/StatusBarPolicy(  326): onSignalStrengthsChanged:SignalStrength: 99 0 -109 -315 -99 -20 6 99 2147483647 2147483647 2147483647 2147483647 cdma for subscription0
02-13 14:16:28.672 D/StatusBarPolicy(  326): updateSignalStrength on subscription :0
02-13 14:16:28.672 D/StatusBarPolicy(  326): StatusBarPolocy::getIconLevel -EVDO
02-13 14:16:28.672 D/StatusBarPolicy(  326): getEvdoLevel_band_six -evdoDbm:-99
02-13 14:16:28.672 D/StatusBarPolicy(  326): getEvdoLevel_band_six -evdoEcio:-20
02-13 14:16:28.712 I/TelephonyRegistry(  256): notifyServiceState: 0 home Sprint  310099  EvDo rev. A CSS not supported 41 4139RoamInd: 1RoamStatus(sprint): 1DefRoamInd: 160EmergOnly: false
02-13 14:16:28.712 D/StatusBarPolicy(  326): onServiceStateChanged:0 home Sprint  310099  EvDo rev. A CSS not supported 41 4139RoamInd: 1RoamStatus(sprint): 1DefRoamInd: 160EmergOnly: falsefor subscription :0
02-13 14:16:28.712 D/StatusBarPolicy(  326): updateSignalStrength on subscription :0
02-13 14:16:28.712 D/StatusBarPolicy(  326): StatusBarPolocy::getIconLevel -EVDO
02-13 14:16:28.712 D/StatusBarPolicy(  326): getEvdoLevel_band_six -evdoDbm:-99
02-13 14:16:28.712 D/StatusBarPolicy(  326): getEvdoLevel_band_six -evdoEcio:-20
02-13 14:16:28.712 D/StatusBarPolicy(  326): updateDataIcon subscription =0
02-13 14:16:28.882 D/PowerManagerService(  256): setTimeoutLocked now=168907 timeoutOverride=-1 nextState=3 when=174907
02-13 14:16:29.002 D/PowerManagerService(  256): setTimeoutLocked now=169034 timeoutOverride=-1 nextState=3 when=175034
02-13 14:16:29.533 D/PowerManagerService(  256): setTimeoutLocked now=169561 timeoutOverride=-1 nextState=3 when=175561
02-13 14:16:29.693 D/PowerManagerService(  256): setTimeoutLocked now=169724 timeoutOverride=-1 nextState=3 when=175724
02-13 14:16:30.644 D/StatusBarPolicy(  326): onSignalStrengthsChanged:SignalStrength: 99 0 -108 -95 -100 -20 6 99 2147483647 2147483647 2147483647 2147483647 cdma for subscription0
02-13 14:16:30.644 D/StatusBarPolicy(  326): updateSignalStrength on subscription :0
02-13 14:16:30.644 D/StatusBarPolicy(  326): StatusBarPolocy::getIconLevel -EVDO
02-13 14:16:30.644 D/StatusBarPolicy(  326): getEvdoLevel_band_six -evdoDbm:-100
02-13 14:16:30.644 D/StatusBarPolicy(  326): getEvdoLevel_band_six -evdoEcio:-20
02-13 14:16:30.694 D/PowerManagerService(  256): setTimeoutLocked now=170719 timeoutOverride=-1 nextState=3 when=176719
02-13 14:16:30.844 D/PowerManagerService(  256): setTimeoutLocked now=170871 timeoutOverride=-1 nextState=3 when=176871
02-13 14:16:31.014 I/ActivityManager(  256): Starting: Intent { act=android.intent.action.MAIN cat=[android.intent.category.LAUNCHER] flg=0x10200000 cmp=com.google.android.youtube/.app.froyo.phone.HomeActivity } from pid 364
02-13 14:16:31.014 W/WindowManager(  256): updateFocusedWindowLocked newFocus=Window{4082a0f0 com.android.launcher/com.android.launcher2.Launcher paused=false} mode=3 mCurrentFocus = Window{4082a0f0 com.android.launcher/com.android.launcher2.Launcher paused=false}
02-13 14:16:31.054 I/ActivityManager(  256): Start proc com.google.android.youtube for activity com.google.android.youtube/.app.froyo.phone.HomeActivity: pid=845 uid=10003 gids={3003, 1015}
02-13 14:16:31.114 W/WindowManager(  256): updateFocusedWindowLocked newFocus=null mode=0 mCurrentFocus = Window{4082a0f0 com.android.launcher/com.android.launcher2.Launcher paused=false}
02-13 14:16:31.114 W/WindowManager(  256): updateFocusedWindowLocked newFocus=null mode=2 mCurrentFocus = null
02-13 14:16:31.114 W/WindowManager(  256): updateFocusedWindowLocked newFocus=null mode=2 mCurrentFocus = null
02-13 14:16:31.404 W/WindowManager(  256): updateFocusedWindowLocked newFocus=null mode=3 mCurrentFocus = null
02-13 14:16:31.825 W/WindowManager(  256): updateFocusedWindowLocked newFocus=Window{409067e0 com.google.android.youtube/com.google.android.youtube.app.froyo.phone.HomeActivity paused=false} mode=3 mCurrentFocus = null
02-13 14:16:31.865 W/WindowManager(  256): updateFocusedWindowLocked newFocus=Window{409067e0 com.google.android.youtube/com.google.android.youtube.app.froyo.phone.HomeActivity paused=false} mode=3 mCurrentFocus = Window{409067e0 com.google.android.youtube/com.google.android.youtube.app.froyo.phone.HomeActivity paused=false}
02-13 14:16:32.475 D/StatusBarPolicy(  326): updateDataIcon subscription =0
02-13 14:16:32.926 D/StatusBarPolicy(  326): onSignalStrengthsChanged:SignalStrength: 99 0 -108 -95 -98 -20 7 99 2147483647 2147483647 2147483647 2147483647 cdma for subscription0
02-13 14:16:32.926 D/StatusBarPolicy(  326): updateSignalStrength on subscription :0
02-13 14:16:32.926 D/StatusBarPolicy(  326): StatusBarPolocy::getIconLevel -EVDO
02-13 14:16:32.936 D/StatusBarPolicy(  326): getEvdoLevel_band_six -evdoDbm:-98
02-13 14:16:32.936 D/StatusBarPolicy(  326): getEvdoLevel_band_six -evdoEcio:-20
02-13 14:16:33.476 D/StatusBarPolicy(  326): updateDataIcon subscription =0
02-13 14:16:33.767 D/StatusBarPolicy(  326): onSignalStrengthsChanged:SignalStrength: 99 0 -120 -80 -120 -15 8 99 2147483647 2147483647 2147483647 2147483647 cdma for subscription0
02-13 14:16:33.767 D/StatusBarPolicy(  326): updateSignalStrength on subscription :0
02-13 14:16:33.767 D/StatusBarPolicy(  326): StatusBarPolocy::getIconLevel -EVDO
02-13 14:16:33.767 D/StatusBarPolicy(  326): getEvdoLevel_band_six -evdoDbm:-120
02-13 14:16:33.767 D/StatusBarPolicy(  326): getEvdoLevel_band_six -evdoEcio:-15
02-13 14:16:33.797 D/StatusBarPolicy(  326): onSignalStrengthsChanged:SignalStrength: 99 0 -108 -80 -85 -15 8 99 2147483647 2147483647 2147483647 2147483647 cdma for subscription0
02-13 14:16:33.797 D/StatusBarPolicy(  326): updateSignalStrength on subscription :0
02-13 14:16:33.797 D/StatusBarPolicy(  326): StatusBarPolocy::getIconLevel -EVDO
02-13 14:16:33.797 D/StatusBarPolicy(  326): getEvdoLevel_band_six -evdoDbm:-85
02-13 14:16:33.797 D/StatusBarPolicy(  326): getEvdoLevel_band_six -evdoEcio:-15
02-13 14:16:33.817 I/TelephonyRegistry(  256): notifyServiceState: 0 home Sprint  310099  EvDo rev. A CSS not supported 41 4139RoamInd: 1RoamStatus(sprint): 1DefRoamInd: 160EmergOnly: false
02-13 14:16:33.817 D/StatusBarPolicy(  326): onServiceStateChanged:0 home Sprint  310099  EvDo rev. A CSS not supported 41 4139RoamInd: 1RoamStatus(sprint): 1DefRoamInd: 160EmergOnly: falsefor subscription :0
02-13 14:16:33.817 D/StatusBarPolicy(  326): updateSignalStrength on subscription :0
02-13 14:16:33.837 D/StatusBarPolicy(  326): StatusBarPolocy::getIconLevel -EVDO
02-13 14:16:33.837 D/StatusBarPolicy(  326): getEvdoLevel_band_six -evdoDbm:-85
02-13 14:16:33.837 D/StatusBarPolicy(  326): getEvdoLevel_band_six -evdoEcio:-15
02-13 14:16:33.837 D/StatusBarPolicy(  326): updateDataIcon subscription =0
02-13 14:16:35.148 D/StatusBarPolicy(  326): onSignalStrengthsChanged:SignalStrength: 99 0 -108 -80 -86 -15 8 99 2147483647 2147483647 2147483647 2147483647 cdma for subscription0
02-13 14:16:35.148 D/StatusBarPolicy(  326): updateSignalStrength on subscription :0
02-13 14:16:35.158 D/StatusBarPolicy(  326): StatusBarPolocy::getIconLevel -EVDO
02-13 14:16:35.158 D/StatusBarPolicy(  326): getEvdoLevel_band_six -evdoDbm:-86
02-13 14:16:35.158 D/StatusBarPolicy(  326): getEvdoLevel_band_six -evdoEcio:-15
02-13 14:16:35.508 D/StatusBarPolicy(  326): updateDataIcon subscription =0
02-13 14:16:36.519 D/StatusBarPolicy(  326): updateDataIcon subscription =0
02-13 14:16:36.850 D/PowerManagerService(  256): setTimeoutLocked now=176877 timeoutOverride=-1 nextState=1 when=283877
02-13 14:16:37.520 D/StatusBarPolicy(  326): updateDataIcon subscription =0
02-13 14:16:38.371 D/PowerManagerService(  256): setTimeoutLocked now=178403 timeoutOverride=-1 nextState=3 when=184403
02-13 14:16:38.441 D/PowerManagerService(  256): setTimeoutLocked now=178476 timeoutOverride=-1 nextState=3 when=184476
02-13 14:16:38.631 I/ActivityManager(  256): Starting: Intent { cmp=com.google.android.youtube/.app.froyo.phone.WatchActivity (has extras) } from pid 845
02-13 14:16:38.631 W/WindowManager(  256): updateFocusedWindowLocked newFocus=null mode=0 mCurrentFocus = Window{409067e0 com.google.android.youtube/com.google.android.youtube.app.froyo.phone.HomeActivity paused=true}
02-13 14:16:38.912 D/StatusBarPolicy(  326): onSignalStrengthsChanged:SignalStrength: 99 0 -110 -110 -78 -20 8 99 2147483647 2147483647 2147483647 2147483647 cdma for subscription0
02-13 14:16:38.912 D/StatusBarPolicy(  326): updateSignalStrength on subscription :0
02-13 14:16:38.912 D/StatusBarPolicy(  326): StatusBarPolocy::getIconLevel -EVDO
02-13 14:16:38.912 D/StatusBarPolicy(  326): getEvdoLevel_band_six -evdoDbm:-78
02-13 14:16:38.912 D/StatusBarPolicy(  326): getEvdoLevel_band_six -evdoEcio:-20
02-13 14:16:38.922 I/TelephonyRegistry(  256): notifyServiceState: 0 home Sprint  310099  EvDo rev. A CSS not supported 41 4139RoamInd: 1RoamStatus(sprint): 1DefRoamInd: 160EmergOnly: false
02-13 14:16:38.942 D/StatusBarPolicy(  326): onServiceStateChanged:0 home Sprint  310099  EvDo rev. A CSS not supported 41 4139RoamInd: 1RoamStatus(sprint): 1DefRoamInd: 160EmergOnly: falsefor subscription :0
02-13 14:16:38.942 D/StatusBarPolicy(  326): updateSignalStrength on subscription :0
02-13 14:16:38.942 D/StatusBarPolicy(  326): StatusBarPolocy::getIconLevel -EVDO
02-13 14:16:38.942 D/StatusBarPolicy(  326): getEvdoLevel_band_six -evdoDbm:-78
02-13 14:16:38.942 D/StatusBarPolicy(  326): getEvdoLevel_band_six -evdoEcio:-20
02-13 14:16:38.942 D/StatusBarPolicy(  326): updateDataIcon subscription =0
02-13 14:16:39.152 W/WindowManager(  256): updateFocusedWindowLocked newFocus=Window{40955020 com.google.android.youtube/com.google.android.youtube.app.froyo.phone.WatchActivity paused=false} mode=3 mCurrentFocus = null
02-13 14:16:39.182 W/WindowManager(  256): updateFocusedWindowLocked newFocus=Window{40955020 com.google.android.youtube/com.google.android.youtube.app.froyo.phone.WatchActivity paused=false} mode=3 mCurrentFocus = Window{40955020 com.google.android.youtube/com.google.android.youtube.app.froyo.phone.WatchActivity paused=false}
02-13 14:16:39.212 W/WindowManager(  256): updateFocusedWindowLocked newFocus=Window{40955020 com.google.android.youtube/com.google.android.youtube.app.froyo.phone.WatchActivity paused=false} mode=2 mCurrentFocus = Window{40955020 com.google.android.youtube/com.google.android.youtube.app.froyo.phone.WatchActivity paused=false}
02-13 14:16:39.212 W/WindowManager(  256): updateFocusedWindowLocked newFocus=Window{40955020 com.google.android.youtube/com.google.android.youtube.app.froyo.phone.WatchActivity paused=false} mode=2 mCurrentFocus = Window{40955020 com.google.android.youtube/com.google.android.youtube.app.froyo.phone.WatchActivity paused=false}
02-13 14:16:39.252 W/WindowManager(  256): updateFocusedWindowLocked newFocus=Window{40955020 com.google.android.youtube/com.google.android.youtube.app.froyo.phone.WatchActivity paused=false} mode=3 mCurrentFocus = Window{40955020 com.google.android.youtube/com.google.android.youtube.app.froyo.phone.WatchActivity paused=false}
02-13 14:16:39.542 D/StatusBarPolicy(  326): updateDataIcon subscription =0
02-13 14:16:39.622 D/StatusBarPolicy(  326): onSignalStrengthsChanged:SignalStrength: 99 0 -110 -110 -81 -20 8 99 2147483647 2147483647 2147483647 2147483647 cdma for subscription0
02-13 14:16:39.622 D/StatusBarPolicy(  326): updateSignalStrength on subscription :0
02-13 14:16:39.622 D/StatusBarPolicy(  326): StatusBarPolocy::getIconLevel -EVDO
02-13 14:16:39.632 D/StatusBarPolicy(  326): getEvdoLevel_band_six -evdoDbm:-81
02-13 14:16:39.632 D/StatusBarPolicy(  326): getEvdoLevel_band_six -evdoEcio:-20
02-13 14:16:44.017 D/StatusBarPolicy(  326): onSignalStrengthsChanged:SignalStrength: 99 0 -111 -90 -76 -15 8 99 2147483647 2147483647 2147483647 2147483647 cdma for subscription0
02-13 14:16:44.017 D/StatusBarPolicy(  326): updateSignalStrength on subscription :0
02-13 14:16:44.017 D/StatusBarPolicy(  326): StatusBarPolocy::getIconLevel -EVDO
02-13 14:16:44.017 D/StatusBarPolicy(  326): getEvdoLevel_band_six -evdoDbm:-76
02-13 14:16:44.017 D/StatusBarPolicy(  326): getEvdoLevel_band_six -evdoEcio:-15
02-13 14:16:44.037 I/TelephonyRegistry(  256): notifyServiceState: 0 home Sprint  310099  EvDo rev. A CSS not supported 41 4139RoamInd: 1RoamStatus(sprint): 1DefRoamInd: 160EmergOnly: false
02-13 14:16:44.037 D/StatusBarPolicy(  326): onServiceStateChanged:0 home Sprint  310099  EvDo rev. A CSS not supported 41 4139RoamInd: 1RoamStatus(sprint): 1DefRoamInd: 160EmergOnly: falsefor subscription :0
02-13 14:16:44.037 D/StatusBarPolicy(  326): updateSignalStrength on subscription :0
02-13 14:16:44.037 D/StatusBarPolicy(  326): StatusBarPolocy::getIconLevel -EVDO
02-13 14:16:44.037 D/StatusBarPolicy(  326): getEvdoLevel_band_six -evdoDbm:-76
02-13 14:16:44.037 D/StatusBarPolicy(  326): getEvdoLevel_band_six -evdoEcio:-15
02-13 14:16:44.037 D/StatusBarPolicy(  326): updateDataIcon subscription =0
02-13 14:16:44.097 D/StatusBarPolicy(  326): onSignalStrengthsChanged:SignalStrength: 99 0 -111 -90 -79 -15 8 99 2147483647 2147483647 2147483647 2147483647 cdma for subscription0
02-13 14:16:44.097 D/StatusBarPolicy(  326): updateSignalStrength on subscription :0
02-13 14:16:44.097 D/StatusBarPolicy(  326): StatusBarPolocy::getIconLevel -EVDO
02-13 14:16:44.097 D/StatusBarPolicy(  326): getEvdoLevel_band_six -evdoDbm:-79
02-13 14:16:44.097 D/StatusBarPolicy(  326): getEvdoLevel_band_six -evdoEcio:-15
02-13 14:16:44.447 D/PowerManagerService(  256): setTimeoutLocked now=184477 timeoutOverride=-1 nextState=1 when=291477
02-13 14:16:50.833 D/StatusBarPolicy(  326): onSignalStrengthsChanged:SignalStrength: 99 0 -108 -80 -85 -15 8 99 2147483647 2147483647 2147483647 2147483647 cdma for subscription0
02-13 14:16:50.843 D/StatusBarPolicy(  326): updateSignalStrength on subscription :0
02-13 14:16:50.843 D/StatusBarPolicy(  326): StatusBarPolocy::getIconLevel -EVDO
02-13 14:16:50.843 D/StatusBarPolicy(  326): getEvdoLevel_band_six -evdoDbm:-85
02-13 14:16:50.843 D/StatusBarPolicy(  326): getEvdoLevel_band_six -evdoEcio:-15
02-13 14:16:54.317 D/StatusBarPolicy(  326): onSignalStrengthsChanged:SignalStrength: 99 0 -110 -145 -78 -20 8 99 2147483647 2147483647 2147483647 2147483647 cdma for subscription0
02-13 14:16:54.317 D/StatusBarPolicy(  326): updateSignalStrength on subscription :0
02-13 14:16:54.327 I/TelephonyRegistry(  256): notifyServiceState: 0 home Sprint  310099  EvDo rev. A CSS not supported 41 4139RoamInd: 1RoamStatus(sprint): 1DefRoamInd: 160EmergOnly: false
02-13 14:16:54.327 D/StatusBarPolicy(  326): StatusBarPolocy::getIconLevel -EVDO
02-13 14:16:54.327 D/StatusBarPolicy(  326): getEvdoLevel_band_six -evdoDbm:-78
02-13 14:16:54.327 D/StatusBarPolicy(  326): getEvdoLevel_band_six -evdoEcio:-20
02-13 14:16:54.327 D/StatusBarPolicy(  326): onServiceStateChanged:0 home Sprint  310099  EvDo rev. A CSS not supported 41 4139RoamInd: 1RoamStatus(sprint): 1DefRoamInd: 160EmergOnly: falsefor subscription :0
02-13 14:16:54.327 D/StatusBarPolicy(  326): updateSignalStrength on subscription :0
02-13 14:16:54.327 D/StatusBarPolicy(  326): StatusBarPolocy::getIconLevel -EVDO
02-13 14:16:54.327 D/StatusBarPolicy(  326): getEvdoLevel_band_six -evdoDbm:-78
02-13 14:16:54.327 D/StatusBarPolicy(  326): getEvdoLevel_band_six -evdoEcio:-20
02-13 14:16:54.327 D/StatusBarPolicy(  326): updateDataIcon subscription =0
02-13 14:16:55.308 D/StatusBarPolicy(  326): onSignalStrengthsChanged:SignalStrength: 99 0 -110 -145 -80 -20 8 99 2147483647 2147483647 2147483647 2147483647 cdma for subscription0
02-13 14:16:55.308 D/StatusBarPolicy(  326): updateSignalStrength on subscription :0
02-13 14:16:55.308 D/StatusBarPolicy(  326): StatusBarPolocy::getIconLevel -EVDO
02-13 14:16:55.308 D/StatusBarPolicy(  326): getEvdoLevel_band_six -evdoDbm:-80
02-13 14:16:55.308 D/StatusBarPolicy(  326): getEvdoLevel_band_six -evdoEcio:-20
02-13 14:16:59.422 D/StatusBarPolicy(  326): onSignalStrengthsChanged:SignalStrength: 99 0 -111 -80 -78 -20 8 99 2147483647 2147483647 2147483647 2147483647 cdma for subscription0
02-13 14:16:59.432 D/StatusBarPolicy(  326): updateSignalStrength on subscription :0
02-13 14:16:59.432 D/StatusBarPolicy(  326): StatusBarPolocy::getIconLevel -EVDO
02-13 14:16:59.432 D/StatusBarPolicy(  326): getEvdoLevel_band_six -evdoDbm:-78
02-13 14:16:59.432 D/StatusBarPolicy(  326): getEvdoLevel_band_six -evdoEcio:-20
02-13 14:16:59.442 I/TelephonyRegistry(  256): notifyServiceState: 0 home Sprint  310099  EvDo rev. A CSS not supported 41 4139RoamInd: 1RoamStatus(sprint): 1DefRoamInd: 160EmergOnly: false
02-13 14:16:59.442 D/StatusBarPolicy(  326): onServiceStateChanged:0 home Sprint  310099  EvDo rev. A CSS not supported 41 4139RoamInd: 1RoamStatus(sprint): 1DefRoamInd: 160EmergOnly: falsefor subscription :0
02-13 14:16:59.442 D/StatusBarPolicy(  326): updateSignalStrength on subscription :0
02-13 14:16:59.442 D/StatusBarPolicy(  326): StatusBarPolocy::getIconLevel -EVDO
02-13 14:16:59.442 D/StatusBarPolicy(  326): getEvdoLevel_band_six -evdoDbm:-78
02-13 14:16:59.442 D/StatusBarPolicy(  326): getEvdoLevel_band_six -evdoEcio:-20
02-13 14:16:59.442 D/StatusBarPolicy(  326): updateDataIcon subscription =0
02-13 14:16:59.802 D/StatusBarPolicy(  326): onSignalStrengthsChanged:SignalStrength: 99 0 -111 -80 -81 -20 8 99 2147483647 2147483647 2147483647 2147483647 cdma for subscription0
02-13 14:16:59.802 D/StatusBarPolicy(  326): updateSignalStrength on subscription :0
02-13 14:16:59.802 D/StatusBarPolicy(  326): StatusBarPolocy::getIconLevel -EVDO
02-13 14:16:59.802 D/StatusBarPolicy(  326): getEvdoLevel_band_six -evdoDbm:-81
02-13 14:16:59.802 D/StatusBarPolicy(  326): getEvdoLevel_band_six -evdoEcio:-20
02-13 14:17:00.002 D/AlarmManager(  256): scheduleTimeTickEvent calendar=Mon Feb 13 14:18:00 CST 2012
02-13 14:17:00.002 D/AlarmManager(  256): calendar.getTimeInMillis()1329164280000
02-13 14:17:04.507 D/StatusBarPolicy(  326): onSignalStrengthsChanged:SignalStrength: 99 0 -112 -135 -78 -20 8 99 2147483647 2147483647 2147483647 2147483647 cdma for subscription0
02-13 14:17:04.507 D/StatusBarPolicy(  326): updateSignalStrength on subscription :0
02-13 14:17:04.507 D/StatusBarPolicy(  326): StatusBarPolocy::getIconLevel -EVDO
02-13 14:17:04.507 D/StatusBarPolicy(  326): getEvdoLevel_band_six -evdoDbm:-78
02-13 14:17:04.507 D/StatusBarPolicy(  326): getEvdoLevel_band_six -evdoEcio:-20
02-13 14:17:04.517 I/TelephonyRegistry(  256): notifyServiceState: 0 home Sprint  310099  EvDo rev. A CSS not supported 41 4139RoamInd: 1RoamStatus(sprint): 1DefRoamInd: 160EmergOnly: false
02-13 14:17:04.517 D/StatusBarPolicy(  326): onServiceStateChanged:0 home Sprint  310099  EvDo rev. A CSS not supported 41 4139RoamInd: 1RoamStatus(sprint): 1DefRoamInd: 160EmergOnly: falsefor subscription :0
02-13 14:17:04.517 D/StatusBarPolicy(  326): updateSignalStrength on subscription :0
02-13 14:17:04.517 D/StatusBarPolicy(  326): StatusBarPolocy::getIconLevel -EVDO
02-13 14:17:04.517 D/StatusBarPolicy(  326): getEvdoLevel_band_six -evdoDbm:-78
02-13 14:17:04.517 D/StatusBarPolicy(  326): getEvdoLevel_band_six -evdoEcio:-20
02-13 14:17:04.517 D/StatusBarPolicy(  326): updateDataIcon subscription =0
02-13 14:17:05.538 I/WindowManager(  256): Setting rotation to 1, animFlags=0
02-13 14:17:05.568 I/ActivityManager(  256): Config changed: { scale=1.0 imsi=310/120 loc=en_US touch=3 keys=1/1/2 nav=1/1 orien=2 layout=18 uiMode=17 seq=5}
02-13 14:17:06.519 D/StatusBarPolicy(  326): onSignalStrengthsChanged:SignalStrength: 99 0 -112 -135 -83 -35 7 99 2147483647 2147483647 2147483647 2147483647 cdma for subscription0
02-13 14:17:06.519 D/StatusBarPolicy(  326): updateSignalStrength on subscription :0
02-13 14:17:06.529 D/StatusBarPolicy(  326): StatusBarPolocy::getIconLevel -EVDO
02-13 14:17:06.529 D/StatusBarPolicy(  326): getEvdoLevel_band_six -evdoDbm:-83
02-13 14:17:06.529 D/StatusBarPolicy(  326): getEvdoLevel_band_six -evdoEcio:-35
02-13 14:17:07.069 I/WindowManager(  256): Setting rotation to 0, animFlags=0
02-13 14:17:07.089 I/ActivityManager(  256): Config changed: { scale=1.0 imsi=310/120 loc=en_US touch=3 keys=1/1/2 nav=1/1 orien=1 layout=18 uiMode=17 seq=6}
02-13 14:17:07.129 W/WindowManager(  256): updateFocusedWindowLocked newFocus=Window{40955020 com.google.android.youtube/com.google.android.youtube.app.froyo.phone.WatchActivity paused=false} mode=3 mCurrentFocus = Window{40955020 com.google.android.youtube/com.google.android.youtube.app.froyo.phone.WatchActivity paused=false}
02-13 14:17:07.179 I/WindowManager(  256): Setting rotation to 1, animFlags=0
02-13 14:17:07.199 I/ActivityManager(  256): Config changed: { scale=1.0 imsi=310/120 loc=en_US touch=3 keys=1/1/2 nav=1/1 orien=2 layout=18 uiMode=17 seq=7}
02-13 14:17:07.309 I/TelephonyRegistry(  256): notifyServiceState: 0 home Sprint  310099  EvDo rev. A CSS not supported 41 4139RoamInd: 1RoamStatus(sprint): 1DefRoamInd: 160EmergOnly: false
02-13 14:17:07.359 D/StatusBarPolicy(  326): onSignalStrengthsChanged:SignalStrength: 99 0 -110 -70 -93 -55 6 99 2147483647 2147483647 2147483647 2147483647 cdma for subscription0
02-13 14:17:07.359 D/StatusBarPolicy(  326): updateSignalStrength on subscription :0
02-13 14:17:07.359 D/StatusBarPolicy(  326): StatusBarPolocy::getIconLevel -EVDO
02-13 14:17:07.359 D/StatusBarPolicy(  326): getEvdoLevel_band_six -evdoDbm:-93
02-13 14:17:07.359 D/StatusBarPolicy(  326): getEvdoLevel_band_six -evdoEcio:-55
02-13 14:17:07.359 D/StatusBarPolicy(  326): onServiceStateChanged:0 home Sprint  310099  EvDo rev. A CSS not supported 41 4139RoamInd: 1RoamStatus(sprint): 1DefRoamInd: 160EmergOnly: falsefor subscription :0
02-13 14:17:07.359 D/StatusBarPolicy(  326): updateSignalStrength on subscription :0
02-13 14:17:07.359 D/StatusBarPolicy(  326): StatusBarPolocy::getIconLevel -EVDO
02-13 14:17:07.359 D/StatusBarPolicy(  326): getEvdoLevel_band_six -evdoDbm:-93
02-13 14:17:07.359 D/StatusBarPolicy(  326): getEvdoLevel_band_six -evdoEcio:-55
02-13 14:17:07.369 D/StatusBarPolicy(  326): updateDataIcon subscription =0
02-13 14:17:08.751 D/StatusBarPolicy(  326): onSignalStrengthsChanged:SignalStrength: 99 0 -110 -70 -93 -30 7 99 2147483647 2147483647 2147483647 2147483647 cdma for subscription0
02-13 14:17:08.751 D/StatusBarPolicy(  326): updateSignalStrength on subscription :0
02-13 14:17:08.761 D/StatusBarPolicy(  326): StatusBarPolocy::getIconLevel -EVDO
02-13 14:17:08.761 D/StatusBarPolicy(  326): getEvdoLevel_band_six -evdoDbm:-93
02-13 14:17:08.771 D/StatusBarPolicy(  326): getEvdoLevel_band_six -evdoEcio:-30
02-13 14:17:09.802 I/WindowManager(  256): Setting rotation to 0, animFlags=0
02-13 14:17:09.822 I/ActivityManager(  256): Config changed: { scale=1.0 imsi=310/120 loc=en_US touch=3 keys=1/1/2 nav=1/1 orien=1 layout=18 uiMode=17 seq=8}
02-13 14:17:11.043 D/StatusBarPolicy(  326): onSignalStrengthsChanged:SignalStrength: 99 0 -103 -160 -94 -1 6 99 2147483647 2147483647 2147483647 2147483647 cdma for subscription0
02-13 14:17:11.043 D/StatusBarPolicy(  326): updateSignalStrength on subscription :0
02-13 14:17:11.043 D/StatusBarPolicy(  326): StatusBarPolocy::getIconLevel -EVDO
02-13 14:17:11.043 D/StatusBarPolicy(  326): getEvdoLevel_band_six -evdoDbm:-94
02-13 14:17:11.043 D/StatusBarPolicy(  326): getEvdoLevel_band_six -evdoEcio:-1
02-13 14:17:11.043 D/StatusBarPolicy(  326): onSignalStrengthsChanged:SignalStrength: 99 0 -103 -70 -94 -45 6 99 2147483647 2147483647 2147483647 2147483647 cdma for subscription0
02-13 14:17:11.043 D/StatusBarPolicy(  326): updateSignalStrength on subscription :0
02-13 14:17:11.043 D/StatusBarPolicy(  326): StatusBarPolocy::getIconLevel -EVDO
02-13 14:17:11.043 D/StatusBarPolicy(  326): getEvdoLevel_band_six -evdoDbm:-94
02-13 14:17:11.043 D/StatusBarPolicy(  326): getEvdoLevel_band_six -evdoEcio:-45
02-13 14:17:11.043 I/WindowManager(  256): Setting rotation to 1, animFlags=0
02-13 14:17:11.063 I/ActivityManager(  256): Config changed: { scale=1.0 imsi=310/120 loc=en_US touch=3 keys=1/1/2 nav=1/1 orien=2 layout=18 uiMode=17 seq=9}
02-13 14:17:11.143 W/WindowManager(  256): updateFocusedWindowLocked newFocus=Window{40955020 com.google.android.youtube/com.google.android.youtube.app.froyo.phone.WatchActivity paused=false} mode=3 mCurrentFocus = Window{40955020 com.google.android.youtube/com.google.android.youtube.app.froyo.phone.WatchActivity paused=false}
02-13 14:17:13.175 I/WindowManager(  256): Setting rotation to 0, animFlags=0
02-13 14:17:13.195 I/ActivityManager(  256): Config changed: { scale=1.0 imsi=310/120 loc=en_US touch=3 keys=1/1/2 nav=1/1 orien=1 layout=18 uiMode=17 seq=10}
02-13 14:17:13.215 D/StatusBarPolicy(  326): onSignalStrengthsChanged:SignalStrength: 99 0 -103 -70 -95 -30 7 99 2147483647 2147483647 2147483647 2147483647 cdma for subscription0
02-13 14:17:13.215 D/StatusBarPolicy(  326): updateSignalStrength on subscription :0
02-13 14:17:13.225 D/StatusBarPolicy(  326): StatusBarPolocy::getIconLevel -EVDO
02-13 14:17:13.225 D/StatusBarPolicy(  326): getEvdoLevel_band_six -evdoDbm:-95
02-13 14:17:13.225 D/StatusBarPolicy(  326): getEvdoLevel_band_six -evdoEcio:-30
02-13 14:17:15.527 D/StatusBarPolicy(  326): onSignalStrengthsChanged:SignalStrength: 99 0 -103 -70 -95 -40 7 99 2147483647 2147483647 2147483647 2147483647 cdma for subscription0
02-13 14:17:15.527 D/StatusBarPolicy(  326): updateSignalStrength on subscription :0
02-13 14:17:15.527 D/StatusBarPolicy(  326): StatusBarPolocy::getIconLevel -EVDO
02-13 14:17:15.527 D/StatusBarPolicy(  326): getEvdoLevel_band_six -evdoDbm:-95
02-13 14:17:15.527 D/StatusBarPolicy(  326): getEvdoLevel_band_six -evdoEcio:-40
02-13 14:17:19.952 D/StatusBarPolicy(  326): onSignalStrengthsChanged:SignalStrength: 99 0 -103 -70 -96 -30 7 99 2147483647 2147483647 2147483647 2147483647 cdma for subscription0
02-13 14:17:19.952 D/StatusBarPolicy(  326): updateSignalStrength on subscription :0
02-13 14:17:19.962 D/StatusBarPolicy(  326): StatusBarPolocy::getIconLevel -EVDO
02-13 14:17:19.962 D/StatusBarPolicy(  326): getEvdoLevel_band_six -evdoDbm:-96
02-13 14:17:19.972 D/StatusBarPolicy(  326): getEvdoLevel_band_six -evdoEcio:-30
02-13 14:17:22.194 D/StatusBarPolicy(  326): onSignalStrengthsChanged:SignalStrength: 99 0 -103 -70 -96 -40 7 99 2147483647 2147483647 2147483647 2147483647 cdma for subscription0
02-13 14:17:22.204 D/StatusBarPolicy(  326): updateSignalStrength on subscription :0
02-13 14:17:22.204 D/StatusBarPolicy(  326): StatusBarPolocy::getIconLevel -EVDO
02-13 14:17:22.204 D/StatusBarPolicy(  326): getEvdoLevel_band_six -evdoDbm:-96
02-13 14:17:22.214 D/StatusBarPolicy(  326): getEvdoLevel_band_six -evdoEcio:-40
02-13 14:17:28.921 D/StatusBarPolicy(  326): onSignalStrengthsChanged:SignalStrength: 99 0 -98 -70 -96 -40 7 99 2147483647 2147483647 2147483647 2147483647 cdma for subscription0
02-13 14:17:28.921 D/StatusBarPolicy(  326): updateSignalStrength on subscription :0
02-13 14:17:28.921 D/StatusBarPolicy(  326): StatusBarPolocy::getIconLevel -EVDO
02-13 14:17:28.931 D/StatusBarPolicy(  326): getEvdoLevel_band_six -evdoDbm:-96
02-13 14:17:28.931 D/StatusBarPolicy(  326): getEvdoLevel_band_six -evdoEcio:-40
02-13 14:17:31.173 D/StatusBarPolicy(  326): onSignalStrengthsChanged:SignalStrength: 99 0 -98 -70 -97 -40 7 99 2147483647 2147483647 2147483647 2147483647 cdma for subscription0
02-13 14:17:31.173 D/StatusBarPolicy(  326): updateSignalStrength on subscription :0
02-13 14:17:31.173 D/StatusBarPolicy(  326): StatusBarPolocy::getIconLevel -EVDO
02-13 14:17:31.173 D/StatusBarPolicy(  326): getEvdoLevel_band_six -evdoDbm:-97
02-13 14:17:31.173 D/StatusBarPolicy(  326): getEvdoLevel_band_six -evdoEcio:-40
02-13 14:17:33.405 D/StatusBarPolicy(  326): onSignalStrengthsChanged:SignalStrength: 99 0 -98 -70 -97 -30 7 99 2147483647 2147483647 2147483647 2147483647 cdma for subscription0
02-13 14:17:33.405 D/StatusBarPolicy(  326): updateSignalStrength on subscription :0
02-13 14:17:33.415 D/StatusBarPolicy(  326): StatusBarPolocy::getIconLevel -EVDO
02-13 14:17:33.415 D/StatusBarPolicy(  326): getEvdoLevel_band_six -evdoDbm:-97
02-13 14:17:33.435 D/StatusBarPolicy(  326): getEvdoLevel_band_six -evdoEcio:-30
02-13 14:17:35.647 D/StatusBarPolicy(  326): onSignalStrengthsChanged:SignalStrength: 99 0 -120 -110 -120 -20 7 99 2147483647 2147483647 2147483647 2147483647 cdma for subscription0
02-13 14:17:35.647 D/StatusBarPolicy(  326): updateSignalStrength on subscription :0
02-13 14:17:35.657 D/StatusBarPolicy(  326): StatusBarPolocy::getIconLevel -EVDO
02-13 14:17:35.657 D/StatusBarPolicy(  326): getEvdoLevel_band_six -evdoDbm:-120
02-13 14:17:35.657 D/StatusBarPolicy(  326): getEvdoLevel_band_six -evdoEcio:-20
02-13 14:17:35.707 D/StatusBarPolicy(  326): onSignalStrengthsChanged:SignalStrength: 99 0 -98 -110 -96 -20 7 99 2147483647 2147483647 2147483647 2147483647 cdma for subscription0
02-13 14:17:35.707 D/StatusBarPolicy(  326): updateSignalStrength on subscription :0
02-13 14:17:35.707 D/StatusBarPolicy(  326): StatusBarPolocy::getIconLevel -EVDO
02-13 14:17:35.707 D/StatusBarPolicy(  326): getEvdoLevel_band_six -evdoDbm:-96
02-13 14:17:35.707 D/StatusBarPolicy(  326): getEvdoLevel_band_six -evdoEcio:-20
02-13 14:17:36.558 I/WindowManager(  256): Setting rotation to 1, animFlags=0
02-13 14:17:36.578 I/ActivityManager(  256): Config changed: { scale=1.0 imsi=310/120 loc=en_US touch=3 keys=1/1/2 nav=1/1 orien=2 layout=18 uiMode=17 seq=11}
02-13 14:17:36.718 W/WindowManager(  256): updateFocusedWindowLocked newFocus=Window{40955020 com.google.android.youtube/com.google.android.youtube.app.froyo.phone.WatchActivity paused=false} mode=3 mCurrentFocus = Window{40955020 com.google.android.youtube/com.google.android.youtube.app.froyo.phone.WatchActivity paused=false}
02-13 14:17:37.859 D/StatusBarPolicy(  326): onSignalStrengthsChanged:SignalStrength: 99 0 -98 -110 -95 -20 7 99 2147483647 2147483647 2147483647 2147483647 cdma for subscription0
02-13 14:17:37.859 D/StatusBarPolicy(  326): updateSignalStrength on subscription :0
02-13 14:17:37.859 D/StatusBarPolicy(  326): StatusBarPolocy::getIconLevel -EVDO
02-13 14:17:37.859 D/StatusBarPolicy(  326): getEvdoLevel_band_six -evdoDbm:-95
02-13 14:17:37.859 D/StatusBarPolicy(  326): getEvdoLevel_band_six -evdoEcio:-20
02-13 14:17:40.111 D/StatusBarPolicy(  326): onSignalStrengthsChanged:SignalStrength: 99 0 -98 -110 -95 -30 7 99 2147483647 2147483647 2147483647 2147483647 cdma for subscription0
02-13 14:17:40.121 D/StatusBarPolicy(  326): updateSignalStrength on subscription :0
02-13 14:17:40.121 D/StatusBarPolicy(  326): StatusBarPolocy::getIconLevel -EVDO
02-13 14:17:40.121 D/StatusBarPolicy(  326): getEvdoLevel_band_six -evdoDbm:-95
02-13 14:17:40.131 D/StatusBarPolicy(  326): getEvdoLevel_band_six -evdoEcio:-30
02-13 14:17:42.314 I/WindowManager(  256): Setting rotation to 0, animFlags=0
02-13 14:17:42.334 I/ActivityManager(  256): Config changed: { scale=1.0 imsi=310/120 loc=en_US touch=3 keys=1/1/2 nav=1/1 orien=1 layout=18 uiMode=17 seq=12}
02-13 14:17:42.354 D/StatusBarPolicy(  326): onSignalStrengthsChanged:SignalStrength: 99 0 -96 -70 -96 -35 7 99 2147483647 2147483647 2147483647 2147483647 cdma for subscription0
02-13 14:17:42.354 D/StatusBarPolicy(  326): updateSignalStrength on subscription :0
02-13 14:17:42.354 D/StatusBarPolicy(  326): StatusBarPolocy::getIconLevel -EVDO
02-13 14:17:42.354 D/StatusBarPolicy(  326): getEvdoLevel_band_six -evdoDbm:-96
02-13 14:17:42.354 D/StatusBarPolicy(  326): getEvdoLevel_band_six -evdoEcio:-35
02-13 14:17:42.464 W/WindowManager(  256): updateFocusedWindowLocked newFocus=Window{40955020 com.google.android.youtube/com.google.android.youtube.app.froyo.phone.WatchActivity paused=false} mode=3 mCurrentFocus = Window{40955020 com.google.android.youtube/com.google.android.youtube.app.froyo.phone.WatchActivity paused=false}
02-13 14:17:44.556 D/PowerManagerService(  256): setTimeoutLocked now=244578 timeoutOverride=-1 nextState=3 when=250578
02-13 14:17:44.576 D/StatusBarPolicy(  326): onSignalStrengthsChanged:SignalStrength: 99 0 -96 -70 -96 -40 7 99 2147483647 2147483647 2147483647 2147483647 cdma for subscription0
02-13 14:17:44.576 D/StatusBarPolicy(  326): updateSignalStrength on subscription :0
02-13 14:17:44.576 D/StatusBarPolicy(  326): StatusBarPolocy::getIconLevel -EVDO
02-13 14:17:44.576 D/StatusBarPolicy(  326): getEvdoLevel_band_six -evdoDbm:-96
02-13 14:17:44.576 D/StatusBarPolicy(  326): getEvdoLevel_band_six -evdoEcio:-40
02-13 14:17:44.666 W/WindowManager(  256): updateFocusedWindowLocked newFocus=Window{40955020 com.google.android.youtube/com.google.android.youtube.app.froyo.phone.WatchActivity paused=true} mode=0 mCurrentFocus = Window{40955020 com.google.android.youtube/com.google.android.youtube.app.froyo.phone.WatchActivity paused=true}
02-13 14:17:44.736 W/WindowManager(  256): updateFocusedWindowLocked newFocus=null mode=3 mCurrentFocus = Window{40955020 com.google.android.youtube/com.google.android.youtube.app.froyo.phone.WatchActivity paused=false}
02-13 14:17:44.736 D/PowerManagerService(  256): setTimeoutLocked now=244768 timeoutOverride=-1 nextState=3 when=250768
02-13 14:17:44.756 W/WindowManager(  256): updateFocusedWindowLocked newFocus=Window{409067e0 com.google.android.youtube/com.google.android.youtube.app.froyo.phone.HomeActivity paused=false} mode=3 mCurrentFocus = null
02-13 14:17:44.856 W/WindowManager(  256): updateFocusedWindowLocked newFocus=Window{409067e0 com.google.android.youtube/com.google.android.youtube.app.froyo.phone.HomeActivity paused=false} mode=2 mCurrentFocus = Window{409067e0 com.google.android.youtube/com.google.android.youtube.app.froyo.phone.HomeActivity paused=false}
