02-13 14:14:01.694 I/Vold    (  111): Vold 2.1 (the revenge) firing up
02-13 14:14:01.694 D/Vold    (  111): Volume sdcard state changing -1 (Initializing) -> 0 (No-Media)
02-13 14:14:01.744 W/DirectVolume(  111): Kernel block uevent 'PARTN' 1 pendingparts 0
02-13 14:14:01.744 D/Vold    (  111): Volume sdcard state changing 0 (No-Media) -> 2 (Pending)
02-13 14:14:01.744 W/DirectVolume(  111): Kernel block uevent 'PARTN' 1, 1 minor 33
02-13 14:14:01.744 D/Vold    (  111): Volume sdcard state changing 2 (Pending) -> 1 (Idle-Unmounted)
02-13 14:14:01.934 E/NetlinkEvent(  111): NetlinkEvent::FindParam(): Parameter 'SWITCH_NAME' not found
02-13 14:14:01.974 E/NetlinkEvent(  111): NetlinkEvent::FindParam(): Parameter 'SWITCH_STATE' not found
02-13 14:14:01.974 W/Vold    (  111): Switch /devices/virtual/switch/usb_mass_storage event missing name/state info
02-13 14:14:01.974 D/Vold    (  111): usb_mass_storage function disabled
02-13 14:14:01.974 E/NetlinkEvent(  111): NetlinkEvent::FindParam(): Parameter 'SWITCH_NAME' not found
02-13 14:14:01.974 E/NetlinkEvent(  111): NetlinkEvent::FindParam(): Parameter 'SWITCH_STATE' not found
02-13 14:14:01.974 W/Vold    (  111): Switch /devices/virtual/switch/usb_connected event missing name/state info
02-13 14:14:01.974 E/NetlinkEvent(  111): NetlinkEvent::FindParam(): Parameter 'SWITCH_NAME' not found
02-13 14:14:01.974 E/NetlinkEvent(  111): NetlinkEvent::FindParam(): Parameter 'SWITCH_STATE' not found
02-13 14:14:01.974 W/Vold    (  111): Switch /devices/virtual/switch/usb_configuration event missing name/state info
02-13 14:14:01.974 E/NetlinkEvent(  111): NetlinkEvent::FindParam(): Parameter 'SWITCH_NAME' not found
02-13 14:14:01.974 E/NetlinkEvent(  111): NetlinkEvent::FindParam(): Parameter 'SWITCH_STATE' not found
02-13 14:14:01.974 W/Vold    (  111): Switch /devices/virtual/switch/usb_connected event missing name/state info
02-13 14:14:01.974 E/NetlinkEvent(  111): NetlinkEvent::FindParam(): Parameter 'SWITCH_NAME' not found
02-13 14:14:01.974 E/NetlinkEvent(  111): NetlinkEvent::FindParam(): Parameter 'SWITCH_STATE' not found
02-13 14:14:01.974 W/Vold    (  111): Switch /devices/virtual/switch/usb_configuration event missing name/state info
02-13 14:14:02.044 E/NetlinkEvent(  111): NetlinkEvent::FindParam(): Parameter 'SWITCH_NAME' not found
02-13 14:14:02.044 E/NetlinkEvent(  111): NetlinkEvent::FindParam(): Parameter 'SWITCH_STATE' not found
02-13 14:14:02.044 W/Vold    (  111): Switch /devices/virtual/switch/usb_mass_storage event missing name/state info
02-13 14:14:02.044 D/Vold    (  111): usb_mass_storage function enabled
02-13 14:14:12.574 I/SystemServer(  256): Entered the Android system server!
02-13 14:14:12.584 I/SystemServer(  256): Entropy Service
02-13 14:14:12.604 I/SystemServer(  256): Power Manager
02-13 14:14:12.604 I/SystemServer(  256): Activity Manager
02-13 14:14:12.634 I/ActivityManager(  256): Memory class: 32
02-13 14:14:12.835 I/SystemServer(  256): Telephony Registry
02-13 14:14:12.835 I/SystemServer(  256): Package Manager
02-13 14:14:12.885 I/Installer(  256): connecting...
02-13 14:14:17.429 I/PackageManager(  256): Unpacking native libraries for /data/app/com.sprint.widget.tutorial-1.apk
02-13 14:14:17.639 I/PackageManager(  256): Unpacking native libraries for /data/app/com.google.android.apps.plus-1.apk
02-13 14:14:21.523 I/PackageManager(  256): Unpacking native libraries for /data/app/com.android.vending-1.apk
02-13 14:14:21.573 I/PackageManager(  256): Unpacking native libraries for /data/app/com.sprint.voicemail-1.apk
02-13 14:14:21.673 W/PackageManager(  256): Unable to update from com.android.music to com.google.android.music: old package still exists
02-13 14:14:21.673 I/PackageManager(  256): Unpacking native libraries for /data/app/com.google.android.music-1.apk
02-13 14:14:21.974 I/PackageManager(  256): Unpacking native libraries for /data/app/com.google.android.googlequicksearchbox-1.apk
02-13 14:14:22.174 I/PackageManager(  256): Unpacking native libraries for /data/app/com.google.android.apps.maps-1.apk
02-13 14:14:22.394 I/PackageManager(  256): Unpacking native libraries for /data/app/com.google.android.apps.books-1.apk
02-13 14:14:22.474 I/PackageManager(  256): Unpacking native libraries for /data/app-private/com.locationlabs.v3client-1.apk
02-13 14:14:22.484 I/PackageManager(  256): Time to scan packages: 9.174 seconds
02-13 14:14:22.484 W/PackageManager(  256): Unknown permission com.android.vending.permission.UPDATE_MARKET_FAILURE in package com.android.vending.updater
02-13 14:14:22.494 W/PackageManager(  256): Unknown permission android.permission.ADD_SYSTEM_SERVICE in package com.android.phone
02-13 14:14:22.494 W/PackageManager(  256): Unknown permission com.google.android.apps.googlevoice.permission.AUTO_SEND in package com.google.android.voicesearch
02-13 14:14:22.534 W/PackageManager(  256): Not granting permission android.permission.SEND_DOWNLOAD_COMPLETED_INTENTS to package com.android.browser (protectionLevel=2 flags=0x9be45)
02-13 14:14:22.534 W/PackageManager(  256): Unknown permission com.android.email.provider.AttachmentProvider in package com.android.music
02-13 14:14:22.534 W/PackageManager(  256): Not granting permission android.permission.SEND_DOWNLOAD_COMPLETED_INTENTS to package com.android.music (protectionLevel=2 flags=0x8be65)
02-13 14:14:22.534 W/PackageManager(  256): Unknown permission android.permission.READ_OWNER_DATA in package com.android.setupwizard
02-13 14:14:22.534 W/PackageManager(  256): Unknown permission android.permission.WRITE_OWNER_DATA in package com.android.setupwizard
02-13 14:14:22.534 W/PackageManager(  256): Not granting permission android.permission.ACCESS_DRM to package com.android.mms (protectionLevel=2 flags=0x8be65)
02-13 14:14:22.534 W/PackageManager(  256): Unknown permission android.permission.RECEIVE_EMERGENCY_BROADCAST in package com.android.mms
02-13 14:14:22.534 W/PackageManager(  256): Not granting permission android.permission.SET_PREFERRED_APPLICATIONS to package com.sprint.w.installer (protectionLevel=2 flags=0x8be45)
02-13 14:14:22.544 W/PackageManager(  256): Unknown permission android.intent.action.REBOOT in package com.redbend.vdmc
02-13 14:14:22.544 W/PackageManager(  256): Not granting permission com.google.android.gm.permission.READ_GMAIL to package com.google.android.apps.uploader (protectionLevel=2 flags=0xbe45)
02-13 14:14:22.544 W/PackageManager(  256): Unknown permission android.permission.READ_PROFILE in package com.google.android.apps.plus
02-13 14:14:22.544 W/PackageManager(  256): Unknown permission android.permission.WRITE_PROFILE in package com.google.android.apps.plus
02-13 14:14:22.544 W/PackageManager(  256): Unknown permission android.permission.READ_SOCIAL_STREAM in package com.google.android.apps.plus
02-13 14:14:22.544 W/PackageManager(  256): Unknown permission android.permission.WRITE_SOCIAL_STREAM in package com.google.android.apps.plus
02-13 14:14:22.544 W/PackageManager(  256): Unknown permission android.permission.READ_EXTERNAL_STORAGE in package com.android.vending
02-13 14:14:22.544 W/PackageManager(  256): Not granting permission android.permission.SEND_DOWNLOAD_COMPLETED_INTENTS to package com.android.vending (protectionLevel=2 flags=0xabec5)
02-13 14:14:22.544 W/PackageManager(  256): Not granting permission android.permission.ACCOUNT_MANAGER to package com.google.android.music (protectionLevel=2 flags=0x8bee5)
02-13 14:14:22.554 W/PackageManager(  256): Unknown permission android.permission.READ_OWNER_DATA in package com.android.email
02-13 14:14:22.554 W/PackageManager(  256): Unknown permission android.intent.action.REBOOT in package com.android.email
02-13 14:14:22.554 W/PackageManager(  256): Not granting permission android.permission.BROADCAST_WAP_PUSH to package com.android.email (protectionLevel=2 flags=0x8be45)
02-13 14:14:22.554 W/PackageManager(  256): Unknown permission com.android.providers.im.permission.READ_ONLY in package com.google.android.apps.maps
02-13 14:14:22.554 W/PackageManager(  256): Unknown permission com.google.android.providers.gmail.permission.READ_GMAIL in package com.dataviz.docstogo
02-13 14:14:22.714 I/SystemServer(  256): Account Manager
02-13 14:14:22.794 I/SystemServer(  256): Content Manager
02-13 14:14:22.884 I/SystemServer(  256): System Content Providers
02-13 14:14:22.915 I/SystemServer(  256): Battery Service
02-13 14:14:22.945 I/SystemServer(  256): Lights Service
02-13 14:14:22.955 I/SystemServer(  256): Vibrator Service
02-13 14:14:22.975 I/SystemServer(  256): Alarm Manager
02-13 14:14:22.975 D/AlarmManager(  256): scheduleTimeTickEvent calendar=Mon Feb 13 14:15:00 CST 2012
02-13 14:14:22.975 D/AlarmManager(  256): calendar.getTimeInMillis()1329164100000
02-13 14:14:22.975 I/SystemServer(  256): Init Watchdog
02-13 14:14:22.975 I/SystemServer(  256): Window Manager
02-13 14:14:22.975 E/AlarmManager(  256): system is not ready, just wait!
02-13 14:14:22.985 I/InputManager(  256): Initializing input manager
02-13 14:14:22.995 I/InputManager(  256): Starting input manager
02-13 14:14:23.005 I/SystemServer(  256): Bluetooth Service
02-13 14:14:23.015 I/InputManager-Callbacks(  256): No input device calibration properties found for device synaptics-rmi4-ts.
02-13 14:14:23.015 I/InputManager-Callbacks(  256): No input device calibration properties found for device 7k_handset.
02-13 14:14:23.015 I/InputManager-Callbacks(  256): No input device calibration properties found for device sean_keypad.
02-13 14:14:23.015 I/SystemServer(  256): DynamicMemoryManager Service
02-13 14:14:23.015 I/SystemServer(  256): Device Policy
02-13 14:14:23.025 I/SystemServer(  256): Status Bar
02-13 14:14:23.025 I/SystemServer(  256): Clipboard Service
02-13 14:14:23.025 I/SystemServer(  256): Input Method Service
02-13 14:14:23.035 I/InputManagerService(  256): Enabled input methods: com.swype.android.inputmethod/.SwypeInputMethod:com.android.inputmethod.latin/.LatinIME
02-13 14:14:23.035 I/SystemServer(  256): NetStat Service
02-13 14:14:23.035 I/SystemServer(  256): NetworkManagement Service
02-13 14:14:23.035 D/NetworkManagementService(  256): Creating NetworkManagementService
02-13 14:14:23.045 D/NetworkManagementService(  256): Awaiting socket connection
02-13 14:14:23.045 D/NetworkManagementService(  256): onConnected
02-13 14:14:23.045 D/NetworkManagementService(  256): Connected
02-13 14:14:23.045 I/SystemServer(  256): Connectivity Service
02-13 14:14:23.045 D/ConnectivityService(  256): ConnectivityService starting up
02-13 14:14:23.045 D/ConnectivityService(  256): getMobileDataEnabled returning true
02-13 14:14:23.095 D/WifiService(  256): isAirplaneModeOn(): false
02-13 14:14:23.095 I/WifiService(  256): WifiService starting up with Wi-Fi enabled
02-13 14:14:23.095 D/WifiService(  256): isAirplaneModeOn(): false
02-13 14:14:23.095 D/NetworkManagementService(  256): Registering observer
02-13 14:14:23.095 D/WifiService(  256): WifiHandler, MESSAGE_ENABLE_WIFI, msg.arg1: 1, msg.arg2: 1000
02-13 14:14:23.095 D/WifiService(  256): isAirplaneModeOn(): false
02-13 14:14:23.095 E/WifiService(  256): jht getWifiConfiguration() Settings.Secure.WIFI_IDLE_MS=-1834574848
02-13 14:14:23.135 I/SystemServer(  256): Throttle Service
02-13 14:14:23.135 I/SystemServer(  256): Accessibility Manager
02-13 14:14:23.135 I/SystemServer(  256): Mount Service
02-13 14:14:23.135 I/SystemServer(  256): Notification Manager
02-13 14:14:23.145 I/SystemServer(  256): HDMI Service
02-13 14:14:23.145 I/SystemServer(  256): Device Storage Monitor
02-13 14:14:23.145 I/SystemServer(  256): Location Manager
02-13 14:14:23.145 I/SystemServer(  256): Search Service
02-13 14:14:23.145 I/SystemServer(  256): DropBox Service
02-13 14:14:23.155 I/SystemServer(  256): Wallpaper Service
02-13 14:14:23.155 D/VoldConnector(  256): SND -> {volume list} {null}
02-13 14:14:23.155 D/VoldCmdListener(  111): volume list
02-13 14:14:23.155 D/VoldConnector(  256): RCV <- {110 sdcard /mnt/sdcard 1}
02-13 14:14:23.155 D/VoldConnector(  256): RCV <- {200 Volumes listed.}
02-13 14:14:23.155 D/VoldConnector(  256): RSP <- {110 sdcard /mnt/sdcard 1}
02-13 14:14:23.155 D/VoldConnector(  256): RSP <- {200 Volumes listed.}
02-13 14:14:23.155 D/VoldConnector(  256): List terminated with {200 Volumes listed.}
02-13 14:14:23.155 D/MountService(  256): mount list sdcard /mnt/sdcard 1
02-13 14:14:23.165 I/SystemServer(  256): Audio Service
02-13 14:14:23.165 D/VoldConnector(  256): SND -> {share status ums} {null}
02-13 14:14:23.165 D/VoldCmdListener(  111): share status ums
02-13 14:14:23.165 D/VoldConnector(  256): RCV <- {210 Share unavailable}
02-13 14:14:23.185 D/VoldConnector(  256): RSP <- {210 Share unavailable}
02-13 14:14:23.225 I/SystemServer(  256): Headset Observer
02-13 14:14:23.295 I/SystemServer(  256): Dock Observer
02-13 14:14:23.295 W/DockObserver(  256): This kernel does not have dock station support
02-13 14:14:23.295 I/SystemServer(  256): USB Service
02-13 14:14:23.295 I/SystemServer(  256): UI Mode Manager Service
02-13 14:14:23.295 I/SystemServer(  256): Backup Service
02-13 14:14:23.575 I/BackupManagerService(  256): Found stale backup journal, scheduling
02-13 14:14:23.575 I/BackupManagerService(  256):   android
02-13 14:14:23.575 I/BackupManagerService(  256):   com.android.browser
02-13 14:14:23.575 I/BackupManagerService(  256):   com.android.inputmethod.latin
02-13 14:14:23.575 I/BackupManagerService(  256):   com.android.providers.settings
02-13 14:14:23.575 I/BackupManagerService(  256):   com.android.providers.userdictionary
02-13 14:14:23.575 I/BackupManagerService(  256):   com.android.vending
02-13 14:14:23.575 I/BackupManagerService(  256):   com.android.vending
02-13 14:14:23.585 I/BackupManagerService(  256): Backup enabled => true
02-13 14:14:23.585 I/SystemServer(  256): AppWidget Service
02-13 14:14:23.585 I/SystemServer(  256): Recognition Service
02-13 14:14:23.585 I/SystemServer(  256): DiskStats Service
02-13 14:14:23.585 I/SystemServer(  256): AtCmdFwd Service
02-13 14:14:23.585 I/SystemServer(  256): BT FM Power Management Service
02-13 14:14:23.605 E/SystemServer(  256): Failure starting BT FM Power Management Service
02-13 14:14:23.605 E/SystemServer(  256): java.lang.ExceptionInInitializerError
02-13 14:14:23.605 E/SystemServer(  256): 	at com.android.server.ServerThread.run(SystemServer.java:489)
02-13 14:14:23.605 E/SystemServer(  256): Caused by: java.lang.UnsatisfiedLinkError: classInitNative
02-13 14:14:23.605 E/SystemServer(  256): 	at com.broadcom.bt.service.framework.PowerManagementService.classInitNative(Native Method)
02-13 14:14:23.605 E/SystemServer(  256): 	at com.broadcom.bt.service.framework.PowerManagementService.<clinit>(PowerManagementService.java:58)
02-13 14:14:23.605 E/SystemServer(  256): 	... 1 more
02-13 14:14:23.615 D/PowerManagerService(  256): system ready!
02-13 14:14:23.615 W/WindowManager(  256): updateFocusedWindowLocked newFocus=Window{4074e368 Keyguard paused=false} mode=1 mCurrentFocus = null
02-13 14:14:23.625 I/ActivityManager(  256): System now ready
02-13 14:14:23.625 I/SystemServer(  256): Making services ready
02-13 14:14:23.625 I/StatusBarManagerService(  256): Starting service: ComponentInfo{com.android.systemui/com.android.systemui.statusbar.StatusBarService}
02-13 14:14:23.635 I/ActivityManager(  256): Start proc com.android.systemui for service com.android.systemui/.statusbar.StatusBarService: pid=326 uid=1000 gids={3002, 3001, 3003, 1015}
02-13 14:14:23.645 I/ActivityManager(  256): Config changed: { scale=1.0 imsi=0/0 loc=en_US touch=0 keys=0/0/0 nav=0/0 orien=0 layout=0 uiMode=17 seq=2}
02-13 14:14:23.645 I/ActivityManager(  256): Config changed: { scale=1.0 imsi=0/0 loc=en_US touch=3 keys=1/1/2 nav=1/1 orien=1 layout=18 uiMode=17 seq=3}
02-13 14:14:23.855 I/ActivityManager(  256): Start proc com.android.inputmethod.latin for service com.android.inputmethod.latin/.LatinIME: pid=339 uid=10038 gids={}
02-13 14:14:23.875 D/NetworkManagementService(  256): Registering observer
02-13 14:14:23.905 I/ActivityManager(  256): Start proc com.android.phone for added application com.android.phone: pid=344 uid=1001 gids={3002, 3001, 3003, 1015}
02-13 14:14:23.905 I/ActivityManager(  256): Start proc com.broadcom.bt.app.system for added application com.broadcom.bt.app.system: pid=345 uid=1002 gids={3001, 3002}
02-13 14:14:24.126 D/NetdConnector(  256): RCV <- {600 Iface added wlan0}
02-13 14:14:24.126 I/ActivityManager(  256): Starting: Intent { act=android.intent.action.MAIN cat=[android.intent.category.HOME] flg=0x10000000 cmp=com.android.launcher/com.android.launcher2.Launcher } from pid 0
02-13 14:14:24.136 D/NetdConnector(  256): SND -> {interface readrxcounter rmnet0} {null}
02-13 14:14:24.146 D/NetdConnector(  256): RCV <- {216 0}
02-13 14:14:24.146 I/ActivityManager(  256): Start proc com.android.launcher for activity com.android.launcher/com.android.launcher2.Launcher: pid=364 uid=10037 gids={}
02-13 14:14:24.146 D/NetdConnector(  256): RSP <- {216 0}
02-13 14:14:24.166 D/NetdConnector(  256): SND -> {interface readtxcounter rmnet0} {null}
02-13 14:14:24.166 D/NetdConnector(  256): RCV <- {217 0}
02-13 14:14:24.166 D/NetdConnector(  256): RSP <- {217 0}
02-13 14:14:24.176 D/NetdConnector(  256): SND -> {interface setthrottle rmnet0 -1 -1} {null}
02-13 14:14:24.356 D/NetdConnector(  256): RCV <- {200 Interface throttling set}
02-13 14:14:24.356 D/NetdConnector(  256): RSP <- {200 Interface throttling set}
02-13 14:14:24.376 W/WindowManager(  256): updateFocusedWindowLocked newFocus=Window{4074e368 Keyguard paused=false} mode=0 mCurrentFocus = Window{4074e368 Keyguard paused=false}
02-13 14:14:24.496 I/ActivityManager(  256): Start proc com.google.process.gapps for service com.google.android.gsf/.loginservice.GoogleLoginService: pid=378 uid=10027 gids={3003, 1015, 2001, 1007}
02-13 14:14:24.806 I/StatusBarManagerService(  256): registerStatusBar bar=com.android.internal.statusbar.IStatusBar$Stub$Proxy@406f25e8
02-13 14:14:24.856 D/VoldConnector(  256): SND -> {share status ums} {null}
02-13 14:14:24.856 D/VoldCmdListener(  111): share status ums
02-13 14:14:24.856 D/VoldConnector(  256): RCV <- {210 Share unavailable}
02-13 14:14:24.856 D/VoldConnector(  256): RSP <- {210 Share unavailable}
02-13 14:14:24.856 D/StorageNotification(  326): Startup with UMS connection false (media state unmounted)
02-13 14:14:24.937 I/StorageNotification(  326): UMS connection changed to false (media state unmounted)
02-13 14:14:25.147 W/WindowManager(  256): updateFocusedWindowLocked newFocus=Window{4074e368 Keyguard paused=false} mode=3 mCurrentFocus = Window{4074e368 Keyguard paused=false}
02-13 14:14:25.307 W/WindowManager(  256): updateFocusedWindowLocked newFocus=Window{4074e368 Keyguard paused=false} mode=3 mCurrentFocus = Window{4074e368 Keyguard paused=false}
02-13 14:14:25.407 D/ConnectivityService(  256): getMobileDataEnabled returning true
02-13 14:14:25.427 W/WindowManager(  256): updateFocusedWindowLocked newFocus=Window{4074e368 Keyguard paused=false} mode=3 mCurrentFocus = Window{4074e368 Keyguard paused=false}
02-13 14:14:25.507 W/WindowManager(  256): updateFocusedWindowLocked newFocus=Window{4074e368 Keyguard paused=false} mode=2 mCurrentFocus = Window{4074e368 Keyguard paused=false}
02-13 14:14:25.537 I/WifiService(  256): WifiService trying to setNumAllowed to 11 with persist set to true
02-13 14:14:25.537 D/WifiService(  256): WifiHandler, MESSAGE_SET_CHANNELS, msg.arg1: 11, msg.arg2: 1
02-13 14:14:25.727 I/ActivityManager(  256): Start proc android.process.acore for content provider com.android.providers.userdictionary/.UserDictionaryProvider: pid=408 uid=10007 gids={3003, 1015}
02-13 14:14:25.747 W/WindowManager(  256): updateFocusedWindowLocked newFocus=Window{4074e368 Keyguard paused=false} mode=3 mCurrentFocus = Window{4074e368 Keyguard paused=false}
02-13 14:14:25.757 I/ActivityManager(  256): Config changed: { scale=1.0 imsi=310/120 loc=en_US touch=3 keys=1/1/2 nav=1/1 orien=1 layout=18 uiMode=17 seq=4}
02-13 14:14:25.787 I/TelephonyRegistry(  256): notifyMessageWaitingChanged: false
02-13 14:14:25.847 D/StatusBarPolicy(  326): updateSimState for subscription :0
02-13 14:14:25.847 D/StatusBarPolicy(  326): updateDataIcon subscription =0
02-13 14:14:25.897 W/WindowManager(  256): updateFocusedWindowLocked newFocus=Window{4074e368 Keyguard paused=false} mode=0 mCurrentFocus = Window{4074e368 Keyguard paused=false}
02-13 14:14:26.118 W/ActivityManager(  256): Unable to start service Intent { act=com.android.ussd.IExtendedNetworkService }: not found
02-13 14:14:26.228 I/TelephonyRegistry(  256): notifyDataConnection: anyState=0,default/INET,apnTypeState=0,iface=null,ip=null,gw=null,isDataConnectivityPossible=false,networkType=0,reason=dataNetworkDetached
02-13 14:14:26.238 I/TelephonyRegistry(  256): notifyDataConnection: anyState=0,default/INET6,apnTypeState=0,iface=null,ip=null,gw=null,isDataConnectivityPossible=false,networkType=0,reason=dataNetworkDetached
02-13 14:14:26.248 I/TelephonyRegistry(  256): notifyDataConnection: anyState=0,mms/INET,apnTypeState=0,iface=null,ip=null,gw=null,isDataConnectivityPossible=false,networkType=0,reason=dataNetworkDetached
02-13 14:14:26.248 I/TelephonyRegistry(  256): notifyDataConnection: anyState=0,mms/INET6,apnTypeState=0,iface=null,ip=null,gw=null,isDataConnectivityPossible=false,networkType=0,reason=dataNetworkDetached
02-13 14:14:26.258 I/TelephonyRegistry(  256): notifyDataConnection: anyState=0,supl/INET,apnTypeState=0,iface=null,ip=null,gw=null,isDataConnectivityPossible=false,networkType=0,reason=dataNetworkDetached
02-13 14:14:26.258 I/TelephonyRegistry(  256): notifyDataConnection: anyState=0,supl/INET6,apnTypeState=0,iface=null,ip=null,gw=null,isDataConnectivityPossible=false,networkType=0,reason=dataNetworkDetached
02-13 14:14:26.268 I/TelephonyRegistry(  256): notifyDataConnection: anyState=0,dun/INET,apnTypeState=0,iface=null,ip=null,gw=null,isDataConnectivityPossible=false,networkType=0,reason=dataNetworkDetached
02-13 14:14:26.278 I/TelephonyRegistry(  256): notifyDataConnection: anyState=0,dun/INET6,apnTypeState=0,iface=null,ip=null,gw=null,isDataConnectivityPossible=false,networkType=0,reason=dataNetworkDetached
02-13 14:14:26.278 I/TelephonyRegistry(  256): notifyDataConnection: anyState=0,hipri/INET,apnTypeState=0,iface=null,ip=null,gw=null,isDataConnectivityPossible=false,networkType=0,reason=dataNetworkDetached
02-13 14:14:26.288 I/TelephonyRegistry(  256): notifyDataConnection: anyState=0,hipri/INET6,apnTypeState=0,iface=null,ip=null,gw=null,isDataConnectivityPossible=false,networkType=0,reason=dataNetworkDetached
02-13 14:14:26.308 I/TelephonyRegistry(  256): notifyServiceState: 3 home null null null  Unknown CSS not supported -1 -1RoamInd: -1RoamStatus(sprint): -1DefRoamInd: -1EmergOnly: false
02-13 14:14:26.308 D/StatusBarPolicy(  326): onServiceStateChanged:3 home null null null  Unknown CSS not supported -1 -1RoamInd: -1RoamStatus(sprint): -1DefRoamInd: -1EmergOnly: falsefor subscription :0
02-13 14:14:26.308 D/StatusBarPolicy(  326): updateSignalStrength on subscription :0
02-13 14:14:26.308 D/StatusBarPolicy(  326): updateDataIcon subscription =0
02-13 14:14:26.368 I/WifiService(  256): WifiService trying to setNumAllowed to 11 with persist set to true
02-13 14:14:26.368 D/WifiService(  256): WifiHandler, MESSAGE_SET_CHANNELS, msg.arg1: 11, msg.arg2: 1
02-13 14:14:26.458 D/WifiService(  256): ACTION_BATTERY_CHANGED pluggedType: 0
02-13 14:14:26.458 D/WifiService(  256): WifiHandler, MESSAGE_UPDATE_STATE
02-13 14:14:26.458 D/WifiService(  256): isAirplaneModeOn(): false
02-13 14:14:26.458 D/WifiService(  256): updateWifiState(), wifiEnabled: true, airplaneMode: false, wifiShouldBeEnabled: true, wifiShouldBeStarted: true, strongestLockMode: 1
02-13 14:14:26.458 D/WifiService(  256): WifiHandler, MESSAGE_ENABLE_WIFI, msg.arg1: 0, msg.arg2: 1000
02-13 14:14:26.458 D/WifiService(  256): WifiHandler, MESSAGE_START_WIFI, msg.arg1: 1
02-13 14:14:27.429 I/ActivityManager(  256): Start proc com.android.settings for broadcast com.android.settings/.widget.SettingsAppWidgetProvider: pid=430 uid=1000 gids={3002, 3001, 3003, 1015}
02-13 14:14:27.429 I/TelephonyRegistry(  256): notifyServiceState: 3 home null null null  Unknown CSS not supported -1 -1RoamInd: -1RoamStatus(sprint): -1DefRoamInd: -1EmergOnly: false
02-13 14:14:27.469 W/WindowManager(  256): updateFocusedWindowLocked newFocus=Window{4074e368 Keyguard paused=false} mode=3 mCurrentFocus = Window{4074e368 Keyguard paused=false}
02-13 14:14:27.499 D/StatusBarPolicy(  326): onServiceStateChanged:3 home null null null  Unknown CSS not supported -1 -1RoamInd: -1RoamStatus(sprint): -1DefRoamInd: -1EmergOnly: falsefor subscription :0
02-13 14:14:27.499 D/StatusBarPolicy(  326): updateSignalStrength on subscription :0
02-13 14:14:27.519 D/StatusBarPolicy(  326): updateDataIcon subscription =0
02-13 14:14:27.529 W/WindowManager(  256): updateFocusedWindowLocked newFocus=Window{4074e368 Keyguard paused=false} mode=3 mCurrentFocus = Window{4074e368 Keyguard paused=false}
02-13 14:14:12.620 I/TelephonyRegistry(  256): notifyServiceState: 1 home Searching for Service null null  Unknown CSS not supported 0 0RoamInd: 2RoamStatus(sprint): 0DefRoamInd: 0EmergOnly: false
02-13 14:14:12.620 D/StatusBarPolicy(  326): onServiceStateChanged:1 home Searching for Service null null  Unknown CSS not supported 0 0RoamInd: 2RoamStatus(sprint): 0DefRoamInd: 0EmergOnly: falsefor subscription :0
02-13 14:14:12.620 D/StatusBarPolicy(  326): updateSignalStrength on subscription :0
02-13 14:14:12.620 D/StatusBarPolicy(  326): updateDataIcon subscription =0
02-13 14:14:12.630 D/PowerManagerService(  256): bootCompleted
02-13 14:14:12.630 D/PowerManagerService(  256): setTimeoutLocked now=32653 timeoutOverride=-1 nextState=3 when=38653
02-13 14:14:12.630 D/NetdConnector(  256): SND -> {interface list} {null}
02-13 14:14:12.630 D/NetdConnector(  256): RCV <- {110 lo}
02-13 14:14:12.630 D/NetdConnector(  256): RCV <- {110 dummy0}
02-13 14:14:12.630 D/NetdConnector(  256): RCV <- {110 rmnet0}
02-13 14:14:12.630 D/NetdConnector(  256): RCV <- {110 rmnet1}
02-13 14:14:12.630 D/NetdConnector(  256): RCV <- {110 rmnet2}
02-13 14:14:12.630 D/NetdConnector(  256): RCV <- {110 rmnet3}
02-13 14:14:12.630 D/NetdConnector(  256): RCV <- {110 rmnet4}
02-13 14:14:12.630 D/NetdConnector(  256): RCV <- {110 rmnet5}
02-13 14:14:12.630 D/NetdConnector(  256): RCV <- {110 rmnet6}
02-13 14:14:12.630 D/NetdConnector(  256): RCV <- {110 rmnet7}
02-13 14:14:12.630 D/NetdConnector(  256): RCV <- {110 tunl0}
02-13 14:14:12.630 D/NetdConnector(  256): RSP <- {110 lo}
02-13 14:14:12.630 D/NetdConnector(  256): RSP <- {110 dummy0}
02-13 14:14:12.630 D/NetdConnector(  256): RSP <- {110 rmnet0}
02-13 14:14:12.630 D/NetdConnector(  256): RSP <- {110 rmnet1}
02-13 14:14:12.640 D/NetdConnector(  256): RSP <- {110 rmnet2}
02-13 14:14:12.640 D/NetdConnector(  256): RSP <- {110 rmnet3}
02-13 14:14:12.640 D/NetdConnector(  256): RSP <- {110 rmnet4}
02-13 14:14:12.640 D/NetdConnector(  256): RSP <- {110 rmnet5}
02-13 14:14:12.640 D/NetdConnector(  256): RSP <- {110 rmnet6}
02-13 14:14:12.640 D/NetdConnector(  256): RSP <- {110 rmnet7}
02-13 14:14:12.660 D/NetdConnector(  256): RSP <- {110 tunl0}
02-13 14:14:12.660 D/NetdConnector(  256): RCV <- {110 gre0}
02-13 14:14:12.660 D/NetdConnector(  256): RSP <- {110 gre0}
02-13 14:14:12.660 D/NetdConnector(  256): RCV <- {110 sit0}
02-13 14:14:12.660 D/NetdConnector(  256): RSP <- {110 sit0}
02-13 14:14:12.660 D/NetdConnector(  256): RCV <- {110 ip6tnl0}
02-13 14:14:12.690 I/WifiService(  256): WifiService trying to setNumAllowed to 11 with persist set to true
02-13 14:14:12.690 D/WifiService(  256): WifiHandler, MESSAGE_SET_CHANNELS, msg.arg1: 11, msg.arg2: 1
02-13 14:14:12.700 D/NetdConnector(  256): RSP <- {110 ip6tnl0}
02-13 14:14:12.700 D/NetdConnector(  256): RCV <- {110 usb0}
02-13 14:14:12.700 D/NetdConnector(  256): RSP <- {110 usb0}
02-13 14:14:12.700 D/NetdConnector(  256): RCV <- {110 wlan0}
02-13 14:14:12.700 D/NetdConnector(  256): RSP <- {110 wlan0}
02-13 14:14:12.700 D/NetdConnector(  256): RCV <- {200 Interface list completed}
02-13 14:14:12.720 D/NetdConnector(  256): RSP <- {200 Interface list completed}
02-13 14:14:12.720 D/NetdConnector(  256): List terminated with {200 Interface list completed}
02-13 14:14:12.740 D/VoldConnector(  256): SND -> {volume mount /mnt/sdcard} {null}
02-13 14:14:12.740 D/VoldCmdListener(  111): volume mount /mnt/sdcard
02-13 14:14:12.740 E/DirectVolume(  111): getDeviceNodes i 0 j 0 33
02-13 14:14:12.740 I/Vold    (  111): /dev/block/vold/179:33 being considered for volume sdcard
02-13 14:14:12.740 D/Vold    (  111): Volume sdcard state changing 1 (Idle-Unmounted) -> 3 (Checking)
02-13 14:14:12.740 D/VoldConnector(  256): RCV <- {605 Volume sdcard /mnt/sdcard state changed from 1 (Idle-Unmounted) to 3 (Checking)}
02-13 14:14:12.750 I/StorageNotification(  326): Media {/mnt/sdcard} state changed from {unmounted} -> {checking}
02-13 14:14:13.040 I/ActivityManager(  256): Start proc com.google.android.partnersetup for broadcast com.google.android.partnersetup/.PhoneStateReceiver: pid=459 uid=10041 gids={3003}
02-13 14:14:13.110 I/TelephonyRegistry(  256): notifyServiceState: 0 home Sprint  310099  IS95A CSS not supported 41 4139RoamInd: 1RoamStatus(sprint): 1DefRoamInd: 160EmergOnly: false
02-13 14:14:13.130 I/TelephonyRegistry(  256): notifyServiceState: 0 home Sprint  310099  IS95A CSS not supported 41 4139RoamInd: 1RoamStatus(sprint): 1DefRoamInd: 160EmergOnly: false
02-13 14:14:13.140 I/TelephonyRegistry(  256): notifyServiceState: 0 home Sprint  310099  IS95A CSS not supported 41 4139RoamInd: 1RoamStatus(sprint): 1DefRoamInd: 160EmergOnly: false
02-13 14:14:13.150 D/StatusBarPolicy(  326): onSignalStrengthsChanged:SignalStrength: 99 0 -92 -70 -125 -25 8 99 2147483647 2147483647 2147483647 2147483647 cdma for subscription0
02-13 14:14:13.210 D/StatusBarPolicy(  326): updateSignalStrength on subscription :0
02-13 14:14:13.210 D/StatusBarPolicy(  326): onServiceStateChanged:0 home Sprint  310099  IS95A CSS not supported 41 4139RoamInd: 1RoamStatus(sprint): 1DefRoamInd: 160EmergOnly: falsefor subscription :0
02-13 14:14:13.210 D/StatusBarPolicy(  326): updateSignalStrength on subscription :0
02-13 14:14:13.210 D/StatusBarPolicy(  326): StatusBarPolocy::getIconLevel -CDMA
02-13 14:14:13.250 D/StatusBarPolicy(  326): getCdmaLevel_band_six -cdmaDbm:-92
02-13 14:14:13.250 D/StatusBarPolicy(  326): getCdmaLevel_band_six -cdmaEcio:-70
02-13 14:14:13.260 I/TelephonyRegistry(  256): notifyDataConnection: anyState=0,default/INET,apnTypeState=0,iface=null,ip=null,gw=null,isDataConnectivityPossible=true,networkType=4,reason=dataNetworkAttached
02-13 14:14:13.310 D/StatusBarPolicy(  326): updateDataIcon subscription =0
02-13 14:14:13.310 D/StatusBarPolicy(  326): onServiceStateChanged:0 home Sprint  310099  IS95A CSS not supported 41 4139RoamInd: 1RoamStatus(sprint): 1DefRoamInd: 160EmergOnly: falsefor subscription :0
02-13 14:14:13.310 D/StatusBarPolicy(  326): updateSignalStrength on subscription :0
02-13 14:14:13.320 D/StatusBarPolicy(  326): StatusBarPolocy::getIconLevel -CDMA
02-13 14:14:13.320 D/StatusBarPolicy(  326): getCdmaLevel_band_six -cdmaDbm:-92
02-13 14:14:13.320 D/StatusBarPolicy(  326): getCdmaLevel_band_six -cdmaEcio:-70
02-13 14:14:13.330 D/StatusBarPolicy(  326): updateDataIcon subscription =0
02-13 14:14:13.330 D/StatusBarPolicy(  326): onServiceStateChanged:0 home Sprint  310099  IS95A CSS not supported 41 4139RoamInd: 1RoamStatus(sprint): 1DefRoamInd: 160EmergOnly: falsefor subscription :0
02-13 14:14:13.330 D/StatusBarPolicy(  326): updateSignalStrength on subscription :0
02-13 14:14:13.330 D/StatusBarPolicy(  326): StatusBarPolocy::getIconLevel -CDMA
02-13 14:14:13.330 D/StatusBarPolicy(  326): getCdmaLevel_band_six -cdmaDbm:-92
02-13 14:14:13.330 D/StatusBarPolicy(  326): getCdmaLevel_band_six -cdmaEcio:-70
02-13 14:14:13.330 D/StatusBarPolicy(  326): updateDataIcon subscription =0
02-13 14:14:13.330 W/WindowManager(  256): updateFocusedWindowLocked newFocus=Window{4074e368 Keyguard paused=false} mode=3 mCurrentFocus = Window{4074e368 Keyguard paused=false}
02-13 14:14:13.340 D/StatusBarPolicy(  326): StatusBarPolicy onDataConnectionStateChanged to 0for nw : 4on subscription : 0
02-13 14:14:13.340 D/StatusBarPolicy(  326): Data network type changed to:4
02-13 14:14:13.340 D/StatusBarPolicy(  326): updateDataIcon subscription =0
02-13 14:14:13.440 I/TelephonyRegistry(  256): notifyDataConnection: anyState=0,default/INET6,apnTypeState=0,iface=null,ip=null,gw=null,isDataConnectivityPossible=true,networkType=4,reason=dataNetworkAttached
02-13 14:14:13.490 I/TelephonyRegistry(  256): notifyDataConnection: anyState=0,mms/INET,apnTypeState=0,iface=null,ip=null,gw=null,isDataConnectivityPossible=true,networkType=4,reason=dataNetworkAttached
02-13 14:14:13.510 I/TelephonyRegistry(  256): notifyDataConnection: anyState=0,mms/INET6,apnTypeState=0,iface=null,ip=null,gw=null,isDataConnectivityPossible=true,networkType=4,reason=dataNetworkAttached
02-13 14:14:13.520 I/TelephonyRegistry(  256): notifyDataConnection: anyState=0,supl/INET,apnTypeState=0,iface=null,ip=null,gw=null,isDataConnectivityPossible=true,networkType=4,reason=dataNetworkAttached
02-13 14:14:13.540 I/TelephonyRegistry(  256): notifyDataConnection: anyState=0,supl/INET6,apnTypeState=0,iface=null,ip=null,gw=null,isDataConnectivityPossible=true,networkType=4,reason=dataNetworkAttached
02-13 14:14:13.560 I/TelephonyRegistry(  256): notifyDataConnection: anyState=0,dun/INET,apnTypeState=0,iface=null,ip=null,gw=null,isDataConnectivityPossible=true,networkType=4,reason=dataNetworkAttached
02-13 14:14:13.570 I/TelephonyRegistry(  256): notifyDataConnection: anyState=0,dun/INET6,apnTypeState=0,iface=null,ip=null,gw=null,isDataConnectivityPossible=true,networkType=4,reason=dataNetworkAttached
02-13 14:14:13.590 I/TelephonyRegistry(  256): notifyDataConnection: anyState=0,hipri/INET,apnTypeState=0,iface=null,ip=null,gw=null,isDataConnectivityPossible=true,networkType=4,reason=dataNetworkAttached
02-13 14:14:13.600 I/TelephonyRegistry(  256): notifyDataConnection: anyState=0,hipri/INET6,apnTypeState=0,iface=null,ip=null,gw=null,isDataConnectivityPossible=true,networkType=4,reason=dataNetworkAttached
02-13 14:14:13.620 I/TelephonyRegistry(  256): notifyDataConnection: anyState=0,default/INET,apnTypeState=0,iface=null,ip=null,gw=null,isDataConnectivityPossible=true,networkType=4,reason=radioTechnologyChanged
02-13 14:14:13.650 I/TelephonyRegistry(  256): notifyDataConnection: anyState=0,default/INET6,apnTypeState=0,iface=null,ip=null,gw=null,isDataConnectivityPossible=true,networkType=4,reason=radioTechnologyChanged
02-13 14:14:13.650 I/TelephonyRegistry(  256): notifyDataConnection: anyState=0,mms/INET,apnTypeState=0,iface=null,ip=null,gw=null,isDataConnectivityPossible=true,networkType=4,reason=radioTechnologyChanged
02-13 14:14:13.670 I/TelephonyRegistry(  256): notifyDataConnection: anyState=0,mms/INET6,apnTypeState=0,iface=null,ip=null,gw=null,isDataConnectivityPossible=true,networkType=4,reason=radioTechnologyChanged
02-13 14:14:13.680 I/TelephonyRegistry(  256): notifyDataConnection: anyState=0,supl/INET,apnTypeState=0,iface=null,ip=null,gw=null,isDataConnectivityPossible=true,networkType=4,reason=radioTechnologyChanged
02-13 14:14:13.700 I/TelephonyRegistry(  256): notifyDataConnection: anyState=0,supl/INET6,apnTypeState=0,iface=null,ip=null,gw=null,isDataConnectivityPossible=true,networkType=4,reason=radioTechnologyChanged
02-13 14:14:13.720 I/TelephonyRegistry(  256): notifyDataConnection: anyState=0,dun/INET,apnTypeState=0,iface=null,ip=null,gw=null,isDataConnectivityPossible=true,networkType=4,reason=radioTechnologyChanged
02-13 14:14:13.730 I/TelephonyRegistry(  256): notifyDataConnection: anyState=0,dun/INET6,apnTypeState=0,iface=null,ip=null,gw=null,isDataConnectivityPossible=true,networkType=4,reason=radioTechnologyChanged
02-13 14:14:13.750 I/TelephonyRegistry(  256): notifyDataConnection: anyState=0,hipri/INET,apnTypeState=0,iface=null,ip=null,gw=null,isDataConnectivityPossible=true,networkType=4,reason=radioTechnologyChanged
02-13 14:14:13.750 I/TelephonyRegistry(  256): notifyDataConnection: anyState=0,hipri/INET6,apnTypeState=0,iface=null,ip=null,gw=null,isDataConnectivityPossible=true,networkType=4,reason=radioTechnologyChanged
02-13 14:14:13.790 I/TelephonyRegistry(  256): notifyServiceState: 0 home Sprint  310099  IS95A CSS not supported 41 4139RoamInd: 1RoamStatus(sprint): 1DefRoamInd: 160EmergOnly: false
02-13 14:14:13.790 D/StatusBarPolicy(  326): onServiceStateChanged:0 home Sprint  310099  IS95A CSS not supported 41 4139RoamInd: 1RoamStatus(sprint): 1DefRoamInd: 160EmergOnly: falsefor subscription :0
02-13 14:14:13.790 D/StatusBarPolicy(  326): updateSignalStrength on subscription :0
02-13 14:14:13.790 D/StatusBarPolicy(  326): StatusBarPolocy::getIconLevel -CDMA
02-13 14:14:13.790 D/StatusBarPolicy(  326): getCdmaLevel_band_six -cdmaDbm:-92
02-13 14:14:13.790 D/StatusBarPolicy(  326): getCdmaLevel_band_six -cdmaEcio:-70
02-13 14:14:13.790 D/StatusBarPolicy(  326): updateDataIcon subscription =0
02-13 14:14:13.820 I/TelephonyRegistry(  256): notifyServiceState: 0 home Sprint  310099  1xRTT CSS not supported 41 4139RoamInd: 1RoamStatus(sprint): 1DefRoamInd: 160EmergOnly: false
02-13 14:14:13.820 D/StatusBarPolicy(  326): onServiceStateChanged:0 home Sprint  310099  1xRTT CSS not supported 41 4139RoamInd: 1RoamStatus(sprint): 1DefRoamInd: 160EmergOnly: falsefor subscription :0
02-13 14:14:13.820 D/StatusBarPolicy(  326): updateSignalStrength on subscription :0
02-13 14:14:13.820 D/StatusBarPolicy(  326): StatusBarPolocy::getIconLevel -CDMA
02-13 14:14:13.820 D/StatusBarPolicy(  326): getCdmaLevel_band_six -cdmaDbm:-92
02-13 14:14:13.820 D/StatusBarPolicy(  326): getCdmaLevel_band_six -cdmaEcio:-70
02-13 14:14:13.820 D/StatusBarPolicy(  326): updateDataIcon subscription =0
02-13 14:14:13.850 I/ActivityManager(  256): Start proc com.redbend.vdmc for broadcast com.redbend.vdmc/.MyConnectionChangeReceiver: pid=467 uid=1000 gids={3002, 3001, 3003, 1015}
02-13 14:14:13.890 I/TelephonyRegistry(  256): notifyDataConnection: anyState=0,default/INET,apnTypeState=1,iface=null,ip=null,gw=null,isDataConnectivityPossible=true,networkType=7,reason=radioTechnologyChanged
02-13 14:14:13.890 D/StatusBarPolicy(  326): StatusBarPolicy onDataConnectionStateChanged to 0for nw : 7on subscription : 0
02-13 14:14:13.890 D/StatusBarPolicy(  326): Data network type changed to:7
02-13 14:14:13.890 D/StatusBarPolicy(  326): updateDataIcon subscription =0
02-13 14:14:13.980 I/TelephonyRegistry(  256): notifyDataConnection: anyState=0,default/INET,apnTypeState=1,iface=null,ip=null,gw=null,isDataConnectivityPossible=true,networkType=7,reason=radioTechnologyChanged
02-13 14:14:13.990 I/TelephonyRegistry(  256): notifyDataConnection: anyState=0,default/INET6,apnTypeState=0,iface=null,ip=null,gw=null,isDataConnectivityPossible=true,networkType=7,reason=radioTechnologyChanged
02-13 14:14:14.000 I/TelephonyRegistry(  256): notifyDataConnection: anyState=0,mms/INET,apnTypeState=0,iface=null,ip=null,gw=null,isDataConnectivityPossible=true,networkType=7,reason=radioTechnologyChanged
02-13 14:14:14.060 I/TelephonyRegistry(  256): notifyDataConnection: anyState=0,mms/INET6,apnTypeState=0,iface=null,ip=null,gw=null,isDataConnectivityPossible=true,networkType=7,reason=radioTechnologyChanged
02-13 14:14:14.071 I/TelephonyRegistry(  256): notifyDataConnection: anyState=0,supl/INET,apnTypeState=0,iface=null,ip=null,gw=null,isDataConnectivityPossible=true,networkType=7,reason=radioTechnologyChanged
02-13 14:14:14.081 I/TelephonyRegistry(  256): notifyDataConnection: anyState=0,supl/INET6,apnTypeState=0,iface=null,ip=null,gw=null,isDataConnectivityPossible=true,networkType=7,reason=radioTechnologyChanged
02-13 14:14:14.091 I/TelephonyRegistry(  256): notifyDataConnection: anyState=0,dun/INET,apnTypeState=0,iface=null,ip=null,gw=null,isDataConnectivityPossible=true,networkType=7,reason=radioTechnologyChanged
02-13 14:14:14.091 I/TelephonyRegistry(  256): notifyDataConnection: anyState=0,dun/INET6,apnTypeState=0,iface=null,ip=null,gw=null,isDataConnectivityPossible=true,networkType=7,reason=radioTechnologyChanged
02-13 14:14:14.101 I/TelephonyRegistry(  256): notifyDataConnection: anyState=0,hipri/INET,apnTypeState=0,iface=null,ip=null,gw=null,isDataConnectivityPossible=true,networkType=7,reason=radioTechnologyChanged
02-13 14:14:14.111 I/TelephonyRegistry(  256): notifyDataConnection: anyState=0,hipri/INET6,apnTypeState=0,iface=null,ip=null,gw=null,isDataConnectivityPossible=true,networkType=7,reason=radioTechnologyChanged
02-13 14:14:14.131 D/StatusBarPolicy(  326): onSignalStrengthsChanged:SignalStrength: 99 0 -92 -70 -118 -315 -1 99 2147483647 2147483647 2147483647 2147483647 cdma for subscription0
02-13 14:14:14.131 D/StatusBarPolicy(  326): updateSignalStrength on subscription :0
02-13 14:14:14.131 D/StatusBarPolicy(  326): StatusBarPolocy::getIconLevel -CDMA
02-13 14:14:14.131 D/StatusBarPolicy(  326): getCdmaLevel_band_six -cdmaDbm:-92
02-13 14:14:14.131 D/StatusBarPolicy(  326): getCdmaLevel_band_six -cdmaEcio:-70
02-13 14:14:14.191 D/StatusBarPolicy(  326): onSignalStrengthsChanged:SignalStrength: 99 0 -92 -70 -118 -115 -1 99 2147483647 2147483647 2147483647 2147483647 cdma for subscription0
02-13 14:14:14.191 D/StatusBarPolicy(  326): updateSignalStrength on subscription :0
02-13 14:14:14.201 D/StatusBarPolicy(  326): StatusBarPolocy::getIconLevel -CDMA
02-13 14:14:14.201 D/StatusBarPolicy(  326): getCdmaLevel_band_six -cdmaDbm:-92
02-13 14:14:14.201 D/StatusBarPolicy(  326): getCdmaLevel_band_six -cdmaEcio:-70
02-13 14:14:14.221 D/ConnectivityService(  256): ConnectivityChange for mobile: CONNECTING/CONNECTING
02-13 14:14:14.241 I/ActivityManager(  256): Start proc com.google.android.googlequicksearchbox for broadcast com.google.android.googlequicksearchbox/.SearchWidgetProvider: pid=476 uid=10040 gids={3003}
02-13 14:14:14.281 I/TelephonyRegistry(  256): notifyServiceState: 0 home Sprint  310099  1xRTT CSS not supported 41 4139RoamInd: 1RoamStatus(sprint): 1DefRoamInd: 160EmergOnly: false
02-13 14:14:14.281 D/StatusBarPolicy(  326): onServiceStateChanged:0 home Sprint  310099  1xRTT CSS not supported 41 4139RoamInd: 1RoamStatus(sprint): 1DefRoamInd: 160EmergOnly: falsefor subscription :0
02-13 14:14:14.281 D/StatusBarPolicy(  326): updateSignalStrength on subscription :0
02-13 14:14:14.281 D/StatusBarPolicy(  326): StatusBarPolocy::getIconLevel -CDMA
02-13 14:14:14.281 D/StatusBarPolicy(  326): getCdmaLevel_band_six -cdmaDbm:-92
02-13 14:14:14.281 D/StatusBarPolicy(  326): getCdmaLevel_band_six -cdmaEcio:-70
02-13 14:14:14.281 D/StatusBarPolicy(  326): updateDataIcon subscription =0
02-13 14:14:14.541 I/ActivityManager(  256): Start proc com.qualcomm.privinit for broadcast com.qualcomm.privinit/.BootReciever: pid=487 uid=1000 gids={3002, 3001, 3003, 1015}
02-13 14:14:14.691 I/ActivityManager(  256): Start proc com.cooliris.media for broadcast com.cooliris.media/com.cooliris.cache.BootReceiver: pid=494 uid=10046 gids={1015, 3003}
02-13 14:14:14.861 I/ActivityManager(  256): Start proc zte.com.cn.alarmclock for broadcast zte.com.cn.alarmclock/.AlarmInitReceiver: pid=503 uid=10001 gids={}
02-13 14:14:14.891 I/BootReceiver(  256): Copying /proc/last_kmsg to DropBox (SYSTEM_LAST_KMSG)
02-13 14:14:15.061 I/ActivityManager(  256): Start proc com.sprint.zone for broadcast com.sprint.zone/.BootCompleteReceiver: pid=510 uid=10002 gids={3003, 3002, 3001}
02-13 14:14:15.172 I/ActivityManager(  256): Start proc android.process.media for content provider com.android.providers.downloads/.DownloadProvider: pid=517 uid=10024 gids={1015, 2001, 3003}
02-13 14:14:15.492 D/ConnectivityService(  256): ConnectivityChange for WIFI: DISCONNECTED/IDLE
02-13 14:14:15.492 D/ConnectivityService(  256): Got Network Disconnected from Driver nwtype=1
02-13 14:14:15.492 D/ConnectivityService(  256): getMobileDataEnabled returning true
02-13 14:14:15.492 D/ConnectivityService(  256): Attempting to switch to mobile
02-13 14:14:15.502 D/StatusBarPolicy(  326): updateSignalStrength on subscription :0
02-13 14:14:15.502 D/StatusBarPolicy(  326): StatusBarPolocy::getIconLevel -CDMA
02-13 14:14:15.502 D/StatusBarPolicy(  326): getCdmaLevel_band_six -cdmaDbm:-92
02-13 14:14:15.502 D/StatusBarPolicy(  326): getCdmaLevel_band_six -cdmaEcio:-70
02-13 14:14:15.622 I/ActivityManager(  256): Start proc com.android.email for content provider com.android.email/com.android.exchange.provider.ExchangeProvider: pid=527 uid=10048 gids={3003, 1015}
02-13 14:14:16.253 D/StatusBarPolicy(  326): onSignalStrengthsChanged:SignalStrength: 99 0 -92 -70 -118 -190 -1 99 2147483647 2147483647 2147483647 2147483647 cdma for subscription0
02-13 14:14:16.253 D/StatusBarPolicy(  326): updateSignalStrength on subscription :0
02-13 14:14:16.253 D/StatusBarPolicy(  326): StatusBarPolocy::getIconLevel -CDMA
02-13 14:14:16.253 D/StatusBarPolicy(  326): getCdmaLevel_band_six -cdmaDbm:-92
02-13 14:14:16.253 D/StatusBarPolicy(  326): getCdmaLevel_band_six -cdmaEcio:-70
02-13 14:14:17.624 W/Vold    (  111): Filesystem modified - rechecking (pass 2)
02-13 14:14:17.654 I/Vold    (  111): Device /dev/block/vold/179:33, target /mnt/sdcard mounted @ /mnt/secure/staging
02-13 14:14:17.654 D/Vold    (  111): Volume sdcard state changing 3 (Checking) -> 4 (Mounted)
02-13 14:14:17.654 D/VoldConnector(  256): RCV <- {605 Volume sdcard /mnt/sdcard state changed from 3 (Checking) to 4 (Mounted)}
02-13 14:14:17.654 I/StorageNotification(  326): Media {/mnt/sdcard} state changed from {checking} -> {mounted}
02-13 14:14:17.664 D/VoldConnector(  256): RCV <- {200 volume operation succeeded}
02-13 14:14:17.664 D/VoldConnector(  256): RSP <- {200 volume operation succeeded}
02-13 14:14:17.674 W/WindowManager(  256): updateFocusedWindowLocked newFocus=Window{4074e368 Keyguard paused=false} mode=3 mCurrentFocus = Window{4074e368 Keyguard paused=false}
02-13 14:14:17.684 D/VoldConnector(  256): SND -> {asec list} {null}
02-13 14:14:17.724 D/VoldCmdListener(  111): asec list
02-13 14:14:17.724 D/VoldConnector(  256): RCV <- {200 asec operation succeeded}
02-13 14:14:17.734 D/VoldConnector(  256): RSP <- {200 asec operation succeeded}
02-13 14:14:17.774 I/ActivityManager(  256): Start proc com.android.voicedialer for broadcast com.android.voicedialer/.VoiceDialerReceiver: pid=538 uid=10005 gids={3002}
02-13 14:14:17.804 D/VoldConnector(  256): List terminated with {200 asec operation succeeded}
02-13 14:14:17.814 D/RPC     (  256): 3000008c:00050000 sending call (XID 1).
02-13 14:14:17.814 D/RPC     (  256): 3000008c:00050000 received REPLY (XID 1), grabbing mutex to wake up client.
02-13 14:14:17.814 D/RPC     (  256): 3000008c:00050000 call success.
02-13 14:14:17.814 D/RPC     (  256): 3000008c:00050000 sending call (XID 2).
02-13 14:14:17.814 D/RPC     (  256): 3000008c:00050000 received REPLY (XID 2), grabbing mutex to wake up client.
02-13 14:14:17.814 D/RPC     (  256): 3000008c:00050000 call success.
02-13 14:14:17.814 D/RPC     (  256): 3000008c:00050000 received CALL.
02-13 14:14:17.834 W/PackageManager(  256): Unknown permission com.android.vending.permission.UPDATE_MARKET_FAILURE in package com.android.vending.updater
02-13 14:14:17.834 D/RPC     (  256): 3000008c:00050000 dispatching RPC call (XID 9, xdr 0x40a0b8) for callback client 3100008c:00050001.
02-13 14:14:17.834 D/RPC     (  256): 3100008c:327681 sending RPC reply (XID 9)
02-13 14:14:17.834 D/RPC     (  256): 3000008c:00050000 sending call (XID 3).
02-13 14:14:17.834 D/RPC     (  256): 3000008c:00050000 received REPLY (XID 3), grabbing mutex to wake up client.
02-13 14:14:17.834 D/RPC     (  256): 3000008c:00050000 waiting for XDR input buffer to be consumed.
02-13 14:14:17.834 D/RPC     (  256): 3000008c:00050000 call success.
02-13 14:14:17.834 D/RPC     (  256): 3000008c:00050000 received CALL.
02-13 14:14:17.834 D/RPC     (  256): 3000008c:00050000 dispatching RPC call (XID 10, xdr 0x40a0b8) for callback client 3100008c:00050001.
02-13 14:14:17.834 D/RPC     (  256): 3100008c:327681 sending RPC reply (XID 10)
02-13 14:14:17.834 D/RPC     (  256): 3000008c:00050000 sending call (XID 4).
02-13 14:14:17.834 D/RPC     (  256): 3000008c:00050000 received REPLY (XID 4), grabbing mutex to wake up client.
02-13 14:14:17.834 D/RPC     (  256): 3000008c:00050000 call success.
02-13 14:14:17.844 W/PackageManager(  256): Unknown permission android.permission.ADD_SYSTEM_SERVICE in package com.android.phone
02-13 14:14:17.844 D/RPC     (  256): 3000008c:00050000 received CALL.
02-13 14:14:17.844 D/RPC     (  256): 3000008c:00050000 dispatching RPC call (XID 11, xdr 0x40a0b8) for callback client 3100008c:00050001.
02-13 14:14:17.844 D/RPC     (  256): 3100008c:327681 sending RPC reply (XID 11)
02-13 14:14:17.864 W/PackageManager(  256): Unknown permission com.google.android.apps.googlevoice.permission.AUTO_SEND in package com.google.android.voicesearch
02-13 14:14:17.874 W/PackageManager(  256): Not granting permission android.permission.SEND_DOWNLOAD_COMPLETED_INTENTS to package com.android.browser (protectionLevel=2 flags=0x9be45)
02-13 14:14:17.874 W/PackageManager(  256): Unknown permission com.android.email.provider.AttachmentProvider in package com.android.music
02-13 14:14:17.874 W/PackageManager(  256): Not granting permission android.permission.SEND_DOWNLOAD_COMPLETED_INTENTS to package com.android.music (protectionLevel=2 flags=0x8be65)
02-13 14:14:17.894 W/PackageManager(  256): Unknown permission android.permission.READ_OWNER_DATA in package com.android.setupwizard
02-13 14:14:17.894 W/PackageManager(  256): Unknown permission android.permission.WRITE_OWNER_DATA in package com.android.setupwizard
