02-13 14:17:44.856 W/WindowManager(  256): updateFocusedWindowLocked newFocus=Window{409067e0 com.google.android.youtube/com.google.android.youtube.app.froyo.phone.HomeActivity paused=false} mode=2 mCurrentFocus = Window{409067e0 com.google.android.youtube/com.google.android.youtube.app.froyo.phone.HomeActivity paused=false}
02-13 14:17:44.936 W/WindowManager(  256): updateFocusedWindowLocked newFocus=Window{409067e0 com.google.android.youtube/com.google.android.youtube.app.froyo.phone.HomeActivity paused=false} mode=3 mCurrentFocus = Window{409067e0 com.google.android.youtube/com.google.android.youtube.app.froyo.phone.HomeActivity paused=false}
02-13 14:17:44.936 W/WindowManager(  256): updateFocusedWindowLocked newFocus=Window{409067e0 com.google.android.youtube/com.google.android.youtube.app.froyo.phone.HomeActivity paused=false} mode=3 mCurrentFocus = Window{409067e0 com.google.android.youtube/com.google.android.youtube.app.froyo.phone.HomeActivity paused=false}
02-13 14:17:44.986 W/WindowManager(  256): updateFocusedWindowLocked newFocus=Window{409067e0 com.google.android.youtube/com.google.android.youtube.app.froyo.phone.HomeActivity paused=true} mode=0 mCurrentFocus = Window{409067e0 com.google.android.youtube/com.google.android.youtube.app.froyo.phone.HomeActivity paused=true}
02-13 14:17:45.006 W/WindowManager(  256): updateFocusedWindowLocked newFocus=null mode=3 mCurrentFocus = Window{409067e0 com.google.android.youtube/com.google.android.youtube.app.froyo.phone.HomeActivity paused=true}
02-13 14:17:45.056 D/PowerManagerService(  256): setTimeoutLocked now=245079 timeoutOverride=-1 nextState=3 when=251079
02-13 14:17:45.056 W/WindowManager(  256): updateFocusedWindowLocked newFocus=Window{4082a0f0 com.android.launcher/com.android.launcher2.Launcher paused=false} mode=3 mCurrentFocus = null
02-13 14:17:45.096 W/WindowManager(  256): updateFocusedWindowLocked newFocus=Window{4082a0f0 com.android.launcher/com.android.launcher2.Launcher paused=false} mode=2 mCurrentFocus = Window{4082a0f0 com.android.launcher/com.android.launcher2.Launcher paused=false}
02-13 14:17:45.096 W/WindowManager(  256): updateFocusedWindowLocked newFocus=Window{4082a0f0 com.android.launcher/com.android.launcher2.Launcher paused=false} mode=2 mCurrentFocus = Window{4082a0f0 com.android.launcher/com.android.launcher2.Launcher paused=false}
02-13 14:17:45.327 W/WindowManager(  256): updateFocusedWindowLocked newFocus=Window{4082a0f0 com.android.launcher/com.android.launcher2.Launcher paused=false} mode=3 mCurrentFocus = Window{4082a0f0 com.android.launcher/com.android.launcher2.Launcher paused=false}
02-13 14:17:45.417 I/ActivityManager(  256): No longer want com.android.providers.calendar (pid 636): hidden #16
02-13 14:17:45.437 W/WindowManager(  256): updateFocusedWindowLocked newFocus=Window{4082a0f0 com.android.launcher/com.android.launcher2.Launcher paused=false} mode=3 mCurrentFocus = Window{4082a0f0 com.android.launcher/com.android.launcher2.Launcher paused=false}
02-13 14:17:45.477 W/WindowManager(  256): updateFocusedWindowLocked newFocus=Window{4082a0f0 com.android.launcher/com.android.launcher2.Launcher paused=false} mode=0 mCurrentFocus = Window{4082a0f0 com.android.launcher/com.android.launcher2.Launcher paused=false}
02-13 14:17:45.527 W/WindowManager(  256): updateFocusedWindowLocked newFocus=Window{4082a0f0 com.android.launcher/com.android.launcher2.Launcher paused=false} mode=0 mCurrentFocus = Window{4082a0f0 com.android.launcher/com.android.launcher2.Launcher paused=false}
02-13 14:17:45.777 D/PowerManagerService(  256): setTimeoutLocked now=245803 timeoutOverride=-1 nextState=3 when=251803
02-13 14:17:46.848 D/StatusBarPolicy(  326): onSignalStrengthsChanged:SignalStrength: 99 0 -97 -90 -95 -30 6 99 2147483647 2147483647 2147483647 2147483647 cdma for subscription0
02-13 14:17:46.848 D/StatusBarPolicy(  326): updateSignalStrength on subscription :0
02-13 14:17:46.858 D/StatusBarPolicy(  326): StatusBarPolocy::getIconLevel -EVDO
02-13 14:17:46.858 D/StatusBarPolicy(  326): getEvdoLevel_band_six -evdoDbm:-95
02-13 14:17:46.858 D/StatusBarPolicy(  326): getEvdoLevel_band_six -evdoEcio:-30
02-13 14:17:48.339 D/StatusBarPolicy(  326): updateDataIcon subscription =0
02-13 14:17:49.070 D/StatusBarPolicy(  326): onSignalStrengthsChanged:SignalStrength: 99 0 -96 -70 -96 -40 7 99 2147483647 2147483647 2147483647 2147483647 cdma for subscription0
02-13 14:17:49.080 D/StatusBarPolicy(  326): updateSignalStrength on subscription :0
02-13 14:17:49.080 D/StatusBarPolicy(  326): StatusBarPolocy::getIconLevel -EVDO
02-13 14:17:49.080 D/StatusBarPolicy(  326): getEvdoLevel_band_six -evdoDbm:-96
02-13 14:17:49.080 D/StatusBarPolicy(  326): getEvdoLevel_band_six -evdoEcio:-40
02-13 14:17:51.322 D/StatusBarPolicy(  326): onSignalStrengthsChanged:SignalStrength: 99 0 -99 -95 -97 -35 6 99 2147483647 2147483647 2147483647 2147483647 cdma for subscription0
02-13 14:17:51.322 D/StatusBarPolicy(  326): updateSignalStrength on subscription :0
02-13 14:17:51.322 D/StatusBarPolicy(  326): StatusBarPolocy::getIconLevel -EVDO
02-13 14:17:51.322 D/StatusBarPolicy(  326): getEvdoLevel_band_six -evdoDbm:-97
02-13 14:17:51.322 D/StatusBarPolicy(  326): getEvdoLevel_band_six -evdoEcio:-35
02-13 14:17:51.783 D/PowerManagerService(  256): setTimeoutLocked now=251804 timeoutOverride=-1 nextState=1 when=358804
02-13 14:17:53.555 D/StatusBarPolicy(  326): onSignalStrengthsChanged:SignalStrength: 99 0 -99 -95 -96 -10 8 99 2147483647 2147483647 2147483647 2147483647 cdma for subscription0
02-13 14:17:53.555 D/StatusBarPolicy(  326): updateSignalStrength on subscription :0
02-13 14:17:53.555 D/StatusBarPolicy(  326): StatusBarPolocy::getIconLevel -EVDO
02-13 14:17:53.555 D/StatusBarPolicy(  326): getEvdoLevel_band_six -evdoDbm:-96
02-13 14:17:53.555 D/StatusBarPolicy(  326): getEvdoLevel_band_six -evdoEcio:-10
02-13 14:17:55.757 D/StatusBarPolicy(  326): onSignalStrengthsChanged:SignalStrength: 99 0 -100 -70 -84 -25 8 99 2147483647 2147483647 2147483647 2147483647 cdma for subscription0
02-13 14:17:55.757 D/StatusBarPolicy(  326): updateSignalStrength on subscription :0
02-13 14:17:55.757 D/StatusBarPolicy(  326): StatusBarPolocy::getIconLevel -EVDO
02-13 14:17:55.757 D/StatusBarPolicy(  326): getEvdoLevel_band_six -evdoDbm:-84
02-13 14:17:55.757 D/StatusBarPolicy(  326): getEvdoLevel_band_six -evdoEcio:-25
02-13 14:17:55.777 I/TelephonyRegistry(  256): notifyServiceState: 0 home Sprint  310099  EvDo rev. A CSS not supported 41 4139RoamInd: 1RoamStatus(sprint): 1DefRoamInd: 160EmergOnly: false
02-13 14:17:55.777 D/StatusBarPolicy(  326): onServiceStateChanged:0 home Sprint  310099  EvDo rev. A CSS not supported 41 4139RoamInd: 1RoamStatus(sprint): 1DefRoamInd: 160EmergOnly: falsefor subscription :0
02-13 14:17:55.777 D/StatusBarPolicy(  326): updateSignalStrength on subscription :0
02-13 14:17:55.777 D/StatusBarPolicy(  326): StatusBarPolocy::getIconLevel -EVDO
02-13 14:17:55.777 D/StatusBarPolicy(  326): getEvdoLevel_band_six -evdoDbm:-84
02-13 14:17:55.777 D/StatusBarPolicy(  326): getEvdoLevel_band_six -evdoEcio:-25
02-13 14:17:55.777 D/StatusBarPolicy(  326): updateDataIcon subscription =0
02-13 14:17:55.807 D/StatusBarPolicy(  326): onSignalStrengthsChanged:SignalStrength: 99 0 -100 -70 -86 -25 8 99 2147483647 2147483647 2147483647 2147483647 cdma for subscription0
02-13 14:17:55.807 D/StatusBarPolicy(  326): updateSignalStrength on subscription :0
02-13 14:17:55.807 D/StatusBarPolicy(  326): StatusBarPolocy::getIconLevel -EVDO
02-13 14:17:55.807 D/StatusBarPolicy(  326): getEvdoLevel_band_six -evdoDbm:-86
02-13 14:17:55.807 D/StatusBarPolicy(  326): getEvdoLevel_band_six -evdoEcio:-25
02-13 14:17:57.809 D/StatusBarPolicy(  326): updateDataIcon subscription =0
02-13 14:18:00.001 D/AlarmManager(  256): scheduleTimeTickEvent calendar=Mon Feb 13 14:19:00 CST 2012
02-13 14:18:00.001 D/AlarmManager(  256): calendar.getTimeInMillis()1329164340000
02-13 14:18:00.261 D/StatusBarPolicy(  326): onSignalStrengthsChanged:SignalStrength: 99 0 -100 -70 -90 -35 8 99 2147483647 2147483647 2147483647 2147483647 cdma for subscription0
02-13 14:18:00.261 D/StatusBarPolicy(  326): updateSignalStrength on subscription :0
02-13 14:18:00.261 D/StatusBarPolicy(  326): StatusBarPolocy::getIconLevel -EVDO
02-13 14:18:00.271 D/StatusBarPolicy(  326): getEvdoLevel_band_six -evdoDbm:-90
02-13 14:18:00.271 D/StatusBarPolicy(  326): getEvdoLevel_band_six -evdoEcio:-35
02-13 14:18:00.792 I/TelephonyRegistry(  256): notifyServiceState: 0 home Sprint  310099  EvDo rev. A CSS not supported 41 4139RoamInd: 1RoamStatus(sprint): 1DefRoamInd: 160EmergOnly: false
02-13 14:18:00.792 D/StatusBarPolicy(  326): onServiceStateChanged:0 home Sprint  310099  EvDo rev. A CSS not supported 41 4139RoamInd: 1RoamStatus(sprint): 1DefRoamInd: 160EmergOnly: falsefor subscription :0
02-13 14:18:00.792 D/StatusBarPolicy(  326): updateSignalStrength on subscription :0
02-13 14:18:00.792 D/StatusBarPolicy(  326): StatusBarPolocy::getIconLevel -EVDO
02-13 14:18:00.792 D/StatusBarPolicy(  326): getEvdoLevel_band_six -evdoDbm:-90
02-13 14:18:00.792 D/StatusBarPolicy(  326): getEvdoLevel_band_six -evdoEcio:-35
02-13 14:18:00.792 D/StatusBarPolicy(  326): updateDataIcon subscription =0
02-13 14:18:02.233 W/Vold    (  111): Ignoring unknown switch 'usb_connected'
02-13 14:18:02.253 D/NetdConnector(  256): SND -> {interface list} {null}
02-13 14:18:02.263 D/NetdConnector(  256): RCV <- {110 lo}
02-13 14:18:02.263 D/NetdConnector(  256): RSP <- {110 lo}
02-13 14:18:02.273 D/NetdConnector(  256): RCV <- {110 dummy0}
02-13 14:18:02.273 D/NetdConnector(  256): RSP <- {110 dummy0}
02-13 14:18:02.273 D/NetdConnector(  256): RCV <- {110 rmnet0}
02-13 14:18:02.283 D/NetdConnector(  256): RSP <- {110 rmnet0}
02-13 14:18:02.283 D/NetdConnector(  256): RCV <- {110 rmnet1}
02-13 14:18:02.283 D/NetdConnector(  256): RSP <- {110 rmnet1}
02-13 14:18:02.293 D/NetdConnector(  256): RCV <- {110 rmnet2}
02-13 14:18:02.293 D/NetdConnector(  256): RSP <- {110 rmnet2}
02-13 14:18:02.293 D/NetdConnector(  256): RCV <- {110 rmnet3}
02-13 14:18:02.293 D/NetdConnector(  256): RSP <- {110 rmnet3}
02-13 14:18:02.293 D/NetdConnector(  256): RCV <- {110 rmnet4}
02-13 14:18:02.293 D/NetdConnector(  256): RSP <- {110 rmnet4}
02-13 14:18:02.293 D/NetdConnector(  256): RCV <- {110 rmnet5}
02-13 14:18:02.293 D/NetdConnector(  256): RSP <- {110 rmnet5}
02-13 14:18:02.293 D/NetdConnector(  256): RCV <- {110 rmnet6}
02-13 14:18:02.293 D/NetdConnector(  256): RSP <- {110 rmnet6}
02-13 14:18:02.293 D/NetdConnector(  256): RCV <- {110 rmnet7}
02-13 14:18:02.293 D/NetdConnector(  256): RSP <- {110 rmnet7}
02-13 14:18:02.293 D/NetdConnector(  256): RCV <- {110 tunl0}
02-13 14:18:02.293 D/NetdConnector(  256): RSP <- {110 tunl0}
02-13 14:18:02.303 D/NetdConnector(  256): RCV <- {110 gre0}
02-13 14:18:02.303 D/NetdConnector(  256): RSP <- {110 gre0}
02-13 14:18:02.303 D/NetdConnector(  256): RCV <- {110 sit0}
02-13 14:18:02.303 D/NetdConnector(  256): RSP <- {110 sit0}
02-13 14:18:02.303 D/NetdConnector(  256): RCV <- {110 ip6tnl0}
02-13 14:18:02.303 D/NetdConnector(  256): RSP <- {110 ip6tnl0}
02-13 14:18:02.303 D/NetdConnector(  256): RCV <- {110 usb0}
02-13 14:18:02.303 D/NetdConnector(  256): RSP <- {110 usb0}
02-13 14:18:02.303 D/NetdConnector(  256): RCV <- {110 wlan0}
02-13 14:18:02.303 D/NetdConnector(  256): RSP <- {110 wlan0}
02-13 14:18:02.303 D/NetdConnector(  256): RCV <- {200 Interface list completed}
02-13 14:18:02.303 D/NetdConnector(  256): RSP <- {200 Interface list completed}
02-13 14:18:02.303 D/NetdConnector(  256): List terminated with {200 Interface list completed}
02-13 14:18:02.433 D/StatusBarPolicy(  326): updateDataIcon subscription =0
02-13 14:18:02.503 D/StatusBarPolicy(  326): onSignalStrengthsChanged:SignalStrength: 99 0 -100 -70 -93 -35 7 99 2147483647 2147483647 2147483647 2147483647 cdma for subscription0
02-13 14:18:02.503 D/StatusBarPolicy(  326): updateSignalStrength on subscription :0
02-13 14:18:02.503 D/StatusBarPolicy(  326): StatusBarPolocy::getIconLevel -EVDO
02-13 14:18:02.503 D/StatusBarPolicy(  326): getEvdoLevel_band_six -evdoDbm:-93
02-13 14:18:02.503 D/StatusBarPolicy(  326): getEvdoLevel_band_six -evdoEcio:-35
02-13 14:18:03.444 D/StatusBarPolicy(  326): updateDataIcon subscription =0
02-13 14:18:03.504 D/PowerManagerService(  256): setTimeoutLocked now=263536 timeoutOverride=-1 nextState=3 when=269536
02-13 14:18:03.504 D/WifiService(  256): ACTION_BATTERY_CHANGED pluggedType: 1
02-13 14:18:03.514 D/WifiService(  256): WifiHandler, MESSAGE_UPDATE_STATE
02-13 14:18:03.514 D/WifiService(  256): isAirplaneModeOn(): false
02-13 14:18:03.514 D/WifiService(  256): updateWifiState(), wifiEnabled: true, airplaneMode: false, wifiShouldBeEnabled: true, wifiShouldBeStarted: true, strongestLockMode: 1
02-13 14:18:03.514 D/WifiService(  256): WifiHandler, MESSAGE_ENABLE_WIFI, msg.arg1: 0, msg.arg2: 1000
02-13 14:18:03.514 D/WifiService(  256): WifiHandler, MESSAGE_START_WIFI, msg.arg1: 1
02-13 14:18:03.574 D/StatusBarPolicy(  326): onSignalStrengthsChanged:SignalStrength: 99 0 -100 -70 -88 -55 6 99 2147483647 2147483647 2147483647 2147483647 cdma for subscription0
02-13 14:18:03.574 D/StatusBarPolicy(  326): updateSignalStrength on subscription :0
02-13 14:18:03.574 D/StatusBarPolicy(  326): StatusBarPolocy::getIconLevel -EVDO
02-13 14:18:03.584 D/StatusBarPolicy(  326): getEvdoLevel_band_six -evdoDbm:-88
02-13 14:18:03.584 D/StatusBarPolicy(  326): getEvdoLevel_band_six -evdoEcio:-55
02-13 14:18:03.905 D/BatteryService(  256): updateBattery level:73 scale:100 status:2 health:2 present:true voltage: 3925 temperature: 350 technology: Li-ion AC powered:false USB powered:true icon:17302195
02-13 14:18:03.925 D/WifiService(  256): ACTION_BATTERY_CHANGED pluggedType: 2
02-13 14:18:03.925 D/WifiService(  256): WifiHandler, MESSAGE_UPDATE_STATE
02-13 14:18:03.925 D/WifiService(  256): isAirplaneModeOn(): false
02-13 14:18:03.935 D/WifiService(  256): updateWifiState(), wifiEnabled: true, airplaneMode: false, wifiShouldBeEnabled: true, wifiShouldBeStarted: true, strongestLockMode: 1
02-13 14:18:03.935 D/WifiService(  256): WifiHandler, MESSAGE_ENABLE_WIFI, msg.arg1: 0, msg.arg2: 1000
02-13 14:18:03.935 D/WifiService(  256): WifiHandler, MESSAGE_START_WIFI, msg.arg1: 1
02-13 14:18:04.755 D/StatusBarPolicy(  326): onSignalStrengthsChanged:SignalStrength: 99 0 -100 -70 -88 -45 6 99 2147483647 2147483647 2147483647 2147483647 cdma for subscription0
02-13 14:18:04.755 D/StatusBarPolicy(  326): updateSignalStrength on subscription :0
02-13 14:18:04.765 D/StatusBarPolicy(  326): StatusBarPolocy::getIconLevel -EVDO
02-13 14:18:04.765 D/StatusBarPolicy(  326): getEvdoLevel_band_six -evdoDbm:-88
02-13 14:18:04.765 D/StatusBarPolicy(  326): getEvdoLevel_band_six -evdoEcio:-45
02-13 14:18:05.406 D/BatteryService(  256): updateBattery level:73 scale:100 status:2 health:2 present:true voltage: 3918 temperature: 350 technology: Li-ion AC powered:false USB powered:true icon:17302195
02-13 14:18:05.426 D/WifiService(  256): ACTION_BATTERY_CHANGED pluggedType: 2
02-13 14:18:05.426 D/WifiService(  256): WifiHandler, MESSAGE_UPDATE_STATE
02-13 14:18:05.426 D/WifiService(  256): isAirplaneModeOn(): false
02-13 14:18:05.426 D/WifiService(  256): updateWifiState(), wifiEnabled: true, airplaneMode: false, wifiShouldBeEnabled: true, wifiShouldBeStarted: true, strongestLockMode: 1
02-13 14:18:05.426 D/WifiService(  256): WifiHandler, MESSAGE_ENABLE_WIFI, msg.arg1: 0, msg.arg2: 1000
02-13 14:18:05.426 D/WifiService(  256): WifiHandler, MESSAGE_START_WIFI, msg.arg1: 1
02-13 14:18:05.486 D/StatusBarPolicy(  326): updateDataIcon subscription =0
02-13 14:18:07.008 D/StatusBarPolicy(  326): onSignalStrengthsChanged:SignalStrength: 99 0 -100 -80 -88 -35 7 99 2147483647 2147483647 2147483647 2147483647 cdma for subscription0
02-13 14:18:07.008 D/StatusBarPolicy(  326): updateSignalStrength on subscription :0
02-13 14:18:07.008 D/StatusBarPolicy(  326): StatusBarPolocy::getIconLevel -EVDO
02-13 14:18:07.008 D/StatusBarPolicy(  326): getEvdoLevel_band_six -evdoDbm:-88
02-13 14:18:07.018 D/StatusBarPolicy(  326): getEvdoLevel_band_six -evdoEcio:-35
02-13 14:18:08.069 W/Vold    (  111): open /sys/devices/platform/msm_hsusb/gadget/lun1/file fail:(No such file or directory)
02-13 14:18:08.069 D/Vold    (  111): USB connected
02-13 14:18:08.069 D/Vold    (  111): Share method ums now available
02-13 14:18:08.069 W/Vold    (  111): Ignoring unknown switch 'usb_mass_storage'
02-13 14:18:08.079 D/VoldConnector(  256): RCV <- {620 Share method ums now available}
02-13 14:18:08.099 I/StorageNotification(  326): UMS connection changed to true (media state mounted)
02-13 14:18:08.129 D/NetdConnector(  256): SND -> {interface list} {null}
02-13 14:18:08.129 D/NetdConnector(  256): RCV <- {110 lo}
02-13 14:18:08.129 D/NetdConnector(  256): RCV <- {110 dummy0}
02-13 14:18:08.129 D/NetdConnector(  256): RCV <- {110 rmnet0}
02-13 14:18:08.129 D/NetdConnector(  256): RCV <- {110 rmnet1}
02-13 14:18:08.129 D/NetdConnector(  256): RCV <- {110 rmnet2}
02-13 14:18:08.129 D/NetdConnector(  256): RCV <- {110 rmnet3}
02-13 14:18:08.129 D/NetdConnector(  256): RCV <- {110 rmnet4}
02-13 14:18:08.129 D/NetdConnector(  256): RCV <- {110 rmnet5}
02-13 14:18:08.129 D/NetdConnector(  256): RCV <- {110 rmnet6}
02-13 14:18:08.129 D/NetdConnector(  256): RCV <- {110 rmnet7}
02-13 14:18:08.129 D/NetdConnector(  256): RCV <- {110 tunl0}
02-13 14:18:08.129 D/NetdConnector(  256): RSP <- {110 lo}
02-13 14:18:08.129 D/NetdConnector(  256): RSP <- {110 dummy0}
02-13 14:18:08.129 D/NetdConnector(  256): RSP <- {110 rmnet0}
02-13 14:18:08.129 D/NetdConnector(  256): RSP <- {110 rmnet1}
02-13 14:18:08.129 D/NetdConnector(  256): RSP <- {110 rmnet2}
02-13 14:18:08.129 D/NetdConnector(  256): RSP <- {110 rmnet3}
02-13 14:18:08.129 D/NetdConnector(  256): RSP <- {110 rmnet4}
02-13 14:18:08.129 D/NetdConnector(  256): RSP <- {110 rmnet5}
02-13 14:18:08.129 D/NetdConnector(  256): RSP <- {110 rmnet6}
02-13 14:18:08.129 D/NetdConnector(  256): RSP <- {110 rmnet7}
02-13 14:18:08.139 D/NetdConnector(  256): RSP <- {110 tunl0}
02-13 14:18:08.139 D/NetdConnector(  256): RCV <- {110 gre0}
02-13 14:18:08.139 D/NetdConnector(  256): RSP <- {110 gre0}
02-13 14:18:08.139 D/NetdConnector(  256): RCV <- {110 sit0}
02-13 14:18:08.139 D/NetdConnector(  256): RSP <- {110 sit0}
02-13 14:18:08.139 D/NetdConnector(  256): RCV <- {110 ip6tnl0}
02-13 14:18:08.139 D/StatusBarService(  326): Notification has fullScreenIntent; sending fullScreenIntent
02-13 14:18:08.139 I/ActivityManager(  256): Starting: Intent { flg=0x10000000 cmp=com.android.systemui/.usb.UsbStorageActivity } from pid -1
02-13 14:18:08.149 W/WindowManager(  256): updateFocusedWindowLocked newFocus=Window{4082a0f0 com.android.launcher/com.android.launcher2.Launcher paused=false} mode=3 mCurrentFocus = Window{4082a0f0 com.android.launcher/com.android.launcher2.Launcher paused=false}
02-13 14:18:08.169 W/WindowManager(  256): updateFocusedWindowLocked newFocus=null mode=0 mCurrentFocus = Window{4082a0f0 com.android.launcher/com.android.launcher2.Launcher paused=true}
02-13 14:18:08.169 D/NetdConnector(  256): RSP <- {110 ip6tnl0}
02-13 14:18:08.179 D/NetdConnector(  256): RCV <- {110 usb0}
02-13 14:18:08.179 D/NetdConnector(  256): RSP <- {110 usb0}
02-13 14:18:08.179 D/NetdConnector(  256): RCV <- {110 wlan0}
02-13 14:18:08.179 D/NetdConnector(  256): RSP <- {110 wlan0}
02-13 14:18:08.179 D/NetdConnector(  256): RCV <- {200 Interface list completed}
02-13 14:18:08.179 D/NetdConnector(  256): RSP <- {200 Interface list completed}
02-13 14:18:08.179 D/NetdConnector(  256): List terminated with {200 Interface list completed}
02-13 14:18:08.189 W/WindowManager(  256): updateFocusedWindowLocked newFocus=null mode=2 mCurrentFocus = null
02-13 14:18:08.189 W/WindowManager(  256): updateFocusedWindowLocked newFocus=null mode=2 mCurrentFocus = null
02-13 14:18:08.219 W/WindowManager(  256): updateFocusedWindowLocked newFocus=null mode=3 mCurrentFocus = null
02-13 14:18:08.259 D/VoldConnector(  256): SND -> {volume shared /mnt/sdcard ums} {null}
02-13 14:18:08.259 D/VoldCmdListener(  111): volume shared /mnt/sdcard ums
02-13 14:18:08.259 D/VoldConnector(  256): RCV <- {212 Share disabled}
02-13 14:18:08.259 D/VoldConnector(  256): RSP <- {212 Share disabled}
02-13 14:18:08.299 W/WindowManager(  256): updateFocusedWindowLocked newFocus=Window{408c0750 com.android.systemui/com.android.systemui.usb.UsbStorageActivity paused=false} mode=3 mCurrentFocus = null
02-13 14:18:08.329 W/WindowManager(  256): updateFocusedWindowLocked newFocus=Window{408c0750 com.android.systemui/com.android.systemui.usb.UsbStorageActivity paused=false} mode=3 mCurrentFocus = Window{408c0750 com.android.systemui/com.android.systemui.usb.UsbStorageActivity paused=false}
02-13 14:18:09.510 D/PowerManagerService(  256): setTimeoutLocked now=269539 timeoutOverride=-1 nextState=1 when=376539
02-13 14:18:11.472 D/StatusBarPolicy(  326): onSignalStrengthsChanged:SignalStrength: 99 0 -98 -70 -88 -35 7 99 2147483647 2147483647 2147483647 2147483647 cdma for subscription0
02-13 14:18:11.472 D/StatusBarPolicy(  326): updateSignalStrength on subscription :0
02-13 14:18:11.472 D/StatusBarPolicy(  326): StatusBarPolocy::getIconLevel -EVDO
02-13 14:18:11.472 D/StatusBarPolicy(  326): getEvdoLevel_band_six -evdoDbm:-88
02-13 14:18:11.482 D/StatusBarPolicy(  326): getEvdoLevel_band_six -evdoEcio:-35
02-13 14:18:13.734 D/StatusBarPolicy(  326): onSignalStrengthsChanged:SignalStrength: 99 0 -98 -70 -88 -35 8 99 2147483647 2147483647 2147483647 2147483647 cdma for subscription0
02-13 14:18:13.734 D/StatusBarPolicy(  326): updateSignalStrength on subscription :0
02-13 14:18:13.744 D/StatusBarPolicy(  326): StatusBarPolocy::getIconLevel -EVDO
02-13 14:18:13.744 D/StatusBarPolicy(  326): getEvdoLevel_band_six -evdoDbm:-88
02-13 14:18:13.744 D/StatusBarPolicy(  326): getEvdoLevel_band_six -evdoEcio:-35
02-13 14:18:14.835 D/StatusBarPolicy(  326): updateDataIcon subscription =0
02-13 14:18:18.209 D/StatusBarPolicy(  326): onSignalStrengthsChanged:SignalStrength: 99 0 -98 -70 -87 -15 7 99 2147483647 2147483647 2147483647 2147483647 cdma for subscription0
02-13 14:18:18.209 D/StatusBarPolicy(  326): updateSignalStrength on subscription :0
02-13 14:18:18.219 D/StatusBarPolicy(  326): StatusBarPolocy::getIconLevel -EVDO
02-13 14:18:18.219 D/StatusBarPolicy(  326): getEvdoLevel_band_six -evdoDbm:-87
02-13 14:18:18.219 D/StatusBarPolicy(  326): getEvdoLevel_band_six -evdoEcio:-15
02-13 14:18:29.380 D/StatusBarPolicy(  326): onSignalStrengthsChanged:SignalStrength: 99 0 -98 -70 -86 -25 7 99 2147483647 2147483647 2147483647 2147483647 cdma for subscription0
02-13 14:18:29.380 D/StatusBarPolicy(  326): updateSignalStrength on subscription :0
02-13 14:18:29.380 D/StatusBarPolicy(  326): StatusBarPolocy::getIconLevel -EVDO
02-13 14:18:29.380 D/StatusBarPolicy(  326): getEvdoLevel_band_six -evdoDbm:-86
02-13 14:18:29.380 D/StatusBarPolicy(  326): getEvdoLevel_band_six -evdoEcio:-25
02-13 14:18:38.358 D/StatusBarPolicy(  326): onSignalStrengthsChanged:SignalStrength: 99 0 -98 -70 -86 -15 7 99 2147483647 2147483647 2147483647 2147483647 cdma for subscription0
02-13 14:18:38.358 D/StatusBarPolicy(  326): updateSignalStrength on subscription :0
02-13 14:18:38.358 D/StatusBarPolicy(  326): StatusBarPolocy::getIconLevel -EVDO
02-13 14:18:38.358 D/StatusBarPolicy(  326): getEvdoLevel_band_six -evdoDbm:-86
02-13 14:18:38.358 D/StatusBarPolicy(  326): getEvdoLevel_band_six -evdoEcio:-15
02-13 14:18:47.317 D/StatusBarPolicy(  326): onSignalStrengthsChanged:SignalStrength: 99 0 -97 -80 -86 -15 7 99 2147483647 2147483647 2147483647 2147483647 cdma for subscription0
02-13 14:18:47.317 D/StatusBarPolicy(  326): updateSignalStrength on subscription :0
02-13 14:18:47.317 D/StatusBarPolicy(  326): StatusBarPolocy::getIconLevel -EVDO
02-13 14:18:47.317 D/StatusBarPolicy(  326): getEvdoLevel_band_six -evdoDbm:-86
02-13 14:18:47.317 D/StatusBarPolicy(  326): getEvdoLevel_band_six -evdoEcio:-15
02-13 14:18:49.199 D/StatusBarPolicy(  326): updateDataIcon subscription =0
02-13 14:18:49.559 D/StatusBarPolicy(  326): onSignalStrengthsChanged:SignalStrength: 99 0 -97 -80 -86 -35 7 99 2147483647 2147483647 2147483647 2147483647 cdma for subscription0
02-13 14:18:49.559 D/StatusBarPolicy(  326): updateSignalStrength on subscription :0
02-13 14:18:49.559 D/StatusBarPolicy(  326): StatusBarPolocy::getIconLevel -EVDO
02-13 14:18:49.559 D/StatusBarPolicy(  326): getEvdoLevel_band_six -evdoDbm:-86
02-13 14:18:49.559 D/StatusBarPolicy(  326): getEvdoLevel_band_six -evdoEcio:-35
02-13 14:18:51.791 D/StatusBarPolicy(  326): onSignalStrengthsChanged:SignalStrength: 99 0 -97 -70 -86 -35 7 99 2147483647 2147483647 2147483647 2147483647 cdma for subscription0
02-13 14:18:51.791 D/StatusBarPolicy(  326): updateSignalStrength on subscription :0
02-13 14:18:51.801 D/StatusBarPolicy(  326): StatusBarPolocy::getIconLevel -EVDO
02-13 14:18:51.801 D/StatusBarPolicy(  326): getEvdoLevel_band_six -evdoDbm:-86
02-13 14:18:51.801 D/StatusBarPolicy(  326): getEvdoLevel_band_six -evdoEcio:-35
02-13 14:18:59.869 D/StatusBarPolicy(  326): updateDataIcon subscription =0
02-13 14:19:00.009 D/AlarmManager(  256): scheduleTimeTickEvent calendar=Mon Feb 13 14:20:00 CST 2012
02-13 14:19:00.009 D/AlarmManager(  256): calendar.getTimeInMillis()1329164400000
02-13 14:19:00.760 D/StatusBarPolicy(  326): onSignalStrengthsChanged:SignalStrength: 99 0 -97 -70 -88 -20 7 99 2147483647 2147483647 2147483647 2147483647 cdma for subscription0
02-13 14:19:00.760 D/StatusBarPolicy(  326): updateSignalStrength on subscription :0
02-13 14:19:00.770 D/StatusBarPolicy(  326): StatusBarPolocy::getIconLevel -EVDO
02-13 14:19:00.770 D/StatusBarPolicy(  326): getEvdoLevel_band_six -evdoDbm:-88
02-13 14:19:00.770 D/StatusBarPolicy(  326): getEvdoLevel_band_six -evdoEcio:-20
02-13 14:19:14.203 D/StatusBarPolicy(  326): onSignalStrengthsChanged:SignalStrength: 99 0 -97 -70 -89 -30 7 99 2147483647 2147483647 2147483647 2147483647 cdma for subscription0
02-13 14:19:14.203 D/StatusBarPolicy(  326): updateSignalStrength on subscription :0
02-13 14:19:14.203 D/StatusBarPolicy(  326): StatusBarPolocy::getIconLevel -EVDO
02-13 14:19:14.203 D/StatusBarPolicy(  326): getEvdoLevel_band_six -evdoDbm:-89
02-13 14:19:14.203 D/StatusBarPolicy(  326): getEvdoLevel_band_six -evdoEcio:-30
02-13 14:19:16.445 D/StatusBarPolicy(  326): onSignalStrengthsChanged:SignalStrength: 99 0 -97 -70 -89 -20 7 99 2147483647 2147483647 2147483647 2147483647 cdma for subscription0
02-13 14:19:16.445 D/StatusBarPolicy(  326): updateSignalStrength on subscription :0
02-13 14:19:16.465 D/StatusBarPolicy(  326): StatusBarPolocy::getIconLevel -EVDO
02-13 14:19:16.465 D/StatusBarPolicy(  326): getEvdoLevel_band_six -evdoDbm:-89
02-13 14:19:16.465 D/StatusBarPolicy(  326): getEvdoLevel_band_six -evdoEcio:-20
02-13 14:19:18.688 D/StatusBarPolicy(  326): onSignalStrengthsChanged:SignalStrength: 99 0 -97 -110 -89 -20 7 99 2147483647 2147483647 2147483647 2147483647 cdma for subscription0
02-13 14:19:18.688 D/StatusBarPolicy(  326): updateSignalStrength on subscription :0
02-13 14:19:18.698 D/StatusBarPolicy(  326): StatusBarPolocy::getIconLevel -EVDO
02-13 14:19:18.698 D/StatusBarPolicy(  326): getEvdoLevel_band_six -evdoDbm:-89
02-13 14:19:18.698 D/StatusBarPolicy(  326): getEvdoLevel_band_six -evdoEcio:-20
02-13 14:19:20.930 D/StatusBarPolicy(  326): onSignalStrengthsChanged:SignalStrength: 99 0 -97 -110 -89 -30 6 99 2147483647 2147483647 2147483647 2147483647 cdma for subscription0
02-13 14:19:20.930 D/StatusBarPolicy(  326): updateSignalStrength on subscription :0
02-13 14:19:20.930 D/StatusBarPolicy(  326): StatusBarPolocy::getIconLevel -EVDO
02-13 14:19:20.940 D/StatusBarPolicy(  326): getEvdoLevel_band_six -evdoDbm:-89
02-13 14:19:20.940 D/StatusBarPolicy(  326): getEvdoLevel_band_six -evdoEcio:-30
02-13 14:19:23.152 D/StatusBarPolicy(  326): onSignalStrengthsChanged:SignalStrength: 99 0 -97 -70 -89 -30 6 99 2147483647 2147483647 2147483647 2147483647 cdma for subscription0
02-13 14:19:23.152 D/StatusBarPolicy(  326): updateSignalStrength on subscription :0
02-13 14:19:23.152 D/StatusBarPolicy(  326): StatusBarPolocy::getIconLevel -EVDO
02-13 14:19:23.162 D/StatusBarPolicy(  326): getEvdoLevel_band_six -evdoDbm:-89
02-13 14:19:23.162 D/StatusBarPolicy(  326): getEvdoLevel_band_six -evdoEcio:-30
02-13 14:19:25.404 D/StatusBarPolicy(  326): onSignalStrengthsChanged:SignalStrength: 99 0 -97 -70 -89 -20 6 99 2147483647 2147483647 2147483647 2147483647 cdma for subscription0
02-13 14:19:25.404 D/StatusBarPolicy(  326): updateSignalStrength on subscription :0
02-13 14:19:25.404 D/StatusBarPolicy(  326): StatusBarPolocy::getIconLevel -EVDO
02-13 14:19:25.414 D/StatusBarPolicy(  326): getEvdoLevel_band_six -evdoDbm:-89
02-13 14:19:25.414 D/StatusBarPolicy(  326): getEvdoLevel_band_six -evdoEcio:-20
