02-13 14:14:17.894 W/PackageManager(  256): Not granting permission android.permission.ACCESS_DRM to package com.android.mms (protectionLevel=2 flags=0x8be65)
02-13 14:14:17.904 W/PackageManager(  256): Unknown permission android.permission.RECEIVE_EMERGENCY_BROADCAST in package com.android.mms
02-13 14:14:17.914 W/PackageManager(  256): Not granting permission android.permission.SET_PREFERRED_APPLICATIONS to package com.sprint.w.installer (protectionLevel=2 flags=0x8be45)
02-13 14:14:17.934 W/PackageManager(  256): Unknown permission android.intent.action.REBOOT in package com.redbend.vdmc
02-13 14:14:17.934 W/PackageManager(  256): Not granting permission com.google.android.gm.permission.READ_GMAIL to package com.google.android.apps.uploader (protectionLevel=2 flags=0xbe45)
02-13 14:14:17.944 W/PackageManager(  256): Unknown permission android.permission.READ_PROFILE in package com.google.android.apps.plus
02-13 14:14:17.944 W/PackageManager(  256): Unknown permission android.permission.WRITE_PROFILE in package com.google.android.apps.plus
02-13 14:14:17.944 W/PackageManager(  256): Unknown permission android.permission.READ_SOCIAL_STREAM in package com.google.android.apps.plus
02-13 14:14:17.944 W/PackageManager(  256): Unknown permission android.permission.WRITE_SOCIAL_STREAM in package com.google.android.apps.plus
02-13 14:14:17.954 W/PackageManager(  256): Unknown permission android.permission.READ_EXTERNAL_STORAGE in package com.android.vending
02-13 14:14:17.964 W/PackageManager(  256): Not granting permission android.permission.SEND_DOWNLOAD_COMPLETED_INTENTS to package com.android.vending (protectionLevel=2 flags=0xabec5)
02-13 14:14:17.964 W/PackageManager(  256): Not granting permission android.permission.ACCOUNT_MANAGER to package com.google.android.music (protectionLevel=2 flags=0x8bee5)
02-13 14:14:17.974 W/PackageManager(  256): Unknown permission android.permission.READ_OWNER_DATA in package com.android.email
02-13 14:14:17.974 W/PackageManager(  256): Unknown permission android.intent.action.REBOOT in package com.android.email
02-13 14:14:17.974 W/PackageManager(  256): Not granting permission android.permission.BROADCAST_WAP_PUSH to package com.android.email (protectionLevel=2 flags=0x8be45)
02-13 14:14:17.974 W/PackageManager(  256): Unknown permission com.android.providers.im.permission.READ_ONLY in package com.google.android.apps.maps
02-13 14:14:17.984 W/PackageManager(  256): Unknown permission com.google.android.providers.gmail.permission.READ_GMAIL in package com.dataviz.docstogo
02-13 14:14:18.475 D/StatusBarPolicy(  326): onSignalStrengthsChanged:SignalStrength: 99 0 -92 -95 -125 -25 8 99 2147483647 2147483647 2147483647 2147483647 cdma for subscription0
02-13 14:14:18.475 D/StatusBarPolicy(  326): updateSignalStrength on subscription :0
02-13 14:14:18.475 D/StatusBarPolicy(  326): StatusBarPolocy::getIconLevel -CDMA
02-13 14:14:18.475 D/StatusBarPolicy(  326): getCdmaLevel_band_six -cdmaDbm:-92
02-13 14:14:18.475 D/StatusBarPolicy(  326): getCdmaLevel_band_six -cdmaEcio:-95
02-13 14:14:18.475 I/ActivityManager(  256): Start proc com.swype.android.inputmethod for broadcast com.swype.android.inputmethod/.SwypeDataInitializer: pid=548 uid=10010 gids={1015}
02-13 14:14:18.495 I/TelephonyRegistry(  256): notifyServiceState: 0 home Sprint  310099  1xRTT CSS not supported 41 4139RoamInd: 1RoamStatus(sprint): 1DefRoamInd: 160EmergOnly: false
02-13 14:14:18.495 D/StatusBarPolicy(  326): onServiceStateChanged:0 home Sprint  310099  1xRTT CSS not supported 41 4139RoamInd: 1RoamStatus(sprint): 1DefRoamInd: 160EmergOnly: falsefor subscription :0
02-13 14:14:18.495 D/StatusBarPolicy(  326): updateSignalStrength on subscription :0
02-13 14:14:18.495 D/StatusBarPolicy(  326): StatusBarPolocy::getIconLevel -CDMA
02-13 14:14:18.495 D/StatusBarPolicy(  326): getCdmaLevel_band_six -cdmaDbm:-92
02-13 14:14:18.495 D/StatusBarPolicy(  326): getCdmaLevel_band_six -cdmaEcio:-95
02-13 14:14:18.495 D/StatusBarPolicy(  326): updateDataIcon subscription =0
02-13 14:14:18.645 D/PowerManagerService(  256): setTimeoutLocked now=38665 timeoutOverride=-1 nextState=1 when=145665
02-13 14:14:18.725 I/ActivityManager(  256): Start proc com.sprint.ce.updater for broadcast com.sprint.ce.updater/.BootCompletedReceiver: pid=556 uid=10012 gids={3003}
02-13 14:14:18.845 I/ActivityManager(  256): Start proc com.sprint.w.installer for broadcast com.sprint.w.installer/.BootListener: pid=564 uid=10014 gids={3003, 1015}
02-13 14:14:19.095 I/ActivityManager(  256): Start proc com.irdeto.providers.drm for broadcast com.irdeto.providers.drm/.OmaDrmReceiver: pid=571 uid=10024 gids={1015, 2001, 3003}
02-13 14:14:19.165 I/ActivityManager(  256): Start proc com.android.mms for broadcast com.android.mms/.transaction.MmsSystemEventReceiver: pid=579 uid=10030 gids={3003, 1015}
02-13 14:14:19.496 I/ActivityManager(  256): Start proc com.android.zte.HiddenMenu for broadcast com.android.zte.HiddenMenu/.CommandReceiver: pid=594 uid=1000 gids={3002, 3001, 3003, 1015}
02-13 14:14:19.706 W/WindowManager(  256): updateFocusedWindowLocked newFocus=Window{4074e368 Keyguard paused=false} mode=3 mCurrentFocus = Window{4074e368 Keyguard paused=false}
02-13 14:14:19.746 I/ActivityManager(  256): Starting: Intent { flg=0x10000000 cmp=com.google.android.gsf/.update.SystemUpdateInstallDialog } from pid 378
02-13 14:14:19.756 W/WindowManager(  256): updateFocusedWindowLocked newFocus=Window{4074e368 Keyguard paused=false} mode=0 mCurrentFocus = Window{4074e368 Keyguard paused=false}
02-13 14:14:19.836 W/WindowManager(  256): updateFocusedWindowLocked newFocus=Window{4074e368 Keyguard paused=false} mode=3 mCurrentFocus = Window{4074e368 Keyguard paused=false}
02-13 14:14:19.936 W/WindowManager(  256): updateFocusedWindowLocked newFocus=Window{4074e368 Keyguard paused=false} mode=0 mCurrentFocus = Window{4074e368 Keyguard paused=false}
02-13 14:14:19.976 W/WindowManager(  256): updateFocusedWindowLocked newFocus=Window{4074e368 Keyguard paused=false} mode=2 mCurrentFocus = Window{4074e368 Keyguard paused=false}
02-13 14:14:19.976 W/WindowManager(  256): updateFocusedWindowLocked newFocus=Window{4074e368 Keyguard paused=false} mode=2 mCurrentFocus = Window{4074e368 Keyguard paused=false}
02-13 14:14:19.996 W/WindowManager(  256): updateFocusedWindowLocked newFocus=Window{4074e368 Keyguard paused=false} mode=3 mCurrentFocus = Window{4074e368 Keyguard paused=false}
02-13 14:14:20.036 W/WindowManager(  256): updateFocusedWindowLocked newFocus=Window{4074e368 Keyguard paused=false} mode=3 mCurrentFocus = Window{4074e368 Keyguard paused=false}
02-13 14:14:20.417 I/ActivityManager(  256): Force stopping package com.google.android.apps.maps uid=10033
02-13 14:14:20.437 I/ActivityManager(  256): Start proc com.google.android.gm for broadcast com.google.android.gm/.MailIntentReceiver: pid=608 uid=10043 gids={3003, 1015}
02-13 14:14:20.537 I/ActivityManager(  256): Force stopping package com.android.vending uid=10022
02-13 14:14:20.717 D/StatusBarPolicy(  326): onSignalStrengthsChanged:SignalStrength: 99 0 -92 -95 -118 -140 -1 99 2147483647 2147483647 2147483647 2147483647 cdma for subscription0
02-13 14:14:20.717 D/StatusBarPolicy(  326): updateSignalStrength on subscription :0
02-13 14:14:20.717 D/StatusBarPolicy(  326): StatusBarPolocy::getIconLevel -CDMA
02-13 14:14:20.717 D/StatusBarPolicy(  326): getCdmaLevel_band_six -cdmaDbm:-92
02-13 14:14:20.717 D/StatusBarPolicy(  326): getCdmaLevel_band_six -cdmaEcio:-95
02-13 14:14:20.747 I/TelephonyRegistry(  256): notifyServiceState: 0 home Sprint  310099  1xRTT CSS not supported 41 4139RoamInd: 1RoamStatus(sprint): 1DefRoamInd: 160EmergOnly: false
02-13 14:14:20.747 D/StatusBarPolicy(  326): onServiceStateChanged:0 home Sprint  310099  1xRTT CSS not supported 41 4139RoamInd: 1RoamStatus(sprint): 1DefRoamInd: 160EmergOnly: falsefor subscription :0
02-13 14:14:20.747 D/StatusBarPolicy(  326): updateSignalStrength on subscription :0
02-13 14:14:20.747 D/StatusBarPolicy(  326): StatusBarPolocy::getIconLevel -CDMA
02-13 14:14:20.747 D/StatusBarPolicy(  326): getCdmaLevel_band_six -cdmaDbm:-92
02-13 14:14:20.747 D/StatusBarPolicy(  326): getCdmaLevel_band_six -cdmaEcio:-95
02-13 14:14:20.747 D/StatusBarPolicy(  326): updateDataIcon subscription =0
02-13 14:14:20.897 I/ActivityManager(  256): Start proc com.dataviz.docstogo for broadcast com.dataviz.docstogo/com.dataviz.dxtg.common.android.DTGPhoneBootReceiver: pid=619 uid=10049 gids={3003, 1015}
02-13 14:14:21.117 I/ActivityManager(  256): Process com.dataviz.docstogo (pid 619) has died.
02-13 14:14:21.277 I/ActivityManager(  256): Force stopping package com.google.android.apps.books uid=10057
02-13 14:14:21.348 I/ActivityManager(  256): Start proc com.android.camera for broadcast com.android.camera/.BootCamera: pid=629 uid=10052 gids={1006, 1015}
02-13 14:14:21.418 I/ActivityManager(  256): Start proc com.android.providers.calendar for broadcast com.android.providers.calendar/.CalendarReceiver: pid=636 uid=10053 gids={3003}
02-13 14:14:21.638 I/ActivityManager(  256): Start proc com.android.calendar for broadcast com.android.calendar/.AlertReceiver: pid=645 uid=10054 gids={3003}
02-13 14:14:21.728 I/ActivityManager(  256): Start proc com.google.android.apps.maps:FriendService for broadcast com.google.android.apps.maps/com.google.googlenav.friend.android.ServiceReceiver: pid=652 uid=10033 gids={3003, 1015}
02-13 14:14:22.238 I/ActivityManager(  256): Start proc com.locationlabs.v3client for broadcast com.locationlabs.v3client/.BootCompletedReceiver: pid=662 uid=10016 gids={3003}
02-13 14:14:22.649 I/ActivityManager(  256): No longer want com.qualcomm.privinit (pid 487): hidden #16
02-13 14:14:22.659 I/ActivityManager(  256): No longer want com.cooliris.media (pid 494): hidden #16
02-13 14:14:22.989 D/StatusBarPolicy(  326): onSignalStrengthsChanged:SignalStrength: 99 0 -93 -70 -112 -5 5 99 2147483647 2147483647 2147483647 2147483647 cdma for subscription0
02-13 14:14:22.989 D/StatusBarPolicy(  326): updateSignalStrength on subscription :0
02-13 14:14:22.989 D/StatusBarPolicy(  326): StatusBarPolocy::getIconLevel -CDMA
02-13 14:14:22.989 D/StatusBarPolicy(  326): getCdmaLevel_band_six -cdmaDbm:-93
02-13 14:14:22.989 D/StatusBarPolicy(  326): getCdmaLevel_band_six -cdmaEcio:-70
02-13 14:14:22.999 I/TelephonyRegistry(  256): notifyServiceState: 0 home Sprint  310099  1xRTT CSS not supported 41 4139RoamInd: 1RoamStatus(sprint): 1DefRoamInd: 160EmergOnly: false
02-13 14:14:23.059 D/StatusBarPolicy(  326): onServiceStateChanged:0 home Sprint  310099  1xRTT CSS not supported 41 4139RoamInd: 1RoamStatus(sprint): 1DefRoamInd: 160EmergOnly: falsefor subscription :0
02-13 14:14:23.059 D/StatusBarPolicy(  326): updateSignalStrength on subscription :0
02-13 14:14:23.059 D/StatusBarPolicy(  326): StatusBarPolocy::getIconLevel -CDMA
02-13 14:14:23.059 D/StatusBarPolicy(  326): getCdmaLevel_band_six -cdmaDbm:-93
02-13 14:14:23.059 D/StatusBarPolicy(  326): getCdmaLevel_band_six -cdmaEcio:-70
02-13 14:14:23.059 D/StatusBarPolicy(  326): updateDataIcon subscription =0
02-13 14:14:23.440 I/ActivityManager(  256): Start proc com.google.android.apps.uploader for broadcast com.google.android.apps.uploader/.ConnectivityBroadcastReceiver: pid=672 uid=10031 gids={3003}
02-13 14:14:23.500 I/ActivityManager(  256): No longer want zte.com.cn.alarmclock (pid 503): hidden #16
02-13 14:14:23.530 D/ConnectivityService(  256): reportNetworkCondition(0, 0)
02-13 14:14:23.540 D/ConnectivityService(  256): Inet connectivity change, net=0, condition=0,mActiveDefaultNetwork=-1
02-13 14:14:23.540 D/ConnectivityService(  256): no active default network - aborting
02-13 14:14:23.540 I/ActivityManager(  256): Start proc com.google.android.apps.plus for broadcast com.google.android.apps.plus/com.google.android.picasasync.ConnectivityReceiver: pid=682 uid=10020 gids={3003, 3002, 1015, 1006}
02-13 14:14:24.350 I/ActivityManager(  256): No longer want com.sprint.zone (pid 510): hidden #16
02-13 14:14:24.380 I/ActivityManager(  256): Start proc com.cooliris.media for broadcast com.cooliris.media/com.cooliris.cache.BootReceiver: pid=697 uid=10046 gids={1015, 3003}
02-13 14:14:24.551 I/ActivityManager(  256): Start proc com.google.android.music:main for broadcast com.google.android.music/.store.MediaStoreImportService$Receiver: pid=706 uid=10028 gids={3003, 1015}
02-13 14:14:24.951 I/ActivityManager(  256): Start proc com.sprint.zone for broadcast com.sprint.zone/.PackageUpdateReceiver: pid=719 uid=10002 gids={3003, 3002, 3001}
02-13 14:14:24.951 I/ActivityManager(  256): No longer want com.android.voicedialer (pid 538): hidden #16
02-13 14:14:25.241 D/StatusBarPolicy(  326): onSignalStrengthsChanged:SignalStrength: 99 0 -93 -70 -107 -5 7 99 2147483647 2147483647 2147483647 2147483647 cdma for subscription0
02-13 14:14:25.241 D/StatusBarPolicy(  326): updateSignalStrength on subscription :0
02-13 14:14:25.241 D/StatusBarPolicy(  326): StatusBarPolocy::getIconLevel -CDMA
02-13 14:14:25.241 D/StatusBarPolicy(  326): getCdmaLevel_band_six -cdmaDbm:-93
02-13 14:14:25.241 D/StatusBarPolicy(  326): getCdmaLevel_band_six -cdmaEcio:-70
02-13 14:14:26.713 I/ActivityManager(  256): Start proc com.android.voicedialer for broadcast com.android.voicedialer/.VoiceDialerReceiver: pid=727 uid=10005 gids={3002}
02-13 14:14:26.713 I/ActivityManager(  256): No longer want com.swype.android.inputmethod (pid 548): hidden #16
02-13 14:14:26.743 I/ActivityManager(  256): Start proc com.android.vending for broadcast com.android.vending/com.google.android.finsky.receivers.PersistentPackageMonitorReceiver: pid=734 uid=10022 gids={3003, 1015}
02-13 14:14:26.743 I/ActivityManager(  256): No longer want com.android.mms (pid 579): hidden #16
02-13 14:14:27.223 I/ActivityManager(  256): No longer want com.android.zte.HiddenMenu (pid 594): hidden #16
02-13 14:14:27.343 I/ActivityManager(  256): Start proc com.google.android.apps.maps:LocationFriendService for broadcast com.google.android.apps.maps/com.google.googlenav.friend.reporting.LocationReportingIntentReceiver: pid=755 uid=10033 gids={3003, 1015}
02-13 14:14:27.343 I/ActivityManager(  256): No longer want com.android.camera (pid 629): hidden #16
02-13 14:14:27.544 D/StatusBarPolicy(  326): onSignalStrengthsChanged:SignalStrength: 99 0 -93 -70 -104 -5 8 99 2147483647 2147483647 2147483647 2147483647 cdma for subscription0
02-13 14:14:27.544 D/StatusBarPolicy(  326): updateSignalStrength on subscription :0
02-13 14:14:27.544 D/StatusBarPolicy(  326): StatusBarPolocy::getIconLevel -CDMA
02-13 14:14:27.544 D/StatusBarPolicy(  326): getCdmaLevel_band_six -cdmaDbm:-93
02-13 14:14:27.544 D/StatusBarPolicy(  326): getCdmaLevel_band_six -cdmaEcio:-70
02-13 14:14:27.644 I/ActivityManager(  256): Starting: Intent { flg=0x10000000 cmp=com.google.android.apps.maps/com.google.googlenav.login.AndroidLoginActivitySdk5 (has extras) } from pid 755
02-13 14:14:27.654 I/ActivityManager(  256): Start proc com.google.android.apps.maps for activity com.google.android.apps.maps/com.google.googlenav.login.AndroidLoginActivitySdk5: pid=764 uid=10033 gids={3003, 1015}
02-13 14:14:27.704 W/WindowManager(  256): updateFocusedWindowLocked newFocus=Window{4074e368 Keyguard paused=false} mode=0 mCurrentFocus = Window{4074e368 Keyguard paused=false}
02-13 14:14:27.854 I/ActivityManager(  256): No longer want com.android.calendar (pid 645): hidden #16
02-13 14:14:27.984 W/WindowManager(  256): updateFocusedWindowLocked newFocus=Window{4074e368 Keyguard paused=false} mode=0 mCurrentFocus = Window{4074e368 Keyguard paused=false}
02-13 14:14:27.994 W/WindowManager(  256): updateFocusedWindowLocked newFocus=Window{4074e368 Keyguard paused=false} mode=2 mCurrentFocus = Window{4074e368 Keyguard paused=false}
02-13 14:14:27.994 W/WindowManager(  256): updateFocusedWindowLocked newFocus=Window{4074e368 Keyguard paused=false} mode=2 mCurrentFocus = Window{4074e368 Keyguard paused=false}
02-13 14:14:28.004 I/ActivityManager(  256): No longer want com.google.android.apps.maps:FriendService (pid 652): hidden #16
02-13 14:14:28.775 I/ActivityManager(  256): No longer want com.google.android.partnersetup (pid 459): hidden #16
02-13 14:14:29.165 I/TelephonyRegistry(  256): notifyServiceState: 0 home Sprint  310099  1xRTT CSS not supported 41 4139RoamInd: 1RoamStatus(sprint): 1DefRoamInd: 160EmergOnly: false
02-13 14:14:29.165 D/StatusBarPolicy(  326): onServiceStateChanged:0 home Sprint  310099  1xRTT CSS not supported 41 4139RoamInd: 1RoamStatus(sprint): 1DefRoamInd: 160EmergOnly: falsefor subscription :0
02-13 14:14:29.165 D/StatusBarPolicy(  326): updateSignalStrength on subscription :0
02-13 14:14:29.165 D/StatusBarPolicy(  326): StatusBarPolocy::getIconLevel -CDMA
02-13 14:14:29.165 D/StatusBarPolicy(  326): getCdmaLevel_band_six -cdmaDbm:-93
02-13 14:14:29.165 D/StatusBarPolicy(  326): getCdmaLevel_band_six -cdmaEcio:-70
02-13 14:14:29.165 D/StatusBarPolicy(  326): updateDataIcon subscription =0
02-13 14:14:29.175 I/TelephonyRegistry(  256): notifyServiceState: 0 home Sprint  310099  EvDo rev. A CSS not supported 41 4139RoamInd: 1RoamStatus(sprint): 1DefRoamInd: 160EmergOnly: false
02-13 14:14:29.175 D/StatusBarPolicy(  326): onServiceStateChanged:0 home Sprint  310099  EvDo rev. A CSS not supported 41 4139RoamInd: 1RoamStatus(sprint): 1DefRoamInd: 160EmergOnly: falsefor subscription :0
02-13 14:14:29.175 D/StatusBarPolicy(  326): updateSignalStrength on subscription :0
02-13 14:14:29.175 D/StatusBarPolicy(  326): StatusBarPolocy::getIconLevel -EVDO
02-13 14:14:29.175 D/StatusBarPolicy(  326): getEvdoLevel_band_six -evdoDbm:-104
02-13 14:14:29.175 D/StatusBarPolicy(  326): getEvdoLevel_band_six -evdoEcio:-5
02-13 14:14:29.185 D/StatusBarPolicy(  326): updateDataIcon subscription =0
02-13 14:14:29.205 I/TelephonyRegistry(  256): notifyDataConnection: anyState=0,default/INET,apnTypeState=1,iface=null,ip=null,gw=null,isDataConnectivityPossible=true,networkType=6,reason=radioTechnologyChanged
02-13 14:14:29.205 D/StatusBarPolicy(  326): StatusBarPolicy onDataConnectionStateChanged to 0for nw : 6on subscription : 0
02-13 14:14:29.205 D/StatusBarPolicy(  326): Data network type changed to:6
02-13 14:14:29.205 D/StatusBarPolicy(  326): updateDataIcon subscription =0
02-13 14:14:29.205 I/TelephonyRegistry(  256): notifyDataConnection: anyState=0,default/INET6,apnTypeState=0,iface=null,ip=null,gw=null,isDataConnectivityPossible=true,networkType=6,reason=radioTechnologyChanged
02-13 14:14:29.215 I/TelephonyRegistry(  256): notifyDataConnection: anyState=0,mms/INET,apnTypeState=0,iface=null,ip=null,gw=null,isDataConnectivityPossible=true,networkType=6,reason=radioTechnologyChanged
02-13 14:14:29.215 I/TelephonyRegistry(  256): notifyDataConnection: anyState=0,mms/INET6,apnTypeState=0,iface=null,ip=null,gw=null,isDataConnectivityPossible=true,networkType=6,reason=radioTechnologyChanged
02-13 14:14:29.225 I/TelephonyRegistry(  256): notifyDataConnection: anyState=0,supl/INET,apnTypeState=0,iface=null,ip=null,gw=null,isDataConnectivityPossible=true,networkType=6,reason=radioTechnologyChanged
02-13 14:14:29.265 I/TelephonyRegistry(  256): notifyDataConnection: anyState=0,supl/INET6,apnTypeState=0,iface=null,ip=null,gw=null,isDataConnectivityPossible=true,networkType=6,reason=radioTechnologyChanged
02-13 14:14:29.275 I/TelephonyRegistry(  256): notifyDataConnection: anyState=0,dun/INET,apnTypeState=0,iface=null,ip=null,gw=null,isDataConnectivityPossible=true,networkType=6,reason=radioTechnologyChanged
02-13 14:14:29.275 I/TelephonyRegistry(  256): notifyDataConnection: anyState=0,dun/INET6,apnTypeState=0,iface=null,ip=null,gw=null,isDataConnectivityPossible=true,networkType=6,reason=radioTechnologyChanged
02-13 14:14:29.285 I/TelephonyRegistry(  256): notifyDataConnection: anyState=0,hipri/INET,apnTypeState=0,iface=null,ip=null,gw=null,isDataConnectivityPossible=true,networkType=6,reason=radioTechnologyChanged
02-13 14:14:29.305 I/TelephonyRegistry(  256): notifyDataConnection: anyState=0,hipri/INET6,apnTypeState=0,iface=null,ip=null,gw=null,isDataConnectivityPossible=true,networkType=6,reason=radioTechnologyChanged
02-13 14:14:29.676 D/StatusBarPolicy(  326): onSignalStrengthsChanged:SignalStrength: 99 0 -93 -70 -99 -5 8 99 2147483647 2147483647 2147483647 2147483647 cdma for subscription0
02-13 14:14:29.686 D/StatusBarPolicy(  326): updateSignalStrength on subscription :0
02-13 14:14:29.686 D/StatusBarPolicy(  326): StatusBarPolocy::getIconLevel -EVDO
02-13 14:14:29.686 D/StatusBarPolicy(  326): getEvdoLevel_band_six -evdoDbm:-99
02-13 14:14:29.686 D/StatusBarPolicy(  326): getEvdoLevel_band_six -evdoEcio:-5
02-13 14:14:31.908 D/StatusBarPolicy(  326): onSignalStrengthsChanged:SignalStrength: 99 0 -93 -70 -97 -5 7 99 2147483647 2147483647 2147483647 2147483647 cdma for subscription0
02-13 14:14:31.908 D/StatusBarPolicy(  326): updateSignalStrength on subscription :0
02-13 14:14:31.908 D/StatusBarPolicy(  326): StatusBarPolocy::getIconLevel -EVDO
02-13 14:14:31.908 D/StatusBarPolicy(  326): getEvdoLevel_band_six -evdoDbm:-97
02-13 14:14:31.908 D/StatusBarPolicy(  326): getEvdoLevel_band_six -evdoEcio:-5
02-13 14:14:38.644 D/StatusBarPolicy(  326): onSignalStrengthsChanged:SignalStrength: 99 0 -93 -70 -93 -5 8 99 2147483647 2147483647 2147483647 2147483647 cdma for subscription0
02-13 14:14:38.644 D/StatusBarPolicy(  326): updateSignalStrength on subscription :0
02-13 14:14:38.644 D/StatusBarPolicy(  326): StatusBarPolocy::getIconLevel -EVDO
02-13 14:14:38.644 D/StatusBarPolicy(  326): getEvdoLevel_band_six -evdoDbm:-93
02-13 14:14:38.654 D/StatusBarPolicy(  326): getEvdoLevel_band_six -evdoEcio:-5
02-13 14:14:38.875 I/ActivityManager(  256): No longer want com.sprint.ce.updater (pid 556): hidden #16
02-13 14:14:39.305 I/TelephonyRegistry(  256): notifyDataConnection: anyState=2,default/INET,apnTypeState=2,iface=rmnet0,ip=174.156.234.163,gw=174.156.234.161,isDataConnectivityPossible=true,networkType=6,reason=radioTechnologyChanged
02-13 14:14:39.305 D/StatusBarPolicy(  326): StatusBarPolicy onDataConnectionStateChanged to 2for nw : 6on subscription : 0
02-13 14:14:39.305 D/StatusBarPolicy(  326): Data network type changed to:6
02-13 14:14:39.305 D/StatusBarPolicy(  326): updateDataIcon subscription =0
02-13 14:14:39.335 D/ConnectivityService(  256): ConnectivityChange for mobile: CONNECTED/CONNECTED
02-13 14:14:39.335 D/ConnectivityService(  256): Got Network Connection Succ from Driver nwtype=0
02-13 14:14:39.335 D/ConnectivityService(  256): adding dns 68.28.67.132 for mobile
02-13 14:14:39.335 D/ConnectivityService(  256): adding dns 68.28.68.132 for mobile
02-13 14:14:39.345 I/TelephonyRegistry(  256): notifyDataConnection: anyState=2,mms/INET,apnTypeState=2,iface=rmnet0,ip=174.156.234.163,gw=174.156.234.161,isDataConnectivityPossible=true,networkType=6,reason=radioTechnologyChanged
02-13 14:14:39.355 D/NetdConnector(  256): SND -> {route replace def v4 rmnet0 174.156.234.161} {null}
02-13 14:14:39.375 I/TelephonyRegistry(  256): notifyDataConnection: anyState=2,supl/INET,apnTypeState=2,iface=rmnet0,ip=174.156.234.163,gw=174.156.234.161,isDataConnectivityPossible=true,networkType=6,reason=radioTechnologyChanged
02-13 14:14:39.415 I/TelephonyRegistry(  256): notifyDataConnection: anyState=2,hipri/INET,apnTypeState=2,iface=rmnet0,ip=174.156.234.163,gw=174.156.234.161,isDataConnectivityPossible=true,networkType=6,reason=radioTechnologyChanged
02-13 14:14:39.445 D/StatusBarPolicy(  326): updateDataIcon subscription =0
02-13 14:14:39.455 D/NetdConnector(  256): RCV <- {200 default route replace succeeded for [rmnet0 -4]}
02-13 14:14:39.455 D/NetdConnector(  256): RSP <- {200 default route replace succeeded for [rmnet0 -4]}
02-13 14:14:39.455 D/NetworkManagementService(  256): 200 default route replace succeeded for [rmnet0 -4]
02-13 14:14:39.455 D/StatusBarPolicy(  326): Data network type changed to:6
02-13 14:14:39.465 D/StatusBarPolicy(  326): updateDataIcon subscription =0
02-13 14:14:39.465 D/StatusBarPolicy(  326): updateSignalStrength on subscription :0
02-13 14:14:39.465 D/StatusBarPolicy(  326): StatusBarPolocy::getIconLevel -EVDO
02-13 14:14:39.485 D/StatusBarPolicy(  326): getEvdoLevel_band_six -evdoDbm:-93
02-13 14:14:39.485 D/StatusBarPolicy(  326): getEvdoLevel_band_six -evdoEcio:-5
02-13 14:14:39.555 D/RPC     (  256): 3000008c:00050000 sending call (XID 5).
02-13 14:14:39.555 D/RPC     (  256): 3000008c:00050000 received REPLY (XID 5), grabbing mutex to wake up client.
02-13 14:14:39.555 D/RPC     (  256): 3000008c:00050000 call success.
02-13 14:14:39.565 D/RPC     (  256): 3000008c:00050000 received CALL.
02-13 14:14:39.565 D/RPC     (  256): 3000008c:00050000 dispatching RPC call (XID 12, xdr 0x40a0b8) for callback client 3100008c:00050001.
02-13 14:14:39.565 D/RPC     (  256): 3100008c:327681 sending RPC reply (XID 12)
02-13 14:14:39.565 D/RPC     (  256): 3000008c:00050000 sending call (XID 6).
02-13 14:14:39.565 D/RPC     (  256): 3000008c:00050000 received REPLY (XID 6), grabbing mutex to wake up client.
02-13 14:14:39.565 D/RPC     (  256): 3000008c:00050000 call success.
02-13 14:14:39.575 D/RPC     (  256): 3000008c:00050000 received CALL.
02-13 14:14:39.575 D/RPC     (  256): 3000008c:00050000 dispatching RPC call (XID 13, xdr 0x40a0b8) for callback client 3100008c:00050001.
02-13 14:14:39.575 D/RPC     (  256): 3100008c:327681 sending RPC reply (XID 13)
02-13 14:14:39.806 D/RPC     (  256): 3000008c:00050000 sending call (XID 7).
02-13 14:14:39.806 D/RPC     (  256): 3000008c:00050000 received REPLY (XID 7), grabbing mutex to wake up client.
02-13 14:14:39.806 D/RPC     (  256): 3000008c:00050000 waiting for XDR input buffer to be consumed.
02-13 14:14:39.806 D/RPC     (  256): 3000008c:00050000 call success.
02-13 14:14:39.806 D/RPC     (  256): 3000008c:00050000 received CALL.
02-13 14:14:39.806 D/RPC     (  256): 3000008c:00050000 dispatching RPC call (XID 14, xdr 0x40a0b8) for callback client 3100008c:00050001.
02-13 14:14:39.816 D/RPC     (  256): 3100008c:327681 sending RPC reply (XID 14)
02-13 14:14:40.456 D/StatusBarPolicy(  326): updateDataIcon subscription =0
02-13 14:14:40.776 D/ConnectivityService(  256): reportNetworkCondition(0, 100)
02-13 14:14:40.776 D/ConnectivityService(  256): Inet connectivity change, net=0, condition=100,mActiveDefaultNetwork=0
02-13 14:14:40.776 D/ConnectivityService(  256): starting a change hold
02-13 14:14:41.287 D/ConnectivityService(  256): Inet hold end, net=0, condition =100, published condition =0
02-13 14:14:41.287 D/StatusBarPolicy(  326): Data network type changed to:6
02-13 14:14:41.297 D/StatusBarPolicy(  326): updateDataIcon subscription =0
02-13 14:14:41.307 D/StatusBarPolicy(  326): updateSignalStrength on subscription :0
02-13 14:14:41.307 D/StatusBarPolicy(  326): StatusBarPolocy::getIconLevel -EVDO
02-13 14:14:41.317 D/StatusBarPolicy(  326): getEvdoLevel_band_six -evdoDbm:-93
02-13 14:14:41.317 D/StatusBarPolicy(  326): getEvdoLevel_band_six -evdoEcio:-5
02-13 14:14:41.637 D/StatusBarPolicy(  326): onSignalStrengthsChanged:SignalStrength: 99 0 -93 -70 -99 -5 8 99 2147483647 2147483647 2147483647 2147483647 cdma for subscription0
02-13 14:14:41.637 D/StatusBarPolicy(  326): updateSignalStrength on subscription :0
02-13 14:14:41.637 D/StatusBarPolicy(  326): StatusBarPolocy::getIconLevel -EVDO
02-13 14:14:41.637 D/StatusBarPolicy(  326): getEvdoLevel_band_six -evdoDbm:-99
02-13 14:14:41.637 D/StatusBarPolicy(  326): getEvdoLevel_band_six -evdoEcio:-5
02-13 14:14:41.647 I/TelephonyRegistry(  256): notifyServiceState: 0 home Sprint  310099  EvDo rev. A CSS not supported 41 4139RoamInd: 1RoamStatus(sprint): 1DefRoamInd: 160EmergOnly: false
02-13 14:14:41.667 D/StatusBarPolicy(  326): onServiceStateChanged:0 home Sprint  310099  EvDo rev. A CSS not supported 41 4139RoamInd: 1RoamStatus(sprint): 1DefRoamInd: 160EmergOnly: falsefor subscription :0
02-13 14:14:41.667 D/StatusBarPolicy(  326): updateSignalStrength on subscription :0
02-13 14:14:41.667 D/StatusBarPolicy(  326): StatusBarPolocy::getIconLevel -EVDO
02-13 14:14:41.667 D/StatusBarPolicy(  326): getEvdoLevel_band_six -evdoDbm:-99
02-13 14:14:41.667 D/StatusBarPolicy(  326): getEvdoLevel_band_six -evdoEcio:-5
02-13 14:14:41.667 D/StatusBarPolicy(  326): updateDataIcon subscription =0
02-13 14:14:42.478 D/StatusBarPolicy(  326): updateDataIcon subscription =0
02-13 14:14:42.708 I/TelephonyRegistry(  256): notifyServiceState: 0 home Sprint  310099  EvDo rev. A CSS not supported 41 4139RoamInd: 1RoamStatus(sprint): 1DefRoamInd: 160EmergOnly: false
02-13 14:14:42.708 D/StatusBarPolicy(  326): onServiceStateChanged:0 home Sprint  310099  EvDo rev. A CSS not supported 41 4139RoamInd: 1RoamStatus(sprint): 1DefRoamInd: 160EmergOnly: falsefor subscription :0
02-13 14:14:42.708 D/StatusBarPolicy(  326): updateSignalStrength on subscription :0
02-13 14:14:42.718 D/StatusBarPolicy(  326): StatusBarPolocy::getIconLevel -EVDO
02-13 14:14:42.718 D/StatusBarPolicy(  326): getEvdoLevel_band_six -evdoDbm:-99
02-13 14:14:42.718 D/StatusBarPolicy(  326): getEvdoLevel_band_six -evdoEcio:-5
02-13 14:14:42.718 D/StatusBarPolicy(  326): updateDataIcon subscription =0
02-13 14:14:43.109 D/StatusBarPolicy(  326): onSignalStrengthsChanged:SignalStrength: 99 0 -93 -70 -97 -5 8 99 2147483647 2147483647 2147483647 2147483647 cdma for subscription0
02-13 14:14:43.109 D/StatusBarPolicy(  326): updateSignalStrength on subscription :0
02-13 14:14:43.109 D/StatusBarPolicy(  326): StatusBarPolocy::getIconLevel -EVDO
02-13 14:14:43.109 D/StatusBarPolicy(  326): getEvdoLevel_band_six -evdoDbm:-97
02-13 14:14:43.109 D/StatusBarPolicy(  326): getEvdoLevel_band_six -evdoEcio:-5
02-13 14:14:43.499 D/StatusBarPolicy(  326): updateDataIcon subscription =0
02-13 14:14:49.555 D/StatusBarPolicy(  326): updateDataIcon subscription =0
02-13 14:14:49.845 D/StatusBarPolicy(  326): onSignalStrengthsChanged:SignalStrength: 99 0 -93 -70 -94 -5 8 99 2147483647 2147483647 2147483647 2147483647 cdma for subscription0
02-13 14:14:49.845 D/StatusBarPolicy(  326): updateSignalStrength on subscription :0
02-13 14:14:49.845 D/StatusBarPolicy(  326): StatusBarPolocy::getIconLevel -EVDO
02-13 14:14:49.845 D/StatusBarPolicy(  326): getEvdoLevel_band_six -evdoDbm:-94
02-13 14:14:49.845 D/StatusBarPolicy(  326): getEvdoLevel_band_six -evdoEcio:-5
02-13 14:14:56.572 D/StatusBarPolicy(  326): onSignalStrengthsChanged:SignalStrength: 99 0 -93 -70 -93 -5 8 99 2147483647 2147483647 2147483647 2147483647 cdma for subscription0
02-13 14:14:56.572 D/StatusBarPolicy(  326): updateSignalStrength on subscription :0
02-13 14:14:56.572 D/StatusBarPolicy(  326): StatusBarPolocy::getIconLevel -EVDO
02-13 14:14:56.582 D/StatusBarPolicy(  326): getEvdoLevel_band_six -evdoDbm:-93
02-13 14:14:56.582 D/StatusBarPolicy(  326): getEvdoLevel_band_six -evdoEcio:-5
02-13 14:14:58.804 D/StatusBarPolicy(  326): onSignalStrengthsChanged:SignalStrength: 99 0 -120 -160 -120 -1 8 99 2147483647 2147483647 2147483647 2147483647 cdma for subscription0
02-13 14:14:58.804 D/StatusBarPolicy(  326): updateSignalStrength on subscription :0
02-13 14:14:58.804 D/StatusBarPolicy(  326): StatusBarPolocy::getIconLevel -EVDO
02-13 14:14:58.814 D/StatusBarPolicy(  326): getEvdoLevel_band_six -evdoDbm:-120
02-13 14:14:58.814 D/StatusBarPolicy(  326): getEvdoLevel_band_six -evdoEcio:-1
02-13 14:14:58.844 D/StatusBarPolicy(  326): updateDataIcon subscription =0
02-13 14:14:58.844 D/StatusBarPolicy(  326): onSignalStrengthsChanged:SignalStrength: 99 0 -93 -70 -92 -15 8 99 2147483647 2147483647 2147483647 2147483647 cdma for subscription0
02-13 14:14:58.844 D/StatusBarPolicy(  326): updateSignalStrength on subscription :0
02-13 14:14:58.844 D/StatusBarPolicy(  326): StatusBarPolocy::getIconLevel -EVDO
02-13 14:14:58.844 D/StatusBarPolicy(  326): getEvdoLevel_band_six -evdoDbm:-92
02-13 14:14:58.844 D/StatusBarPolicy(  326): getEvdoLevel_band_six -evdoEcio:-15
02-13 14:15:00.015 D/AlarmManager(  256): scheduleTimeTickEvent calendar=Mon Feb 13 14:16:00 CST 2012
02-13 14:15:00.015 D/AlarmManager(  256): calendar.getTimeInMillis()1329164160000
02-13 14:15:00.065 W/ActivityManager(  256): finishReceiver called but no pending broadcasts
02-13 14:15:01.677 I/TelephonyRegistry(  256): notifyServiceState: 0 home Sprint  310099  EvDo rev. A CSS not supported 41 4139RoamInd: 1RoamStatus(sprint): 1DefRoamInd: 160EmergOnly: false
02-13 14:15:01.677 D/StatusBarPolicy(  326): onServiceStateChanged:0 home Sprint  310099  EvDo rev. A CSS not supported 41 4139RoamInd: 1RoamStatus(sprint): 1DefRoamInd: 160EmergOnly: falsefor subscription :0
02-13 14:15:01.677 D/StatusBarPolicy(  326): updateSignalStrength on subscription :0
02-13 14:15:01.687 D/StatusBarPolicy(  326): StatusBarPolocy::getIconLevel -EVDO
02-13 14:15:01.687 D/StatusBarPolicy(  326): getEvdoLevel_band_six -evdoDbm:-92
02-13 14:15:01.687 D/StatusBarPolicy(  326): getEvdoLevel_band_six -evdoEcio:-15
02-13 14:15:01.687 D/StatusBarPolicy(  326): updateDataIcon subscription =0
02-13 14:15:03.308 D/StatusBarPolicy(  326): onSignalStrengthsChanged:SignalStrength: 99 0 -93 -70 -86 -15 8 99 2147483647 2147483647 2147483647 2147483647 cdma for subscription0
02-13 14:15:03.308 D/StatusBarPolicy(  326): updateSignalStrength on subscription :0
02-13 14:15:03.318 D/StatusBarPolicy(  326): StatusBarPolocy::getIconLevel -EVDO
02-13 14:15:03.318 D/StatusBarPolicy(  326): getEvdoLevel_band_six -evdoDbm:-86
02-13 14:15:03.318 D/StatusBarPolicy(  326): getEvdoLevel_band_six -evdoEcio:-15
02-13 14:15:05.541 D/StatusBarPolicy(  326): onSignalStrengthsChanged:SignalStrength: 99 0 -93 -70 -87 -15 8 99 2147483647 2147483647 2147483647 2147483647 cdma for subscription0
02-13 14:15:05.541 D/StatusBarPolicy(  326): updateSignalStrength on subscription :0
02-13 14:15:05.541 D/StatusBarPolicy(  326): StatusBarPolocy::getIconLevel -EVDO
02-13 14:15:05.551 D/StatusBarPolicy(  326): getEvdoLevel_band_six -evdoDbm:-87
02-13 14:15:05.551 D/StatusBarPolicy(  326): getEvdoLevel_band_six -evdoEcio:-15
02-13 14:15:10.005 D/StatusBarPolicy(  326): onSignalStrengthsChanged:SignalStrength: 99 0 -93 -70 -89 -15 8 99 2147483647 2147483647 2147483647 2147483647 cdma for subscription0
02-13 14:15:10.005 D/StatusBarPolicy(  326): updateSignalStrength on subscription :0
02-13 14:15:10.005 D/StatusBarPolicy(  326): StatusBarPolocy::getIconLevel -EVDO
02-13 14:15:10.005 D/StatusBarPolicy(  326): getEvdoLevel_band_six -evdoDbm:-89
02-13 14:15:10.005 D/StatusBarPolicy(  326): getEvdoLevel_band_six -evdoEcio:-15
02-13 14:15:11.396 D/BatteryService(  256): updateBattery level:74 scale:100 status:3 health:2 present:true voltage: 3930 temperature: 360 technology: Li-ion AC powered:false USB powered:false icon:17302173
02-13 14:15:11.426 D/WifiService(  256): ACTION_BATTERY_CHANGED pluggedType: 0
02-13 14:15:11.426 D/WifiService(  256): WifiHandler, MESSAGE_UPDATE_STATE
02-13 14:15:11.426 D/WifiService(  256): isAirplaneModeOn(): false
02-13 14:15:11.426 D/WifiService(  256): updateWifiState(), wifiEnabled: true, airplaneMode: false, wifiShouldBeEnabled: true, wifiShouldBeStarted: true, strongestLockMode: 1
02-13 14:15:11.426 D/WifiService(  256): WifiHandler, MESSAGE_ENABLE_WIFI, msg.arg1: 0, msg.arg2: 1000
02-13 14:15:11.436 D/WifiService(  256): WifiHandler, MESSAGE_START_WIFI, msg.arg1: 1
02-13 14:15:17.022 I/TelephonyRegistry(  256): notifyServiceState: 0 home Sprint  310099  EvDo rev. A CSS not supported 41 4139RoamInd: 1RoamStatus(sprint): 1DefRoamInd: 160EmergOnly: false
02-13 14:15:17.022 D/StatusBarPolicy(  326): onServiceStateChanged:0 home Sprint  310099  EvDo rev. A CSS not supported 41 4139RoamInd: 1RoamStatus(sprint): 1DefRoamInd: 160EmergOnly: falsefor subscription :0
02-13 14:15:17.022 D/StatusBarPolicy(  326): updateSignalStrength on subscription :0
02-13 14:15:17.022 D/StatusBarPolicy(  326): StatusBarPolocy::getIconLevel -EVDO
02-13 14:15:17.022 D/StatusBarPolicy(  326): getEvdoLevel_band_six -evdoDbm:-89
02-13 14:15:17.022 D/StatusBarPolicy(  326): getEvdoLevel_band_six -evdoEcio:-15
02-13 14:15:17.022 D/StatusBarPolicy(  326): updateDataIcon subscription =0
02-13 14:15:18.974 D/StatusBarPolicy(  326): onSignalStrengthsChanged:SignalStrength: 99 0 -93 -70 -91 -25 8 99 2147483647 2147483647 2147483647 2147483647 cdma for subscription0
02-13 14:15:18.974 D/StatusBarPolicy(  326): updateSignalStrength on subscription :0
02-13 14:15:18.984 D/StatusBarPolicy(  326): StatusBarPolocy::getIconLevel -EVDO
02-13 14:15:18.984 D/StatusBarPolicy(  326): getEvdoLevel_band_six -evdoDbm:-91
02-13 14:15:18.984 D/StatusBarPolicy(  326): getEvdoLevel_band_six -evdoEcio:-25
02-13 14:15:19.414 I/ActivityManager(  256): Start proc com.android.mms for service com.android.mms/.transaction.TransactionService: pid=811 uid=10030 gids={3003, 1015}
02-13 14:15:22.087 D/StatusBarPolicy(  326): onSignalStrengthsChanged:SignalStrength: 99 0 -99 -70 -91 -25 8 99 2147483647 2147483647 2147483647 2147483647 cdma for subscription0
02-13 14:15:22.087 D/StatusBarPolicy(  326): updateSignalStrength on subscription :0
02-13 14:15:22.097 D/StatusBarPolicy(  326): StatusBarPolocy::getIconLevel -EVDO
02-13 14:15:22.097 D/StatusBarPolicy(  326): getEvdoLevel_band_six -evdoDbm:-91
02-13 14:15:22.097 D/StatusBarPolicy(  326): getEvdoLevel_band_six -evdoEcio:-25
02-13 14:15:22.127 I/TelephonyRegistry(  256): notifyServiceState: 0 home Sprint  310099  EvDo rev. A CSS not supported 41 4139RoamInd: 1RoamStatus(sprint): 1DefRoamInd: 160EmergOnly: false
02-13 14:15:22.127 D/StatusBarPolicy(  326): onServiceStateChanged:0 home Sprint  310099  EvDo rev. A CSS not supported 41 4139RoamInd: 1RoamStatus(sprint): 1DefRoamInd: 160EmergOnly: falsefor subscription :0
02-13 14:15:22.127 D/StatusBarPolicy(  326): updateSignalStrength on subscription :0
02-13 14:15:22.127 D/StatusBarPolicy(  326): StatusBarPolocy::getIconLevel -EVDO
02-13 14:15:22.127 D/StatusBarPolicy(  326): getEvdoLevel_band_six -evdoDbm:-91
02-13 14:15:22.127 D/StatusBarPolicy(  326): getEvdoLevel_band_six -evdoEcio:-25
02-13 14:15:22.127 D/StatusBarPolicy(  326): updateDataIcon subscription =0
02-13 14:15:23.068 D/PowerManagerService(  256): setTimeoutLocked now=103096 timeoutOverride=-1 nextState=3 when=109096
02-13 14:15:23.078 W/WindowManager(  256): updateFocusedWindowLocked newFocus=null mode=3 mCurrentFocus = Window{4074e368 Keyguard paused=false}
02-13 14:15:23.078 W/WindowManager(  256): updateFocusedWindowLocked newFocus=Window{4082a0f0 com.android.launcher/com.android.launcher2.Launcher paused=false} mode=2 mCurrentFocus = null
02-13 14:15:23.118 D/PowerManagerService(  256): setTimeoutLocked now=103137 timeoutOverride=-1 nextState=3 when=109137
02-13 14:15:23.538 D/PowerManagerService(  256): setTimeoutLocked now=103564 timeoutOverride=-1 nextState=3 when=109564
02-13 14:15:23.558 W/WindowManager(  256): updateFocusedWindowLocked newFocus=Window{4082fdd8 TrackingView paused=false} mode=3 mCurrentFocus = Window{4082a0f0 com.android.launcher/com.android.launcher2.Launcher paused=false}
02-13 14:15:23.578 W/WindowManager(  256): updateFocusedWindowLocked newFocus=Window{4082d948 StatusBarExpanded paused=false} mode=3 mCurrentFocus = Window{4082fdd8 TrackingView paused=false}
02-13 14:15:23.728 D/PowerManagerService(  256): setTimeoutLocked now=103753 timeoutOverride=-1 nextState=3 when=109753
02-13 14:15:24.569 D/PowerManagerService(  256): setTimeoutLocked now=104598 timeoutOverride=-1 nextState=3 when=110598
02-13 14:15:24.649 D/PowerManagerService(  256): setTimeoutLocked now=104670 timeoutOverride=-1 nextState=3 when=110670
02-13 14:15:24.869 W/WindowManager(  256): updateFocusedWindowLocked newFocus=Window{4082fdd8 TrackingView paused=false} mode=3 mCurrentFocus = Window{4082d948 StatusBarExpanded paused=false}
02-13 14:15:24.880 W/WindowManager(  256): updateFocusedWindowLocked newFocus=Window{4082a0f0 com.android.launcher/com.android.launcher2.Launcher paused=false} mode=3 mCurrentFocus = Window{4082fdd8 TrackingView paused=false}
02-13 14:15:24.880 W/InputManagerService(  256): Window already focused, ignoring focus gain of: com.android.internal.view.IInputMethodClient$Stub$Proxy@408b5720
02-13 14:15:30.175 D/StatusBarPolicy(  326): onSignalStrengthsChanged:SignalStrength: 99 0 -99 -70 -93 -25 7 99 2147483647 2147483647 2147483647 2147483647 cdma for subscription0
02-13 14:15:30.175 D/StatusBarPolicy(  326): updateSignalStrength on subscription :0
02-13 14:15:30.185 D/StatusBarPolicy(  326): StatusBarPolocy::getIconLevel -EVDO
02-13 14:15:30.185 D/StatusBarPolicy(  326): getEvdoLevel_band_six -evdoDbm:-93
02-13 14:15:30.185 D/StatusBarPolicy(  326): getEvdoLevel_band_six -evdoEcio:-25
02-13 14:15:30.645 D/PowerManagerService(  256): setTimeoutLocked now=110673 timeoutOverride=-1 nextState=1 when=217673
02-13 14:15:32.387 D/StatusBarPolicy(  326): onSignalStrengthsChanged:SignalStrength: 99 0 -99 -85 -93 -25 7 99 2147483647 2147483647 2147483647 2147483647 cdma for subscription0
02-13 14:15:32.387 D/StatusBarPolicy(  326): updateSignalStrength on subscription :0
02-13 14:15:32.387 D/StatusBarPolicy(  326): StatusBarPolocy::getIconLevel -EVDO
02-13 14:15:32.387 D/StatusBarPolicy(  326): getEvdoLevel_band_six -evdoDbm:-93
02-13 14:15:32.387 D/StatusBarPolicy(  326): getEvdoLevel_band_six -evdoEcio:-25
02-13 14:15:32.397 I/TelephonyRegistry(  256): notifyServiceState: 0 home Sprint  310099  EvDo rev. A CSS not supported 41 4139RoamInd: 1RoamStatus(sprint): 1DefRoamInd: 160EmergOnly: false
02-13 14:15:32.397 D/StatusBarPolicy(  326): onServiceStateChanged:0 home Sprint  310099  EvDo rev. A CSS not supported 41 4139RoamInd: 1RoamStatus(sprint): 1DefRoamInd: 160EmergOnly: falsefor subscription :0
02-13 14:15:32.397 D/StatusBarPolicy(  326): updateSignalStrength on subscription :0
02-13 14:15:32.397 D/StatusBarPolicy(  326): StatusBarPolocy::getIconLevel -EVDO
02-13 14:15:32.397 D/StatusBarPolicy(  326): getEvdoLevel_band_six -evdoDbm:-93
02-13 14:15:32.397 D/StatusBarPolicy(  326): getEvdoLevel_band_six -evdoEcio:-25
02-13 14:15:32.397 D/StatusBarPolicy(  326): updateDataIcon subscription =0
02-13 14:15:34.669 D/StatusBarPolicy(  326): onSignalStrengthsChanged:SignalStrength: 99 0 -99 -85 -93 -10 8 99 2147483647 2147483647 2147483647 2147483647 cdma for subscription0
02-13 14:15:34.669 D/StatusBarPolicy(  326): updateSignalStrength on subscription :0
02-13 14:15:34.669 D/StatusBarPolicy(  326): StatusBarPolocy::getIconLevel -EVDO
02-13 14:15:34.679 D/StatusBarPolicy(  326): getEvdoLevel_band_six -evdoDbm:-93
02-13 14:15:34.679 D/StatusBarPolicy(  326): getEvdoLevel_band_six -evdoEcio:-10
02-13 14:15:37.432 D/StatusBarPolicy(  326): onSignalStrengthsChanged:SignalStrength: 99 0 -102 -75 -93 -10 8 99 2147483647 2147483647 2147483647 2147483647 cdma for subscription0
02-13 14:15:37.432 D/StatusBarPolicy(  326): updateSignalStrength on subscription :0
02-13 14:15:37.432 D/StatusBarPolicy(  326): StatusBarPolocy::getIconLevel -EVDO
02-13 14:15:37.432 D/StatusBarPolicy(  326): getEvdoLevel_band_six -evdoDbm:-93
02-13 14:15:37.432 D/StatusBarPolicy(  326): getEvdoLevel_band_six -evdoEcio:-10
02-13 14:15:37.442 I/TelephonyRegistry(  256): notifyServiceState: 0 home Sprint  310099  EvDo rev. A CSS not supported 41 4139RoamInd: 1RoamStatus(sprint): 1DefRoamInd: 160EmergOnly: false
02-13 14:15:37.442 D/StatusBarPolicy(  326): onServiceStateChanged:0 home Sprint  310099  EvDo rev. A CSS not supported 41 4139RoamInd: 1RoamStatus(sprint): 1DefRoamInd: 160EmergOnly: falsefor subscription :0
02-13 14:15:37.442 D/StatusBarPolicy(  326): updateSignalStrength on subscription :0
02-13 14:15:37.442 D/StatusBarPolicy(  326): StatusBarPolocy::getIconLevel -EVDO
02-13 14:15:37.442 D/StatusBarPolicy(  326): getEvdoLevel_band_six -evdoDbm:-93
02-13 14:15:37.442 D/StatusBarPolicy(  326): getEvdoLevel_band_six -evdoEcio:-10
02-13 14:15:37.452 D/StatusBarPolicy(  326): updateDataIcon subscription =0
02-13 14:15:39.143 D/StatusBarPolicy(  326): onSignalStrengthsChanged:SignalStrength: 99 0 -102 -75 -86 -10 8 99 2147483647 2147483647 2147483647 2147483647 cdma for subscription0
02-13 14:15:39.143 D/StatusBarPolicy(  326): updateSignalStrength on subscription :0
02-13 14:15:39.153 D/StatusBarPolicy(  326): StatusBarPolocy::getIconLevel -EVDO
02-13 14:15:39.153 D/StatusBarPolicy(  326): getEvdoLevel_band_six -evdoDbm:-86
02-13 14:15:39.163 D/StatusBarPolicy(  326): getEvdoLevel_band_six -evdoEcio:-10
02-13 14:15:39.724 D/StatusBarPolicy(  326): updateDataIcon subscription =0
02-13 14:15:39.834 D/NetdConnector(  256): SND -> {interface readrxcounter rmnet0} {null}
02-13 14:15:39.834 D/NetdConnector(  256): RCV <- {216 25747}
02-13 14:15:39.834 D/NetdConnector(  256): RSP <- {216 25747}
02-13 14:15:39.834 D/NetdConnector(  256): SND -> {interface readtxcounter rmnet0} {null}
02-13 14:15:39.844 D/NetdConnector(  256): RCV <- {217 9367}
02-13 14:15:39.844 D/NetdConnector(  256): RSP <- {217 9367}
02-13 14:15:40.735 D/StatusBarPolicy(  326): updateDataIcon subscription =0
02-13 14:15:41.416 D/WifiService(  256): ACTION_BATTERY_CHANGED pluggedType: 0
02-13 14:15:41.416 D/WifiService(  256): WifiHandler, MESSAGE_UPDATE_STATE
02-13 14:15:41.416 D/WifiService(  256): isAirplaneModeOn(): false
02-13 14:15:41.416 D/WifiService(  256): updateWifiState(), wifiEnabled: true, airplaneMode: false, wifiShouldBeEnabled: true, wifiShouldBeStarted: true, strongestLockMode: 1
02-13 14:15:41.416 D/WifiService(  256): WifiHandler, MESSAGE_ENABLE_WIFI, msg.arg1: 0, msg.arg2: 1000
02-13 14:15:41.416 D/WifiService(  256): WifiHandler, MESSAGE_START_WIFI, msg.arg1: 1
02-13 14:15:41.756 D/StatusBarPolicy(  326): updateDataIcon subscription =0
02-13 14:15:42.727 D/StatusBarPolicy(  326): onSignalStrengthsChanged:SignalStrength: 99 0 -107 -160 -95 -1 8 99 2147483647 2147483647 2147483647 2147483647 cdma for subscription0
02-13 14:15:42.727 D/StatusBarPolicy(  326): updateSignalStrength on subscription :0
02-13 14:15:42.737 D/StatusBarPolicy(  326): StatusBarPolocy::getIconLevel -EVDO
02-13 14:15:42.737 D/StatusBarPolicy(  326): getEvdoLevel_band_six -evdoDbm:-95
02-13 14:15:42.737 D/StatusBarPolicy(  326): getEvdoLevel_band_six -evdoEcio:-1
02-13 14:15:42.747 D/StatusBarPolicy(  326): onSignalStrengthsChanged:SignalStrength: 99 0 -107 -75 -95 -25 8 99 2147483647 2147483647 2147483647 2147483647 cdma for subscription0
02-13 14:15:42.747 D/StatusBarPolicy(  326): updateSignalStrength on subscription :0
02-13 14:15:42.747 D/StatusBarPolicy(  326): StatusBarPolocy::getIconLevel -EVDO
02-13 14:15:42.747 D/StatusBarPolicy(  326): getEvdoLevel_band_six -evdoDbm:-95
02-13 14:15:42.747 D/StatusBarPolicy(  326): getEvdoLevel_band_six -evdoEcio:-25
02-13 14:15:42.747 I/TelephonyRegistry(  256): notifyServiceState: 0 home Sprint  310099  EvDo rev. A CSS not supported 41 4139RoamInd: 1RoamStatus(sprint): 1DefRoamInd: 160EmergOnly: false
02-13 14:15:42.747 D/StatusBarPolicy(  326): onServiceStateChanged:0 home Sprint  310099  EvDo rev. A CSS not supported 41 4139RoamInd: 1RoamStatus(sprint): 1DefRoamInd: 160EmergOnly: falsefor subscription :0
02-13 14:15:42.747 D/StatusBarPolicy(  326): updateSignalStrength on subscription :0
02-13 14:15:42.767 D/StatusBarPolicy(  326): StatusBarPolocy::getIconLevel -EVDO
02-13 14:15:42.767 D/StatusBarPolicy(  326): getEvdoLevel_band_six -evdoDbm:-95
02-13 14:15:42.767 D/StatusBarPolicy(  326): getEvdoLevel_band_six -evdoEcio:-25
02-13 14:15:42.767 D/StatusBarPolicy(  326): updateDataIcon subscription =0
02-13 14:15:43.628 D/StatusBarPolicy(  326): onSignalStrengthsChanged:SignalStrength: 99 0 -107 -75 -93 -15 8 99 2147483647 2147483647 2147483647 2147483647 cdma for subscription0
02-13 14:15:43.628 D/StatusBarPolicy(  326): updateSignalStrength on subscription :0
02-13 14:15:43.628 D/StatusBarPolicy(  326): StatusBarPolocy::getIconLevel -EVDO
02-13 14:15:43.628 D/StatusBarPolicy(  326): getEvdoLevel_band_six -evdoDbm:-93
02-13 14:15:43.628 D/StatusBarPolicy(  326): getEvdoLevel_band_six -evdoEcio:-15
02-13 14:15:44.719 I/TelephonyRegistry(  256): notifyServiceState: 0 home Sprint  310099  EvDo rev. A CSS not supported 41 4139RoamInd: 1RoamStatus(sprint): 1DefRoamInd: 160EmergOnly: false
02-13 14:15:44.719 D/StatusBarPolicy(  326): onServiceStateChanged:0 home Sprint  310099  EvDo rev. A CSS not supported 41 4139RoamInd: 1RoamStatus(sprint): 1DefRoamInd: 160EmergOnly: falsefor subscription :0
02-13 14:15:44.719 D/StatusBarPolicy(  326): updateSignalStrength on subscription :0
02-13 14:15:44.719 D/StatusBarPolicy(  326): StatusBarPolocy::getIconLevel -EVDO
02-13 14:15:44.719 D/StatusBarPolicy(  326): getEvdoLevel_band_six -evdoDbm:-93
02-13 14:15:44.719 D/StatusBarPolicy(  326): getEvdoLevel_band_six -evdoEcio:-15
02-13 14:15:44.719 D/StatusBarPolicy(  326): updateDataIcon subscription =0
02-13 14:15:47.732 D/StatusBarPolicy(  326): onSignalStrengthsChanged:SignalStrength: 99 0 -105 -130 -79 -15 8 99 2147483647 2147483647 2147483647 2147483647 cdma for subscription0
02-13 14:15:47.732 D/StatusBarPolicy(  326): updateSignalStrength on subscription :0
02-13 14:15:47.732 D/StatusBarPolicy(  326): StatusBarPolocy::getIconLevel -EVDO
02-13 14:15:47.732 D/StatusBarPolicy(  326): getEvdoLevel_band_six -evdoDbm:-79
02-13 14:15:47.732 D/StatusBarPolicy(  326): getEvdoLevel_band_six -evdoEcio:-15
02-13 14:15:47.762 I/TelephonyRegistry(  256): notifyServiceState: 0 home Sprint  310099  EvDo rev. A CSS not supported 41 4139RoamInd: 1RoamStatus(sprint): 1DefRoamInd: 160EmergOnly: false
02-13 14:15:47.762 D/StatusBarPolicy(  326): onServiceStateChanged:0 home Sprint  310099  EvDo rev. A CSS not supported 41 4139RoamInd: 1RoamStatus(sprint): 1DefRoamInd: 160EmergOnly: falsefor subscription :0
02-13 14:15:47.762 D/StatusBarPolicy(  326): updateSignalStrength on subscription :0
02-13 14:15:47.762 D/StatusBarPolicy(  326): StatusBarPolocy::getIconLevel -EVDO
02-13 14:15:47.762 D/StatusBarPolicy(  326): getEvdoLevel_band_six -evdoDbm:-79
