02-13 18:08:18.074 I/TelephonyRegistry(  256): +++broadcastDataConnectionStateChanged
02-13 18:08:18.074 I/TelephonyRegistry(  256): +++sendStickyBroadcast
02-13 18:08:18.074 W/Smack/Packet(  377): notify conn break (IOEx), close connection
02-13 18:08:18.094 D/GTalkService(  377): ##### Network broadcast (connected=false) type=mobile, state=DISCONNECTED
02-13 18:08:18.094 I/GTalkService(  377): [GTalkConnection.1] setInternalNetworkState: type=0, state=DISCONNECTED
02-13 18:08:18.094 D/Phone   (  344): [PhoneNotifier] [DefaultPhoneNotifier] : mms, INET6, DISCONNECTED
02-13 18:08:18.094 I/DATA    (  344): [DCT(0) ]  getDataOnDomesticRoamingEnabled:false
02-13 18:08:18.094 D/MobileDataStateTracker(  256): [hipri]  MobileDataStateReceiver onReceive(): Entry.
02-13 18:08:18.094 D/MobileDataStateTracker(  256): [hipri]  intent.getAction()= android.intent.action.ANY_DATA_STATE
02-13 18:08:18.094 D/MobileDataStateTracker(  256): [hipri]  mEnabled = false
02-13 18:08:18.094 I/TelephonyRegistry(  256): notifyDataConnection: state=0 isDataConnectivityPossible=false reason=roamingOn interfaceName=null networkType=6 apnType=mms apn=null
02-13 18:08:18.094 I/TelephonyRegistry(  256): +++broadcastDataConnectionStateChanged
02-13 18:08:18.104 I/TelephonyRegistry(  256): +++sendStickyBroadcast
02-13 18:08:18.104 D/MobileDataStateTracker(  256): [hipri]  apnTypeList = default
02-13 18:08:18.104 D/MobileDataStateTracker(  256): [hipri]  unavailable = true
02-13 18:08:18.104 D/MobileDataStateTracker(  256): [hipri] Do not process intents if disabled.
02-13 18:08:18.104 D/MobileDataStateTracker(  256): [dun]  MobileDataStateReceiver onReceive(): Entry.
02-13 18:08:18.104 D/MobileDataStateTracker(  256): [dun]  intent.getAction()= android.intent.action.ANY_DATA_STATE
02-13 18:08:18.104 D/MobileDataStateTracker(  256): [dun]  mEnabled = false
02-13 18:08:18.104 D/MobileDataStateTracker(  256): [dun]  apnTypeList = default
02-13 18:08:18.104 D/MobileDataStateTracker(  256): [dun]  unavailable = true
02-13 18:08:18.104 D/MobileDataStateTracker(  256): [dun] Do not process intents if disabled.
02-13 18:08:18.104 D/MobileDataStateTracker(  256): [supl]  MobileDataStateReceiver onReceive(): Entry.
02-13 18:08:18.104 D/MobileDataStateTracker(  256): [supl]  intent.getAction()= android.intent.action.ANY_DATA_STATE
02-13 18:08:18.104 D/MobileDataStateTracker(  256): [supl]  mEnabled = false
02-13 18:08:18.114 D/MobileDataStateTracker(  256): [supl]  apnTypeList = default
02-13 18:08:18.114 D/MobileDataStateTracker(  256): [supl]  unavailable = true
02-13 18:08:18.114 D/MobileDataStateTracker(  256): [supl] Do not process intents if disabled.
02-13 18:08:18.114 D/MobileDataStateTracker(  256): [mms]  MobileDataStateReceiver onReceive(): Entry.
02-13 18:08:18.114 D/MobileDataStateTracker(  256): [mms]  intent.getAction()= android.intent.action.ANY_DATA_STATE
02-13 18:08:18.114 D/MobileDataStateTracker(  256): [mms]  mEnabled = false
02-13 18:08:18.114 D/MobileDataStateTracker(  256): [mms]  apnTypeList = default
02-13 18:08:18.114 D/MobileDataStateTracker(  256): [mms]  unavailable = true
02-13 18:08:18.114 D/MobileDataStateTracker(  256): [mms] Do not process intents if disabled.
02-13 18:08:18.114 D/MobileDataStateTracker(  256): [default]  MobileDataStateReceiver onReceive(): Entry.
02-13 18:08:18.114 D/MobileDataStateTracker(  256): [default]  intent.getAction()= android.intent.action.ANY_DATA_STATE
02-13 18:08:18.114 D/MobileDataStateTracker(  256): [default]  mEnabled = true
02-13 18:08:18.114 D/MobileDataStateTracker(  256): [default]  apnTypeList = default
02-13 18:08:18.114 D/MobileDataStateTracker(  256): [default]  unavailable = true
02-13 18:08:18.114 D/MobileDataStateTracker(  256): [default] CALL updateMobileInfoFromIntent
02-13 18:08:18.114 I/MobileDataStateTracker(  256): [default] dc state change intent received for default/INET6 with state  DISCONNECTED. enabled=true state change reason = roamingOn
02-13 18:08:18.114 I/MobileDataStateTracker(  256): [default] old state = DISCONNECTED
02-13 18:08:18.114 I/MobileDataStateTracker(  256): [default] no change,  just return
02-13 18:08:18.114 D/MobileDataStateTracker(  256): [default] No need to update detailed state
02-13 18:08:18.114 D/Tethering(  256): MasterInitialState.processMessage what=3
02-13 18:08:18.124 I/GTalkService(  377): [GTalkConnection.24] connectionClosed: connId=500, error=NO NETWORK
02-13 18:08:18.124 D/MobileDataStateTracker(  256): [hipri]  MobileDataStateReceiver onReceive(): Entry.
02-13 18:08:18.124 D/MobileDataStateTracker(  256): [hipri]  intent.getAction()= android.intent.action.ANY_DATA_STATE
02-13 18:08:18.124 D/MobileDataStateTracker(  256): [hipri]  mEnabled = false
02-13 18:08:18.124 D/GpsLocationProvider(  256): updateNetworkState unavailable info: NetworkInfo: type: mobile[CDMA - EvDo rev. A], state: DISCONNECTED/DISCONNECTED, reason: roamingOn, extra: (none), roaming: true, failover: false, isAvailable: false, isIpv4Connected: false, isIpv6Connected: false, ipv4Name: null, ipv6Name: null
02-13 18:08:18.124 D/Smack   (  377): [XMPPConn] close connection, notifyClosed=false
02-13 18:08:18.124 I/DATA    (  344): [SERVICE_TYPE_SUPL] Service is inactive on INET
02-13 18:08:18.124 I/DATA    (  344): [SERVICE_TYPE_SUPL] set newState =  IDLEoldState =  CONNECTED
02-13 18:08:18.124 D/Phone   (  344): [PhoneNotifier] [DefaultPhoneNotifier] : supl, INET, DISCONNECTED
02-13 18:08:18.134 D/MobileDataStateTracker(  256): [hipri]  apnTypeList = mms
02-13 18:08:18.134 D/MobileDataStateTracker(  256): [hipri]  unavailable = true
02-13 18:08:18.134 D/MobileDataStateTracker(  256): [hipri] Do not process intents if disabled.
02-13 18:08:18.134 D/MobileDataStateTracker(  256): [dun]  MobileDataStateReceiver onReceive(): Entry.
02-13 18:08:18.134 D/MobileDataStateTracker(  256): [dun]  intent.getAction()= android.intent.action.ANY_DATA_STATE
02-13 18:08:18.134 D/MobileDataStateTracker(  256): [dun]  mEnabled = false
02-13 18:08:18.144 I/DATA    (  344): [DCT(0) ]  getDataOnDomesticRoamingEnabled:false
02-13 18:08:18.144 D/MobileDataStateTracker(  256): [dun]  apnTypeList = mms
02-13 18:08:18.144 D/MobileDataStateTracker(  256): [dun]  unavailable = true
02-13 18:08:18.144 D/MobileDataStateTracker(  256): [dun] Do not process intents if disabled.
02-13 18:08:18.144 D/MobileDataStateTracker(  256): [supl]  MobileDataStateReceiver onReceive(): Entry.
02-13 18:08:18.144 D/MobileDataStateTracker(  256): [supl]  intent.getAction()= android.intent.action.ANY_DATA_STATE
02-13 18:08:18.144 D/MobileDataStateTracker(  256): [supl]  mEnabled = false
02-13 18:08:18.144 I/TelephonyRegistry(  256): notifyDataConnection: state=0 isDataConnectivityPossible=false reason=roamingOn interfaceName=null networkType=6 apnType=supl apn=null
02-13 18:08:18.144 I/TelephonyRegistry(  256): +++broadcastDataConnectionStateChanged
02-13 18:08:18.144 D/MobileDataStateTracker(  256): [supl]  apnTypeList = mms
02-13 18:08:18.144 D/MobileDataStateTracker(  256): [supl]  unavailable = true
02-13 18:08:18.144 D/MobileDataStateTracker(  256): [supl] Do not process intents if disabled.
02-13 18:08:18.144 D/MobileDataStateTracker(  256): [mms]  MobileDataStateReceiver onReceive(): Entry.
02-13 18:08:18.144 D/MobileDataStateTracker(  256): [mms]  intent.getAction()= android.intent.action.ANY_DATA_STATE
02-13 18:08:18.144 D/MobileDataStateTracker(  256): [mms]  mEnabled = false
02-13 18:08:18.154 D/MobileDataStateTracker(  256): [mms]  apnTypeList = mms
02-13 18:08:18.154 D/MobileDataStateTracker(  256): [mms]  unavailable = true
02-13 18:08:18.154 D/MobileDataStateTracker(  256): [mms] Do not process intents if disabled.
02-13 18:08:18.154 D/MobileDataStateTracker(  256): [default]  MobileDataStateReceiver onReceive(): Entry.
02-13 18:08:18.154 D/MobileDataStateTracker(  256): [default]  intent.getAction()= android.intent.action.ANY_DATA_STATE
02-13 18:08:18.154 D/MobileDataStateTracker(  256): [default]  mEnabled = true
02-13 18:08:18.154 I/TelephonyRegistry(  256): +++sendStickyBroadcast
02-13 18:08:18.154 D/MobileDataStateTracker(  256): [default]  apnTypeList = mms
02-13 18:08:18.154 D/MobileDataStateTracker(  256): [default]  unavailable = true
02-13 18:08:18.154 D/MobileDataStateTracker(  256): [default] not what we are looking for.
02-13 18:08:18.154 D/MobileDataStateTracker(  256): [hipri]  MobileDataStateReceiver onReceive(): Entry.
02-13 18:08:18.154 D/MobileDataStateTracker(  256): [hipri]  intent.getAction()= android.intent.action.ANY_DATA_STATE
02-13 18:08:18.154 D/MobileDataStateTracker(  256): [hipri]  mEnabled = false
02-13 18:08:18.154 D/MobileDataStateTracker(  256): [hipri]  apnTypeList = mms
02-13 18:08:18.154 D/MobileDataStateTracker(  256): [hipri]  unavailable = true
02-13 18:08:18.154 D/MobileDataStateTracker(  256): [hipri] Do not process intents if disabled.
02-13 18:08:18.154 D/MobileDataStateTracker(  256): [dun]  MobileDataStateReceiver onReceive(): Entry.
02-13 18:08:18.154 D/MobileDataStateTracker(  256): [dun]  intent.getAction()= android.intent.action.ANY_DATA_STATE
02-13 18:08:18.154 D/MobileDataStateTracker(  256): [dun]  mEnabled = false
02-13 18:08:18.154 D/MobileDataStateTracker(  256): [dun]  apnTypeList = mms
02-13 18:08:18.154 D/MobileDataStateTracker(  256): [dun]  unavailable = true
02-13 18:08:18.154 D/MobileDataStateTracker(  256): [dun] Do not process intents if disabled.
02-13 18:08:18.154 D/MobileDataStateTracker(  256): [supl]  MobileDataStateReceiver onReceive(): Entry.
02-13 18:08:18.154 D/MobileDataStateTracker(  256): [supl]  intent.getAction()= android.intent.action.ANY_DATA_STATE
02-13 18:08:18.154 D/MobileDataStateTracker(  256): [supl]  mEnabled = false
02-13 18:08:18.154 D/Phone   (  344): [PhoneNotifier] [DefaultPhoneNotifier] : supl, INET6, DISCONNECTED
02-13 18:08:18.164 I/DATA    (  344): [DCT(0) ]  getDataOnDomesticRoamingEnabled:false
02-13 18:08:18.164 I/TelephonyRegistry(  256): notifyDataConnection: state=0 isDataConnectivityPossible=false reason=roamingOn interfaceName=null networkType=6 apnType=supl apn=null
02-13 18:08:18.164 I/TelephonyRegistry(  256): +++broadcastDataConnectionStateChanged
02-13 18:08:18.164 I/TelephonyRegistry(  256): +++sendStickyBroadcast
02-13 18:08:18.164 I/DATA    (  344): [SERVICE_TYPE_HIPRI] Service is inactive on INET
02-13 18:08:18.164 I/DATA    (  344): [SERVICE_TYPE_HIPRI] set newState =  IDLEoldState =  CONNECTED
02-13 18:08:18.164 D/Phone   (  344): [PhoneNotifier] [DefaultPhoneNotifier] : hipri, INET, DISCONNECTED
02-13 18:08:18.164 I/DATA    (  344): [DCT(0) ]  getDataOnDomesticRoamingEnabled:false
02-13 18:08:18.174 I/TelephonyRegistry(  256): notifyDataConnection: state=0 isDataConnectivityPossible=false reason=roamingOn interfaceName=null networkType=6 apnType=hipri apn=null
02-13 18:08:18.174 I/TelephonyRegistry(  256): +++broadcastDataConnectionStateChanged
02-13 18:08:18.174 I/TelephonyRegistry(  256): +++sendStickyBroadcast
02-13 18:08:18.184 D/Phone   (  344): [PhoneNotifier] [DefaultPhoneNotifier] : hipri, INET6, DISCONNECTED
02-13 18:08:18.184 I/DATA    (  344): [DCT(0) ]  getDataOnDomesticRoamingEnabled:false
02-13 18:08:18.184 I/MediaUploader(  670): No need to wake up
02-13 18:08:18.194 D/MobileDataStateTracker(  256): [supl]  apnTypeList = mms
02-13 18:08:18.194 D/MobileDataStateTracker(  256): [supl]  unavailable = true
02-13 18:08:18.194 D/MobileDataStateTracker(  256): [supl] Do not process intents if disabled.
02-13 18:08:18.194 D/MobileDataStateTracker(  256): [mms]  MobileDataStateReceiver onReceive(): Entry.
02-13 18:08:18.194 D/MobileDataStateTracker(  256): [mms]  intent.getAction()= android.intent.action.ANY_DATA_STATE
02-13 18:08:18.194 D/MobileDataStateTracker(  256): [mms]  mEnabled = false
02-13 18:08:18.194 D/MobileDataStateTracker(  256): [mms]  apnTypeList = mms
02-13 18:08:18.194 D/MobileDataStateTracker(  256): [mms]  unavailable = true
02-13 18:08:18.194 D/MobileDataStateTracker(  256): [mms] Do not process intents if disabled.
02-13 18:08:18.194 D/MobileDataStateTracker(  256): [default]  MobileDataStateReceiver onReceive(): Entry.
02-13 18:08:18.194 D/MobileDataStateTracker(  256): [default]  intent.getAction()= android.intent.action.ANY_DATA_STATE
02-13 18:08:18.194 D/MobileDataStateTracker(  256): [default]  mEnabled = true
02-13 18:08:18.194 I/TelephonyRegistry(  256): notifyDataConnection: state=0 isDataConnectivityPossible=false reason=roamingOn interfaceName=null networkType=6 apnType=hipri apn=null
02-13 18:08:18.194 I/TelephonyRegistry(  256): +++broadcastDataConnectionStateChanged
02-13 18:08:18.194 I/TelephonyRegistry(  256): +++sendStickyBroadcast
02-13 18:08:18.194 D/MobileDataStateTracker(  256): [default]  apnTypeList = mms
02-13 18:08:18.194 D/MobileDataStateTracker(  256): [default]  unavailable = true
02-13 18:08:18.194 D/MobileDataStateTracker(  256): [default] not what we are looking for.
02-13 18:08:18.204 D/MobileDataStateTracker(  256): [hipri]  MobileDataStateReceiver onReceive(): Entry.
02-13 18:08:18.204 D/MobileDataStateTracker(  256): [hipri]  intent.getAction()= android.intent.action.ANY_DATA_STATE
02-13 18:08:18.204 D/MobileDataStateTracker(  256): [hipri]  mEnabled = false
02-13 18:08:18.204 D/MobileDataStateTracker(  256): [hipri]  apnTypeList = supl
02-13 18:08:18.204 D/MobileDataStateTracker(  256): [hipri]  unavailable = true
02-13 18:08:18.204 D/MobileDataStateTracker(  256): [hipri] Do not process intents if disabled.
02-13 18:08:18.204 D/MobileDataStateTracker(  256): [dun]  MobileDataStateReceiver onReceive(): Entry.
02-13 18:08:18.204 D/MobileDataStateTracker(  256): [dun]  intent.getAction()= android.intent.action.ANY_DATA_STATE
02-13 18:08:18.204 D/MobileDataStateTracker(  256): [dun]  mEnabled = false
02-13 18:08:18.204 D/MobileDataStateTracker(  256): [dun]  apnTypeList = supl
02-13 18:08:18.204 D/MobileDataStateTracker(  256): [dun]  unavailable = true
02-13 18:08:18.204 D/MobileDataStateTracker(  256): [dun] Do not process intents if disabled.
02-13 18:08:18.204 D/MobileDataStateTracker(  256): [supl]  MobileDataStateReceiver onReceive(): Entry.
02-13 18:08:18.204 D/MobileDataStateTracker(  256): [supl]  intent.getAction()= android.intent.action.ANY_DATA_STATE
02-13 18:08:18.204 D/MobileDataStateTracker(  256): [supl]  mEnabled = false
02-13 18:08:18.214 D/PhoneApp(  344): mReceiver: ACTION_ANY_DATA_CONNECTION_STATE_CHANGED
02-13 18:08:18.214 D/PhoneApp(  344): - state: CONNECTED
02-13 18:08:18.214 D/PhoneApp(  344): - reason: roamingOn
02-13 18:08:18.214 D/PhoneApp(  344): mReceiver: ACTION_ANY_DATA_CONNECTION_STATE_CHANGED
02-13 18:08:18.214 D/PhoneApp(  344): - state: CONNECTED
02-13 18:08:18.214 D/PhoneApp(  344): - reason: roamingOn
02-13 18:08:18.214 D/PhoneApp(  344): mReceiver: ACTION_ANY_DATA_CONNECTION_STATE_CHANGED
02-13 18:08:18.214 D/PhoneApp(  344): - state: CONNECTED
02-13 18:08:18.214 D/PhoneApp(  344): - reason: roamingOn
02-13 18:08:18.214 D/PhoneApp(  344): mReceiver: ACTION_ANY_DATA_CONNECTION_STATE_CHANGED
02-13 18:08:18.214 D/PhoneApp(  344): - state: CONNECTED
02-13 18:08:18.214 D/PhoneApp(  344): - reason: roamingOn
02-13 18:08:18.214 D/PhoneApp(  344): mReceiver: ACTION_ANY_DATA_CONNECTION_STATE_CHANGED
02-13 18:08:18.214 D/PhoneApp(  344): - state: CONNECTED
02-13 18:08:18.214 D/PhoneApp(  344): - reason: roamingOn
02-13 18:08:18.214 D/PhoneApp(  344): mReceiver: ACTION_ANY_DATA_CONNECTION_STATE_CHANGED
02-13 18:08:18.214 D/PhoneApp(  344): - state: CONNECTED
02-13 18:08:18.214 D/PhoneApp(  344): - reason: roamingOn
02-13 18:08:18.214 D/PhoneApp(  344): mReceiver: ACTION_ANY_DATA_CONNECTION_STATE_CHANGED
02-13 18:08:18.214 D/PhoneApp(  344): - state: DISCONNECTED
02-13 18:08:18.214 D/PhoneApp(  344): - reason: roamingOn
02-13 18:08:18.214 D/PhoneApp(  344): mReceiver: ACTION_ANY_DATA_CONNECTION_STATE_CHANGED
02-13 18:08:18.214 D/PhoneApp(  344): - state: DISCONNECTED
02-13 18:08:18.214 D/PhoneApp(  344): - reason: roamingOn
02-13 18:08:18.214 I/DATA    (  344): [DCT(0) ] onUpdateDataConnections: reason=roamingOn
02-13 18:08:18.214 I/DATA    (  344): [DCT(0) ] ---dc list---
02-13 18:08:18.214 I/DATA    (  344): [DCT(0) ] ---ds list---
02-13 18:08:18.214 I/DATA    (  344): [DCT(0) ] ds= SERVICE_TYPE_DEFAULT, enabled = true, active = v4:IDLE v6:IDLE
02-13 18:08:18.214 I/DATA    (  344): [DCT(0) ] ds= SERVICE_TYPE_MMS, enabled = false, active = v4:IDLE v6:IDLE
02-13 18:08:18.214 I/DATA    (  344): [DCT(0) ] ds= SERVICE_TYPE_SUPL, enabled = false, active = v4:IDLE v6:IDLE
02-13 18:08:18.214 I/DATA    (  344): [DCT(0) ] ds= SERVICE_TYPE_DUN, enabled = false, active = v4:IDLE v6:IDLE
02-13 18:08:18.214 I/DATA    (  344): [DCT(0) ] ds= SERVICE_TYPE_HIPRI, enabled = false, active = v4:IDLE v6:IDLE
02-13 18:08:18.214 I/DATA    (  344): [DCT(0) ]  getDataOnDomesticRoamingEnabled:false
02-13 18:08:18.214 I/DATA    (  344): [DCT(0) ] ***** NOT Ready for data :
02-13 18:08:18.214 I/DATA    (  344): [DCT(0) ]    getDesiredPowerState() = true
02-13 18:08:18.214 I/DATA    (  344): [DCT(0) ]    mCm.getRadioState() = RADIO_ON
02-13 18:08:18.214 I/DATA    (  344): [DCT(0) ]    [DataRadioTech = RADIO_TECH_EVDO_A, data network state = 0, mMasterDataEnabled = true, is Roaming = false, dataOnRoamingEnable = false, isPsRestricted = false, desiredPowerState  = true, mSIMRecords = , cdmaSubSource = 1/310120, mRuimRecords = , checks = true/true]
02-13 18:08:18.214 D/PhoneApp(  344): old phone type:2, New Phone type:2
02-13 18:08:18.214 D/NotificationMgr(  344): hideDataDisconnectedRoaming()...
02-13 18:08:18.224 D/MobileDataStateTracker(  256): [supl]  apnTypeList = supl
02-13 18:08:18.224 D/MobileDataStateTracker(  256): [supl]  unavailable = true
02-13 18:08:18.224 D/MobileDataStateTracker(  256): [supl] Do not process intents if disabled.
02-13 18:08:18.224 D/MobileDataStateTracker(  256): [mms]  MobileDataStateReceiver onReceive(): Entry.
02-13 18:08:18.224 D/MobileDataStateTracker(  256): [mms]  intent.getAction()= android.intent.action.ANY_DATA_STATE
02-13 18:08:18.224 D/MobileDataStateTracker(  256): [mms]  mEnabled = false
02-13 18:08:18.234 D/MobileDataStateTracker(  256): [mms]  apnTypeList = supl
02-13 18:08:18.234 D/MobileDataStateTracker(  256): [mms]  unavailable = true
02-13 18:08:18.234 D/MobileDataStateTracker(  256): [mms] Do not process intents if disabled.
02-13 18:08:18.234 D/MobileDataStateTracker(  256): [default]  MobileDataStateReceiver onReceive(): Entry.
02-13 18:08:18.234 D/MobileDataStateTracker(  256): [default]  intent.getAction()= android.intent.action.ANY_DATA_STATE
02-13 18:08:18.234 D/MobileDataStateTracker(  256): [default]  mEnabled = true
02-13 18:08:18.234 D/MobileDataStateTracker(  256): [default]  apnTypeList = supl
02-13 18:08:18.234 D/MobileDataStateTracker(  256): [default]  unavailable = true
02-13 18:08:18.234 D/MobileDataStateTracker(  256): [default] not what we are looking for.
02-13 18:08:18.234 D/MobileDataStateTracker(  256): [hipri]  MobileDataStateReceiver onReceive(): Entry.
02-13 18:08:18.234 D/MobileDataStateTracker(  256): [hipri]  intent.getAction()= android.intent.action.ANY_DATA_STATE
02-13 18:08:18.234 D/MobileDataStateTracker(  256): [hipri]  mEnabled = false
02-13 18:08:18.234 D/MobileDataStateTracker(  256): [hipri]  apnTypeList = supl
02-13 18:08:18.234 D/MobileDataStateTracker(  256): [hipri]  unavailable = true
02-13 18:08:18.234 D/MobileDataStateTracker(  256): [hipri] Do not process intents if disabled.
02-13 18:08:18.234 D/MobileDataStateTracker(  256): [dun]  MobileDataStateReceiver onReceive(): Entry.
02-13 18:08:18.234 D/MobileDataStateTracker(  256): [dun]  intent.getAction()= android.intent.action.ANY_DATA_STATE
02-13 18:08:18.234 D/MobileDataStateTracker(  256): [dun]  mEnabled = false
02-13 18:08:18.244 D/MobileDataStateTracker(  256): [dun]  apnTypeList = supl
02-13 18:08:18.244 D/MobileDataStateTracker(  256): [dun]  unavailable = true
02-13 18:08:18.244 D/MobileDataStateTracker(  256): [dun] Do not process intents if disabled.
02-13 18:08:18.244 D/MobileDataStateTracker(  256): [supl]  MobileDataStateReceiver onReceive(): Entry.
02-13 18:08:18.244 D/MobileDataStateTracker(  256): [supl]  intent.getAction()= android.intent.action.ANY_DATA_STATE
02-13 18:08:18.244 D/MobileDataStateTracker(  256): [supl]  mEnabled = false
02-13 18:08:18.244 D/MobileDataStateTracker(  256): [supl]  apnTypeList = supl
02-13 18:08:18.244 D/MobileDataStateTracker(  256): [supl]  unavailable = true
02-13 18:08:18.244 D/MobileDataStateTracker(  256): [supl] Do not process intents if disabled.
02-13 18:08:18.244 D/MobileDataStateTracker(  256): [mms]  MobileDataStateReceiver onReceive(): Entry.
02-13 18:08:18.244 D/MobileDataStateTracker(  256): [mms]  intent.getAction()= android.intent.action.ANY_DATA_STATE
02-13 18:08:18.244 D/MobileDataStateTracker(  256): [mms]  mEnabled = false
02-13 18:08:18.244 D/MobileDataStateTracker(  256): [mms]  apnTypeList = supl
02-13 18:08:18.254 D/MobileDataStateTracker(  256): [mms]  unavailable = true
02-13 18:08:18.254 D/MobileDataStateTracker(  256): [mms] Do not process intents if disabled.
02-13 18:08:18.254 D/MobileDataStateTracker(  256): [default]  MobileDataStateReceiver onReceive(): Entry.
02-13 18:08:18.254 D/MobileDataStateTracker(  256): [default]  intent.getAction()= android.intent.action.ANY_DATA_STATE
02-13 18:08:18.254 D/MobileDataStateTracker(  256): [default]  mEnabled = true
02-13 18:08:18.254 D/MobileDataStateTracker(  256): [default]  apnTypeList = supl
02-13 18:08:18.254 D/MobileDataStateTracker(  256): [default]  unavailable = true
02-13 18:08:18.254 D/MobileDataStateTracker(  256): [default] not what we are looking for.
02-13 18:08:18.254 D/MobileDataStateTracker(  256): [hipri]  MobileDataStateReceiver onReceive(): Entry.
02-13 18:08:18.254 D/MobileDataStateTracker(  256): [hipri]  intent.getAction()= android.intent.action.ANY_DATA_STATE
02-13 18:08:18.254 D/MobileDataStateTracker(  256): [hipri]  mEnabled = false
02-13 18:08:18.254 D/MobileDataStateTracker(  256): [hipri]  apnTypeList = hipri
02-13 18:08:18.254 D/MobileDataStateTracker(  256): [hipri]  unavailable = true
02-13 18:08:18.254 D/MobileDataStateTracker(  256): [hipri] Do not process intents if disabled.
02-13 18:08:18.254 D/MobileDataStateTracker(  256): [dun]  MobileDataStateReceiver onReceive(): Entry.
02-13 18:08:18.254 D/MobileDataStateTracker(  256): [dun]  intent.getAction()= android.intent.action.ANY_DATA_STATE
02-13 18:08:18.254 D/PhoneApp(  344): old phone type:2, New Phone type:2
02-13 18:08:18.254 D/NotificationMgr(  344): hideDataDisconnectedRoaming()...
02-13 18:08:18.254 D/PhoneApp(  344): old phone type:2, New Phone type:2
02-13 18:08:18.254 D/NotificationMgr(  344): hideDataDisconnectedRoaming()...
02-13 18:08:18.254 D/PhoneApp(  344): old phone type:2, New Phone type:2
02-13 18:08:18.254 D/NotificationMgr(  344): hideDataDisconnectedRoaming()...
02-13 18:08:18.254 D/PhoneApp(  344): old phone type:2, New Phone type:2
02-13 18:08:18.254 D/NotificationMgr(  344): hideDataDisconnectedRoaming()...
02-13 18:08:18.254 D/PhoneApp(  344): old phone type:2, New Phone type:2
02-13 18:08:18.254 D/NotificationMgr(  344): hideDataDisconnectedRoaming()...
02-13 18:08:18.254 D/PhoneApp(  344): old phone type:2, New Phone type:2
02-13 18:08:18.254 D/NotificationMgr(  344): showDataDisconnectedRoaming()...
02-13 18:08:18.254 D/PicasaSyncManager(  680): active network: null
02-13 18:08:18.254 D/MobileDataStateTracker(  256): [dun]  mEnabled = false
02-13 18:08:18.264 D/MobileDataStateTracker(  256): [dun]  apnTypeList = hipri
02-13 18:08:18.264 D/MobileDataStateTracker(  256): [dun]  unavailable = true
02-13 18:08:18.264 D/MobileDataStateTracker(  256): [dun] Do not process intents if disabled.
02-13 18:08:18.264 D/MobileDataStateTracker(  256): [supl]  MobileDataStateReceiver onReceive(): Entry.
02-13 18:08:18.264 D/MobileDataStateTracker(  256): [supl]  intent.getAction()= android.intent.action.ANY_DATA_STATE
02-13 18:08:18.264 D/MobileDataStateTracker(  256): [supl]  mEnabled = false
02-13 18:08:18.264 D/MobileDataStateTracker(  256): [supl]  apnTypeList = hipri
02-13 18:08:18.264 D/MobileDataStateTracker(  256): [supl]  unavailable = true
02-13 18:08:18.264 D/MobileDataStateTracker(  256): [supl] Do not process intents if disabled.
02-13 18:08:18.264 D/MobileDataStateTracker(  256): [mms]  MobileDataStateReceiver onReceive(): Entry.
02-13 18:08:18.264 D/MobileDataStateTracker(  256): [mms]  intent.getAction()= android.intent.action.ANY_DATA_STATE
02-13 18:08:18.264 D/MobileDataStateTracker(  256): [mms]  mEnabled = false
02-13 18:08:18.264 D/MobileDataStateTracker(  256): [mms]  apnTypeList = hipri
02-13 18:08:18.274 D/PhoneApp(  344): old phone type:2, New Phone type:2
02-13 18:08:18.274 D/NotificationMgr(  344): showDataDisconnectedRoaming()...
02-13 18:08:18.284 D/MobileDataStateTracker(  256): [mms]  unavailable = true
02-13 18:08:18.284 D/MobileDataStateTracker(  256): [mms] Do not process intents if disabled.
02-13 18:08:18.284 D/MobileDataStateTracker(  256): [default]  MobileDataStateReceiver onReceive(): Entry.
02-13 18:08:18.284 D/MobileDataStateTracker(  256): [default]  intent.getAction()= android.intent.action.ANY_DATA_STATE
02-13 18:08:18.284 D/MobileDataStateTracker(  256): [default]  mEnabled = true
02-13 18:08:18.294 D/MobileDataStateTracker(  256): [default]  apnTypeList = hipri
02-13 18:08:18.294 D/MobileDataStateTracker(  256): [default]  unavailable = true
02-13 18:08:18.294 D/MobileDataStateTracker(  256): [default] not what we are looking for.
02-13 18:08:18.294 D/MobileDataStateTracker(  256): [hipri]  MobileDataStateReceiver onReceive(): Entry.
02-13 18:08:18.294 D/MobileDataStateTracker(  256): [hipri]  intent.getAction()= android.intent.action.ANY_DATA_STATE
02-13 18:08:18.294 D/MobileDataStateTracker(  256): [hipri]  mEnabled = false
02-13 18:08:18.294 D/MobileDataStateTracker(  256): [hipri]  apnTypeList = hipri
02-13 18:08:18.294 D/MobileDataStateTracker(  256): [hipri]  unavailable = true
02-13 18:08:18.294 D/MobileDataStateTracker(  256): [hipri] Do not process intents if disabled.
02-13 18:08:18.294 D/MobileDataStateTracker(  256): [dun]  MobileDataStateReceiver onReceive(): Entry.
02-13 18:08:18.294 D/MobileDataStateTracker(  256): [dun]  intent.getAction()= android.intent.action.ANY_DATA_STATE
02-13 18:08:18.294 D/MobileDataStateTracker(  256): [dun]  mEnabled = false
02-13 18:08:18.345 D/PicasaSyncManager(  680): background data: true
02-13 18:08:18.345 D/MobileDataStateTracker(  256): [dun]  apnTypeList = hipri
02-13 18:08:18.345 D/MobileDataStateTracker(  256): [dun]  unavailable = true
02-13 18:08:18.345 D/MobileDataStateTracker(  256): [dun] Do not process intents if disabled.
02-13 18:08:18.345 D/MobileDataStateTracker(  256): [supl]  MobileDataStateReceiver onReceive(): Entry.
02-13 18:08:18.345 D/MobileDataStateTracker(  256): [supl]  intent.getAction()= android.intent.action.ANY_DATA_STATE
02-13 18:08:18.345 D/MobileDataStateTracker(  256): [supl]  mEnabled = false
02-13 18:08:18.345 D/MobileDataStateTracker(  256): [supl]  apnTypeList = hipri
02-13 18:08:18.345 D/MobileDataStateTracker(  256): [supl]  unavailable = true
02-13 18:08:18.345 D/MobileDataStateTracker(  256): [supl] Do not process intents if disabled.
02-13 18:08:18.345 D/MobileDataStateTracker(  256): [mms]  MobileDataStateReceiver onReceive(): Entry.
02-13 18:08:18.345 D/MobileDataStateTracker(  256): [mms]  intent.getAction()= android.intent.action.ANY_DATA_STATE
02-13 18:08:18.345 D/MobileDataStateTracker(  256): [mms]  mEnabled = false
02-13 18:08:18.355 D/MobileDataStateTracker(  256): [mms]  apnTypeList = hipri
02-13 18:08:18.355 D/MobileDataStateTracker(  256): [mms]  unavailable = true
02-13 18:08:18.355 D/MobileDataStateTracker(  256): [mms] Do not process intents if disabled.
02-13 18:08:18.355 D/MobileDataStateTracker(  256): [default]  MobileDataStateReceiver onReceive(): Entry.
02-13 18:08:18.355 D/MobileDataStateTracker(  256): [default]  intent.getAction()= android.intent.action.ANY_DATA_STATE
02-13 18:08:18.355 D/MobileDataStateTracker(  256): [default]  mEnabled = true
02-13 18:08:18.355 D/MobileDataStateTracker(  256): [default]  apnTypeList = hipri
02-13 18:08:18.355 D/MobileDataStateTracker(  256): [default]  unavailable = true
02-13 18:08:18.355 D/MobileDataStateTracker(  256): [default] not what we are looking for.
02-13 18:08:18.355 D/KeyguardViewMediator(  256): setHidden false
02-13 18:08:18.365 D/KeyguardViewMediator(  256): setHidden false
02-13 18:08:18.375 D/AlarmManager(  256): +++Alarm set:type=2 com.google.android.gsf  Trigger after:20375ms
02-13 18:08:18.395 I/GTalkService(  377): [GTalkConnection.24] (WORKER THREAD) update account status
02-13 18:08:18.405 D/GpsLocationProvider(  256): getAGpsConnectionInfo connType - 3
02-13 18:08:18.425 I/ContactsProvider(  394): updateInTransaction: content://com.android.contacts/status_updates
02-13 18:08:18.455 I/GTalkService(  377): [GTalkConnection.24] (WORKER THREAD) update account status - done, took 69 ms
02-13 18:08:19.886 D/DATA    (  344): [DSST(0)] pollstate() : reason = data network state changed
02-13 18:08:19.916 D/MobileDataStateTracker(  256): [hipri]  MobileDataStateReceiver onReceive(): Entry.
02-13 18:08:19.916 D/MobileDataStateTracker(  256): [hipri]  intent.getAction()= android.intent.action.SERVICE_STATE
02-13 18:08:19.916 D/MobileDataStateTracker(  256): [hipri]  mEnabled = false
02-13 18:08:19.926 D/MobileDataStateTracker(  256): [dun]  MobileDataStateReceiver onReceive(): Entry.
02-13 18:08:19.926 D/MobileDataStateTracker(  256): [dun]  intent.getAction()= android.intent.action.SERVICE_STATE
02-13 18:08:19.926 D/MobileDataStateTracker(  256): [dun]  mEnabled = false
02-13 18:08:19.926 D/MobileDataStateTracker(  256): [supl]  MobileDataStateReceiver onReceive(): Entry.
02-13 18:08:19.926 D/MobileDataStateTracker(  256): [supl]  intent.getAction()= android.intent.action.SERVICE_STATE
02-13 18:08:19.926 D/MobileDataStateTracker(  256): [supl]  mEnabled = false
02-13 18:08:19.926 D/Mms     (  770): currentRoamingStatus:2
02-13 18:08:19.926 D/MobileDataStateTracker(  256): [mms]  MobileDataStateReceiver onReceive(): Entry.
02-13 18:08:19.926 D/MobileDataStateTracker(  256): [mms]  intent.getAction()= android.intent.action.SERVICE_STATE
02-13 18:08:19.926 D/MobileDataStateTracker(  256): [mms]  mEnabled = false
02-13 18:08:19.926 D/MobileDataStateTracker(  256): [default]  MobileDataStateReceiver onReceive(): Entry.
02-13 18:08:19.926 D/MobileDataStateTracker(  256): [default]  intent.getAction()= android.intent.action.SERVICE_STATE
02-13 18:08:19.926 D/MobileDataStateTracker(  256): [default]  mEnabled = true
02-13 18:08:19.936 D/CallManager(  344):  handleMessage (EVENT_SERVICE_STATE_CHANGED)
02-13 18:08:19.936 E/BT HS/HF(  344): SERVICE_STATE_CHANGED called
02-13 18:08:19.936 E/BT HS/HF(  344): updateServiceState called, sendUpdate:false  ServiceState:0 roaming    310099  EvDo rev. A CSS not supported 0 4681RoamInd: 160RoamStatus(sprint): 2DefRoamInd: 160EmergOnly: false
02-13 18:08:19.936 E/BT HS/HF(  344): service:1 mService:1
02-13 18:08:19.936 D/DATA    (  344): [DSST(0)]  registrationState = 1  radioTechnology = 8 reasonForDenial = 0
02-13 18:08:19.936 D/DATA    (  344): [DSST(0)]  set mNewDataConnectionState = 0
02-13 18:08:19.946 D/DATA    (  344): [DSST(0)]  mNewDataConnectionState : 0  mDataConnectionState : 0
02-13 18:08:19.946 D/DATA    (  344): [DSST(0)] Poll ServiceState done: oldSS=[0 home null null null  EvDo rev. A CSS not supported -1 -1RoamInd: -1RoamStatus(sprint): -1DefRoamInd: -1EmergOnly: false] newSS=[0 home null null null  EvDo rev. A CSS not supported -1 -1RoamInd: -1RoamStatus(sprint): -1DefRoamInd: -1EmergOnly: false]
02-13 18:08:19.946 D/DATA    (  344): [DSST(0)]  mDataConnectionState = 0
02-13 18:08:21.648 D/DATA    (  344): [DSST(0)] pollstate() : reason = data network state changed
02-13 18:08:21.688 D/MobileDataStateTracker(  256): [hipri]  MobileDataStateReceiver onReceive(): Entry.
02-13 18:08:21.688 D/MobileDataStateTracker(  256): [hipri]  intent.getAction()= android.intent.action.SERVICE_STATE
02-13 18:08:21.688 D/MobileDataStateTracker(  256): [hipri]  mEnabled = false
02-13 18:08:21.698 D/MobileDataStateTracker(  256): [dun]  MobileDataStateReceiver onReceive(): Entry.
02-13 18:08:21.698 D/MobileDataStateTracker(  256): [dun]  intent.getAction()= android.intent.action.SERVICE_STATE
02-13 18:08:21.698 D/MobileDataStateTracker(  256): [dun]  mEnabled = false
02-13 18:08:21.698 D/Mms     (  770): currentRoamingStatus:2
02-13 18:08:21.698 D/MobileDataStateTracker(  256): [supl]  MobileDataStateReceiver onReceive(): Entry.
02-13 18:08:21.698 D/MobileDataStateTracker(  256): [supl]  intent.getAction()= android.intent.action.SERVICE_STATE
02-13 18:08:21.698 D/MobileDataStateTracker(  256): [supl]  mEnabled = false
02-13 18:08:21.698 D/MobileDataStateTracker(  256): [mms]  MobileDataStateReceiver onReceive(): Entry.
02-13 18:08:21.698 D/MobileDataStateTracker(  256): [mms]  intent.getAction()= android.intent.action.SERVICE_STATE
02-13 18:08:21.698 D/MobileDataStateTracker(  256): [mms]  mEnabled = false
02-13 18:08:21.698 D/MobileDataStateTracker(  256): [default]  MobileDataStateReceiver onReceive(): Entry.
02-13 18:08:21.698 D/MobileDataStateTracker(  256): [default]  intent.getAction()= android.intent.action.SERVICE_STATE
02-13 18:08:21.698 D/MobileDataStateTracker(  256): [default]  mEnabled = true
02-13 18:08:21.708 D/CallManager(  344):  handleMessage (EVENT_SERVICE_STATE_CHANGED)
02-13 18:08:21.708 E/BT HS/HF(  344): SERVICE_STATE_CHANGED called
02-13 18:08:21.708 E/BT HS/HF(  344): updateServiceState called, sendUpdate:false  ServiceState:0 roaming    310099  EvDo rev. A CSS not supported 0 4681RoamInd: 160RoamStatus(sprint): 2DefRoamInd: 160EmergOnly: false
02-13 18:08:21.708 E/BT HS/HF(  344): service:1 mService:1
02-13 18:08:21.718 D/DATA    (  344): [DSST(0)]  registrationState = 1  radioTechnology = 8 reasonForDenial = 0
02-13 18:08:21.718 D/DATA    (  344): [DSST(0)]  set mNewDataConnectionState = 0
02-13 18:08:21.718 D/DATA    (  344): [DSST(0)]  mNewDataConnectionState : 0  mDataConnectionState : 0
02-13 18:08:21.718 D/DATA    (  344): [DSST(0)] Poll ServiceState done: oldSS=[0 home null null null  EvDo rev. A CSS not supported -1 -1RoamInd: -1RoamStatus(sprint): -1DefRoamInd: -1EmergOnly: false] newSS=[0 home null null null  EvDo rev. A CSS not supported -1 -1RoamInd: -1RoamStatus(sprint): -1DefRoamInd: -1EmergOnly: false]
02-13 18:08:21.718 D/DATA    (  344): [DSST(0)]  mDataConnectionState = 0
02-13 18:08:22.839 D/DATA    (  344): [DSST(0)] pollstate() : reason = data network state changed
02-13 18:08:22.919 D/MobileDataStateTracker(  256): [hipri]  MobileDataStateReceiver onReceive(): Entry.
02-13 18:08:22.919 D/MobileDataStateTracker(  256): [hipri]  intent.getAction()= android.intent.action.SERVICE_STATE
02-13 18:08:22.919 D/MobileDataStateTracker(  256): [hipri]  mEnabled = false
02-13 18:08:22.919 D/MobileDataStateTracker(  256): [dun]  MobileDataStateReceiver onReceive(): Entry.
02-13 18:08:22.919 D/MobileDataStateTracker(  256): [dun]  intent.getAction()= android.intent.action.SERVICE_STATE
02-13 18:08:22.919 D/MobileDataStateTracker(  256): [dun]  mEnabled = false
02-13 18:08:22.919 D/MobileDataStateTracker(  256): [supl]  MobileDataStateReceiver onReceive(): Entry.
02-13 18:08:22.919 D/MobileDataStateTracker(  256): [supl]  intent.getAction()= android.intent.action.SERVICE_STATE
02-13 18:08:22.919 D/MobileDataStateTracker(  256): [supl]  mEnabled = false
02-13 18:08:22.919 D/MobileDataStateTracker(  256): [mms]  MobileDataStateReceiver onReceive(): Entry.
02-13 18:08:22.919 D/MobileDataStateTracker(  256): [mms]  intent.getAction()= android.intent.action.SERVICE_STATE
02-13 18:08:22.919 D/MobileDataStateTracker(  256): [mms]  mEnabled = false
02-13 18:08:22.919 D/MobileDataStateTracker(  256): [default]  MobileDataStateReceiver onReceive(): Entry.
02-13 18:08:22.919 D/MobileDataStateTracker(  256): [default]  intent.getAction()= android.intent.action.SERVICE_STATE
02-13 18:08:22.919 D/MobileDataStateTracker(  256): [default]  mEnabled = true
02-13 18:08:22.929 D/CallManager(  344):  handleMessage (EVENT_SERVICE_STATE_CHANGED)
02-13 18:08:22.929 E/BT HS/HF(  344): SERVICE_STATE_CHANGED called
02-13 18:08:22.929 E/BT HS/HF(  344): updateServiceState called, sendUpdate:false  ServiceState:0 roaming    310099  EvDo rev. A CSS not supported 0 4681RoamInd: 160RoamStatus(sprint): 2DefRoamInd: 160EmergOnly: false
02-13 18:08:22.929 E/BT HS/HF(  344): service:1 mService:1
02-13 18:08:22.929 D/Mms     (  770): currentRoamingStatus:2
02-13 18:08:22.929 D/DATA    (  344): [DSST(0)]  registrationState = 1  radioTechnology = 8 reasonForDenial = 0
02-13 18:08:22.929 D/DATA    (  344): [DSST(0)]  set mNewDataConnectionState = 0
02-13 18:08:22.929 D/DATA    (  344): [DSST(0)]  mNewDataConnectionState : 0  mDataConnectionState : 0
02-13 18:08:22.929 D/DATA    (  344): [DSST(0)] Poll ServiceState done: oldSS=[0 home null null null  EvDo rev. A CSS not supported -1 -1RoamInd: -1RoamStatus(sprint): -1DefRoamInd: -1EmergOnly: false] newSS=[0 home null null null  EvDo rev. A CSS not supported -1 -1RoamInd: -1RoamStatus(sprint): -1DefRoamInd: -1EmergOnly: false]
02-13 18:08:22.939 D/DATA    (  344): [DSST(0)]  mDataConnectionState = 0
02-13 18:08:24.120 D/DATA    (  344): [DSST(0)] pollstate() : reason = data network state changed
02-13 18:08:24.190 D/MobileDataStateTracker(  256): [hipri]  MobileDataStateReceiver onReceive(): Entry.
02-13 18:08:24.190 D/MobileDataStateTracker(  256): [hipri]  intent.getAction()= android.intent.action.SERVICE_STATE
02-13 18:08:24.190 D/MobileDataStateTracker(  256): [hipri]  mEnabled = false
02-13 18:08:24.200 D/MobileDataStateTracker(  256): [dun]  MobileDataStateReceiver onReceive(): Entry.
02-13 18:08:24.200 D/MobileDataStateTracker(  256): [dun]  intent.getAction()= android.intent.action.SERVICE_STATE
02-13 18:08:24.200 D/MobileDataStateTracker(  256): [dun]  mEnabled = false
02-13 18:08:24.200 D/Mms     (  770): currentRoamingStatus:2
02-13 18:08:24.200 D/MobileDataStateTracker(  256): [supl]  MobileDataStateReceiver onReceive(): Entry.
02-13 18:08:24.200 D/MobileDataStateTracker(  256): [supl]  intent.getAction()= android.intent.action.SERVICE_STATE
02-13 18:08:24.200 D/MobileDataStateTracker(  256): [supl]  mEnabled = false
02-13 18:08:24.200 D/MobileDataStateTracker(  256): [mms]  MobileDataStateReceiver onReceive(): Entry.
02-13 18:08:24.200 D/MobileDataStateTracker(  256): [mms]  intent.getAction()= android.intent.action.SERVICE_STATE
02-13 18:08:24.200 D/MobileDataStateTracker(  256): [mms]  mEnabled = false
02-13 18:08:24.200 D/MobileDataStateTracker(  256): [default]  MobileDataStateReceiver onReceive(): Entry.
02-13 18:08:24.200 D/MobileDataStateTracker(  256): [default]  intent.getAction()= android.intent.action.SERVICE_STATE
02-13 18:08:24.200 D/MobileDataStateTracker(  256): [default]  mEnabled = true
02-13 18:08:24.210 D/DATA    (  344): [DSST(0)]  registrationState = 1  radioTechnology = 8 reasonForDenial = 0
02-13 18:08:24.210 D/DATA    (  344): [DSST(0)]  set mNewDataConnectionState = 0
02-13 18:08:24.210 D/DATA    (  344): [DSST(0)]  mNewDataConnectionState : 0  mDataConnectionState : 0
02-13 18:08:24.210 D/DATA    (  344): [DSST(0)] Poll ServiceState done: oldSS=[0 home null null null  EvDo rev. A CSS not supported -1 -1RoamInd: -1RoamStatus(sprint): -1DefRoamInd: -1EmergOnly: false] newSS=[0 home null null null  EvDo rev. A CSS not supported -1 -1RoamInd: -1RoamStatus(sprint): -1DefRoamInd: -1EmergOnly: false]
02-13 18:08:24.210 D/DATA    (  344): [DSST(0)]  mDataConnectionState = 0
02-13 18:08:24.210 D/CallManager(  344):  handleMessage (EVENT_SERVICE_STATE_CHANGED)
02-13 18:08:24.210 E/BT HS/HF(  344): SERVICE_STATE_CHANGED called
02-13 18:08:24.210 E/BT HS/HF(  344): updateServiceState called, sendUpdate:false  ServiceState:0 roaming    310099  EvDo rev. A CSS not supported 0 4681RoamInd: 160RoamStatus(sprint): 2DefRoamInd: 160EmergOnly: false
02-13 18:08:24.210 E/BT HS/HF(  344): service:1 mService:1
02-13 18:08:24.561 D/KeyguardViewMediator(  256): setHidden false
02-13 18:08:24.621 D/PhoneApp(  344): updateProximitySensorMode: state = IDLE
02-13 18:08:24.641 D/PhoneApp(  344): updateProximitySensorMode: lock already released.
02-13 18:08:24.711 D/KeyguardViewMediator(  256): setHidden false
02-13 18:08:24.711 D/KeyguardViewMediator(  256): setHidden false
02-13 18:08:24.711 D/KeyguardViewMediator(  256): setHidden false
02-13 18:08:24.721 D/KeyguardViewMediator(  256): setHidden false
02-13 18:08:24.731 D/KeyguardViewMediator(  256): setHidden false
02-13 18:08:24.731 D/KeyguardViewMediator(  256): setHidden false
02-13 18:08:24.731 D/KeyguardViewMediator(  256): setHidden false
02-13 18:08:24.751 D/KeyguardViewMediator(  256): setHidden false
02-13 18:08:24.751 D/KeyguardViewMediator(  256): setHidden false
02-13 18:08:24.771 D/KeyguardViewMediator(  256): setHidden false
02-13 18:08:24.791 D/PhoneApp(  344): updateProximitySensorMode: state = IDLE
02-13 18:08:24.791 D/PhoneApp(  344): updateProximitySensorMode: lock already released.
02-13 18:08:24.791 D/KeyguardViewMediator(  256): setHidden false
02-13 18:08:24.811 D/KeyguardViewMediator(  256): setHidden false
02-13 18:08:24.811 D/KeyguardViewMediator(  256): setHidden false
02-13 18:08:24.831 D/KeyguardViewMediator(  256): setHidden false
02-13 18:08:24.831 D/KeyguardViewMediator(  256): setHidden false
02-13 18:08:24.841 D/KeyguardViewMediator(  256): setHidden false
02-13 18:08:24.851 D/KeyguardViewMediator(  256): setHidden false
02-13 18:08:24.851 D/KeyguardViewMediator(  256): setHidden false
02-13 18:08:24.861 D/KeyguardViewMediator(  256): setHidden false
02-13 18:08:24.871 D/KeyguardViewMediator(  256): setHidden false
02-13 18:08:24.931 D/KeyguardViewMediator(  256): setHidden false
02-13 18:08:25.051 D/Bitmap  (  335): Detect unrecycled bitmap.
02-13 18:08:25.051 D/Bitmap  (  335):       Size: 270080 Bytes, Width: 320 , Height: 211 , Hash code: 1079700896
02-13 18:08:25.051 D/Bitmap  (  335):  This bimap was created in:
02-13 18:08:25.051 D/Bitmap  (  335):       android.graphics.Bitmap.<init>(Bitmap.java:136)
02-13 18:08:25.051 D/Bitmap  (  335):       android.graphics.Bitmap.nativeCreate(Native Method)
02-13 18:08:25.051 D/Bitmap  (  335):       android.graphics.Bitmap.createBitmap(Bitmap.java:547)
02-13 18:08:25.051 D/Bitmap  (  335):       com.android.inputmethod.latin.LatinKeyboardBaseView.onBufferDraw(LatinKeyboardBaseView.java:775)
02-13 18:08:25.051 D/Bitmap  (  335):       com.android.inputmethod.latin.LatinKeyboardBaseView.onDraw(LatinKeyboardBaseView.java:763)
02-13 18:08:25.051 D/Bitmap  (  335):       android.view.View.draw(View.java:6880)
02-13 18:08:25.051 D/Bitmap  (  335):       com.android.inputmethod.latin.LatinKeyboardView.draw(LatinKeyboardView.java:353)
02-13 18:08:25.061 D/Bitmap  (  335):       android.view.ViewGroup.drawChild(ViewGroup.java:1649)
02-13 18:08:25.061 D/Bitmap  (  335):       android.view.ViewGroup.dispatchDraw(ViewGroup.java:1376)
02-13 18:08:25.061 D/Bitmap  (  335):       android.view.ViewGroup.drawChild(ViewGroup.java:1647)
02-13 18:08:25.061 D/Bitmap  (  335):       android.view.ViewGroup.dispatchDraw(ViewGroup.java:1376)
02-13 18:08:25.061 D/Bitmap  (  335):       android.view.ViewGroup.drawChild(ViewGroup.java:1647)
02-13 18:08:25.061 D/Bitmap  (  335):       android.view.ViewGroup.dispatchDraw(ViewGroup.java:1376)
02-13 18:08:25.061 D/Bitmap  (  335):       android.view.ViewGroup.drawChild(ViewGroup.java:1647)
02-13 18:08:25.061 D/Bitmap  (  335):       android.view.ViewGroup.dispatchDraw(ViewGroup.java:1376)
02-13 18:08:25.061 D/Bitmap  (  335):       android.view.View.draw(View.java:6883)
02-13 18:08:25.061 D/Bitmap  (  335):       android.widget.FrameLayout.draw(FrameLayout.java:357)
02-13 18:08:25.061 D/Bitmap  (  335):       com.android.internal.policy.impl.PhoneWindow$DecorView.draw(PhoneWindow.java:1866)
02-13 18:08:25.061 D/Bitmap  (  335):       android.view.ViewRoot.draw(ViewRoot.java:1526)
02-13 18:08:25.061 D/Bitmap  (  335):       android.view.ViewRoot.performTraversals(ViewRoot.java:1262)
02-13 18:08:25.061 D/Bitmap  (  335):       android.view.ViewRoot.handleMessage(ViewRoot.java:1864)
02-13 18:08:25.061 D/Bitmap  (  335):       android.os.Handler.dispatchMessage(Handler.java:99)
02-13 18:08:25.061 D/Bitmap  (  335):       android.os.Looper.loop(Looper.java:130)
02-13 18:08:25.061 D/Bitmap  (  335):       android.app.ActivityThread.main(ActivityThread.java:3704)
02-13 18:08:25.061 D/Bitmap  (  335):       java.lang.reflect.Method.invokeNative(Native Method)
02-13 18:08:25.061 D/Bitmap  (  335):       java.lang.reflect.Method.invoke(Method.java:507)
02-13 18:08:25.061 D/Bitmap  (  335):       com.android.internal.os.ZygoteInit$MethodAndArgsCaller.run(ZygoteInit.java:875)
02-13 18:08:25.061 D/Bitmap  (  335):       com.android.internal.os.ZygoteInit.main(ZygoteInit.java:633)
02-13 18:08:25.061 D/Bitmap  (  335):       dalvik.system.NativeStart.main(Native Method)
02-13 18:08:25.061 D/Bitmap  (  335): _
02-13 18:08:25.131 D/OmaDrmReceiver(  557): android.intent.action.CONFIGURATION_CHANGED
02-13 18:08:25.131 D/OmaDrmReceiver(  557): android.intent.action.CONFIGURATION_CHANGED
02-13 18:08:25.131 I/OmaDrmService(  557): Language changed!!!!!!
02-13 18:08:25.131 I/OmaDrmService(  557): Language changed!!!!!!
02-13 18:08:25.161 D/KeyguardViewMediator(  256): setHidden false
02-13 18:08:25.181 D/KeyguardViewMediator(  256): setHidden false
02-13 18:08:25.181 D/KeyguardViewMediator(  256): setHidden false
02-13 18:08:25.211 D/KeyguardViewMediator(  256): setHidden false
02-13 18:08:25.211 D/KeyguardViewMediator(  256): setHidden false
02-13 18:08:25.261 D/Mms     (  770): formatTimeStampString1 ,when = 1329176115363
02-13 18:08:25.261 D/Mms     (  770): formatTimeStampString2 ,when = 1329176115363
02-13 18:08:25.261 D/MessageItem(  770): MessageItem ,expiryDate = 0
02-13 18:08:25.281 D/Mms     (  770): formatTimeStampString1 ,when = 1329175741634
02-13 18:08:25.281 D/Mms     (  770): formatTimeStampString2 ,when = 1329175741634
02-13 18:08:25.281 D/MessageItem(  770): MessageItem ,expiryDate = 0
02-13 18:08:25.301 D/Mms     (  770): formatTimeStampString1 ,when = 1329175316737
02-13 18:08:25.301 D/Mms     (  770): formatTimeStampString2 ,when = 1329175316737
02-13 18:08:25.301 D/MessageItem(  770): MessageItem ,expiryDate = 0
02-13 18:08:25.331 D/KeyguardViewMediator(  256): setHidden false
02-13 18:08:25.331 D/Bitmap  (  335): Detect unrecycled bitmap.
02-13 18:08:25.341 D/Bitmap  (  335):       Size: 213760 Bytes, Width: 320 , Height: 167 , Hash code: 1079481256
02-13 18:08:25.341 D/Bitmap  (  335):  This bimap was created in:
02-13 18:08:25.341 D/Bitmap  (  335):       android.graphics.Bitmap.<init>(Bitmap.java:136)
02-13 18:08:25.341 D/Bitmap  (  335):       android.graphics.Bitmap.nativeCreate(Native Method)
02-13 18:08:25.341 D/Bitmap  (  335):       android.graphics.Bitmap.createBitmap(Bitmap.java:547)
02-13 18:08:25.341 D/Bitmap  (  335):       com.android.inputmethod.latin.LatinKeyboardBaseView.onBufferDraw(LatinKeyboardBaseView.java:775)
02-13 18:08:25.341 D/Bitmap  (  335):       com.android.inputmethod.latin.LatinKeyboardBaseView.onDraw(LatinKeyboardBaseView.java:763)
02-13 18:08:25.341 D/Bitmap  (  335):       android.view.View.draw(View.java:6880)
02-13 18:08:25.341 D/Bitmap  (  335):       com.android.inputmethod.latin.LatinKeyboardView.draw(LatinKeyboardView.java:353)
02-13 18:08:25.341 D/Bitmap  (  335):       android.view.ViewGroup.drawChild(ViewGroup.java:1649)
02-13 18:08:25.341 D/Bitmap  (  335):       android.view.ViewGroup.dispatchDraw(ViewGroup.java:1376)
02-13 18:08:25.341 D/Bitmap  (  335):       android.view.ViewGroup.drawChild(ViewGroup.java:1647)
02-13 18:08:25.341 D/Bitmap  (  335):       android.view.ViewGroup.dispatchDraw(ViewGroup.java:1376)
02-13 18:08:25.341 D/Bitmap  (  335):       android.view.ViewGroup.drawChild(ViewGroup.java:1647)
02-13 18:08:25.341 D/Bitmap  (  335):       android.view.ViewGroup.dispatchDraw(ViewGroup.java:1376)
02-13 18:08:25.341 D/Bitmap  (  335):       android.view.ViewGroup.drawChild(ViewGroup.java:1647)
02-13 18:08:25.341 D/Bitmap  (  335):       android.view.ViewGroup.dispatchDraw(ViewGroup.java:1376)
02-13 18:08:25.341 D/Bitmap  (  335):       android.view.View.draw(View.java:6883)
02-13 18:08:25.341 D/Bitmap  (  335):       android.widget.FrameLayout.draw(FrameLayout.java:357)
02-13 18:08:25.341 D/Bitmap  (  335):       com.android.internal.policy.impl.PhoneWindow$DecorView.draw(PhoneWindow.java:1866)
02-13 18:08:25.341 D/Bitmap  (  335):       android.view.ViewRoot.draw(ViewRoot.java:1526)
02-13 18:08:25.341 D/Bitmap  (  335):       android.view.ViewRoot.performTraversals(ViewRoot.java:1262)
02-13 18:08:25.341 D/Bitmap  (  335):       android.view.ViewRoot.handleMessage(ViewRoot.java:1864)
02-13 18:08:25.341 D/Bitmap  (  335):       android.os.Handler.dispatchMessage(Handler.java:99)
02-13 18:08:25.341 D/Bitmap  (  335):       android.os.Looper.loop(Looper.java:130)
02-13 18:08:25.341 D/Bitmap  (  335):       android.app.ActivityThread.main(ActivityThread.java:3704)
02-13 18:08:25.341 D/Bitmap  (  335):       java.lang.reflect.Method.invokeNative(Native Method)
02-13 18:08:25.341 D/Bitmap  (  335):       java.lang.reflect.Method.invoke(Method.java:507)
02-13 18:08:25.341 D/Bitmap  (  335):       com.android.internal.os.ZygoteInit$MethodAndArgsCaller.run(ZygoteInit.java:875)
02-13 18:08:25.341 D/Bitmap  (  335):       com.android.internal.os.ZygoteInit.main(ZygoteInit.java:633)
02-13 18:08:25.341 D/Bitmap  (  335):       dalvik.system.NativeStart.main(Native Method)
02-13 18:08:25.341 D/Bitmap  (  335): _
02-13 18:08:25.572 D/KeyguardViewMediator(  256): setHidden false
02-13 18:08:25.582 D/KeyguardViewMediator(  256): setHidden false
