02-13 18:06:37.443 D/DATA    (  344): [DSST(0)] pollstate() : reason = data network state changed
02-13 18:06:37.483 D/MobileDataStateTracker(  256): [hipri]  MobileDataStateReceiver onReceive(): Entry.
02-13 18:06:37.483 D/MobileDataStateTracker(  256): [hipri]  intent.getAction()= android.intent.action.SERVICE_STATE
02-13 18:06:37.483 D/MobileDataStateTracker(  256): [hipri]  mEnabled = false
02-13 18:06:37.483 D/MobileDataStateTracker(  256): [dun]  MobileDataStateReceiver onReceive(): Entry.
02-13 18:06:37.483 D/MobileDataStateTracker(  256): [dun]  intent.getAction()= android.intent.action.SERVICE_STATE
02-13 18:06:37.483 D/MobileDataStateTracker(  256): [dun]  mEnabled = false
02-13 18:06:37.483 D/MobileDataStateTracker(  256): [supl]  MobileDataStateReceiver onReceive(): Entry.
02-13 18:06:37.483 D/MobileDataStateTracker(  256): [supl]  intent.getAction()= android.intent.action.SERVICE_STATE
02-13 18:06:37.483 D/MobileDataStateTracker(  256): [supl]  mEnabled = false
02-13 18:06:37.493 D/MobileDataStateTracker(  256): [mms]  MobileDataStateReceiver onReceive(): Entry.
02-13 18:06:37.493 D/MobileDataStateTracker(  256): [mms]  intent.getAction()= android.intent.action.SERVICE_STATE
02-13 18:06:37.493 D/MobileDataStateTracker(  256): [mms]  mEnabled = false
02-13 18:06:37.493 D/MobileDataStateTracker(  256): [default]  MobileDataStateReceiver onReceive(): Entry.
02-13 18:06:37.493 D/MobileDataStateTracker(  256): [default]  intent.getAction()= android.intent.action.SERVICE_STATE
02-13 18:06:37.493 D/MobileDataStateTracker(  256): [default]  mEnabled = true
02-13 18:06:37.513 D/CallManager(  344):  handleMessage (EVENT_SERVICE_STATE_CHANGED)
02-13 18:06:37.513 E/BT HS/HF(  344): SERVICE_STATE_CHANGED called
02-13 18:06:37.513 E/BT HS/HF(  344): updateServiceState called, sendUpdate:false  ServiceState:0 home Sprint  310099  EvDo rev. A CSS not supported 41 4139RoamInd: 1RoamStatus(sprint): 1DefRoamInd: 160EmergOnly: false
02-13 18:06:37.513 E/BT HS/HF(  344): service:1 mService:1
02-13 18:06:37.513 D/DATA    (  344): [DSST(0)]  registrationState = 1  radioTechnology = 8 reasonForDenial = 0
02-13 18:06:37.513 D/DATA    (  344): [DSST(0)]  set mNewDataConnectionState = 0
02-13 18:06:37.513 D/DATA    (  344): [DSST(0)]  mNewDataConnectionState : 0  mDataConnectionState : 0
02-13 18:06:37.513 D/DATA    (  344): [DSST(0)] Poll ServiceState done: oldSS=[0 home null null null  EvDo rev. A CSS not supported -1 -1RoamInd: -1RoamStatus(sprint): -1DefRoamInd: -1EmergOnly: false] newSS=[0 home null null null  EvDo rev. A CSS not supported -1 -1RoamInd: -1RoamStatus(sprint): -1DefRoamInd: -1EmergOnly: false]
02-13 18:06:37.513 D/DATA    (  344): [DSST(0)]  mDataConnectionState = 0
02-13 18:06:37.513 D/Mms     (  770): currentRoamingStatus:1
02-13 18:06:40.886 D/PowerManagerService(  256): setPowerState: mPowerState=0x1 newState=0x0 noChangeLights=false reason=3
02-13 18:06:40.936 D/PowerManagerService(  256): acquireWakeLock flags=0x1 tag=sleep_broadcast
02-13 18:06:40.936 D/PowerManagerService(  256): Go to standby ,PARTIAL_WAKE_LOCK tag = sleep_broadcast
02-13 18:06:40.936 D/KeyguardViewMediator(  256): onScreenTurnedOff(3)
02-13 18:06:40.936 D/KeyguardViewMediator(  256): notifyScreenOffLocked
02-13 18:06:40.936 D/KeyguardViewMediator(  256): resetStateLocked
02-13 18:06:40.936 E/Sensors (  256): [HAL]ready to call enable(Accelerometer,0),AAAAAAAA
02-13 18:06:40.936 E/Sensors (  256): [HAL]ECS_IOCTL_APP_SET_AFLAG 	success,flags = 0
02-13 18:06:40.936 E/Sensors (  256): [HAL]After {mEnabled &= ~(1<<what)},mEnabled = 0
02-13 18:06:40.936 E/Sensors (  256): [HAL]After {(newState)<<what)},mEnabled = 0
02-13 18:06:40.936 E/Sensors (  256): [HAL]Closed /dev/akm8962_aot in enable(Accelerometer,0),mEnable = 0
02-13 18:06:40.946 D/KeyguardViewMediator(  256): handleNotifyScreenOff
02-13 18:06:40.946 D/KeyguardViewMediator(  256): handleReset
02-13 18:06:40.946 D/PowerManagerService(  256): acquireWakeLock flags=0x1 tag=ActivityManager-Sleep
02-13 18:06:40.946 D/Launcher(  351): onSaveInstanceState
02-13 18:06:40.946 D/Launcher(  351): Dissmis Preview for view :null ID:2131230735
02-13 18:06:40.946 D/Launcher(  351): Dissmis Preview for view :null ID:2131230736
02-13 18:06:40.946 D/Launcher(  351): Dissmis Preview for view :null ID:2131230739
02-13 18:06:40.946 D/Launcher(  351): Dissmis Preview for view :null ID:2131230741
02-13 18:06:40.946 D/PowerManagerService(  256): releaseWakeLock flags=0x1 tag=ActivityManager-Sleep
02-13 18:06:40.946 D/KeyguardViewMediator(  256): setHidden false
02-13 18:06:40.966 D/PowerManagerService(  256): acquireWakeLock flags=0x1 tag=RILJ
02-13 18:06:40.966 I/DATA    (  344): [DCT(0) ] intent received :android.intent.action.SCREEN_OFF
02-13 18:06:40.976 D/PowerManagerService(  256): releaseWakeLock flags=0x1 tag=RILJ
02-13 18:06:40.996 D/AlarmManager(  256): +++Alarm set:type=0 android  Trigger after:120000ms
02-13 18:06:41.006 D/PowerManagerService(  256): releaseWakeLock flags=0x1 tag=sleep_broadcast
02-13 18:06:41.006 D/PowerManagerService(  256):  ALL PARTIAL wakeLock Released ! 
02-13 18:06:41.447 I/dun_service(  125): The value returned from dun_getusbmodemstate_fromsys is 2 
02-13 18:06:41.457 I/dun_service(  125): The value returned from dun_getusbmodemstate_fromsys is 2 
02-13 18:07:09.552 I/dun_service(  125): The value returned from dun_getusbmodemstate_fromsys is 2 
02-13 18:07:09.552 D/PowerManagerService(  256): acquireWakeLock flags=0x1 tag=AlarmManager
02-13 18:07:09.552 D/KeyguardUpdateMonitor(  256): received broadcast android.intent.action.TIME_TICK
02-13 18:07:09.552 D/KeyguardUpdateMonitor(  256): handleTimeUpdate
02-13 18:07:09.602 D/KeyguardUpdateMonitor(  256): received broadcast android.intent.action.BATTERY_CHANGED
02-13 18:07:09.602 D/PowerManagerService(  256): releaseWakeLock flags=0x1 tag=AlarmManager
02-13 18:07:09.602 D/PowerManagerService(  256):  ALL PARTIAL wakeLock Released ! 
02-13 18:07:09.602 D/PowerManagerService(  256): acquireWakeLock flags=0x1 tag=WifiService
02-13 18:07:09.602 D/PowerManagerService(  256): releaseWakeLock flags=0x1 tag=WifiService
02-13 18:07:09.602 D/PowerManagerService(  256):  ALL PARTIAL wakeLock Released ! 
02-13 18:07:09.612 D/KeyguardUpdateMonitor(  256): handleBatteryUpdate
02-13 18:07:09.612 D/LockScreen(  256): onRefreshBatteryInfo(true, false)
02-13 18:07:09.622 D/PowerManagerService(  256): acquireWakeLock flags=0x1 tag=ServiceStateTracker
02-13 18:07:09.632 D/PowerManagerService(  256): releaseWakeLock flags=0x1 tag=ServiceStateTracker
02-13 18:07:09.632 D/PowerManagerService(  256):  ALL PARTIAL wakeLock Released ! 
02-13 18:07:19.552 I/dun_service(  125): The value returned from dun_getusbmodemstate_fromsys is 2 
02-13 18:07:19.552 D/KeyguardUpdateMonitor(  256): received broadcast android.intent.action.BATTERY_CHANGED
02-13 18:07:19.552 D/KeyguardUpdateMonitor(  256): handleBatteryUpdate
02-13 18:07:19.552 D/PowerManagerService(  256): acquireWakeLock flags=0x1 tag=WifiService
02-13 18:07:19.552 D/PowerManagerService(  256): releaseWakeLock flags=0x1 tag=WifiService
02-13 18:07:19.552 D/PowerManagerService(  256):  ALL PARTIAL wakeLock Released ! 
02-13 18:07:19.572 D/PowerManagerService(  256): acquireWakeLock flags=0x1 tag=ServiceStateTracker
02-13 18:07:19.582 D/PowerManagerService(  256): releaseWakeLock flags=0x1 tag=ServiceStateTracker
02-13 18:07:19.582 D/PowerManagerService(  256):  ALL PARTIAL wakeLock Released ! 
02-13 18:07:34.552 D/KeyguardViewMediator(  256):  onWakeKeyWhenKeyguardShowing(26)
02-13 18:07:34.552 D/KeyguardViewMediator(  256): wakeWhenReadyLocked(26)
02-13 18:07:34.552 D/PowerManagerService(  256): acquireWakeLock flags=0x1 tag=keyguardWakeAndHandOff
02-13 18:07:34.552 D/LockPatternKeyguardView(  256): onWakeKey
02-13 18:07:34.552 D/LockPatternKeyguardView(  256): poking wake lock immediately
02-13 18:07:34.552 D/PowerManagerService(  256): acquireWakeLock flags=0x1000001a tag=keyguard
02-13 18:07:34.552 D/PowerManagerService(  256): UnPartial  wakeLock  reactivate ,flags=0x1000001a tag=keyguard
02-13 18:07:34.552 D/PowerManagerService(  256): setPowerState: mPowerState=0x0 newState=0x3 noChangeLights=false reason=3
02-13 18:07:34.552 D/KeyguardViewMediator(  256): onScreenTurnedOn, seq = 2
02-13 18:07:34.552 D/KeyguardViewMediator(  256): notifyScreenOnLocked
02-13 18:07:34.552 E/Sensors (  256): [HAL]ready to call enable(Accelerometer,1),AAAAAAAA
02-13 18:07:34.552 E/Sensors (  256): [HAL]mEnabled = 0;ready to open /dev/akm8962_aot
02-13 18:07:34.552 E/Sensors (  256): [HAL]ECS_IOCTL_APP_SET_AFLAG 	success,flags = 1
02-13 18:07:34.552 E/Sensors (  256): [HAL]After {mEnabled &= ~(1<<what)},mEnabled = 0
02-13 18:07:34.552 E/Sensors (  256): [HAL]After {(newState)<<what)},mEnabled = 1
02-13 18:07:34.552 D/KeyguardViewMediator(  256): handleNotifyScreenOn
02-13 18:07:34.552 I/LockPatternKeyguardView(  256): updateLockscreenBackground
02-13 18:07:34.552 I/LockPatternKeyguardView(  256): setBackgroundDrawable
02-13 18:07:34.552 I/LockPatternKeyguardView(  256): file not found: etc/customize/default_lockscreen
02-13 18:07:34.552 D/LockScreen(  256): updateLayout: status=Normalsubscription=0
02-13 18:07:34.562 I/hubo    (  256): Activity {com.android.launcher/com.android.launcher2.Launcher}
02-13 18:07:34.562 D/LockScreen(  256): Updating Lock Screen text to Ruim
02-13 18:07:34.562 D/Warhol  (  351): A pack appears to be installed -- skipping Installer
02-13 18:07:34.572 I/DATA    (  344): [DCT(0) ] intent received :android.intent.action.SCREEN_ON
02-13 18:07:34.592 D/DATA    (  344): [DSST(0)] pollstate() : reason = data network state changed
02-13 18:07:34.612 D/KeyguardViewMediator(  256): setHidden false
02-13 18:07:34.622 I/DATA    (  344): [DCT(0) ] onDataCallListChanged:
02-13 18:07:34.622 I/DATA    (  344): [DCT(0) ] ---dc state list---
02-13 18:07:34.622 I/DATA    (  344): [DCT(0) ] DataCallState: { cid: 0, active: 1, type: , apn: , address: 173.155.101.96 }
02-13 18:07:34.622 I/DATA    (  344): [DCT(0) ] ---dc list---
02-13 18:07:34.622 I/DATA    (  344): [DCT(0) ] cid = 0, state = DcActiveState, bearerType = IP, ipaddress = 173.155.101.96, gw=173.155.101.97, dns=[68.28.67.132, 68.28.68.132]
02-13 18:07:34.662 D/MobileDataStateTracker(  256): [hipri]  MobileDataStateReceiver onReceive(): Entry.
02-13 18:07:34.662 D/MobileDataStateTracker(  256): [hipri]  intent.getAction()= android.intent.action.SERVICE_STATE
02-13 18:07:34.662 D/MobileDataStateTracker(  256): [hipri]  mEnabled = false
02-13 18:07:34.662 D/MobileDataStateTracker(  256): [dun]  MobileDataStateReceiver onReceive(): Entry.
02-13 18:07:34.662 D/MobileDataStateTracker(  256): [dun]  intent.getAction()= android.intent.action.SERVICE_STATE
02-13 18:07:34.662 D/MobileDataStateTracker(  256): [dun]  mEnabled = false
02-13 18:07:34.672 D/MobileDataStateTracker(  256): [supl]  MobileDataStateReceiver onReceive(): Entry.
02-13 18:07:34.672 D/MobileDataStateTracker(  256): [supl]  intent.getAction()= android.intent.action.SERVICE_STATE
02-13 18:07:34.672 D/MobileDataStateTracker(  256): [supl]  mEnabled = false
02-13 18:07:34.672 D/MobileDataStateTracker(  256): [mms]  MobileDataStateReceiver onReceive(): Entry.
02-13 18:07:34.672 D/MobileDataStateTracker(  256): [mms]  intent.getAction()= android.intent.action.SERVICE_STATE
02-13 18:07:34.672 D/MobileDataStateTracker(  256): [mms]  mEnabled = false
02-13 18:07:34.672 D/MobileDataStateTracker(  256): [default]  MobileDataStateReceiver onReceive(): Entry.
02-13 18:07:34.672 D/MobileDataStateTracker(  256): [default]  intent.getAction()= android.intent.action.SERVICE_STATE
02-13 18:07:34.672 D/MobileDataStateTracker(  256): [default]  mEnabled = true
02-13 18:07:34.672 D/DATA    (  344): [DSST(0)]  registrationState = 1  radioTechnology = 8 reasonForDenial = 0
02-13 18:07:34.672 D/DATA    (  344): [DSST(0)]  set mNewDataConnectionState = 0
02-13 18:07:34.672 D/DATA    (  344): [DSST(0)]  mNewDataConnectionState : 0  mDataConnectionState : 0
02-13 18:07:34.682 D/DATA    (  344): [DSST(0)] Poll ServiceState done: oldSS=[0 home null null null  EvDo rev. A CSS not supported -1 -1RoamInd: -1RoamStatus(sprint): -1DefRoamInd: -1EmergOnly: false] newSS=[0 home null null null  EvDo rev. A CSS not supported -1 -1RoamInd: -1RoamStatus(sprint): -1DefRoamInd: -1EmergOnly: false]
02-13 18:07:34.682 D/DATA    (  344): [DSST(0)]  mDataConnectionState = 0
02-13 18:07:34.682 D/CallManager(  344):  handleMessage (EVENT_SERVICE_STATE_CHANGED)
02-13 18:07:34.682 E/BT HS/HF(  344): SERVICE_STATE_CHANGED called
02-13 18:07:34.682 E/BT HS/HF(  344): updateServiceState called, sendUpdate:false  ServiceState:0 home Sprint  310099  EvDo rev. A CSS not supported 41 4139RoamInd: 1RoamStatus(sprint): 1DefRoamInd: 160EmergOnly: false
02-13 18:07:34.682 E/BT HS/HF(  344): service:1 mService:1
02-13 18:07:34.702 I/vDM     (  466): KeyCode = 26
02-13 18:07:34.702 I/vDM     (  466): KeyCode = 26
02-13 18:07:34.702 D/Mms     (  770): currentRoamingStatus:1
02-13 18:07:35.633 D/PowerManagerService(  256): acquireWakeLock flags=0x1000001a tag=keyguard
02-13 18:07:35.633 D/PowerManagerService(  256): UnPartial  wakeLock  reactivate ,flags=0x1000001a tag=keyguard
02-13 18:07:35.813 D/KeyguardViewMediator(  256): keyguardDone(true)
02-13 18:07:35.823 D/KeyguardViewMediator(  256): handleKeyguardDone
02-13 18:07:35.823 D/KeyguardViewMediator(  256): handleHide
02-13 18:07:35.823 D/KeyguardViewMediator(  256): adjustUserActivityLocked mShowing: false mHidden: false
02-13 18:07:35.823 D/PowerManagerService(  256): UnPartial  wakeLock  reactivate ,flags=0x1000001a tag=keyguard
02-13 18:07:35.823 D/PowerManagerService(  256): releaseWakeLock flags=0x1000001a tag=keyguard
02-13 18:07:35.833 D/KeyguardViewMediator(  256): setHidden false
02-13 18:07:35.843 D/KeyguardViewMediator(  256): setHidden false
02-13 18:07:35.853 D/KeyguardViewMediator(  256): setHidden false
02-13 18:07:35.883 D/KeyguardViewMediator(  256): setHidden false
02-13 18:07:35.893 D/KeyguardViewMediator(  256): setHidden false
02-13 18:07:35.913 D/KeyguardViewMediator(  256): setHidden false
02-13 18:07:35.923 D/KeyguardViewMediator(  256): setHidden false
02-13 18:07:35.943 D/KeyguardViewMediator(  256): setHidden false
02-13 18:07:35.963 D/KeyguardViewMediator(  256): setHidden false
02-13 18:07:35.973 D/KeyguardViewMediator(  256): setHidden false
02-13 18:07:35.993 D/KeyguardViewMediator(  256): setHidden false
02-13 18:07:36.013 D/KeyguardViewMediator(  256): setHidden false
02-13 18:07:36.023 D/KeyguardViewMediator(  256): setHidden false
02-13 18:07:36.043 D/KeyguardViewMediator(  256): setHidden false
02-13 18:07:36.053 D/KeyguardViewMediator(  256): setHidden false
02-13 18:07:36.073 D/KeyguardViewMediator(  256): setHidden false
02-13 18:07:36.093 D/KeyguardViewMediator(  256): setHidden false
02-13 18:07:36.103 D/KeyguardViewMediator(  256): setHidden false
02-13 18:07:36.123 D/KeyguardViewMediator(  256): setHidden false
02-13 18:07:36.133 D/KeyguardViewMediator(  256): setHidden false
02-13 18:07:36.153 D/KeyguardViewMediator(  256): setHidden false
02-13 18:07:36.173 D/KeyguardViewMediator(  256): setHidden false
02-13 18:07:36.183 D/KeyguardViewMediator(  256): setHidden false
02-13 18:07:36.204 D/KeyguardViewMediator(  256): setHidden false
02-13 18:07:36.224 D/KeyguardViewMediator(  256): setHidden false
02-13 18:07:36.234 D/KeyguardViewMediator(  256): setHidden false
02-13 18:07:36.254 D/KeyguardViewMediator(  256): setHidden false
02-13 18:07:36.274 D/KeyguardViewMediator(  256): setHidden false
02-13 18:07:36.274 D/KeyguardViewMediator(  256): setHidden false
02-13 18:07:36.284 D/KeyguardViewMediator(  256): setHidden false
02-13 18:07:36.304 D/KeyguardViewMediator(  256): setHidden false
02-13 18:07:36.314 D/KeyguardViewMediator(  256): setHidden false
02-13 18:07:36.334 D/KeyguardViewMediator(  256): setHidden false
02-13 18:07:36.354 D/KeyguardViewMediator(  256): setHidden false
02-13 18:07:36.364 D/KeyguardViewMediator(  256): setHidden false
02-13 18:07:36.414 D/KeyguardViewMediator(  256): setHidden false
02-13 18:07:36.424 D/KeyguardViewMediator(  256): setHidden false
02-13 18:07:36.444 D/KeyguardViewMediator(  256): setHidden false
02-13 18:07:36.454 D/KeyguardViewMediator(  256): setHidden false
02-13 18:07:36.474 D/KeyguardViewMediator(  256): setHidden false
02-13 18:07:36.494 D/KeyguardViewMediator(  256): setHidden false
02-13 18:07:36.514 D/KeyguardViewMediator(  256): setHidden false
02-13 18:07:36.524 D/KeyguardViewMediator(  256): setHidden false
02-13 18:07:36.534 D/KeyguardViewMediator(  256): setHidden false
02-13 18:07:36.554 D/KeyguardViewMediator(  256): setHidden false
02-13 18:07:36.574 D/KeyguardViewMediator(  256): setHidden false
02-13 18:07:36.584 D/KeyguardViewMediator(  256): setHidden false
02-13 18:07:36.604 D/KeyguardViewMediator(  256): setHidden false
02-13 18:07:36.624 D/KeyguardViewMediator(  256): setHidden false
02-13 18:07:36.634 D/KeyguardViewMediator(  256): setHidden false
02-13 18:07:36.654 D/KeyguardViewMediator(  256): setHidden false
02-13 18:07:36.664 D/KeyguardViewMediator(  256): setHidden false
02-13 18:07:36.684 D/KeyguardViewMediator(  256): setHidden false
02-13 18:07:36.704 D/KeyguardViewMediator(  256): setHidden false
02-13 18:07:36.714 D/KeyguardViewMediator(  256): setHidden false
02-13 18:07:36.734 D/KeyguardViewMediator(  256): setHidden false
02-13 18:07:36.754 D/KeyguardViewMediator(  256): setHidden false
02-13 18:07:36.994 D/KeyguardViewMediator(  256): setHidden false
02-13 18:07:37.004 D/KeyguardViewMediator(  256): setHidden false
02-13 18:07:37.024 D/KeyguardViewMediator(  256): setHidden false
02-13 18:07:37.044 D/KeyguardViewMediator(  256): setHidden false
02-13 18:07:37.064 D/KeyguardViewMediator(  256): setHidden false
02-13 18:07:37.084 D/KeyguardViewMediator(  256): setHidden false
02-13 18:07:37.094 D/KeyguardViewMediator(  256): setHidden false
02-13 18:07:37.104 D/KeyguardViewMediator(  256): setHidden false
02-13 18:07:37.124 D/KeyguardViewMediator(  256): setHidden false
02-13 18:07:37.134 D/KeyguardViewMediator(  256): setHidden false
02-13 18:07:37.154 D/KeyguardViewMediator(  256): setHidden false
02-13 18:07:37.174 D/KeyguardViewMediator(  256): setHidden false
02-13 18:07:37.184 D/KeyguardViewMediator(  256): setHidden false
02-13 18:07:38.025 D/DATA    (  344): [DSST(0)] pollstate() : reason = data network state changed
02-13 18:07:38.095 D/MobileDataStateTracker(  256): [hipri]  MobileDataStateReceiver onReceive(): Entry.
02-13 18:07:38.095 D/MobileDataStateTracker(  256): [hipri]  intent.getAction()= android.intent.action.SERVICE_STATE
02-13 18:07:38.095 D/MobileDataStateTracker(  256): [hipri]  mEnabled = false
02-13 18:07:38.105 D/MobileDataStateTracker(  256): [dun]  MobileDataStateReceiver onReceive(): Entry.
02-13 18:07:38.105 D/MobileDataStateTracker(  256): [dun]  intent.getAction()= android.intent.action.SERVICE_STATE
02-13 18:07:38.105 D/MobileDataStateTracker(  256): [dun]  mEnabled = false
02-13 18:07:38.105 D/MobileDataStateTracker(  256): [supl]  MobileDataStateReceiver onReceive(): Entry.
02-13 18:07:38.105 D/MobileDataStateTracker(  256): [supl]  intent.getAction()= android.intent.action.SERVICE_STATE
02-13 18:07:38.105 D/MobileDataStateTracker(  256): [supl]  mEnabled = false
02-13 18:07:38.105 D/MobileDataStateTracker(  256): [mms]  MobileDataStateReceiver onReceive(): Entry.
02-13 18:07:38.105 D/MobileDataStateTracker(  256): [mms]  intent.getAction()= android.intent.action.SERVICE_STATE
02-13 18:07:38.105 D/MobileDataStateTracker(  256): [mms]  mEnabled = false
02-13 18:07:38.105 D/MobileDataStateTracker(  256): [default]  MobileDataStateReceiver onReceive(): Entry.
02-13 18:07:38.105 D/MobileDataStateTracker(  256): [default]  intent.getAction()= android.intent.action.SERVICE_STATE
02-13 18:07:38.105 D/MobileDataStateTracker(  256): [default]  mEnabled = true
02-13 18:07:38.115 D/CallManager(  344):  handleMessage (EVENT_SERVICE_STATE_CHANGED)
02-13 18:07:38.115 E/BT HS/HF(  344): SERVICE_STATE_CHANGED called
02-13 18:07:38.115 E/BT HS/HF(  344): updateServiceState called, sendUpdate:false  ServiceState:0 home Sprint    EvDo rev. A CSS not supported 0 0RoamInd: 1RoamStatus(sprint): 1DefRoamInd: 160EmergOnly: false
02-13 18:07:38.115 E/BT HS/HF(  344): service:1 mService:1
02-13 18:07:38.115 D/DATA    (  344): [DSST(0)]  registrationState = 1  radioTechnology = 8 reasonForDenial = 0
02-13 18:07:38.115 D/DATA    (  344): [DSST(0)]  set mNewDataConnectionState = 0
02-13 18:07:38.115 D/DATA    (  344): [DSST(0)]  mNewDataConnectionState : 0  mDataConnectionState : 0
02-13 18:07:38.115 D/DATA    (  344): [DSST(0)] Poll ServiceState done: oldSS=[0 home null null null  EvDo rev. A CSS not supported -1 -1RoamInd: -1RoamStatus(sprint): -1DefRoamInd: -1EmergOnly: false] newSS=[0 home null null null  EvDo rev. A CSS not supported -1 -1RoamInd: -1RoamStatus(sprint): -1DefRoamInd: -1EmergOnly: false]
02-13 18:07:38.115 D/DATA    (  344): [DSST(0)]  mDataConnectionState = 0
02-13 18:07:38.165 D/Mms     (  770): currentRoamingStatus:1
02-13 18:07:38.526 D/DATA    (  344): [DSST(0)] pollstate() : reason = data network state changed
02-13 18:07:38.596 D/KeyguardUpdateMonitor(  256): received broadcast android.intent.action.TIMEZONE_CHANGED
02-13 18:07:38.606 D/KeyguardUpdateMonitor(  256): handleTimeUpdate
02-13 18:07:38.646 D/MobileDataStateTracker(  256): [hipri]  MobileDataStateReceiver onReceive(): Entry.
02-13 18:07:38.646 D/MobileDataStateTracker(  256): [hipri]  intent.getAction()= android.intent.action.SERVICE_STATE
02-13 18:07:38.646 D/MobileDataStateTracker(  256): [hipri]  mEnabled = false
02-13 18:07:38.646 D/MobileDataStateTracker(  256): [dun]  MobileDataStateReceiver onReceive(): Entry.
02-13 18:07:38.646 D/MobileDataStateTracker(  256): [dun]  intent.getAction()= android.intent.action.SERVICE_STATE
02-13 18:07:38.646 D/MobileDataStateTracker(  256): [dun]  mEnabled = false
02-13 18:07:38.656 D/MobileDataStateTracker(  256): [supl]  MobileDataStateReceiver onReceive(): Entry.
02-13 18:07:38.656 D/MobileDataStateTracker(  256): [supl]  intent.getAction()= android.intent.action.SERVICE_STATE
02-13 18:07:38.656 D/MobileDataStateTracker(  256): [supl]  mEnabled = false
02-13 18:07:38.656 D/MobileDataStateTracker(  256): [mms]  MobileDataStateReceiver onReceive(): Entry.
02-13 18:07:38.656 D/MobileDataStateTracker(  256): [mms]  intent.getAction()= android.intent.action.SERVICE_STATE
02-13 18:07:38.656 D/MobileDataStateTracker(  256): [mms]  mEnabled = false
02-13 18:07:38.656 D/MobileDataStateTracker(  256): [default]  MobileDataStateReceiver onReceive(): Entry.
02-13 18:07:38.656 D/MobileDataStateTracker(  256): [default]  intent.getAction()= android.intent.action.SERVICE_STATE
02-13 18:07:38.656 D/MobileDataStateTracker(  256): [default]  mEnabled = true
02-13 18:07:38.656 D/DATA    (  344): [DSST(0)]  registrationState = 1  radioTechnology = 8 reasonForDenial = 0
02-13 18:07:38.656 D/DATA    (  344): [DSST(0)]  set mNewDataConnectionState = 0
02-13 18:07:38.656 D/DATA    (  344): [DSST(0)]  mNewDataConnectionState : 0  mDataConnectionState : 0
02-13 18:07:38.656 D/DATA    (  344): [DSST(0)] Poll ServiceState done: oldSS=[0 home null null null  EvDo rev. A CSS not supported -1 -1RoamInd: -1RoamStatus(sprint): -1DefRoamInd: -1EmergOnly: false] newSS=[0 home null null null  EvDo rev. A CSS not supported -1 -1RoamInd: -1RoamStatus(sprint): -1DefRoamInd: -1EmergOnly: false]
02-13 18:07:38.666 D/DATA    (  344): [DSST(0)]  mDataConnectionState = 0
02-13 18:07:38.666 D/CallManager(  344):  handleMessage (EVENT_SERVICE_STATE_CHANGED)
02-13 18:07:38.666 E/BT HS/HF(  344): SERVICE_STATE_CHANGED called
02-13 18:07:38.666 E/BT HS/HF(  344): updateServiceState called, sendUpdate:false  ServiceState:0 home Sprint  310099  EvDo rev. A CSS not supported 41 4139RoamInd: 1RoamStatus(sprint): 1DefRoamInd: 160EmergOnly: false
02-13 18:07:38.666 E/BT HS/HF(  344): service:1 mService:1
02-13 18:07:38.696 I/ActivityThread(  804): Pub zte.com.cn.alarmclock: zte.com.cn.alarmclock.AlarmProvider
02-13 18:07:38.716 D/Mms     (  770): currentRoamingStatus:1
02-13 18:07:38.726 D/KeyguardUpdateMonitor(  256): received broadcast android.intent.action.ALARM_CHANGED
02-13 18:07:38.726 D/KeyguardUpdateMonitor(  256): onReceive ACTION_ALARM_CHANGED -  alarmSet:false
02-13 18:07:38.726 D/KeyguardUpdateMonitor(  256): handleAlarmStateChanged(false)
02-13 18:07:38.736 D/OmaDrmReceiver(  557): android.intent.action.TIMEZONE_CHANGED
02-13 18:07:40.638 D/KeyguardViewMediator(  256): handleTimeout
02-13 18:07:42.740 D/KeyguardUpdateMonitor(  256): received broadcast android.intent.action.TIMEZONE_CHANGED
02-13 18:07:42.750 D/KeyguardUpdateMonitor(  256): handleTimeUpdate
02-13 18:07:42.760 D/KeyguardUpdateMonitor(  256): received broadcast android.intent.action.ALARM_CHANGED
02-13 18:07:42.760 D/KeyguardUpdateMonitor(  256): onReceive ACTION_ALARM_CHANGED -  alarmSet:false
02-13 18:07:42.760 D/KeyguardUpdateMonitor(  256): handleAlarmStateChanged(false)
02-13 18:07:42.760 D/OmaDrmReceiver(  557): android.intent.action.TIMEZONE_CHANGED
02-13 18:07:42.800 D/Calendar(  623): missed alarms found: 0
02-13 18:07:43.210 D/KeyguardViewMediator(  256): setHidden false
02-13 18:07:43.220 D/Launcher(  351): onSaveInstanceState
02-13 18:07:43.220 D/KeyguardViewMediator(  256): setHidden false
02-13 18:07:43.230 D/Launcher(  351): Dissmis Preview for view :null ID:2131230735
02-13 18:07:43.230 D/Launcher(  351): Dissmis Preview for view :null ID:2131230736
02-13 18:07:43.230 D/Launcher(  351): Dissmis Preview for view :null ID:2131230739
02-13 18:07:43.230 D/Launcher(  351): Dissmis Preview for view :null ID:2131230741
02-13 18:07:43.230 D/KeyguardViewMediator(  256): setHidden false
02-13 18:07:43.250 D/KeyguardViewMediator(  256): setHidden false
02-13 18:07:43.260 D/KeyguardViewMediator(  256): setHidden false
02-13 18:07:43.260 I/hubo    (  256): Activity {com.android.mms/com.android.mms.ui.ConversationList}
02-13 18:07:43.270 D/KeyguardViewMediator(  256): setHidden false
02-13 18:07:43.270 D/KeyguardViewMediator(  256): setHidden false
02-13 18:07:43.290 D/KeyguardViewMediator(  256): setHidden false
02-13 18:07:43.310 D/KeyguardViewMediator(  256): setHidden false
02-13 18:07:43.320 D/KeyguardViewMediator(  256): setHidden false
02-13 18:07:43.340 D/KeyguardViewMediator(  256): setHidden false
02-13 18:07:43.360 D/KeyguardViewMediator(  256): setHidden false
02-13 18:07:43.370 D/KeyguardViewMediator(  256): setHidden false
02-13 18:07:43.390 D/KeyguardViewMediator(  256): setHidden false
02-13 18:07:43.410 D/KeyguardViewMediator(  256): setHidden false
02-13 18:07:43.420 D/KeyguardViewMediator(  256): setHidden false
02-13 18:07:43.440 D/KeyguardViewMediator(  256): setHidden false
02-13 18:07:43.461 D/KeyguardViewMediator(  256): setHidden false
02-13 18:07:43.471 D/KeyguardViewMediator(  256): setHidden false
02-13 18:07:43.491 D/KeyguardViewMediator(  256): setHidden false
02-13 18:07:43.501 D/KeyguardViewMediator(  256): setHidden false
02-13 18:07:43.521 D/KeyguardViewMediator(  256): setHidden false
02-13 18:07:43.551 D/KeyguardViewMediator(  256): setHidden false
02-13 18:07:43.561 D/KeyguardViewMediator(  256): setHidden false
02-13 18:07:43.571 D/KeyguardViewMediator(  256): setHidden false
02-13 18:07:43.791 D/MmsSmsProvider(  344): delete:URI_MATCHER.match(uri)=11
02-13 18:07:43.801 D/ConversationList(  770): unreadPresidentialCursor.getCount() =0
02-13 18:07:43.801 D/LockScreen(  256): intent.getAction=android.intent.action.presidential_cmas_alert_stop
02-13 18:07:43.801 D/LockScreen(  256): intent.getAction=android.intent.action.presidential_cmas_alert_stop
02-13 18:07:43.811 D/KeyguardViewMediator(  256): setHidden false
02-13 18:07:43.831 I/Mms:app (  770): pengzhe updateDownloadFailedNotification getDownloadFailedMessageCount =0
02-13 18:07:43.871 D/Mms     (  770): [1] Conversation get() RECIPIENT==: 1
02-13 18:07:43.871 D/Mms     (  770): [1] Conversation get() DATE==: 1329176115000
02-13 18:07:43.871 I/Mms     (  770): parseMmsAddress number=9137446943, length=10
02-13 18:07:43.881 I/ContactsProvider(  394): query: content://com.android.contacts/data
02-13 18:07:43.881 E/ContactsProvider(  394): 101123 isCallerRegisterNeedSIMProc callerPid:770, acorePid:394
02-13 18:07:43.881 I/ContactsProvider(  394): query isCallerRegistered= true
02-13 18:07:43.881 I/ContactsProvider(  394): query forOnlyOneContactString= 0
02-13 18:07:43.891 I/ContactsProvider(  394): query: content://com.android.contacts/contacts/223/photo
02-13 18:07:43.891 E/ContactsProvider(  394): 101123 isCallerRegisterNeedSIMProc callerPid:770, acorePid:394
02-13 18:07:43.891 I/ContactsProvider(  394): query isCallerRegistered= true
02-13 18:07:43.891 I/ContactsProvider(  394): query forOnlyOneContactString= 0
02-13 18:07:43.901 D/Mms     (  770): formatTimeStampString1 ,when = 1329176115000
02-13 18:07:43.911 D/Mms     (  770): formatTimeStampString2 ,when = 1329176115000
02-13 18:07:43.921 D/AlarmManager(  256): +++Alarm set:type=0 com.android.providers.calendar  Trigger after:79259845ms
02-13 18:07:43.931 D/ConversationListItem(  770): bind: contacts.getDate 5:35PM
02-13 18:07:43.931 D/ConversationListItem(  770): updateAvatarView(),address =false
02-13 18:07:44.021 D/KeyguardViewMediator(  256): setHidden false
02-13 18:07:44.021 D/KeyguardViewMediator(  256): setHidden false
02-13 18:07:44.021 I/ActivityManager(  256): Displayed com.android.mms/.ui.ConversationList: +791ms (total +2m0s451ms)
02-13 18:07:44.021 D/KeyguardViewMediator(  256): setHidden false
02-13 18:07:44.041 D/KeyguardViewMediator(  256): setHidden false
02-13 18:07:44.051 D/KeyguardViewMediator(  256): setHidden false
02-13 18:07:44.071 D/KeyguardViewMediator(  256): setHidden false
02-13 18:07:44.081 D/KeyguardViewMediator(  256): setHidden false
02-13 18:07:44.101 D/KeyguardViewMediator(  256): setHidden false
02-13 18:07:44.121 D/KeyguardViewMediator(  256): setHidden false
02-13 18:07:44.131 D/KeyguardViewMediator(  256): setHidden false
02-13 18:07:44.151 D/KeyguardViewMediator(  256): setHidden false
02-13 18:07:44.161 D/KeyguardViewMediator(  256): setHidden false
02-13 18:07:44.181 D/KeyguardViewMediator(  256): setHidden false
02-13 18:07:44.191 D/KeyguardViewMediator(  256): setHidden false
02-13 18:07:44.211 D/KeyguardViewMediator(  256): setHidden false
02-13 18:07:44.221 D/KeyguardViewMediator(  256): setHidden false
02-13 18:07:44.241 D/KeyguardViewMediator(  256): setHidden false
02-13 18:07:44.251 D/KeyguardViewMediator(  256): setHidden false
02-13 18:07:44.281 D/KeyguardViewMediator(  256): setHidden false
02-13 18:07:44.301 D/KeyguardViewMediator(  256): setHidden false
02-13 18:07:44.301 D/KeyguardViewMediator(  256): setHidden false
02-13 18:07:44.331 D/KeyguardViewMediator(  256): setHidden false
02-13 18:07:44.351 D/KeyguardViewMediator(  256): setHidden false
02-13 18:07:44.351 D/KeyguardViewMediator(  256): setHidden false
02-13 18:07:45.252 D/KeyguardViewMediator(  256): setHidden false
02-13 18:07:45.252 I/hubo    (  256): Activity {com.android.mms/com.android.mms.ui.ComposeMessageActivity}
02-13 18:07:45.733 D/Mms     (  770): [1] Conversation get() RECIPIENT==: 1
02-13 18:07:45.733 D/Mms     (  770): [1] Conversation get() DATE==: 1329176115000
02-13 18:07:45.743 I/Mms     (  770): parseMmsAddress number=9137446943, length=10
02-13 18:07:45.743 I/ContactsProvider(  394): query: content://com.android.contacts/data
02-13 18:07:45.743 E/ContactsProvider(  394): 101123 isCallerRegisterNeedSIMProc callerPid:770, acorePid:394
02-13 18:07:45.743 I/ContactsProvider(  394): query isCallerRegistered= true
02-13 18:07:45.743 I/ContactsProvider(  394): query forOnlyOneContactString= 0
02-13 18:07:45.753 I/ContactsProvider(  394): query: content://com.android.contacts/contacts/223/photo
02-13 18:07:45.753 E/ContactsProvider(  394): 101123 isCallerRegisterNeedSIMProc callerPid:770, acorePid:394
02-13 18:07:45.753 I/ContactsProvider(  394): query isCallerRegistered= true
02-13 18:07:45.763 I/ContactsProvider(  394): query forOnlyOneContactString= 0
02-13 18:07:46.614 I/V3Client(  647): notf'n?
02-13 18:07:46.664 I/V3Client(  647): !control 0
02-13 18:07:47.685 D/Mms/compose(  770): dxf:initCcAndBcc enter 
02-13 18:07:47.685 D/Mms/compose(  770): dxf:initCcAndBcc  mConversation.getCcRecipients()=[]
02-13 18:07:47.685 D/Mms/compose(  770): dxf:initCcAndBcc exit 
02-13 18:07:47.685 I/Mms/compose(  770): SLIDESHOW updateSendButtonState enable = true
02-13 18:07:47.685 I/Mms/compose(  770): SLIDESHOW setSendButtonText isMms = false
02-13 18:07:47.695 I/Mms/compose(  770): SLIDESHOW setSendButtonText isMms = false
02-13 18:07:47.695 I/Mms/compose(  770): drawBottomPanel, inputmethod
02-13 18:07:47.695 D/Mms/compose(  770): lyftest updateOtherAttachmentView
02-13 18:07:47.695 I/Mms/compose(  770): SLIDESHOW updateSendButtonState enable = true
02-13 18:07:47.695 I/Mms/compose(  770): SLIDESHOW setSendButtonText isMms = false
02-13 18:07:47.695 I/Mms/compose(  770): SLIDESHOW setSendButtonText isMms = false
02-13 18:07:47.705 I/Mms/compose(  770): SLIDESHOW setSendButtonText isMms = false
02-13 18:07:47.705 I/Mms/compose(  770): drawBottomPanel, inputmethod
02-13 18:07:47.715 D/Mms/compose(  770): lyftest updateOtherAttachmentView
02-13 18:07:47.715 I/Mms/compose(  770): SLIDESHOW updateSendButtonState enable = true
02-13 18:07:47.715 I/Mms/compose(  770): SLIDESHOW setSendButtonText isMms = false
02-13 18:07:47.715 I/Mms/compose(  770): SLIDESHOW setSendButtonText isMms = false
02-13 18:07:47.715 E/Mms/compose(  770): In loadMessageContent() after drawBottomPanel()
02-13 18:07:47.745 E/HQB     (  770): onReceiveWithPrivilege  action received android.provider.Telephony.SMS_RECEIVED
02-13 18:07:47.765 D/KeyguardViewMediator(  256): setHidden false
02-13 18:07:47.785 D/Mms     (  770): [20] markAsRead: update read/seen for thread uri: content://mms-sms/conversations/1
02-13 18:07:47.805 E/Database(  344): Error updating seen=1 read=1 using UPDATE threads SET seen=?, read=? WHERE _id=1
02-13 18:07:47.825 D/Mms     (  770): formatTimeStampString1 ,when = 1329176115363
02-13 18:07:47.825 D/Mms     (  770): formatTimeStampString2 ,when = 1329176115363
02-13 18:07:47.825 D/MessageItem(  770): MessageItem ,expiryDate = 0
02-13 18:07:47.835 I/ContactsProvider(  394): query: content://com.android.contacts/phone_lookup/9137446943
02-13 18:07:47.835 E/ContactsProvider(  394): 101123 isCallerRegisterNeedSIMProc callerPid:770, acorePid:394
02-13 18:07:47.835 I/ContactsProvider(  394): query isCallerRegistered= true
02-13 18:07:47.835 I/ContactsProvider(  394): query forOnlyOneContactString= 0
02-13 18:07:47.875 D/Mms:app (  770): mCmasCursor.getCount() =0
02-13 18:07:47.875 D/Mms:app (  770): in updateCmasNotifications--unreadCMASCursor.getCount() <= 0
02-13 18:07:47.885 I/Mms:app (  770): pengzhe updateDownloadFailedNotification getDownloadFailedMessageCount =0
02-13 18:07:47.955 D/SmsReceiverService(  770): isSelfRegSMS-teleService = 4098
02-13 18:07:48.015 D/Mms     (  770): formatTimeStampString1 ,when = 1329175741634
02-13 18:07:48.015 D/Mms     (  770): formatTimeStampString2 ,when = 1329175741634
02-13 18:07:48.015 D/MessageItem(  770): MessageItem ,expiryDate = 0
02-13 18:07:48.025 D/Mms     (  770): formatTimeStampString1 ,when = 1329175316737
02-13 18:07:48.025 D/Mms     (  770): formatTimeStampString2 ,when = 1329175316737
02-13 18:07:48.025 D/MessageItem(  770): MessageItem ,expiryDate = 0
02-13 18:07:48.045 D/SmsReceiverService(  770): first =0
02-13 18:07:48.045 D/SmsReceiverService(  770): possibleIndex =null
02-13 18:07:48.045 D/SmsReceiverService(  770): processed indexString =null
02-13 18:07:48.045 D/SmsReceiverService(  770): first =0
02-13 18:07:48.045 D/Mms     (  770): formatTimeStampString1 ,when = 1329174963822
02-13 18:07:48.045 D/Mms     (  770): formatTimeStampString2 ,when = 1329174963822
02-13 18:07:48.045 D/MessageItem(  770): MessageItem ,expiryDate = 0
02-13 18:07:48.055 D/SmsReceiverService(  770): possibleIndex =null
02-13 18:07:48.055 D/SmsReceiverService(  770): processed indexString =null
02-13 18:07:48.085 D/KeyguardViewMediator(  256): setHidden false
02-13 18:07:48.085 D/KeyguardViewMediator(  256): setHidden false
02-13 18:07:48.095 I/ContactsProvider(  394): query: content://com.android.contacts/contacts/lookup/1459i70f44c610cdc0f1f/223
02-13 18:07:48.095 E/ContactsProvider(  394): 101123 isCallerRegisterNeedSIMProc callerPid:770, acorePid:394
02-13 18:07:48.095 D/KeyguardViewMediator(  256): setHidden false
02-13 18:07:48.105 I/ContactsProvider(  394): query isCallerRegistered= true
02-13 18:07:48.105 I/ContactsProvider(  394): query forOnlyOneContactString= 0
02-13 18:07:48.115 D/KeyguardViewMediator(  256): setHidden false
02-13 18:07:48.135 D/KeyguardViewMediator(  256): setHidden false
02-13 18:07:48.145 D/KeyguardViewMediator(  256): setHidden false
02-13 18:07:48.165 D/KeyguardViewMediator(  256): setHidden false
02-13 18:07:48.175 D/KeyguardViewMediator(  256): setHidden false
02-13 18:07:48.185 I/ContactsProvider(  394): query: content://com.android.contacts/data/1539
02-13 18:07:48.185 E/ContactsProvider(  394): 101123 isCallerRegisterNeedSIMProc callerPid:770, acorePid:394
02-13 18:07:48.185 D/KeyguardViewMediator(  256): setHidden false
02-13 18:07:48.185 I/ContactsProvider(  394): query isCallerRegistered= true
02-13 18:07:48.185 I/ContactsProvider(  394): query forOnlyOneContactString= 0
02-13 18:07:48.195 D/KeyguardViewMediator(  256): setHidden false
02-13 18:07:48.205 D/ConversationList(  770): unreadPresidentialCursor.getCount() =0
02-13 18:07:48.205 D/LockScreen(  256): intent.getAction=android.intent.action.presidential_cmas_alert_stop
02-13 18:07:48.205 D/LockScreen(  256): intent.getAction=android.intent.action.presidential_cmas_alert_stop
02-13 18:07:48.215 D/Mms     (  770): [1] Conversation get() RECIPIENT==: 1
02-13 18:07:48.215 D/Mms     (  770): [1] Conversation get() DATE==: 1329176115363
02-13 18:07:48.215 D/Mms     (  770): formatTimeStampString1 ,when = 1329176115363
02-13 18:07:48.215 D/KeyguardViewMediator(  256): setHidden false
02-13 18:07:48.215 D/Mms     (  770): formatTimeStampString2 ,when = 1329176115363
02-13 18:07:48.225 D/ConversationListItem(  770): bind: contacts.getDate 5:35PM
02-13 18:07:48.225 D/ConversationListItem(  770): updateAvatarView(),address =false
02-13 18:07:48.235 D/KeyguardViewMediator(  256): setHidden false
02-13 18:07:48.235 D/MmsSmsProvider(  344): getThreadId:enter cursor.toAddressIds.size=1
02-13 18:07:48.235 D/MmsSmsProvider(  344): getThreadId:enter cursor.getCount()=1
02-13 18:07:48.245 D/MmsSmsProvider(  344): getThreadId:enter cursorAddr.getCount()=1needNewThread=false
02-13 18:07:48.255 D/KeyguardViewMediator(  256): setHidden false
02-13 18:07:48.265 D/KeyguardViewMediator(  256): setHidden false
02-13 18:07:48.265 I/ActivityManager(  256): Displayed com.android.mms/.ui.ComposeMessageActivity: +3s29ms
02-13 18:07:48.285 D/Mms     (  770): formatTimeStampString1 ,when = 1329176115363
02-13 18:07:48.285 D/Mms     (  770): formatTimeStampString2 ,when = 1329176115363
02-13 18:07:48.285 D/MessageItem(  770): MessageItem ,expiryDate = 0
02-13 18:07:48.285 D/Mms     (  770): formatTimeStampString1 ,when = 1329175741634
02-13 18:07:48.285 D/Mms     (  770): formatTimeStampString2 ,when = 1329175741634
02-13 18:07:48.285 D/MessageItem(  770): MessageItem ,expiryDate = 0
02-13 18:07:48.325 D/Mms     (  770): formatTimeStampString1 ,when = 1329175316737
02-13 18:07:48.325 D/Mms     (  770): formatTimeStampString2 ,when = 1329175316737
02-13 18:07:48.335 D/MessageItem(  770): MessageItem ,expiryDate = 0
02-13 18:07:48.335 D/Mms     (  770): formatTimeStampString1 ,when = 1329174963822
02-13 18:07:48.335 D/Mms     (  770): formatTimeStampString2 ,when = 1329174963822
02-13 18:07:48.335 D/MessageItem(  770): MessageItem ,expiryDate = 0
02-13 18:07:48.375 D/KeyguardViewMediator(  256): setHidden false
02-13 18:07:48.385 I/ContactsProvider(  394): query: content://contacts/phones/filter/9137446943
02-13 18:07:48.385 E/ContactsProvider(  394): 101123 isCallerRegisterNeedSIMProc callerPid:344, acorePid:394
02-13 18:07:48.385 I/ContactsProvider(  394): query isCallerRegistered= true
02-13 18:07:48.385 I/ContactsProvider(  394): query forOnlyOneContactString= 0
02-13 18:07:48.475 D/Mms     (  770): formatTimeStampString1 ,when = 1329178068046
02-13 18:07:48.475 D/Mms     (  770): formatTimeStampString2 ,when = 1329178068046
02-13 18:07:48.485 D/MessageItem(  770): MessageItem ,expiryDate = 0
02-13 18:07:48.505 D/Mms     (  770): formatTimeStampString1 ,when = 1329176115363
02-13 18:07:48.505 D/Mms     (  770): formatTimeStampString2 ,when = 1329176115363
02-13 18:07:48.505 D/MessageItem(  770): MessageItem ,expiryDate = 0
02-13 18:07:48.505 D/Mms     (  770): formatTimeStampString1 ,when = 1329175741634
02-13 18:07:48.515 D/Mms     (  770): formatTimeStampString2 ,when = 1329175741634
02-13 18:07:48.515 D/MessageItem(  770): MessageItem ,expiryDate = 0
02-13 18:07:48.515 D/Mms     (  770): formatTimeStampString1 ,when = 1329175316737
02-13 18:07:48.515 D/Mms     (  770): formatTimeStampString2 ,when = 1329175316737
02-13 18:07:48.515 D/MessageItem(  770): MessageItem ,expiryDate = 0
02-13 18:07:48.576 D/Mms     (  770): formatTimeStampString1 ,when = 1329178068046
02-13 18:07:48.576 D/Mms     (  770): formatTimeStampString2 ,when = 1329178068046
02-13 18:07:48.576 D/MessageItem(  770): MessageItem ,expiryDate = 0
02-13 18:07:48.586 D/Mms     (  770): formatTimeStampString1 ,when = 1329176115363
02-13 18:07:48.586 D/Mms     (  770): formatTimeStampString2 ,when = 1329176115363
02-13 18:07:48.586 D/MessageItem(  770): MessageItem ,expiryDate = 0
02-13 18:07:48.596 D/Mms     (  770): formatTimeStampString1 ,when = 1329175741634
02-13 18:07:48.596 D/Mms     (  770): formatTimeStampString2 ,when = 1329175741634
02-13 18:07:48.596 D/MessageItem(  770): MessageItem ,expiryDate = 0
02-13 18:07:48.596 D/Mms     (  770): formatTimeStampString1 ,when = 1329175316737
02-13 18:07:48.596 D/Mms     (  770): formatTimeStampString2 ,when = 1329175316737
02-13 18:07:48.596 D/MessageItem(  770): MessageItem ,expiryDate = 0
02-13 18:07:48.646 D/Mms:app (  770): in getIconResourceId cmasNo =0
02-13 18:07:48.646 D/Mms:app (  770): in getIconResourceId cmasNo = 0, cancel(notificationId)
02-13 18:07:48.666 I/Mms     (  770): parseMmsAddress number=9137446943, length=10
02-13 18:07:48.666 I/ContactsProvider(  394): query: content://com.android.contacts/data
02-13 18:07:48.666 E/ContactsProvider(  394): 101123 isCallerRegisterNeedSIMProc callerPid:770, acorePid:394
02-13 18:07:48.666 I/ContactsProvider(  394): query isCallerRegistered= true
02-13 18:07:48.666 I/ContactsProvider(  394): query forOnlyOneContactString= 0
02-13 18:07:48.676 I/ContactsProvider(  394): query: content://com.android.contacts/contacts/223/photo
02-13 18:07:48.676 E/ContactsProvider(  394): 101123 isCallerRegisterNeedSIMProc callerPid:770, acorePid:394
02-13 18:07:48.676 I/ContactsProvider(  394): query isCallerRegistered= true
02-13 18:07:48.676 I/ContactsProvider(  394): query forOnlyOneContactString= 0
02-13 18:07:48.706 E/lights  (  256):   g_haveAmberLed=0
02-13 18:07:48.706 E/lights  (  256):   red=0
02-13 18:07:48.706 E/lights  (  256):   green=255
02-13 18:07:48.706 E/lights  (  256):   blink=1
02-13 18:07:48.746 D/KeyguardViewMediator(  256): setHidden false
02-13 18:07:48.746 D/KeyguardViewMediator(  256): setHidden false
02-13 18:07:49.016 D/DATA    (  344): [DSST(0)] pollstate() : reason = data network state changed
02-13 18:07:49.156 D/MobileDataStateTracker(  256): [hipri]  MobileDataStateReceiver onReceive(): Entry.
02-13 18:07:49.156 D/MobileDataStateTracker(  256): [hipri]  intent.getAction()= android.intent.action.SERVICE_STATE
02-13 18:07:49.156 D/MobileDataStateTracker(  256): [hipri]  mEnabled = false
02-13 18:07:49.166 D/MobileDataStateTracker(  256): [dun]  MobileDataStateReceiver onReceive(): Entry.
02-13 18:07:49.166 D/MobileDataStateTracker(  256): [dun]  intent.getAction()= android.intent.action.SERVICE_STATE
02-13 18:07:49.166 D/MobileDataStateTracker(  256): [dun]  mEnabled = false
02-13 18:07:49.166 D/MobileDataStateTracker(  256): [supl]  MobileDataStateReceiver onReceive(): Entry.
02-13 18:07:49.166 D/MobileDataStateTracker(  256): [supl]  intent.getAction()= android.intent.action.SERVICE_STATE
02-13 18:07:49.166 D/MobileDataStateTracker(  256): [supl]  mEnabled = false
02-13 18:07:49.166 D/MobileDataStateTracker(  256): [mms]  MobileDataStateReceiver onReceive(): Entry.
02-13 18:07:49.166 D/MobileDataStateTracker(  256): [mms]  intent.getAction()= android.intent.action.SERVICE_STATE
02-13 18:07:49.166 D/MobileDataStateTracker(  256): [mms]  mEnabled = false
02-13 18:07:49.166 D/DATA    (  344): [DSST(0)]  registrationState = 1  radioTechnology = 8 reasonForDenial = 0
02-13 18:07:49.166 D/DATA    (  344): [DSST(0)]  set mNewDataConnectionState = 0
02-13 18:07:49.166 D/DATA    (  344): [DSST(0)]  mNewDataConnectionState : 0  mDataConnectionState : 0
02-13 18:07:49.166 D/DATA    (  344): [DSST(0)] Poll ServiceState done: oldSS=[0 home null null null  EvDo rev. A CSS not supported -1 -1RoamInd: -1RoamStatus(sprint): -1DefRoamInd: -1EmergOnly: false] newSS=[0 home null null null  EvDo rev. A CSS not supported -1 -1RoamInd: -1RoamStatus(sprint): -1DefRoamInd: -1EmergOnly: false]
02-13 18:07:49.166 D/DATA    (  344): [DSST(0)]  mDataConnectionState = 0
02-13 18:07:49.176 D/MobileDataStateTracker(  256): [default]  MobileDataStateReceiver onReceive(): Entry.
02-13 18:07:49.176 D/MobileDataStateTracker(  256): [default]  intent.getAction()= android.intent.action.SERVICE_STATE
02-13 18:07:49.176 D/MobileDataStateTracker(  256): [default]  mEnabled = true
02-13 18:07:49.176 D/CallManager(  344):  handleMessage (EVENT_SERVICE_STATE_CHANGED)
02-13 18:07:49.176 E/BT HS/HF(  344): SERVICE_STATE_CHANGED called
02-13 18:07:49.176 E/BT HS/HF(  344): updateServiceState called, sendUpdate:false  ServiceState:0 home Sprint  310099  EvDo rev. A CSS not supported 41 4139RoamInd: 1RoamStatus(sprint): 1DefRoamInd: 160EmergOnly: false
02-13 18:07:49.176 E/BT HS/HF(  344): service:1 mService:1
02-13 18:07:49.196 D/Mms     (  770): currentRoamingStatus:1
02-13 18:07:53.210 I/DATA    (  344): [DCT(0) ] onDataCallListChanged:
02-13 18:07:53.210 I/DATA    (  344): [DCT(0) ] ---dc state list---
02-13 18:07:53.210 I/DATA    (  344): [DCT(0) ] DataCallState: { cid: 0, active: 2, type: , apn: , address: 173.155.101.96 }
02-13 18:07:53.210 I/DATA    (  344): [DCT(0) ] ---dc list---
02-13 18:07:53.210 I/DATA    (  344): [DCT(0) ] cid = 0, state = DcActiveState, bearerType = IP, ipaddress = 173.155.101.96, gw=173.155.101.97, dns=[68.28.67.132, 68.28.68.132]
02-13 18:07:55.522 D/Mms     (  770): [23] markAsRead: update read/seen for thread uri: content://mms-sms/conversations/1
02-13 18:07:55.532 E/Database(  344): Error updating seen=1 read=1 using UPDATE threads SET seen=?, read=? WHERE _id=1
02-13 18:07:55.552 D/Mms:app (  770): mCmasCursor.getCount() =0
02-13 18:07:55.552 D/Mms:app (  770): in updateCmasNotifications--unreadCMASCursor.getCount() <= 0
02-13 18:07:55.572 D/Mms     (  770): formatTimeStampString1 ,when = 1329178068046
02-13 18:07:55.572 D/Mms     (  770): formatTimeStampString2 ,when = 1329178068046
02-13 18:07:55.572 D/MessageItem(  770): MessageItem ,expiryDate = 0
02-13 18:07:55.582 I/Mms:app (  770): pengzhe updateDownloadFailedNotification getDownloadFailedMessageCount =0
02-13 18:07:55.602 D/Mms     (  770): formatTimeStampString1 ,when = 1329176115363
02-13 18:07:55.602 E/lights  (  256):   g_haveAmberLed=0
02-13 18:07:55.602 E/lights  (  256):   red=0
02-13 18:07:55.602 E/lights  (  256):   green=0
02-13 18:07:55.602 E/lights  (  256):   blink=0
02-13 18:07:55.612 D/KeyguardViewMediator(  256): setHidden false
02-13 18:07:55.612 D/KeyguardViewMediator(  256): setHidden false
02-13 18:07:55.622 D/Mms     (  770): formatTimeStampString2 ,when = 1329176115363
02-13 18:07:55.622 D/MessageItem(  770): MessageItem ,expiryDate = 0
02-13 18:07:55.622 D/Mms     (  770): formatTimeStampString1 ,when = 1329175741634
02-13 18:07:55.622 D/Mms     (  770): formatTimeStampString2 ,when = 1329175741634
02-13 18:07:55.622 D/MessageItem(  770): MessageItem ,expiryDate = 0
02-13 18:07:55.632 D/Mms     (  770): formatTimeStampString1 ,when = 1329175316737
02-13 18:07:55.632 D/Mms     (  770): formatTimeStampString2 ,when = 1329175316737
02-13 18:07:55.632 D/MessageItem(  770): MessageItem ,expiryDate = 0
02-13 18:07:55.682 D/KeyguardViewMediator(  256): setHidden false
02-13 18:07:55.702 D/KeyguardViewMediator(  256): setHidden false
02-13 18:07:55.702 D/KeyguardViewMediator(  256): setHidden false
02-13 18:07:55.712 D/KeyguardViewMediator(  256): setHidden false
02-13 18:07:55.732 D/KeyguardViewMediator(  256): setHidden false
02-13 18:07:55.742 D/KeyguardViewMediator(  256): setHidden false
02-13 18:07:55.763 D/KeyguardViewMediator(  256): setHidden false
02-13 18:07:55.783 D/KeyguardViewMediator(  256): setHidden false
02-13 18:07:55.783 D/KeyguardViewMediator(  256): setHidden false
02-13 18:07:55.793 D/KeyguardViewMediator(  256): setHidden false
02-13 18:07:55.813 D/KeyguardViewMediator(  256): setHidden false
02-13 18:07:55.833 D/KeyguardViewMediator(  256): setHidden false
02-13 18:07:55.843 D/KeyguardViewMediator(  256): setHidden false
02-13 18:07:55.863 D/KeyguardViewMediator(  256): setHidden false
02-13 18:07:55.883 D/KeyguardViewMediator(  256): setHidden false
02-13 18:07:55.893 D/KeyguardViewMediator(  256): setHidden false
02-13 18:07:55.923 D/KeyguardViewMediator(  256): setHidden false
02-13 18:07:55.933 D/KeyguardViewMediator(  256): setHidden false
02-13 18:07:55.953 D/KeyguardViewMediator(  256): setHidden false
02-13 18:07:55.963 D/KeyguardViewMediator(  256): setHidden false
