02-13 18:07:56.043 D/KeyguardViewMediator(  256): setHidden false
02-13 18:07:56.053 D/KeyguardViewMediator(  256): setHidden false
02-13 18:07:56.073 D/KeyguardViewMediator(  256): setHidden false
02-13 18:07:56.073 D/KeyguardViewMediator(  256): setHidden false
02-13 18:07:56.083 D/KeyguardViewMediator(  256): setHidden false
02-13 18:07:56.103 D/Mms     (  770): formatTimeStampString1 ,when = 1329160934923
02-13 18:07:56.103 D/Mms     (  770): formatTimeStampString2 ,when = 1329160934923
02-13 18:07:56.103 D/KeyguardViewMediator(  256): setHidden false
02-13 18:07:56.113 D/MessageItem(  770): MessageItem ,expiryDate = 0
02-13 18:07:56.113 D/KeyguardViewMediator(  256): setHidden false
02-13 18:07:56.133 D/KeyguardViewMediator(  256): setHidden false
02-13 18:07:56.163 D/KeyguardViewMediator(  256): setHidden false
02-13 18:07:56.213 D/KeyguardViewMediator(  256): setHidden false
02-13 18:07:56.223 D/KeyguardViewMediator(  256): setHidden false
02-13 18:07:56.253 D/KeyguardViewMediator(  256): setHidden false
02-13 18:07:56.263 D/KeyguardViewMediator(  256): setHidden false
02-13 18:07:56.273 D/KeyguardViewMediator(  256): setHidden false
02-13 18:07:56.303 D/KeyguardViewMediator(  256): setHidden false
02-13 18:07:56.313 D/KeyguardViewMediator(  256): setHidden false
02-13 18:07:56.323 D/KeyguardViewMediator(  256): setHidden false
02-13 18:07:56.343 D/KeyguardViewMediator(  256): setHidden false
02-13 18:07:56.353 D/KeyguardViewMediator(  256): setHidden false
02-13 18:07:56.383 D/KeyguardViewMediator(  256): setHidden false
02-13 18:07:56.383 D/KeyguardViewMediator(  256): setHidden false
02-13 18:07:59.776 D/KeyguardViewMediator(  256): setHidden false
02-13 18:07:59.796 D/KeyguardViewMediator(  256): setHidden false
02-13 18:07:59.816 D/KeyguardViewMediator(  256): setHidden false
02-13 18:07:59.826 D/KeyguardViewMediator(  256): setHidden false
02-13 18:07:59.846 D/KeyguardViewMediator(  256): setHidden false
02-13 18:07:59.867 D/KeyguardViewMediator(  256): setHidden false
02-13 18:07:59.877 D/KeyguardViewMediator(  256): setHidden false
02-13 18:07:59.897 D/KeyguardViewMediator(  256): setHidden false
02-13 18:07:59.907 D/KeyguardViewMediator(  256): setHidden false
02-13 18:07:59.927 D/KeyguardViewMediator(  256): setHidden false
02-13 18:07:59.947 D/KeyguardViewMediator(  256): setHidden false
02-13 18:07:59.957 D/KeyguardViewMediator(  256): setHidden false
02-13 18:07:59.987 D/KeyguardViewMediator(  256): setHidden false
02-13 18:08:00.007 D/KeyguardViewMediator(  256): setHidden false
02-13 18:08:00.017 D/KeyguardUpdateMonitor(  256): received broadcast android.intent.action.TIME_TICK
02-13 18:08:00.017 D/KeyguardUpdateMonitor(  256): handleTimeUpdate
02-13 18:08:00.027 D/KeyguardViewMediator(  256): setHidden false
02-13 18:08:00.047 D/KeyguardViewMediator(  256): setHidden false
02-13 18:08:00.057 D/KeyguardViewMediator(  256): setHidden false
02-13 18:08:00.077 D/KeyguardViewMediator(  256): setHidden false
02-13 18:08:00.087 D/KeyguardViewMediator(  256): setHidden false
02-13 18:08:00.097 D/KeyguardViewMediator(  256): setHidden false
02-13 18:08:02.369 D/KeyguardViewMediator(  256): setHidden false
02-13 18:08:02.379 D/KeyguardViewMediator(  256): setHidden false
02-13 18:08:02.389 D/KeyguardViewMediator(  256): setHidden false
02-13 18:08:02.679 I/Mms/compose(  770): SLIDESHOW updateSendButtonState enable = true
02-13 18:08:02.679 I/Mms/compose(  770): SLIDESHOW setSendButtonText isMms = false
02-13 18:08:02.679 I/Mms/compose(  770): SLIDESHOW setSendButtonText isMms = false
02-13 18:08:02.699 D/Mms:app (  770): mCmasCursor.getCount() =0
02-13 18:08:02.699 D/Mms:app (  770): in updateCmasNotifications--unreadCMASCursor.getCount() <= 0
02-13 18:08:02.729 I/Mms:app (  770): pengzhe updateDownloadFailedNotification getDownloadFailedMessageCount =0
02-13 18:08:02.779 I/Mms/compose(  770): SLIDESHOW updateSendButtonState enable = true
02-13 18:08:02.779 I/Mms/compose(  770): SLIDESHOW setSendButtonText isMms = false
02-13 18:08:02.779 I/Mms/compose(  770): SLIDESHOW setSendButtonText isMms = false
02-13 18:08:02.789 I/Mms/compose(  770): SLIDESHOW updateSendButtonState enable = true
02-13 18:08:02.789 I/Mms/compose(  770): SLIDESHOW setSendButtonText isMms = false
02-13 18:08:02.789 I/Mms/compose(  770): SLIDESHOW setSendButtonText isMms = false
02-13 18:08:02.809 D/KeyguardViewMediator(  256): setHidden false
02-13 18:08:02.829 D/KeyguardViewMediator(  256): setHidden false
02-13 18:08:02.839 D/KeyguardViewMediator(  256): setHidden false
02-13 18:08:02.859 D/KeyguardViewMediator(  256): setHidden false
02-13 18:08:02.869 D/KeyguardViewMediator(  256): setHidden false
02-13 18:08:02.889 D/KeyguardViewMediator(  256): setHidden false
02-13 18:08:02.909 D/KeyguardViewMediator(  256): setHidden false
02-13 18:08:02.909 D/KeyguardViewMediator(  256): setHidden false
02-13 18:08:03.170 D/KeyguardViewMediator(  256): setHidden false
02-13 18:08:03.190 D/KeyguardViewMediator(  256): setHidden false
02-13 18:08:03.200 D/KeyguardViewMediator(  256): setHidden false
02-13 18:08:03.270 I/Mms/compose(  770): SLIDESHOW updateSendButtonState enable = true
02-13 18:08:03.270 I/Mms/compose(  770): SLIDESHOW setSendButtonText isMms = false
02-13 18:08:03.280 I/Mms/compose(  770): SLIDESHOW setSendButtonText isMms = false
02-13 18:08:03.290 D/KeyguardViewMediator(  256): setHidden false
02-13 18:08:03.310 D/KeyguardViewMediator(  256): setHidden false
02-13 18:08:03.320 D/KeyguardViewMediator(  256): setHidden false
02-13 18:08:03.340 D/KeyguardViewMediator(  256): setHidden false
02-13 18:08:03.350 D/KeyguardViewMediator(  256): setHidden false
02-13 18:08:03.370 D/KeyguardViewMediator(  256): setHidden false
02-13 18:08:03.390 D/KeyguardViewMediator(  256): setHidden false
02-13 18:08:03.390 D/KeyguardViewMediator(  256): setHidden false
02-13 18:08:03.640 D/KeyguardViewMediator(  256): setHidden false
02-13 18:08:03.650 D/KeyguardViewMediator(  256): setHidden false
02-13 18:08:03.670 D/KeyguardViewMediator(  256): setHidden false
02-13 18:08:03.790 I/Mms/compose(  770): SLIDESHOW updateSendButtonState enable = true
02-13 18:08:03.790 I/Mms/compose(  770): SLIDESHOW setSendButtonText isMms = false
02-13 18:08:03.790 I/Mms/compose(  770): SLIDESHOW setSendButtonText isMms = false
02-13 18:08:03.810 D/KeyguardViewMediator(  256): setHidden false
02-13 18:08:03.830 D/KeyguardViewMediator(  256): setHidden false
02-13 18:08:03.840 D/KeyguardViewMediator(  256): setHidden false
02-13 18:08:03.860 D/KeyguardViewMediator(  256): setHidden false
02-13 18:08:03.870 D/KeyguardViewMediator(  256): setHidden false
02-13 18:08:03.890 D/KeyguardViewMediator(  256): setHidden false
02-13 18:08:03.910 D/KeyguardViewMediator(  256): setHidden false
02-13 18:08:03.910 D/KeyguardViewMediator(  256): setHidden false
02-13 18:08:03.991 D/KeyguardViewMediator(  256): setHidden false
02-13 18:08:04.011 D/KeyguardViewMediator(  256): setHidden false
02-13 18:08:04.021 D/KeyguardViewMediator(  256): setHidden false
02-13 18:08:04.051 I/Mms/compose(  770): SLIDESHOW updateSendButtonState enable = true
02-13 18:08:04.051 I/Mms/compose(  770): SLIDESHOW setSendButtonText isMms = false
02-13 18:08:04.051 I/Mms/compose(  770): SLIDESHOW setSendButtonText isMms = false
02-13 18:08:04.071 D/KeyguardViewMediator(  256): setHidden false
02-13 18:08:04.091 D/KeyguardViewMediator(  256): setHidden false
02-13 18:08:04.101 D/KeyguardViewMediator(  256): setHidden false
02-13 18:08:04.121 D/KeyguardViewMediator(  256): setHidden false
02-13 18:08:04.131 D/KeyguardViewMediator(  256): setHidden false
02-13 18:08:04.151 D/KeyguardViewMediator(  256): setHidden false
02-13 18:08:04.171 D/KeyguardViewMediator(  256): setHidden false
02-13 18:08:04.171 D/KeyguardViewMediator(  256): setHidden false
02-13 18:08:04.871 D/KeyguardViewMediator(  256): setHidden false
02-13 18:08:04.881 D/DATA    (  344): [DSST(0)] pollstate() : reason = data network state changed
02-13 18:08:04.921 D/MobileDataStateTracker(  256): [hipri]  MobileDataStateReceiver onReceive(): Entry.
02-13 18:08:04.921 D/MobileDataStateTracker(  256): [hipri]  intent.getAction()= android.intent.action.SERVICE_STATE
02-13 18:08:04.921 D/MobileDataStateTracker(  256): [hipri]  mEnabled = false
02-13 18:08:04.921 D/MobileDataStateTracker(  256): [dun]  MobileDataStateReceiver onReceive(): Entry.
02-13 18:08:04.921 D/MobileDataStateTracker(  256): [dun]  intent.getAction()= android.intent.action.SERVICE_STATE
02-13 18:08:04.921 D/MobileDataStateTracker(  256): [dun]  mEnabled = false
02-13 18:08:04.931 D/Mms     (  770): currentRoamingStatus:1
02-13 18:08:04.931 D/MobileDataStateTracker(  256): [supl]  MobileDataStateReceiver onReceive(): Entry.
02-13 18:08:04.931 D/MobileDataStateTracker(  256): [supl]  intent.getAction()= android.intent.action.SERVICE_STATE
02-13 18:08:04.931 D/MobileDataStateTracker(  256): [supl]  mEnabled = false
02-13 18:08:04.931 D/MobileDataStateTracker(  256): [mms]  MobileDataStateReceiver onReceive(): Entry.
02-13 18:08:04.931 D/MobileDataStateTracker(  256): [mms]  intent.getAction()= android.intent.action.SERVICE_STATE
02-13 18:08:04.931 D/MobileDataStateTracker(  256): [mms]  mEnabled = false
02-13 18:08:04.931 D/MobileDataStateTracker(  256): [default]  MobileDataStateReceiver onReceive(): Entry.
02-13 18:08:04.931 D/MobileDataStateTracker(  256): [default]  intent.getAction()= android.intent.action.SERVICE_STATE
02-13 18:08:04.931 D/MobileDataStateTracker(  256): [default]  mEnabled = true
02-13 18:08:04.941 D/CallManager(  344):  handleMessage (EVENT_SERVICE_STATE_CHANGED)
02-13 18:08:04.941 E/BT HS/HF(  344): SERVICE_STATE_CHANGED called
02-13 18:08:04.941 E/BT HS/HF(  344): updateServiceState called, sendUpdate:false  ServiceState:0 home Sprint    EvDo rev. A CSS not supported 0 0RoamInd: 1RoamStatus(sprint): 1DefRoamInd: 160EmergOnly: false
02-13 18:08:04.941 E/BT HS/HF(  344): service:1 mService:1
02-13 18:08:04.941 D/DATA    (  344): [DSST(0)]  registrationState = 1  radioTechnology = 8 reasonForDenial = 0
02-13 18:08:04.941 D/DATA    (  344): [DSST(0)]  set mNewDataConnectionState = 0
02-13 18:08:04.941 D/DATA    (  344): [DSST(0)]  mNewDataConnectionState : 0  mDataConnectionState : 0
02-13 18:08:04.941 D/KeyguardViewMediator(  256): setHidden false
02-13 18:08:04.951 D/DATA    (  344): [DSST(0)] Poll ServiceState done: oldSS=[0 home null null null  EvDo rev. A CSS not supported -1 -1RoamInd: -1RoamStatus(sprint): -1DefRoamInd: -1EmergOnly: false] newSS=[0 home null null null  EvDo rev. A CSS not supported -1 -1RoamInd: -1RoamStatus(sprint): -1DefRoamInd: -1EmergOnly: false]
02-13 18:08:04.951 D/DATA    (  344): [DSST(0)]  mDataConnectionState = 0
02-13 18:08:04.951 I/Mms/compose(  770): SLIDESHOW updateSendButtonState enable = true
02-13 18:08:04.951 I/Mms/compose(  770): SLIDESHOW setSendButtonText isMms = false
02-13 18:08:04.961 I/Mms/compose(  770): SLIDESHOW setSendButtonText isMms = false
02-13 18:08:04.961 D/KeyguardViewMediator(  256): setHidden false
02-13 18:08:04.961 I/Mms/compose(  770): SLIDESHOW updateSendButtonState enable = true
02-13 18:08:04.961 I/Mms/compose(  770): SLIDESHOW setSendButtonText isMms = false
02-13 18:08:04.961 I/Mms/compose(  770): SLIDESHOW setSendButtonText isMms = false
02-13 18:08:04.971 I/DATA    (  344): [DCT(0) ] onDataCallListChanged:
02-13 18:08:04.971 I/DATA    (  344): [DCT(0) ] ---dc state list---
02-13 18:08:04.971 I/DATA    (  344): [DCT(0) ] DataCallState: { cid: 0, active: 1, type: , apn: , address: 173.155.101.96 }
02-13 18:08:04.971 I/DATA    (  344): [DCT(0) ] ---dc list---
02-13 18:08:04.971 I/DATA    (  344): [DCT(0) ] cid = 0, state = DcActiveState, bearerType = IP, ipaddress = 173.155.101.96, gw=173.155.101.97, dns=[68.28.67.132, 68.28.68.132]
02-13 18:08:05.012 D/KeyguardViewMediator(  256): setHidden false
02-13 18:08:05.022 D/KeyguardViewMediator(  256): setHidden false
02-13 18:08:05.052 D/KeyguardViewMediator(  256): setHidden false
02-13 18:08:05.062 D/KeyguardViewMediator(  256): setHidden false
02-13 18:08:05.082 D/KeyguardViewMediator(  256): setHidden false
02-13 18:08:05.102 D/KeyguardViewMediator(  256): setHidden false
02-13 18:08:05.122 D/KeyguardViewMediator(  256): setHidden false
02-13 18:08:05.122 D/KeyguardViewMediator(  256): setHidden false
02-13 18:08:05.132 D/KeyguardViewMediator(  256): setHidden false
02-13 18:08:05.142 D/KeyguardViewMediator(  256): setHidden false
02-13 18:08:05.162 D/KeyguardViewMediator(  256): setHidden false
02-13 18:08:05.272 D/KeyguardViewMediator(  256): setHidden false
02-13 18:08:05.292 D/KeyguardViewMediator(  256): setHidden false
02-13 18:08:05.322 D/KeyguardViewMediator(  256): setHidden false
02-13 18:08:05.332 D/KeyguardViewMediator(  256): setHidden false
02-13 18:08:05.352 D/KeyguardViewMediator(  256): setHidden false
02-13 18:08:05.362 D/KeyguardViewMediator(  256): setHidden false
02-13 18:08:05.372 D/KeyguardViewMediator(  256): setHidden false
02-13 18:08:05.372 D/KeyguardViewMediator(  256): setHidden false
02-13 18:08:05.372 D/KeyguardViewMediator(  256): setHidden false
02-13 18:08:05.392 D/KeyguardViewMediator(  256): setHidden false
02-13 18:08:05.492 D/KeyguardViewMediator(  256): setHidden false
02-13 18:08:05.502 D/KeyguardViewMediator(  256): setHidden false
02-13 18:08:05.532 D/KeyguardViewMediator(  256): setHidden false
02-13 18:08:05.532 D/KeyguardViewMediator(  256): setHidden false
02-13 18:08:05.562 D/KeyguardViewMediator(  256): setHidden false
02-13 18:08:05.572 D/KeyguardViewMediator(  256): setHidden false
02-13 18:08:05.582 D/KeyguardViewMediator(  256): setHidden false
02-13 18:08:05.582 D/KeyguardViewMediator(  256): setHidden false
02-13 18:08:06.023 D/KeyguardViewMediator(  256): setHidden false
02-13 18:08:06.033 D/KeyguardViewMediator(  256): setHidden false
02-13 18:08:06.053 D/KeyguardViewMediator(  256): setHidden false
02-13 18:08:06.053 I/Mms/compose(  770): SLIDESHOW updateSendButtonState enable = true
02-13 18:08:06.053 I/Mms/compose(  770): SLIDESHOW setSendButtonText isMms = false
02-13 18:08:06.053 I/Mms/compose(  770): SLIDESHOW setSendButtonText isMms = false
02-13 18:08:06.073 D/KeyguardViewMediator(  256): setHidden false
02-13 18:08:06.083 D/KeyguardViewMediator(  256): setHidden false
02-13 18:08:06.113 D/KeyguardViewMediator(  256): setHidden false
02-13 18:08:06.123 D/KeyguardViewMediator(  256): setHidden false
02-13 18:08:06.133 D/KeyguardViewMediator(  256): setHidden false
02-13 18:08:06.163 D/KeyguardViewMediator(  256): setHidden false
02-13 18:08:06.163 D/KeyguardViewMediator(  256): setHidden false
02-13 18:08:06.173 D/KeyguardViewMediator(  256): setHidden false
02-13 18:08:06.243 D/KeyguardViewMediator(  256): setHidden false
02-13 18:08:06.263 D/KeyguardViewMediator(  256): setHidden false
02-13 18:08:06.273 D/KeyguardViewMediator(  256): setHidden false
02-13 18:08:06.403 D/KeyguardViewMediator(  256): setHidden false
02-13 18:08:06.423 D/KeyguardViewMediator(  256): setHidden false
02-13 18:08:06.443 D/KeyguardViewMediator(  256): setHidden false
02-13 18:08:06.463 D/KeyguardViewMediator(  256): setHidden false
02-13 18:08:06.483 D/KeyguardViewMediator(  256): setHidden false
02-13 18:08:06.483 D/KeyguardViewMediator(  256): setHidden false
02-13 18:08:06.513 D/KeyguardViewMediator(  256): setHidden false
02-13 18:08:06.523 D/KeyguardViewMediator(  256): setHidden false
02-13 18:08:06.593 D/KeyguardViewMediator(  256): setHidden false
02-13 18:08:06.613 D/KeyguardViewMediator(  256): setHidden false
02-13 18:08:06.633 D/KeyguardViewMediator(  256): setHidden false
02-13 18:08:06.673 I/Mms/compose(  770): SLIDESHOW updateSendButtonState enable = true
02-13 18:08:06.673 I/Mms/compose(  770): SLIDESHOW setSendButtonText isMms = false
02-13 18:08:06.673 I/Mms/compose(  770): SLIDESHOW setSendButtonText isMms = false
02-13 18:08:06.683 D/KeyguardViewMediator(  256): setHidden false
02-13 18:08:06.693 D/KeyguardViewMediator(  256): setHidden false
02-13 18:08:06.713 D/KeyguardViewMediator(  256): setHidden false
02-13 18:08:06.733 D/KeyguardViewMediator(  256): setHidden false
02-13 18:08:06.743 D/KeyguardViewMediator(  256): setHidden false
02-13 18:08:06.763 D/KeyguardViewMediator(  256): setHidden false
02-13 18:08:06.783 D/KeyguardViewMediator(  256): setHidden false
02-13 18:08:06.783 D/KeyguardViewMediator(  256): setHidden false
02-13 18:08:07.214 D/Mms/compose(  770): isInternationalRoamingSMSChecked:true
02-13 18:08:07.214 D/Mms/compose(  770): roamingStatus:1
02-13 18:08:07.224 I/Mms/compose(  770): SLIDESHOW setSendButtonText isMms = false
02-13 18:08:07.224 I/Mms/compose(  770): drawBottomPanel, inputmethod
02-13 18:08:07.224 D/Mms/compose(  770): lyftest updateOtherAttachmentView
02-13 18:08:07.224 I/Mms/compose(  770): SLIDESHOW updateSendButtonState enable = true
02-13 18:08:07.234 I/Mms/compose(  770): SLIDESHOW setSendButtonText isMms = false
02-13 18:08:07.234 E/MmsCustom(  770): mms config file_exist,,,custom_file_exist:true
02-13 18:08:07.234 D/SmsMessageSender(  770): MmsCustom.file_exist()==true
02-13 18:08:07.294 E/HQB     (  770): onReceive  action received com.android.mms.transaction.SEND_MESSAGE
02-13 18:08:07.294 E/HQB     (  770): onReceiveWithPrivilege  action received com.android.mms.transaction.SEND_MESSAGE
02-13 18:08:07.354 D/Mms     (  770): formatTimeStampString1 ,when = 1329160934923
02-13 18:08:07.354 D/Mms     (  770): formatTimeStampString2 ,when = 1329160934923
02-13 18:08:07.354 D/MessageItem(  770): MessageItem ,expiryDate = 0
02-13 18:08:07.404 I/ContactsProvider(  394): query: content://com.android.contacts/phone_lookup/9132005928
02-13 18:08:07.404 E/ContactsProvider(  394): 101123 isCallerRegisterNeedSIMProc callerPid:770, acorePid:394
02-13 18:08:07.414 I/ContactsProvider(  394): query isCallerRegistered= true
02-13 18:08:07.414 I/ContactsProvider(  394): query forOnlyOneContactString= 0
02-13 18:08:07.454 D/Mms     (  770): formatTimeStampString1 ,when = 1329178068046
02-13 18:08:07.464 D/Mms     (  770): formatTimeStampString2 ,when = 1329178068046
02-13 18:08:07.464 D/MessageItem(  770): MessageItem ,expiryDate = 0
02-13 18:08:07.494 I/ContactsProvider(  394): query: content://com.android.contacts/contacts/lookup/0r1-2AA02A902A942A922A8E2A8E2A982AA02A922A9E/1
02-13 18:08:07.494 E/ContactsProvider(  394): 101123 isCallerRegisterNeedSIMProc callerPid:770, acorePid:394
02-13 18:08:07.494 I/ContactsProvider(  394): query isCallerRegistered= true
02-13 18:08:07.494 I/ContactsProvider(  394): query forOnlyOneContactString= 0
02-13 18:08:07.504 D/Mms     (  770): formatTimeStampString1 ,when = 1329160934923
02-13 18:08:07.504 D/Mms     (  770): formatTimeStampString2 ,when = 1329160934923
02-13 18:08:07.504 D/MessageItem(  770): MessageItem ,expiryDate = 0
02-13 18:08:07.534 D/Mms     (  770): formatTimeStampString1 ,when = 1329178068046
02-13 18:08:07.534 D/Mms     (  770): formatTimeStampString2 ,when = 1329178068046
02-13 18:08:07.534 D/MessageItem(  770): MessageItem ,expiryDate = 0
02-13 18:08:07.564 I/ContactsProvider(  394): query: content://com.android.contacts/data/0
02-13 18:08:07.564 E/ContactsProvider(  394): 101123 isCallerRegisterNeedSIMProc callerPid:770, acorePid:394
02-13 18:08:07.564 I/ContactsProvider(  394): query isCallerRegistered= true
02-13 18:08:07.564 I/ContactsProvider(  394): query forOnlyOneContactString= 0
02-13 18:08:07.614 D/Bitmap  (  335): Detect unrecycled bitmap.
02-13 18:08:07.614 D/Bitmap  (  335):       Size: 270080 Bytes, Width: 320 , Height: 211 , Hash code: 1079616672
02-13 18:08:07.614 D/Bitmap  (  335):  This bimap was created in:
02-13 18:08:07.614 D/Bitmap  (  335):       android.graphics.Bitmap.<init>(Bitmap.java:136)
02-13 18:08:07.614 D/Bitmap  (  335):       android.graphics.Bitmap.nativeCreate(Native Method)
02-13 18:08:07.614 D/Bitmap  (  335):       android.graphics.Bitmap.createBitmap(Bitmap.java:547)
02-13 18:08:07.614 D/Bitmap  (  335):       com.android.inputmethod.latin.LatinKeyboardBaseView.onBufferDraw(LatinKeyboardBaseView.java:775)
02-13 18:08:07.614 D/Bitmap  (  335):       com.android.inputmethod.latin.LatinKeyboardBaseView.onDraw(LatinKeyboardBaseView.java:763)
02-13 18:08:07.614 D/Bitmap  (  335):       android.view.View.draw(View.java:6880)
02-13 18:08:07.614 D/Bitmap  (  335):       com.android.inputmethod.latin.LatinKeyboardView.draw(LatinKeyboardView.java:353)
02-13 18:08:07.614 D/Bitmap  (  335):       android.view.ViewGroup.drawChild(ViewGroup.java:1649)
02-13 18:08:07.614 D/Bitmap  (  335):       android.view.ViewGroup.dispatchDraw(ViewGroup.java:1376)
02-13 18:08:07.614 D/Bitmap  (  335):       android.view.ViewGroup.drawChild(ViewGroup.java:1647)
02-13 18:08:07.614 D/Bitmap  (  335):       android.view.ViewGroup.dispatchDraw(ViewGroup.java:1376)
02-13 18:08:07.614 D/Bitmap  (  335):       android.view.ViewGroup.drawChild(ViewGroup.java:1647)
02-13 18:08:07.614 D/Bitmap  (  335):       android.view.ViewGroup.dispatchDraw(ViewGroup.java:1376)
02-13 18:08:07.614 D/Bitmap  (  335):       android.view.ViewGroup.drawChild(ViewGroup.java:1647)
02-13 18:08:07.624 D/Bitmap  (  335):       android.view.ViewGroup.dispatchDraw(ViewGroup.java:1376)
02-13 18:08:07.624 D/Bitmap  (  335):       android.view.View.draw(View.java:6883)
02-13 18:08:07.624 D/Bitmap  (  335):       android.widget.FrameLayout.draw(FrameLayout.java:357)
02-13 18:08:07.624 D/Bitmap  (  335):       com.android.internal.policy.impl.PhoneWindow$DecorView.draw(PhoneWindow.java:1866)
02-13 18:08:07.624 D/Bitmap  (  335):       android.view.ViewRoot.draw(ViewRoot.java:1526)
02-13 18:08:07.624 D/Bitmap  (  335):       android.view.ViewRoot.performTraversals(ViewRoot.java:1262)
02-13 18:08:07.624 D/Bitmap  (  335):       android.view.ViewRoot.handleMessage(ViewRoot.java:1864)
02-13 18:08:07.624 D/Bitmap  (  335):       android.os.Handler.dispatchMessage(Handler.java:99)
02-13 18:08:07.624 D/Bitmap  (  335):       android.os.Looper.loop(Looper.java:130)
02-13 18:08:07.624 D/Bitmap  (  335):       android.app.ActivityThread.main(ActivityThread.java:3704)
02-13 18:08:07.624 D/Bitmap  (  335):       java.lang.reflect.Method.invokeNative(Native Method)
02-13 18:08:07.624 D/Bitmap  (  335):       java.lang.reflect.Method.invoke(Method.java:507)
02-13 18:08:07.624 D/Bitmap  (  335):       com.android.internal.os.ZygoteInit$MethodAndArgsCaller.run(ZygoteInit.java:875)
02-13 18:08:07.624 D/Bitmap  (  335):       com.android.internal.os.ZygoteInit.main(ZygoteInit.java:633)
02-13 18:08:07.624 D/Bitmap  (  335):       dalvik.system.NativeStart.main(Native Method)
02-13 18:08:07.624 D/Bitmap  (  335): _
02-13 18:08:07.734 D/Mms     (  770): formatTimeStampString1 ,when = 1329160934923
02-13 18:08:07.734 D/Mms     (  770): formatTimeStampString2 ,when = 1329160934923
02-13 18:08:07.734 D/MessageItem(  770): MessageItem ,expiryDate = 0
02-13 18:08:07.774 D/Mms     (  770): formatTimeStampString1 ,when = 1329178068046
02-13 18:08:07.774 D/Mms     (  770): formatTimeStampString2 ,when = 1329178068046
02-13 18:08:07.774 D/MessageItem(  770): MessageItem ,expiryDate = 0
02-13 18:08:07.824 D/Mms     (  770): formatTimeStampString1 ,when = 1329160934923
02-13 18:08:07.824 D/Mms     (  770): formatTimeStampString2 ,when = 1329160934923
02-13 18:08:07.824 D/MessageItem(  770): MessageItem ,expiryDate = 0
02-13 18:08:07.834 D/Mms     (  770): formatTimeStampString1 ,when = 1329178068046
02-13 18:08:07.834 D/Mms     (  770): formatTimeStampString2 ,when = 1329178068046
02-13 18:08:07.834 D/MessageItem(  770): MessageItem ,expiryDate = 0
02-13 18:08:10.777 D/DATA    (  344): [DSST(0)] pollstate() : reason = data network state changed
02-13 18:08:10.827 D/KeyguardUpdateMonitor(  256): received broadcast android.intent.action.TIMEZONE_CHANGED
02-13 18:08:10.827 D/KeyguardUpdateMonitor(  256): handleTimeUpdate
02-13 18:08:10.837 D/KeyguardUpdateMonitor(  256): received broadcast android.intent.action.ALARM_CHANGED
02-13 18:08:10.837 D/KeyguardUpdateMonitor(  256): onReceive ACTION_ALARM_CHANGED -  alarmSet:false
02-13 18:08:10.837 D/KeyguardUpdateMonitor(  256): handleAlarmStateChanged(false)
02-13 18:08:10.857 D/OmaDrmReceiver(  557): android.intent.action.TIMEZONE_CHANGED
02-13 18:08:10.887 D/KeyguardUpdateMonitor(  256): received broadcast android.provider.Telephony.SPN_STRINGS_UPDATED
02-13 18:08:10.887 D/KeyguardUpdateMonitor(  256): Received SPN update on sub :0
02-13 18:08:10.887 D/KeyguardUpdateMonitor(  256): handleCarrierInfoUpdate: plmn =  , spn = null, subscription = 0
02-13 18:08:10.887 D/MobileDataStateTracker(  256): [hipri]  MobileDataStateReceiver onReceive(): Entry.
02-13 18:08:10.887 D/MobileDataStateTracker(  256): [hipri]  intent.getAction()= android.intent.action.SERVICE_STATE
02-13 18:08:10.887 D/MobileDataStateTracker(  256): [hipri]  mEnabled = false
02-13 18:08:10.897 D/MobileDataStateTracker(  256): [dun]  MobileDataStateReceiver onReceive(): Entry.
02-13 18:08:10.897 D/MobileDataStateTracker(  256): [dun]  intent.getAction()= android.intent.action.SERVICE_STATE
02-13 18:08:10.897 D/MobileDataStateTracker(  256): [dun]  mEnabled = false
02-13 18:08:10.897 D/Mms     (  770): currentRoamingStatus:2
02-13 18:08:10.897 D/Mms     (  770): mAutoSendHandler sendEmptyMessageDelayed
02-13 18:08:10.897 D/MobileDataStateTracker(  256): [supl]  MobileDataStateReceiver onReceive(): Entry.
02-13 18:08:10.897 D/MobileDataStateTracker(  256): [supl]  intent.getAction()= android.intent.action.SERVICE_STATE
02-13 18:08:10.897 D/MobileDataStateTracker(  256): [supl]  mEnabled = false
02-13 18:08:10.897 D/MobileDataStateTracker(  256): [mms]  MobileDataStateReceiver onReceive(): Entry.
02-13 18:08:10.897 D/MobileDataStateTracker(  256): [mms]  intent.getAction()= android.intent.action.SERVICE_STATE
02-13 18:08:10.897 D/MobileDataStateTracker(  256): [mms]  mEnabled = false
02-13 18:08:10.897 D/MobileDataStateTracker(  256): [default]  MobileDataStateReceiver onReceive(): Entry.
02-13 18:08:10.897 D/MobileDataStateTracker(  256): [default]  intent.getAction()= android.intent.action.SERVICE_STATE
02-13 18:08:10.897 D/MobileDataStateTracker(  256): [default]  mEnabled = true
02-13 18:08:10.907 D/DATA    (  344): [DSST(0)]  registrationState = 1  radioTechnology = 8 reasonForDenial = 0
02-13 18:08:10.907 D/DATA    (  344): [DSST(0)]  set mNewDataConnectionState = 0
02-13 18:08:10.907 D/DATA    (  344): [DSST(0)]  mNewDataConnectionState : 0  mDataConnectionState : 0
02-13 18:08:10.907 D/DATA    (  344): [DSST(0)] Poll ServiceState done: oldSS=[0 home null null null  EvDo rev. A CSS not supported -1 -1RoamInd: -1RoamStatus(sprint): -1DefRoamInd: -1EmergOnly: false] newSS=[0 home null null null  EvDo rev. A CSS not supported -1 -1RoamInd: -1RoamStatus(sprint): -1DefRoamInd: -1EmergOnly: false]
02-13 18:08:10.907 D/DATA    (  344): [DSST(0)]  mDataConnectionState = 0
02-13 18:08:10.907 D/CallManager(  344):  handleMessage (EVENT_SERVICE_STATE_CHANGED)
02-13 18:08:10.907 E/BT HS/HF(  344): SERVICE_STATE_CHANGED called
02-13 18:08:10.907 E/BT HS/HF(  344): updateServiceState called, sendUpdate:false  ServiceState:0 roaming    310099  EvDo rev. A CSS not supported 0 4681RoamInd: 160RoamStatus(sprint): 2DefRoamInd: 160EmergOnly: false
02-13 18:08:10.907 E/BT HS/HF(  344): service:1 mService:1
02-13 18:08:10.917 I/DATA    (  344): [DCT(0) ] +++ onRoamingOn:
02-13 18:08:10.917 I/DATA    (  344): [DCT(0) ] onRoamingOn: roamingStatus = 2
02-13 18:08:10.917 I/DATA    (  344): [DCT(0) ] tryDisconnectDataCall : dc=Cid=0, State=DcActiveState, bearerType=IP, create=1329177898903, lastFail=-1, lastFailCause=NONE, dp=[dpt=PROFILE_TYPE_3GPP2_NAI, active=false, , reason=roamingOn
02-13 18:08:10.917 I/DATA    (  344): [DCT(0) ] call disconnectAllConnections
02-13 18:08:10.917 D/DATA    (  344): [DC cid = 0]DcActiveState msg.what=EVENT_DISCONNECT
02-13 18:08:10.917 D/DATA    (  344): [DC cid = 0]tearDownData radio is on, call deactivateDataCall
02-13 18:08:10.917 I/DATA    (  344): [DCT(0) ] onUpdateDataConnections: reason=roamingOn
02-13 18:08:10.917 I/DATA    (  344): [DCT(0) ] ---dc list---
02-13 18:08:10.917 I/DATA    (  344): [DCT(0) ] cid = 0, state = DcDisconnectingState, bearerType = IP, ipaddress = 173.155.101.96, gw=173.155.101.97, dns=[68.28.67.132, 68.28.68.132]
02-13 18:08:10.917 I/DATA    (  344): [DCT(0) ] ---ds list---
02-13 18:08:10.917 I/DATA    (  344): [DCT(0) ] ds= SERVICE_TYPE_DEFAULT, enabled = true, active = v4:CONNECTED(0) v6:IDLE
02-13 18:08:10.917 I/DATA    (  344): [DCT(0) ] ds= SERVICE_TYPE_MMS, enabled = false, active = v4:CONNECTED(0) v6:IDLE
02-13 18:08:10.917 I/DATA    (  344): [DCT(0) ] ds= SERVICE_TYPE_SUPL, enabled = false, active = v4:CONNECTED(0) v6:IDLE
02-13 18:08:10.917 I/DATA    (  344): [DCT(0) ] ds= SERVICE_TYPE_DUN, enabled = false, active = v4:IDLE v6:IDLE
02-13 18:08:10.917 I/DATA    (  344): [DCT(0) ] ds= SERVICE_TYPE_HIPRI, enabled = false, active = v4:CONNECTED(0) v6:IDLE
02-13 18:08:10.917 I/DATA    (  344): [DCT(0) ]  getDataOnDomesticRoamingEnabled:false
02-13 18:08:10.917 I/DATA    (  344): [DCT(0) ] ***** NOT Ready for data :
02-13 18:08:10.917 I/DATA    (  344): [DCT(0) ]    getDesiredPowerState() = true
02-13 18:08:10.917 I/DATA    (  344): [DCT(0) ]    mCm.getRadioState() = RADIO_ON
02-13 18:08:10.917 I/DATA    (  344): [DCT(0) ]    [DataRadioTech = RADIO_TECH_EVDO_A, data network state = 0, mMasterDataEnabled = true, is Roaming = false, dataOnRoamingEnable = false, isPsRestricted = false, desiredPowerState  = true, mSIMRecords = , cdmaSubSource = 1/310120, mRuimRecords = , checks = true/true]
02-13 18:08:10.977 D/Bitmap  (  327): Detect unrecycled bitmap.
02-13 18:08:10.977 D/Bitmap  (  327):       Size: 157440 Bytes, Width: 320 , Height: 123 , Hash code: 1079480344
02-13 18:08:10.977 D/Bitmap  (  327):  This bimap was created in:
02-13 18:08:10.977 D/Bitmap  (  327):       android.graphics.Bitmap.<init>(Bitmap.java:136)
02-13 18:08:10.977 D/Bitmap  (  327):       android.graphics.BitmapFactory.nativeDecodeAsset(Native Method)
02-13 18:08:10.977 D/Bitmap  (  327):       android.graphics.BitmapFactory.decodeStream(BitmapFactory.java:460)
02-13 18:08:10.977 D/Bitmap  (  327):       android.graphics.BitmapFactory.decodeResourceStream(BitmapFactory.java:336)
02-13 18:08:10.977 D/Bitmap  (  327):       android.graphics.drawable.Drawable.createFromResourceStream(Drawable.java:697)
02-13 18:08:10.977 D/Bitmap  (  327):       android.content.res.Resources.loadDrawable(Resources.java:1709)
02-13 18:08:10.977 D/Bitmap  (  327):       android.content.res.Resources.getDrawable(Resources.java:581)
02-13 18:08:10.977 D/Bitmap  (  327):       android.widget.ScrollView.setOverScrollMode(ScrollView.java:1404)
02-13 18:08:10.977 D/Bitmap  (  327):       android.view.View.<init>(View.java:1879)
02-13 18:08:10.977 D/Bitmap  (  327):       android.view.View.<init>(View.java:1921)
02-13 18:08:10.977 D/Bitmap  (  327):       android.view.ViewGroup.<init>(ViewGroup.java:292)
02-13 18:08:10.977 D/Bitmap  (  327):       android.widget.FrameLayout.<init>(FrameLayout.java:88)
02-13 18:08:10.977 D/Bitmap  (  327):       android.widget.ScrollView.<init>(ScrollView.java:145)
02-13 18:08:10.977 D/Bitmap  (  327):       android.widget.ScrollView.<init>(ScrollView.java:141)
02-13 18:08:10.977 D/Bitmap  (  327):       java.lang.reflect.Constructor.constructNative(Native Method)
02-13 18:08:10.977 D/Bitmap  (  327):       java.lang.reflect.Constructor.newInstance(Constructor.java:415)
02-13 18:08:10.977 D/Bitmap  (  327):       android.view.LayoutInflater.createView(LayoutInflater.java:505)
02-13 18:08:10.977 D/Bitmap  (  327):       com.android.internal.policy.impl.PhoneLayoutInflater.onCreateView(PhoneLayoutInflater.java:56)
02-13 18:08:10.977 D/Bitmap  (  327):       android.view.LayoutInflater.createViewFromTag(LayoutInflater.java:568)
02-13 18:08:10.977 D/Bitmap  (  327):       android.view.LayoutInflater.rInflate(LayoutInflater.java:623)
02-13 18:08:10.977 D/Bitmap  (  327):       android.view.LayoutInflater.rInflate(LayoutInflater.java:626)
02-13 18:08:10.977 D/Bitmap  (  327):       android.view.LayoutInflater.inflate(LayoutInflater.java:408)
02-13 18:08:10.977 D/Bitmap  (  327):       android.view.LayoutInflater.inflate(LayoutInflater.java:320)
02-13 18:08:10.977 D/Bitmap  (  327):       android.view.LayoutInflater.inflate(LayoutInflater.java:276)
02-13 18:08:10.977 D/Bitmap  (  327):       com.android.internal.policy.impl.PhoneWindow.setContentView(PhoneWindow.java:207)
02-13 18:08:10.977 D/Bitmap  (  327):       com.android.internal.app.AlertController.installContent(AlertController.java:205)
02-13 18:08:10.977 D/Bitmap  (  327):       android.app.AlertDialog.onCreate(AlertDialog.java:251)
02-13 18:08:10.977 D/Bitmap  (  327):       android.app.Dialog.dispatchOnCreate(Dialog.java:335)
02-13 18:08:10.977 D/Bitmap  (  327):       android.app.Dialog.show(Dialog.java:235)
02-13 18:08:10.977 D/Bitmap  (  327):       com.android.systemui.statusbar.policy.StatusBarPolicy.showLowBatteryWarning(StatusBarPolicy.java:933)
02-13 18:08:10.977 D/Bitmap  (  327):       com.android.systemui.statusbar.policy.StatusBarPolicy.onBatteryLow(StatusBarPolicy.java:865)
02-13 18:08:10.977 D/Bitmap  (  327):       com.android.systemui.statusbar.policy.StatusBarPolicy.access$400(StatusBarPolicy.java:95)
02-13 18:08:10.977 D/Bitmap  (  327):       com.android.systemui.statusbar.policy.StatusBarPolicy$1.onReceive(StatusBarPolicy.java:607)
02-13 18:08:10.977 D/Bitmap  (  327):       android.app.LoadedApk$ReceiverDispatcher$Args.run(LoadedApk.java:709)
02-13 18:08:10.977 D/Bitmap  (  327):       android.os.Handler.handleCallback(Handler.java:587)
02-13 18:08:10.977 D/Bitmap  (  327):       android.os.Handler.dispatchMessage(Handler.java:92)
02-13 18:08:10.977 D/Bitmap  (  327):       android.os.Looper.loop(Looper.java:130)
02-13 18:08:10.977 D/Bitmap  (  327):       android.app.ActivityThread.main(ActivityThread.java:3704)
02-13 18:08:10.977 D/Bitmap  (  327):       java.lang.reflect.Method.invokeNative(Native Method)
02-13 18:08:10.977 D/Bitmap  (  327):       java.lang.reflect.Method.invoke(Method.java:507)
02-13 18:08:10.977 D/Bitmap  (  327):       com.android.internal.os.ZygoteInit$MethodAndArgsCaller.run(ZygoteInit.java:875)
02-13 18:08:10.977 D/Bitmap  (  327):       com.android.internal.os.ZygoteInit.main(ZygoteInit.java:633)
02-13 18:08:10.987 D/Bitmap  (  327):       dalvik.system.NativeStart.main(Native Method)
02-13 18:08:10.987 D/Bitmap  (  327): _
02-13 18:08:10.987 D/Bitmap  (  327): Detect unrecycled bitmap.
02-13 18:08:10.987 D/Bitmap  (  327):       Size: 45000 Bytes, Width: 125 , Height: 90 , Hash code: 1079264608
02-13 18:08:10.987 D/Bitmap  (  327):  This bimap was created in:
02-13 18:08:10.987 D/Bitmap  (  327):       android.graphics.Bitmap.<init>(Bitmap.java:136)
02-13 18:08:10.987 D/Bitmap  (  327):       android.graphics.BitmapFactory.nativeDecodeAsset(Native Method)
02-13 18:08:10.987 D/Bitmap  (  327):       android.graphics.BitmapFactory.decodeStream(BitmapFactory.java:460)
02-13 18:08:10.987 D/Bitmap  (  327):       android.graphics.BitmapFactory.decodeResourceStream(BitmapFactory.java:336)
02-13 18:08:10.987 D/Bitmap  (  327):       android.graphics.drawable.Drawable.createFromResourceStream(Drawable.java:697)
02-13 18:08:10.987 D/Bitmap  (  327):       android.content.res.Resources.loadDrawable(Resources.java:1709)
02-13 18:08:10.987 D/Bitmap  (  327):       android.content.res.TypedArray.getDrawable(TypedArray.java:601)
02-13 18:08:10.987 D/Bitmap  (  327):       android.widget.ImageView.<init>(ImageView.java:118)
02-13 18:08:10.987 D/Bitmap  (  327):       android.widget.ImageView.<init>(ImageView.java:108)
02-13 18:08:10.987 D/Bitmap  (  327):       java.lang.reflect.Constructor.constructNative(Native Method)
02-13 18:08:10.987 D/Bitmap  (  327):       java.lang.reflect.Constructor.newInstance(Constructor.java:415)
02-13 18:08:10.987 D/Bitmap  (  327):       android.view.LayoutInflater.createView(LayoutInflater.java:505)
02-13 18:08:10.987 D/Bitmap  (  327):       com.android.internal.policy.impl.PhoneLayoutInflater.onCreateView(PhoneLayoutInflater.java:56)
02-13 18:08:10.987 D/Bitmap  (  327):       android.view.LayoutInflater.createViewFromTag(LayoutInflater.java:568)
02-13 18:08:10.987 D/Bitmap  (  327):       android.view.LayoutInflater.rInflate(LayoutInflater.java:623)
02-13 18:08:10.987 D/Bitmap  (  327):       android.view.LayoutInflater.inflate(LayoutInflater.java:408)
02-13 18:08:10.987 D/Bitmap  (  327):       android.view.LayoutInflater.inflate(LayoutInflater.java:320)
02-13 18:08:10.987 D/Bitmap  (  327):       android.view.LayoutInflater.inflate(LayoutInflater.java:276)
02-13 18:08:10.987 D/Bitmap  (  327):       android.view.View.inflate(View.java:8807)
02-13 18:08:10.987 D/Bitmap  (  327):       com.android.systemui.statusbar.policy.StatusBarPolicy.showLowBatteryWarning(StatusBarPolicy.java:901)
02-13 18:08:10.987 D/Bitmap  (  327):       com.android.systemui.statusbar.policy.StatusBarPolicy.onBatteryLow(StatusBarPolicy.java:865)
02-13 18:08:10.987 D/Bitmap  (  327):       com.android.systemui.statusbar.policy.StatusBarPolicy.access$400(StatusBarPolicy.java:95)
02-13 18:08:10.987 D/Bitmap  (  327):       com.android.systemui.statusbar.policy.StatusBarPolicy$1.onReceive(StatusBarPolicy.java:607)
02-13 18:08:10.987 D/Bitmap  (  327):       android.app.LoadedApk$ReceiverDispatcher$Args.run(LoadedApk.java:709)
02-13 18:08:10.987 D/Bitmap  (  327):       android.os.Handler.handleCallback(Handler.java:587)
02-13 18:08:10.987 D/Bitmap  (  327):       android.os.Handler.dispatchMessage(Handler.java:92)
02-13 18:08:10.987 D/Bitmap  (  327):       android.os.Looper.loop(Looper.java:130)
02-13 18:08:10.987 D/Bitmap  (  327):       android.app.ActivityThread.main(ActivityThread.java:3704)
02-13 18:08:10.987 D/Bitmap  (  327):       java.lang.reflect.Method.invokeNative(Native Method)
02-13 18:08:10.987 D/Bitmap  (  327):       java.lang.reflect.Method.invoke(Method.java:507)
02-13 18:08:10.987 D/Bitmap  (  327):       com.android.internal.os.ZygoteInit$MethodAndArgsCaller.run(ZygoteInit.java:875)
02-13 18:08:10.987 D/Bitmap  (  327):       com.android.internal.os.ZygoteInit.main(ZygoteInit.java:633)
02-13 18:08:10.987 D/Bitmap  (  327):       dalvik.system.NativeStart.main(Native Method)
02-13 18:08:10.987 D/Bitmap  (  327): _
02-13 18:08:13.670 D/DATA    (  344): [DSST(0)] pollstate() : reason = data network state changed
02-13 18:08:13.740 D/MobileDataStateTracker(  256): [hipri]  MobileDataStateReceiver onReceive(): Entry.
02-13 18:08:13.740 D/MobileDataStateTracker(  256): [hipri]  intent.getAction()= android.intent.action.SERVICE_STATE
02-13 18:08:13.740 D/MobileDataStateTracker(  256): [hipri]  mEnabled = false
02-13 18:08:13.740 D/MobileDataStateTracker(  256): [dun]  MobileDataStateReceiver onReceive(): Entry.
02-13 18:08:13.740 D/MobileDataStateTracker(  256): [dun]  intent.getAction()= android.intent.action.SERVICE_STATE
02-13 18:08:13.740 D/MobileDataStateTracker(  256): [dun]  mEnabled = false
02-13 18:08:13.740 D/Mms     (  770): currentRoamingStatus:2
02-13 18:08:13.740 D/MobileDataStateTracker(  256): [supl]  MobileDataStateReceiver onReceive(): Entry.
02-13 18:08:13.740 D/MobileDataStateTracker(  256): [supl]  intent.getAction()= android.intent.action.SERVICE_STATE
02-13 18:08:13.740 D/MobileDataStateTracker(  256): [supl]  mEnabled = false
02-13 18:08:13.750 D/MobileDataStateTracker(  256): [mms]  MobileDataStateReceiver onReceive(): Entry.
02-13 18:08:13.750 D/MobileDataStateTracker(  256): [mms]  intent.getAction()= android.intent.action.SERVICE_STATE
02-13 18:08:13.750 D/MobileDataStateTracker(  256): [mms]  mEnabled = false
02-13 18:08:13.750 D/MobileDataStateTracker(  256): [default]  MobileDataStateReceiver onReceive(): Entry.
02-13 18:08:13.750 D/MobileDataStateTracker(  256): [default]  intent.getAction()= android.intent.action.SERVICE_STATE
02-13 18:08:13.750 D/MobileDataStateTracker(  256): [default]  mEnabled = true
02-13 18:08:13.750 D/CallManager(  344):  handleMessage (EVENT_SERVICE_STATE_CHANGED)
02-13 18:08:13.750 E/BT HS/HF(  344): SERVICE_STATE_CHANGED called
02-13 18:08:13.750 E/BT HS/HF(  344): updateServiceState called, sendUpdate:false  ServiceState:0 roaming    310099  EvDo rev. A CSS not supported 0 4681RoamInd: 160RoamStatus(sprint): 2DefRoamInd: 160EmergOnly: false
02-13 18:08:13.750 E/BT HS/HF(  344): service:1 mService:1
02-13 18:08:13.760 D/DATA    (  344): [DSST(0)]  registrationState = 1  radioTechnology = 8 reasonForDenial = 0
02-13 18:08:13.760 D/DATA    (  344): [DSST(0)]  set mNewDataConnectionState = 0
02-13 18:08:13.760 D/DATA    (  344): [DSST(0)]  mNewDataConnectionState : 0  mDataConnectionState : 0
02-13 18:08:13.760 D/DATA    (  344): [DSST(0)] Poll ServiceState done: oldSS=[0 home null null null  EvDo rev. A CSS not supported -1 -1RoamInd: -1RoamStatus(sprint): -1DefRoamInd: -1EmergOnly: false] newSS=[0 home null null null  EvDo rev. A CSS not supported -1 -1RoamInd: -1RoamStatus(sprint): -1DefRoamInd: -1EmergOnly: false]
02-13 18:08:13.760 D/DATA    (  344): [DSST(0)]  mDataConnectionState = 0
02-13 18:08:15.892 D/Mms     (  770): doAutoSend
02-13 18:08:16.052 D/AlarmManager(  256): +++Alarm set:type=0 com.android.providers.calendar  Trigger after:79259952ms
02-13 18:08:17.594 E/HQB     (  770): onReceive  action received com.android.mms.transaction.MESSAGE_SENT
02-13 18:08:17.594 E/HQB     (  770): onReceiveWithPrivilege  action received com.android.mms.transaction.MESSAGE_SENT
02-13 18:08:17.604 D/MAP.MapReceiver(  345): Got event in onReceiver com.broadcom.bt.service.map.sms.MESSAGE_SENT_BY_MMS_APP
02-13 18:08:17.664 D/Mms     (  770): formatTimeStampString1 ,when = 1329160934923
02-13 18:08:17.664 D/Mms     (  770): formatTimeStampString2 ,when = 1329160934923
02-13 18:08:17.664 D/MessageItem(  770): MessageItem ,expiryDate = 0
02-13 18:08:17.684 D/Mms     (  770): formatTimeStampString1 ,when = 1329178087233
02-13 18:08:17.684 D/Mms     (  770): formatTimeStampString2 ,when = 1329178087233
02-13 18:08:17.684 D/Mms     (  770): formatTimeStampString1 ,when = 1329178068046
02-13 18:08:17.684 D/Mms     (  770): formatTimeStampString2 ,when = 1329178068046
02-13 18:08:17.684 D/MessageItem(  770): MessageItem ,expiryDate = 0
02-13 18:08:17.704 D/Mms     (  770): formatTimeStampString1 ,when = 1329160934923
02-13 18:08:17.704 D/Mms     (  770): formatTimeStampString2 ,when = 1329160934923
02-13 18:08:17.704 D/MessageItem(  770): MessageItem ,expiryDate = 0
02-13 18:08:17.714 D/Mms     (  770): formatTimeStampString1 ,when = 1329178087233
02-13 18:08:17.714 D/Mms     (  770): formatTimeStampString2 ,when = 1329178087233
02-13 18:08:17.724 D/Mms     (  770): formatTimeStampString1 ,when = 1329178068046
02-13 18:08:17.724 D/Mms     (  770): formatTimeStampString2 ,when = 1329178068046
02-13 18:08:17.724 D/MessageItem(  770): MessageItem ,expiryDate = 0
02-13 18:08:17.974 I/dun_service(  125): process rmnet event
02-13 18:08:17.974 I/dun_service(  125): Post event 3
02-13 18:08:17.974 I/dun_service(  125): received event: DUN_EVENT_RMNET_DOWN 
02-13 18:08:17.974 I/dun_service(  125): received event(DUN_EVENT_RMNET_DOWN) in state(DUN_STATE_USB_UNPLUG)
02-13 18:08:17.974 I/dun_service(  125): Ignoring the event DUN_EVENT_RMNET_DOWN in USB_UNPLUG_STATE
02-13 18:08:17.974 I/dun_service(  125): Moved to state(DUN_STATE_USB_UNPLUG)
02-13 18:08:18.034 I/dun_service(  125): process rmnet event
02-13 18:08:18.034 I/dun_service(  125): Post event 3
02-13 18:08:18.034 I/dun_service(  125): received event: DUN_EVENT_RMNET_DOWN 
02-13 18:08:18.034 I/dun_service(  125): received event(DUN_EVENT_RMNET_DOWN) in state(DUN_STATE_USB_UNPLUG)
02-13 18:08:18.034 I/dun_service(  125): Ignoring the event DUN_EVENT_RMNET_DOWN in USB_UNPLUG_STATE
02-13 18:08:18.034 I/dun_service(  125): Moved to state(DUN_STATE_USB_UNPLUG)
02-13 18:08:18.044 D/DATA    (  344): [DC cid = 0]DcDisconnectingState msg.what=EVENT_DEACTIVATE_DONE
02-13 18:08:18.044 D/DATA    (  344): [DC cid = 0]DcInactiveState: setEnterNoticationParams dp
02-13 18:08:18.044 D/DATA    (  344): [DC cid = 0]DcInactiveState: enter notifyDisconnectCompleted
02-13 18:08:18.044 D/DATA    (  344): [DC cid = 0]NotifyDisconnectCompleted
02-13 18:08:18.044 D/DATA    (  344): [DC cid = 0]msg.what=4 msg.obj=<no-reason>
02-13 18:08:18.044 D/DATA    (  344): [DC cid = 0]clearSettings
02-13 18:08:18.044 I/DATA    (  344): [DCT(0) ] onDisconnectDone: reason=roamingOn
02-13 18:08:18.044 I/DATA    (  344): [DCT(0) ] handleDisconnectedDc() : Cid=0, State=DcInactiveState, bearerType=null, create=-1, lastFail=-1, lastFailCause=NONE, dp=null
02-13 18:08:18.044 I/DATA    (  344): [SERVICE_TYPE_DEFAULT] Service is inactive on INET
02-13 18:08:18.044 I/DATA    (  344): [SERVICE_TYPE_DEFAULT] set newState =  IDLEoldState =  CONNECTED
02-13 18:08:18.044 D/Phone   (  344): [PhoneNotifier] [DefaultPhoneNotifier] : default, INET, DISCONNECTED
02-13 18:08:18.044 I/DATA    (  344): [DCT(0) ]  getDataOnDomesticRoamingEnabled:false
02-13 18:08:18.044 I/TelephonyRegistry(  256): notifyDataConnection: state=0 isDataConnectivityPossible=false reason=roamingOn interfaceName=null networkType=6 apnType=default apn=null
02-13 18:08:18.044 I/TelephonyRegistry(  256): +++broadcastDataConnectionStateChanged
02-13 18:08:18.044 I/TelephonyRegistry(  256): +++sendStickyBroadcast
02-13 18:08:18.054 D/MobileDataStateTracker(  256): [hipri]  MobileDataStateReceiver onReceive(): Entry.
02-13 18:08:18.054 D/MobileDataStateTracker(  256): [hipri]  intent.getAction()= android.intent.action.ANY_DATA_STATE
02-13 18:08:18.054 D/MobileDataStateTracker(  256): [hipri]  mEnabled = false
02-13 18:08:18.054 D/MobileDataStateTracker(  256): [hipri]  apnTypeList = default
02-13 18:08:18.054 D/MobileDataStateTracker(  256): [hipri]  unavailable = true
02-13 18:08:18.054 D/MobileDataStateTracker(  256): [hipri] Do not process intents if disabled.
02-13 18:08:18.054 D/MobileDataStateTracker(  256): [dun]  MobileDataStateReceiver onReceive(): Entry.
02-13 18:08:18.054 D/MobileDataStateTracker(  256): [dun]  intent.getAction()= android.intent.action.ANY_DATA_STATE
02-13 18:08:18.054 D/MobileDataStateTracker(  256): [dun]  mEnabled = false
02-13 18:08:18.054 D/MobileDataStateTracker(  256): [dun]  apnTypeList = default
02-13 18:08:18.054 D/MobileDataStateTracker(  256): [dun]  unavailable = true
02-13 18:08:18.054 D/MobileDataStateTracker(  256): [dun] Do not process intents if disabled.
02-13 18:08:18.054 D/MobileDataStateTracker(  256): [supl]  MobileDataStateReceiver onReceive(): Entry.
02-13 18:08:18.054 D/MobileDataStateTracker(  256): [supl]  intent.getAction()= android.intent.action.ANY_DATA_STATE
02-13 18:08:18.054 D/MobileDataStateTracker(  256): [supl]  mEnabled = false
02-13 18:08:18.054 D/MobileDataStateTracker(  256): [supl]  apnTypeList = default
02-13 18:08:18.054 D/MobileDataStateTracker(  256): [supl]  unavailable = true
02-13 18:08:18.054 D/MobileDataStateTracker(  256): [supl] Do not process intents if disabled.
02-13 18:08:18.054 D/MobileDataStateTracker(  256): [mms]  MobileDataStateReceiver onReceive(): Entry.
02-13 18:08:18.054 D/MobileDataStateTracker(  256): [mms]  intent.getAction()= android.intent.action.ANY_DATA_STATE
02-13 18:08:18.054 D/MobileDataStateTracker(  256): [mms]  mEnabled = false
02-13 18:08:18.054 D/MobileDataStateTracker(  256): [mms]  apnTypeList = default
02-13 18:08:18.054 D/MobileDataStateTracker(  256): [mms]  unavailable = true
02-13 18:08:18.054 D/MobileDataStateTracker(  256): [mms] Do not process intents if disabled.
02-13 18:08:18.054 D/MobileDataStateTracker(  256): [default]  MobileDataStateReceiver onReceive(): Entry.
02-13 18:08:18.054 D/MobileDataStateTracker(  256): [default]  intent.getAction()= android.intent.action.ANY_DATA_STATE
02-13 18:08:18.054 D/MobileDataStateTracker(  256): [default]  mEnabled = true
02-13 18:08:18.054 D/Phone   (  344): [PhoneNotifier] [DefaultPhoneNotifier] : default, INET6, DISCONNECTED
02-13 18:08:18.054 I/DATA    (  344): [DCT(0) ]  getDataOnDomesticRoamingEnabled:false
02-13 18:08:18.064 I/TelephonyRegistry(  256): notifyDataConnection: state=0 isDataConnectivityPossible=false reason=roamingOn interfaceName=null networkType=6 apnType=default apn=null
02-13 18:08:18.064 I/TelephonyRegistry(  256): +++broadcastDataConnectionStateChanged
02-13 18:08:18.064 I/TelephonyRegistry(  256): +++sendStickyBroadcast
02-13 18:08:18.074 I/DATA    (  344): [SERVICE_TYPE_MMS] Service is inactive on INET
02-13 18:08:18.074 I/DATA    (  344): [SERVICE_TYPE_MMS] set newState =  IDLEoldState =  CONNECTED
02-13 18:08:18.074 D/Phone   (  344): [PhoneNotifier] [DefaultPhoneNotifier] : mms, INET, DISCONNECTED
02-13 18:08:18.074 D/MobileDataStateTracker(  256): [default]  apnTypeList = default
02-13 18:08:18.074 D/MobileDataStateTracker(  256): [default]  unavailable = true
02-13 18:08:18.074 D/MobileDataStateTracker(  256): [default] CALL updateMobileInfoFromIntent
02-13 18:08:18.074 I/MobileDataStateTracker(  256): [default] dc state change intent received for default/INET with state  DISCONNECTED. enabled=true state change reason = roamingOn
02-13 18:08:18.074 I/MobileDataStateTracker(  256): [default] old state = CONNECTED
02-13 18:08:18.074 I/MobileDataStateTracker(  256): [default] updated mobile state info for INET : [state=DISCONNECTED, iface=rmnet0, mApnName=null, mIpAddress=/173.155.101.96, mGateway=/173.155.101.97]
02-13 18:08:18.074 D/NetworkStateTracker(  256): setDetailed state, old =CONNECTED and new state=DISCONNECTED
02-13 18:08:18.074 W/NetworkStateTracker(  256): ### removeDefaultRoute. do nothing 
02-13 18:08:18.074 I/DATA    (  344): [DCT(0) ]  getDataOnDomesticRoamingEnabled:false
02-13 18:08:18.074 I/TelephonyRegistry(  256): notifyDataConnection: state=0 isDataConnectivityPossible=false reason=roamingOn interfaceName=null networkType=6 apnType=mms apn=null
