02-13 18:04:40.590 D/MobileDataStateTracker(  256): [default]  intent.getAction()= android.intent.action.ANY_DATA_STATE
02-13 18:04:40.590 D/MobileDataStateTracker(  256): [default]  mEnabled = true
02-13 18:04:40.600 D/MobileDataStateTracker(  256): [default]  apnTypeList = default
02-13 18:04:40.600 D/MobileDataStateTracker(  256): [default]  unavailable = true
02-13 18:04:40.600 D/MobileDataStateTracker(  256): [default] CALL updateMobileInfoFromIntent
02-13 18:04:40.600 I/MobileDataStateTracker(  256): [default] dc state change intent received for default/INET with state  DISCONNECTED. enabled=true state change reason = dataNetworkDetached
02-13 18:04:40.600 I/MobileDataStateTracker(  256): [default] old state = DISCONNECTED
02-13 18:04:40.600 I/MobileDataStateTracker(  256): [default] no change,  just return
02-13 18:04:40.600 D/MobileDataStateTracker(  256): [default] No need to update detailed state
02-13 18:04:40.600 D/MobileDataStateTracker(  256): [hipri]  MobileDataStateReceiver onReceive(): Entry.
02-13 18:04:40.600 D/MobileDataStateTracker(  256): [hipri]  intent.getAction()= android.intent.action.ANY_DATA_STATE
02-13 18:04:40.600 D/MobileDataStateTracker(  256): [hipri]  mEnabled = false
02-13 18:04:40.600 D/MobileDataStateTracker(  256): [hipri]  apnTypeList = mms
02-13 18:04:40.600 D/MobileDataStateTracker(  256): [hipri]  unavailable = true
02-13 18:04:40.600 D/MobileDataStateTracker(  256): [hipri] Do not process intents if disabled.
02-13 18:04:40.600 D/MobileDataStateTracker(  256): [dun]  MobileDataStateReceiver onReceive(): Entry.
02-13 18:04:40.600 D/MobileDataStateTracker(  256): [dun]  intent.getAction()= android.intent.action.ANY_DATA_STATE
02-13 18:04:40.600 D/KeyguardViewMediator(  256): setHidden false
02-13 18:04:40.610 D/MobileDataStateTracker(  256): [dun]  mEnabled = false
02-13 18:04:40.610 D/MobileDataStateTracker(  256): [dun]  apnTypeList = mms
02-13 18:04:40.610 D/MobileDataStateTracker(  256): [dun]  unavailable = true
02-13 18:04:40.610 D/MobileDataStateTracker(  256): [dun] Do not process intents if disabled.
02-13 18:04:40.610 D/MobileDataStateTracker(  256): [supl]  MobileDataStateReceiver onReceive(): Entry.
02-13 18:04:40.610 D/MobileDataStateTracker(  256): [supl]  intent.getAction()= android.intent.action.ANY_DATA_STATE
02-13 18:04:40.610 D/MobileDataStateTracker(  256): [supl]  mEnabled = false
02-13 18:04:40.610 D/MobileDataStateTracker(  256): [supl]  apnTypeList = mms
02-13 18:04:40.610 D/MobileDataStateTracker(  256): [supl]  unavailable = true
02-13 18:04:40.610 D/MobileDataStateTracker(  256): [supl] Do not process intents if disabled.
02-13 18:04:40.610 D/MobileDataStateTracker(  256): [mms]  MobileDataStateReceiver onReceive(): Entry.
02-13 18:04:40.610 D/MobileDataStateTracker(  256): [mms]  intent.getAction()= android.intent.action.ANY_DATA_STATE
02-13 18:04:40.620 D/MobileDataStateTracker(  256): [mms]  mEnabled = false
02-13 18:04:40.620 D/MobileDataStateTracker(  256): [mms]  apnTypeList = mms
02-13 18:04:40.620 D/MobileDataStateTracker(  256): [mms]  unavailable = true
02-13 18:04:40.620 D/MobileDataStateTracker(  256): [mms] Do not process intents if disabled.
02-13 18:04:40.620 D/MobileDataStateTracker(  256): [default]  MobileDataStateReceiver onReceive(): Entry.
02-13 18:04:40.620 D/MobileDataStateTracker(  256): [default]  intent.getAction()= android.intent.action.ANY_DATA_STATE
02-13 18:04:40.620 D/MobileDataStateTracker(  256): [default]  mEnabled = true
02-13 18:04:40.620 D/MobileDataStateTracker(  256): [default]  apnTypeList = mms
02-13 18:04:40.620 D/MobileDataStateTracker(  256): [default]  unavailable = true
02-13 18:04:40.620 D/MobileDataStateTracker(  256): [default] not what we are looking for.
02-13 18:04:40.620 D/MobileDataStateTracker(  256): [hipri]  MobileDataStateReceiver onReceive(): Entry.
02-13 18:04:40.620 D/MobileDataStateTracker(  256): [hipri]  intent.getAction()= android.intent.action.ANY_DATA_STATE
02-13 18:04:40.620 D/MobileDataStateTracker(  256): [hipri]  mEnabled = false
02-13 18:04:40.630 D/MobileDataStateTracker(  256): [hipri]  apnTypeList = supl
02-13 18:04:40.630 D/MobileDataStateTracker(  256): [hipri]  unavailable = true
02-13 18:04:40.630 D/MobileDataStateTracker(  256): [hipri] Do not process intents if disabled.
02-13 18:04:40.630 D/MobileDataStateTracker(  256): [dun]  MobileDataStateReceiver onReceive(): Entry.
02-13 18:04:40.630 D/MobileDataStateTracker(  256): [dun]  intent.getAction()= android.intent.action.ANY_DATA_STATE
02-13 18:04:40.630 D/MobileDataStateTracker(  256): [dun]  mEnabled = false
02-13 18:04:40.630 D/MobileDataStateTracker(  256): [dun]  apnTypeList = supl
02-13 18:04:40.630 D/MobileDataStateTracker(  256): [dun]  unavailable = true
02-13 18:04:40.630 D/MobileDataStateTracker(  256): [dun] Do not process intents if disabled.
02-13 18:04:40.630 D/MobileDataStateTracker(  256): [supl]  MobileDataStateReceiver onReceive(): Entry.
02-13 18:04:40.630 D/MobileDataStateTracker(  256): [supl]  intent.getAction()= android.intent.action.ANY_DATA_STATE
02-13 18:04:40.630 D/MobileDataStateTracker(  256): [supl]  mEnabled = false
02-13 18:04:40.640 D/MobileDataStateTracker(  256): [supl]  apnTypeList = supl
02-13 18:04:40.640 D/MobileDataStateTracker(  256): [supl]  unavailable = true
02-13 18:04:40.640 D/MobileDataStateTracker(  256): [supl] Do not process intents if disabled.
02-13 18:04:40.640 D/MobileDataStateTracker(  256): [mms]  MobileDataStateReceiver onReceive(): Entry.
02-13 18:04:40.640 D/MobileDataStateTracker(  256): [mms]  intent.getAction()= android.intent.action.ANY_DATA_STATE
02-13 18:04:40.640 D/MobileDataStateTracker(  256): [mms]  mEnabled = false
02-13 18:04:40.640 D/MobileDataStateTracker(  256): [mms]  apnTypeList = supl
02-13 18:04:40.640 D/MobileDataStateTracker(  256): [mms]  unavailable = true
02-13 18:04:40.640 D/MobileDataStateTracker(  256): [mms] Do not process intents if disabled.
02-13 18:04:40.640 D/MobileDataStateTracker(  256): [default]  MobileDataStateReceiver onReceive(): Entry.
02-13 18:04:40.640 D/MobileDataStateTracker(  256): [default]  intent.getAction()= android.intent.action.ANY_DATA_STATE
02-13 18:04:40.640 D/MobileDataStateTracker(  256): [default]  mEnabled = true
02-13 18:04:40.640 D/MobileDataStateTracker(  256): [default]  apnTypeList = supl
02-13 18:04:40.640 D/MobileDataStateTracker(  256): [default]  unavailable = true
02-13 18:04:40.640 D/MobileDataStateTracker(  256): [default] not what we are looking for.
02-13 18:04:40.640 D/MobileDataStateTracker(  256): [hipri]  MobileDataStateReceiver onReceive(): Entry.
02-13 18:04:40.640 D/MobileDataStateTracker(  256): [hipri]  intent.getAction()= android.intent.action.ANY_DATA_STATE
02-13 18:04:40.640 D/MobileDataStateTracker(  256): [hipri]  mEnabled = false
02-13 18:04:40.650 D/MobileDataStateTracker(  256): [hipri]  apnTypeList = supl
02-13 18:04:40.650 D/MobileDataStateTracker(  256): [hipri]  unavailable = true
02-13 18:04:40.650 D/MobileDataStateTracker(  256): [hipri] Do not process intents if disabled.
02-13 18:04:40.650 D/MobileDataStateTracker(  256): [dun]  MobileDataStateReceiver onReceive(): Entry.
02-13 18:04:40.650 D/MobileDataStateTracker(  256): [dun]  intent.getAction()= android.intent.action.ANY_DATA_STATE
02-13 18:04:40.650 D/MobileDataStateTracker(  256): [dun]  mEnabled = false
02-13 18:04:40.650 D/MobileDataStateTracker(  256): [dun]  apnTypeList = supl
02-13 18:04:40.650 D/MobileDataStateTracker(  256): [dun]  unavailable = true
02-13 18:04:40.650 D/MobileDataStateTracker(  256): [dun] Do not process intents if disabled.
02-13 18:04:40.650 D/MobileDataStateTracker(  256): [supl]  MobileDataStateReceiver onReceive(): Entry.
02-13 18:04:40.650 D/MobileDataStateTracker(  256): [supl]  intent.getAction()= android.intent.action.ANY_DATA_STATE
02-13 18:04:40.650 D/MobileDataStateTracker(  256): [supl]  mEnabled = false
02-13 18:04:40.650 D/MobileDataStateTracker(  256): [supl]  apnTypeList = supl
02-13 18:04:40.650 D/MobileDataStateTracker(  256): [supl]  unavailable = true
02-13 18:04:40.650 D/MobileDataStateTracker(  256): [supl] Do not process intents if disabled.
02-13 18:04:40.650 D/MobileDataStateTracker(  256): [mms]  MobileDataStateReceiver onReceive(): Entry.
02-13 18:04:40.650 D/MobileDataStateTracker(  256): [mms]  intent.getAction()= android.intent.action.ANY_DATA_STATE
02-13 18:04:40.650 D/MobileDataStateTracker(  256): [mms]  mEnabled = false
02-13 18:04:40.660 D/MobileDataStateTracker(  256): [mms]  apnTypeList = supl
02-13 18:04:40.660 D/MobileDataStateTracker(  256): [mms]  unavailable = true
02-13 18:04:40.660 D/MobileDataStateTracker(  256): [mms] Do not process intents if disabled.
02-13 18:04:40.660 D/MobileDataStateTracker(  256): [default]  MobileDataStateReceiver onReceive(): Entry.
02-13 18:04:40.660 D/MobileDataStateTracker(  256): [default]  intent.getAction()= android.intent.action.ANY_DATA_STATE
02-13 18:04:40.660 D/MobileDataStateTracker(  256): [default]  mEnabled = true
02-13 18:04:40.660 D/MobileDataStateTracker(  256): [default]  apnTypeList = supl
02-13 18:04:40.660 D/MobileDataStateTracker(  256): [default]  unavailable = true
02-13 18:04:40.660 D/MobileDataStateTracker(  256): [default] not what we are looking for.
02-13 18:04:40.660 D/MobileDataStateTracker(  256): [hipri]  MobileDataStateReceiver onReceive(): Entry.
02-13 18:04:40.660 D/MobileDataStateTracker(  256): [hipri]  intent.getAction()= android.intent.action.ANY_DATA_STATE
02-13 18:04:40.660 D/MobileDataStateTracker(  256): [hipri]  mEnabled = false
02-13 18:04:40.660 D/MobileDataStateTracker(  256): [hipri]  apnTypeList = dun
02-13 18:04:40.660 D/MobileDataStateTracker(  256): [hipri]  unavailable = true
02-13 18:04:40.660 D/MobileDataStateTracker(  256): [hipri] Do not process intents if disabled.
02-13 18:04:40.660 D/MobileDataStateTracker(  256): [dun]  MobileDataStateReceiver onReceive(): Entry.
02-13 18:04:40.660 D/MobileDataStateTracker(  256): [dun]  intent.getAction()= android.intent.action.ANY_DATA_STATE
02-13 18:04:40.660 D/MobileDataStateTracker(  256): [dun]  mEnabled = false
02-13 18:04:40.660 D/MobileDataStateTracker(  256): [dun]  apnTypeList = dun
02-13 18:04:40.660 D/MobileDataStateTracker(  256): [dun]  unavailable = true
02-13 18:04:40.660 D/MobileDataStateTracker(  256): [dun] Do not process intents if disabled.
02-13 18:04:40.660 D/MobileDataStateTracker(  256): [supl]  MobileDataStateReceiver onReceive(): Entry.
02-13 18:04:40.660 D/MobileDataStateTracker(  256): [supl]  intent.getAction()= android.intent.action.ANY_DATA_STATE
02-13 18:04:40.660 D/MobileDataStateTracker(  256): [supl]  mEnabled = false
02-13 18:04:40.670 D/MobileDataStateTracker(  256): [supl]  apnTypeList = dun
02-13 18:04:40.670 D/MobileDataStateTracker(  256): [supl]  unavailable = true
02-13 18:04:40.670 D/MobileDataStateTracker(  256): [supl] Do not process intents if disabled.
02-13 18:04:40.670 D/MobileDataStateTracker(  256): [mms]  MobileDataStateReceiver onReceive(): Entry.
02-13 18:04:40.670 D/MobileDataStateTracker(  256): [mms]  intent.getAction()= android.intent.action.ANY_DATA_STATE
02-13 18:04:40.670 D/MobileDataStateTracker(  256): [mms]  mEnabled = false
02-13 18:04:40.670 D/MobileDataStateTracker(  256): [mms]  apnTypeList = dun
02-13 18:04:40.670 D/MobileDataStateTracker(  256): [mms]  unavailable = true
02-13 18:04:40.670 D/MobileDataStateTracker(  256): [mms] Do not process intents if disabled.
02-13 18:04:40.670 D/MobileDataStateTracker(  256): [default]  MobileDataStateReceiver onReceive(): Entry.
02-13 18:04:40.670 D/MobileDataStateTracker(  256): [default]  intent.getAction()= android.intent.action.ANY_DATA_STATE
02-13 18:04:40.670 D/MobileDataStateTracker(  256): [default]  mEnabled = true
02-13 18:04:40.670 D/MobileDataStateTracker(  256): [default]  apnTypeList = dun
02-13 18:04:40.670 D/MobileDataStateTracker(  256): [default]  unavailable = true
02-13 18:04:40.670 D/MobileDataStateTracker(  256): [default] not what we are looking for.
02-13 18:04:40.670 D/MobileDataStateTracker(  256): [hipri]  MobileDataStateReceiver onReceive(): Entry.
02-13 18:04:40.680 D/MobileDataStateTracker(  256): [hipri]  intent.getAction()= android.intent.action.ANY_DATA_STATE
02-13 18:04:40.680 D/MobileDataStateTracker(  256): [hipri]  mEnabled = false
02-13 18:04:40.680 D/MobileDataStateTracker(  256): [hipri]  apnTypeList = dun
02-13 18:04:40.680 D/MobileDataStateTracker(  256): [hipri]  unavailable = true
02-13 18:04:40.680 D/MobileDataStateTracker(  256): [hipri] Do not process intents if disabled.
02-13 18:04:40.680 D/MobileDataStateTracker(  256): [dun]  MobileDataStateReceiver onReceive(): Entry.
02-13 18:04:40.680 D/MobileDataStateTracker(  256): [dun]  intent.getAction()= android.intent.action.ANY_DATA_STATE
02-13 18:04:40.680 D/MobileDataStateTracker(  256): [dun]  mEnabled = false
02-13 18:04:40.680 D/MobileDataStateTracker(  256): [dun]  apnTypeList = dun
02-13 18:04:40.680 D/MobileDataStateTracker(  256): [dun]  unavailable = true
02-13 18:04:40.680 D/MobileDataStateTracker(  256): [dun] Do not process intents if disabled.
02-13 18:04:40.690 D/MobileDataStateTracker(  256): [supl]  MobileDataStateReceiver onReceive(): Entry.
02-13 18:04:40.690 D/MobileDataStateTracker(  256): [supl]  intent.getAction()= android.intent.action.ANY_DATA_STATE
02-13 18:04:40.690 D/MobileDataStateTracker(  256): [supl]  mEnabled = false
02-13 18:04:40.690 D/MobileDataStateTracker(  256): [supl]  apnTypeList = dun
02-13 18:04:40.690 D/MobileDataStateTracker(  256): [supl]  unavailable = true
02-13 18:04:40.690 D/MobileDataStateTracker(  256): [supl] Do not process intents if disabled.
02-13 18:04:40.690 D/MobileDataStateTracker(  256): [mms]  MobileDataStateReceiver onReceive(): Entry.
02-13 18:04:40.690 D/MobileDataStateTracker(  256): [mms]  intent.getAction()= android.intent.action.ANY_DATA_STATE
02-13 18:04:40.690 D/MobileDataStateTracker(  256): [mms]  mEnabled = false
02-13 18:04:40.700 D/MobileDataStateTracker(  256): [mms]  apnTypeList = dun
02-13 18:04:40.700 D/MobileDataStateTracker(  256): [mms]  unavailable = true
02-13 18:04:40.700 D/MobileDataStateTracker(  256): [mms] Do not process intents if disabled.
02-13 18:04:40.700 D/MobileDataStateTracker(  256): [default]  MobileDataStateReceiver onReceive(): Entry.
02-13 18:04:40.700 D/MobileDataStateTracker(  256): [default]  intent.getAction()= android.intent.action.ANY_DATA_STATE
02-13 18:04:40.700 D/MobileDataStateTracker(  256): [default]  mEnabled = true
02-13 18:04:40.710 D/MobileDataStateTracker(  256): [default]  apnTypeList = dun
02-13 18:04:40.710 D/MobileDataStateTracker(  256): [default]  unavailable = true
02-13 18:04:40.710 D/MobileDataStateTracker(  256): [default] not what we are looking for.
02-13 18:04:40.710 D/MobileDataStateTracker(  256): [hipri]  MobileDataStateReceiver onReceive(): Entry.
02-13 18:04:40.710 D/MobileDataStateTracker(  256): [hipri]  intent.getAction()= android.intent.action.ANY_DATA_STATE
02-13 18:04:40.710 D/MobileDataStateTracker(  256): [hipri]  mEnabled = false
02-13 18:04:40.710 D/MobileDataStateTracker(  256): [hipri]  apnTypeList = hipri
02-13 18:04:40.710 D/MobileDataStateTracker(  256): [hipri]  unavailable = true
02-13 18:04:40.710 D/MobileDataStateTracker(  256): [hipri] Do not process intents if disabled.
02-13 18:04:40.710 D/MobileDataStateTracker(  256): [dun]  MobileDataStateReceiver onReceive(): Entry.
02-13 18:04:40.710 D/MobileDataStateTracker(  256): [dun]  intent.getAction()= android.intent.action.ANY_DATA_STATE
02-13 18:04:40.710 D/MobileDataStateTracker(  256): [dun]  mEnabled = false
02-13 18:04:40.720 D/MobileDataStateTracker(  256): [dun]  apnTypeList = hipri
02-13 18:04:40.720 D/MobileDataStateTracker(  256): [dun]  unavailable = true
02-13 18:04:40.720 D/MobileDataStateTracker(  256): [dun] Do not process intents if disabled.
02-13 18:04:40.720 D/MobileDataStateTracker(  256): [supl]  MobileDataStateReceiver onReceive(): Entry.
02-13 18:04:40.720 D/MobileDataStateTracker(  256): [supl]  intent.getAction()= android.intent.action.ANY_DATA_STATE
02-13 18:04:40.720 D/MobileDataStateTracker(  256): [supl]  mEnabled = false
02-13 18:04:40.720 D/MobileDataStateTracker(  256): [supl]  apnTypeList = hipri
02-13 18:04:40.720 D/MobileDataStateTracker(  256): [supl]  unavailable = true
02-13 18:04:40.720 D/MobileDataStateTracker(  256): [supl] Do not process intents if disabled.
02-13 18:04:40.720 D/MobileDataStateTracker(  256): [mms]  MobileDataStateReceiver onReceive(): Entry.
02-13 18:04:40.720 D/MobileDataStateTracker(  256): [mms]  intent.getAction()= android.intent.action.ANY_DATA_STATE
02-13 18:04:40.720 D/MobileDataStateTracker(  256): [mms]  mEnabled = false
02-13 18:04:40.720 D/MobileDataStateTracker(  256): [mms]  apnTypeList = hipri
02-13 18:04:40.720 D/MobileDataStateTracker(  256): [mms]  unavailable = true
02-13 18:04:40.720 D/MobileDataStateTracker(  256): [mms] Do not process intents if disabled.
02-13 18:04:40.720 D/MobileDataStateTracker(  256): [default]  MobileDataStateReceiver onReceive(): Entry.
02-13 18:04:40.720 D/MobileDataStateTracker(  256): [default]  intent.getAction()= android.intent.action.ANY_DATA_STATE
02-13 18:04:40.720 D/MobileDataStateTracker(  256): [default]  mEnabled = true
02-13 18:04:40.730 D/MobileDataStateTracker(  256): [default]  apnTypeList = hipri
02-13 18:04:40.730 D/MobileDataStateTracker(  256): [default]  unavailable = true
02-13 18:04:40.730 D/MobileDataStateTracker(  256): [default] not what we are looking for.
02-13 18:04:40.730 D/MobileDataStateTracker(  256): [hipri]  MobileDataStateReceiver onReceive(): Entry.
02-13 18:04:40.730 D/MobileDataStateTracker(  256): [hipri]  intent.getAction()= android.intent.action.ANY_DATA_STATE
02-13 18:04:40.730 D/MobileDataStateTracker(  256): [hipri]  mEnabled = false
02-13 18:04:40.730 D/MobileDataStateTracker(  256): [hipri]  apnTypeList = hipri
02-13 18:04:40.730 D/MobileDataStateTracker(  256): [hipri]  unavailable = true
02-13 18:04:40.730 D/MobileDataStateTracker(  256): [hipri] Do not process intents if disabled.
02-13 18:04:40.730 D/MobileDataStateTracker(  256): [dun]  MobileDataStateReceiver onReceive(): Entry.
02-13 18:04:40.730 D/MobileDataStateTracker(  256): [dun]  intent.getAction()= android.intent.action.ANY_DATA_STATE
02-13 18:04:40.730 D/MobileDataStateTracker(  256): [dun]  mEnabled = false
02-13 18:04:40.730 D/MobileDataStateTracker(  256): [dun]  apnTypeList = hipri
02-13 18:04:40.730 D/MobileDataStateTracker(  256): [dun]  unavailable = true
02-13 18:04:40.730 D/MobileDataStateTracker(  256): [dun] Do not process intents if disabled.
02-13 18:04:40.730 D/MobileDataStateTracker(  256): [supl]  MobileDataStateReceiver onReceive(): Entry.
02-13 18:04:40.730 D/MobileDataStateTracker(  256): [supl]  intent.getAction()= android.intent.action.ANY_DATA_STATE
02-13 18:04:40.730 D/MobileDataStateTracker(  256): [supl]  mEnabled = false
02-13 18:04:40.740 D/MobileDataStateTracker(  256): [supl]  apnTypeList = hipri
02-13 18:04:40.740 D/MobileDataStateTracker(  256): [supl]  unavailable = true
02-13 18:04:40.740 D/MobileDataStateTracker(  256): [supl] Do not process intents if disabled.
02-13 18:04:40.740 D/MobileDataStateTracker(  256): [mms]  MobileDataStateReceiver onReceive(): Entry.
02-13 18:04:40.740 D/MobileDataStateTracker(  256): [mms]  intent.getAction()= android.intent.action.ANY_DATA_STATE
02-13 18:04:40.740 D/MobileDataStateTracker(  256): [mms]  mEnabled = false
02-13 18:04:40.740 D/MobileDataStateTracker(  256): [mms]  apnTypeList = hipri
02-13 18:04:40.740 D/MobileDataStateTracker(  256): [mms]  unavailable = true
02-13 18:04:40.740 D/MobileDataStateTracker(  256): [mms] Do not process intents if disabled.
02-13 18:04:40.740 D/MobileDataStateTracker(  256): [default]  MobileDataStateReceiver onReceive(): Entry.
02-13 18:04:40.740 D/MobileDataStateTracker(  256): [default]  intent.getAction()= android.intent.action.ANY_DATA_STATE
02-13 18:04:40.740 D/MobileDataStateTracker(  256): [default]  mEnabled = true
02-13 18:04:40.740 D/MobileDataStateTracker(  256): [default]  apnTypeList = hipri
02-13 18:04:40.740 D/MobileDataStateTracker(  256): [default]  unavailable = true
02-13 18:04:40.740 D/MobileDataStateTracker(  256): [default] not what we are looking for.
02-13 18:04:40.740 D/KeyguardUpdateMonitor(  256): received broadcast android.provider.Telephony.SPN_STRINGS_UPDATED
02-13 18:04:40.740 D/KeyguardUpdateMonitor(  256): Received SPN update on sub :0
02-13 18:04:40.740 D/KeyguardUpdateMonitor(  256): handleCarrierInfoUpdate: plmn = (No service), spn = null, subscription = 0
02-13 18:04:40.740 D/LockScreen(  256): onRefreshCarrierInfo((No service), null)
02-13 18:04:40.740 D/LockScreen(  256): updateLayout: status=Normalsubscription=0
02-13 18:04:40.740 D/LockScreen(  256): Updating Lock Screen text to Ruim
02-13 18:04:40.760 D/MobileDataStateTracker(  256): [hipri]  MobileDataStateReceiver onReceive(): Entry.
02-13 18:04:40.760 D/MobileDataStateTracker(  256): [hipri]  intent.getAction()= android.intent.action.SERVICE_STATE
02-13 18:04:40.760 D/MobileDataStateTracker(  256): [hipri]  mEnabled = false
02-13 18:04:40.770 D/MobileDataStateTracker(  256): [dun]  MobileDataStateReceiver onReceive(): Entry.
02-13 18:04:40.770 D/MobileDataStateTracker(  256): [dun]  intent.getAction()= android.intent.action.SERVICE_STATE
02-13 18:04:40.770 D/MobileDataStateTracker(  256): [dun]  mEnabled = false
02-13 18:04:40.770 D/MobileDataStateTracker(  256): [supl]  MobileDataStateReceiver onReceive(): Entry.
02-13 18:04:40.770 D/MobileDataStateTracker(  256): [supl]  intent.getAction()= android.intent.action.SERVICE_STATE
02-13 18:04:40.770 D/MobileDataStateTracker(  256): [supl]  mEnabled = false
02-13 18:04:40.770 D/MobileDataStateTracker(  256): [mms]  MobileDataStateReceiver onReceive(): Entry.
02-13 18:04:40.770 D/MobileDataStateTracker(  256): [mms]  intent.getAction()= android.intent.action.SERVICE_STATE
02-13 18:04:40.770 D/MobileDataStateTracker(  256): [mms]  mEnabled = false
02-13 18:04:40.770 D/MobileDataStateTracker(  256): [default]  MobileDataStateReceiver onReceive(): Entry.
02-13 18:04:40.770 D/MobileDataStateTracker(  256): [default]  intent.getAction()= android.intent.action.SERVICE_STATE
02-13 18:04:40.770 D/MobileDataStateTracker(  256): [default]  mEnabled = true
02-13 18:04:40.780 D/LocationProviderProxy(  256): LocationProviderProxy.onServiceConnected ComponentInfo{com.google.android.location/com.google.android.location.NetworkLocationService}
02-13 18:04:40.780 D/KeyguardUpdateMonitor(  256): received broadcast android.provider.Telephony.SPN_STRINGS_UPDATED
02-13 18:04:40.780 D/KeyguardUpdateMonitor(  256): Received SPN update on sub :0
02-13 18:04:40.780 D/KeyguardUpdateMonitor(  256): handleCarrierInfoUpdate: plmn = Searching for Service, spn = null, subscription = 0
02-13 18:04:40.780 D/LockScreen(  256): onRefreshCarrierInfo(Searching for Service, null)
02-13 18:04:40.780 D/LockScreen(  256): updateLayout: status=Normalsubscription=0
02-13 18:04:40.780 D/LockScreen(  256): Updating Lock Screen text to Ruim
02-13 18:04:40.800 D/MobileDataStateTracker(  256): [hipri]  MobileDataStateReceiver onReceive(): Entry.
02-13 18:04:40.800 D/MobileDataStateTracker(  256): [hipri]  intent.getAction()= android.intent.action.SERVICE_STATE
02-13 18:04:40.800 D/MobileDataStateTracker(  256): [hipri]  mEnabled = false
02-13 18:04:40.810 D/MobileDataStateTracker(  256): [dun]  MobileDataStateReceiver onReceive(): Entry.
02-13 18:04:40.810 D/MobileDataStateTracker(  256): [dun]  intent.getAction()= android.intent.action.SERVICE_STATE
02-13 18:04:40.810 D/MobileDataStateTracker(  256): [dun]  mEnabled = false
02-13 18:04:40.810 D/MobileDataStateTracker(  256): [supl]  MobileDataStateReceiver onReceive(): Entry.
02-13 18:04:40.810 D/MobileDataStateTracker(  256): [supl]  intent.getAction()= android.intent.action.SERVICE_STATE
02-13 18:04:40.810 D/MobileDataStateTracker(  256): [supl]  mEnabled = false
02-13 18:04:40.810 D/MobileDataStateTracker(  256): [mms]  MobileDataStateReceiver onReceive(): Entry.
02-13 18:04:40.810 D/MobileDataStateTracker(  256): [mms]  intent.getAction()= android.intent.action.SERVICE_STATE
02-13 18:04:40.810 D/MobileDataStateTracker(  256): [mms]  mEnabled = false
02-13 18:04:40.810 D/MobileDataStateTracker(  256): [default]  MobileDataStateReceiver onReceive(): Entry.
02-13 18:04:40.810 D/MobileDataStateTracker(  256): [default]  intent.getAction()= android.intent.action.SERVICE_STATE
02-13 18:04:40.810 D/MobileDataStateTracker(  256): [default]  mEnabled = true
02-13 18:04:40.820 D/GeocoderProxy(  256): onServiceConnected ComponentInfo{com.google.android.location/com.google.android.location.NetworkLocationService}
02-13 18:04:40.820 D/MobileDataStateTracker(  256): [hipri]  MobileDataStateReceiver onReceive(): Entry.
02-13 18:04:40.820 D/MobileDataStateTracker(  256): [hipri]  intent.getAction()= android.intent.action.SERVICE_STATE
02-13 18:04:40.820 D/MobileDataStateTracker(  256): [hipri]  mEnabled = false
02-13 18:04:40.820 D/MobileDataStateTracker(  256): [dun]  MobileDataStateReceiver onReceive(): Entry.
02-13 18:04:40.820 D/MobileDataStateTracker(  256): [dun]  intent.getAction()= android.intent.action.SERVICE_STATE
02-13 18:04:40.820 D/MobileDataStateTracker(  256): [dun]  mEnabled = false
02-13 18:04:40.820 D/MobileDataStateTracker(  256): [supl]  MobileDataStateReceiver onReceive(): Entry.
02-13 18:04:40.820 D/MobileDataStateTracker(  256): [supl]  intent.getAction()= android.intent.action.SERVICE_STATE
02-13 18:04:40.820 D/MobileDataStateTracker(  256): [supl]  mEnabled = false
02-13 18:04:40.820 D/MobileDataStateTracker(  256): [mms]  MobileDataStateReceiver onReceive(): Entry.
02-13 18:04:40.820 D/MobileDataStateTracker(  256): [mms]  intent.getAction()= android.intent.action.SERVICE_STATE
02-13 18:04:40.820 D/MobileDataStateTracker(  256): [mms]  mEnabled = false
02-13 18:04:40.830 D/MobileDataStateTracker(  256): [default]  MobileDataStateReceiver onReceive(): Entry.
02-13 18:04:40.830 D/MobileDataStateTracker(  256): [default]  intent.getAction()= android.intent.action.SERVICE_STATE
02-13 18:04:40.830 D/MobileDataStateTracker(  256): [default]  mEnabled = true
02-13 18:04:40.830 D/MobileDataStateTracker(  256): [hipri]  MobileDataStateReceiver onReceive(): Entry.
02-13 18:04:40.830 D/MobileDataStateTracker(  256): [hipri]  intent.getAction()= android.intent.action.SERVICE_STATE
02-13 18:04:40.830 D/MobileDataStateTracker(  256): [hipri]  mEnabled = false
02-13 18:04:40.830 D/MobileDataStateTracker(  256): [dun]  MobileDataStateReceiver onReceive(): Entry.
02-13 18:04:40.830 D/MobileDataStateTracker(  256): [dun]  intent.getAction()= android.intent.action.SERVICE_STATE
02-13 18:04:40.830 D/MobileDataStateTracker(  256): [dun]  mEnabled = false
02-13 18:04:40.830 D/MobileDataStateTracker(  256): [supl]  MobileDataStateReceiver onReceive(): Entry.
02-13 18:04:40.830 D/MobileDataStateTracker(  256): [supl]  intent.getAction()= android.intent.action.SERVICE_STATE
02-13 18:04:40.830 D/MobileDataStateTracker(  256): [supl]  mEnabled = false
02-13 18:04:40.840 D/MobileDataStateTracker(  256): [mms]  MobileDataStateReceiver onReceive(): Entry.
02-13 18:04:40.840 D/MobileDataStateTracker(  256): [mms]  intent.getAction()= android.intent.action.SERVICE_STATE
02-13 18:04:40.840 D/MobileDataStateTracker(  256): [mms]  mEnabled = false
02-13 18:04:40.840 D/MobileDataStateTracker(  256): [default]  MobileDataStateReceiver onReceive(): Entry.
02-13 18:04:40.840 D/MobileDataStateTracker(  256): [default]  intent.getAction()= android.intent.action.SERVICE_STATE
02-13 18:04:40.840 D/MobileDataStateTracker(  256): [default]  mEnabled = true
02-13 18:04:40.840 I/BluetoothService(  256):  Received BOOT_COMPLETED message
02-13 18:04:40.860 E/Tethering(  256): attempting to remove unknown iface (usb0), ignoring
02-13 18:04:40.890 E/MediaPlayerService(  116): ident is:1399285583, buf is:OggS
02-13 18:04:40.890 E/MediaPlayerService(  116):  create VorbisPlayer
02-13 18:04:40.900 I/SearchManagerService(  256): Building list of searchable activities
02-13 18:04:40.910 E/MediaPlayerService(  116): ident is:1399285583, buf is:OggS
02-13 18:04:40.910 E/MediaPlayerService(  116):  create VorbisPlayer
02-13 18:04:40.920 E/WallpaperManager(  256): 
02-13 18:04:40.920 E/WallpaperManager(  256): This file may have been altered and cannot be opened.
02-13 18:04:40.930 E/MediaPlayerService(  116): ident is:1399285583, buf is:OggS
02-13 18:04:40.930 E/MediaPlayerService(  116):  create VorbisPlayer
02-13 18:04:40.940 E/MediaPlayerService(  116): ident is:1399285583, buf is:OggS
02-13 18:04:40.940 E/MediaPlayerService(  116):  create VorbisPlayer
02-13 18:04:41.100 E/MediaPlayerService(  116): ident is:1399285583, buf is:OggS
02-13 18:04:41.100 E/MediaPlayerService(  116):  create VorbisPlayer
02-13 18:04:41.170 D/KeyguardViewMediator(  256): setHidden false
02-13 18:04:41.180 D/KeyguardViewMediator(  256): setHidden false
02-13 18:04:41.180 D/KeyguardViewMediator(  256): setHidden false
02-13 18:04:41.210 D/KeyguardViewMediator(  256): setHidden false
02-13 18:04:41.210 D/KeyguardViewMediator(  256): setHidden false
02-13 18:04:41.220 D/KeyguardViewMediator(  256): setHidden false
02-13 18:04:41.230 D/KeyguardViewMediator(  256): setHidden false
02-13 18:04:41.240 D/KeyguardViewMediator(  256): setHidden false
02-13 18:04:41.240 D/KeyguardViewMediator(  256): setHidden false
02-13 18:04:41.250 D/KeyguardViewMediator(  256): setHidden false
02-13 18:04:41.250 D/KeyguardViewMediator(  256): setHidden false
02-13 18:04:41.260 D/KeyguardViewMediator(  256): setHidden false
02-13 18:04:41.260 D/KeyguardViewMediator(  256): setHidden false
02-13 18:04:41.270 D/KeyguardViewMediator(  256): setHidden false
02-13 18:04:41.280 D/KeyguardViewMediator(  256): setHidden false
02-13 18:04:41.290 D/KeyguardViewMediator(  256): setHidden false
02-13 18:04:41.290 D/KeyguardViewMediator(  256): setHidden false
02-13 18:04:41.300 D/KeyguardViewMediator(  256): setHidden false
02-13 18:04:41.310 D/KeyguardViewMediator(  256): setHidden false
02-13 18:04:41.330 D/KeyguardViewMediator(  256): setHidden false
02-13 18:04:41.330 D/KeyguardViewMediator(  256): setHidden false
02-13 18:04:41.330 D/KeyguardViewMediator(  256): setHidden false
02-13 18:04:41.340 D/KeyguardViewMediator(  256): setHidden false
02-13 18:04:41.350 D/KeyguardViewMediator(  256): setHidden false
02-13 18:04:41.360 D/KeyguardViewMediator(  256): setHidden false
02-13 18:04:41.370 D/KeyguardViewMediator(  256): setHidden false
02-13 18:04:41.380 D/KeyguardViewMediator(  256): setHidden false
02-13 18:04:41.380 W/dalvikvm(  451): Refusing to reopen boot DEX '/system/framework/qcnvitems.jar'
02-13 18:04:41.380 W/dalvikvm(  451): Refusing to reopen boot DEX '/system/framework/qcrilhook.jar'
02-13 18:04:41.380 D/KeyguardViewMediator(  256): setHidden false
02-13 18:04:41.390 D/KeyguardViewMediator(  256): setHidden false
02-13 18:04:41.400 D/KeyguardViewMediator(  256): setHidden false
02-13 18:04:41.400 D/KeyguardViewMediator(  256): setHidden false
02-13 18:04:41.430 D/KeyguardViewMediator(  256): setHidden false
02-13 18:04:41.430 D/KeyguardViewMediator(  256): setHidden false
02-13 18:04:41.430 D/KeyguardViewMediator(  256): setHidden false
02-13 18:04:41.440 D/KeyguardViewMediator(  256): setHidden false
02-13 18:04:41.450 D/KeyguardViewMediator(  256): setHidden false
02-13 18:04:41.480 D/KeyguardViewMediator(  256): setHidden false
02-13 18:04:41.530 D/KeyguardViewMediator(  256): setHidden false
02-13 18:04:41.530 D/KeyguardViewMediator(  256): setHidden false
02-13 18:04:41.560 D/KeyguardViewMediator(  256): setHidden false
02-13 18:04:41.560 D/KeyguardViewMediator(  256): setHidden false
02-13 18:04:41.560 D/KeyguardViewMediator(  256): setHidden false
02-13 18:04:41.580 D/KeyguardViewMediator(  256): setHidden false
02-13 18:04:41.580 D/KeyguardViewMediator(  256): setHidden false
02-13 18:04:41.580 D/KeyguardViewMediator(  256): setHidden false
02-13 18:04:41.590 D/KeyguardViewMediator(  256): setHidden false
02-13 18:04:41.600 D/KeyguardViewMediator(  256): setHidden false
02-13 18:04:41.620 D/KeyguardViewMediator(  256): setHidden false
02-13 18:04:41.630 D/KeyguardViewMediator(  256): setHidden false
02-13 18:04:41.650 D/KeyguardViewMediator(  256): setHidden false
02-13 18:04:41.660 D/KeyguardViewMediator(  256): setHidden false
02-13 18:04:41.680 D/KeyguardViewMediator(  256): setHidden false
02-13 18:04:41.690 D/KeyguardViewMediator(  256): setHidden false
02-13 18:04:41.720 I/ActivityThread(  458): Pub com.google.android.partnersetup.rlzprovider: com.google.android.partnersetup.RlzProvider
02-13 18:04:41.720 D/KeyguardViewMediator(  256): setHidden false
02-13 18:04:41.730 I/ActivityThread(  458): Pub com.google.android.partnersetup.rlzappprovider: com.google.android.partnersetup.RlzAppProvider
02-13 18:04:41.730 D/KeyguardViewMediator(  256): setHidden false
02-13 18:04:41.740 D/KeyguardViewMediator(  256): setHidden false
02-13 18:04:41.760 D/KeyguardViewMediator(  256): setHidden false
02-13 18:04:41.770 D/KeyguardViewMediator(  256): setHidden false
02-13 18:04:41.790 D/KeyguardViewMediator(  256): setHidden false
02-13 18:04:41.810 D/KeyguardViewMediator(  256): setHidden false
02-13 18:04:41.820 D/KeyguardViewMediator(  256): setHidden false
02-13 18:04:41.840 D/KeyguardViewMediator(  256): setHidden false
02-13 18:04:41.860 D/KeyguardViewMediator(  256): setHidden false
02-13 18:04:41.860 D/androidNlpServiceThread(  377): updateState: shouldBeEnabled false shouldBeRunning false
02-13 18:04:41.870 D/KeyguardViewMediator(  256): setHidden false
02-13 18:04:41.890 D/KeyguardViewMediator(  256): setHidden false
02-13 18:04:41.910 D/androidNlpServiceThread(  377): updateState: shouldBeEnabled false shouldBeRunning false
02-13 18:04:41.930 D/KeyguardViewMediator(  256): setHidden false
02-13 18:04:41.950 D/KeyguardViewMediator(  256): setHidden false
02-13 18:04:41.950 D/KeyguardViewMediator(  256): setHidden false
02-13 18:04:41.970 D/androidNlpServiceThread(  377): updateState: shouldBeEnabled false shouldBeRunning false
02-13 18:04:42.020 D/androidNlpServiceThread(  377): updateState: shouldBeEnabled false shouldBeRunning false
02-13 18:04:42.060 D/androidNlpServiceThread(  377): updateState: shouldBeEnabled false shouldBeRunning false
02-13 18:04:42.151 D/androidNlpServiceThread(  377): updateState: shouldBeEnabled false shouldBeRunning false
02-13 18:04:42.171 W/dalvikvm(  466): Refusing to reopen boot DEX '/system/framework/qcrilhook.jar'
02-13 18:04:42.171 W/dalvikvm(  466): Refusing to reopen boot DEX '/system/framework/qcnvitems.jar'
02-13 18:04:42.291 D/qcom_priv_settings(  474): setprop(net.http.threads) = [10]
02-13 18:04:42.291 D/qcom_priv_settings(  474): setprop(net.http.idle_cache.size) = [40]
02-13 18:04:42.291 D/qcom_priv_settings(  474): setprop(net.http.idle_cache.shutdown) = [true]
02-13 18:04:42.291 D/qcom_priv_settings(  474): setprop(net.webkit.cache.size) = [12582912]
02-13 18:04:42.291 D/qcom_priv_settings(  474): setprop(net.webkit.cache.mindeadsize) = [4194304]
02-13 18:04:42.291 D/qcom_priv_settings(  474): setprop(net.webkit.cache.maxdeadsize) = [4194304]
02-13 18:04:42.291 D/qcom_priv_settings(  474): setprop(net.nw.cache.prioadvstep) = [86400000]
02-13 18:04:42.291 D/qcom_priv_settings(  474): setprop(net.nw.cache.weightadvstep) = [3600000]
02-13 18:04:42.291 D/qcom_priv_settings(  474): setprop(net.nw.cache.orderby) = [weight]
02-13 18:04:42.341 I/ActivityThread(  481): Pub com.cooliris.picasa.contentprovider: com.cooliris.picasa.PicasaContentProvider
02-13 18:04:42.451 I/PackageManager(  256): Updating external media status from unmounted to mounted
02-13 18:04:42.461 D/KeyguardViewMediator(  256): setHidden false
02-13 18:04:42.461 D/KeyguardViewMediator(  256): setHidden false
02-13 18:04:42.471 D/Gallery3D(  481): [BootReceiver]: Got intent with action android.intent.action.BOOT_COMPLETED
02-13 18:04:42.481 I/VdmcBroadcastReceiver(  466): ACTION=android.intent.action.BOOT_COMPLETED
02-13 18:04:42.481 I/DMC     (  466): VdmcBroadcastReceiver start vdmc service
02-13 18:04:42.491 I/RecoverySystem(  256): No recovery log file
02-13 18:04:42.501 I/vDM     (  466): onCreate
02-13 18:04:42.501 I/vDM     (  466): onStart
02-13 18:04:42.511 I/DMC     (  466): Vdmc onStart sleep 8s
02-13 18:04:42.541 I/PackageManager(  256): No secure containers on sdcard
02-13 18:04:42.551 I/ActivityThread(  490): Pub zte.com.cn.alarmclock: zte.com.cn.alarmclock.AlarmProvider
02-13 18:04:42.641 D/Bitmap  (  351): Detect unrecycled bitmap.
02-13 18:04:42.641 D/Bitmap  (  351):       Size: 157440 Bytes, Width: 320 , Height: 123 , Hash code: 1079241624
02-13 18:04:42.641 D/Bitmap  (  351):  This bimap was created in:
02-13 18:04:42.641 D/Bitmap  (  351):       android.graphics.Bitmap.<init>(Bitmap.java:136)
02-13 18:04:42.641 D/Bitmap  (  351):       android.graphics.BitmapFactory.nativeDecodeAsset(Native Method)
02-13 18:04:42.641 D/Bitmap  (  351):       android.graphics.BitmapFactory.decodeStream(BitmapFactory.java:460)
02-13 18:04:42.641 D/Bitmap  (  351):       android.graphics.BitmapFactory.decodeResourceStream(BitmapFactory.java:336)
02-13 18:04:42.641 D/Bitmap  (  351):       android.graphics.drawable.Drawable.createFromResourceStream(Drawable.java:697)
02-13 18:04:42.641 D/Bitmap  (  351):       android.content.res.Resources.loadDrawable(Resources.java:1709)
02-13 18:04:42.641 D/Bitmap  (  351):       android.content.res.Resources.getDrawable(Resources.java:581)
02-13 18:04:42.641 D/Bitmap  (  351):       android.widget.AbsListView.setOverScrollMode(AbsListView.java:655)
02-13 18:04:42.641 D/Bitmap  (  351):       android.view.View.<init>(View.java:1879)
02-13 18:04:42.641 D/Bitmap  (  351):       android.view.View.<init>(View.java:1921)
02-13 18:04:42.641 D/Bitmap  (  351):       android.view.ViewGroup.<init>(ViewGroup.java:292)
02-13 18:04:42.641 D/Bitmap  (  351):       android.widget.AdapterView.<init>(AdapterView.java:228)
02-13 18:04:42.641 D/Bitmap  (  351):       android.widget.AbsListView.<init>(AbsListView.java:592)
02-13 18:04:42.641 D/Bitmap  (  351):       android.widget.GridView.<init>(GridView.java:72)
02-13 18:04:42.641 D/Bitmap  (  351):       android.widget.GridView.<init>(GridView.java:68)
02-13 18:04:42.641 D/Bitmap  (  351):       java.lang.reflect.Constructor.constructNative(Native Method)
02-13 18:04:42.641 D/Bitmap  (  351):       java.lang.reflect.Constructor.newInstance(Constructor.java:415)
02-13 18:04:42.641 D/Bitmap  (  351):       android.view.LayoutInflater.createView(LayoutInflater.java:505)
02-13 18:04:42.651 D/Bitmap  (  351):       com.android.internal.policy.impl.PhoneLayoutInflater.onCreateView(PhoneLayoutInflater.java:56)
02-13 18:04:42.651 D/Bitmap  (  351):       android.view.LayoutInflater.createViewFromTag(LayoutInflater.java:568)
02-13 18:04:42.651 D/Bitmap  (  351):       android.view.LayoutInflater.rInflate(LayoutInflater.java:623)
02-13 18:04:42.651 D/Bitmap  (  351):       android.view.LayoutInflater.parseInclude(LayoutInflater.java:707)
02-13 18:04:42.651 D/Bitmap  (  351):       android.view.LayoutInflater.rInflate(LayoutInflater.java:619)
02-13 18:04:42.651 D/Bitmap  (  351):       android.view.LayoutInflater.parseInclude(LayoutInflater.java:682)
02-13 18:04:42.651 D/Bitmap  (  351):       android.view.LayoutInflater.rInflate(LayoutInflater.java:619)
02-13 18:04:42.651 D/Bitmap  (  351):       android.view.LayoutInflater.inflate(LayoutInflater.java:408)
02-13 18:04:42.651 D/Bitmap  (  351):       android.view.LayoutInflater.inflate(LayoutInflater.java:320)
02-13 18:04:42.651 D/Bitmap  (  351):       android.view.LayoutInflater.inflate(LayoutInflater.java:276)
02-13 18:04:42.651 D/Bitmap  (  351):       com.android.internal.policy.impl.PhoneWindow.setContentView(PhoneWindow.java:207)
02-13 18:04:42.651 D/Bitmap  (  351):       android.app.Activity.setContentView(Activity.java:1657)
02-13 18:04:42.651 D/Bitmap  (  351):       com.android.launcher2.Launcher.onCreate(Launcher.java:257)
02-13 18:04:42.651 D/Bitmap  (  351):       android.app.Instrumentation.callActivityOnCreate(Instrumentation.java:1047)
02-13 18:04:42.651 D/Bitmap  (  351):       android.app.ActivityThread.performLaunchActivity(ActivityThread.java:1632)
02-13 18:04:42.651 D/Bitmap  (  351):       android.app.ActivityThread.handleLaunchActivity(ActivityThread.java:1684)
02-13 18:04:42.651 D/Bitmap  (  351):       android.app.ActivityThread.access$1500(ActivityThread.java:123)
02-13 18:04:42.651 D/Bitmap  (  351):       android.app.ActivityThread$H.handleMessage(ActivityThread.java:948)
02-13 18:04:42.651 D/Bitmap  (  351):       android.os.Handler.dispatchMessage(Handler.java:99)
02-13 18:04:42.651 D/Bitmap  (  351):       android.os.Looper.loop(Looper.java:130)
02-13 18:04:42.651 D/Bitmap  (  351):       android.app.ActivityThread.main(ActivityThread.java:3704)
02-13 18:04:42.651 D/Bitmap  (  351):       java.lang.reflect.Method.invokeNative(Native Method)
02-13 18:04:42.651 D/Bitmap  (  351):       java.lang.reflect.Method.invoke(Method.java:507)
02-13 18:04:42.651 D/Bitmap  (  351):       com.android.internal.os.ZygoteInit$MethodAndArgsCaller.run(ZygoteInit.java:875)
02-13 18:04:42.651 D/Bitmap  (  351):       com.android.internal.os.ZygoteInit.main(ZygoteInit.java:633)
02-13 18:04:42.651 D/Bitmap  (  351):       dalvik.system.NativeStart.main(Native Method)
02-13 18:04:42.651 D/Bitmap  (  351): _
02-13 18:04:43.101 D/KeyguardUpdateMonitor(  256): received broadcast android.intent.action.ALARM_CHANGED
02-13 18:04:43.101 D/KeyguardUpdateMonitor(  256): onReceive ACTION_ALARM_CHANGED -  alarmSet:false
02-13 18:04:43.101 D/KeyguardUpdateMonitor(  256): handleAlarmStateChanged(false)
02-13 18:04:43.172 I/ActivityThread(  497): Pub media: com.android.providers.media.MediaProvider
02-13 18:04:43.232 I/ActivityThread(  498): Pub com.sprint.zone.provider.ZoneProvider: com.sprint.zone.data.ZoneProvider
02-13 18:04:43.292 I/ActivityThread(  497): Pub downloads: com.android.providers.downloads.DownloadProvider
02-13 18:04:43.322 I/ActivityThread(  497): Pub drm: com.android.providers.drm.DrmProvider
02-13 18:04:43.772 E/WifiHW  (  256): wifi_connect_to_supplicant() +
02-13 18:04:43.772 E/WifiHW  (  256): ctrl ifname = /data/misc/wifi/wpa_supplicant/wlan0
02-13 18:04:43.832 I/BluetoothService(  256): Received BT_BOOTUP message
02-13 18:04:43.862 E/WifiHW  (  256): ifname /data/misc/wifi/wpa_supplicant/wlan0 is ready to read/write cnt=160
02-13 18:04:43.872 D/WifiStateTracker(  256): EVENT_SUPPLICANT_CONNECTION--->resetNotificationTimer()
02-13 18:04:43.902 D/NetworkStateTracker(  256): setDetailed state, old =IDLE and new state=IDLE
02-13 18:04:43.902 E/MobileDataStateTracker(  256): reconnect : set enabled = true.
02-13 18:04:43.902 I/DATA    (  344): [SERVICE_TYPE_DEFAULT] set enabled = true
02-13 18:04:43.902 I/DATA    (  344): [DCT(0) ] onUpdateDataConnections: reason=apnTypeEnabled
02-13 18:04:43.902 I/DATA    (  344): [DCT(0) ] ---dc list---
02-13 18:04:43.902 I/DATA    (  344): [DCT(0) ] ---ds list---
02-13 18:04:43.902 I/DATA    (  344): [DCT(0) ] ds= SERVICE_TYPE_DEFAULT, enabled = true, active = v4:IDLE v6:IDLE
02-13 18:04:43.902 I/DATA    (  344): [DCT(0) ] ds= SERVICE_TYPE_MMS, enabled = false, active = v4:IDLE v6:IDLE
02-13 18:04:43.902 I/DATA    (  344): [DCT(0) ] ds= SERVICE_TYPE_SUPL, enabled = false, active = v4:IDLE v6:IDLE
02-13 18:04:43.902 I/DATA    (  344): [DCT(0) ] ds= SERVICE_TYPE_DUN, enabled = false, active = v4:IDLE v6:IDLE
02-13 18:04:43.902 I/DATA    (  344): [DCT(0) ] ds= SERVICE_TYPE_HIPRI, enabled = false, active = v4:IDLE v6:IDLE
02-13 18:04:43.902 I/DATA    (  344): [DCT(0) ] ***** NOT Ready for data :
02-13 18:04:43.902 I/DATA    (  344): [DCT(0) ]    getDesiredPowerState() = true
02-13 18:04:43.902 I/DATA    (  344): [DCT(0) ]    mCm.getRadioState() = RADIO_ON
02-13 18:04:43.912 I/DATA    (  344): [DCT(0) ]    [DataRadioTech = RADIO_TECH_UNKNOWN, data network state = 1, mMasterDataEnabled = true, is Roaming = false, dataOnRoamingEnable = false, isPsRestricted = false, desiredPowerState  = true, mSIMRecords = , cdmaSubSource = 1/310120, mRuimRecords = , checks = true/true]
02-13 18:04:43.912 I/MobileDataStateTracker(  256): [default] dct reports apn request started Mobile data state: IPV4=[state=CONNECTING, iface=null, mApnName=null, mIpAddress=null, mGateway=null], IPV6=[state=CONNECTING, iface=null, mApnName=null, mIpAddress=null, mGateway=null]
02-13 18:04:43.912 W/NetworkStateTracker(  256): ### removeDefaultRoute. do nothing 
02-13 18:04:43.912 W/dalvikvm(  512): Refusing to reopen boot DEX '/system/framework/OmaDrmClient.jar'
02-13 18:04:44.072 I/ActivityThread(  512): Pub com.zte.zmail.security.provider: com.zte.zmail.security.provider.SecurityProvider
02-13 18:04:44.092 I/ActivityThread(  512): Pub com.android.email.provider: com.android.email.provider.EmailProvider
02-13 18:04:44.102 I/ActivityThread(  512): Pub com.android.email.searchsuggestionprovider: com.android.email.provider.SearchSuggestionProvider
02-13 18:04:44.102 I/ActivityThread(  512): Pub com.android.email.attachmentprovider: com.android.email.provider.AttachmentProvider
02-13 18:04:44.122 I/ActivityThread(  512): Pub com.android.exchange.provider: com.android.exchange.provider.ExchangeProvider
02-13 18:04:44.223 D/Bitmap  (  498): Detect unrecycled bitmap.
02-13 18:04:44.223 D/Bitmap  (  498):       Size: 47432 Bytes, Width: 154 , Height: 154 , Hash code: 1079118840
02-13 18:04:44.223 D/Bitmap  (  498):  This bimap was created in:
02-13 18:04:44.223 D/Bitmap  (  498):       android.graphics.Bitmap.<init>(Bitmap.java:136)
02-13 18:04:44.223 D/Bitmap  (  498):       android.graphics.BitmapFactory.nativeDecodeByteArray(Native Method)
02-13 18:04:44.223 D/Bitmap  (  498):       android.graphics.BitmapFactory.decodeByteArray(BitmapFactory.java:405)
02-13 18:04:44.223 D/Bitmap  (  498):       android.graphics.BitmapFactory.decodeByteArray(BitmapFactory.java:418)
02-13 18:04:44.223 D/Bitmap  (  498):       com.sprint.zone.data.DbAdapter.cursorToFeature(DbAdapter.java:1305)
02-13 18:04:44.223 D/Bitmap  (  498):       com.sprint.zone.data.DbAdapter.getPageContent(DbAdapter.java:1242)
02-13 18:04:44.223 D/Bitmap  (  498):       com.sprint.zone.data.DbAdapter.loadGlobalContent(DbAdapter.java:1447)
02-13 18:04:44.223 D/Bitmap  (  498):       com.sprint.zone.data.GlobalContent.instance(GlobalContent.java:104)
02-13 18:04:44.223 D/Bitmap  (  498):       com.sprint.zone.Zone.onCreate(Zone.java:35)
02-13 18:04:44.223 D/Bitmap  (  498):       com.sprint.zone.sprint.SprintZone.onCreate(SprintZone.java:10)
02-13 18:04:44.223 D/Bitmap  (  498):       android.app.Instrumentation.callApplicationOnCreate(Instrumentation.java:969)
02-13 18:04:44.223 D/Bitmap  (  498):       android.app.ActivityThread.handleBindApplication(ActivityThread.java:3293)
02-13 18:04:44.223 D/Bitmap  (  498):       android.app.ActivityThread.access$2200(ActivityThread.java:123)
02-13 18:04:44.223 D/Bitmap  (  498):       android.app.ActivityThread$H.handleMessage(ActivityThread.java:986)
02-13 18:04:44.223 D/Bitmap  (  498):       android.os.Handler.dispatchMessage(Handler.java:99)
02-13 18:04:44.223 D/Bitmap  (  498):       android.os.Looper.loop(Looper.java:130)
02-13 18:04:44.223 D/Bitmap  (  498):       android.app.ActivityThread.main(ActivityThread.java:3704)
02-13 18:04:44.223 D/Bitmap  (  498):       java.lang.reflect.Method.invokeNative(Native Method)
02-13 18:04:44.223 D/Bitmap  (  498):       java.lang.reflect.Method.invoke(Method.java:507)
02-13 18:04:44.223 D/Bitmap  (  498):       com.android.internal.os.ZygoteInit$MethodAndArgsCaller.run(ZygoteInit.java:875)
02-13 18:04:44.223 D/Bitmap  (  498):       com.android.internal.os.ZygoteInit.main(ZygoteInit.java:633)
02-13 18:04:44.223 D/Bitmap  (  498):       dalvik.system.NativeStart.main(Native Method)
02-13 18:04:44.223 D/Bitmap  (  498): _
02-13 18:04:44.223 D/Bitmap  (  498): Detect unrecycled bitmap.
02-13 18:04:44.223 D/Bitmap  (  498):       Size: 181476 Bytes, Width: 213 , Height: 213 , Hash code: 1079110992
02-13 18:04:44.223 D/Bitmap  (  498):  This bimap was created in:
02-13 18:04:44.223 D/Bitmap  (  498):       android.graphics.Bitmap.<init>(Bitmap.java:136)
02-13 18:04:44.223 D/Bitmap  (  498):       android.graphics.BitmapFactory.nativeDecodeByteArray(Native Method)
02-13 18:04:44.223 D/Bitmap  (  498):       android.graphics.BitmapFactory.decodeByteArray(BitmapFactory.java:405)
02-13 18:04:44.223 D/Bitmap  (  498):       android.graphics.BitmapFactory.decodeByteArray(BitmapFactory.java:418)
02-13 18:04:44.223 D/Bitmap  (  498):       com.sprint.zone.data.DbAdapter.cursorToFeature(DbAdapter.java:1305)
02-13 18:04:44.223 D/Bitmap  (  498):       com.sprint.zone.data.DbAdapter.getPageContent(DbAdapter.java:1242)
02-13 18:04:44.223 D/Bitmap  (  498):       com.sprint.zone.data.DbAdapter.loadGlobalContent(DbAdapter.java:1447)
02-13 18:04:44.223 D/Bitmap  (  498):       com.sprint.zone.data.GlobalContent.instance(GlobalContent.java:104)
02-13 18:04:44.223 D/Bitmap  (  498):       com.sprint.zone.Zone.onCreate(Zone.java:35)
02-13 18:04:44.223 D/Bitmap  (  498):       com.sprint.zone.sprint.SprintZone.onCreate(SprintZone.java:10)
02-13 18:04:44.223 D/Bitmap  (  498):       android.app.Instrumentation.callApplicationOnCreate(Instrumentation.java:969)
02-13 18:04:44.223 D/Bitmap  (  498):       android.app.ActivityThread.handleBindApplication(ActivityThread.java:3293)
02-13 18:04:44.223 D/Bitmap  (  498):       android.app.ActivityThread.access$2200(ActivityThread.java:123)
02-13 18:04:44.223 D/Bitmap  (  498):       android.app.ActivityThread$H.handleMessage(ActivityThread.java:986)
02-13 18:04:44.223 D/Bitmap  (  498):       android.os.Handler.dispatchMessage(Handler.java:99)
02-13 18:04:44.223 D/Bitmap  (  498):       android.os.Looper.loop(Looper.java:130)
