02-13 18:08:25.612 D/KeyguardViewMediator(  256): setHidden false
02-13 18:08:25.612 D/KeyguardViewMediator(  256): setHidden false
02-13 18:08:25.632 D/KeyguardViewMediator(  256): setHidden false
02-13 18:08:25.652 D/KeyguardViewMediator(  256): setHidden false
02-13 18:08:25.682 D/Bitmap  (  335): Detect unrecycled bitmap.
02-13 18:08:25.682 D/Bitmap  (  335):       Size: 270080 Bytes, Width: 320 , Height: 211 , Hash code: 1079374192
02-13 18:08:25.682 D/Bitmap  (  335):  This bimap was created in:
02-13 18:08:25.682 D/Bitmap  (  335):       android.graphics.Bitmap.<init>(Bitmap.java:136)
02-13 18:08:25.682 D/Bitmap  (  335):       android.graphics.Bitmap.nativeCreate(Native Method)
02-13 18:08:25.682 D/Bitmap  (  335):       android.graphics.Bitmap.createBitmap(Bitmap.java:547)
02-13 18:08:25.682 D/Bitmap  (  335):       com.android.inputmethod.latin.LatinKeyboardBaseView.onBufferDraw(LatinKeyboardBaseView.java:775)
02-13 18:08:25.682 D/Bitmap  (  335):       com.android.inputmethod.latin.LatinKeyboardBaseView.onDraw(LatinKeyboardBaseView.java:763)
02-13 18:08:25.682 D/Bitmap  (  335):       android.view.View.draw(View.java:6880)
02-13 18:08:25.682 D/Bitmap  (  335):       com.android.inputmethod.latin.LatinKeyboardView.draw(LatinKeyboardView.java:353)
02-13 18:08:25.682 D/Bitmap  (  335):       android.view.ViewGroup.drawChild(ViewGroup.java:1649)
02-13 18:08:25.682 D/Bitmap  (  335):       android.view.ViewGroup.dispatchDraw(ViewGroup.java:1376)
02-13 18:08:25.682 D/Bitmap  (  335):       android.view.ViewGroup.drawChild(ViewGroup.java:1647)
02-13 18:08:25.682 D/Bitmap  (  335):       android.view.ViewGroup.dispatchDraw(ViewGroup.java:1376)
02-13 18:08:25.682 D/Bitmap  (  335):       android.view.ViewGroup.drawChild(ViewGroup.java:1647)
02-13 18:08:25.682 D/Bitmap  (  335):       android.view.ViewGroup.dispatchDraw(ViewGroup.java:1376)
02-13 18:08:25.682 D/Bitmap  (  335):       android.view.ViewGroup.drawChild(ViewGroup.java:1647)
02-13 18:08:25.682 D/Bitmap  (  335):       android.view.ViewGroup.dispatchDraw(ViewGroup.java:1376)
02-13 18:08:25.682 D/Bitmap  (  335):       android.view.View.draw(View.java:6883)
02-13 18:08:25.682 D/Bitmap  (  335):       android.widget.FrameLayout.draw(FrameLayout.java:357)
02-13 18:08:25.682 D/Bitmap  (  335):       com.android.internal.policy.impl.PhoneWindow$DecorView.draw(PhoneWindow.java:1866)
02-13 18:08:25.682 D/Bitmap  (  335):       android.view.ViewRoot.draw(ViewRoot.java:1526)
02-13 18:08:25.682 D/Bitmap  (  335):       android.view.ViewRoot.performTraversals(ViewRoot.java:1262)
02-13 18:08:25.682 D/Bitmap  (  335):       android.view.ViewRoot.handleMessage(ViewRoot.java:1864)
02-13 18:08:25.682 D/Bitmap  (  335):       android.os.Handler.dispatchMessage(Handler.java:99)
02-13 18:08:25.682 D/Bitmap  (  335):       android.os.Looper.loop(Looper.java:130)
02-13 18:08:25.682 D/Bitmap  (  335):       android.app.ActivityThread.main(ActivityThread.java:3704)
02-13 18:08:25.682 D/Bitmap  (  335):       java.lang.reflect.Method.invokeNative(Native Method)
02-13 18:08:25.682 D/Bitmap  (  335):       java.lang.reflect.Method.invoke(Method.java:507)
02-13 18:08:25.682 D/Bitmap  (  335):       com.android.internal.os.ZygoteInit$MethodAndArgsCaller.run(ZygoteInit.java:875)
02-13 18:08:25.682 D/Bitmap  (  335):       com.android.internal.os.ZygoteInit.main(ZygoteInit.java:633)
02-13 18:08:25.682 D/Bitmap  (  335):       dalvik.system.NativeStart.main(Native Method)
02-13 18:08:25.682 D/Bitmap  (  335): _
02-13 18:08:30.166 D/DATA    (  344): [DSST(0)] pollstate() : reason = data network state changed
02-13 18:08:30.226 D/MobileDataStateTracker(  256): [hipri]  MobileDataStateReceiver onReceive(): Entry.
02-13 18:08:30.226 D/MobileDataStateTracker(  256): [hipri]  intent.getAction()= android.intent.action.SERVICE_STATE
02-13 18:08:30.226 D/MobileDataStateTracker(  256): [hipri]  mEnabled = false
02-13 18:08:30.226 D/MobileDataStateTracker(  256): [dun]  MobileDataStateReceiver onReceive(): Entry.
02-13 18:08:30.226 D/MobileDataStateTracker(  256): [dun]  intent.getAction()= android.intent.action.SERVICE_STATE
02-13 18:08:30.226 D/MobileDataStateTracker(  256): [dun]  mEnabled = false
02-13 18:08:30.236 D/Mms     (  770): currentRoamingStatus:2
02-13 18:08:30.236 D/MobileDataStateTracker(  256): [supl]  MobileDataStateReceiver onReceive(): Entry.
02-13 18:08:30.236 D/MobileDataStateTracker(  256): [supl]  intent.getAction()= android.intent.action.SERVICE_STATE
02-13 18:08:30.236 D/MobileDataStateTracker(  256): [supl]  mEnabled = false
02-13 18:08:30.236 D/MobileDataStateTracker(  256): [mms]  MobileDataStateReceiver onReceive(): Entry.
02-13 18:08:30.236 D/MobileDataStateTracker(  256): [mms]  intent.getAction()= android.intent.action.SERVICE_STATE
02-13 18:08:30.236 D/MobileDataStateTracker(  256): [mms]  mEnabled = false
02-13 18:08:30.236 D/MobileDataStateTracker(  256): [default]  MobileDataStateReceiver onReceive(): Entry.
02-13 18:08:30.236 D/MobileDataStateTracker(  256): [default]  intent.getAction()= android.intent.action.SERVICE_STATE
02-13 18:08:30.236 D/MobileDataStateTracker(  256): [default]  mEnabled = true
02-13 18:08:30.236 D/CallManager(  344):  handleMessage (EVENT_SERVICE_STATE_CHANGED)
02-13 18:08:30.236 E/BT HS/HF(  344): SERVICE_STATE_CHANGED called
02-13 18:08:30.236 E/BT HS/HF(  344): updateServiceState called, sendUpdate:false  ServiceState:0 roaming    310099  EvDo rev. A CSS not supported 0 4681RoamInd: 160RoamStatus(sprint): 2DefRoamInd: 160EmergOnly: false
02-13 18:08:30.236 E/BT HS/HF(  344): service:1 mService:1
02-13 18:08:30.236 D/DATA    (  344): [DSST(0)]  registrationState = 1  radioTechnology = 8 reasonForDenial = 0
02-13 18:08:30.236 D/DATA    (  344): [DSST(0)]  set mNewDataConnectionState = 0
02-13 18:08:30.246 D/DATA    (  344): [DSST(0)]  mNewDataConnectionState : 0  mDataConnectionState : 0
02-13 18:08:30.246 D/DATA    (  344): [DSST(0)] Poll ServiceState done: oldSS=[0 home null null null  EvDo rev. A CSS not supported -1 -1RoamInd: -1RoamStatus(sprint): -1DefRoamInd: -1EmergOnly: false] newSS=[0 home null null null  EvDo rev. A CSS not supported -1 -1RoamInd: -1RoamStatus(sprint): -1DefRoamInd: -1EmergOnly: false]
02-13 18:08:30.246 D/DATA    (  344): [DSST(0)]  mDataConnectionState = 0
02-13 18:08:32.659 D/DATA    (  344): [DSST(0)] pollstate() : reason = data network state changed
02-13 18:08:32.709 D/MobileDataStateTracker(  256): [hipri]  MobileDataStateReceiver onReceive(): Entry.
02-13 18:08:32.709 D/MobileDataStateTracker(  256): [hipri]  intent.getAction()= android.intent.action.SERVICE_STATE
02-13 18:08:32.709 D/MobileDataStateTracker(  256): [hipri]  mEnabled = false
02-13 18:08:32.709 D/MobileDataStateTracker(  256): [dun]  MobileDataStateReceiver onReceive(): Entry.
02-13 18:08:32.709 D/MobileDataStateTracker(  256): [dun]  intent.getAction()= android.intent.action.SERVICE_STATE
02-13 18:08:32.709 D/MobileDataStateTracker(  256): [dun]  mEnabled = false
02-13 18:08:32.719 D/Mms     (  770): currentRoamingStatus:2
02-13 18:08:32.719 D/MobileDataStateTracker(  256): [supl]  MobileDataStateReceiver onReceive(): Entry.
02-13 18:08:32.719 D/MobileDataStateTracker(  256): [supl]  intent.getAction()= android.intent.action.SERVICE_STATE
02-13 18:08:32.719 D/MobileDataStateTracker(  256): [supl]  mEnabled = false
02-13 18:08:32.719 D/MobileDataStateTracker(  256): [mms]  MobileDataStateReceiver onReceive(): Entry.
02-13 18:08:32.719 D/MobileDataStateTracker(  256): [mms]  intent.getAction()= android.intent.action.SERVICE_STATE
02-13 18:08:32.719 D/MobileDataStateTracker(  256): [mms]  mEnabled = false
02-13 18:08:32.719 D/MobileDataStateTracker(  256): [default]  MobileDataStateReceiver onReceive(): Entry.
02-13 18:08:32.719 D/MobileDataStateTracker(  256): [default]  intent.getAction()= android.intent.action.SERVICE_STATE
02-13 18:08:32.719 D/MobileDataStateTracker(  256): [default]  mEnabled = true
02-13 18:08:32.719 D/CallManager(  344):  handleMessage (EVENT_SERVICE_STATE_CHANGED)
02-13 18:08:32.719 E/BT HS/HF(  344): SERVICE_STATE_CHANGED called
02-13 18:08:32.719 E/BT HS/HF(  344): updateServiceState called, sendUpdate:false  ServiceState:0 roaming    310099  EvDo rev. A CSS not supported 0 4681RoamInd: 160RoamStatus(sprint): 2DefRoamInd: 160EmergOnly: false
02-13 18:08:32.719 E/BT HS/HF(  344): service:1 mService:1
02-13 18:08:32.729 D/DATA    (  344): [DSST(0)]  registrationState = 1  radioTechnology = 8 reasonForDenial = 0
02-13 18:08:32.729 D/DATA    (  344): [DSST(0)]  set mNewDataConnectionState = 0
02-13 18:08:32.729 D/DATA    (  344): [DSST(0)]  mNewDataConnectionState : 0  mDataConnectionState : 0
02-13 18:08:32.729 D/DATA    (  344): [DSST(0)] Poll ServiceState done: oldSS=[0 home null null null  EvDo rev. A CSS not supported -1 -1RoamInd: -1RoamStatus(sprint): -1DefRoamInd: -1EmergOnly: false] newSS=[0 home null null null  EvDo rev. A CSS not supported -1 -1RoamInd: -1RoamStatus(sprint): -1DefRoamInd: -1EmergOnly: false]
02-13 18:08:32.729 D/DATA    (  344): [DSST(0)]  mDataConnectionState = 0
02-13 18:08:36.062 D/DATA    (  344): [DSST(0)] pollstate() : reason = data network state changed
02-13 18:08:36.112 D/KeyguardUpdateMonitor(  256): received broadcast android.provider.Telephony.SPN_STRINGS_UPDATED
02-13 18:08:36.112 D/KeyguardUpdateMonitor(  256): Received SPN update on sub :0
02-13 18:08:36.112 D/KeyguardUpdateMonitor(  256): handleCarrierInfoUpdate: plmn = Sprint, spn = null, subscription = 0
02-13 18:08:36.132 D/MobileDataStateTracker(  256): [hipri]  MobileDataStateReceiver onReceive(): Entry.
02-13 18:08:36.132 D/MobileDataStateTracker(  256): [hipri]  intent.getAction()= android.intent.action.SERVICE_STATE
02-13 18:08:36.132 D/MobileDataStateTracker(  256): [hipri]  mEnabled = false
02-13 18:08:36.132 D/MobileDataStateTracker(  256): [dun]  MobileDataStateReceiver onReceive(): Entry.
02-13 18:08:36.132 D/MobileDataStateTracker(  256): [dun]  intent.getAction()= android.intent.action.SERVICE_STATE
02-13 18:08:36.132 D/MobileDataStateTracker(  256): [dun]  mEnabled = false
02-13 18:08:36.132 D/Mms     (  770): currentRoamingStatus:1
02-13 18:08:36.132 D/Mms     (  770): mAutoSendHandler sendEmptyMessageDelayed
02-13 18:08:36.132 D/MobileDataStateTracker(  256): [supl]  MobileDataStateReceiver onReceive(): Entry.
02-13 18:08:36.132 D/MobileDataStateTracker(  256): [supl]  intent.getAction()= android.intent.action.SERVICE_STATE
02-13 18:08:36.132 D/MobileDataStateTracker(  256): [supl]  mEnabled = false
02-13 18:08:36.132 D/MobileDataStateTracker(  256): [mms]  MobileDataStateReceiver onReceive(): Entry.
02-13 18:08:36.132 D/MobileDataStateTracker(  256): [mms]  intent.getAction()= android.intent.action.SERVICE_STATE
02-13 18:08:36.132 D/MobileDataStateTracker(  256): [mms]  mEnabled = false
02-13 18:08:36.142 D/MobileDataStateTracker(  256): [default]  MobileDataStateReceiver onReceive(): Entry.
02-13 18:08:36.142 D/MobileDataStateTracker(  256): [default]  intent.getAction()= android.intent.action.SERVICE_STATE
02-13 18:08:36.142 D/MobileDataStateTracker(  256): [default]  mEnabled = true
02-13 18:08:36.142 D/CallManager(  344):  handleMessage (EVENT_SERVICE_STATE_CHANGED)
02-13 18:08:36.142 E/BT HS/HF(  344): SERVICE_STATE_CHANGED called
02-13 18:08:36.142 E/BT HS/HF(  344): updateServiceState called, sendUpdate:false  ServiceState:0 home Sprint  310099  EvDo rev. A CSS not supported 41 4139RoamInd: 1RoamStatus(sprint): 1DefRoamInd: 160EmergOnly: false
02-13 18:08:36.142 E/BT HS/HF(  344): service:1 mService:1
02-13 18:08:36.152 D/DATA    (  344): [DSST(0)]  registrationState = 1  radioTechnology = 8 reasonForDenial = 0
02-13 18:08:36.152 D/DATA    (  344): [DSST(0)]  set mNewDataConnectionState = 0
02-13 18:08:36.152 D/DATA    (  344): [DSST(0)]  mNewDataConnectionState : 0  mDataConnectionState : 0
02-13 18:08:36.152 D/DATA    (  344): [DSST(0)] Poll ServiceState done: oldSS=[0 home null null null  EvDo rev. A CSS not supported -1 -1RoamInd: -1RoamStatus(sprint): -1DefRoamInd: -1EmergOnly: false] newSS=[0 home null null null  EvDo rev. A CSS not supported -1 -1RoamInd: -1RoamStatus(sprint): -1DefRoamInd: -1EmergOnly: false]
02-13 18:08:36.152 D/DATA    (  344): [DSST(0)]  mDataConnectionState = 0
02-13 18:08:36.152 I/DATA    (  344): [DCT(0) ] onUpdateDataConnections: reason=roamingOff
02-13 18:08:36.152 I/DATA    (  344): [DCT(0) ] ---dc list---
02-13 18:08:36.152 I/DATA    (  344): [DCT(0) ] ---ds list---
02-13 18:08:36.152 I/DATA    (  344): [DCT(0) ] ds= SERVICE_TYPE_DEFAULT, enabled = true, active = v4:IDLE v6:IDLE
02-13 18:08:36.152 I/DATA    (  344): [DCT(0) ] ds= SERVICE_TYPE_MMS, enabled = false, active = v4:IDLE v6:IDLE
02-13 18:08:36.152 I/DATA    (  344): [DCT(0) ] ds= SERVICE_TYPE_SUPL, enabled = false, active = v4:IDLE v6:IDLE
02-13 18:08:36.152 I/DATA    (  344): [DCT(0) ] ds= SERVICE_TYPE_DUN, enabled = false, active = v4:IDLE v6:IDLE
02-13 18:08:36.152 I/DATA    (  344): [DCT(0) ] ds= SERVICE_TYPE_HIPRI, enabled = false, active = v4:IDLE v6:IDLE
02-13 18:08:36.152 I/DATA    (  344): [DCT(0) ] Ready for data : 
02-13 18:08:36.152 I/DATA    (  344): [DCT(0) ]    getDesiredPowerState() = true
02-13 18:08:36.152 I/DATA    (  344): [DCT(0) ]    mCm.getRadioState() = RADIO_ON
02-13 18:08:36.152 I/DATA    (  344): [DCT(0) ]    [DataRadioTech = RADIO_TECH_EVDO_A, data network state = 0, mMasterDataEnabled = true, is Roaming = false, dataOnRoamingEnable = false, isPsRestricted = false, desiredPowerState  = true, mSIMRecords = , cdmaSubSource = 1/310120, mRuimRecords = , checks = true/true]
02-13 18:08:36.152 I/DATA    (  344): [DCT(0) ] trySetupDataCall : ds=SERVICE_TYPE_DEFAULT, ipv=INET, reason=roamingOff
02-13 18:08:36.152 I/DATA    (  344): [SERVICE_TYPE_DEFAULT] Data Profile Chosen:PROFILE_TYPE_3GPP2_NAI
02-13 18:08:36.152 I/DATA    (  344): [DCT(0) ] **choose data profile : [dpt=PROFILE_TYPE_3GPP2_NAI, active=false, 
02-13 18:08:36.152 I/DATA    (  344): [DCT(0) ] disconnectOneLowPriorityDataCall
02-13 18:08:36.152 E/DST     (  344): Error parsing service priority string, ignoring 
02-13 18:08:36.152 E/DST     (  344): Error parsing service priority string, ignoring 
02-13 18:08:36.152 E/DST     (  344): Error parsing service priority string, ignoring 
02-13 18:08:36.152 E/DST     (  344): Error parsing service priority string, ignoring 
02-13 18:08:36.152 I/DATA    (  344): [SERVICE_TYPE_DEFAULT] set newState =  CONNECTINGoldState =  IDLE
02-13 18:08:36.152 D/Phone   (  344): [PhoneNotifier] [DefaultPhoneNotifier] : default, INET, CONNECTING
02-13 18:08:36.162 I/TelephonyRegistry(  256): notifyDataConnection: state=1 isDataConnectivityPossible=true reason=roamingOff interfaceName=null networkType=6 apnType=default apn=null
02-13 18:08:36.162 I/TelephonyRegistry(  256): +++broadcastDataConnectionStateChanged
02-13 18:08:36.162 I/TelephonyRegistry(  256): +++sendStickyBroadcast
02-13 18:08:36.162 D/MobileDataStateTracker(  256): [hipri]  MobileDataStateReceiver onReceive(): Entry.
02-13 18:08:36.162 D/MobileDataStateTracker(  256): [hipri]  intent.getAction()= android.intent.action.ANY_DATA_STATE
02-13 18:08:36.162 D/MobileDataStateTracker(  256): [hipri]  mEnabled = false
02-13 18:08:36.162 D/MobileDataStateTracker(  256): [hipri]  apnTypeList = default
02-13 18:08:36.162 D/MobileDataStateTracker(  256): [hipri]  unavailable = false
02-13 18:08:36.162 D/MobileDataStateTracker(  256): [hipri] Do not process intents if disabled.
02-13 18:08:36.162 D/MobileDataStateTracker(  256): [dun]  MobileDataStateReceiver onReceive(): Entry.
02-13 18:08:36.162 D/MobileDataStateTracker(  256): [dun]  intent.getAction()= android.intent.action.ANY_DATA_STATE
02-13 18:08:36.162 D/MobileDataStateTracker(  256): [dun]  mEnabled = false
02-13 18:08:36.162 D/MobileDataStateTracker(  256): [dun]  apnTypeList = default
02-13 18:08:36.172 D/MobileDataStateTracker(  256): [dun]  unavailable = false
02-13 18:08:36.172 D/MobileDataStateTracker(  256): [dun] Do not process intents if disabled.
02-13 18:08:36.172 D/MobileDataStateTracker(  256): [supl]  MobileDataStateReceiver onReceive(): Entry.
02-13 18:08:36.172 D/MobileDataStateTracker(  256): [supl]  intent.getAction()= android.intent.action.ANY_DATA_STATE
02-13 18:08:36.172 D/MobileDataStateTracker(  256): [supl]  mEnabled = false
02-13 18:08:36.172 D/MobileDataStateTracker(  256): [supl]  apnTypeList = default
02-13 18:08:36.172 D/MobileDataStateTracker(  256): [supl]  unavailable = false
02-13 18:08:36.172 D/MobileDataStateTracker(  256): [supl] Do not process intents if disabled.
02-13 18:08:36.172 D/MobileDataStateTracker(  256): [mms]  MobileDataStateReceiver onReceive(): Entry.
02-13 18:08:36.172 D/MobileDataStateTracker(  256): [mms]  intent.getAction()= android.intent.action.ANY_DATA_STATE
02-13 18:08:36.172 D/MobileDataStateTracker(  256): [mms]  mEnabled = false
02-13 18:08:36.172 D/MobileDataStateTracker(  256): [mms]  apnTypeList = default
02-13 18:08:36.172 D/MobileDataStateTracker(  256): [mms]  unavailable = false
02-13 18:08:36.172 D/MobileDataStateTracker(  256): [mms] Do not process intents if disabled.
02-13 18:08:36.172 D/MobileDataStateTracker(  256): [default]  MobileDataStateReceiver onReceive(): Entry.
02-13 18:08:36.172 D/MobileDataStateTracker(  256): [default]  intent.getAction()= android.intent.action.ANY_DATA_STATE
02-13 18:08:36.172 D/MobileDataStateTracker(  256): [default]  mEnabled = true
02-13 18:08:36.182 D/MobileDataStateTracker(  256): [default]  apnTypeList = default
02-13 18:08:36.182 D/MobileDataStateTracker(  256): [default]  unavailable = false
02-13 18:08:36.182 D/MobileDataStateTracker(  256): [default] CALL updateMobileInfoFromIntent
02-13 18:08:36.182 I/MobileDataStateTracker(  256): [default] dc state change intent received for default/INET with state  CONNECTING. enabled=true state change reason = roamingOff
02-13 18:08:36.182 I/MobileDataStateTracker(  256): [default] old state = DISCONNECTED
02-13 18:08:36.182 I/MobileDataStateTracker(  256): [default] updated mobile state info for INET : [state=CONNECTING, iface=rmnet0, mApnName=null, mIpAddress=/173.155.101.96, mGateway=/173.155.101.97]
02-13 18:08:36.182 D/NetworkStateTracker(  256): setDetailed state, old =DISCONNECTED and new state=CONNECTING
02-13 18:08:36.192 D/PhoneApp(  344): mReceiver: ACTION_ANY_DATA_CONNECTION_STATE_CHANGED
02-13 18:08:36.192 D/PhoneApp(  344): - state: DISCONNECTED
02-13 18:08:36.192 D/PhoneApp(  344): - reason: roamingOff
02-13 18:08:36.192 D/DATA    (  344): [DC cid = 0]DcInactiveState msg.what=EVENT_CONNECT
02-13 18:08:36.192 I/DATA    (  344): [DC cid = 0]Connecting : dataProfile = [dpt=PROFILE_TYPE_3GPP2_NAI, active=false, 
02-13 18:08:36.192 D/DATA    (  344): **NAI profile id :0
02-13 18:08:36.202 D/PhoneApp(  344): old phone type:2, New Phone type:2
02-13 18:08:36.202 D/NotificationMgr(  344): hideDataDisconnectedRoaming()...
02-13 18:08:36.202 D/KeyguardViewMediator(  256): setHidden false
02-13 18:08:36.212 D/KeyguardViewMediator(  256): setHidden false
02-13 18:08:37.784 I/dun_service(  125): process rmnet event
02-13 18:08:37.794 I/dun_service(  125): Post event 3
02-13 18:08:37.794 I/dun_service(  125): received event: DUN_EVENT_RMNET_DOWN 
02-13 18:08:37.794 I/dun_service(  125): received event(DUN_EVENT_RMNET_DOWN) in state(DUN_STATE_USB_UNPLUG)
02-13 18:08:37.794 I/dun_service(  125): Ignoring the event DUN_EVENT_RMNET_DOWN in USB_UNPLUG_STATE
02-13 18:08:37.794 I/dun_service(  125): Moved to state(DUN_STATE_USB_UNPLUG)
02-13 18:08:37.814 E/DHCP    (  128): +++ ifc_configure
02-13 18:08:37.814 I/dun_service(  125): process rmnet event
02-13 18:08:37.824 I/dun_service(  125): Post event 4
02-13 18:08:37.824 I/dun_service(  125): received event: DUN_EVENT_RMNET_UP 
02-13 18:08:37.824 I/dun_service(  125): received event(DUN_EVENT_RMNET_UP) in state(DUN_STATE_USB_UNPLUG)
02-13 18:08:37.824 I/dun_service(  125): Ignoring the event DUN_EVENT_RMNET_UP in USB_UNPLUG_STATE
02-13 18:08:37.824 I/dun_service(  125): Moved to state(DUN_STATE_USB_UNPLUG)
02-13 18:08:37.824 I/dun_service(  125): process rmnet event
02-13 18:08:37.824 I/dun_service(  125): Post event 4
02-13 18:08:37.824 I/dun_service(  125): process rmnet event
02-13 18:08:37.834 I/dun_service(  125): Post event 4
02-13 18:08:37.834 I/dun_service(  125): received event: DUN_EVENT_RMNET_UP 
02-13 18:08:37.834 I/dun_service(  125): received event(DUN_EVENT_RMNET_UP) in state(DUN_STATE_USB_UNPLUG)
02-13 18:08:37.834 I/dun_service(  125): Ignoring the event DUN_EVENT_RMNET_UP in USB_UNPLUG_STATE
02-13 18:08:37.834 I/dun_service(  125): Moved to state(DUN_STATE_USB_UNPLUG)
02-13 18:08:37.834 I/dun_service(  125): received event: DUN_EVENT_RMNET_UP 
02-13 18:08:37.834 I/dun_service(  125): received event(DUN_EVENT_RMNET_UP) in state(DUN_STATE_USB_UNPLUG)
02-13 18:08:37.834 I/dun_service(  125): Ignoring the event DUN_EVENT_RMNET_UP in USB_UNPLUG_STATE
02-13 18:08:37.834 I/dun_service(  125): Moved to state(DUN_STATE_USB_UNPLUG)
02-13 18:08:37.834 E/DHCP    (  128):  +++ create default route
02-13 18:08:37.834 E/DHCP    (  128):  +++ set dns prop 
02-13 18:08:37.864 E/        (  114): cby, conn_id = 0, client_id = 4, service_id = 1
02-13 18:08:37.874 D/DATA    (  344): [DC cid = 0]DcActivatingState msg.what=EVENT_SETUP_DATA_CONNECTION_DONE
02-13 18:08:37.874 D/DATA    (  344): [DC cid = 0]interface=rmnet0 ipAddress=173.155.101.96 gateway=173.155.101.97 DNS1=68.28.67.132 DNS2=68.28.68.132
02-13 18:08:37.874 D/DATA    (  344): [DC cid = 0]DataConnection setup result='SUCCESS' on cid=0
02-13 18:08:37.874 D/DATA    (  344): [DC cid = 0]DcInactiveState: setEnterNoticationParams cp,cause
02-13 18:08:37.874 D/DATA    (  344): [DC cid = 0]DcActiveState: enter notifyConnectCompleted
02-13 18:08:37.874 D/DATA    (  344): [DC cid = 0]notifyConnection at 1329178117885 cause=NONE
02-13 18:08:37.874 I/DATA    (  344): [DCT(0) ] onConnectDone: set mDataCallSetupPending = false
02-13 18:08:37.874 I/DATA    (  344): [DCT(0) ] --------------------------
02-13 18:08:37.874 I/DATA    (  344): [DCT(0) ] Data call setup : SUCCESS
02-13 18:08:37.874 I/DATA    (  344): [DCT(0) ]   data profile  : CDMA NAI 0
02-13 18:08:37.874 I/DATA    (  344): [DCT(0) ]   service type  : SERVICE_TYPE_DEFAULT
02-13 18:08:37.874 I/DATA    (  344): [DCT(0) ]   data call id  : 0
02-13 18:08:37.874 I/DATA    (  344): [DCT(0) ]   ip version    : INET
02-13 18:08:37.874 I/DATA    (  344): [DCT(0) ]   ip address/gw : 173.155.101.96/173.155.101.97
02-13 18:08:37.874 I/DATA    (  344): [DCT(0) ]   dns           : [68.28.67.132, 68.28.68.132]
02-13 18:08:37.874 I/DATA    (  344): [DCT(0) ]   reason   : roamingOff
02-13 18:08:37.874 I/DATA    (  344): [DCT(0) ] --------------------------
02-13 18:08:37.904 I/DATA    (  344): [DCT(0) ] handleConnectedDc() : Cid=0, State=DcActiveState, bearerType=IP, create=1329178117885, lastFail=-1, lastFailCause=NONE, dp=[dpt=PROFILE_TYPE_3GPP2_NAI, active=false, 
02-13 18:08:37.914 I/DATA    (  344): [SERVICE_TYPE_DEFAULT] Service is active on INET through cid=0
02-13 18:08:37.914 I/DATA    (  344): [SERVICE_TYPE_DEFAULT] set newState =  CONNECTEDoldState =  CONNECTING
02-13 18:08:37.914 D/Phone   (  344): [PhoneNotifier] [DefaultPhoneNotifier] : default, INET, CONNECTED
02-13 18:08:37.914 I/TelephonyRegistry(  256): notifyDataConnection: state=2 isDataConnectivityPossible=true reason=roamingOff interfaceName=rmnet0 networkType=6 apnType=default apn=null
02-13 18:08:37.914 I/TelephonyRegistry(  256): +++broadcastDataConnectionStateChanged
02-13 18:08:37.924 I/TelephonyRegistry(  256): +++sendStickyBroadcast
02-13 18:08:37.924 D/MobileDataStateTracker(  256): [hipri]  MobileDataStateReceiver onReceive(): Entry.
02-13 18:08:37.924 D/MobileDataStateTracker(  256): [hipri]  intent.getAction()= android.intent.action.ANY_DATA_STATE
02-13 18:08:37.924 D/MobileDataStateTracker(  256): [hipri]  mEnabled = false
02-13 18:08:37.934 D/MobileDataStateTracker(  256): [hipri]  apnTypeList = default
02-13 18:08:37.934 D/MobileDataStateTracker(  256): [hipri]  unavailable = false
02-13 18:08:37.934 D/MobileDataStateTracker(  256): [hipri] Do not process intents if disabled.
02-13 18:08:37.934 D/MobileDataStateTracker(  256): [dun]  MobileDataStateReceiver onReceive(): Entry.
02-13 18:08:37.934 D/MobileDataStateTracker(  256): [dun]  intent.getAction()= android.intent.action.ANY_DATA_STATE
02-13 18:08:37.934 D/MobileDataStateTracker(  256): [dun]  mEnabled = false
02-13 18:08:37.934 D/MobileDataStateTracker(  256): [dun]  apnTypeList = default
02-13 18:08:37.934 D/MobileDataStateTracker(  256): [dun]  unavailable = false
02-13 18:08:37.934 D/MobileDataStateTracker(  256): [dun] Do not process intents if disabled.
02-13 18:08:37.934 D/MobileDataStateTracker(  256): [supl]  MobileDataStateReceiver onReceive(): Entry.
02-13 18:08:37.934 D/MobileDataStateTracker(  256): [supl]  intent.getAction()= android.intent.action.ANY_DATA_STATE
02-13 18:08:37.934 D/MobileDataStateTracker(  256): [supl]  mEnabled = false
02-13 18:08:37.934 D/MobileDataStateTracker(  256): [supl]  apnTypeList = default
02-13 18:08:37.934 D/MobileDataStateTracker(  256): [supl]  unavailable = false
02-13 18:08:37.934 D/MobileDataStateTracker(  256): [supl] Do not process intents if disabled.
02-13 18:08:37.934 D/MobileDataStateTracker(  256): [mms]  MobileDataStateReceiver onReceive(): Entry.
02-13 18:08:37.934 D/MobileDataStateTracker(  256): [mms]  intent.getAction()= android.intent.action.ANY_DATA_STATE
02-13 18:08:37.934 D/MobileDataStateTracker(  256): [mms]  mEnabled = false
02-13 18:08:37.934 D/MobileDataStateTracker(  256): [mms]  apnTypeList = default
02-13 18:08:37.934 D/MobileDataStateTracker(  256): [mms]  unavailable = false
02-13 18:08:37.934 D/MobileDataStateTracker(  256): [mms] Do not process intents if disabled.
02-13 18:08:37.934 D/MobileDataStateTracker(  256): [default]  MobileDataStateReceiver onReceive(): Entry.
02-13 18:08:37.934 D/MobileDataStateTracker(  256): [default]  intent.getAction()= android.intent.action.ANY_DATA_STATE
02-13 18:08:37.934 D/MobileDataStateTracker(  256): [default]  mEnabled = true
02-13 18:08:37.944 I/DATA    (  344): [SERVICE_TYPE_MMS] Service is active on INET through cid=0
02-13 18:08:37.944 I/DATA    (  344): [SERVICE_TYPE_MMS] set newState =  CONNECTEDoldState =  IDLE
02-13 18:08:37.944 D/Phone   (  344): [PhoneNotifier] [DefaultPhoneNotifier] : mms, INET, CONNECTED
02-13 18:08:37.954 D/MobileDataStateTracker(  256): [default]  apnTypeList = default
02-13 18:08:37.954 D/MobileDataStateTracker(  256): [default]  unavailable = false
02-13 18:08:37.954 D/MobileDataStateTracker(  256): [default] CALL updateMobileInfoFromIntent
02-13 18:08:37.954 I/MobileDataStateTracker(  256): [default] dc state change intent received for default/INET with state  CONNECTED. enabled=true state change reason = roamingOff
02-13 18:08:37.954 I/MobileDataStateTracker(  256): [default] old state = CONNECTING
02-13 18:08:37.954 I/MobileDataStateTracker(  256): [default] updated mobile state info for INET : [state=CONNECTED, iface=rmnet0, mApnName=null, mIpAddress=/173.155.101.96, mGateway=/173.155.101.97]
02-13 18:08:37.954 D/NetworkStateTracker(  256): setDetailed state, old =CONNECTING and new state=CONNECTED
02-13 18:08:37.954 W/NetworkStateTracker(  256): net.tcp.buffersize.evdo not found in system properties. Using defaults
02-13 18:08:37.954 W/NetworkStateTracker(  256): ### addDefaultRoute for iface rmnet0
02-13 18:08:37.954 I/NetworkStateTracker(  256): addDefaultRoute (INET) for mobile (rmnet0), GatewayAddr=173.155.101.97
02-13 18:08:37.964 I/TelephonyRegistry(  256): notifyDataConnection: state=2 isDataConnectivityPossible=true reason=roamingOff interfaceName=rmnet0 networkType=6 apnType=mms apn=null
02-13 18:08:37.964 I/TelephonyRegistry(  256): +++broadcastDataConnectionStateChanged
02-13 18:08:37.964 I/TelephonyRegistry(  256): +++sendStickyBroadcast
02-13 18:08:37.964 D/MobileDataStateTracker(  256): [hipri]  MobileDataStateReceiver onReceive(): Entry.
02-13 18:08:37.964 D/MobileDataStateTracker(  256): [hipri]  intent.getAction()= android.intent.action.ANY_DATA_STATE
02-13 18:08:37.964 D/MobileDataStateTracker(  256): [hipri]  mEnabled = false
02-13 18:08:37.974 D/MobileDataStateTracker(  256): [hipri]  apnTypeList = mms
02-13 18:08:37.974 D/MobileDataStateTracker(  256): [hipri]  unavailable = false
02-13 18:08:37.974 D/MobileDataStateTracker(  256): [hipri] Do not process intents if disabled.
02-13 18:08:37.974 D/MobileDataStateTracker(  256): [dun]  MobileDataStateReceiver onReceive(): Entry.
02-13 18:08:37.974 D/MobileDataStateTracker(  256): [dun]  intent.getAction()= android.intent.action.ANY_DATA_STATE
02-13 18:08:37.974 D/MobileDataStateTracker(  256): [dun]  mEnabled = false
02-13 18:08:37.974 D/MobileDataStateTracker(  256): [dun]  apnTypeList = mms
02-13 18:08:37.974 D/MobileDataStateTracker(  256): [dun]  unavailable = false
02-13 18:08:37.974 D/MobileDataStateTracker(  256): [dun] Do not process intents if disabled.
02-13 18:08:37.974 D/MobileDataStateTracker(  256): [supl]  MobileDataStateReceiver onReceive(): Entry.
02-13 18:08:37.974 D/MobileDataStateTracker(  256): [supl]  intent.getAction()= android.intent.action.ANY_DATA_STATE
02-13 18:08:37.974 D/MobileDataStateTracker(  256): [supl]  mEnabled = false
02-13 18:08:37.974 D/MobileDataStateTracker(  256): [supl]  apnTypeList = mms
02-13 18:08:37.974 D/MobileDataStateTracker(  256): [supl]  unavailable = false
02-13 18:08:37.974 D/MobileDataStateTracker(  256): [supl] Do not process intents if disabled.
02-13 18:08:37.974 D/MobileDataStateTracker(  256): [mms]  MobileDataStateReceiver onReceive(): Entry.
02-13 18:08:37.974 D/MobileDataStateTracker(  256): [mms]  intent.getAction()= android.intent.action.ANY_DATA_STATE
02-13 18:08:37.974 D/MobileDataStateTracker(  256): [mms]  mEnabled = false
02-13 18:08:37.984 I/DATA    (  344): [SERVICE_TYPE_SUPL] Service is active on INET through cid=0
02-13 18:08:37.984 I/DATA    (  344): [SERVICE_TYPE_SUPL] set newState =  CONNECTEDoldState =  IDLE
02-13 18:08:37.984 D/Phone   (  344): [PhoneNotifier] [DefaultPhoneNotifier] : supl, INET, CONNECTED
02-13 18:08:37.984 D/MobileDataStateTracker(  256): [mms]  apnTypeList = mms
02-13 18:08:37.984 D/MobileDataStateTracker(  256): [mms]  unavailable = false
02-13 18:08:37.984 D/MobileDataStateTracker(  256): [mms] Do not process intents if disabled.
02-13 18:08:37.984 D/MobileDataStateTracker(  256): [default]  MobileDataStateReceiver onReceive(): Entry.
02-13 18:08:37.984 D/MobileDataStateTracker(  256): [default]  intent.getAction()= android.intent.action.ANY_DATA_STATE
02-13 18:08:37.984 D/MobileDataStateTracker(  256): [default]  mEnabled = true
02-13 18:08:37.984 D/MobileDataStateTracker(  256): [default]  apnTypeList = mms
02-13 18:08:37.984 D/MobileDataStateTracker(  256): [default]  unavailable = false
02-13 18:08:37.984 D/MobileDataStateTracker(  256): [default] not what we are looking for.
02-13 18:08:37.994 I/TelephonyRegistry(  256): notifyDataConnection: state=2 isDataConnectivityPossible=true reason=roamingOff interfaceName=rmnet0 networkType=6 apnType=supl apn=null
02-13 18:08:37.994 I/TelephonyRegistry(  256): +++broadcastDataConnectionStateChanged
02-13 18:08:37.994 I/TelephonyRegistry(  256): +++sendStickyBroadcast
02-13 18:08:37.994 D/MobileDataStateTracker(  256): [hipri]  MobileDataStateReceiver onReceive(): Entry.
02-13 18:08:37.994 D/MobileDataStateTracker(  256): [hipri]  intent.getAction()= android.intent.action.ANY_DATA_STATE
02-13 18:08:37.994 D/MobileDataStateTracker(  256): [hipri]  mEnabled = false
02-13 18:08:38.004 D/MobileDataStateTracker(  256): [hipri]  apnTypeList = supl
02-13 18:08:38.004 D/MobileDataStateTracker(  256): [hipri]  unavailable = false
02-13 18:08:38.004 D/MobileDataStateTracker(  256): [hipri] Do not process intents if disabled.
02-13 18:08:38.004 D/MobileDataStateTracker(  256): [dun]  MobileDataStateReceiver onReceive(): Entry.
02-13 18:08:38.004 D/MobileDataStateTracker(  256): [dun]  intent.getAction()= android.intent.action.ANY_DATA_STATE
02-13 18:08:38.004 D/MobileDataStateTracker(  256): [dun]  mEnabled = false
02-13 18:08:38.004 D/MobileDataStateTracker(  256): [dun]  apnTypeList = supl
02-13 18:08:38.004 D/MobileDataStateTracker(  256): [dun]  unavailable = false
02-13 18:08:38.004 D/MobileDataStateTracker(  256): [dun] Do not process intents if disabled.
02-13 18:08:38.004 D/MobileDataStateTracker(  256): [supl]  MobileDataStateReceiver onReceive(): Entry.
02-13 18:08:38.004 D/MobileDataStateTracker(  256): [supl]  intent.getAction()= android.intent.action.ANY_DATA_STATE
02-13 18:08:38.004 D/MobileDataStateTracker(  256): [supl]  mEnabled = false
02-13 18:08:38.004 E/NatController(  841): +++child prcess pid = 841, tag = /system/bin/ip
02-13 18:08:38.014 E/NatController(  112): +++ parent2 block wait for child 841 , tag = /system/bin/ip
02-13 18:08:38.014 I/DATA    (  344): [SERVICE_TYPE_HIPRI] Service is active on INET through cid=0
02-13 18:08:38.014 I/DATA    (  344): [SERVICE_TYPE_HIPRI] set newState =  CONNECTEDoldState =  IDLE
02-13 18:08:38.014 D/Phone   (  344): [PhoneNotifier] [DefaultPhoneNotifier] : hipri, INET, CONNECTED
02-13 18:08:38.014 D/MobileDataStateTracker(  256): [supl]  apnTypeList = supl
02-13 18:08:38.014 D/MobileDataStateTracker(  256): [supl]  unavailable = false
02-13 18:08:38.014 D/MobileDataStateTracker(  256): [supl] Do not process intents if disabled.
02-13 18:08:38.014 D/MobileDataStateTracker(  256): [mms]  MobileDataStateReceiver onReceive(): Entry.
02-13 18:08:38.014 D/MobileDataStateTracker(  256): [mms]  intent.getAction()= android.intent.action.ANY_DATA_STATE
02-13 18:08:38.014 D/MobileDataStateTracker(  256): [mms]  mEnabled = false
02-13 18:08:38.014 D/MobileDataStateTracker(  256): [mms]  apnTypeList = supl
02-13 18:08:38.014 D/MobileDataStateTracker(  256): [mms]  unavailable = false
02-13 18:08:38.014 D/MobileDataStateTracker(  256): [mms] Do not process intents if disabled.
02-13 18:08:38.014 D/MobileDataStateTracker(  256): [default]  MobileDataStateReceiver onReceive(): Entry.
02-13 18:08:38.014 D/MobileDataStateTracker(  256): [default]  intent.getAction()= android.intent.action.ANY_DATA_STATE
02-13 18:08:38.014 D/MobileDataStateTracker(  256): [default]  mEnabled = true
02-13 18:08:38.014 D/MobileDataStateTracker(  256): [default]  apnTypeList = supl
02-13 18:08:38.014 D/MobileDataStateTracker(  256): [default]  unavailable = false
02-13 18:08:38.014 D/MobileDataStateTracker(  256): [default] not what we are looking for.
02-13 18:08:38.024 I/TelephonyRegistry(  256): notifyDataConnection: state=2 isDataConnectivityPossible=true reason=roamingOff interfaceName=rmnet0 networkType=6 apnType=hipri apn=null
02-13 18:08:38.024 I/TelephonyRegistry(  256): +++broadcastDataConnectionStateChanged
02-13 18:08:38.024 I/TelephonyRegistry(  256): +++sendStickyBroadcast
02-13 18:08:38.034 I/DATA    (  344): [DCT(0) ] onConnectDone: update dc reason = roamingOff
02-13 18:08:38.034 D/PhoneApp(  344): mReceiver: ACTION_ANY_DATA_CONNECTION_STATE_CHANGED
02-13 18:08:38.034 D/PhoneApp(  344): - state: CONNECTED
02-13 18:08:38.034 D/PhoneApp(  344): - reason: roamingOff
02-13 18:08:38.034 I/DATA    (  344): [DCT(0) ] onDataCallListChanged:
02-13 18:08:38.034 I/DATA    (  344): [DCT(0) ] ---dc state list---
02-13 18:08:38.034 I/DATA    (  344): [DCT(0) ] DataCallState: { cid: 0, active: 2, type: , apn: , address: 173.155.101.96 }
02-13 18:08:38.034 I/DATA    (  344): [DCT(0) ] ---dc list---
02-13 18:08:38.034 I/DATA    (  344): [DCT(0) ] cid = 0, state = DcActiveState, bearerType = IP, ipaddress = 173.155.101.96, gw=173.155.101.97, dns=[68.28.67.132, 68.28.68.132]
02-13 18:08:38.034 E/NatController(  112): ## waited wpid = 841
02-13 18:08:38.034 E/NatController(  112):  exit status = 0
02-13 18:08:38.034 D/MobileDataStateTracker(  256): [hipri]  MobileDataStateReceiver onReceive(): Entry.
02-13 18:08:38.034 D/MobileDataStateTracker(  256): [hipri]  intent.getAction()= android.intent.action.ANY_DATA_STATE
02-13 18:08:38.034 D/MobileDataStateTracker(  256): [hipri]  mEnabled = false
02-13 18:08:38.034 D/MobileDataStateTracker(  256): [hipri]  apnTypeList = hipri
02-13 18:08:38.034 D/MobileDataStateTracker(  256): [hipri]  unavailable = false
02-13 18:08:38.034 D/MobileDataStateTracker(  256): [hipri] Do not process intents if disabled.
02-13 18:08:38.034 D/MobileDataStateTracker(  256): [dun]  MobileDataStateReceiver onReceive(): Entry.
02-13 18:08:38.034 D/MobileDataStateTracker(  256): [dun]  intent.getAction()= android.intent.action.ANY_DATA_STATE
02-13 18:08:38.034 D/MobileDataStateTracker(  256): [dun]  mEnabled = false
02-13 18:08:38.044 D/MobileDataStateTracker(  256): [dun]  apnTypeList = hipri
02-13 18:08:38.044 D/MobileDataStateTracker(  256): [dun]  unavailable = false
02-13 18:08:38.044 D/MobileDataStateTracker(  256): [dun] Do not process intents if disabled.
02-13 18:08:38.044 D/MobileDataStateTracker(  256): [supl]  MobileDataStateReceiver onReceive(): Entry.
02-13 18:08:38.044 D/MobileDataStateTracker(  256): [supl]  intent.getAction()= android.intent.action.ANY_DATA_STATE
02-13 18:08:38.044 D/MobileDataStateTracker(  256): [supl]  mEnabled = false
02-13 18:08:38.044 D/MobileDataStateTracker(  256): [supl]  apnTypeList = hipri
02-13 18:08:38.044 D/MobileDataStateTracker(  256): [supl]  unavailable = false
02-13 18:08:38.044 D/MobileDataStateTracker(  256): [supl] Do not process intents if disabled.
02-13 18:08:38.044 D/MobileDataStateTracker(  256): [mms]  MobileDataStateReceiver onReceive(): Entry.
02-13 18:08:38.044 D/MobileDataStateTracker(  256): [mms]  intent.getAction()= android.intent.action.ANY_DATA_STATE
02-13 18:08:38.044 D/MobileDataStateTracker(  256): [mms]  mEnabled = false
02-13 18:08:38.044 D/MobileDataStateTracker(  256): [mms]  apnTypeList = hipri
02-13 18:08:38.044 D/MobileDataStateTracker(  256): [mms]  unavailable = false
02-13 18:08:38.044 D/MobileDataStateTracker(  256): [mms] Do not process intents if disabled.
02-13 18:08:38.044 D/MobileDataStateTracker(  256): [default]  MobileDataStateReceiver onReceive(): Entry.
02-13 18:08:38.044 D/MobileDataStateTracker(  256): [default]  intent.getAction()= android.intent.action.ANY_DATA_STATE
02-13 18:08:38.044 D/MobileDataStateTracker(  256): [default]  mEnabled = true
02-13 18:08:38.054 D/PhoneApp(  344): mReceiver: ACTION_ANY_DATA_CONNECTION_STATE_CHANGED
02-13 18:08:38.054 D/PhoneApp(  344): - state: CONNECTED
02-13 18:08:38.054 D/PhoneApp(  344): - reason: roamingOff
02-13 18:08:38.054 D/PhoneApp(  344): mReceiver: ACTION_ANY_DATA_CONNECTION_STATE_CHANGED
02-13 18:08:38.054 D/PhoneApp(  344): - state: CONNECTED
02-13 18:08:38.054 D/PhoneApp(  344): - reason: roamingOff
02-13 18:08:38.054 D/PhoneApp(  344): mReceiver: ACTION_ANY_DATA_CONNECTION_STATE_CHANGED
02-13 18:08:38.054 D/PhoneApp(  344): - state: CONNECTED
02-13 18:08:38.054 D/PhoneApp(  344): - reason: roamingOff
02-13 18:08:38.054 I/DATA    (  344): [DCT(0) ] onUpdateDataConnections: reason=roamingOff
02-13 18:08:38.054 I/DATA    (  344): [DCT(0) ] ---dc list---
02-13 18:08:38.054 I/DATA    (  344): [DCT(0) ] cid = 0, state = DcActiveState, bearerType = IP, ipaddress = 173.155.101.96, gw=173.155.101.97, dns=[68.28.67.132, 68.28.68.132]
02-13 18:08:38.054 I/DATA    (  344): [DCT(0) ] ---ds list---
02-13 18:08:38.054 I/DATA    (  344): [DCT(0) ] ds= SERVICE_TYPE_DEFAULT, enabled = true, active = v4:CONNECTED(0) v6:IDLE
02-13 18:08:38.054 I/DATA    (  344): [DCT(0) ] ds= SERVICE_TYPE_MMS, enabled = false, active = v4:CONNECTED(0) v6:IDLE
02-13 18:08:38.054 I/DATA    (  344): [DCT(0) ] ds= SERVICE_TYPE_SUPL, enabled = false, active = v4:CONNECTED(0) v6:IDLE
02-13 18:08:38.054 E/NatController(  842): +++child prcess pid = 842, tag = /system/bin/ip
02-13 18:08:38.054 E/NatController(  112): +++ parent2 block wait for child 842 , tag = /system/bin/ip
02-13 18:08:38.054 D/MobileDataStateTracker(  256): [default]  apnTypeList = hipri
02-13 18:08:38.054 D/MobileDataStateTracker(  256): [default]  unavailable = false
02-13 18:08:38.054 D/MobileDataStateTracker(  256): [default] not what we are looking for.
02-13 18:08:38.054 I/DATA    (  344): [DCT(0) ] ds= SERVICE_TYPE_DUN, enabled = false, active = v4:IDLE v6:IDLE
02-13 18:08:38.054 I/DATA    (  344): [DCT(0) ] ds= SERVICE_TYPE_HIPRI, enabled = false, active = v4:CONNECTED(0) v6:IDLE
02-13 18:08:38.054 I/DATA    (  344): [DCT(0) ] Ready for data : 
02-13 18:08:38.054 I/DATA    (  344): [DCT(0) ]    getDesiredPowerState() = true
02-13 18:08:38.054 I/DATA    (  344): [DCT(0) ]    mCm.getRadioState() = RADIO_ON
02-13 18:08:38.054 I/DATA    (  344): [DCT(0) ]    [DataRadioTech = RADIO_TECH_EVDO_A, data network state = 0, mMasterDataEnabled = true, is Roaming = false, dataOnRoamingEnable = false, isPsRestricted = false, desiredPowerState  = true, mSIMRecords = , cdmaSubSource = 1/310120, mRuimRecords = , checks = true/true]
02-13 18:08:38.054 D/PhoneApp(  344): old phone type:2, New Phone type:2
02-13 18:08:38.054 D/NotificationMgr(  344): hideDataDisconnectedRoaming()...
02-13 18:08:38.064 E/NatController(  112): ## waited wpid = 842
02-13 18:08:38.064 E/NatController(  112):  exit status = 0
02-13 18:08:38.064 W/NetworkStateTracker(  256): ### addDefaultRoute for iface null
02-13 18:08:38.064 W/NetworkStateTracker(  256):  skip addDefaultRoute. 
02-13 18:08:38.064 D/Tethering(  256): MasterInitialState.processMessage what=3
02-13 18:08:38.074 D/GTalkService(  377): ##### Network broadcast (connected=true) type=mobile, state=CONNECTED
02-13 18:08:38.084 I/MediaUploader(  670): No need to wake up
02-13 18:08:38.094 D/PhoneApp(  344): old phone type:2, New Phone type:2
02-13 18:08:38.094 D/NotificationMgr(  344): hideDataDisconnectedRoaming()...
02-13 18:08:38.094 D/PhoneApp(  344): old phone type:2, New Phone type:2
02-13 18:08:38.094 D/NotificationMgr(  344): hideDataDisconnectedRoaming()...
02-13 18:08:38.094 D/PhoneApp(  344): old phone type:2, New Phone type:2
02-13 18:08:38.094 D/NotificationMgr(  344): hideDataDisconnectedRoaming()...
02-13 18:08:38.124 D/GpsLocationProvider(  256): updateNetworkState available info: NetworkInfo: type: mobile[CDMA - EvDo rev. A], state: CONNECTED/CONNECTED, reason: roamingOff, extra: (none), roaming: false, failover: false, isAvailable: true, isIpv4Connected: true, isIpv6Connected: false, ipv4Name: rmnet0, ipv6Name: null
02-13 18:08:38.134 D/PicasaSyncManager(  680): active network: NetworkInfo: type: mobile[CDMA - EvDo rev. A], state: CONNECTED/CONNECTED, reason: roamingOff, extra: (none), roaming: false, failover: false, isAvailable: true, isIpv4Connected: true, isIpv6Connected: false, ipv4Name: rmnet0, ipv6Name: null
02-13 18:08:38.134 D/PicasaSyncManager(  680): background data: true
02-13 18:08:38.204 D/AlarmManager(  256): +++Alarm set:type=0 com.google.android.gsf  Trigger after:508163753ms
02-13 18:08:38.204 D/GpsLocationProvider(  256): getAGpsConnectionInfo connType - 3
02-13 18:08:38.754 W/AlarmManager(  256): +++Alarm  wakeup phone ,pkg=com.google.android.gsf
02-13 18:08:38.754 I/GTalkService(  377): [GTalkConnection.24] (WORKER THREAD) update account status
02-13 18:08:38.764 I/GTalkService(  377): [GTalkConnection.1] setInternalNetworkState: type=0, state=CONNECTED
02-13 18:08:38.764 D/GTalkService/c(  377): [GTalkConnection.1] connect: acquire wakelock, async connect...
02-13 18:08:38.764 I/GTalkService(  377): [GTalkConnection.1] acquireAsyncWakeLock: WakeLock{40580ab0 held=true, refCount=0}
02-13 18:08:38.774 W/AlarmManager(  256): +++alarm onSendFinished ,action=com.google.android.intent.action.GTALK_RECONNECT
02-13 18:08:38.835 I/ContactsProvider(  394): updateInTransaction: content://com.android.contacts/status_updates
02-13 18:08:38.865 I/GTalkService(  377): [GTalkConnection.24] (WORKER THREAD) update account status - done, took 104 ms
02-13 18:08:38.865 I/GTalkService(  377): doConnect: start...
02-13 18:08:39.695 I/GTalkService(  377): connectionEstablished
02-13 18:08:39.705 D/AlarmManager(  256): +++Alarm set:type=2 com.google.android.gsf  Trigger after:1679997ms
02-13 18:08:39.705 I/GTalkService(  377): [GTalkConnection.24] connectionEstablished: release wakelock
02-13 18:08:39.715 I/GTalkService(  377): [GTalkConnection.24] releaseAsyncWakeLock: clear timer: WakeLock{40580ab0 held=false, refCount=0}
02-13 18:08:39.725 I/GTalkService(  377): [GTalkConnection.24] (WORKER THREAD) update account status
02-13 18:08:39.775 I/ContactsProvider(  394): updateInTransaction: content://com.android.contacts/status_updates
02-13 18:08:39.866 I/GTalkService(  377): [GTalkConnection.24] (WORKER THREAD) update account status - done, took 137 ms
02-13 18:08:40.166 D/CallNotifier(  344): onMwiChanged(): true
02-13 18:08:40.166 D/NotificationMgr(  344): updateMwi(): true
02-13 18:08:40.166 D/NotificationMgr(  344): - got vm number: '9132005928' on Subscription: 0
02-13 18:08:40.186 D/NotificationMgr(  344): shouldVibrate = true
02-13 18:08:40.186 D/NotificationMgr(  344): isVoiceMailBlink
02-13 18:08:40.216 D/KeyguardViewMediator(  256): setHidden false
02-13 18:08:40.226 D/KeyguardViewMediator(  256): setHidden false
02-13 18:08:41.137 D/Mms     (  770): doAutoSend
02-13 18:08:42.848 I/vDM     (  466): KeyCode = 4
02-13 18:08:42.858 I/vDM     (  466): Vdmc getInstance
02-13 18:08:42.858 I/vDM     (  466): Vdmc getInstance
02-13 18:08:42.858 D/DMC     (  466): MyCIMMI getInstance
02-13 18:08:42.858 I/vDM     (  466): Vdmc getInstance
02-13 18:08:42.999 D/KeyguardViewMediator(  256): setHidden false
02-13 18:08:43.009 D/KeyguardViewMediator(  256): setHidden false
02-13 18:08:43.009 I/vDM     (  466): KeyCode = 4
02-13 18:08:43.009 D/KeyguardViewMediator(  256): setHidden false
02-13 18:08:43.019 I/vDM     (  466): Vdmc getInstance
02-13 18:08:43.019 I/vDM     (  466): Vdmc getInstance
02-13 18:08:43.019 D/DMC     (  466): MyCIMMI getInstance
02-13 18:08:43.029 D/KeyguardViewMediator(  256): setHidden false
02-13 18:08:43.029 I/vDM     (  466): Vdmc getInstance
02-13 18:08:43.049 D/KeyguardViewMediator(  256): setHidden false
02-13 18:08:43.059 D/KeyguardViewMediator(  256): setHidden false
02-13 18:08:43.079 D/KeyguardViewMediator(  256): setHidden false
02-13 18:08:43.089 D/KeyguardViewMediator(  256): setHidden false
02-13 18:08:43.109 D/KeyguardViewMediator(  256): setHidden false
02-13 18:08:43.129 D/KeyguardViewMediator(  256): setHidden false
02-13 18:08:43.139 D/KeyguardViewMediator(  256): setHidden false
02-13 18:08:43.159 D/KeyguardViewMediator(  256): setHidden false
02-13 18:08:43.179 D/KeyguardViewMediator(  256): setHidden false
02-13 18:08:44.880 D/Mms     (  770): [32] markAsRead: update read/seen for thread uri: content://mms-sms/conversations/1
02-13 18:08:44.900 E/Database(  344): Error updating seen=1 read=1 using UPDATE threads SET seen=?, read=? WHERE _id=1
02-13 18:08:44.920 D/Mms:app (  770): mCmasCursor.getCount() =0
02-13 18:08:44.920 D/Mms:app (  770): in updateCmasNotifications--unreadCMASCursor.getCount() <= 0
02-13 18:08:44.930 I/Mms:app (  770): pengzhe updateDownloadFailedNotification getDownloadFailedMessageCount =0
02-13 18:08:45.061 D/Mms     (  770): formatTimeStampString1 ,when = 1329178087233
02-13 18:08:45.061 D/Mms     (  770): formatTimeStampString2 ,when = 1329178087233
02-13 18:08:45.071 D/Mms     (  770): formatTimeStampString1 ,when = 1329178068046
02-13 18:08:45.071 D/Mms     (  770): formatTimeStampString2 ,when = 1329178068046
02-13 18:08:45.071 D/MessageItem(  770): MessageItem ,expiryDate = 0
02-13 18:08:45.081 D/Mms     (  770): formatTimeStampString1 ,when = 1329176115363
02-13 18:08:45.081 D/Mms     (  770): formatTimeStampString2 ,when = 1329176115363
02-13 18:08:45.091 D/MessageItem(  770): MessageItem ,expiryDate = 0
02-13 18:08:45.091 D/Mms     (  770): formatTimeStampString1 ,when = 1329175741634
02-13 18:08:45.091 D/Mms     (  770): formatTimeStampString2 ,when = 1329175741634
02-13 18:08:45.091 D/MessageItem(  770): MessageItem ,expiryDate = 0
02-13 18:08:45.101 D/Mms     (  770): formatTimeStampString1 ,when = 1329175316737
02-13 18:08:45.101 D/Mms     (  770): formatTimeStampString2 ,when = 1329175316737
02-13 18:08:45.111 D/MessageItem(  770): MessageItem ,expiryDate = 0
02-13 18:08:45.131 D/Bitmap  (  770): Detect unrecycled bitmap.
02-13 18:08:45.131 D/Bitmap  (  770):       Size: 49248 Bytes, Width: 304 , Height: 81 , Hash code: 1080195464
02-13 18:08:45.131 D/Bitmap  (  770):  This bimap was created in:
02-13 18:08:45.131 D/Bitmap  (  770):       android.graphics.Bitmap.<init>(Bitmap.java:136)
02-13 18:08:45.131 D/Bitmap  (  770):       android.graphics.Bitmap.nativeCreate(Native Method)
02-13 18:08:45.131 D/Bitmap  (  770):       android.graphics.Bitmap.createBitmap(Bitmap.java:547)
02-13 18:08:45.131 D/Bitmap  (  770):       android.view.View.buildDrawingCache(View.java:6577)
02-13 18:08:45.131 D/Bitmap  (  770):       android.view.View.getDrawingCache(View.java:6428)
02-13 18:08:45.131 D/Bitmap  (  770):       android.view.ViewGroup.drawChild(ViewGroup.java:1574)
02-13 18:08:45.131 D/Bitmap  (  770):       android.view.ViewGroup.dispatchDraw(ViewGroup.java:1376)
02-13 18:08:45.131 D/Bitmap  (  770):       android.widget.AbsListView.dispatchDraw(AbsListView.java:1480)
02-13 18:08:45.131 D/Bitmap  (  770):       android.widget.ListView.dispatchDraw(ListView.java:3138)
02-13 18:08:45.131 D/Bitmap  (  770):       android.view.View.draw(View.java:6883)
02-13 18:08:45.131 D/Bitmap  (  770):       android.widget.AbsListView.draw(AbsListView.java:2588)
02-13 18:08:45.131 D/Bitmap  (  770):       android.view.ViewGroup.drawChild(ViewGroup.java:1649)
02-13 18:08:45.131 D/Bitmap  (  770):       android.view.ViewGroup.dispatchDraw(ViewGroup.java:1376)
02-13 18:08:45.131 D/Bitmap  (  770):       android.view.ViewGroup.drawChild(ViewGroup.java:1647)
02-13 18:08:45.131 D/Bitmap  (  770):       android.view.ViewGroup.dispatchDraw(ViewGroup.java:1376)
