02-13 18:04:15.823 I/DEBUG   (  113): debuggerd: Feb  6 2012 09:39:32
02-13 18:04:16.023 E/rmt_storage(  137): rmt_storage force sync
02-13 18:04:16.023 E/rmt_storage(  137): [MyTag]open: fd=11
02-13 18:04:16.093 I/dun_service(  125): The value returned from dun_getusbmodemstate_fromsys is 2 
02-13 18:04:16.093 I/dun_service(  125): modem is present in configuration
02-13 18:04:16.093 I/dun_service(  125): The value returned from dun_getusbstate_fromsys is 1 
02-13 18:04:16.093 I/dun_service(  125): Post event 1
02-13 18:04:16.093 I/dun_service(  125): received event: DUN_EVENT_USB_UNPLUG 
02-13 18:04:16.093 I/dun_service(  125): received event(DUN_EVENT_USB_UNPLUG) in state(DUN_STATE_USB_UNPLUG)
02-13 18:04:16.093 I/dun_service(  125): Ignoring the event DUN_EVENT_USB_UNPLUG in USB_UNPLUG_STATE
02-13 18:04:16.093 I/dun_service(  125): Moved to state(DUN_STATE_USB_UNPLUG)
02-13 18:04:16.093 I/dun_service(  125): Post event 3
02-13 18:04:16.093 I/dun_service(  125): received event: DUN_EVENT_RMNET_DOWN 
02-13 18:04:16.093 I/dun_service(  125): received event(DUN_EVENT_RMNET_DOWN) in state(DUN_STATE_USB_UNPLUG)
02-13 18:04:16.093 I/dun_service(  125): Ignoring the event DUN_EVENT_RMNET_DOWN in USB_UNPLUG_STATE
02-13 18:04:16.093 I/dun_service(  125): Moved to state(DUN_STATE_USB_UNPLUG)
02-13 18:04:16.223 I/dun_service(  125): The value returned from dun_getusbmodemstate_fromsys is 2 
02-13 18:04:16.223 I/dun_service(  125): The value returned from dun_getusbmodemstate_fromsys is 2 
02-13 18:04:16.223 I/dun_service(  125): The value returned from dun_getusbmodemstate_fromsys is 2 
02-13 18:04:16.233 E/        (  131): 
02-13 18:04:16.233 E/        (  131): 		=========================
02-13 18:04:16.233 E/        (  131): 
02-13 18:04:16.233 E/        (  131): 		Starting SPRINT Test App
02-13 18:04:16.233 E/        (  131): 
02-13 18:04:16.233 E/        (  131): 		=========================
02-13 18:04:16.233 E/        (  131): 
02-13 18:04:16.233 E/        (  131):  Calling LSM init 
02-13 18:04:16.233 E/        (  131): SPRINT Test App: Diag_LSM_Init succeeded. 
02-13 18:04:16.233 E/        (  131): zhaobin: sprintdiag_qmi_vs_client_init entered 
02-13 18:04:16.233 E/        (  131): Trying qmi_init() for (0-referenced) try # 0 
02-13 18:04:16.243 E/        (  131): sprintdiag_qmi_init_vs_client_handles entered
02-13 18:04:16.243 I/dun_service(  125): The value returned from dun_getusbmodemstate_fromsys is 2 
02-13 18:04:16.243 I/dun_service(  125): The value returned from dun_getusbmodemstate_fromsys is 2 
02-13 18:04:16.243 I/dun_service(  125): The value returned from dun_getusbmodemstate_fromsys is 2 
02-13 18:04:16.243 I/dun_service(  125): The value returned from dun_getusbmodemstate_fromsys is 2 
02-13 18:04:16.253 E/        (  131): cby, conn_id = 0, client_id = 1, service_id = 228
02-13 18:04:16.253 I/dun_service(  125): The value returned from dun_getusbmodemstate_fromsys is 2 
02-13 18:04:16.253 I/dun_service(  125): The value returned from dun_getusbmodemstate_fromsys is 2 
02-13 18:04:16.253 I/dun_service(  125): The value returned from dun_getusbmodemstate_fromsys is 2 
02-13 18:04:16.253 I/dun_service(  125): The value returned from dun_getusbmodemstate_fromsys is 2 
02-13 18:04:16.253 I/dun_service(  125): The value returned from dun_getusbmodemstate_fromsys is 2 
02-13 18:04:16.253 I/dun_service(  125): The value returned from dun_getusbmodemstate_fromsys is 2 
02-13 18:04:16.253 I/dun_service(  125): The value returned from dun_getusbmodemstate_fromsys is 2 
02-13 18:04:16.263 I/dun_service(  125): The value returned from dun_getusbmodemstate_fromsys is 2 
02-13 18:04:16.263 I/dun_service(  125): The value returned from dun_getusbmodemstate_fromsys is 2 
02-13 18:04:16.263 E/        (  131): sprintdiag_qmi_init_vs_client_handles completed with 0
02-13 18:04:16.263 E/        (  131): zhaobin: sprintdiag_qmi_vs_client_init completed with 0
02-13 18:04:16.263 I/dun_service(  125): The value returned from dun_getusbmodemstate_fromsys is 2 
02-13 18:04:16.283 I/dun_service(  125): The value returned from dun_getusbmodemstate_fromsys is 2 
02-13 18:04:16.283 I/dun_service(  125): The value returned from dun_getusbmodemstate_fromsys is 2 
02-13 18:04:16.313 I/dun_service(  125): The value returned from dun_getusbmodemstate_fromsys is 2 
02-13 18:04:16.313 I/dun_service(  125): The value returned from dun_getusbmodemstate_fromsys is 2 
02-13 18:04:16.313 I/dun_service(  125): The value returned from dun_getusbmodemstate_fromsys is 2 
02-13 18:04:16.313 I/dun_service(  125): The value returned from dun_getusbmodemstate_fromsys is 2 
02-13 18:04:16.313 I/dun_service(  125): The value returned from dun_getusbmodemstate_fromsys is 2 
02-13 18:04:16.313 I/dun_service(  125): The value returned from dun_getusbmodemstate_fromsys is 2 
02-13 18:04:16.313 I/dun_service(  125): The value returned from dun_getusbmodemstate_fromsys is 2 
02-13 18:04:16.313 I/dun_service(  125): The value returned from dun_getusbmodemstate_fromsys is 2 
02-13 18:04:16.313 I/dun_service(  125): The value returned from dun_getusbmodemstate_fromsys is 2 
02-13 18:04:16.313 I/dun_service(  125): The value returned from dun_getusbmodemstate_fromsys is 2 
02-13 18:04:16.313 I/dun_service(  125): The value returned from dun_getusbmodemstate_fromsys is 2 
02-13 18:04:16.313 I/dun_service(  125): The value returned from dun_getusbmodemstate_fromsys is 2 
02-13 18:04:16.313 I/dun_service(  125): The value returned from dun_getusbmodemstate_fromsys is 2 
02-13 18:04:16.313 I/dun_service(  125): The value returned from dun_getusbmodemstate_fromsys is 2 
02-13 18:04:16.313 I/dun_service(  125): The value returned from dun_getusbmodemstate_fromsys is 2 
02-13 18:04:16.323 I/dun_service(  125): The value returned from dun_getusbmodemstate_fromsys is 2 
02-13 18:04:16.323 I/dun_service(  125): The value returned from dun_getusbmodemstate_fromsys is 2 
02-13 18:04:16.323 I/dun_service(  125): The value returned from dun_getusbmodemstate_fromsys is 2 
02-13 18:04:16.374 D/loc_api_app(  124): loc_api_app_msg Using INI file: /etc/loc_parameter.ini
02-13 18:04:16.374 D/loc_api_app(  124): loc_api_app_msg PARAM use_logcat = 1
02-13 18:04:16.374 D/loc_api_app(  124): loc_api_app_msg PARAM event_mask = 65535
02-13 18:04:16.374 D/loc_api_app(  124): loc_api_app_msg PARAM nmea_sentence_mask = 31
02-13 18:04:16.374 D/loc_api_app(  124): loc_api_app_msg PARAM engine_lock = 0
02-13 18:04:16.374 D/loc_api_app(  124): loc_api_app_msg PARAM operation_mode = 4
02-13 18:04:16.374 D/loc_api_app(  124): loc_api_app_msg PARAM fix_session_type = 0
02-13 18:04:16.374 D/loc_api_app(  124): loc_api_app_msg PARAM time_between_fixes = 60
02-13 18:04:16.374 D/loc_api_app(  124): loc_api_app_msg PARAM accuracy_threshold = 255
02-13 18:04:16.374 D/loc_api_app(  124): loc_api_app_msg PARAM fix_timeout = 60
02-13 18:04:16.374 D/loc_api_app(  124): loc_api_app_msg PARAM enable_auto_download = 1
02-13 18:04:16.374 D/loc_api_app(  124): loc_api_app_msg PARAM auto_download_period = 1
02-13 18:04:16.374 D/loc_api_app(  124): loc_api_app_msg PARAM xtra_server_addr = 216.187.118.37
02-13 18:04:16.374 D/loc_api_app(  124): loc_api_app_msg PARAM data_request_reply = 0
02-13 18:04:16.374 D/loc_api_app(  124): loc_api_app_msg PARAM umts_profile_number = 0
02-13 18:04:16.404 D/loc_api_app(  124): loc_api_app_msg PARAM apn_name = 
02-13 18:04:16.604 E/        (  114): cby, conn_id = 0, client_id = 1, service_id = 9
02-13 18:04:16.614 E/        (  114): cby, conn_id = 0, client_id = 1, service_id = 2
02-13 18:04:16.624 E/        (  114): cby, conn_id = 0, client_id = 1, service_id = 3
02-13 18:04:16.644 E/        (  114): cby, conn_id = 0, client_id = 1, service_id = 12
02-13 18:04:16.674 E/        (  114): cby, conn_id = 0, client_id = 1, service_id = 5
02-13 18:04:16.804 I/DMM     (  208): DMM Disabled. movable_start_bytes not set: 0 
02-13 18:04:16.894 E/        (  114): cby, conn_id = 1, client_id = 1, service_id = 11
02-13 18:04:16.904 E/rmt_storage(  137): block rmt_storage client thread
02-13 18:04:16.914 I/DMM     (  210): Self-Refresh-Only Disabled. low_power_memory_start_bytes not set:0 
02-13 18:04:17.024 E/        (  114): cby, conn_id = 1, client_id = 1, service_id = 10
02-13 18:04:17.024 E/        (  114): cby, conn_id = 0, client_id = 1, service_id = 1
02-13 18:04:17.024 E/        (  114): cby, conn_id = 1, client_id = 1, service_id = 1
02-13 18:04:17.024 E/        (  114): cby, conn_id = 2, client_id = 1, service_id = 1
02-13 18:04:17.034 E/        (  114): cby, conn_id = 3, client_id = 1, service_id = 1
02-13 18:04:17.034 E/        (  114): cby, conn_id = 4, client_id = 1, service_id = 1
02-13 18:04:17.034 E/        (  114): cby, conn_id = 1, client_id = 2, service_id = 1
02-13 18:04:17.034 E/        (  114): cby, conn_id = 1, client_id = 3, service_id = 1
02-13 18:04:18.325 D/AudioHardwareMSM7X30(  116): msm_mixer_open: Opening the device
02-13 18:04:18.325 D/AudioHardwareMSM7X30(  116): msm_mixer_count:mixer_cnt =40
02-13 18:04:18.325 E/AudioHardwareMSM7X30(  116): index = 0
02-13 18:04:18.325 E/AudioHardwareMSM7X30(  116): Found device: handset_rx:index = 0,dev_id: 0
02-13 18:04:18.325 E/AudioHardwareMSM7X30(  116): class ID = 0,capablity = 5 for device 0
02-13 18:04:18.325 E/AudioHardwareMSM7X30(  116): index = 1
02-13 18:04:18.325 E/AudioHardwareMSM7X30(  116): Found device: handset_tx:index = 1,dev_id: 1
02-13 18:04:18.325 E/AudioHardwareMSM7X30(  116): class ID = 0,capablity = 6 for device 1
02-13 18:04:18.325 E/AudioHardwareMSM7X30(  116): index = 19
02-13 18:04:18.325 E/AudioHardwareMSM7X30(  116): Found device: hac_rx:index = 19,dev_id: 2
02-13 18:04:18.325 E/AudioHardwareMSM7X30(  116): class ID = 0,capablity = 5 for device 2
02-13 18:04:18.325 E/AudioHardwareMSM7X30(  116): index = 2
02-13 18:04:18.325 E/AudioHardwareMSM7X30(  116): Found device: speaker_stereo_rx:index = 2,dev_id: 3
02-13 18:04:18.325 E/AudioHardwareMSM7X30(  116): class ID = 0,capablity = 5 for device 3
02-13 18:04:18.325 E/AudioHardwareMSM7X30(  116): index = 5
02-13 18:04:18.325 E/AudioHardwareMSM7X30(  116): Found device: headset_mono_tx:index = 5,dev_id: 4
02-13 18:04:18.325 E/AudioHardwareMSM7X30(  116): class ID = 0,capablity = 6 for device 4
02-13 18:04:18.325 E/AudioHardwareMSM7X30(  116): index = 16
02-13 18:04:18.325 E/AudioHardwareMSM7X30(  116): Found device: fmradio_stereo_rx:index = 16,dev_id: 6
02-13 18:04:18.325 E/AudioHardwareMSM7X30(  116): class ID = 3,capablity = 1 for device 6
02-13 18:04:18.325 E/AudioHardwareMSM7X30(  116): index = 14
02-13 18:04:18.325 E/AudioHardwareMSM7X30(  116): Found device: fmradio_stereo_tx:index = 14,dev_id: 7
02-13 18:04:18.325 E/AudioHardwareMSM7X30(  116): class ID = 2,capablity = 2 for device 7
02-13 18:04:18.325 E/AudioHardwareMSM7X30(  116): index = 17
02-13 18:04:18.325 E/AudioHardwareMSM7X30(  116): Found device: bt_sco_rx:index = 17,dev_id: 8
02-13 18:04:18.325 E/AudioHardwareMSM7X30(  116): class ID = 1,capablity = 5 for device 8
02-13 18:04:18.325 E/AudioHardwareMSM7X30(  116): index = 18
02-13 18:04:18.325 E/AudioHardwareMSM7X30(  116): Found device: bt_sco_tx:index = 18,dev_id: 9
02-13 18:04:18.325 E/AudioHardwareMSM7X30(  116): class ID = 1,capablity = 6 for device 9
02-13 18:04:18.325 E/AudioHardwareMSM7X30(  116): index = 3
02-13 18:04:18.325 E/AudioHardwareMSM7X30(  116): Found device: speaker_mono_tx:index = 3,dev_id: 10
02-13 18:04:18.325 E/AudioHardwareMSM7X30(  116): class ID = 0,capablity = 6 for device 10
02-13 18:04:18.325 E/AudioHardwareMSM7X30(  116): index = 4
02-13 18:04:18.325 E/AudioHardwareMSM7X30(  116): Found device: headset_stereo_rx:index = 4,dev_id: 11
02-13 18:04:18.325 E/AudioHardwareMSM7X30(  116): class ID = 0,capablity = 5 for device 11
02-13 18:04:18.325 E/AudioHardwareMSM7X30(  116): index = 9
02-13 18:04:18.325 E/AudioHardwareMSM7X30(  116): Found device: handset_dual_mic_endfire_tx:index = 9,dev_id: 12
02-13 18:04:18.325 E/AudioHardwareMSM7X30(  116): class ID = 0,capablity = 6 for device 12
02-13 18:04:18.325 E/AudioHardwareMSM7X30(  116): index = 10
02-13 18:04:18.325 E/AudioHardwareMSM7X30(  116): Found device: speaker_dual_mic_endfire_tx:index = 10,dev_id: 13
02-13 18:04:18.325 E/AudioHardwareMSM7X30(  116): class ID = 0,capablity = 6 for device 13
02-13 18:04:18.325 E/AudioHardwareMSM7X30(  116): index = 12
02-13 18:04:18.325 E/AudioHardwareMSM7X30(  116): Found device: tty_headset_mono_tx:index = 12,dev_id: 14
02-13 18:04:18.325 E/AudioHardwareMSM7X30(  116): class ID = 0,capablity = 38 for device 14
02-13 18:04:18.325 E/AudioHardwareMSM7X30(  116): index = 11
02-13 18:04:18.325 E/AudioHardwareMSM7X30(  116): Found device: tty_headset_mono_rx:index = 11,dev_id: 15
02-13 18:04:18.325 E/AudioHardwareMSM7X30(  116): class ID = 0,capablity = 37 for device 15
02-13 18:04:18.325 E/AudioHardwareMSM7X30(  116): index = 13
02-13 18:04:18.325 E/AudioHardwareMSM7X30(  116): Found device: headset_stereo_speaker_stereo_rx:index = 13,dev_id: 20
02-13 18:04:18.325 E/AudioHardwareMSM7X30(  116): class ID = 0,capablity = 5 for device 20
02-13 18:04:18.325 E/AudioHardwareMSM7X30(  116): index = 15
02-13 18:04:18.325 E/AudioHardwareMSM7X30(  116): Found device: hdmi_stereo_rx:index = 15,dev_id: 23
02-13 18:04:18.325 E/AudioHardwareMSM7X30(  116): class ID = 3,capablity = 1 for device 23
02-13 18:04:18.325 E/AudioHardwareMSM7X30(  116): index = 7
02-13 18:04:18.325 E/AudioHardwareMSM7X30(  116): Found device: fmradio_headset_rx:index = 7,dev_id: 24
02-13 18:04:18.325 E/AudioHardwareMSM7X30(  116): class ID = 0,capablity = 1 for device 24
02-13 18:04:18.325 E/AudioHardwareMSM7X30(  116): index = 8
02-13 18:04:18.325 E/AudioHardwareMSM7X30(  116): Found device: fmradio_speaker_rx:index = 8,dev_id: 25
02-13 18:04:18.325 E/AudioHardwareMSM7X30(  116): class ID = 0,capablity = 1 for device 25
02-13 18:04:18.325 E/AudioHardwareMSM7X30(  116): index = 20
02-13 18:04:18.325 E/AudioHardwareMSM7X30(  116): Found device: auxmic_tx:index = 20,dev_id: 26
02-13 18:04:18.325 E/AudioHardwareMSM7X30(  116): class ID = 0,capablity = 6 for device 26
02-13 18:04:18.325 E/        (  116): libaudcal: acph_init() - Allocated memory for acph_main_buffer!!
02-13 18:04:18.325 E/        (  116): actp_diag_init: call diag init function with 80101479
02-13 18:04:18.325 D/AudioFlinger(  116): setMode(0)
02-13 18:04:18.325 I/QualcommCameraHardware(  116): getCameraInfo: IN
02-13 18:04:18.355 I/QualcommCameraHardware(  116): getCameraInfo: loading libqcamera at 0xb000e660
02-13 18:04:18.355 I/QualcommCameraHardware(  116): getCameraInfo: numOfCameras = 1
02-13 18:04:18.355 I/QualcommCameraHardware(  116): Camera sensor 0 info:
02-13 18:04:18.355 I/QualcommCameraHardware(  116): camera_id: 0
02-13 18:04:18.355 I/QualcommCameraHardware(  116): modes_supported: 5
02-13 18:04:18.355 I/QualcommCameraHardware(  116): position: 0
02-13 18:04:18.355 I/QualcommCameraHardware(  116): sensor_mount_angle: 0
02-13 18:04:18.355 I/QualcommCameraHardware(  116): getCameraInfo: OUT
02-13 18:04:18.385 E/AudioHardwareMSM7X30(  116): AudioStreamOutMSM72xx::setParameters() routing=2
02-13 18:04:18.385 E/AudioHardwareMSM7X30(  116): set output routing 2
02-13 18:04:18.385 E/AudioHardwareMSM7X30(  116): doAudioRouteOrMute() device 1, mMode 0, mMicMute 1
02-13 18:04:18.385 E/AudioHardwareMSM7X30(  116): do_route_audio_rpc(1, 1, 1)
02-13 18:04:18.385 D/AudioHardwareMSM7X30(  116): new_rx_device = 2, DEV_ID(new_rx_device)=3
02-13 18:04:18.385 D/AudioHardwareMSM7X30(  116): new_tx_device = 3, DEV_ID(new_tx_device)=10
02-13 18:04:18.385 D/AudioHardwareMSM7X30(  116): updateDeviceInfo: E rx_device 2 and tx_device 3
02-13 18:04:18.385 D/AudioHardwareMSM7X30(  116): No active voicecall/playback, disabling cur_rx 65535
02-13 18:04:18.385 D/AudioHardwareMSM7X30(  116): No active voicecall/recording, disabling cur_tx 65535
02-13 18:04:18.385 E/AudioHardwareMSM7X30(  116): There is no node in the routing table!
02-13 18:04:18.385 D/AudioHardwareMSM7X30(  116): updateDeviceInfo: X cur_rx 2 cur_tx 3
02-13 18:04:18.385 D/AudioHardwareMSM7X30(  116): AudioStreamOutMSM72xx::standby()
02-13 18:04:18.385 D/AudioHardwareMSM7X30(  116): setVoiceVolume(1.000000)
02-13 18:04:18.385 E/AudioHardwareMSM7X30(  116): msm_set_voice_rx_vol(100) failed errno = 1
02-13 18:04:18.846 E/rmt_storage(  137): [MyTag]open: fd=-1
02-13 18:04:18.846 E/rmt_storage(  137): block rmt_storage client thread
02-13 18:04:18.886 I/SamplingProfilerIntegration(  115): Profiler is disabled.
02-13 18:04:18.886 I/Zygote  (  115): Preloading classes...
02-13 18:04:18.886 E/Zygote  (  115): setreuid() failed. errno: 2
02-13 18:04:19.326 W/MediaProfiles(  115): could not find media config xml file
02-13 18:04:20.708 W/Zygote  (  115): Class not found for preloading: android.widget.TextView$SelectionModifierCursorController$1
02-13 18:04:21.729 E/        (  128): cby, conn_id = 0, client_id = 2, service_id = 1
02-13 18:04:21.729 E/        (  128): cby, conn_id = 1, client_id = 4, service_id = 1
02-13 18:04:21.729 E/        (  128): cby, conn_id = 2, client_id = 2, service_id = 1
02-13 18:04:21.739 E/        (  128): cby, conn_id = 3, client_id = 2, service_id = 1
02-13 18:04:21.739 E/        (  128): cby, conn_id = 4, client_id = 2, service_id = 1
02-13 18:04:25.122 I/Zygote  (  115): ...preloaded 1829 classes in 6235ms.
02-13 18:04:25.122 E/Zygote  (  115): setreuid() failed. errno: 17
02-13 18:04:25.162 I/Zygote  (  115): Preloading resources...
02-13 18:04:25.192 W/Zygote  (  115): Preloaded drawable resource #0x1080093 (res/drawable-mdpi/sym_def_app_icon.png) that varies with configuration!!
02-13 18:04:25.202 W/Zygote  (  115): Preloaded drawable resource #0x1080002 (res/drawable-mdpi/arrow_down_float.png) that varies with configuration!!
02-13 18:04:25.222 W/Zygote  (  115): Preloaded drawable resource #0x10800b6 (res/drawable/btn_check.xml) that varies with configuration!!
02-13 18:04:25.222 W/Zygote  (  115): Preloaded drawable resource #0x10800b9 (res/drawable-mdpi/btn_check_label_background.9.png) that varies with configuration!!
02-13 18:04:25.222 W/Zygote  (  115): Preloaded drawable resource #0x10800ba (res/drawable-mdpi/btn_check_off.png) that varies with configuration!!
02-13 18:04:25.222 W/Zygote  (  115): Preloaded drawable resource #0x10800bf (res/drawable-mdpi/btn_check_on.png) that varies with configuration!!
02-13 18:04:25.222 W/Zygote  (  115): Preloaded drawable resource #0x1080004 (res/drawable/btn_default.xml) that varies with configuration!!
02-13 18:04:25.232 W/Zygote  (  115): Preloaded drawable resource #0x1080005 (res/drawable/btn_default_small.xml) that varies with configuration!!
02-13 18:04:25.232 W/Zygote  (  115): Preloaded drawable resource #0x1080006 (res/drawable/btn_dropdown.xml) that varies with configuration!!
02-13 18:04:25.242 W/Zygote  (  115): Preloaded drawable resource #0x1080008 (res/drawable/btn_plus.xml) that varies with configuration!!
02-13 18:04:25.252 W/Zygote  (  115): Preloaded drawable resource #0x1080007 (res/drawable/btn_minus.xml) that varies with configuration!!
02-13 18:04:25.252 W/Zygote  (  115): Preloaded drawable resource #0x1080009 (res/drawable/btn_radio.xml) that varies with configuration!!
02-13 18:04:25.262 W/Zygote  (  115): Preloaded drawable resource #0x108000a (res/drawable/btn_star.xml) that varies with configuration!!
02-13 18:04:25.262 W/Zygote  (  115): Preloaded drawable resource #0x1080134 (res/drawable/btn_toggle.xml) that varies with configuration!!
02-13 18:04:25.262 W/Zygote  (  115): Preloaded drawable resource #0x1080198 (res/drawable-mdpi/ic_emergency.png) that varies with configuration!!
02-13 18:04:25.272 W/Zygote  (  115): Preloaded drawable resource #0x1080012 (res/drawable-mdpi/divider_horizontal_bright.9.png) that varies with configuration!!
02-13 18:04:25.272 W/Zygote  (  115): Preloaded drawable resource #0x1080014 (res/drawable-mdpi/divider_horizontal_dark.9.png) that varies with configuration!!
02-13 18:04:25.272 W/Zygote  (  115): Preloaded drawable resource #0x1080016 (res/drawable/edit_text.xml) that varies with configuration!!
02-13 18:04:25.282 W/Zygote  (  115): Preloaded drawable resource #0x1080172 (res/drawable/expander_group.xml) that varies with configuration!!
02-13 18:04:25.292 W/Zygote  (  115): Preloaded drawable resource #0x1080062 (res/drawable/list_selector_background.xml) that varies with configuration!!
02-13 18:04:25.292 W/Zygote  (  115): Preloaded drawable resource #0x1080231 (res/drawable-mdpi/menu_background.9.png) that varies with configuration!!
02-13 18:04:25.292 W/Zygote  (  115): Preloaded drawable resource #0x1080232 (res/drawable-mdpi/menu_background_fill_parent_width.9.png) that varies with configuration!!
02-13 18:04:25.302 W/Zygote  (  115): Preloaded drawable resource #0x1080233 (res/drawable/menu_selector.xml) that varies with configuration!!
02-13 18:04:25.322 W/Zygote  (  115): Preloaded drawable resource #0x1080241 (res/drawable-mdpi/panel_background.9.png) that varies with configuration!!
02-13 18:04:25.332 W/Zygote  (  115): Preloaded drawable resource #0x1080249 (res/drawable-mdpi/popup_bottom_bright.9.png) that varies with configuration!!
02-13 18:04:25.342 W/Zygote  (  115): Preloaded drawable resource #0x108024a (res/drawable-mdpi/popup_bottom_dark.9.png) that varies with configuration!!
02-13 18:04:25.342 W/Zygote  (  115): Preloaded drawable resource #0x108024b (res/drawable-mdpi/popup_bottom_medium.9.png) that varies with configuration!!
02-13 18:04:25.342 W/Zygote  (  115): Preloaded drawable resource #0x108024c (res/drawable-mdpi/popup_center_bright.9.png) that varies with configuration!!
02-13 18:04:25.342 W/Zygote  (  115): Preloaded drawable resource #0x108024d (res/drawable-mdpi/popup_center_dark.9.png) that varies with configuration!!
02-13 18:04:25.342 W/Zygote  (  115): Preloaded drawable resource #0x1080250 (res/drawable-mdpi/popup_full_dark.9.png) that varies with configuration!!
02-13 18:04:25.342 W/Zygote  (  115): Preloaded drawable resource #0x1080253 (res/drawable-mdpi/popup_top_bright.9.png) that varies with configuration!!
02-13 18:04:25.342 W/Zygote  (  115): Preloaded drawable resource #0x1080254 (res/drawable-mdpi/popup_top_dark.9.png) that varies with configuration!!
02-13 18:04:25.352 W/Zygote  (  115): Preloaded drawable resource #0x108006d (res/drawable/progress_indeterminate_horizontal.xml) that varies with configuration!!
02-13 18:04:25.352 W/Zygote  (  115): Preloaded drawable resource #0x108025a (res/drawable/progress_small.xml) that varies with configuration!!
02-13 18:04:25.352 W/Zygote  (  115): Preloaded drawable resource #0x108025b (res/drawable/progress_small_titlebar.xml) that varies with configuration!!
02-13 18:04:25.352 W/Zygote  (  115): Preloaded drawable resource #0x108027b (res/drawable-mdpi/scrollbar_handle_horizontal.9.png) that varies with configuration!!
02-13 18:04:25.352 W/Zygote  (  115): Preloaded drawable resource #0x108027c (res/drawable-mdpi/scrollbar_handle_vertical.9.png) that varies with configuration!!
02-13 18:04:25.352 W/Zygote  (  115): Preloaded drawable resource #0x1080071 (res/drawable/spinner_dropdown_background.xml) that varies with configuration!!
02-13 18:04:25.352 W/Zygote  (  115): Preloaded drawable resource #0x108031d (res/drawable-mdpi/text_select_handle_left.png) that varies with configuration!!
02-13 18:04:25.352 W/Zygote  (  115): Preloaded drawable resource #0x108031e (res/drawable-mdpi/text_select_handle_middle.png) that varies with configuration!!
02-13 18:04:25.352 W/Zygote  (  115): Preloaded drawable resource #0x108031f (res/drawable-mdpi/text_select_handle_right.png) that varies with configuration!!
02-13 18:04:25.362 W/Zygote  (  115): Preloaded drawable resource #0x1080340 (res/drawable-mdpi/title_bar_shadow.9.png) that varies with configuration!!
02-13 18:04:25.452 W/Zygote  (  115): Preloaded drawable resource #0x10801df (res/drawable-mdpi/indicator_code_lock_drag_direction_green_up.png) that varies with configuration!!
02-13 18:04:25.452 W/Zygote  (  115): Preloaded drawable resource #0x10801e0 (res/drawable-mdpi/indicator_code_lock_drag_direction_red_up.png) that varies with configuration!!
02-13 18:04:25.462 W/Zygote  (  115): Preloaded drawable resource #0x10801e1 (res/drawable-mdpi/indicator_code_lock_point_area_default.png) that varies with configuration!!
02-13 18:04:25.502 W/Zygote  (  115): Preloaded drawable resource #0x10801e2 (res/drawable-mdpi/indicator_code_lock_point_area_green.png) that varies with configuration!!
02-13 18:04:25.512 W/Zygote  (  115): Preloaded drawable resource #0x10801e3 (res/drawable-mdpi/indicator_code_lock_point_area_red.png) that varies with configuration!!
02-13 18:04:25.512 I/Zygote  (  115): ...preloaded 51 resources in 348ms.
02-13 18:04:25.593 I/Zygote  (  115): ...preloaded 15 resources in 86ms.
02-13 18:04:25.693 I/Zygote  (  115): Accepting command socket connections
02-13 18:04:25.943 I/dun_service(  125): The value returned from dun_getusbmodemstate_fromsys is 2 
02-13 18:04:25.943 I/dun_service(  125): The value returned from dun_getusbmodemstate_fromsys is 2 
02-13 18:04:25.943 I/dun_service(  125): The value returned from dun_getusbmodemstate_fromsys is 2 
02-13 18:04:25.953 I/dun_service(  125): The value returned from dun_getusbmodemstate_fromsys is 2 
02-13 18:04:25.973 E/OverlayLIB(  256): cannot open framebuffer(1)
02-13 18:04:25.973 E/SurfaceFlinger(  256): overlay::initOverlay() ERROR!!
02-13 18:04:26.013 E/libEGL  (  256): eglSetSwapRectangleANDROID:1848 error 3008 (EGL_BAD_DISPLAY)
02-13 18:04:26.013 E/Sensors (  256): [HAL]set aflag = 1 ,mEnabled = 1
02-13 18:04:26.013 E/Sensors (  256): [HAL]set mvflag = 1 ,mEnabled = 3
02-13 18:04:26.013 E/Sensors (  256): [HAL]set mflag = 1 ,mEnabled = 7
02-13 18:04:26.013 E/Sensors (  256): [HAL]ready to call enable(Accelerometer,0),AAAAAAAA
02-13 18:04:26.013 E/Sensors (  256): [HAL]ECS_IOCTL_APP_SET_AFLAG 	success,flags = 0
02-13 18:04:26.013 E/Sensors (  256): [HAL]After {mEnabled &= ~(1<<what)},mEnabled = 6
02-13 18:04:26.013 E/Sensors (  256): [HAL]After {(newState)<<what)},mEnabled = 6
02-13 18:04:26.013 E/Sensors (  256): [HAL]ready to call enable(MagneticField,0),MMMMMMMM
02-13 18:04:26.013 E/Sensors (  256): [HAL]ECS_IOCTL_APP_SET_MVFLAG success,flags = 0
02-13 18:04:26.013 E/Sensors (  256): [HAL]After {mEnabled &= ~(1<<what)},mEnabled = 4
02-13 18:04:26.013 E/Sensors (  256): [HAL]After {(newState)<<what)},mEnabled = 4
02-13 18:04:26.013 E/Sensors (  256): [HAL]ready to call enable(Orientation,0),OOOOOOOO
02-13 18:04:26.013 E/Sensors (  256): [HAL]ECS_IOCTL_APP_SET_MFLAG 	success,flags = 0
02-13 18:04:26.013 E/Sensors (  256): [HAL]After {mEnabled &= ~(1<<what)},mEnabled = 0
02-13 18:04:26.013 E/Sensors (  256): [HAL]After {(newState)<<what)},mEnabled = 0
02-13 18:04:26.013 E/Sensors (  256): [HAL]Closed /dev/akm8962_aot in enable(Orientation,0),mEnable = 0
02-13 18:04:26.153 E/AudioFlinger(  116): processConfigEvents() remaining events 1
02-13 18:04:26.153 D/MediaPlayer(  270): setDataSource(/system/media/audio/ui/Bootsound.mp3)
02-13 18:04:26.153 D/MediaPlayerService(  116): Create new client(1) from pid 270, url=/system/media/audio/ui/Bootsound.mp3, connId=1, audioSessionId=2
02-13 18:04:26.153 E/MediaPlayerService(  116): setDataSource(/system/media/audio/ui/Bootsound.mp3)
02-13 18:04:26.183 E/MediaPlayer(  270): Unable to to create media player
02-13 18:04:26.183 E/BootAnimation(  270): Failed to load Androidbootsound sounds.
02-13 18:04:26.253 E/SurfaceFlinger(  256): eglSwapBuffers: EGL error 0x3008 (EGL_BAD_DISPLAY)
02-13 18:04:26.283 W/zipro   (  270): Unable to open zip '/data/local/bootanimation.zip': No such file or directory
02-13 18:04:27.064 W/PackageParser(  256): <manifest> has more than one <application>
02-13 18:04:27.094 W/PackageParser(  256): Unknown element under <manifest>: assign-permission at /system/app/alarming.apk Binary XML file line #14
02-13 18:04:27.725 I/PackageManager(  256): Package com.locationlabs.v3client at /system/app/SmartDeviceManager_3_0_1D2011_11_12t08_08.apk ignored: updated version 310 better than this 301
02-13 18:04:28.325 I/PackageManager(  256): Package com.google.android.apps.plus at /system/app/PlusOne.apk ignored: updated version 240263535 better than this 211219805
02-13 18:04:28.565 I/PackageManager(  256): Package com.android.vending at /system/app/Phonesky.apk ignored: updated version 8010004 better than this 8009012
02-13 18:04:28.906 I/PackageManager(  256): Package com.google.android.music at /system/app/Music2.apk ignored: updated version 512 better than this 509
02-13 18:04:29.396 I/PackageManager(  256): Package com.google.android.apps.maps at /system/app/Maps.apk ignored: updated version 602001401 better than this 600000100
02-13 18:04:29.697 I/PackageManager(  256): Package com.google.android.googlequicksearchbox at /system/app/GoogleQuickSearchBox.apk ignored: updated version 133247963 better than this 112064376
02-13 18:04:29.987 W/PackageParser(  256): Unknown element under <manifest>: uses-library at /system/app/Gallery3D.apk Binary XML file line #46
02-13 18:04:30.868 I/PackageManager(  256): Package com.google.android.apps.books at /system/app/BooksPhone.apk ignored: updated version 1502 better than this 1406
02-13 18:04:30.898 W/PackageParser(  256): No actions in intent filter at /system/app/Bluetooth.apk Binary XML file line #244
02-13 18:04:30.958 D/PackageManager(  256): No files in app dir /vendor/app
02-13 18:04:30.988 I/PackageParser(  256): com.sprint.widget.tutorial: compat added android.permission.WRITE_EXTERNAL_STORAGE android.permission.READ_PHONE_STATE
02-13 18:04:34.281 I/PackageParser(  256): com.sprint.voicemail: compat added android.permission.WRITE_EXTERNAL_STORAGE android.permission.READ_PHONE_STATE
02-13 18:04:35.592 I/ActivityThread(  256): Pub settings: com.android.providers.settings.SettingsProvider
02-13 18:04:35.622 D/SettingsProvider(  256): cache for settings table 'secure' rows=45; fullycached=true
02-13 18:04:35.652 D/SettingsProvider(  256): cache for settings table 'system' rows=165; fullycached=true
02-13 18:04:35.682 D/BrcmBtServiceLoader(  256): Initializing....
02-13 18:04:35.682 D/BrcmBtServiceLoader(  256): ********BT/Fm services configured to run as standalone process...
02-13 18:04:35.692 I/BluetoothProfileState(  256): Message:Entering Stable State
02-13 18:04:35.692 I/BluetoothProfileState(  256): Message:Entering Stable State
02-13 18:04:35.692 E/BluetoothService(  256): add eas pocicy change
02-13 18:04:35.702 W/DMM Service(  256): ro.dev.dmm.dpd.start_address = 0
02-13 18:04:35.702 W/DMM Service(  256): DynamicMemoryManager Service Disabled.
02-13 18:04:35.732 I/MobileDataStateTracker(  256): [hipri] instance created. netType=5, mApnType=hipri, mApnTypeToWatchFor=hipri
02-13 18:04:35.732 I/MobileDataStateTracker(  256): [hipri] initial state. v4=DISCONNECTED, v6=DISCONNECTED
02-13 18:04:35.732 I/MobileDataStateTracker(  256): [dun] instance created. netType=4, mApnType=dun, mApnTypeToWatchFor=dun
02-13 18:04:35.732 I/MobileDataStateTracker(  256): [dun] initial state. v4=DISCONNECTED, v6=DISCONNECTED
02-13 18:04:35.732 I/MobileDataStateTracker(  256): [supl] instance created. netType=3, mApnType=supl, mApnTypeToWatchFor=supl
02-13 18:04:35.732 I/MobileDataStateTracker(  256): [supl] initial state. v4=DISCONNECTED, v6=DISCONNECTED
02-13 18:04:35.732 I/MobileDataStateTracker(  256): [mms] instance created. netType=2, mApnType=mms, mApnTypeToWatchFor=mms
02-13 18:04:35.732 I/MobileDataStateTracker(  256): [mms] initial state. v4=DISCONNECTED, v6=DISCONNECTED
02-13 18:04:35.772 I/MobileDataStateTracker(  256): [default] instance created. netType=0, mApnType=default, mApnTypeToWatchFor=default
02-13 18:04:35.772 I/MobileDataStateTracker(  256): [default] initial state. v4=DISCONNECTED, v6=DISCONNECTED
02-13 18:04:35.782 E/WifiHW  (  256): wifi_load_driver() +
02-13 18:04:35.843 I/PackageManager(  256): Updating external media status from unmounted to unmounted
02-13 18:04:35.853 I/dun_service(  125): The value returned from dun_getusbmodemstate_fromsys is 2 
02-13 18:04:35.863 D/AudioHardwareMSM7X30(  116): setVoiceVolume(0.800000)
02-13 18:04:35.863 E/AudioHardwareMSM7X30(  116): msm_set_voice_rx_vol(80) failed errno = 1
02-13 18:04:35.873 D/AudioFlinger(  116): setMode(0)
02-13 18:04:35.873 W/AudioPolicyManager(  116): setPhoneState() setting same state 0
02-13 18:04:35.873 E/AudioFlinger(  116): processConfigEvents() remaining events 1
02-13 18:04:35.883 W/UsbDeviceSettingsManager(  256): settings file not found
02-13 18:04:36.193 D/AlarmManager(  256): +++Alarm set:type=0 android  Trigger after:3607494ms
02-13 18:04:36.193 W/KeyCharacterMap(  256): No keyboard for id 0
02-13 18:04:36.203 W/KeyCharacterMap(  256): Using default keymap: /system/usr/keychars/qwerty.kcm.bin
02-13 18:04:36.203 D/AtCkpdCmdHandler(  256): De-queing command
02-13 18:04:36.203 W/dalvikvm(  256): No implementation found for native Lcom/broadcom/bt/service/framework/PowerManagementService;.classInitNative ()V
02-13 18:04:36.203 W/dalvikvm(  256): Exception Ljava/lang/UnsatisfiedLinkError; thrown while initializing Lcom/broadcom/bt/service/framework/PowerManagementService;
02-13 18:04:36.223 I/WindowManager(  256): SAFE MODE not enabled
02-13 18:04:36.233 D/KeyguardViewMediator(  256): onSystemReady
02-13 18:04:36.233 D/lisha   (  256): isLockedOrMissing ***state.isPinLocked()=false***requireSim = true***state=ABSENT
02-13 18:04:36.233 D/lisha   (  256): ***lockedOrMissing=true***provisioned=true
02-13 18:04:36.233 D/KeyguardViewMediator(  256): doKeyguard: showing the lock screen
02-13 18:04:36.233 D/KeyguardViewMediator(  256): showLocked
02-13 18:04:36.243 D/KeyguardViewMediator(  256): handleShow
02-13 18:04:36.253 D/KeyguardViewMediator(  256): setHidden false
02-13 18:04:36.263 D/PowerManagerService(  256): setPowerState: mPowerState=0x0 newState=0x3 noChangeLights=false reason=3
02-13 18:04:36.273 I/LockPatternKeyguardView(  256): updateLockscreenBackground
02-13 18:04:36.273 I/LockPatternKeyguardView(  256): setBackgroundDrawable
02-13 18:04:36.273 I/Zygote  (  256): Process: zygote socket opened
02-13 18:04:36.293 D/KeyguardViewMediator(  256): setHidden false
02-13 18:04:36.313 I/LockPatternKeyguardView(  256): file not found: etc/customize/default_lockscreen
02-13 18:04:36.573 I/dun_service(  125): The value returned from dun_getusbmodemstate_fromsys is 2 
02-13 18:04:36.643 D/LockScreen(  256): initCarrierVisibility - mResId.length=2, mCarrier.length=1
02-13 18:04:36.693 I/dun_service(  125): The value returned from dun_getusbmodemstate_fromsys is 2 
02-13 18:04:36.703 I/dun_service(  125): The value returned from dun_getusbmodemstate_fromsys is 2 
02-13 18:04:36.703 I/dun_service(  125): The value returned from dun_getusbmodemstate_fromsys is 2 
02-13 18:04:36.743 D/LockScreen(  256): updateLayout: status=SimMissingsubscription=0
02-13 18:04:36.753 D/KeyguardUpdateMonitor(  256): received broadcast android.intent.action.BATTERY_CHANGED
02-13 18:04:36.753 D/KeyguardUpdateMonitor(  256): received broadcast android.media.RINGER_MODE_CHANGED
02-13 18:04:36.773 D/LockScreen(  256): Updating Lock Screen text to Ruim
02-13 18:04:36.793 D/SntpClient(  256): request time failed: java.net.UnknownHostException: xtra1.gpsonextra.net
02-13 18:04:36.793 D/SntpClient(  256): request time failed: java.net.UnknownHostException: xtra1.gpsonextra.net
02-13 18:04:36.813 D/LockPatternKeyguardView(  256): LockPatternKeyguardView ctor: about to createUnlockScreenFor; mEnableFallback=false
02-13 18:04:36.813 D/UnlockScreen(  256): *******mCreationOrientation = 0
02-13 18:04:36.863 E/NatController(  363): +++child prcess pid = 363, tag = /system/bin/tc
02-13 18:04:36.944 E/NatController(  112): tag = /system/bin/tc, buffer[a] = RTNETLINK answers: No such file or directory
02-13 18:04:36.944 E/NatController(  112): +++ parent2 block wait for child 363 , tag = /system/bin/tc
02-13 18:04:36.944 E/NatController(  112): ## waited wpid = 363
02-13 18:04:36.944 E/NatController(  112):  exit status = 2
02-13 18:04:36.944 E/NatController(  112): @@ /system/bin/tc terminated by exit(2)
02-13 18:04:36.944 E/NatController(  367): +++child prcess pid = 367, tag = /system/bin/tc
02-13 18:04:36.954 E/NatController(  112): tag = /system/bin/tc, buffer[a] = RTNETLINK answers: Invalid argument
02-13 18:04:36.954 E/NatController(  112): +++ parent2 block wait for child 367 , tag = /system/bin/tc
02-13 18:04:36.964 E/NatController(  112): ## waited wpid = 367
02-13 18:04:36.964 E/NatController(  112):  exit status = 2
02-13 18:04:36.964 E/NatController(  112): @@ /system/bin/tc terminated by exit(2)
02-13 18:04:37.004 E/NatController(  370): +++child prcess pid = 370, tag = /system/bin/tc
02-13 18:04:37.014 D/BtFramework(  345): ****Constructor called*************
02-13 18:04:37.014 D/BtFramework(  345): Loading BrcmBluetoothServices package....
02-13 18:04:37.014 D/BtFramework(  345): IsStandaloneProcess = true....
02-13 18:04:37.034 E/NatController(  112): tag = /system/bin/tc, buffer[a] = Cannot find device "ifb0"
02-13 18:04:37.034 E/NatController(  112): +++ parent2 block wait for child 370 , tag = /system/bin/tc
02-13 18:04:37.034 E/NatController(  112): ## waited wpid = 370
02-13 18:04:37.034 E/NatController(  112):  exit status = 1
02-13 18:04:37.034 E/NatController(  112): @@ /system/bin/tc terminated by exit(1)
02-13 18:04:37.044 D/SntpClient(  256): request time failed: java.net.UnknownHostException: xtra1.gpsonextra.net
02-13 18:04:37.044 D/SntpClient(  256): request time failed: java.net.UnknownHostException: xtra1.gpsonextra.net
02-13 18:04:37.044 D/OppEventLoop(  345): USE_STANDALONE_EVENT_LOOP=true
02-13 18:04:37.044 D/BluetoothServiceManager(  345): ****Registering Bluetooth Service bluetooth_opp_service: com.broadcom.bt.service.opp.OppEventLoop****
02-13 18:04:37.044 D/BluetoothServiceManager(  345): ****Bluetooth Service not supported bluetooth_flick: null...Skipping. ****
02-13 18:04:37.044 D/BluetoothServiceManager(  345): ****Registering Bluetooth Service bluetooth_flick: null****
02-13 18:04:37.044 D/BluetoothServiceManager(  345): ****Bluetooth Service not supported bluetooth_ftp: com.broadcom.bt.service.ftp.BluetoothFTPService...Skipping. ****
02-13 18:04:37.044 D/BluetoothServiceManager(  345): ****Registering Bluetooth Service bluetooth_ftp: com.broadcom.bt.service.ftp.BluetoothFTPService****
02-13 18:04:37.054 D/BluetoothServiceManager(  345): ****Registering Bluetooth Service bluetooth_pbap: com.broadcom.bt.service.pbap.BluetoothPBAPService****
02-13 18:04:37.054 D/BluetoothServiceManager(  345): ****Bluetooth Service not supported bluetooth_dun: com.broadcom.bt.service.dun.BluetoothDUNService...Skipping. ****
02-13 18:04:37.054 D/BluetoothServiceManager(  345): ****Registering Bluetooth Service bluetooth_dun: com.broadcom.bt.service.dun.BluetoothDUNService****
02-13 18:04:37.054 D/BluetoothServiceManager(  345): ****Bluetooth Service not supported bluetooth_sap: com.broadcom.bt.service.sap.BluetoothSAPService...Skipping. ****
02-13 18:04:37.054 D/BluetoothServiceManager(  345): ****Registering Bluetooth Service bluetooth_sap: com.broadcom.bt.service.sap.BluetoothSAPService****
02-13 18:04:37.054 D/BluetoothServiceManager(  345): ****Registering Bluetooth Service bluetooth_test: com.broadcom.bt.service.test.BluetoothTestModeService****
02-13 18:04:37.064 D/SmsDeletedFolder(  345): SmsDeletedFolder
02-13 18:04:37.064 I/hubo    (  256): Activity {com.android.launcher/com.android.launcher2.Launcher}
02-13 18:04:37.084 D/MAP.MapEventLoop(  345): constructor()
02-13 18:04:37.084 E/MAP.MapService(  345): constructor(): REF_COUNT=1
02-13 18:04:37.084 D/BluetoothServiceManager(  345): ****Registering Bluetooth Service bluetooth_map: com.broadcom.bt.service.map.MapEventLoop****
02-13 18:04:37.084 D/BluetoothServiceManager(  345): ****Bluetooth Service not supported bluetooth_bpp_service: null...Skipping. ****
02-13 18:04:37.094 D/LockPatternKeyguardView(  256): createUnlockScreenFor(Pattern): mEnableFallback=false
02-13 18:04:37.094 D/BluetoothServiceManager(  345): ****Registering Bluetooth Service bluetooth_bpp_service: null****
02-13 18:04:37.094 D/BluetoothServiceManager(  345): ****Bluetooth Service not supported bluetooth_avrcp: com.broadcom.bt.service.avrcp.BluetoothAVRCPService...Skipping. ****
02-13 18:04:37.094 D/BluetoothServiceManager(  345): ****Registering Bluetooth Service bluetooth_avrcp: com.broadcom.bt.service.avrcp.BluetoothAVRCPService****
02-13 18:04:37.114 D/KeyguardViewMediator(  256): adjustUserActivityLocked mShowing: true mHidden: false
02-13 18:04:37.164 I/dun_service(  125): The value returned from dun_getusbmodemstate_fromsys is 2 
02-13 18:04:37.164 I/dun_service(  125): process rmnet event
02-13 18:04:37.164 D/Tethering(  256): wlan0 is not a tetherable iface, ignoring
02-13 18:04:37.174 I/dun_service(  125): Post event 3
02-13 18:04:37.174 I/dun_service(  125): process rmnet event
02-13 18:04:37.174 I/dun_service(  125): Post event 3
02-13 18:04:37.174 I/dun_service(  125): received event: DUN_EVENT_RMNET_DOWN 
02-13 18:04:37.174 I/dun_service(  125): received event(DUN_EVENT_RMNET_DOWN) in state(DUN_STATE_USB_UNPLUG)
02-13 18:04:37.174 I/dun_service(  125): Ignoring the event DUN_EVENT_RMNET_DOWN in USB_UNPLUG_STATE
02-13 18:04:37.174 I/dun_service(  125): Moved to state(DUN_STATE_USB_UNPLUG)
02-13 18:04:37.174 I/dun_service(  125): received event: DUN_EVENT_RMNET_DOWN 
02-13 18:04:37.174 I/dun_service(  125): received event(DUN_EVENT_RMNET_DOWN) in state(DUN_STATE_USB_UNPLUG)
02-13 18:04:37.174 I/dun_service(  125): Ignoring the event DUN_EVENT_RMNET_DOWN in USB_UNPLUG_STATE
02-13 18:04:37.174 I/dun_service(  125): Moved to state(DUN_STATE_USB_UNPLUG)
02-13 18:04:37.194 I/ActivityThread(  351): Pub com.android.launcher2.settings: com.android.launcher2.LauncherProvider
02-13 18:04:37.274 I/ActivityThread(  344): Pub telephony: com.android.providers.telephony.TelephonyProvider
02-13 18:04:37.314 I/ActivityThread(  344): Pub icc: com.android.phone.IccProvider
02-13 18:04:37.314 D/KeyguardViewMediator(  256): onScreenTurnedOn, seq = 1
02-13 18:04:37.314 D/KeyguardViewMediator(  256): notifyScreenOnLocked
02-13 18:04:37.314 E/Sensors (  256): [HAL]ready to call enable(Accelerometer,1),AAAAAAAA
02-13 18:04:37.314 E/Sensors (  256): [HAL]mEnabled = 0;ready to open /dev/akm8962_aot
02-13 18:04:37.314 E/Sensors (  256): [HAL]ECS_IOCTL_APP_SET_AFLAG 	success,flags = 1
02-13 18:04:37.314 E/Sensors (  256): [HAL]After {mEnabled &= ~(1<<what)},mEnabled = 0
02-13 18:04:37.314 E/Sensors (  256): [HAL]After {(newState)<<what)},mEnabled = 1
02-13 18:04:37.324 I/ActivityThread(  344): Pub mms: com.android.providers.telephony.MmsProvider
02-13 18:04:37.324 I/ActivityThread(  344): Pub sms: com.android.providers.telephony.SmsProvider
02-13 18:04:37.324 I/ActivityThread(  344): Pub mms-sms: com.android.providers.telephony.MmsSmsProvider
02-13 18:04:37.344 E/lights  (  256): write_int failed to open /sys/class/leds/keyboard-backlight/brightness
02-13 18:04:37.464 D/LockScreen(  256): initCarrierVisibility - mResId.length=2, mCarrier.length=1
02-13 18:04:37.484 D/Bitmap  (  256): Detect unrecycled bitmap.
02-13 18:04:37.484 D/Bitmap  (  256):       Size: 39744 Bytes, Width: 108 , Height: 92 , Hash code: 1082361376
02-13 18:04:37.484 D/Bitmap  (  256):  This bimap was created in:
02-13 18:04:37.484 D/Bitmap  (  256):       android.graphics.Bitmap.<init>(Bitmap.java:136)
02-13 18:04:37.484 D/Bitmap  (  256):       android.graphics.BitmapFactory.nativeDecodeAsset(Native Method)
02-13 18:04:37.484 D/Bitmap  (  256):       android.graphics.BitmapFactory.decodeStream(BitmapFactory.java:460)
02-13 18:04:37.484 D/Bitmap  (  256):       android.graphics.BitmapFactory.decodeResourceStream(BitmapFactory.java:336)
02-13 18:04:37.484 D/Bitmap  (  256):       android.graphics.drawable.Drawable.createFromResourceStream(Drawable.java:697)
02-13 18:04:37.484 D/Bitmap  (  256):       android.content.res.Resources.loadDrawable(Resources.java:1709)
02-13 18:04:37.484 D/Bitmap  (  256):       android.content.res.Resources.getDrawable(Resources.java:581)
02-13 18:04:37.484 D/Bitmap  (  256):       android.graphics.drawable.StateListDrawable.inflate(StateListDrawable.java:162)
02-13 18:04:37.484 D/Bitmap  (  256):       android.graphics.drawable.Drawable.createFromXmlInner(Drawable.java:787)
02-13 18:04:37.484 D/Bitmap  (  256):       android.graphics.drawable.Drawable.createFromXml(Drawable.java:728)
02-13 18:04:37.484 D/Bitmap  (  256):       android.content.res.Resources.loadDrawable(Resources.java:1694)
02-13 18:04:37.484 D/Bitmap  (  256):       android.content.res.Resources.getDrawable(Resources.java:581)
02-13 18:04:37.484 D/Bitmap  (  256):       android.view.View.setBackgroundResource(View.java:7533)
02-13 18:04:37.484 D/Bitmap  (  256):       com.android.internal.widget.SlidingTab$Slider.<init>(SlidingTab.java:192)
02-13 18:04:37.484 D/Bitmap  (  256):       com.android.internal.widget.SlidingTab.<init>(SlidingTab.java:462)
02-13 18:04:37.484 D/Bitmap  (  256):       java.lang.reflect.Constructor.constructNative(Native Method)
02-13 18:04:37.484 D/Bitmap  (  256):       java.lang.reflect.Constructor.newInstance(Constructor.java:415)
02-13 18:04:37.484 D/Bitmap  (  256):       android.view.LayoutInflater.createView(LayoutInflater.java:505)
02-13 18:04:37.484 D/Bitmap  (  256):       android.view.LayoutInflater.createViewFromTag(LayoutInflater.java:570)
02-13 18:04:37.484 D/Bitmap  (  256):       android.view.LayoutInflater.rInflate(LayoutInflater.java:623)
02-13 18:04:37.484 D/Bitmap  (  256):       android.view.LayoutInflater.inflate(LayoutInflater.java:408)
02-13 18:04:37.484 D/Bitmap  (  256):       android.view.LayoutInflater.inflate(LayoutInflater.java:320)
02-13 18:04:37.484 D/Bitmap  (  256):       com.android.internal.policy.impl.LockScreen.<init>(LockScreen.java:328)
02-13 18:04:37.484 D/Bitmap  (  256):       com.android.internal.policy.impl.LockPatternKeyguardView.createLockScreen(LockPatternKeyguardView.java:821)
02-13 18:04:37.484 D/Bitmap  (  256):       com.android.internal.policy.impl.LockPatternKeyguardView.<init>(LockPatternKeyguardView.java:429)
02-13 18:04:37.484 D/Bitmap  (  256):       com.android.internal.policy.impl.LockPatternKeyguardViewProperties.createKeyguardView(LockPatternKeyguardViewProperties.java:49)
02-13 18:04:37.484 D/Bitmap  (  256):       com.android.internal.policy.impl.KeyguardViewManager.show(KeyguardViewManager.java:125)
02-13 18:04:37.484 D/Bitmap  (  256):       com.android.internal.policy.impl.KeyguardViewMediator.handleShow(KeyguardViewMediator.java:1064)
02-13 18:04:37.484 D/Bitmap  (  256):       com.android.internal.policy.impl.KeyguardViewMediator.access$700(KeyguardViewMediator.java:103)
02-13 18:04:37.484 D/Bitmap  (  256):       com.android.internal.policy.impl.KeyguardViewMediator$2.handleMessage(KeyguardViewMediator.java:931)
02-13 18:04:37.484 D/Bitmap  (  256):       android.os.Handler.dispatchMessage(Handler.java:99)
02-13 18:04:37.484 D/Bitmap  (  256):       android.os.Looper.loop(Looper.java:130)
02-13 18:04:37.484 D/Bitmap  (  256):       com.android.server.WindowManagerService$PolicyThread.run(WindowManagerService.java:613)
02-13 18:04:37.484 D/Bitmap  (  256): _
02-13 18:04:37.484 D/Bitmap  (  256): Detect unrecycled bitmap.
02-13 18:04:37.484 D/Bitmap  (  256):       Size: 39744 Bytes, Width: 108 , Height: 92 , Hash code: 1081497248
02-13 18:04:37.484 D/Bitmap  (  256):  This bimap was created in:
02-13 18:04:37.484 D/Bitmap  (  256):       android.graphics.Bitmap.<init>(Bitmap.java:136)
02-13 18:04:37.484 D/Bitmap  (  256):       android.graphics.BitmapFactory.nativeDecodeAsset(Native Method)
02-13 18:04:37.484 D/Bitmap  (  256):       android.graphics.BitmapFactory.decodeStream(BitmapFactory.java:460)
02-13 18:04:37.484 D/Bitmap  (  256):       android.graphics.BitmapFactory.decodeResourceStream(BitmapFactory.java:336)
02-13 18:04:37.484 D/Bitmap  (  256):       android.graphics.drawable.Drawable.createFromResourceStream(Drawable.java:697)
02-13 18:04:37.484 D/Bitmap  (  256):       android.content.res.Resources.loadDrawable(Resources.java:1709)
02-13 18:04:37.484 D/Bitmap  (  256):       android.content.res.Resources.getDrawable(Resources.java:581)
02-13 18:04:37.484 D/Bitmap  (  256):       android.graphics.drawable.StateListDrawable.inflate(StateListDrawable.java:162)
02-13 18:04:37.484 D/Bitmap  (  256):       android.graphics.drawable.Drawable.createFromXmlInner(Drawable.java:787)
02-13 18:04:37.484 D/Bitmap  (  256):       android.graphics.drawable.Drawable.createFromXml(Drawable.java:728)
02-13 18:04:37.484 D/Bitmap  (  256):       android.content.res.Resources.loadDrawable(Resources.java:1694)
02-13 18:04:37.484 D/Bitmap  (  256):       android.content.res.Resources.getDrawable(Resources.java:581)
02-13 18:04:37.484 D/Bitmap  (  256):       android.view.View.setBackgroundResource(View.java:7533)
02-13 18:04:37.484 D/Bitmap  (  256):       com.android.internal.widget.SlidingTab$Slider.<init>(SlidingTab.java:192)
02-13 18:04:37.484 D/Bitmap  (  256):       com.android.internal.widget.SlidingTab.<init>(SlidingTab.java:458)
02-13 18:04:37.484 D/Bitmap  (  256):       java.lang.reflect.Constructor.constructNative(Native Method)
02-13 18:04:37.484 D/Bitmap  (  256):       java.lang.reflect.Constructor.newInstance(Constructor.java:415)
02-13 18:04:37.484 D/Bitmap  (  256):       android.view.LayoutInflater.createView(LayoutInflater.java:505)
02-13 18:04:37.484 D/Bitmap  (  256):       android.view.LayoutInflater.createViewFromTag(LayoutInflater.java:570)
02-13 18:04:37.484 D/Bitmap  (  256):       android.view.LayoutInflater.rInflate(LayoutInflater.java:623)
02-13 18:04:37.484 D/Bitmap  (  256):       android.view.LayoutInflater.inflate(LayoutInflater.java:408)
02-13 18:04:37.484 D/Bitmap  (  256):       android.view.LayoutInflater.inflate(LayoutInflater.java:320)
