02-13 18:04:47.546 D/MobileDataStateTracker(  256): [hipri]  apnTypeList = default
02-13 18:04:47.546 D/MobileDataStateTracker(  256): [hipri]  unavailable = false
02-13 18:04:47.546 D/MobileDataStateTracker(  256): [hipri] Do not process intents if disabled.
02-13 18:04:47.546 D/MobileDataStateTracker(  256): [dun]  MobileDataStateReceiver onReceive(): Entry.
02-13 18:04:47.546 D/MobileDataStateTracker(  256): [dun]  intent.getAction()= android.intent.action.ANY_DATA_STATE
02-13 18:04:47.546 D/MobileDataStateTracker(  256): [dun]  mEnabled = false
02-13 18:04:47.546 D/MobileDataStateTracker(  256): [dun]  apnTypeList = default
02-13 18:04:47.546 D/MobileDataStateTracker(  256): [dun]  unavailable = false
02-13 18:04:47.546 D/MobileDataStateTracker(  256): [dun] Do not process intents if disabled.
02-13 18:04:47.556 D/MobileDataStateTracker(  256): [supl]  MobileDataStateReceiver onReceive(): Entry.
02-13 18:04:47.556 D/MobileDataStateTracker(  256): [supl]  intent.getAction()= android.intent.action.ANY_DATA_STATE
02-13 18:04:47.556 D/MobileDataStateTracker(  256): [supl]  mEnabled = false
02-13 18:04:47.556 D/MobileDataStateTracker(  256): [supl]  apnTypeList = default
02-13 18:04:47.556 D/MobileDataStateTracker(  256): [supl]  unavailable = false
02-13 18:04:47.556 D/MobileDataStateTracker(  256): [supl] Do not process intents if disabled.
02-13 18:04:47.556 D/MobileDataStateTracker(  256): [mms]  MobileDataStateReceiver onReceive(): Entry.
02-13 18:04:47.556 D/MobileDataStateTracker(  256): [mms]  intent.getAction()= android.intent.action.ANY_DATA_STATE
02-13 18:04:47.556 D/MobileDataStateTracker(  256): [mms]  mEnabled = false
02-13 18:04:47.556 D/MobileDataStateTracker(  256): [mms]  apnTypeList = default
02-13 18:04:47.556 D/MobileDataStateTracker(  256): [mms]  unavailable = false
02-13 18:04:47.556 D/MobileDataStateTracker(  256): [mms] Do not process intents if disabled.
02-13 18:04:47.556 D/MobileDataStateTracker(  256): [default]  MobileDataStateReceiver onReceive(): Entry.
02-13 18:04:47.556 D/MobileDataStateTracker(  256): [default]  intent.getAction()= android.intent.action.ANY_DATA_STATE
02-13 18:04:47.566 D/MobileDataStateTracker(  256): [default]  mEnabled = true
02-13 18:04:47.566 D/MobileDataStateTracker(  256): [default]  apnTypeList = default
02-13 18:04:47.566 D/MobileDataStateTracker(  256): [default]  unavailable = false
02-13 18:04:47.566 D/MobileDataStateTracker(  256): [default] CALL updateMobileInfoFromIntent
02-13 18:04:47.566 I/MobileDataStateTracker(  256): [default] dc state change intent received for default/INET with state  CONNECTING. enabled=true state change reason = radioTechnologyChanged
02-13 18:04:47.566 I/MobileDataStateTracker(  256): [default] old state = CONNECTING
02-13 18:04:47.566 I/MobileDataStateTracker(  256): [default] no change,  just return
02-13 18:04:47.566 D/MobileDataStateTracker(  256): [default] No need to update detailed state
02-13 18:04:47.566 D/MobileDataStateTracker(  256): [hipri]  MobileDataStateReceiver onReceive(): Entry.
02-13 18:04:47.566 D/MobileDataStateTracker(  256): [hipri]  intent.getAction()= android.intent.action.ANY_DATA_STATE
02-13 18:04:47.566 D/MobileDataStateTracker(  256): [hipri]  mEnabled = false
02-13 18:04:47.576 D/MobileDataStateTracker(  256): [hipri]  apnTypeList = default
02-13 18:04:47.576 D/MobileDataStateTracker(  256): [hipri]  unavailable = false
02-13 18:04:47.576 D/MobileDataStateTracker(  256): [hipri] Do not process intents if disabled.
02-13 18:04:47.576 D/MobileDataStateTracker(  256): [dun]  MobileDataStateReceiver onReceive(): Entry.
02-13 18:04:47.576 D/MobileDataStateTracker(  256): [dun]  intent.getAction()= android.intent.action.ANY_DATA_STATE
02-13 18:04:47.576 D/MobileDataStateTracker(  256): [dun]  mEnabled = false
02-13 18:04:47.576 D/MobileDataStateTracker(  256): [dun]  apnTypeList = default
02-13 18:04:47.576 D/MobileDataStateTracker(  256): [dun]  unavailable = false
02-13 18:04:47.576 D/MobileDataStateTracker(  256): [dun] Do not process intents if disabled.
02-13 18:04:47.576 D/MobileDataStateTracker(  256): [supl]  MobileDataStateReceiver onReceive(): Entry.
02-13 18:04:47.576 D/MobileDataStateTracker(  256): [supl]  intent.getAction()= android.intent.action.ANY_DATA_STATE
02-13 18:04:47.576 D/MobileDataStateTracker(  256): [supl]  mEnabled = false
02-13 18:04:47.576 D/MobileDataStateTracker(  256): [supl]  apnTypeList = default
02-13 18:04:47.576 D/MobileDataStateTracker(  256): [supl]  unavailable = false
02-13 18:04:47.576 D/MobileDataStateTracker(  256): [supl] Do not process intents if disabled.
02-13 18:04:47.576 D/MobileDataStateTracker(  256): [mms]  MobileDataStateReceiver onReceive(): Entry.
02-13 18:04:47.576 D/MobileDataStateTracker(  256): [mms]  intent.getAction()= android.intent.action.ANY_DATA_STATE
02-13 18:04:47.576 D/MobileDataStateTracker(  256): [mms]  mEnabled = false
02-13 18:04:47.576 D/MobileDataStateTracker(  256): [mms]  apnTypeList = default
02-13 18:04:47.576 D/MobileDataStateTracker(  256): [mms]  unavailable = false
02-13 18:04:47.576 D/MobileDataStateTracker(  256): [mms] Do not process intents if disabled.
02-13 18:04:47.576 D/MobileDataStateTracker(  256): [default]  MobileDataStateReceiver onReceive(): Entry.
02-13 18:04:47.586 D/MobileDataStateTracker(  256): [default]  intent.getAction()= android.intent.action.ANY_DATA_STATE
02-13 18:04:47.586 D/MobileDataStateTracker(  256): [default]  mEnabled = true
02-13 18:04:47.586 D/MobileDataStateTracker(  256): [default]  apnTypeList = default
02-13 18:04:47.586 D/MobileDataStateTracker(  256): [default]  unavailable = false
02-13 18:04:47.586 D/MobileDataStateTracker(  256): [default] CALL updateMobileInfoFromIntent
02-13 18:04:47.586 I/MobileDataStateTracker(  256): [default] dc state change intent received for default/INET6 with state  DISCONNECTED. enabled=true state change reason = radioTechnologyChanged
02-13 18:04:47.586 I/MobileDataStateTracker(  256): [default] old state = DISCONNECTED
02-13 18:04:47.586 I/MobileDataStateTracker(  256): [default] no change,  just return
02-13 18:04:47.596 D/MobileDataStateTracker(  256): [default] No need to update detailed state
02-13 18:04:47.596 D/MobileDataStateTracker(  256): [hipri]  MobileDataStateReceiver onReceive(): Entry.
02-13 18:04:47.596 D/MobileDataStateTracker(  256): [hipri]  intent.getAction()= android.intent.action.ANY_DATA_STATE
02-13 18:04:47.596 D/MobileDataStateTracker(  256): [hipri]  mEnabled = false
02-13 18:04:47.596 D/MobileDataStateTracker(  256): [hipri]  apnTypeList = mms
02-13 18:04:47.596 D/MobileDataStateTracker(  256): [hipri]  unavailable = false
02-13 18:04:47.596 D/MobileDataStateTracker(  256): [hipri] Do not process intents if disabled.
02-13 18:04:47.596 D/MobileDataStateTracker(  256): [dun]  MobileDataStateReceiver onReceive(): Entry.
02-13 18:04:47.596 D/MobileDataStateTracker(  256): [dun]  intent.getAction()= android.intent.action.ANY_DATA_STATE
02-13 18:04:47.596 D/MobileDataStateTracker(  256): [dun]  mEnabled = false
02-13 18:04:47.596 D/MobileDataStateTracker(  256): [dun]  apnTypeList = mms
02-13 18:04:47.596 D/MobileDataStateTracker(  256): [dun]  unavailable = false
02-13 18:04:47.596 D/MobileDataStateTracker(  256): [dun] Do not process intents if disabled.
02-13 18:04:47.596 D/MobileDataStateTracker(  256): [supl]  MobileDataStateReceiver onReceive(): Entry.
02-13 18:04:47.596 D/MobileDataStateTracker(  256): [supl]  intent.getAction()= android.intent.action.ANY_DATA_STATE
02-13 18:04:47.596 D/MobileDataStateTracker(  256): [supl]  mEnabled = false
02-13 18:04:47.596 D/MobileDataStateTracker(  256): [supl]  apnTypeList = mms
02-13 18:04:47.596 D/MobileDataStateTracker(  256): [supl]  unavailable = false
02-13 18:04:47.596 D/MobileDataStateTracker(  256): [supl] Do not process intents if disabled.
02-13 18:04:47.606 D/MobileDataStateTracker(  256): [mms]  MobileDataStateReceiver onReceive(): Entry.
02-13 18:04:47.606 D/MobileDataStateTracker(  256): [mms]  intent.getAction()= android.intent.action.ANY_DATA_STATE
02-13 18:04:47.606 D/MobileDataStateTracker(  256): [mms]  mEnabled = false
02-13 18:04:47.606 D/MobileDataStateTracker(  256): [mms]  apnTypeList = mms
02-13 18:04:47.606 D/MobileDataStateTracker(  256): [mms]  unavailable = false
02-13 18:04:47.606 D/MobileDataStateTracker(  256): [mms] Do not process intents if disabled.
02-13 18:04:47.606 D/MobileDataStateTracker(  256): [default]  MobileDataStateReceiver onReceive(): Entry.
02-13 18:04:47.606 D/MobileDataStateTracker(  256): [default]  intent.getAction()= android.intent.action.ANY_DATA_STATE
02-13 18:04:47.606 D/MobileDataStateTracker(  256): [default]  mEnabled = true
02-13 18:04:47.606 D/MobileDataStateTracker(  256): [default]  apnTypeList = mms
02-13 18:04:47.606 D/MobileDataStateTracker(  256): [default]  unavailable = false
02-13 18:04:47.606 D/MobileDataStateTracker(  256): [default] not what we are looking for.
02-13 18:04:47.606 D/MobileDataStateTracker(  256): [hipri]  MobileDataStateReceiver onReceive(): Entry.
02-13 18:04:47.616 D/MobileDataStateTracker(  256): [hipri]  intent.getAction()= android.intent.action.ANY_DATA_STATE
02-13 18:04:47.616 D/MobileDataStateTracker(  256): [hipri]  mEnabled = false
02-13 18:04:47.616 D/MobileDataStateTracker(  256): [hipri]  apnTypeList = mms
02-13 18:04:47.616 D/MobileDataStateTracker(  256): [hipri]  unavailable = false
02-13 18:04:47.616 D/MobileDataStateTracker(  256): [hipri] Do not process intents if disabled.
02-13 18:04:47.616 D/MobileDataStateTracker(  256): [dun]  MobileDataStateReceiver onReceive(): Entry.
02-13 18:04:47.616 D/MobileDataStateTracker(  256): [dun]  intent.getAction()= android.intent.action.ANY_DATA_STATE
02-13 18:04:47.616 D/MobileDataStateTracker(  256): [dun]  mEnabled = false
02-13 18:04:47.616 D/MobileDataStateTracker(  256): [dun]  apnTypeList = mms
02-13 18:04:47.616 D/MobileDataStateTracker(  256): [dun]  unavailable = false
02-13 18:04:47.626 D/MobileDataStateTracker(  256): [dun] Do not process intents if disabled.
02-13 18:04:47.626 D/MobileDataStateTracker(  256): [supl]  MobileDataStateReceiver onReceive(): Entry.
02-13 18:04:47.626 D/MobileDataStateTracker(  256): [supl]  intent.getAction()= android.intent.action.ANY_DATA_STATE
02-13 18:04:47.626 D/MobileDataStateTracker(  256): [supl]  mEnabled = false
02-13 18:04:47.626 D/MobileDataStateTracker(  256): [supl]  apnTypeList = mms
02-13 18:04:47.626 D/MobileDataStateTracker(  256): [supl]  unavailable = false
02-13 18:04:47.626 D/MobileDataStateTracker(  256): [supl] Do not process intents if disabled.
02-13 18:04:47.626 D/MobileDataStateTracker(  256): [mms]  MobileDataStateReceiver onReceive(): Entry.
02-13 18:04:47.626 D/MobileDataStateTracker(  256): [mms]  intent.getAction()= android.intent.action.ANY_DATA_STATE
02-13 18:04:47.626 D/MobileDataStateTracker(  256): [mms]  mEnabled = false
02-13 18:04:47.626 D/MobileDataStateTracker(  256): [mms]  apnTypeList = mms
02-13 18:04:47.626 D/MobileDataStateTracker(  256): [mms]  unavailable = false
02-13 18:04:47.626 D/MobileDataStateTracker(  256): [mms] Do not process intents if disabled.
02-13 18:04:47.626 D/MobileDataStateTracker(  256): [default]  MobileDataStateReceiver onReceive(): Entry.
02-13 18:04:47.626 D/MobileDataStateTracker(  256): [default]  intent.getAction()= android.intent.action.ANY_DATA_STATE
02-13 18:04:47.626 D/MobileDataStateTracker(  256): [default]  mEnabled = true
02-13 18:04:47.626 D/MobileDataStateTracker(  256): [default]  apnTypeList = mms
02-13 18:04:47.626 D/MobileDataStateTracker(  256): [default]  unavailable = false
02-13 18:04:47.626 D/MobileDataStateTracker(  256): [default] not what we are looking for.
02-13 18:04:47.626 D/MobileDataStateTracker(  256): [hipri]  MobileDataStateReceiver onReceive(): Entry.
02-13 18:04:47.626 D/MobileDataStateTracker(  256): [hipri]  intent.getAction()= android.intent.action.ANY_DATA_STATE
02-13 18:04:47.626 D/MobileDataStateTracker(  256): [hipri]  mEnabled = false
02-13 18:04:47.636 D/MobileDataStateTracker(  256): [hipri]  apnTypeList = supl
02-13 18:04:47.636 D/MobileDataStateTracker(  256): [hipri]  unavailable = false
02-13 18:04:47.636 D/MobileDataStateTracker(  256): [hipri] Do not process intents if disabled.
02-13 18:04:47.636 D/MobileDataStateTracker(  256): [dun]  MobileDataStateReceiver onReceive(): Entry.
02-13 18:04:47.636 D/MobileDataStateTracker(  256): [dun]  intent.getAction()= android.intent.action.ANY_DATA_STATE
02-13 18:04:47.636 D/MobileDataStateTracker(  256): [dun]  mEnabled = false
02-13 18:04:47.646 D/MobileDataStateTracker(  256): [dun]  apnTypeList = supl
02-13 18:04:47.646 D/MobileDataStateTracker(  256): [dun]  unavailable = false
02-13 18:04:47.646 D/MobileDataStateTracker(  256): [dun] Do not process intents if disabled.
02-13 18:04:47.646 D/MobileDataStateTracker(  256): [supl]  MobileDataStateReceiver onReceive(): Entry.
02-13 18:04:47.646 D/MobileDataStateTracker(  256): [supl]  intent.getAction()= android.intent.action.ANY_DATA_STATE
02-13 18:04:47.646 D/MobileDataStateTracker(  256): [supl]  mEnabled = false
02-13 18:04:47.646 D/MobileDataStateTracker(  256): [supl]  apnTypeList = supl
02-13 18:04:47.646 D/MobileDataStateTracker(  256): [supl]  unavailable = false
02-13 18:04:47.646 D/MobileDataStateTracker(  256): [supl] Do not process intents if disabled.
02-13 18:04:47.646 D/MobileDataStateTracker(  256): [mms]  MobileDataStateReceiver onReceive(): Entry.
02-13 18:04:47.646 D/MobileDataStateTracker(  256): [mms]  intent.getAction()= android.intent.action.ANY_DATA_STATE
02-13 18:04:47.646 D/MobileDataStateTracker(  256): [mms]  mEnabled = false
02-13 18:04:47.656 D/MobileDataStateTracker(  256): [mms]  apnTypeList = supl
02-13 18:04:47.656 D/MobileDataStateTracker(  256): [mms]  unavailable = false
02-13 18:04:47.656 D/MobileDataStateTracker(  256): [mms] Do not process intents if disabled.
02-13 18:04:47.656 D/MobileDataStateTracker(  256): [default]  MobileDataStateReceiver onReceive(): Entry.
02-13 18:04:47.656 D/MobileDataStateTracker(  256): [default]  intent.getAction()= android.intent.action.ANY_DATA_STATE
02-13 18:04:47.656 D/MobileDataStateTracker(  256): [default]  mEnabled = true
02-13 18:04:47.656 D/MobileDataStateTracker(  256): [default]  apnTypeList = supl
02-13 18:04:47.656 D/MobileDataStateTracker(  256): [default]  unavailable = false
02-13 18:04:47.656 D/MobileDataStateTracker(  256): [default] not what we are looking for.
02-13 18:04:47.656 D/MobileDataStateTracker(  256): [hipri]  MobileDataStateReceiver onReceive(): Entry.
02-13 18:04:47.656 D/MobileDataStateTracker(  256): [hipri]  intent.getAction()= android.intent.action.ANY_DATA_STATE
02-13 18:04:47.656 D/MobileDataStateTracker(  256): [hipri]  mEnabled = false
02-13 18:04:47.666 D/MobileDataStateTracker(  256): [hipri]  apnTypeList = supl
02-13 18:04:47.666 D/MobileDataStateTracker(  256): [hipri]  unavailable = false
02-13 18:04:47.666 D/MobileDataStateTracker(  256): [hipri] Do not process intents if disabled.
02-13 18:04:47.666 D/MobileDataStateTracker(  256): [dun]  MobileDataStateReceiver onReceive(): Entry.
02-13 18:04:47.666 D/MobileDataStateTracker(  256): [dun]  intent.getAction()= android.intent.action.ANY_DATA_STATE
02-13 18:04:47.666 D/MobileDataStateTracker(  256): [dun]  mEnabled = false
02-13 18:04:47.666 D/MobileDataStateTracker(  256): [dun]  apnTypeList = supl
02-13 18:04:47.666 D/MobileDataStateTracker(  256): [dun]  unavailable = false
02-13 18:04:47.666 D/MobileDataStateTracker(  256): [dun] Do not process intents if disabled.
02-13 18:04:47.666 D/MobileDataStateTracker(  256): [supl]  MobileDataStateReceiver onReceive(): Entry.
02-13 18:04:47.666 D/MobileDataStateTracker(  256): [supl]  intent.getAction()= android.intent.action.ANY_DATA_STATE
02-13 18:04:47.666 D/MobileDataStateTracker(  256): [supl]  mEnabled = false
02-13 18:04:47.666 D/MobileDataStateTracker(  256): [supl]  apnTypeList = supl
02-13 18:04:47.666 D/MobileDataStateTracker(  256): [supl]  unavailable = false
02-13 18:04:47.666 D/MobileDataStateTracker(  256): [supl] Do not process intents if disabled.
02-13 18:04:47.666 D/MobileDataStateTracker(  256): [mms]  MobileDataStateReceiver onReceive(): Entry.
02-13 18:04:47.666 D/MobileDataStateTracker(  256): [mms]  intent.getAction()= android.intent.action.ANY_DATA_STATE
02-13 18:04:47.666 D/MobileDataStateTracker(  256): [mms]  mEnabled = false
02-13 18:04:47.676 D/MobileDataStateTracker(  256): [mms]  apnTypeList = supl
02-13 18:04:47.676 D/MobileDataStateTracker(  256): [mms]  unavailable = false
02-13 18:04:47.676 D/MobileDataStateTracker(  256): [mms] Do not process intents if disabled.
02-13 18:04:47.676 D/MobileDataStateTracker(  256): [default]  MobileDataStateReceiver onReceive(): Entry.
02-13 18:04:47.676 D/MobileDataStateTracker(  256): [default]  intent.getAction()= android.intent.action.ANY_DATA_STATE
02-13 18:04:47.676 D/MobileDataStateTracker(  256): [default]  mEnabled = true
02-13 18:04:47.676 D/MobileDataStateTracker(  256): [default]  apnTypeList = supl
02-13 18:04:47.676 D/MobileDataStateTracker(  256): [default]  unavailable = false
02-13 18:04:47.676 D/MobileDataStateTracker(  256): [default] not what we are looking for.
02-13 18:04:47.676 D/MobileDataStateTracker(  256): [hipri]  MobileDataStateReceiver onReceive(): Entry.
02-13 18:04:47.676 D/MobileDataStateTracker(  256): [hipri]  intent.getAction()= android.intent.action.ANY_DATA_STATE
02-13 18:04:47.676 D/MobileDataStateTracker(  256): [hipri]  mEnabled = false
02-13 18:04:47.676 D/MobileDataStateTracker(  256): [hipri]  apnTypeList = dun
02-13 18:04:47.676 D/MobileDataStateTracker(  256): [hipri]  unavailable = false
02-13 18:04:47.676 D/MobileDataStateTracker(  256): [hipri] Do not process intents if disabled.
02-13 18:04:47.676 D/MobileDataStateTracker(  256): [dun]  MobileDataStateReceiver onReceive(): Entry.
02-13 18:04:47.676 D/MobileDataStateTracker(  256): [dun]  intent.getAction()= android.intent.action.ANY_DATA_STATE
02-13 18:04:47.676 D/MobileDataStateTracker(  256): [dun]  mEnabled = false
02-13 18:04:47.686 D/MobileDataStateTracker(  256): [dun]  apnTypeList = dun
02-13 18:04:47.686 D/MobileDataStateTracker(  256): [dun]  unavailable = false
02-13 18:04:47.686 D/MobileDataStateTracker(  256): [dun] Do not process intents if disabled.
02-13 18:04:47.686 D/MobileDataStateTracker(  256): [supl]  MobileDataStateReceiver onReceive(): Entry.
02-13 18:04:47.686 D/MobileDataStateTracker(  256): [supl]  intent.getAction()= android.intent.action.ANY_DATA_STATE
02-13 18:04:47.686 D/MobileDataStateTracker(  256): [supl]  mEnabled = false
02-13 18:04:47.686 D/MobileDataStateTracker(  256): [supl]  apnTypeList = dun
02-13 18:04:47.686 D/MobileDataStateTracker(  256): [supl]  unavailable = false
02-13 18:04:47.686 D/MobileDataStateTracker(  256): [supl] Do not process intents if disabled.
02-13 18:04:47.686 D/MobileDataStateTracker(  256): [mms]  MobileDataStateReceiver onReceive(): Entry.
02-13 18:04:47.686 D/MobileDataStateTracker(  256): [mms]  intent.getAction()= android.intent.action.ANY_DATA_STATE
02-13 18:04:47.686 D/MobileDataStateTracker(  256): [mms]  mEnabled = false
02-13 18:04:47.686 D/QC_NV_ITEMS(  548): QcNvItems instance created.
02-13 18:04:47.686 I/QC_RIL_OEM_HOOK(  548): QcRilOemHook Service Created Successfully
02-13 18:04:47.686 D/MobileDataStateTracker(  256): [mms]  apnTypeList = dun
02-13 18:04:47.686 D/MobileDataStateTracker(  256): [mms]  unavailable = false
02-13 18:04:47.686 D/MobileDataStateTracker(  256): [mms] Do not process intents if disabled.
02-13 18:04:47.686 D/MobileDataStateTracker(  256): [default]  MobileDataStateReceiver onReceive(): Entry.
02-13 18:04:47.686 D/MobileDataStateTracker(  256): [default]  intent.getAction()= android.intent.action.ANY_DATA_STATE
02-13 18:04:47.686 D/MobileDataStateTracker(  256): [default]  mEnabled = true
02-13 18:04:47.696 D/MobileDataStateTracker(  256): [default]  apnTypeList = dun
02-13 18:04:47.696 D/MobileDataStateTracker(  256): [default]  unavailable = false
02-13 18:04:47.696 D/MobileDataStateTracker(  256): [default] not what we are looking for.
02-13 18:04:47.696 D/MobileDataStateTracker(  256): [hipri]  MobileDataStateReceiver onReceive(): Entry.
02-13 18:04:47.696 D/MobileDataStateTracker(  256): [hipri]  intent.getAction()= android.intent.action.ANY_DATA_STATE
02-13 18:04:47.696 D/MobileDataStateTracker(  256): [hipri]  mEnabled = false
02-13 18:04:47.696 D/MobileDataStateTracker(  256): [hipri]  apnTypeList = dun
02-13 18:04:47.696 D/MobileDataStateTracker(  256): [hipri]  unavailable = false
02-13 18:04:47.696 D/MobileDataStateTracker(  256): [hipri] Do not process intents if disabled.
02-13 18:04:47.696 D/MobileDataStateTracker(  256): [dun]  MobileDataStateReceiver onReceive(): Entry.
02-13 18:04:47.696 D/MobileDataStateTracker(  256): [dun]  intent.getAction()= android.intent.action.ANY_DATA_STATE
02-13 18:04:47.696 D/MobileDataStateTracker(  256): [dun]  mEnabled = false
02-13 18:04:47.696 E/QC_NV_ITEMS(  548): ### getMipDataProfile, slot = 1
02-13 18:04:47.696 D/QC_NV_ITEMS(  548): ### doNvRead(465, 1)
02-13 18:04:47.706 D/MobileDataStateTracker(  256): [dun]  apnTypeList = dun
02-13 18:04:47.706 D/MobileDataStateTracker(  256): [dun]  unavailable = false
02-13 18:04:47.706 D/MobileDataStateTracker(  256): [dun] Do not process intents if disabled.
02-13 18:04:47.706 D/MobileDataStateTracker(  256): [supl]  MobileDataStateReceiver onReceive(): Entry.
02-13 18:04:47.706 D/MobileDataStateTracker(  256): [supl]  intent.getAction()= android.intent.action.ANY_DATA_STATE
02-13 18:04:47.706 D/MobileDataStateTracker(  256): [supl]  mEnabled = false
02-13 18:04:47.706 D/MobileDataStateTracker(  256): [supl]  apnTypeList = dun
02-13 18:04:47.706 D/MobileDataStateTracker(  256): [supl]  unavailable = false
02-13 18:04:47.706 D/MobileDataStateTracker(  256): [supl] Do not process intents if disabled.
02-13 18:04:47.706 D/MobileDataStateTracker(  256): [mms]  MobileDataStateReceiver onReceive(): Entry.
02-13 18:04:47.706 D/MobileDataStateTracker(  256): [mms]  intent.getAction()= android.intent.action.ANY_DATA_STATE
02-13 18:04:47.706 D/MobileDataStateTracker(  256): [mms]  mEnabled = false
02-13 18:04:47.706 D/MobileDataStateTracker(  256): [mms]  apnTypeList = dun
02-13 18:04:47.706 D/MobileDataStateTracker(  256): [mms]  unavailable = false
02-13 18:04:47.706 D/MobileDataStateTracker(  256): [mms] Do not process intents if disabled.
02-13 18:04:47.706 D/MobileDataStateTracker(  256): [default]  MobileDataStateReceiver onReceive(): Entry.
02-13 18:04:47.706 D/MobileDataStateTracker(  256): [default]  intent.getAction()= android.intent.action.ANY_DATA_STATE
02-13 18:04:47.706 D/QC_RIL_OEM_HOOK(  548): sendRilOemHookMsg: itemIdTemp-47
02-13 18:04:47.706 D/MobileDataStateTracker(  256): [default]  mEnabled = true
02-13 18:04:47.716 D/MobileDataStateTracker(  256): [default]  apnTypeList = dun
02-13 18:04:47.716 D/QC_NV_ITEMS(  548): Received(465,1): 011f7a7465746573746163636f756e7432323140737072696e747063732e636f6d000000000000000000000000000000000000000000000000000000000000000000000000000000000001d204000001d20400000100000000ffffffff4c591c44
02-13 18:04:47.716 D/QC_NV_ITEMS(  548): 011f7a7465746573746163636f756e7432323140737072696e747063732e636f6d000000000000000000000000000000000000000000000000000000000000000000000000000000000001d204000001d20400000100000000ffffffff4c591c44
02-13 18:04:47.716 E/QmiItemTypes(  548):  index= 1
02-13 18:04:47.716 E/QmiItemTypes(  548):  nai len= 31
02-13 18:04:47.716 E/QmiItemTypes(  548):  nai str= ztetestaccount221@sprintpcs.com
02-13 18:04:47.716 D/MobileDataStateTracker(  256): [default]  unavailable = false
02-13 18:04:47.716 D/MobileDataStateTracker(  256): [default] not what we are looking for.
02-13 18:04:47.716 D/MobileDataStateTracker(  256): [hipri]  MobileDataStateReceiver onReceive(): Entry.
02-13 18:04:47.716 D/MobileDataStateTracker(  256): [hipri]  intent.getAction()= android.intent.action.ANY_DATA_STATE
02-13 18:04:47.716 D/MobileDataStateTracker(  256): [hipri]  mEnabled = false
02-13 18:04:47.716 D/MobileDataStateTracker(  256): [hipri]  apnTypeList = hipri
02-13 18:04:47.716 D/MobileDataStateTracker(  256): [hipri]  unavailable = false
02-13 18:04:47.716 D/MobileDataStateTracker(  256): [hipri] Do not process intents if disabled.
02-13 18:04:47.716 D/MobileDataStateTracker(  256): [dun]  MobileDataStateReceiver onReceive(): Entry.
02-13 18:04:47.716 D/MobileDataStateTracker(  256): [dun]  intent.getAction()= android.intent.action.ANY_DATA_STATE
02-13 18:04:47.716 D/MobileDataStateTracker(  256): [dun]  mEnabled = false
02-13 18:04:47.726 D/MobileDataStateTracker(  256): [dun]  apnTypeList = hipri
02-13 18:04:47.726 D/MobileDataStateTracker(  256): [dun]  unavailable = false
02-13 18:04:47.726 D/MobileDataStateTracker(  256): [dun] Do not process intents if disabled.
02-13 18:04:47.726 D/MobileDataStateTracker(  256): [supl]  MobileDataStateReceiver onReceive(): Entry.
02-13 18:04:47.726 D/MobileDataStateTracker(  256): [supl]  intent.getAction()= android.intent.action.ANY_DATA_STATE
02-13 18:04:47.726 D/MobileDataStateTracker(  256): [supl]  mEnabled = false
02-13 18:04:47.726 D/MobileDataStateTracker(  256): [supl]  apnTypeList = hipri
02-13 18:04:47.726 E/QmiItemTypes(  548):  mMnHaSpiSet= true
02-13 18:04:47.726 E/QmiItemTypes(  548):  mMnHaSpi= 1234
02-13 18:04:47.726 E/QmiItemTypes(  548):  mMnAaaSpiSet= true
02-13 18:04:47.726 E/QmiItemTypes(  548):  mMnAaaSpi= 1234
02-13 18:04:47.726 E/QmiItemTypes(  548):  mRvsTnl= true
02-13 18:04:47.726 E/QmiItemTypes(  548):  home_addr= 0.0.0.0
02-13 18:04:47.726 E/QmiItemTypes(  548):  primary_ha_addr= 255.255.255.255
02-13 18:04:47.726 E/QmiItemTypes(  548):  secondary_ha_addr= 68.28.89.76
02-13 18:04:47.726 D/MobileDataStateTracker(  256): [supl]  unavailable = false
02-13 18:04:47.726 D/MobileDataStateTracker(  256): [supl] Do not process intents if disabled.
02-13 18:04:47.726 D/MobileDataStateTracker(  256): [mms]  MobileDataStateReceiver onReceive(): Entry.
02-13 18:04:47.726 D/MobileDataStateTracker(  256): [mms]  intent.getAction()= android.intent.action.ANY_DATA_STATE
02-13 18:04:47.726 D/MobileDataStateTracker(  256): [mms]  mEnabled = false
02-13 18:04:47.726 D/MobileDataStateTracker(  256): [mms]  apnTypeList = hipri
02-13 18:04:47.736 W/dalvikvm(  451): Refusing to reopen boot DEX '/system/framework/qcrilhook.jar'
02-13 18:04:47.736 W/dalvikvm(  451): Refusing to reopen boot DEX '/system/framework/qcnvitems.jar'
02-13 18:04:47.746 D/MobileDataStateTracker(  256): [mms]  unavailable = false
02-13 18:04:47.746 D/MobileDataStateTracker(  256): [mms] Do not process intents if disabled.
02-13 18:04:47.746 D/MobileDataStateTracker(  256): [default]  MobileDataStateReceiver onReceive(): Entry.
02-13 18:04:47.746 D/MobileDataStateTracker(  256): [default]  intent.getAction()= android.intent.action.ANY_DATA_STATE
02-13 18:04:47.746 D/MobileDataStateTracker(  256): [default]  mEnabled = true
02-13 18:04:47.746 D/MobileDataStateTracker(  256): [default]  apnTypeList = hipri
02-13 18:04:47.746 D/MobileDataStateTracker(  256): [default]  unavailable = false
02-13 18:04:47.746 D/MobileDataStateTracker(  256): [default] not what we are looking for.
02-13 18:04:47.746 D/MobileDataStateTracker(  256): [hipri]  MobileDataStateReceiver onReceive(): Entry.
02-13 18:04:47.746 D/MobileDataStateTracker(  256): [hipri]  intent.getAction()= android.intent.action.ANY_DATA_STATE
02-13 18:04:47.746 D/MobileDataStateTracker(  256): [hipri]  mEnabled = false
02-13 18:04:47.756 I/SprintID.Util(  548): skipping the update check since it already ran recently
02-13 18:04:47.756 D/MobileDataStateTracker(  256): [hipri]  apnTypeList = hipri
02-13 18:04:47.756 D/MobileDataStateTracker(  256): [hipri]  unavailable = false
02-13 18:04:47.756 D/MobileDataStateTracker(  256): [hipri] Do not process intents if disabled.
02-13 18:04:47.756 D/MobileDataStateTracker(  256): [dun]  MobileDataStateReceiver onReceive(): Entry.
02-13 18:04:47.756 D/MobileDataStateTracker(  256): [dun]  intent.getAction()= android.intent.action.ANY_DATA_STATE
02-13 18:04:47.756 D/MobileDataStateTracker(  256): [dun]  mEnabled = false
02-13 18:04:47.756 D/MobileDataStateTracker(  256): [dun]  apnTypeList = hipri
02-13 18:04:47.756 D/MobileDataStateTracker(  256): [dun]  unavailable = false
02-13 18:04:47.756 D/MobileDataStateTracker(  256): [dun] Do not process intents if disabled.
02-13 18:04:47.756 D/MobileDataStateTracker(  256): [supl]  MobileDataStateReceiver onReceive(): Entry.
02-13 18:04:47.756 D/MobileDataStateTracker(  256): [supl]  intent.getAction()= android.intent.action.ANY_DATA_STATE
02-13 18:04:47.756 D/MobileDataStateTracker(  256): [supl]  mEnabled = false
02-13 18:04:47.766 D/MobileDataStateTracker(  256): [supl]  apnTypeList = hipri
02-13 18:04:47.766 D/MobileDataStateTracker(  256): [supl]  unavailable = false
02-13 18:04:47.766 D/MobileDataStateTracker(  256): [supl] Do not process intents if disabled.
02-13 18:04:47.766 D/MobileDataStateTracker(  256): [mms]  MobileDataStateReceiver onReceive(): Entry.
02-13 18:04:47.766 D/MobileDataStateTracker(  256): [mms]  intent.getAction()= android.intent.action.ANY_DATA_STATE
02-13 18:04:47.766 D/MobileDataStateTracker(  256): [mms]  mEnabled = false
02-13 18:04:47.766 D/MobileDataStateTracker(  256): [mms]  apnTypeList = hipri
02-13 18:04:47.766 D/MobileDataStateTracker(  256): [mms]  unavailable = false
02-13 18:04:47.766 D/MobileDataStateTracker(  256): [mms] Do not process intents if disabled.
02-13 18:04:47.776 D/MobileDataStateTracker(  256): [default]  MobileDataStateReceiver onReceive(): Entry.
02-13 18:04:47.776 D/MobileDataStateTracker(  256): [default]  intent.getAction()= android.intent.action.ANY_DATA_STATE
02-13 18:04:47.776 D/MobileDataStateTracker(  256): [default]  mEnabled = true
02-13 18:04:47.776 D/MobileDataStateTracker(  256): [default]  apnTypeList = hipri
02-13 18:04:47.776 D/MobileDataStateTracker(  256): [default]  unavailable = false
02-13 18:04:47.776 D/MobileDataStateTracker(  256): [default] not what we are looking for.
02-13 18:04:47.786 E/Dun Auto Boot(  451): Dun Auto Boot Started Successfully
02-13 18:04:47.806 I/Dun Service(  451): Dun Service Created Successfully
02-13 18:04:47.826 I/Dun Service(  451): Background Service Started Successfully ...
02-13 18:04:47.846 W/dalvikvm(  557): Refusing to reopen boot DEX '/system/framework/OmaDrmClient.jar'
02-13 18:04:47.856 I/ActivityThread(  557): Pub drm.oma: com.irdeto.providers.drm.OmaDrmProvider
02-13 18:04:47.856 D/DATA    (  344): [DSST(0)] pollstate() : reason = data network state changed
02-13 18:04:47.876 D/OmaDrmReceiver(  557): android.intent.action.BOOT_COMPLETED
02-13 18:04:47.896 D/MobileDataStateTracker(  256): [hipri]  MobileDataStateReceiver onReceive(): Entry.
02-13 18:04:47.896 D/MobileDataStateTracker(  256): [hipri]  intent.getAction()= android.intent.action.SERVICE_STATE
02-13 18:04:47.896 D/MobileDataStateTracker(  256): [hipri]  mEnabled = false
02-13 18:04:47.896 D/MobileDataStateTracker(  256): [dun]  MobileDataStateReceiver onReceive(): Entry.
02-13 18:04:47.896 D/MobileDataStateTracker(  256): [dun]  intent.getAction()= android.intent.action.SERVICE_STATE
02-13 18:04:47.896 D/MobileDataStateTracker(  256): [dun]  mEnabled = false
02-13 18:04:47.896 D/MobileDataStateTracker(  256): [supl]  MobileDataStateReceiver onReceive(): Entry.
02-13 18:04:47.896 D/MobileDataStateTracker(  256): [supl]  intent.getAction()= android.intent.action.SERVICE_STATE
02-13 18:04:47.896 D/MobileDataStateTracker(  256): [supl]  mEnabled = false
02-13 18:04:47.906 D/MobileDataStateTracker(  256): [mms]  MobileDataStateReceiver onReceive(): Entry.
02-13 18:04:47.906 D/MobileDataStateTracker(  256): [mms]  intent.getAction()= android.intent.action.SERVICE_STATE
02-13 18:04:47.906 D/MobileDataStateTracker(  256): [mms]  mEnabled = false
02-13 18:04:47.906 D/MobileDataStateTracker(  256): [default]  MobileDataStateReceiver onReceive(): Entry.
02-13 18:04:47.906 D/MobileDataStateTracker(  256): [default]  intent.getAction()= android.intent.action.SERVICE_STATE
02-13 18:04:47.906 D/MobileDataStateTracker(  256): [default]  mEnabled = true
02-13 18:04:47.906 D/CallManager(  344):  handleMessage (EVENT_SERVICE_STATE_CHANGED)
02-13 18:04:47.906 E/BT HS/HF(  344): SERVICE_STATE_CHANGED called
02-13 18:04:47.906 E/BT HS/HF(  344): updateServiceState called, sendUpdate:false  ServiceState:0 home Sprint  310099  1xRTT CSS not supported 41 4139RoamInd: 1RoamStatus(sprint): 1DefRoamInd: 160EmergOnly: false
02-13 18:04:47.906 E/BT HS/HF(  344): service:1 mService:1
02-13 18:04:47.916 D/DATA    (  344): [DSST(0)]  registrationState = 1  radioTechnology = 6 reasonForDenial = 0
02-13 18:04:47.916 D/DATA    (  344): [DSST(0)]  set mNewDataConnectionState = 0
02-13 18:04:47.916 D/DATA    (  344): [DSST(0)]  mNewDataConnectionState : 0  mDataConnectionState : 0
02-13 18:04:47.916 D/DATA    (  344): [DSST(0)] Poll ServiceState done: oldSS=[0 home null null null  1xRTT CSS not supported -1 -1RoamInd: -1RoamStatus(sprint): -1DefRoamInd: -1EmergOnly: false] newSS=[0 home null null null  1xRTT CSS not supported -1 -1RoamInd: -1RoamStatus(sprint): -1DefRoamInd: -1EmergOnly: false]
02-13 18:04:47.916 D/DATA    (  344): [DSST(0)]  mDataConnectionState = 0
02-13 18:04:47.956 W/dalvikvm(  565): Refusing to reopen boot DEX '/system/framework/OmaDrmClient.jar'
02-13 18:04:48.026 I/ActivityThread(  565): Pub com.android.mms.SuggestionsProvider: com.android.mms.SuggestionsProvider
02-13 18:04:48.036 E/MmsCustom(  565): Mms,MmsCustom
02-13 18:04:48.036 E/MmsCustom(  565): Init before calling function of doPreSotred()
02-13 18:04:48.036 E/MmsCustom(  565): mms config have been prestored before
02-13 18:04:48.036 E/MmsConfig(  565): mUaProfUrl=http://device.sprintpcs.com/ZTE/ZTEN850KT/N850V1.0.0B10.rdf
02-13 18:04:48.156 D/MmsSystemEventReceiver(  565): Intent received: Intent { act=android.intent.action.BOOT_COMPLETED cmp=com.android.mms/.transaction.MmsSystemEventReceiver }
02-13 18:04:48.156 D/Mms     (  565): [12] Conversation get() RECIPIENT==: 1
02-13 18:04:48.156 D/Mms     (  565): [12] Conversation get() DATE==: 1329176115000
02-13 18:04:48.166 I/Mms     (  565): parseMmsAddress number=9137446943, length=10
02-13 18:04:48.166 E/MmsSystemEventReceiver(  565): ACTION_BOOT_COMPLETED wakeup at=132917788817930000
02-13 18:04:48.176 I/ContactsProvider(  394): query: content://com.android.contacts/data
02-13 18:04:48.176 E/ContactsProvider(  394): 101123 isCallerRegisterNeedSIMProc callerPid:565, acorePid:394
02-13 18:04:48.186 I/ContactsProvider(  394): query isCallerRegistered= true
02-13 18:04:48.186 I/ContactsProvider(  394): query forOnlyOneContactString= 0
02-13 18:04:48.196 D/Mms     (  565): currentRoamingStatus:1
02-13 18:04:48.196 D/Mms     (  565): mAutoSendHandler sendEmptyMessageDelayed
02-13 18:04:48.206 I/ContactsProvider(  394): query: content://com.android.contacts/contacts/223/photo
02-13 18:04:48.206 E/ContactsProvider(  394): 101123 isCallerRegisterNeedSIMProc callerPid:565, acorePid:394
02-13 18:04:48.206 I/ContactsProvider(  394): query isCallerRegistered= true
02-13 18:04:48.206 I/ContactsProvider(  394): query forOnlyOneContactString= 0
02-13 18:04:48.206 E/HQB     (  565): onReceive  action received android.intent.action.BOOT_COMPLETED
02-13 18:04:48.216 E/HQB     (  565): onReceiveWithPrivilege  action received android.intent.action.BOOT_COMPLETED
02-13 18:04:48.266 W/dalvikvm(  582): Refusing to reopen boot DEX '/system/framework/qcrilhook.jar'
02-13 18:04:48.266 W/dalvikvm(  582): Refusing to reopen boot DEX '/system/framework/qcnvitems.jar'
02-13 18:04:48.327 D/QC_NV_ITEMS(  582): QcNvItems instance created.
02-13 18:04:48.337 I/QC_RIL_OEM_HOOK(  582): QcRilOemHook Service Created Successfully
02-13 18:04:48.337 E/HWY     (  582): into Hidden Menu
02-13 18:04:48.337 E/HWY     (  582): reboot now
02-13 18:04:48.377 D/AlarmManager(  256): +++Alarm set:type=0 com.google.android.gsf  Trigger after:964190ms
02-13 18:04:48.397 D/MediaScannerService(  497): start scanning volume internal
02-13 18:04:48.407 D/GpsLocationProvider(  256): updateNetworkState unavailable info: NetworkInfo: type: mobile[CDMA - 1xRTT], state: CONNECTING/CONNECTING, reason: radioTechnologyChanged, extra: (none), roaming: false, failover: false, isAvailable: true, isIpv4Connected: false, isIpv6Connected: false, ipv4Name: null, ipv6Name: null
02-13 18:04:48.437 D/Launcher(  351): onSaveInstanceState
02-13 18:04:48.437 D/Launcher(  351): Dissmis Preview for view :null ID:2131230735
02-13 18:04:48.437 D/Launcher(  351): Dissmis Preview for view :null ID:2131230736
02-13 18:04:48.437 D/Launcher(  351): Dissmis Preview for view :null ID:2131230739
02-13 18:04:48.437 D/Launcher(  351): Dissmis Preview for view :null ID:2131230741
02-13 18:04:48.447 D/KeyguardViewMediator(  256): setHidden false
02-13 18:04:48.447 I/hubo    (  256): Activity {com.google.android.gsf/com.google.android.gsf.update.SystemUpdateInstallDialog}
02-13 18:04:48.517 D/GpsLocationProvider(  256): getAGpsConnectionInfo connType - 3
02-13 18:04:48.677 D/Warhol  (  351): A pack appears to be installed -- skipping Installer
02-13 18:04:48.687 D/androidNlpServiceThread(  377): updateState: shouldBeEnabled false shouldBeRunning false
02-13 18:04:48.697 D/KeyguardViewMediator(  256): setHidden false
02-13 18:04:48.697 D/KeyguardViewMediator(  256): setHidden false
02-13 18:04:48.697 D/KeyguardViewMediator(  256): setHidden false
02-13 18:04:48.707 I/hubo    (  256): Activity {com.android.launcher/com.android.launcher2.Launcher}
02-13 18:04:48.707 I/ActivityManager(  256): Displayed com.android.launcher/com.android.launcher2.Launcher: +11s648ms
02-13 18:04:48.757 D/androidNlpServiceThread(  377): updateState: shouldBeEnabled false shouldBeRunning false
02-13 18:04:48.787 D/SmsReceiverService(  565): unreadPresidentialCursor.getCount() =0
02-13 18:04:48.817 D/androidNlpServiceThread(  377): updateState: shouldBeEnabled false shouldBeRunning false
02-13 18:04:48.847 D/androidNlpServiceThread(  377): updateState: shouldBeEnabled false shouldBeRunning false
02-13 18:04:48.937 D/androidNlpServiceThread(  377): updateState: shouldBeEnabled false shouldBeRunning false
02-13 18:04:48.957 D/androidNlpServiceThread(  377): updateState: shouldBeEnabled false shouldBeRunning false
02-13 18:04:48.957 I/MediaScanner(  497): doScanFile the temppath: /system/media/audio/alarms/Alarm_Beep_01.ogg
02-13 18:04:49.047 I/MediaScanner(  497): doScanFile the temppath: /system/media/audio/alarms/Alarm_Beep_02.ogg
02-13 18:04:49.047 I/MediaScanner(  497): doScanFile the temppath: /system/media/audio/alarms/Alarm_Beep_03.ogg
02-13 18:04:49.047 I/MediaScanner(  497): doScanFile the temppath: /system/media/audio/alarms/Alarm_Buzzer.ogg
02-13 18:04:49.047 I/MediaScanner(  497): doScanFile the temppath: /system/media/audio/alarms/Alarm_Classic.ogg
02-13 18:04:49.047 I/MediaScanner(  497): doScanFile the temppath: /system/media/audio/alarms/Alarm_Rooster_02.ogg
02-13 18:04:49.047 I/MediaScanner(  497): doScanFile the temppath: /system/media/audio/notifications/Beat_Box_Android.ogg
02-13 18:04:49.057 I/MediaScanner(  497): doScanFile the temppath: /system/media/audio/notifications/CaffeineSnake.ogg
02-13 18:04:49.057 I/MediaScanner(  497): doScanFile the temppath: /system/media/audio/notifications/DearDeer.ogg
02-13 18:04:49.057 I/MediaScanner(  497): doScanFile the temppath: /system/media/audio/notifications/DontPanic.ogg
02-13 18:04:49.057 I/MediaScanner(  497): doScanFile the temppath: /system/media/audio/notifications/F1_MissedCall.ogg
02-13 18:04:49.057 I/MediaScanner(  497): doScanFile the temppath: /system/media/audio/notifications/F1_New_MMS.ogg
02-13 18:04:49.057 I/MediaScanner(  497): doScanFile the temppath: /system/media/audio/notifications/F1_New_SMS.ogg
02-13 18:04:49.057 I/MediaScanner(  497): doScanFile the temppath: /system/media/audio/notifications/Heaven.ogg
02-13 18:04:49.057 I/MediaScanner(  497): doScanFile the temppath: /system/media/audio/notifications/Highwire.ogg
02-13 18:04:49.057 I/MediaScanner(  497): doScanFile the temppath: /system/media/audio/notifications/KzurbSonar.ogg
02-13 18:04:49.077 I/MediaScanner(  497): doScanFile the temppath: /system/media/audio/notifications/OnTheHunt.ogg
02-13 18:04:49.087 I/RlzPingService(  458): Setting next ping for 1329782689091
02-13 18:04:49.087 D/AlarmManager(  256): +++Alarm set:type=0 com.google.android.partnersetup  Trigger after:604799997ms
02-13 18:04:49.097 I/MediaScanner(  497): doScanFile the temppath: /system/media/audio/notifications/TaDa.ogg
02-13 18:04:49.117 I/MediaScanner(  497): doScanFile the temppath: /system/media/audio/notifications/Tinkerbell.ogg
02-13 18:04:49.137 I/MediaScanner(  497): doScanFile the temppath: /system/media/audio/notifications/Voila.ogg
02-13 18:04:49.157 I/MediaScanner(  497): doScanFile the temppath: /system/media/audio/ringtones/BeatPlucker.ogg
02-13 18:04:49.157 I/MediaScanner(  497): doScanFile the temppath: /system/media/audio/ringtones/BentleyDubs.ogg
02-13 18:04:49.157 I/MediaScanner(  497): doScanFile the temppath: /system/media/audio/ringtones/BirdLoop.ogg
02-13 18:04:49.157 I/MediaScanner(  497): doScanFile the temppath: /system/media/audio/ringtones/CaribbeanIce.ogg
02-13 18:04:49.157 I/MediaScanner(  497): doScanFile the temppath: /system/media/audio/ringtones/CrazyDream.ogg
02-13 18:04:49.157 I/MediaScanner(  497): doScanFile the temppath: /system/media/audio/ringtones/CurveBall.ogg
02-13 18:04:49.157 I/MediaScanner(  497): doScanFile the temppath: /system/media/audio/ringtones/DreamTheme.ogg
02-13 18:04:49.167 I/MediaScanner(  497): doScanFile the temppath: /system/media/audio/ringtones/EtherShake.ogg
02-13 18:04:49.167 I/MediaScanner(  497): doScanFile the temppath: /system/media/audio/ringtones/FriendlyGhost.ogg
02-13 18:04:49.167 I/MediaScanner(  497): doScanFile the temppath: /system/media/audio/ringtones/GameOverGuitar.ogg
02-13 18:04:49.167 I/MediaScanner(  497): doScanFile the temppath: /system/media/audio/ringtones/Growl.ogg
02-13 18:04:49.167 I/MediaScanner(  497): doScanFile the temppath: /system/media/audio/ringtones/InsertCoin.ogg
02-13 18:04:49.177 I/MediaScanner(  497): doScanFile the temppath: /system/media/audio/ringtones/LoopyLounge.ogg
02-13 18:04:49.187 I/MediaScanner(  497): doScanFile the temppath: /system/media/audio/ringtones/LoveFlute.ogg
02-13 18:04:49.197 I/ActivityThread(  594): Pub gmail-ls: com.google.android.gm.provider.MailProvider
02-13 18:04:49.197 I/MediaScanner(  497): doScanFile the temppath: /system/media/audio/ringtones/MidEvilJaunt.ogg
02-13 18:04:49.197 I/MediaScanner(  497): doScanFile the temppath: /system/media/audio/ringtones/MildlyAlarming.ogg
02-13 18:04:49.207 I/MediaScanner(  497): doScanFile the temppath: /system/media/audio/ringtones/NewPlayer.ogg
02-13 18:04:49.217 I/ActivityThread(  594): Pub com.google.android.gm.attachmentspreviews: com.google.android.gm.AttachmentPreviewProvider
02-13 18:04:49.217 I/ActivityThread(  594): Pub com.google.android.gmail.SuggestionProvider: com.google.android.gm.SuggestionsProvider
02-13 18:04:49.217 I/ActivityThread(  594): Pub gmail-downloads: com.google.android.gm.downloadprovider.DownloadProvider
02-13 18:04:49.237 I/MediaScanner(  497): doScanFile the temppath: /system/media/audio/ringtones/Noises1.ogg
02-13 18:04:49.237 I/MediaScanner(  497): doScanFile the temppath: /system/media/audio/ringtones/Noises2.ogg
02-13 18:04:49.247 I/MediaScanner(  497): doScanFile the temppath: /system/media/audio/ringtones/Noises3.ogg
02-13 18:04:49.247 I/MediaScanner(  497): doScanFile the temppath: /system/media/audio/ringtones/OrganDub.ogg
02-13 18:04:49.247 I/MediaScanner(  497): doScanFile the temppath: /system/media/audio/ringtones/Ring_Classic_02.ogg
02-13 18:04:49.247 I/MediaScanner(  497): doScanFile the temppath: /system/media/audio/ringtones/Ring_Digital_02.ogg
02-13 18:04:49.247 I/MediaScanner(  497): doScanFile the temppath: /system/media/audio/ringtones/Ring_Synth_02.ogg
02-13 18:04:49.247 I/MediaScanner(  497): doScanFile the temppath: /system/media/audio/ringtones/Ring_Synth_04.ogg
02-13 18:04:49.247 I/MediaScanner(  497): doScanFile the temppath: /system/media/audio/ringtones/RomancingTheTone.ogg
02-13 18:04:49.247 I/MediaScanner(  497): doScanFile the temppath: /system/media/audio/ringtones/SitarVsSitar.ogg
02-13 18:04:49.247 I/MediaScanner(  497): doScanFile the temppath: /system/media/audio/ringtones/SpringyJalopy.ogg
02-13 18:04:49.247 I/MediaScanner(  497): doScanFile the temppath: /system/media/audio/ringtones/Terminated.ogg
02-13 18:04:49.247 I/MediaScanner(  497): doScanFile the temppath: /system/media/audio/ringtones/TwirlAway.ogg
02-13 18:04:49.247 I/MediaScanner(  497): doScanFile the temppath: /system/media/audio/ringtones/VeryAlarmed.ogg
02-13 18:04:49.408 I/ActivityThread(  605): Pub com.dataviz.dxtg.documentprovider: com.dataviz.dxtg.common.android.DocumentContentProvider
02-13 18:04:49.418 I/ActivityThread(  605): Pub com.dataviz.docstogo.shregi: com.dataviz.dxtg.common.android.RegistrationInfoShare
02-13 18:04:49.518 I/Documents To Go(  605): Phone Boot Received
02-13 18:04:49.578 I/MediaScanner(  497): doScanFile the temppath: /system/media/audio/ringtones/World.ogg
02-13 18:04:49.588 I/MediaScanner(  497): doScanFile the temppath: /system/media/audio/ui/Dock.ogg
02-13 18:04:49.598 I/MediaScanner(  497): doScanFile the temppath: /system/media/audio/ui/Effect_Tick.ogg
02-13 18:04:49.768 E/BootReceiver(  394): Contacts,BootReceiver
02-13 18:04:49.768 E/BootReceiver(  394): start group load service
02-13 18:04:49.798 E/BootReceiver(  394): oncreate before calling function of doPreSotred()
02-13 18:04:49.798 E/BootReceiver(  394): name and number have been prestored before
02-13 18:04:49.798 E/BootReceiver(  394): oncreate after calling function of doPreSotred()
02-13 18:04:49.798 E/LoadGroupService(  394): LoadGroupService execute
02-13 18:04:49.858 I/CameraBoot(  616): Start Camera application
02-13 18:04:49.888 I/MediaScanner(  497): doScanFile the temppath: /system/media/audio/ui/KeypressDelete.ogg
02-13 18:04:49.898 I/MediaScanner(  497): doScanFile the temppath: /system/media/audio/ui/KeypressReturn.ogg
02-13 18:04:49.908 I/ActivityThread(  623): Pub com.android.calendar: com.android.providers.calendar.CalendarProvider2
02-13 18:04:49.928 I/MediaScanner(  497): doScanFile the temppath: /system/media/audio/ui/KeypressSpacebar.ogg
02-13 18:04:50.078 D/AlertReceiver(  632): onReceive: a=android.intent.action.BOOT_COMPLETED Intent { act=android.intent.action.BOOT_COMPLETED cmp=com.android.calendar/.AlertReceiver }
02-13 18:04:50.138 D/AlertService(  632): 0 Action = android.intent.action.BOOT_COMPLETED
02-13 18:04:50.208 D/Email   (  512): BOOT_COMPLETED
02-13 18:04:50.208 D/Email   (  512): BOOT_COMPLETED Time Initialication
02-13 18:04:50.208 D/Email   (  512): BOOT_COMPLETED Time Initialication end
02-13 18:04:50.208 D/Email   (  512): BOOT_COMPLETED Begin Service
02-13 18:04:50.208 I/MediaScanner(  497): doScanFile the temppath: /system/media/audio/ui/KeypressStandard.ogg
02-13 18:04:50.218 I/MediaScanner(  497): doScanFile the temppath: /system/media/audio/ui/Lock.ogg
02-13 18:04:50.218 I/MediaScanner(  497): doScanFile the temppath: /system/media/audio/ui/LowBattery.ogg
02-13 18:04:50.298 I/MediaScanner(  497): doScanFile the temppath: /system/media/audio/ui/Undock.ogg
02-13 18:04:50.338 I/MediaScanner(  497): doScanFile the temppath: /system/media/audio/ui/Unlock.ogg
02-13 18:04:50.359 I/MediaScanner(  497): doScanFile the temppath: /system/media/audio/ui/VideoRecord.ogg
02-13 18:04:50.429 D/Email   (  512): BOOT_COMPLETED End
02-13 18:04:50.439 I/MediaScanner(  497): doScanFile the temppath: /system/media/audio/ui/camera_click.ogg
02-13 18:04:50.459 I/MediaScanner(  497): doScanFile the temppath: /system/media/audio/ui/camera_click_2.ogg
02-13 18:04:50.469 D/AlarmManager(  256): +++Alarm set:type=2 com.google.android.apps.maps  Trigger after:899999ms
02-13 18:04:50.469 I/MediaScanner(  497): doScanFile the temppath: /system/media/audio/ui/camera_click_3.ogg
02-13 18:04:50.519 I/vDM     (  466): Vdmc getInstance
02-13 18:04:50.519 I/vDM     (  466): <MyATCommand.java> MyATCommand() construct
02-13 18:04:50.529 I/vDM     (  466): VdmcLawmo#checkLock
02-13 18:04:50.549 I/LL      (  647): Tag: V3Client
02-13 18:04:50.559 I/V3Client(  647): LocationLabsApplication.onCreate() uptime: 40230 elapsedRealtime: 40219
02-13 18:04:50.629 I/V3Client(  647): com.locationlabs.v3client onCreate() version: 310/3.1 3.1:2012.01.01-17.06(r164312) prod sparkle build@ldbuild1
02-13 18:04:50.639 I/MediaScanner(  497): doScanFile the temppath: /system/media/audio/ui/playtone1.ogg
02-13 18:04:50.639 D/QC_NV_ITEMS(  466): QcNvItems instance created.
02-13 18:04:50.639 I/QC_RIL_OEM_HOOK(  466): QcRilOemHook Service Created Successfully
02-13 18:04:50.639 D/QC_NV_ITEMS(  466): ### getPhoneLocked()
02-13 18:04:50.649 D/QC_RIL_OEM_HOOK(  466): sendRilOemHookMsg: itemIdTemp81
02-13 18:04:50.659 D/QC_NV_ITEMS(  466): Received: 00
02-13 18:04:50.659 D/QC_NV_ITEMS(  466): val=0
02-13 18:04:50.659 I/vDM     (  466): VdmcLawmo#checkLock unlock
02-13 18:04:50.669 I/vDM     (  466): Vdmc none AirPlane
02-13 18:04:50.669 I/DMC     (  466): Vdmc showHfaUI
02-13 18:04:50.669 D/QC_NV_ITEMS(  466): QcNvItems instance created.
02-13 18:04:50.669 I/QC_RIL_OEM_HOOK(  466): QcRilOemHook Service Created Successfully
02-13 18:04:50.669 D/QC_NV_ITEMS(  466): ### getMeid()
02-13 18:04:50.669 D/QC_RIL_OEM_HOOK(  466): sendRilOemHookMsg: itemIdTemp-105
02-13 18:04:50.669 D/QC_NV_ITEMS(  466): Received: bb947d200000a100
02-13 18:04:50.679 D/QC_NV_ITEMS(  466): ***zhoujing***NvMeidType::mMeid=0x0
02-13 18:04:50.679 E/vDM     (  466): meidValue = A10000207D94BB
02-13 18:04:50.679 I/vDM     (  466): Vdmc getInstance
02-13 18:04:50.679 D/QC_NV_ITEMS(  466): ### getMeid()
