02-13 18:04:54.002 I/DATA    (  344): [DCT(0) ]    [DataRadioTech = RADIO_TECH_EVDO_A, data network state = 0, mMasterDataEnabled = true, is Roaming = false, dataOnRoamingEnable = false, isPsRestricted = false, desiredPowerState  = true, mSIMRecords = , cdmaSubSource = 1/310120, mRuimRecords = , checks = true/true]
02-13 18:04:54.002 I/DATA    (  344): [DCT(0) ] Data Call setup pending. Not trying to bring up any new data connections.
02-13 18:04:54.002 D/PhoneApp(  344): old phone type:2, New Phone type:2
02-13 18:04:54.002 D/NotificationMgr(  344): hideDataDisconnectedRoaming()...
02-13 18:04:54.002 D/MobileDataStateTracker(  256): [dun]  MobileDataStateReceiver onReceive(): Entry.
02-13 18:04:54.002 D/MobileDataStateTracker(  256): [dun]  intent.getAction()= android.intent.action.ANY_DATA_STATE
02-13 18:04:54.002 D/MobileDataStateTracker(  256): [dun]  mEnabled = false
02-13 18:04:54.002 D/MobileDataStateTracker(  256): [dun]  apnTypeList = supl
02-13 18:04:54.002 D/MobileDataStateTracker(  256): [dun]  unavailable = false
02-13 18:04:54.002 D/MobileDataStateTracker(  256): [dun] Do not process intents if disabled.
02-13 18:04:54.002 D/MobileDataStateTracker(  256): [supl]  MobileDataStateReceiver onReceive(): Entry.
02-13 18:04:54.002 D/MobileDataStateTracker(  256): [supl]  intent.getAction()= android.intent.action.ANY_DATA_STATE
02-13 18:04:54.002 D/MobileDataStateTracker(  256): [supl]  mEnabled = false
02-13 18:04:54.012 D/MobileDataStateTracker(  256): [supl]  apnTypeList = supl
02-13 18:04:54.012 D/MobileDataStateTracker(  256): [supl]  unavailable = false
02-13 18:04:54.012 D/MobileDataStateTracker(  256): [supl] Do not process intents if disabled.
02-13 18:04:54.012 D/MobileDataStateTracker(  256): [mms]  MobileDataStateReceiver onReceive(): Entry.
02-13 18:04:54.012 D/MobileDataStateTracker(  256): [mms]  intent.getAction()= android.intent.action.ANY_DATA_STATE
02-13 18:04:54.012 D/MobileDataStateTracker(  256): [mms]  mEnabled = false
02-13 18:04:54.012 D/MobileDataStateTracker(  256): [mms]  apnTypeList = supl
02-13 18:04:54.012 D/MobileDataStateTracker(  256): [mms]  unavailable = false
02-13 18:04:54.012 D/MobileDataStateTracker(  256): [mms] Do not process intents if disabled.
02-13 18:04:54.012 D/MobileDataStateTracker(  256): [default]  MobileDataStateReceiver onReceive(): Entry.
02-13 18:04:54.012 D/MobileDataStateTracker(  256): [default]  intent.getAction()= android.intent.action.ANY_DATA_STATE
02-13 18:04:54.012 D/MobileDataStateTracker(  256): [default]  mEnabled = true
02-13 18:04:54.012 D/MobileDataStateTracker(  256): [default]  apnTypeList = supl
02-13 18:04:54.012 D/MobileDataStateTracker(  256): [default]  unavailable = false
02-13 18:04:54.012 D/MobileDataStateTracker(  256): [default] not what we are looking for.
02-13 18:04:54.012 D/MobileDataStateTracker(  256): [hipri]  MobileDataStateReceiver onReceive(): Entry.
02-13 18:04:54.012 D/MobileDataStateTracker(  256): [hipri]  intent.getAction()= android.intent.action.ANY_DATA_STATE
02-13 18:04:54.012 D/MobileDataStateTracker(  256): [hipri]  mEnabled = false
02-13 18:04:54.012 D/MobileDataStateTracker(  256): [hipri]  apnTypeList = supl
02-13 18:04:54.022 D/MobileDataStateTracker(  256): [hipri]  unavailable = false
02-13 18:04:54.022 D/MobileDataStateTracker(  256): [hipri] Do not process intents if disabled.
02-13 18:04:54.022 D/MobileDataStateTracker(  256): [dun]  MobileDataStateReceiver onReceive(): Entry.
02-13 18:04:54.022 D/MobileDataStateTracker(  256): [dun]  intent.getAction()= android.intent.action.ANY_DATA_STATE
02-13 18:04:54.022 D/MobileDataStateTracker(  256): [dun]  mEnabled = false
02-13 18:04:54.022 D/PhoneApp(  344): old phone type:2, New Phone type:2
02-13 18:04:54.022 D/NotificationMgr(  344): hideDataDisconnectedRoaming()...
02-13 18:04:54.022 D/PhoneApp(  344): old phone type:2, New Phone type:2
02-13 18:04:54.022 D/NotificationMgr(  344): hideDataDisconnectedRoaming()...
02-13 18:04:54.022 D/PhoneApp(  344): old phone type:2, New Phone type:2
02-13 18:04:54.022 D/NotificationMgr(  344): hideDataDisconnectedRoaming()...
02-13 18:04:54.022 D/PhoneApp(  344): old phone type:2, New Phone type:2
02-13 18:04:54.022 D/NotificationMgr(  344): hideDataDisconnectedRoaming()...
02-13 18:04:54.022 D/PhoneApp(  344): old phone type:2, New Phone type:2
02-13 18:04:54.022 D/NotificationMgr(  344): hideDataDisconnectedRoaming()...
02-13 18:04:54.022 D/PhoneApp(  344): old phone type:2, New Phone type:2
02-13 18:04:54.022 D/NotificationMgr(  344): hideDataDisconnectedRoaming()...
02-13 18:04:54.022 D/PhoneApp(  344): old phone type:2, New Phone type:2
02-13 18:04:54.022 D/NotificationMgr(  344): hideDataDisconnectedRoaming()...
02-13 18:04:54.022 D/PhoneApp(  344): old phone type:2, New Phone type:2
02-13 18:04:54.022 D/NotificationMgr(  344): hideDataDisconnectedRoaming()...
02-13 18:04:54.022 D/MobileDataStateTracker(  256): [dun]  apnTypeList = supl
02-13 18:04:54.022 D/MobileDataStateTracker(  256): [dun]  unavailable = false
02-13 18:04:54.022 D/MobileDataStateTracker(  256): [dun] Do not process intents if disabled.
02-13 18:04:54.022 D/MobileDataStateTracker(  256): [supl]  MobileDataStateReceiver onReceive(): Entry.
02-13 18:04:54.022 D/MobileDataStateTracker(  256): [supl]  intent.getAction()= android.intent.action.ANY_DATA_STATE
02-13 18:04:54.022 D/MobileDataStateTracker(  256): [supl]  mEnabled = false
02-13 18:04:54.032 D/MobileDataStateTracker(  256): [supl]  apnTypeList = supl
02-13 18:04:54.032 D/MobileDataStateTracker(  256): [supl]  unavailable = false
02-13 18:04:54.032 D/MobileDataStateTracker(  256): [supl] Do not process intents if disabled.
02-13 18:04:54.032 D/MobileDataStateTracker(  256): [mms]  MobileDataStateReceiver onReceive(): Entry.
02-13 18:04:54.032 D/MobileDataStateTracker(  256): [mms]  intent.getAction()= android.intent.action.ANY_DATA_STATE
02-13 18:04:54.032 D/MobileDataStateTracker(  256): [mms]  mEnabled = false
02-13 18:04:54.032 D/PhoneApp(  344): old phone type:2, New Phone type:2
02-13 18:04:54.032 D/NotificationMgr(  344): hideDataDisconnectedRoaming()...
02-13 18:04:54.032 D/MobileDataStateTracker(  256): [mms]  apnTypeList = supl
02-13 18:04:54.032 D/MobileDataStateTracker(  256): [mms]  unavailable = false
02-13 18:04:54.032 D/MobileDataStateTracker(  256): [mms] Do not process intents if disabled.
02-13 18:04:54.032 D/MobileDataStateTracker(  256): [default]  MobileDataStateReceiver onReceive(): Entry.
02-13 18:04:54.032 D/MobileDataStateTracker(  256): [default]  intent.getAction()= android.intent.action.ANY_DATA_STATE
02-13 18:04:54.032 D/MobileDataStateTracker(  256): [default]  mEnabled = true
02-13 18:04:54.042 D/MobileDataStateTracker(  256): [default]  apnTypeList = supl
02-13 18:04:54.042 D/MobileDataStateTracker(  256): [default]  unavailable = false
02-13 18:04:54.042 D/MobileDataStateTracker(  256): [default] not what we are looking for.
02-13 18:04:54.042 D/MobileDataStateTracker(  256): [hipri]  MobileDataStateReceiver onReceive(): Entry.
02-13 18:04:54.042 D/MobileDataStateTracker(  256): [hipri]  intent.getAction()= android.intent.action.ANY_DATA_STATE
02-13 18:04:54.042 D/MobileDataStateTracker(  256): [hipri]  mEnabled = false
02-13 18:04:54.042 D/MobileDataStateTracker(  256): [hipri]  apnTypeList = dun
02-13 18:04:54.042 D/MobileDataStateTracker(  256): [hipri]  unavailable = false
02-13 18:04:54.042 D/MobileDataStateTracker(  256): [hipri] Do not process intents if disabled.
02-13 18:04:54.042 D/MobileDataStateTracker(  256): [dun]  MobileDataStateReceiver onReceive(): Entry.
02-13 18:04:54.042 D/MobileDataStateTracker(  256): [dun]  intent.getAction()= android.intent.action.ANY_DATA_STATE
02-13 18:04:54.042 D/MobileDataStateTracker(  256): [dun]  mEnabled = false
02-13 18:04:54.042 D/MobileDataStateTracker(  256): [dun]  apnTypeList = dun
02-13 18:04:54.042 D/MobileDataStateTracker(  256): [dun]  unavailable = false
02-13 18:04:54.042 D/MobileDataStateTracker(  256): [dun] Do not process intents if disabled.
02-13 18:04:54.042 D/MobileDataStateTracker(  256): [supl]  MobileDataStateReceiver onReceive(): Entry.
02-13 18:04:54.042 D/MobileDataStateTracker(  256): [supl]  intent.getAction()= android.intent.action.ANY_DATA_STATE
02-13 18:04:54.042 D/MobileDataStateTracker(  256): [supl]  mEnabled = false
02-13 18:04:54.042 D/MobileDataStateTracker(  256): [supl]  apnTypeList = dun
02-13 18:04:54.042 D/MobileDataStateTracker(  256): [supl]  unavailable = false
02-13 18:04:54.042 D/MobileDataStateTracker(  256): [supl] Do not process intents if disabled.
02-13 18:04:54.042 D/MobileDataStateTracker(  256): [mms]  MobileDataStateReceiver onReceive(): Entry.
02-13 18:04:54.052 D/MobileDataStateTracker(  256): [mms]  intent.getAction()= android.intent.action.ANY_DATA_STATE
02-13 18:04:54.052 D/MobileDataStateTracker(  256): [mms]  mEnabled = false
02-13 18:04:54.052 D/MobileDataStateTracker(  256): [mms]  apnTypeList = dun
02-13 18:04:54.052 D/MobileDataStateTracker(  256): [mms]  unavailable = false
02-13 18:04:54.052 D/MobileDataStateTracker(  256): [mms] Do not process intents if disabled.
02-13 18:04:54.052 D/MobileDataStateTracker(  256): [default]  MobileDataStateReceiver onReceive(): Entry.
02-13 18:04:54.052 D/MobileDataStateTracker(  256): [default]  intent.getAction()= android.intent.action.ANY_DATA_STATE
02-13 18:04:54.052 D/MobileDataStateTracker(  256): [default]  mEnabled = true
02-13 18:04:54.052 D/MobileDataStateTracker(  256): [default]  apnTypeList = dun
02-13 18:04:54.052 D/MobileDataStateTracker(  256): [default]  unavailable = false
02-13 18:04:54.052 D/MobileDataStateTracker(  256): [default] not what we are looking for.
02-13 18:04:54.052 D/MobileDataStateTracker(  256): [hipri]  MobileDataStateReceiver onReceive(): Entry.
02-13 18:04:54.052 D/MobileDataStateTracker(  256): [hipri]  intent.getAction()= android.intent.action.ANY_DATA_STATE
02-13 18:04:54.052 D/MobileDataStateTracker(  256): [hipri]  mEnabled = false
02-13 18:04:54.052 D/MobileDataStateTracker(  256): [hipri]  apnTypeList = dun
02-13 18:04:54.052 D/MobileDataStateTracker(  256): [hipri]  unavailable = false
02-13 18:04:54.052 D/MobileDataStateTracker(  256): [hipri] Do not process intents if disabled.
02-13 18:04:54.052 D/MobileDataStateTracker(  256): [dun]  MobileDataStateReceiver onReceive(): Entry.
02-13 18:04:54.052 D/MobileDataStateTracker(  256): [dun]  intent.getAction()= android.intent.action.ANY_DATA_STATE
02-13 18:04:54.052 D/MobileDataStateTracker(  256): [dun]  mEnabled = false
02-13 18:04:54.062 D/MobileDataStateTracker(  256): [dun]  apnTypeList = dun
02-13 18:04:54.062 D/MobileDataStateTracker(  256): [dun]  unavailable = false
02-13 18:04:54.062 D/MobileDataStateTracker(  256): [dun] Do not process intents if disabled.
02-13 18:04:54.062 D/MobileDataStateTracker(  256): [supl]  MobileDataStateReceiver onReceive(): Entry.
02-13 18:04:54.062 D/MobileDataStateTracker(  256): [supl]  intent.getAction()= android.intent.action.ANY_DATA_STATE
02-13 18:04:54.062 D/MobileDataStateTracker(  256): [supl]  mEnabled = false
02-13 18:04:54.062 D/MobileDataStateTracker(  256): [supl]  apnTypeList = dun
02-13 18:04:54.062 D/MobileDataStateTracker(  256): [supl]  unavailable = false
02-13 18:04:54.062 D/MobileDataStateTracker(  256): [supl] Do not process intents if disabled.
02-13 18:04:54.062 D/MobileDataStateTracker(  256): [mms]  MobileDataStateReceiver onReceive(): Entry.
02-13 18:04:54.062 D/MobileDataStateTracker(  256): [mms]  intent.getAction()= android.intent.action.ANY_DATA_STATE
02-13 18:04:54.062 D/MobileDataStateTracker(  256): [mms]  mEnabled = false
02-13 18:04:54.062 D/MobileDataStateTracker(  256): [mms]  apnTypeList = dun
02-13 18:04:54.062 D/MobileDataStateTracker(  256): [mms]  unavailable = false
02-13 18:04:54.062 D/MobileDataStateTracker(  256): [mms] Do not process intents if disabled.
02-13 18:04:54.062 D/MobileDataStateTracker(  256): [default]  MobileDataStateReceiver onReceive(): Entry.
02-13 18:04:54.062 D/MobileDataStateTracker(  256): [default]  intent.getAction()= android.intent.action.ANY_DATA_STATE
02-13 18:04:54.062 D/MobileDataStateTracker(  256): [default]  mEnabled = true
02-13 18:04:54.062 D/MobileDataStateTracker(  256): [default]  apnTypeList = dun
02-13 18:04:54.062 D/MobileDataStateTracker(  256): [default]  unavailable = false
02-13 18:04:54.062 D/MobileDataStateTracker(  256): [default] not what we are looking for.
02-13 18:04:54.062 D/MobileDataStateTracker(  256): [hipri]  MobileDataStateReceiver onReceive(): Entry.
02-13 18:04:54.062 D/MobileDataStateTracker(  256): [hipri]  intent.getAction()= android.intent.action.ANY_DATA_STATE
02-13 18:04:54.062 D/MobileDataStateTracker(  256): [hipri]  mEnabled = false
02-13 18:04:54.072 D/MobileDataStateTracker(  256): [hipri]  apnTypeList = hipri
02-13 18:04:54.072 D/MobileDataStateTracker(  256): [hipri]  unavailable = false
02-13 18:04:54.072 D/MobileDataStateTracker(  256): [hipri] Do not process intents if disabled.
02-13 18:04:54.072 D/MobileDataStateTracker(  256): [dun]  MobileDataStateReceiver onReceive(): Entry.
02-13 18:04:54.072 D/MobileDataStateTracker(  256): [dun]  intent.getAction()= android.intent.action.ANY_DATA_STATE
02-13 18:04:54.072 D/MobileDataStateTracker(  256): [dun]  mEnabled = false
02-13 18:04:54.072 D/MobileDataStateTracker(  256): [dun]  apnTypeList = hipri
02-13 18:04:54.072 D/MobileDataStateTracker(  256): [dun]  unavailable = false
02-13 18:04:54.072 D/MobileDataStateTracker(  256): [dun] Do not process intents if disabled.
02-13 18:04:54.072 D/MobileDataStateTracker(  256): [supl]  MobileDataStateReceiver onReceive(): Entry.
02-13 18:04:54.072 D/MobileDataStateTracker(  256): [supl]  intent.getAction()= android.intent.action.ANY_DATA_STATE
02-13 18:04:54.072 D/MobileDataStateTracker(  256): [supl]  mEnabled = false
02-13 18:04:54.072 D/MobileDataStateTracker(  256): [supl]  apnTypeList = hipri
02-13 18:04:54.072 D/MobileDataStateTracker(  256): [supl]  unavailable = false
02-13 18:04:54.072 D/MobileDataStateTracker(  256): [supl] Do not process intents if disabled.
02-13 18:04:54.072 D/MobileDataStateTracker(  256): [mms]  MobileDataStateReceiver onReceive(): Entry.
02-13 18:04:54.072 D/MobileDataStateTracker(  256): [mms]  intent.getAction()= android.intent.action.ANY_DATA_STATE
02-13 18:04:54.072 D/MobileDataStateTracker(  256): [mms]  mEnabled = false
02-13 18:04:54.072 D/MobileDataStateTracker(  256): [mms]  apnTypeList = hipri
02-13 18:04:54.072 D/MobileDataStateTracker(  256): [mms]  unavailable = false
02-13 18:04:54.072 D/MobileDataStateTracker(  256): [mms] Do not process intents if disabled.
02-13 18:04:54.072 D/MobileDataStateTracker(  256): [default]  MobileDataStateReceiver onReceive(): Entry.
02-13 18:04:54.072 D/MobileDataStateTracker(  256): [default]  intent.getAction()= android.intent.action.ANY_DATA_STATE
02-13 18:04:54.072 D/MobileDataStateTracker(  256): [default]  mEnabled = true
02-13 18:04:54.072 D/MobileDataStateTracker(  256): [default]  apnTypeList = hipri
02-13 18:04:54.072 D/MobileDataStateTracker(  256): [default]  unavailable = false
02-13 18:04:54.072 D/MobileDataStateTracker(  256): [default] not what we are looking for.
02-13 18:04:54.072 D/MobileDataStateTracker(  256): [hipri]  MobileDataStateReceiver onReceive(): Entry.
02-13 18:04:54.072 D/MobileDataStateTracker(  256): [hipri]  intent.getAction()= android.intent.action.ANY_DATA_STATE
02-13 18:04:54.072 D/MobileDataStateTracker(  256): [hipri]  mEnabled = false
02-13 18:04:54.072 D/MobileDataStateTracker(  256): [hipri]  apnTypeList = hipri
02-13 18:04:54.072 D/MobileDataStateTracker(  256): [hipri]  unavailable = false
02-13 18:04:54.072 D/MobileDataStateTracker(  256): [hipri] Do not process intents if disabled.
02-13 18:04:54.072 D/MobileDataStateTracker(  256): [dun]  MobileDataStateReceiver onReceive(): Entry.
02-13 18:04:54.072 D/MobileDataStateTracker(  256): [dun]  intent.getAction()= android.intent.action.ANY_DATA_STATE
02-13 18:04:54.072 D/MobileDataStateTracker(  256): [dun]  mEnabled = false
02-13 18:04:54.082 D/MobileDataStateTracker(  256): [dun]  apnTypeList = hipri
02-13 18:04:54.082 D/MobileDataStateTracker(  256): [dun]  unavailable = false
02-13 18:04:54.082 D/MobileDataStateTracker(  256): [dun] Do not process intents if disabled.
02-13 18:04:54.082 D/MobileDataStateTracker(  256): [supl]  MobileDataStateReceiver onReceive(): Entry.
02-13 18:04:54.082 D/MobileDataStateTracker(  256): [supl]  intent.getAction()= android.intent.action.ANY_DATA_STATE
02-13 18:04:54.082 D/MobileDataStateTracker(  256): [supl]  mEnabled = false
02-13 18:04:54.082 D/MobileDataStateTracker(  256): [supl]  apnTypeList = hipri
02-13 18:04:54.082 D/MobileDataStateTracker(  256): [supl]  unavailable = false
02-13 18:04:54.082 D/MobileDataStateTracker(  256): [supl] Do not process intents if disabled.
02-13 18:04:54.082 D/MobileDataStateTracker(  256): [mms]  MobileDataStateReceiver onReceive(): Entry.
02-13 18:04:54.082 D/MobileDataStateTracker(  256): [mms]  intent.getAction()= android.intent.action.ANY_DATA_STATE
02-13 18:04:54.082 D/MobileDataStateTracker(  256): [mms]  mEnabled = false
02-13 18:04:54.082 D/MobileDataStateTracker(  256): [mms]  apnTypeList = hipri
02-13 18:04:54.082 D/MobileDataStateTracker(  256): [mms]  unavailable = false
02-13 18:04:54.082 D/MobileDataStateTracker(  256): [mms] Do not process intents if disabled.
02-13 18:04:54.082 D/MobileDataStateTracker(  256): [default]  MobileDataStateReceiver onReceive(): Entry.
02-13 18:04:54.082 D/MobileDataStateTracker(  256): [default]  intent.getAction()= android.intent.action.ANY_DATA_STATE
02-13 18:04:54.082 D/MobileDataStateTracker(  256): [default]  mEnabled = true
02-13 18:04:54.082 D/MobileDataStateTracker(  256): [default]  apnTypeList = hipri
02-13 18:04:54.082 D/MobileDataStateTracker(  256): [default]  unavailable = false
02-13 18:04:54.082 D/MobileDataStateTracker(  256): [default] not what we are looking for.
02-13 18:04:54.092 I/GTalkService(  377): [GTalkConnection.24] (WORKER THREAD) update account status - done, took 1339 ms
02-13 18:04:54.102 I/MediaScanner(  497): doScanFile the temppath: /mnt/sdcard/DCIM/Camera/IMG_20120205_184427.jpg
02-13 18:04:54.102 I/MediaScanner(  497): doScanFile the temppath: /mnt/sdcard/DCIM/Camera/IMG_20120208_091150.jpg
02-13 18:04:54.102 D/MetricsUtils(  680): [QUERY content://com.google.android.apps.plus.content.EsGooglePhotoProvider/settings query-result:1 time:284]
02-13 18:04:54.102 D/PicasaSyncManager(  680): reject MetadataSyncTask (*****************) for wifi connection
02-13 18:04:54.102 I/MediaScanner(  497): doScanFile the temppath: /mnt/sdcard/DCIM/Camera/IMG_20120205_184641.jpg
02-13 18:04:54.112 I/MediaScanner(  497): doScanFile the temppath: /mnt/sdcard/DCIM/Camera/IMG_20120205_184650.jpg
02-13 18:04:54.112 I/MediaScanner(  497): doScanFile the temppath: /mnt/sdcard/DCIM/Camera/IMG_20120208_105408.jpg
02-13 18:04:54.112 I/MediaScanner(  497): doScanFile the temppath: /mnt/sdcard/DCIM/Camera/Brandon_y_u_so_QR_Droid.png
02-13 18:04:54.112 I/MediaScanner(  497): doScanFile the temppath: /mnt/sdcard/DCIM/Camera/IMG_20120206_223047.jpg
02-13 18:04:54.112 I/MediaScanner(  497): doScanFile the temppath: /mnt/sdcard/DCIM/Camera/IMG_20120208_110200.jpg
02-13 18:04:54.112 I/MediaScanner(  497): doScanFile the temppath: /mnt/sdcard/DCIM/Camera/IMG_20120208_155542.jpg
02-13 18:04:54.112 I/MediaScanner(  497): doScanFile the temppath: /mnt/sdcard/DCIM/Camera/IMG_20120209_091354.jpg
02-13 18:04:54.112 I/MediaScanner(  497): doScanFile the temppath: /mnt/sdcard/DCIM/Camera/IMG_20120213_084906.jpg
02-13 18:04:54.172 D/PicasaSyncManager(  680): battery info: false
02-13 18:04:54.182 I/MediaScanner(  497): doScanFile the temppath: /mnt/sdcard/download/RecordedMessage1.amr
02-13 18:04:54.182 I/MediaScanner(  497): doScanFile the temppath: /mnt/sdcard/download/RecordedMessage2.amr
02-13 18:04:54.182 I/MediaScanner(  497): doScanFile the temppath: /mnt/sdcard/download/RecordedMessage1-1.amr
02-13 18:04:54.182 I/MediaScanner(  497): doScanFile the temppath: /mnt/sdcard/download/RecordedMessage1-2.amr
02-13 18:04:54.182 I/MediaScanner(  497): doScanFile the temppath: /mnt/sdcard/download/378964_2629079119276_1024278583_32259313_1827078327_n.jpg
02-13 18:04:54.182 I/MediaScanner(  497): doScanFile the temppath: /mnt/sdcard/download/387203_2496428683098_1024278583_32210847_1187735892_n.jpg
02-13 18:04:54.182 I/MediaScanner(  497): doScanFile the temppath: /mnt/sdcard/download/390966_10150448324446855_653361854_8441084_1378165890_n.jpg
02-13 18:04:54.182 I/MediaScanner(  497): doScanFile the temppath: /mnt/sdcard/recordings/20111216201543.amr
02-13 18:04:54.192 I/MediaScanner(  497): doScanFile the temppath: /mnt/sdcard/recordings/20120208160047.amr
02-13 18:04:54.192 I/MediaScanner(  497): doScanFile the temppath: /mnt/sdcard/Notifications/hangout_ringtone.m4a
02-13 18:04:54.192 E/PVMediaScanner(  497): processFile /mnt/sdcard/Notifications/hangout_ringtone.m4a mimeType: (null)
02-13 18:04:54.192 E/PVMediaScanner(  497): Start to test wheater the file is drm file = /mnt/sdcard/Notifications/hangout_ringtone.m4a
02-13 18:04:54.192 E/PVMediaScanner(  497): Start pfnDrmAPI_IsProtectedFile is good result =0
02-13 18:04:54.192 E/PVMediaScanner(  497): File is not a drm file.
02-13 18:04:54.192 E/PVMediaScanner(  497): parseMP4::parseMP4 returned
02-13 18:04:54.232 E/PVMediaScanner(  497): mp4 error code is (95).
02-13 18:04:54.232 E/PVMediaScanner(  497): mp4 drm brand is (1295270176).
02-13 18:04:54.232 E/PVMediaScanner(  497): mp4 drm count is (1).
02-13 18:04:54.232 E/PVMediaScanner(  497): mp4 MEDIA_TYPE_AUDIO  hasAudio.
02-13 18:04:54.232 E/PVMediaScanner(  497): mp4 error hasAudio is (1),hasVideo is 0
02-13 18:04:54.232 E/PVMediaScanner(  497): mp4 MEDIA_TYPE_VISUAL  brand = 0
02-13 18:04:54.232 E/PVMediaScanner(  497): mp4 audio/mp4 
02-13 18:04:54.232 E/MediaScanner(  497): mp4 drm  setMimeType mimeType is (audio/mp4).
02-13 18:04:54.232 E/MediaScanner(  497): mp4 drm  setMimeType ret is (1).
02-13 18:04:54.232 E/PVMediaScanner(  497): mp4 result is 1 
02-13 18:04:54.262 I/MediaScanner(  497): doScanFile the temppath: /mnt/sdcard/bluetooth/04 10,000 Reasons (Bless the Lord).mp3
02-13 18:04:54.262 I/MediaScanner(  497): doScanFile the temppath: /mnt/sdcard/bluetooth/01 FOSS.mp3
02-13 18:04:54.262 I/MediaScanner(  497): doScanFile the temppath: /mnt/sdcard/bluetooth/02 1000 miles.mp3
02-13 18:04:54.262 I/MediaScanner(  497): doScanFile the temppath: /mnt/sdcard/bluetooth/03 pink rolex.mp3
02-13 18:04:54.262 I/MediaScanner(  497): doScanFile the temppath: /mnt/sdcard/bluetooth/04 melt.mp3
02-13 18:04:54.272 I/MediaScanner(  497): doScanFile the temppath: /mnt/sdcard/bluetooth/05 tonight.mp3
02-13 18:04:54.272 I/MediaScanner(  497): doScanFile the temppath: /mnt/sdcard/bluetooth/06 polyrhythm winter.mp3
02-13 18:04:54.272 I/MediaScanner(  497): doScanFile the temppath: /mnt/sdcard/bluetooth/07 狂.mp3
02-13 18:04:54.272 I/MediaScanner(  497): doScanFile the temppath: /mnt/sdcard/bluetooth/08 eighty six.mp3
02-13 18:04:54.272 I/MediaScanner(  497): doScanFile the temppath: /mnt/sdcard/bluetooth/09 crying.mp3
02-13 18:04:54.272 I/MediaScanner(  497): doScanFile the temppath: /mnt/sdcard/bluetooth/10 mimic.mp3
02-13 18:04:54.272 I/MediaScanner(  497): doScanFile the temppath: /mnt/sdcard/bluetooth/11 1-4.mp3
02-13 18:04:54.272 I/MediaScanner(  497): doScanFile the temppath: /mnt/sdcard/bluetooth/12 GSMD.mp3
02-13 18:04:54.272 I/MediaScanner(  497): doScanFile the temppath: /mnt/sdcard/bluetooth/13 temptation.mp3
02-13 18:04:54.272 I/MediaScanner(  497): doScanFile the temppath: /mnt/sdcard/bluetooth/14 give up - 日本盤 Bonus Track -.mp3
02-13 18:04:54.272 I/MediaScanner(  497): doScanFile the temppath: /mnt/sdcard/bluetooth/15 empty mind - 日本盤 Bonus Track -.mp3
02-13 18:04:54.292 I/MediaScanner(  497): doScanFile the temppath: /mnt/sdcard/media/audio/notifications/facebook_ringtone_pop.m4a
02-13 18:04:54.292 I/MediaScanner(  497): doScanFile the temppath: /mnt/sdcard/QrDroid/Brandon_y_u_so_QR_Droid.png
02-13 18:04:54.292 I/MediaScanner(  497): doScanFile the temppath: /mnt/sdcard/QrDroid/tmp/QR_Droid_86567.png
02-13 18:04:54.302 I/MediaScanner(  497): doScanFile the temppath: /mnt/sdcard/QrDroid/tmp/QR_Droid_14960.png
02-13 18:04:54.302 I/MediaScanner(  497): doScanFile the temppath: /mnt/sdcard/QrDroid/tmp/QR_Droid_78866.png
02-13 18:04:54.302 I/MediaScanner(  497): doScanFile the temppath: /mnt/sdcard/Nicholas Seron/Audio Files/Project 3.wav
02-13 18:04:54.302 I/MediaScanner(  497): doScanFile the temppath: /mnt/sdcard/Nicholas Seron/Audio Files/._Project 3.wav
02-13 18:04:54.372 I/MediaScanner(  497): doScanFile the temppath: /mnt/sdcard/JCCC Music Composition/._BlaBlaBlaHuaa.mp3
02-13 18:04:54.372 I/MediaScanner(  497): doScanFile the temppath: /mnt/sdcard/JCCC Music Composition/._Brandon Smith Project II 1.mp3
02-13 18:04:54.372 I/MediaScanner(  497): doScanFile the temppath: /mnt/sdcard/JCCC Music Composition/._Swamps of Light.mp3
02-13 18:04:54.372 I/MediaScanner(  497): doScanFile the temppath: /mnt/sdcard/JCCC Music Composition/BlaBlaBlaHuaa.mp3
02-13 18:04:54.372 I/MediaScanner(  497): doScanFile the temppath: /mnt/sdcard/JCCC Music Composition/Brandon Smith Project II 1.mp3
02-13 18:04:54.372 I/MediaScanner(  497): doScanFile the temppath: /mnt/sdcard/JCCC Music Composition/Swamps of Light.mp3
02-13 18:04:54.372 I/MediaScanner(  497): doScanFile the temppath: /mnt/sdcard/05 If you don't know what to do just -by- C418.mp3
02-13 18:04:54.372 I/MediaScanner(  497): doScanFile the temppath: /mnt/sdcard/01 Too Soon -by- Benjamin Briggs.mp3
02-13 18:04:54.372 I/MediaScanner(  497): doScanFile the temppath: /mnt/sdcard/02 Shine -by- Mint Julep.mp3
02-13 18:04:54.372 I/MediaScanner(  497): doScanFile the temppath: /mnt/sdcard/03 Seagulls Screaming Kiss Her, Kiss -by- Dead Child Star.mp3
02-13 18:04:54.372 I/MediaScanner(  497): doScanFile the temppath: /mnt/sdcard/04 A lot of People Cutting Grass on -by- Lullatone.mp3
02-13 18:04:54.372 I/MediaScanner(  497): doScanFile the temppath: /mnt/sdcard/06 Miss It So Much -by- Röyksopp.mp3
02-13 18:04:54.372 I/MediaScanner(  497): doScanFile the temppath: /mnt/sdcard/07 Invisible Waves -by- Mint Julep.mp3
02-13 18:04:54.372 I/MediaScanner(  497): doScanFile the temppath: /mnt/sdcard/08 No but Yes -by- C418.mp3
02-13 18:04:54.382 I/MediaScanner(  497): doScanFile the temppath: /mnt/sdcard/09 Ah, It Was in the Garage After Al -by- Lullatone.mp3
02-13 18:04:54.382 I/MediaScanner(  497): doScanFile the temppath: /mnt/sdcard/10 depado -by- C418.mp3
02-13 18:04:54.382 D/MediaScanner(  497):  prescan time: 552ms
02-13 18:04:54.382 D/MediaScanner(  497):     scan time: 2123ms
02-13 18:04:54.382 D/MediaScanner(  497): postscan time: 2ms
02-13 18:04:54.382 D/MediaScanner(  497):    total time: 2677ms
02-13 18:04:54.382 D/Gallery3D(  481): [BootReceiver]: Got intent with action android.intent.action.MEDIA_SCANNER_FINISHED
02-13 18:04:54.412 D/MediaScannerService(  497): done scanning volume external
02-13 18:04:54.432 D/UploadsManager(  680): FsId changed! -399509006
02-13 18:04:54.452 D/UploadsManager(  680): fsid not changed
02-13 18:04:54.463 I/MediaScanner(  497): doScanFile the temppath: /mnt/sdcard/Notifications/hangout_ringtone.m4a
02-13 18:04:54.463 E/PVMediaScanner(  497): processFile /mnt/sdcard/Notifications/hangout_ringtone.m4a mimeType: (null)
02-13 18:04:54.463 E/PVMediaScanner(  497): Start to test wheater the file is drm file = /mnt/sdcard/Notifications/hangout_ringtone.m4a
02-13 18:04:54.463 E/PVMediaScanner(  497): Start pfnDrmAPI_IsProtectedFile is good result =0
02-13 18:04:54.463 E/PVMediaScanner(  497): File is not a drm file.
02-13 18:04:54.463 E/PVMediaScanner(  497): parseMP4::parseMP4 returned
02-13 18:04:54.463 E/PVMediaScanner(  497): mp4 error code is (95).
02-13 18:04:54.463 E/PVMediaScanner(  497): mp4 drm brand is (1295270176).
02-13 18:04:54.463 E/PVMediaScanner(  497): mp4 drm count is (1).
02-13 18:04:54.463 E/PVMediaScanner(  497): mp4 MEDIA_TYPE_AUDIO  hasAudio.
02-13 18:04:54.463 E/PVMediaScanner(  497): mp4 error hasAudio is (1),hasVideo is 0
02-13 18:04:54.463 E/PVMediaScanner(  497): mp4 MEDIA_TYPE_VISUAL  brand = 0
02-13 18:04:54.463 E/PVMediaScanner(  497): mp4 audio/mp4 
02-13 18:04:54.463 E/MediaScanner(  497): mp4 drm  setMimeType mimeType is (audio/mp4).
02-13 18:04:54.463 E/MediaScanner(  497): mp4 drm  setMimeType ret is (1).
02-13 18:04:54.463 E/PVMediaScanner(  497): mp4 result is 1 
02-13 18:04:54.653 D/DATA    (  344): [DSST(0)] pollstate() : reason = data network state changed
02-13 18:04:54.713 D/MobileDataStateTracker(  256): [hipri]  MobileDataStateReceiver onReceive(): Entry.
02-13 18:04:54.713 D/MobileDataStateTracker(  256): [hipri]  intent.getAction()= android.intent.action.SERVICE_STATE
02-13 18:04:54.713 D/MobileDataStateTracker(  256): [hipri]  mEnabled = false
02-13 18:04:54.713 D/MobileDataStateTracker(  256): [dun]  MobileDataStateReceiver onReceive(): Entry.
02-13 18:04:54.713 D/MobileDataStateTracker(  256): [dun]  intent.getAction()= android.intent.action.SERVICE_STATE
02-13 18:04:54.713 D/MobileDataStateTracker(  256): [dun]  mEnabled = false
02-13 18:04:54.713 D/MobileDataStateTracker(  256): [supl]  MobileDataStateReceiver onReceive(): Entry.
02-13 18:04:54.713 D/MobileDataStateTracker(  256): [supl]  intent.getAction()= android.intent.action.SERVICE_STATE
02-13 18:04:54.713 D/MobileDataStateTracker(  256): [supl]  mEnabled = false
02-13 18:04:54.723 D/MobileDataStateTracker(  256): [mms]  MobileDataStateReceiver onReceive(): Entry.
02-13 18:04:54.723 D/MobileDataStateTracker(  256): [mms]  intent.getAction()= android.intent.action.SERVICE_STATE
02-13 18:04:54.723 D/MobileDataStateTracker(  256): [mms]  mEnabled = false
02-13 18:04:54.723 D/MobileDataStateTracker(  256): [default]  MobileDataStateReceiver onReceive(): Entry.
02-13 18:04:54.723 D/MobileDataStateTracker(  256): [default]  intent.getAction()= android.intent.action.SERVICE_STATE
02-13 18:04:54.723 D/MobileDataStateTracker(  256): [default]  mEnabled = true
02-13 18:04:54.723 D/DATA    (  344): [DSST(0)]  registrationState = 1  radioTechnology = 8 reasonForDenial = 0
02-13 18:04:54.723 D/DATA    (  344): [DSST(0)]  set mNewDataConnectionState = 0
02-13 18:04:54.723 D/DATA    (  344): [DSST(0)]  mNewDataConnectionState : 0  mDataConnectionState : 0
02-13 18:04:54.723 D/DATA    (  344): [DSST(0)] Poll ServiceState done: oldSS=[0 home null null null  EvDo rev. A CSS not supported -1 -1RoamInd: -1RoamStatus(sprint): -1DefRoamInd: -1EmergOnly: false] newSS=[0 home null null null  EvDo rev. A CSS not supported -1 -1RoamInd: -1RoamStatus(sprint): -1DefRoamInd: -1EmergOnly: false]
02-13 18:04:54.723 D/DATA    (  344): [DSST(0)]  mDataConnectionState = 0
02-13 18:04:54.723 D/CallManager(  344):  handleMessage (EVENT_SERVICE_STATE_CHANGED)
02-13 18:04:54.723 E/BT HS/HF(  344): SERVICE_STATE_CHANGED called
02-13 18:04:54.723 E/BT HS/HF(  344): updateServiceState called, sendUpdate:false  ServiceState:0 home Sprint  310099  EvDo rev. A CSS not supported 41 4139RoamInd: 1RoamStatus(sprint): 1DefRoamInd: 160EmergOnly: false
02-13 18:04:54.723 E/BT HS/HF(  344): service:1 mService:1
02-13 18:04:54.853 I/MediaStoreImporter(  698): Update: incremental Added music: 0 Updated music: 0 Deleted music: 0 Created playlists: 0 Updated playlists: 0 Deleted playlists: 0 Inserted playlist items: 0 Deleted playlist items: 0 Removed orphaned playlist items: 0
02-13 18:04:55.013 D/PicasaSyncManager(  680): reject MetadataSyncTask (*****************) for wifi connection
02-13 18:04:55.133 D/AlarmManager(  256): +++Alarm set:type=0 com.android.providers.calendar  Trigger after:79259934ms
02-13 18:04:57.956 D/***zyj***(  344):  CdmaKpcInfo enter
02-13 18:04:57.956 D/***zyj***(  344):  fillBundle enter
02-13 18:04:57.956 E/PhoneInterfaceManager(  344): ***zyj*** name:1mask:22151168
02-13 18:04:57.956 D/PhoneInterfaceManager(  344): Broadcasting intent ACTION_UNSOL_RESPONSE_OEM_HOOK_KPC
02-13 18:04:58.787 I/dun_service(  125): process rmnet event
02-13 18:04:58.787 I/dun_service(  125): Post event 3
02-13 18:04:58.787 I/dun_service(  125): received event: DUN_EVENT_RMNET_DOWN 
02-13 18:04:58.787 I/dun_service(  125): received event(DUN_EVENT_RMNET_DOWN) in state(DUN_STATE_USB_UNPLUG)
02-13 18:04:58.787 I/dun_service(  125): Ignoring the event DUN_EVENT_RMNET_DOWN in USB_UNPLUG_STATE
02-13 18:04:58.787 I/dun_service(  125): Moved to state(DUN_STATE_USB_UNPLUG)
02-13 18:04:58.817 E/DHCP    (  128): +++ ifc_configure
02-13 18:04:58.817 I/dun_service(  125): process rmnet event
02-13 18:04:58.817 I/dun_service(  125): Post event 4
02-13 18:04:58.817 I/dun_service(  125): process rmnet event
02-13 18:04:58.817 I/dun_service(  125): Post event 4
02-13 18:04:58.817 I/dun_service(  125): received event: DUN_EVENT_RMNET_UP 
02-13 18:04:58.817 I/dun_service(  125): received event(DUN_EVENT_RMNET_UP) in state(DUN_STATE_USB_UNPLUG)
02-13 18:04:58.817 I/dun_service(  125): Ignoring the event DUN_EVENT_RMNET_UP in USB_UNPLUG_STATE
02-13 18:04:58.817 I/dun_service(  125): Moved to state(DUN_STATE_USB_UNPLUG)
02-13 18:04:58.817 I/dun_service(  125): received event: DUN_EVENT_RMNET_UP 
02-13 18:04:58.817 I/dun_service(  125): received event(DUN_EVENT_RMNET_UP) in state(DUN_STATE_USB_UNPLUG)
02-13 18:04:58.817 I/dun_service(  125): Ignoring the event DUN_EVENT_RMNET_UP in USB_UNPLUG_STATE
02-13 18:04:58.817 I/dun_service(  125): Moved to state(DUN_STATE_USB_UNPLUG)
02-13 18:04:58.827 I/dun_service(  125): process rmnet event
02-13 18:04:58.827 I/dun_service(  125): Post event 4
02-13 18:04:58.827 I/dun_service(  125): process rmnet event
02-13 18:04:58.827 I/dun_service(  125): Post event 4
02-13 18:04:58.827 I/dun_service(  125): received event: DUN_EVENT_RMNET_UP 
02-13 18:04:58.827 I/dun_service(  125): received event(DUN_EVENT_RMNET_UP) in state(DUN_STATE_USB_UNPLUG)
02-13 18:04:58.827 I/dun_service(  125): Ignoring the event DUN_EVENT_RMNET_UP in USB_UNPLUG_STATE
02-13 18:04:58.827 I/dun_service(  125): Moved to state(DUN_STATE_USB_UNPLUG)
02-13 18:04:58.827 I/dun_service(  125): received event: DUN_EVENT_RMNET_UP 
02-13 18:04:58.827 I/dun_service(  125): received event(DUN_EVENT_RMNET_UP) in state(DUN_STATE_USB_UNPLUG)
02-13 18:04:58.827 I/dun_service(  125): Ignoring the event DUN_EVENT_RMNET_UP in USB_UNPLUG_STATE
02-13 18:04:58.827 I/dun_service(  125): Moved to state(DUN_STATE_USB_UNPLUG)
02-13 18:04:58.827 E/DHCP    (  128):  +++ create default route
02-13 18:04:58.827 E/DHCP    (  128):  +++ set dns prop 
02-13 18:04:58.857 E/        (  114): cby, conn_id = 0, client_id = 3, service_id = 1
02-13 18:04:58.867 D/DATA    (  344): [DC cid = -1]DcActivatingState msg.what=EVENT_SETUP_DATA_CONNECTION_DONE
02-13 18:04:58.867 D/DATA    (  344): [DC cid = 0]interface=rmnet0 ipAddress=173.155.101.96 gateway=173.155.101.97 DNS1=68.28.67.132 DNS2=68.28.68.132
02-13 18:04:58.897 D/DATA    (  344): [DC cid = 0]DataConnection setup result='SUCCESS' on cid=0
02-13 18:04:58.897 D/DATA    (  344): [DC cid = 0]DcInactiveState: setEnterNoticationParams cp,cause
02-13 18:04:58.897 D/DATA    (  344): [DC cid = 0]DcActiveState: enter notifyConnectCompleted
02-13 18:04:58.897 D/DATA    (  344): [DC cid = 0]notifyConnection at 1329177898903 cause=NONE
02-13 18:04:58.897 I/DATA    (  344): [DCT(0) ] onConnectDone: set mDataCallSetupPending = false
02-13 18:04:58.897 I/DATA    (  344): [DCT(0) ] --------------------------
02-13 18:04:58.897 I/DATA    (  344): [DCT(0) ] Data call setup : SUCCESS
02-13 18:04:58.897 I/DATA    (  344): [DCT(0) ]   data profile  : CDMA NAI 0
02-13 18:04:58.897 I/DATA    (  344): [DCT(0) ]   service type  : SERVICE_TYPE_DEFAULT
02-13 18:04:58.907 I/DATA    (  344): [DCT(0) ]   data call id  : 0
02-13 18:04:58.907 I/DATA    (  344): [DCT(0) ]   ip version    : INET
02-13 18:04:58.907 I/DATA    (  344): [DCT(0) ]   ip address/gw : 173.155.101.96/173.155.101.97
02-13 18:04:58.907 I/DATA    (  344): [DCT(0) ]   dns           : [68.28.67.132, 68.28.68.132]
02-13 18:04:58.907 I/DATA    (  344): [DCT(0) ]   reason   : radioTechnologyChanged
02-13 18:04:58.907 I/DATA    (  344): [DCT(0) ] --------------------------
02-13 18:04:58.907 I/DATA    (  344): [DCT(0) ] handleConnectedDc() : Cid=0, State=DcActiveState, bearerType=IP, create=1329177898903, lastFail=-1, lastFailCause=NONE, dp=[dpt=PROFILE_TYPE_3GPP2_NAI, active=false, 
02-13 18:04:58.907 I/DATA    (  344): [SERVICE_TYPE_DEFAULT] Service is active on INET through cid=0
02-13 18:04:58.907 I/DATA    (  344): [SERVICE_TYPE_DEFAULT] set newState =  CONNECTEDoldState =  CONNECTING
02-13 18:04:58.907 D/Phone   (  344): [PhoneNotifier] [DefaultPhoneNotifier] : default, INET, CONNECTED
02-13 18:04:58.907 I/TelephonyRegistry(  256): notifyDataConnection: state=2 isDataConnectivityPossible=true reason=radioTechnologyChanged interfaceName=rmnet0 networkType=6 apnType=default apn=null
02-13 18:04:58.907 I/TelephonyRegistry(  256): +++broadcastDataConnectionStateChanged
02-13 18:04:58.917 I/TelephonyRegistry(  256): +++sendStickyBroadcast
02-13 18:04:58.927 D/MobileDataStateTracker(  256): [hipri]  MobileDataStateReceiver onReceive(): Entry.
02-13 18:04:58.927 D/MobileDataStateTracker(  256): [hipri]  intent.getAction()= android.intent.action.ANY_DATA_STATE
02-13 18:04:58.927 D/MobileDataStateTracker(  256): [hipri]  mEnabled = false
02-13 18:04:58.927 D/MobileDataStateTracker(  256): [hipri]  apnTypeList = default
02-13 18:04:58.927 D/MobileDataStateTracker(  256): [hipri]  unavailable = false
02-13 18:04:58.927 D/MobileDataStateTracker(  256): [hipri] Do not process intents if disabled.
02-13 18:04:58.927 D/MobileDataStateTracker(  256): [dun]  MobileDataStateReceiver onReceive(): Entry.
02-13 18:04:58.927 D/MobileDataStateTracker(  256): [dun]  intent.getAction()= android.intent.action.ANY_DATA_STATE
02-13 18:04:58.927 D/MobileDataStateTracker(  256): [dun]  mEnabled = false
02-13 18:04:58.927 D/MobileDataStateTracker(  256): [dun]  apnTypeList = default
02-13 18:04:58.927 D/MobileDataStateTracker(  256): [dun]  unavailable = false
02-13 18:04:58.927 D/MobileDataStateTracker(  256): [dun] Do not process intents if disabled.
02-13 18:04:58.927 D/MobileDataStateTracker(  256): [supl]  MobileDataStateReceiver onReceive(): Entry.
02-13 18:04:58.927 D/MobileDataStateTracker(  256): [supl]  intent.getAction()= android.intent.action.ANY_DATA_STATE
02-13 18:04:58.927 D/MobileDataStateTracker(  256): [supl]  mEnabled = false
02-13 18:04:58.927 D/MobileDataStateTracker(  256): [supl]  apnTypeList = default
02-13 18:04:58.927 D/MobileDataStateTracker(  256): [supl]  unavailable = false
02-13 18:04:58.927 D/MobileDataStateTracker(  256): [supl] Do not process intents if disabled.
02-13 18:04:58.927 D/MobileDataStateTracker(  256): [mms]  MobileDataStateReceiver onReceive(): Entry.
02-13 18:04:58.927 D/MobileDataStateTracker(  256): [mms]  intent.getAction()= android.intent.action.ANY_DATA_STATE
02-13 18:04:58.927 D/MobileDataStateTracker(  256): [mms]  mEnabled = false
02-13 18:04:58.937 D/MobileDataStateTracker(  256): [mms]  apnTypeList = default
02-13 18:04:58.937 D/MobileDataStateTracker(  256): [mms]  unavailable = false
02-13 18:04:58.937 D/MobileDataStateTracker(  256): [mms] Do not process intents if disabled.
02-13 18:04:58.937 D/MobileDataStateTracker(  256): [default]  MobileDataStateReceiver onReceive(): Entry.
02-13 18:04:58.937 D/MobileDataStateTracker(  256): [default]  intent.getAction()= android.intent.action.ANY_DATA_STATE
02-13 18:04:58.937 D/MobileDataStateTracker(  256): [default]  mEnabled = true
02-13 18:04:58.937 D/MobileDataStateTracker(  256): [default]  apnTypeList = default
02-13 18:04:58.937 D/MobileDataStateTracker(  256): [default]  unavailable = false
02-13 18:04:58.937 D/MobileDataStateTracker(  256): [default] CALL updateMobileInfoFromIntent
02-13 18:04:58.937 I/MobileDataStateTracker(  256): [default] dc state change intent received for default/INET with state  CONNECTED. enabled=true state change reason = radioTechnologyChanged
02-13 18:04:58.937 I/MobileDataStateTracker(  256): [default] old state = CONNECTING
02-13 18:04:58.937 I/MobileDataStateTracker(  256): [default] updated mobile state info for INET : [state=CONNECTED, iface=rmnet0, mApnName=null, mIpAddress=/173.155.101.96, mGateway=/173.155.101.97]
02-13 18:04:58.937 D/NetworkStateTracker(  256): setDetailed state, old =CONNECTING and new state=CONNECTED
02-13 18:04:58.947 W/NetworkStateTracker(  256): net.tcp.buffersize.evdo not found in system properties. Using defaults
02-13 18:04:58.947 I/DATA    (  344): [SERVICE_TYPE_MMS] Service is active on INET through cid=0
02-13 18:04:58.947 I/DATA    (  344): [SERVICE_TYPE_MMS] set newState =  CONNECTEDoldState =  IDLE
02-13 18:04:58.947 D/Phone   (  344): [PhoneNotifier] [DefaultPhoneNotifier] : mms, INET, CONNECTED
02-13 18:04:58.957 I/TelephonyRegistry(  256): notifyDataConnection: state=2 isDataConnectivityPossible=true reason=radioTechnologyChanged interfaceName=rmnet0 networkType=6 apnType=mms apn=null
02-13 18:04:58.957 I/TelephonyRegistry(  256): +++broadcastDataConnectionStateChanged
02-13 18:04:58.957 W/NetworkStateTracker(  256): ### addDefaultRoute for iface rmnet0
02-13 18:04:58.957 I/NetworkStateTracker(  256): addDefaultRoute (INET) for mobile (rmnet0), GatewayAddr=173.155.101.97
02-13 18:04:58.957 I/TelephonyRegistry(  256): +++sendStickyBroadcast
02-13 18:04:58.957 D/MobileDataStateTracker(  256): [hipri]  MobileDataStateReceiver onReceive(): Entry.
02-13 18:04:58.957 D/MobileDataStateTracker(  256): [hipri]  intent.getAction()= android.intent.action.ANY_DATA_STATE
02-13 18:04:58.957 D/MobileDataStateTracker(  256): [hipri]  mEnabled = false
02-13 18:04:58.967 D/MobileDataStateTracker(  256): [hipri]  apnTypeList = mms
02-13 18:04:58.967 D/MobileDataStateTracker(  256): [hipri]  unavailable = false
02-13 18:04:58.967 D/MobileDataStateTracker(  256): [hipri] Do not process intents if disabled.
02-13 18:04:58.967 D/MobileDataStateTracker(  256): [dun]  MobileDataStateReceiver onReceive(): Entry.
02-13 18:04:58.967 D/MobileDataStateTracker(  256): [dun]  intent.getAction()= android.intent.action.ANY_DATA_STATE
02-13 18:04:58.967 D/MobileDataStateTracker(  256): [dun]  mEnabled = false
02-13 18:04:58.967 D/MobileDataStateTracker(  256): [dun]  apnTypeList = mms
02-13 18:04:58.967 D/MobileDataStateTracker(  256): [dun]  unavailable = false
02-13 18:04:58.967 D/MobileDataStateTracker(  256): [dun] Do not process intents if disabled.
02-13 18:04:58.967 D/MobileDataStateTracker(  256): [supl]  MobileDataStateReceiver onReceive(): Entry.
02-13 18:04:58.967 D/MobileDataStateTracker(  256): [supl]  intent.getAction()= android.intent.action.ANY_DATA_STATE
02-13 18:04:58.967 D/MobileDataStateTracker(  256): [supl]  mEnabled = false
02-13 18:04:58.977 I/DATA    (  344): [SERVICE_TYPE_SUPL] Service is active on INET through cid=0
02-13 18:04:58.977 I/DATA    (  344): [SERVICE_TYPE_SUPL] set newState =  CONNECTEDoldState =  IDLE
02-13 18:04:58.977 D/Phone   (  344): [PhoneNotifier] [DefaultPhoneNotifier] : supl, INET, CONNECTED
02-13 18:04:58.977 D/MobileDataStateTracker(  256): [supl]  apnTypeList = mms
02-13 18:04:58.977 D/MobileDataStateTracker(  256): [supl]  unavailable = false
02-13 18:04:58.977 D/MobileDataStateTracker(  256): [supl] Do not process intents if disabled.
02-13 18:04:58.977 D/MobileDataStateTracker(  256): [mms]  MobileDataStateReceiver onReceive(): Entry.
02-13 18:04:58.977 D/MobileDataStateTracker(  256): [mms]  intent.getAction()= android.intent.action.ANY_DATA_STATE
02-13 18:04:58.977 D/MobileDataStateTracker(  256): [mms]  mEnabled = false
02-13 18:04:58.977 D/MobileDataStateTracker(  256): [mms]  apnTypeList = mms
02-13 18:04:58.977 D/MobileDataStateTracker(  256): [mms]  unavailable = false
02-13 18:04:58.977 D/MobileDataStateTracker(  256): [mms] Do not process intents if disabled.
02-13 18:04:58.977 D/MobileDataStateTracker(  256): [default]  MobileDataStateReceiver onReceive(): Entry.
02-13 18:04:58.977 D/MobileDataStateTracker(  256): [default]  intent.getAction()= android.intent.action.ANY_DATA_STATE
02-13 18:04:58.987 D/MobileDataStateTracker(  256): [default]  mEnabled = true
02-13 18:04:58.987 D/MobileDataStateTracker(  256): [default]  apnTypeList = mms
02-13 18:04:58.987 I/TelephonyRegistry(  256): notifyDataConnection: state=2 isDataConnectivityPossible=true reason=radioTechnologyChanged interfaceName=rmnet0 networkType=6 apnType=supl apn=null
02-13 18:04:58.987 I/TelephonyRegistry(  256): +++broadcastDataConnectionStateChanged
02-13 18:04:58.987 I/TelephonyRegistry(  256): +++sendStickyBroadcast
02-13 18:04:58.997 E/NatController(  733): +++child prcess pid = 733, tag = /system/bin/ip
02-13 18:04:58.997 I/DATA    (  344): [SERVICE_TYPE_HIPRI] Service is active on INET through cid=0
02-13 18:04:58.997 I/DATA    (  344): [SERVICE_TYPE_HIPRI] set newState =  CONNECTEDoldState =  IDLE
02-13 18:04:58.997 D/MobileDataStateTracker(  256): [default]  unavailable = false
02-13 18:04:58.997 D/MobileDataStateTracker(  256): [default] not what we are looking for.
02-13 18:04:58.997 D/MobileDataStateTracker(  256): [hipri]  MobileDataStateReceiver onReceive(): Entry.
02-13 18:04:58.997 D/MobileDataStateTracker(  256): [hipri]  intent.getAction()= android.intent.action.ANY_DATA_STATE
02-13 18:04:58.997 D/MobileDataStateTracker(  256): [hipri]  mEnabled = false
02-13 18:04:59.007 D/MobileDataStateTracker(  256): [hipri]  apnTypeList = supl
02-13 18:04:59.007 D/MobileDataStateTracker(  256): [hipri]  unavailable = false
02-13 18:04:59.007 D/MobileDataStateTracker(  256): [hipri] Do not process intents if disabled.
02-13 18:04:59.007 D/MobileDataStateTracker(  256): [dun]  MobileDataStateReceiver onReceive(): Entry.
02-13 18:04:59.007 D/MobileDataStateTracker(  256): [dun]  intent.getAction()= android.intent.action.ANY_DATA_STATE
02-13 18:04:59.007 D/MobileDataStateTracker(  256): [dun]  mEnabled = false
02-13 18:04:59.007 D/MobileDataStateTracker(  256): [dun]  apnTypeList = supl
02-13 18:04:59.007 D/MobileDataStateTracker(  256): [dun]  unavailable = false
02-13 18:04:59.007 D/MobileDataStateTracker(  256): [dun] Do not process intents if disabled.
02-13 18:04:59.007 D/MobileDataStateTracker(  256): [supl]  MobileDataStateReceiver onReceive(): Entry.
02-13 18:04:59.007 D/MobileDataStateTracker(  256): [supl]  intent.getAction()= android.intent.action.ANY_DATA_STATE
02-13 18:04:59.007 D/MobileDataStateTracker(  256): [supl]  mEnabled = false
02-13 18:04:59.007 D/Phone   (  344): [PhoneNotifier] [DefaultPhoneNotifier] : hipri, INET, CONNECTED
02-13 18:04:59.017 D/MobileDataStateTracker(  256): [supl]  apnTypeList = supl
02-13 18:04:59.017 D/MobileDataStateTracker(  256): [supl]  unavailable = false
02-13 18:04:59.017 D/MobileDataStateTracker(  256): [supl] Do not process intents if disabled.
02-13 18:04:59.017 D/MobileDataStateTracker(  256): [mms]  MobileDataStateReceiver onReceive(): Entry.
02-13 18:04:59.017 D/MobileDataStateTracker(  256): [mms]  intent.getAction()= android.intent.action.ANY_DATA_STATE
02-13 18:04:59.017 D/MobileDataStateTracker(  256): [mms]  mEnabled = false
02-13 18:04:59.017 I/TelephonyRegistry(  256): notifyDataConnection: state=2 isDataConnectivityPossible=true reason=radioTechnologyChanged interfaceName=rmnet0 networkType=6 apnType=hipri apn=null
02-13 18:04:59.017 I/TelephonyRegistry(  256): +++broadcastDataConnectionStateChanged
02-13 18:04:59.017 I/TelephonyRegistry(  256): +++sendStickyBroadcast
02-13 18:04:59.037 I/DATA    (  344): [DCT(0) ] onConnectDone: update dc reason = radioTechnologyChanged
02-13 18:04:59.037 I/DATA    (  344): [DCT(0) ] onDataCallListChanged:
02-13 18:04:59.037 I/DATA    (  344): [DCT(0) ] ---dc state list---
02-13 18:04:59.037 I/DATA    (  344): [DCT(0) ] DataCallState: { cid: 0, active: 2, type: , apn: , address: 173.155.101.96 }
02-13 18:04:59.037 I/DATA    (  344): [DCT(0) ] ---dc list---
02-13 18:04:59.037 I/DATA    (  344): [DCT(0) ] cid = 0, state = DcActiveState, bearerType = IP, ipaddress = 173.155.101.96, gw=173.155.101.97, dns=[68.28.67.132, 68.28.68.132]
02-13 18:04:59.037 D/MobileDataStateTracker(  256): [mms]  apnTypeList = supl
02-13 18:04:59.037 D/MobileDataStateTracker(  256): [mms]  unavailable = false
02-13 18:04:59.037 D/MobileDataStateTracker(  256): [mms] Do not process intents if disabled.
02-13 18:04:59.037 D/MobileDataStateTracker(  256): [default]  MobileDataStateReceiver onReceive(): Entry.
02-13 18:04:59.037 D/MobileDataStateTracker(  256): [default]  intent.getAction()= android.intent.action.ANY_DATA_STATE
02-13 18:04:59.037 D/MobileDataStateTracker(  256): [default]  mEnabled = true
02-13 18:04:59.037 D/MobileDataStateTracker(  256): [default]  apnTypeList = supl
02-13 18:04:59.037 D/MobileDataStateTracker(  256): [default]  unavailable = false
02-13 18:04:59.037 D/MobileDataStateTracker(  256): [default] not what we are looking for.
02-13 18:04:59.037 D/MobileDataStateTracker(  256): [hipri]  MobileDataStateReceiver onReceive(): Entry.
02-13 18:04:59.037 D/MobileDataStateTracker(  256): [hipri]  intent.getAction()= android.intent.action.ANY_DATA_STATE
02-13 18:04:59.037 D/MobileDataStateTracker(  256): [hipri]  mEnabled = false
02-13 18:04:59.037 D/MobileDataStateTracker(  256): [hipri]  apnTypeList = hipri
02-13 18:04:59.037 D/MobileDataStateTracker(  256): [hipri]  unavailable = false
02-13 18:04:59.037 D/MobileDataStateTracker(  256): [hipri] Do not process intents if disabled.
02-13 18:04:59.047 D/PhoneApp(  344): mReceiver: ACTION_ANY_DATA_CONNECTION_STATE_CHANGED
02-13 18:04:59.047 D/PhoneApp(  344): - state: CONNECTED
02-13 18:04:59.047 D/PhoneApp(  344): - reason: radioTechnologyChanged
02-13 18:04:59.047 D/PhoneApp(  344): mReceiver: ACTION_ANY_DATA_CONNECTION_STATE_CHANGED
02-13 18:04:59.047 D/PhoneApp(  344): - state: CONNECTED
