02-13 18:09:31.476 D/KeyguardViewMediator(  256): setHidden false
02-13 18:09:31.486 D/KeyguardViewMediator(  256): setHidden false
02-13 18:09:31.496 D/KeyguardViewMediator(  256): setHidden false
02-13 18:09:31.506 D/KeyguardViewMediator(  256): setHidden false
02-13 18:09:31.516 D/KeyguardViewMediator(  256): setHidden false
02-13 18:09:31.516 D/KeyguardViewMediator(  256): setHidden false
02-13 18:09:31.566 I/Mms/compose(  770): SLIDESHOW updateSendButtonState enable = true
02-13 18:09:31.566 I/Mms/compose(  770): SLIDESHOW setSendButtonText isMms = false
02-13 18:09:31.566 I/Mms/compose(  770): SLIDESHOW setSendButtonText isMms = false
02-13 18:09:31.576 D/KeyguardViewMediator(  256): setHidden false
02-13 18:09:31.596 D/KeyguardViewMediator(  256): setHidden false
02-13 18:09:31.606 D/KeyguardViewMediator(  256): setHidden false
02-13 18:09:31.626 D/KeyguardViewMediator(  256): setHidden false
02-13 18:09:31.646 D/KeyguardViewMediator(  256): setHidden false
02-13 18:09:31.656 D/KeyguardViewMediator(  256): setHidden false
02-13 18:09:31.676 D/KeyguardViewMediator(  256): setHidden false
02-13 18:09:31.676 D/KeyguardViewMediator(  256): setHidden false
02-13 18:09:31.726 D/KeyguardViewMediator(  256): setHidden false
02-13 18:09:31.736 D/KeyguardViewMediator(  256): setHidden false
02-13 18:09:31.756 D/KeyguardViewMediator(  256): setHidden false
02-13 18:09:31.816 I/Mms/compose(  770): SLIDESHOW updateSendButtonState enable = true
02-13 18:09:31.816 I/Mms/compose(  770): SLIDESHOW setSendButtonText isMms = false
02-13 18:09:31.816 I/Mms/compose(  770): SLIDESHOW setSendButtonText isMms = false
02-13 18:09:31.826 D/KeyguardViewMediator(  256): setHidden false
02-13 18:09:31.846 D/KeyguardViewMediator(  256): setHidden false
02-13 18:09:31.856 D/KeyguardViewMediator(  256): setHidden false
02-13 18:09:31.876 D/KeyguardViewMediator(  256): setHidden false
02-13 18:09:31.886 D/KeyguardViewMediator(  256): setHidden false
02-13 18:09:31.906 D/KeyguardViewMediator(  256): setHidden false
02-13 18:09:31.926 D/KeyguardViewMediator(  256): setHidden false
02-13 18:09:31.926 D/KeyguardViewMediator(  256): setHidden false
02-13 18:09:31.946 D/KeyguardViewMediator(  256): setHidden false
02-13 18:09:31.966 D/KeyguardViewMediator(  256): setHidden false
02-13 18:09:31.976 D/KeyguardViewMediator(  256): setHidden false
02-13 18:09:32.046 I/Mms/compose(  770): SLIDESHOW updateSendButtonState enable = true
02-13 18:09:32.046 I/Mms/compose(  770): SLIDESHOW setSendButtonText isMms = false
02-13 18:09:32.056 I/Mms/compose(  770): SLIDESHOW setSendButtonText isMms = false
02-13 18:09:32.056 D/KeyguardViewMediator(  256): setHidden false
02-13 18:09:32.076 D/KeyguardViewMediator(  256): setHidden false
02-13 18:09:32.096 D/KeyguardViewMediator(  256): setHidden false
02-13 18:09:32.107 D/KeyguardViewMediator(  256): setHidden false
02-13 18:09:32.127 D/KeyguardViewMediator(  256): setHidden false
02-13 18:09:32.137 D/KeyguardViewMediator(  256): setHidden false
02-13 18:09:32.157 D/KeyguardViewMediator(  256): setHidden false
02-13 18:09:32.157 D/KeyguardViewMediator(  256): setHidden false
02-13 18:09:32.317 D/KeyguardViewMediator(  256): setHidden false
02-13 18:09:32.317 D/KeyguardViewMediator(  256): setHidden false
02-13 18:09:32.337 D/KeyguardViewMediator(  256): setHidden false
02-13 18:09:32.417 I/Mms/compose(  770): SLIDESHOW updateSendButtonState enable = true
02-13 18:09:32.417 I/Mms/compose(  770): SLIDESHOW setSendButtonText isMms = false
02-13 18:09:32.417 I/Mms/compose(  770): SLIDESHOW setSendButtonText isMms = false
02-13 18:09:32.417 I/Mms/compose(  770): SLIDESHOW updateSendButtonState enable = true
02-13 18:09:32.417 I/Mms/compose(  770): SLIDESHOW setSendButtonText isMms = false
02-13 18:09:32.427 I/Mms/compose(  770): SLIDESHOW setSendButtonText isMms = false
02-13 18:09:32.437 D/KeyguardViewMediator(  256): setHidden false
02-13 18:09:32.447 D/KeyguardViewMediator(  256): setHidden false
02-13 18:09:32.467 D/KeyguardViewMediator(  256): setHidden false
02-13 18:09:32.487 D/KeyguardViewMediator(  256): setHidden false
02-13 18:09:32.497 D/KeyguardViewMediator(  256): setHidden false
02-13 18:09:32.517 D/KeyguardViewMediator(  256): setHidden false
02-13 18:09:32.537 D/KeyguardViewMediator(  256): setHidden false
02-13 18:09:32.547 D/KeyguardViewMediator(  256): setHidden false
02-13 18:09:32.657 D/KeyguardViewMediator(  256): setHidden false
02-13 18:09:32.677 D/KeyguardViewMediator(  256): setHidden false
02-13 18:09:32.687 D/KeyguardViewMediator(  256): setHidden false
02-13 18:09:32.747 I/Mms/compose(  770): SLIDESHOW updateSendButtonState enable = true
02-13 18:09:32.747 I/Mms/compose(  770): SLIDESHOW setSendButtonText isMms = false
02-13 18:09:32.747 I/Mms/compose(  770): SLIDESHOW setSendButtonText isMms = false
02-13 18:09:32.767 D/KeyguardViewMediator(  256): setHidden false
02-13 18:09:32.787 D/KeyguardViewMediator(  256): setHidden false
02-13 18:09:32.797 D/KeyguardViewMediator(  256): setHidden false
02-13 18:09:32.817 D/KeyguardViewMediator(  256): setHidden false
02-13 18:09:32.837 D/KeyguardViewMediator(  256): setHidden false
02-13 18:09:32.847 D/KeyguardViewMediator(  256): setHidden false
02-13 18:09:32.867 D/KeyguardViewMediator(  256): setHidden false
02-13 18:09:32.867 D/KeyguardViewMediator(  256): setHidden false
02-13 18:09:32.877 D/KeyguardViewMediator(  256): setHidden false
02-13 18:09:32.897 D/KeyguardViewMediator(  256): setHidden false
02-13 18:09:32.947 I/Mms/compose(  770): SLIDESHOW updateSendButtonState enable = true
02-13 18:09:32.947 I/Mms/compose(  770): SLIDESHOW setSendButtonText isMms = false
02-13 18:09:32.957 I/Mms/compose(  770): SLIDESHOW setSendButtonText isMms = false
02-13 18:09:32.957 D/KeyguardViewMediator(  256): setHidden false
02-13 18:09:32.977 D/KeyguardViewMediator(  256): setHidden false
02-13 18:09:32.987 D/KeyguardViewMediator(  256): setHidden false
02-13 18:09:33.007 D/KeyguardViewMediator(  256): setHidden false
02-13 18:09:33.027 D/KeyguardViewMediator(  256): setHidden false
02-13 18:09:33.037 D/KeyguardViewMediator(  256): setHidden false
02-13 18:09:33.047 D/KeyguardViewMediator(  256): setHidden false
02-13 18:09:33.047 D/KeyguardViewMediator(  256): setHidden false
02-13 18:09:33.047 D/KeyguardViewMediator(  256): setHidden false
02-13 18:09:33.067 D/KeyguardViewMediator(  256): setHidden false
02-13 18:09:33.138 I/Mms/compose(  770): SLIDESHOW updateSendButtonState enable = true
02-13 18:09:33.138 I/Mms/compose(  770): SLIDESHOW setSendButtonText isMms = false
02-13 18:09:33.148 I/Mms/compose(  770): SLIDESHOW setSendButtonText isMms = false
02-13 18:09:33.148 D/KeyguardViewMediator(  256): setHidden false
02-13 18:09:33.168 D/KeyguardViewMediator(  256): setHidden false
02-13 18:09:33.178 D/KeyguardViewMediator(  256): setHidden false
02-13 18:09:33.198 D/KeyguardViewMediator(  256): setHidden false
02-13 18:09:33.218 D/KeyguardViewMediator(  256): setHidden false
02-13 18:09:33.228 D/KeyguardViewMediator(  256): setHidden false
02-13 18:09:33.248 D/KeyguardViewMediator(  256): setHidden false
02-13 18:09:33.248 D/KeyguardViewMediator(  256): setHidden false
02-13 18:09:33.448 D/KeyguardViewMediator(  256): setHidden false
02-13 18:09:33.468 D/KeyguardViewMediator(  256): setHidden false
02-13 18:09:33.478 D/KeyguardViewMediator(  256): setHidden false
02-13 18:09:33.528 I/Mms/compose(  770): SLIDESHOW updateSendButtonState enable = true
02-13 18:09:33.528 I/Mms/compose(  770): SLIDESHOW setSendButtonText isMms = false
02-13 18:09:33.528 I/Mms/compose(  770): SLIDESHOW setSendButtonText isMms = false
02-13 18:09:33.538 I/Mms/compose(  770): SLIDESHOW updateSendButtonState enable = true
02-13 18:09:33.538 I/Mms/compose(  770): SLIDESHOW setSendButtonText isMms = false
02-13 18:09:33.538 I/Mms/compose(  770): SLIDESHOW setSendButtonText isMms = false
02-13 18:09:33.548 D/KeyguardViewMediator(  256): setHidden false
02-13 18:09:33.568 D/KeyguardViewMediator(  256): setHidden false
02-13 18:09:33.578 D/KeyguardViewMediator(  256): setHidden false
02-13 18:09:33.598 D/KeyguardViewMediator(  256): setHidden false
02-13 18:09:33.618 D/KeyguardViewMediator(  256): setHidden false
02-13 18:09:33.628 D/KeyguardViewMediator(  256): setHidden false
02-13 18:09:33.648 D/KeyguardViewMediator(  256): setHidden false
02-13 18:09:33.648 D/KeyguardViewMediator(  256): setHidden false
02-13 18:09:33.758 D/KeyguardViewMediator(  256): setHidden false
02-13 18:09:33.778 D/KeyguardViewMediator(  256): setHidden false
02-13 18:09:33.788 D/KeyguardViewMediator(  256): setHidden false
02-13 18:09:33.858 I/Mms/compose(  770): SLIDESHOW updateSendButtonState enable = true
02-13 18:09:33.858 I/Mms/compose(  770): SLIDESHOW setSendButtonText isMms = false
02-13 18:09:33.858 I/Mms/compose(  770): SLIDESHOW setSendButtonText isMms = false
02-13 18:09:33.908 D/KeyguardViewMediator(  256): setHidden false
02-13 18:09:33.928 D/KeyguardViewMediator(  256): setHidden false
02-13 18:09:33.938 D/KeyguardViewMediator(  256): setHidden false
02-13 18:09:33.958 D/KeyguardViewMediator(  256): setHidden false
02-13 18:09:33.968 D/KeyguardViewMediator(  256): setHidden false
02-13 18:09:33.988 D/KeyguardViewMediator(  256): setHidden false
02-13 18:09:33.998 I/DATA    (  344): [DCT(0) ] onDataCallListChanged:
02-13 18:09:33.998 I/DATA    (  344): [DCT(0) ] ---dc state list---
02-13 18:09:33.998 I/DATA    (  344): [DCT(0) ] DataCallState: { cid: 0, active: 1, type: , apn: , address: 173.155.101.96 }
02-13 18:09:33.998 I/DATA    (  344): [DCT(0) ] ---dc list---
02-13 18:09:33.998 I/DATA    (  344): [DCT(0) ] cid = 0, state = DcActiveState, bearerType = IP, ipaddress = 173.155.101.96, gw=173.155.101.97, dns=[68.28.67.132, 68.28.68.132]
02-13 18:09:34.008 D/KeyguardViewMediator(  256): setHidden false
02-13 18:09:34.008 D/KeyguardViewMediator(  256): setHidden false
02-13 18:09:34.199 D/KeyguardViewMediator(  256): setHidden false
02-13 18:09:34.209 D/KeyguardViewMediator(  256): setHidden false
02-13 18:09:34.229 D/KeyguardViewMediator(  256): setHidden false
02-13 18:09:34.319 I/Mms/compose(  770): SLIDESHOW updateSendButtonState enable = true
02-13 18:09:34.319 I/Mms/compose(  770): SLIDESHOW setSendButtonText isMms = false
02-13 18:09:34.329 I/Mms/compose(  770): SLIDESHOW setSendButtonText isMms = false
02-13 18:09:34.329 D/KeyguardViewMediator(  256): setHidden false
02-13 18:09:34.349 D/KeyguardViewMediator(  256): setHidden false
02-13 18:09:34.359 D/KeyguardViewMediator(  256): setHidden false
02-13 18:09:34.369 D/KeyguardViewMediator(  256): setHidden false
02-13 18:09:34.379 D/KeyguardViewMediator(  256): setHidden false
02-13 18:09:34.379 D/KeyguardViewMediator(  256): setHidden false
02-13 18:09:34.389 D/KeyguardViewMediator(  256): setHidden false
02-13 18:09:34.399 D/KeyguardViewMediator(  256): setHidden false
02-13 18:09:34.419 D/KeyguardViewMediator(  256): setHidden false
02-13 18:09:34.419 D/KeyguardViewMediator(  256): setHidden false
02-13 18:09:34.469 I/Mms/compose(  770): SLIDESHOW updateSendButtonState enable = true
02-13 18:09:34.469 I/Mms/compose(  770): SLIDESHOW setSendButtonText isMms = false
02-13 18:09:34.469 I/Mms/compose(  770): SLIDESHOW setSendButtonText isMms = false
02-13 18:09:34.479 D/KeyguardViewMediator(  256): setHidden false
02-13 18:09:34.489 D/KeyguardViewMediator(  256): setHidden false
02-13 18:09:34.509 D/KeyguardViewMediator(  256): setHidden false
02-13 18:09:34.529 D/KeyguardViewMediator(  256): setHidden false
02-13 18:09:34.539 D/KeyguardViewMediator(  256): setHidden false
02-13 18:09:34.549 D/KeyguardViewMediator(  256): setHidden false
02-13 18:09:34.549 D/KeyguardViewMediator(  256): setHidden false
02-13 18:09:34.549 D/KeyguardViewMediator(  256): setHidden false
02-13 18:09:34.559 D/KeyguardViewMediator(  256): setHidden false
02-13 18:09:34.579 I/Mms/compose(  770): SLIDESHOW updateSendButtonState enable = true
02-13 18:09:34.579 I/Mms/compose(  770): SLIDESHOW setSendButtonText isMms = false
02-13 18:09:34.579 I/Mms/compose(  770): SLIDESHOW setSendButtonText isMms = false
02-13 18:09:34.599 D/KeyguardViewMediator(  256): setHidden false
02-13 18:09:34.609 D/KeyguardViewMediator(  256): setHidden false
02-13 18:09:34.629 D/KeyguardViewMediator(  256): setHidden false
02-13 18:09:34.649 D/KeyguardViewMediator(  256): setHidden false
02-13 18:09:34.659 D/KeyguardViewMediator(  256): setHidden false
02-13 18:09:34.679 D/KeyguardViewMediator(  256): setHidden false
02-13 18:09:34.699 D/KeyguardViewMediator(  256): setHidden false
02-13 18:09:34.699 D/KeyguardViewMediator(  256): setHidden false
02-13 18:09:35.300 D/KeyguardViewMediator(  256): setHidden false
02-13 18:09:35.310 D/KeyguardViewMediator(  256): setHidden false
02-13 18:09:35.320 D/KeyguardViewMediator(  256): setHidden false
02-13 18:09:35.370 I/Mms/compose(  770): SLIDESHOW updateSendButtonState enable = true
02-13 18:09:35.370 I/Mms/compose(  770): SLIDESHOW setSendButtonText isMms = false
02-13 18:09:35.370 I/Mms/compose(  770): SLIDESHOW setSendButtonText isMms = false
02-13 18:09:35.370 I/Mms/compose(  770): SLIDESHOW updateSendButtonState enable = true
02-13 18:09:35.380 I/Mms/compose(  770): SLIDESHOW setSendButtonText isMms = false
02-13 18:09:35.380 I/Mms/compose(  770): SLIDESHOW setSendButtonText isMms = false
02-13 18:09:35.400 D/KeyguardViewMediator(  256): setHidden false
02-13 18:09:35.410 D/KeyguardViewMediator(  256): setHidden false
02-13 18:09:35.430 D/KeyguardViewMediator(  256): setHidden false
02-13 18:09:35.440 D/KeyguardViewMediator(  256): setHidden false
02-13 18:09:35.460 D/KeyguardViewMediator(  256): setHidden false
02-13 18:09:35.480 D/KeyguardViewMediator(  256): setHidden false
02-13 18:09:35.490 D/KeyguardViewMediator(  256): setHidden false
02-13 18:09:35.500 D/KeyguardViewMediator(  256): setHidden false
02-13 18:09:35.550 D/KeyguardViewMediator(  256): setHidden false
02-13 18:09:35.570 D/KeyguardViewMediator(  256): setHidden false
02-13 18:09:35.580 D/KeyguardViewMediator(  256): setHidden false
02-13 18:09:35.610 I/Mms/compose(  770): SLIDESHOW updateSendButtonState enable = true
02-13 18:09:35.610 I/Mms/compose(  770): SLIDESHOW setSendButtonText isMms = false
02-13 18:09:35.610 I/Mms/compose(  770): SLIDESHOW setSendButtonText isMms = false
02-13 18:09:35.620 D/KeyguardViewMediator(  256): setHidden false
02-13 18:09:35.640 D/KeyguardViewMediator(  256): setHidden false
02-13 18:09:35.650 D/KeyguardViewMediator(  256): setHidden false
02-13 18:09:35.670 D/KeyguardViewMediator(  256): setHidden false
02-13 18:09:35.690 D/KeyguardViewMediator(  256): setHidden false
02-13 18:09:35.700 D/KeyguardViewMediator(  256): setHidden false
02-13 18:09:35.720 D/KeyguardViewMediator(  256): setHidden false
02-13 18:09:35.730 D/KeyguardViewMediator(  256): setHidden false
02-13 18:09:35.750 D/KeyguardViewMediator(  256): setHidden false
02-13 18:09:35.760 D/KeyguardViewMediator(  256): setHidden false
02-13 18:09:35.780 D/KeyguardViewMediator(  256): setHidden false
02-13 18:09:35.830 I/Mms/compose(  770): SLIDESHOW updateSendButtonState enable = true
02-13 18:09:35.830 I/Mms/compose(  770): SLIDESHOW setSendButtonText isMms = false
02-13 18:09:35.830 I/Mms/compose(  770): SLIDESHOW setSendButtonText isMms = false
02-13 18:09:35.850 D/KeyguardViewMediator(  256): setHidden false
02-13 18:09:35.870 D/KeyguardViewMediator(  256): setHidden false
02-13 18:09:35.880 D/KeyguardViewMediator(  256): setHidden false
02-13 18:09:35.900 D/KeyguardViewMediator(  256): setHidden false
02-13 18:09:35.920 D/KeyguardViewMediator(  256): setHidden false
02-13 18:09:35.930 D/KeyguardViewMediator(  256): setHidden false
02-13 18:09:35.950 D/KeyguardViewMediator(  256): setHidden false
02-13 18:09:35.960 D/KeyguardViewMediator(  256): setHidden false
02-13 18:09:35.990 D/KeyguardViewMediator(  256): setHidden false
02-13 18:09:36.000 D/KeyguardViewMediator(  256): setHidden false
02-13 18:09:36.020 D/KeyguardViewMediator(  256): setHidden false
02-13 18:09:36.060 D/KeyguardViewMediator(  256): setHidden false
02-13 18:09:36.070 I/Mms/compose(  770): SLIDESHOW updateSendButtonState enable = true
02-13 18:09:36.070 I/Mms/compose(  770): SLIDESHOW setSendButtonText isMms = false
02-13 18:09:36.070 I/Mms/compose(  770): SLIDESHOW setSendButtonText isMms = false
02-13 18:09:36.090 D/KeyguardViewMediator(  256): setHidden false
02-13 18:09:36.110 D/KeyguardViewMediator(  256): setHidden false
02-13 18:09:36.120 D/KeyguardViewMediator(  256): setHidden false
02-13 18:09:36.140 D/KeyguardViewMediator(  256): setHidden false
02-13 18:09:36.160 D/KeyguardViewMediator(  256): setHidden false
02-13 18:09:36.170 D/KeyguardViewMediator(  256): setHidden false
02-13 18:09:36.190 D/KeyguardViewMediator(  256): setHidden false
02-13 18:09:36.190 D/KeyguardViewMediator(  256): setHidden false
02-13 18:09:36.221 D/KeyguardViewMediator(  256): setHidden false
02-13 18:09:36.231 D/KeyguardViewMediator(  256): setHidden false
02-13 18:09:36.251 D/KeyguardViewMediator(  256): setHidden false
02-13 18:09:36.331 I/Mms/compose(  770): SLIDESHOW updateSendButtonState enable = true
02-13 18:09:36.331 I/Mms/compose(  770): SLIDESHOW setSendButtonText isMms = false
02-13 18:09:36.331 I/Mms/compose(  770): SLIDESHOW setSendButtonText isMms = false
02-13 18:09:36.341 D/KeyguardViewMediator(  256): setHidden false
02-13 18:09:36.351 D/KeyguardViewMediator(  256): setHidden false
02-13 18:09:36.361 D/KeyguardViewMediator(  256): setHidden false
02-13 18:09:36.381 D/KeyguardViewMediator(  256): setHidden false
02-13 18:09:36.401 D/KeyguardViewMediator(  256): setHidden false
02-13 18:09:36.411 D/KeyguardViewMediator(  256): setHidden false
02-13 18:09:36.431 D/KeyguardViewMediator(  256): setHidden false
02-13 18:09:36.431 D/KeyguardViewMediator(  256): setHidden false
02-13 18:09:36.901 D/KeyguardViewMediator(  256): setHidden false
02-13 18:09:36.911 D/KeyguardViewMediator(  256): setHidden false
02-13 18:09:36.931 D/KeyguardViewMediator(  256): setHidden false
02-13 18:09:36.991 I/Mms/compose(  770): SLIDESHOW updateSendButtonState enable = true
02-13 18:09:36.991 I/Mms/compose(  770): SLIDESHOW setSendButtonText isMms = false
02-13 18:09:37.001 I/Mms/compose(  770): SLIDESHOW setSendButtonText isMms = false
02-13 18:09:37.021 I/Mms/compose(  770): SLIDESHOW updateSendButtonState enable = true
02-13 18:09:37.021 I/Mms/compose(  770): SLIDESHOW setSendButtonText isMms = false
02-13 18:09:37.031 I/Mms/compose(  770): SLIDESHOW setSendButtonText isMms = false
02-13 18:09:37.071 D/KeyguardViewMediator(  256): setHidden false
02-13 18:09:37.081 D/KeyguardViewMediator(  256): setHidden false
02-13 18:09:37.111 D/KeyguardViewMediator(  256): setHidden false
02-13 18:09:37.111 D/KeyguardViewMediator(  256): setHidden false
02-13 18:09:37.141 D/KeyguardViewMediator(  256): setHidden false
02-13 18:09:37.161 D/KeyguardViewMediator(  256): setHidden false
02-13 18:09:37.171 D/KeyguardViewMediator(  256): setHidden false
02-13 18:09:37.171 D/KeyguardViewMediator(  256): setHidden false
02-13 18:09:37.292 D/KeyguardViewMediator(  256): setHidden false
02-13 18:09:37.302 D/KeyguardViewMediator(  256): setHidden false
02-13 18:09:37.322 D/KeyguardViewMediator(  256): setHidden false
02-13 18:09:37.382 I/Mms/compose(  770): SLIDESHOW updateSendButtonState enable = true
02-13 18:09:37.382 I/Mms/compose(  770): SLIDESHOW setSendButtonText isMms = false
02-13 18:09:37.392 I/Mms/compose(  770): SLIDESHOW setSendButtonText isMms = false
02-13 18:09:37.402 D/KeyguardViewMediator(  256): setHidden false
02-13 18:09:37.422 D/KeyguardViewMediator(  256): setHidden false
02-13 18:09:37.442 D/KeyguardViewMediator(  256): setHidden false
02-13 18:09:37.452 D/KeyguardViewMediator(  256): setHidden false
02-13 18:09:37.482 D/KeyguardViewMediator(  256): setHidden false
02-13 18:09:37.482 D/KeyguardViewMediator(  256): setHidden false
02-13 18:09:37.502 D/KeyguardViewMediator(  256): setHidden false
02-13 18:09:37.502 D/KeyguardViewMediator(  256): setHidden false
02-13 18:09:37.652 D/KeyguardViewMediator(  256): setHidden false
02-13 18:09:37.662 D/KeyguardViewMediator(  256): setHidden false
02-13 18:09:37.672 D/KeyguardViewMediator(  256): setHidden false
02-13 18:09:37.792 I/Mms/compose(  770): SLIDESHOW updateSendButtonState enable = true
02-13 18:09:37.792 I/Mms/compose(  770): SLIDESHOW setSendButtonText isMms = false
02-13 18:09:37.792 I/Mms/compose(  770): SLIDESHOW setSendButtonText isMms = false
02-13 18:09:37.792 D/KeyguardViewMediator(  256): setHidden false
02-13 18:09:37.812 D/KeyguardViewMediator(  256): setHidden false
02-13 18:09:37.822 D/KeyguardViewMediator(  256): setHidden false
02-13 18:09:37.842 D/KeyguardViewMediator(  256): setHidden false
02-13 18:09:37.862 D/KeyguardViewMediator(  256): setHidden false
02-13 18:09:37.872 D/KeyguardViewMediator(  256): setHidden false
02-13 18:09:37.892 D/KeyguardViewMediator(  256): setHidden false
02-13 18:09:37.892 D/KeyguardViewMediator(  256): setHidden false
02-13 18:09:38.032 D/KeyguardViewMediator(  256): setHidden false
02-13 18:09:38.052 D/KeyguardViewMediator(  256): setHidden false
02-13 18:09:38.062 D/KeyguardViewMediator(  256): setHidden false
02-13 18:09:38.172 I/Mms/compose(  770): SLIDESHOW updateSendButtonState enable = true
02-13 18:09:38.172 I/Mms/compose(  770): SLIDESHOW setSendButtonText isMms = false
02-13 18:09:38.172 I/Mms/compose(  770): SLIDESHOW setSendButtonText isMms = false
02-13 18:09:38.182 D/KeyguardViewMediator(  256): setHidden false
02-13 18:09:38.192 D/KeyguardViewMediator(  256): setHidden false
02-13 18:09:38.212 D/KeyguardViewMediator(  256): setHidden false
02-13 18:09:38.232 D/KeyguardViewMediator(  256): setHidden false
02-13 18:09:38.242 D/KeyguardViewMediator(  256): setHidden false
02-13 18:09:38.263 D/KeyguardViewMediator(  256): setHidden false
02-13 18:09:38.273 D/KeyguardViewMediator(  256): setHidden false
02-13 18:09:38.283 D/KeyguardViewMediator(  256): setHidden false
02-13 18:09:38.303 D/KeyguardViewMediator(  256): setHidden false
02-13 18:09:38.323 D/KeyguardViewMediator(  256): setHidden false
02-13 18:09:38.333 D/KeyguardViewMediator(  256): setHidden false
02-13 18:09:38.423 I/Mms/compose(  770): SLIDESHOW updateSendButtonState enable = true
02-13 18:09:38.423 I/Mms/compose(  770): SLIDESHOW setSendButtonText isMms = false
02-13 18:09:38.423 I/Mms/compose(  770): SLIDESHOW setSendButtonText isMms = false
02-13 18:09:38.423 D/KeyguardViewMediator(  256): setHidden false
02-13 18:09:38.443 D/KeyguardViewMediator(  256): setHidden false
02-13 18:09:38.463 D/KeyguardViewMediator(  256): setHidden false
02-13 18:09:38.483 D/KeyguardViewMediator(  256): setHidden false
02-13 18:09:38.503 D/KeyguardViewMediator(  256): setHidden false
02-13 18:09:38.503 D/KeyguardViewMediator(  256): setHidden false
02-13 18:09:38.523 D/KeyguardViewMediator(  256): setHidden false
02-13 18:09:38.523 D/KeyguardViewMediator(  256): setHidden false
02-13 18:09:38.553 D/KeyguardViewMediator(  256): setHidden false
02-13 18:09:38.563 D/KeyguardViewMediator(  256): setHidden false
02-13 18:09:38.583 D/KeyguardViewMediator(  256): setHidden false
02-13 18:09:38.673 I/Mms/compose(  770): SLIDESHOW updateSendButtonState enable = true
02-13 18:09:38.673 I/Mms/compose(  770): SLIDESHOW setSendButtonText isMms = false
02-13 18:09:38.683 I/Mms/compose(  770): SLIDESHOW setSendButtonText isMms = false
02-13 18:09:38.683 D/KeyguardViewMediator(  256): setHidden false
02-13 18:09:38.703 D/KeyguardViewMediator(  256): setHidden false
02-13 18:09:38.713 D/KeyguardViewMediator(  256): setHidden false
02-13 18:09:38.743 D/KeyguardViewMediator(  256): setHidden false
02-13 18:09:38.743 D/KeyguardViewMediator(  256): setHidden false
02-13 18:09:38.763 D/KeyguardViewMediator(  256): setHidden false
02-13 18:09:38.773 D/KeyguardViewMediator(  256): setHidden false
02-13 18:09:38.783 D/KeyguardViewMediator(  256): setHidden false
02-13 18:09:38.783 D/KeyguardViewMediator(  256): setHidden false
02-13 18:09:38.793 D/KeyguardViewMediator(  256): setHidden false
02-13 18:09:38.813 D/KeyguardViewMediator(  256): setHidden false
02-13 18:09:38.873 I/Mms/compose(  770): SLIDESHOW updateSendButtonState enable = true
02-13 18:09:38.873 I/Mms/compose(  770): SLIDESHOW setSendButtonText isMms = false
02-13 18:09:38.873 I/Mms/compose(  770): SLIDESHOW setSendButtonText isMms = false
02-13 18:09:38.883 D/KeyguardViewMediator(  256): setHidden false
02-13 18:09:38.893 D/KeyguardViewMediator(  256): setHidden false
02-13 18:09:38.923 D/KeyguardViewMediator(  256): setHidden false
02-13 18:09:38.933 D/KeyguardViewMediator(  256): setHidden false
02-13 18:09:38.953 D/KeyguardViewMediator(  256): setHidden false
02-13 18:09:38.963 D/KeyguardViewMediator(  256): setHidden false
02-13 18:09:38.983 D/KeyguardViewMediator(  256): setHidden false
02-13 18:09:38.983 D/KeyguardViewMediator(  256): setHidden false
02-13 18:09:39.294 D/KeyguardViewMediator(  256): setHidden false
02-13 18:09:39.314 D/KeyguardViewMediator(  256): setHidden false
02-13 18:09:39.334 D/KeyguardViewMediator(  256): setHidden false
02-13 18:09:39.354 I/Mms/compose(  770): SLIDESHOW updateSendButtonState enable = true
02-13 18:09:39.354 I/Mms/compose(  770): SLIDESHOW setSendButtonText isMms = false
02-13 18:09:39.364 I/Mms/compose(  770): SLIDESHOW setSendButtonText isMms = false
02-13 18:09:39.374 I/Mms/compose(  770): SLIDESHOW updateSendButtonState enable = true
02-13 18:09:39.374 I/Mms/compose(  770): SLIDESHOW setSendButtonText isMms = false
02-13 18:09:39.374 I/Mms/compose(  770): SLIDESHOW setSendButtonText isMms = false
02-13 18:09:39.394 D/KeyguardViewMediator(  256): setHidden false
02-13 18:09:39.404 D/KeyguardViewMediator(  256): setHidden false
02-13 18:09:39.424 D/KeyguardViewMediator(  256): setHidden false
02-13 18:09:39.434 D/KeyguardViewMediator(  256): setHidden false
02-13 18:09:39.464 D/KeyguardViewMediator(  256): setHidden false
02-13 18:09:39.474 D/KeyguardViewMediator(  256): setHidden false
02-13 18:09:39.484 D/KeyguardViewMediator(  256): setHidden false
02-13 18:09:39.494 D/KeyguardViewMediator(  256): setHidden false
02-13 18:09:41.055 D/KeyguardViewMediator(  256): setHidden false
02-13 18:09:41.065 D/KeyguardViewMediator(  256): setHidden false
02-13 18:09:41.085 D/KeyguardViewMediator(  256): setHidden false
02-13 18:09:41.155 I/Mms/compose(  770): SLIDESHOW updateSendButtonState enable = true
02-13 18:09:41.155 I/Mms/compose(  770): SLIDESHOW setSendButtonText isMms = false
02-13 18:09:41.155 I/Mms/compose(  770): SLIDESHOW setSendButtonText isMms = false
02-13 18:09:41.205 D/KeyguardViewMediator(  256): setHidden false
02-13 18:09:41.215 D/KeyguardViewMediator(  256): setHidden false
02-13 18:09:41.235 D/KeyguardViewMediator(  256): setHidden false
02-13 18:09:41.245 D/KeyguardViewMediator(  256): setHidden false
02-13 18:09:41.265 D/KeyguardViewMediator(  256): setHidden false
02-13 18:09:41.275 D/KeyguardViewMediator(  256): setHidden false
02-13 18:09:41.305 D/KeyguardViewMediator(  256): setHidden false
02-13 18:09:41.305 D/KeyguardViewMediator(  256): setHidden false
02-13 18:09:42.136 D/KeyguardViewMediator(  256): setHidden false
02-13 18:09:42.156 D/KeyguardViewMediator(  256): setHidden false
02-13 18:09:42.166 D/KeyguardViewMediator(  256): setHidden false
02-13 18:09:42.216 I/Mms/compose(  770): SLIDESHOW updateSendButtonState enable = true
02-13 18:09:42.216 I/Mms/compose(  770): SLIDESHOW setSendButtonText isMms = false
02-13 18:09:42.216 I/Mms/compose(  770): SLIDESHOW setSendButtonText isMms = false
02-13 18:09:42.246 D/KeyguardViewMediator(  256): setHidden false
02-13 18:09:42.256 D/KeyguardViewMediator(  256): setHidden false
02-13 18:09:42.276 D/KeyguardViewMediator(  256): setHidden false
02-13 18:09:42.286 D/KeyguardViewMediator(  256): setHidden false
02-13 18:09:42.306 D/KeyguardViewMediator(  256): setHidden false
02-13 18:09:42.326 D/KeyguardViewMediator(  256): setHidden false
02-13 18:09:42.346 D/KeyguardViewMediator(  256): setHidden false
02-13 18:09:42.346 D/KeyguardViewMediator(  256): setHidden false
02-13 18:09:42.457 D/KeyguardViewMediator(  256): setHidden false
02-13 18:09:42.477 D/KeyguardViewMediator(  256): setHidden false
02-13 18:09:42.487 D/KeyguardViewMediator(  256): setHidden false
02-13 18:09:42.557 I/Mms/compose(  770): SLIDESHOW updateSendButtonState enable = true
02-13 18:09:42.557 I/Mms/compose(  770): SLIDESHOW setSendButtonText isMms = false
02-13 18:09:42.567 I/Mms/compose(  770): SLIDESHOW setSendButtonText isMms = false
02-13 18:09:42.577 D/KeyguardViewMediator(  256): setHidden false
02-13 18:09:42.587 D/KeyguardViewMediator(  256): setHidden false
02-13 18:09:42.607 D/KeyguardViewMediator(  256): setHidden false
02-13 18:09:42.617 D/KeyguardViewMediator(  256): setHidden false
02-13 18:09:42.637 D/KeyguardViewMediator(  256): setHidden false
02-13 18:09:42.657 D/KeyguardViewMediator(  256): setHidden false
02-13 18:09:42.667 D/KeyguardViewMediator(  256): setHidden false
02-13 18:09:42.677 D/KeyguardViewMediator(  256): setHidden false
02-13 18:09:43.097 D/KeyguardViewMediator(  256): setHidden false
02-13 18:09:43.107 D/KeyguardViewMediator(  256): setHidden false
02-13 18:09:43.117 D/KeyguardViewMediator(  256): setHidden false
02-13 18:09:43.187 I/Mms/compose(  770): SLIDESHOW updateSendButtonState enable = true
02-13 18:09:43.187 I/Mms/compose(  770): SLIDESHOW setSendButtonText isMms = false
02-13 18:09:43.187 I/Mms/compose(  770): SLIDESHOW setSendButtonText isMms = false
02-13 18:09:43.197 I/Mms/compose(  770): SLIDESHOW updateSendButtonState enable = true
02-13 18:09:43.197 I/Mms/compose(  770): SLIDESHOW setSendButtonText isMms = false
02-13 18:09:43.197 I/Mms/compose(  770): SLIDESHOW setSendButtonText isMms = false
02-13 18:09:43.217 D/KeyguardViewMediator(  256): setHidden false
02-13 18:09:43.227 D/KeyguardViewMediator(  256): setHidden false
02-13 18:09:43.247 D/KeyguardViewMediator(  256): setHidden false
02-13 18:09:43.257 D/KeyguardViewMediator(  256): setHidden false
02-13 18:09:43.277 D/KeyguardViewMediator(  256): setHidden false
02-13 18:09:43.297 D/KeyguardViewMediator(  256): setHidden false
02-13 18:09:43.307 D/KeyguardViewMediator(  256): setHidden false
02-13 18:09:43.317 D/KeyguardViewMediator(  256): setHidden false
02-13 18:09:43.688 D/KeyguardViewMediator(  256): setHidden false
02-13 18:09:43.698 D/KeyguardViewMediator(  256): setHidden false
02-13 18:09:43.718 D/KeyguardViewMediator(  256): setHidden false
02-13 18:09:43.778 I/Mms/compose(  770): SLIDESHOW updateSendButtonState enable = true
02-13 18:09:43.778 I/Mms/compose(  770): SLIDESHOW setSendButtonText isMms = false
02-13 18:09:43.788 I/Mms/compose(  770): SLIDESHOW setSendButtonText isMms = false
02-13 18:09:43.798 D/KeyguardViewMediator(  256): setHidden false
02-13 18:09:43.818 D/KeyguardViewMediator(  256): setHidden false
02-13 18:09:43.838 D/KeyguardViewMediator(  256): setHidden false
02-13 18:09:43.848 D/KeyguardViewMediator(  256): setHidden false
02-13 18:09:43.868 D/KeyguardViewMediator(  256): setHidden false
02-13 18:09:43.878 D/KeyguardViewMediator(  256): setHidden false
02-13 18:09:43.898 D/KeyguardViewMediator(  256): setHidden false
02-13 18:09:43.898 D/KeyguardViewMediator(  256): setHidden false
02-13 18:09:44.078 D/KeyguardViewMediator(  256): setHidden false
02-13 18:09:44.088 D/KeyguardViewMediator(  256): setHidden false
02-13 18:09:44.108 D/KeyguardViewMediator(  256): setHidden false
02-13 18:09:44.238 I/Mms/compose(  770): SLIDESHOW updateSendButtonState enable = true
02-13 18:09:44.238 I/Mms/compose(  770): SLIDESHOW setSendButtonText isMms = false
02-13 18:09:44.238 I/Mms/compose(  770): SLIDESHOW setSendButtonText isMms = false
02-13 18:09:44.258 D/KeyguardViewMediator(  256): setHidden false
02-13 18:09:44.268 D/KeyguardViewMediator(  256): setHidden false
02-13 18:09:44.338 D/KeyguardViewMediator(  256): setHidden false
02-13 18:09:44.338 D/KeyguardViewMediator(  256): setHidden false
02-13 18:09:44.348 D/KeyguardViewMediator(  256): setHidden false
02-13 18:09:44.348 D/KeyguardViewMediator(  256): setHidden false
02-13 18:09:45.119 D/KeyguardViewMediator(  256): setHidden false
02-13 18:09:45.139 I/Mms/compose(  770): SLIDESHOW updateSendButtonState enable = true
02-13 18:09:45.139 I/Mms/compose(  770): SLIDESHOW setSendButtonText isMms = false
02-13 18:09:45.139 I/Mms/compose(  770): SLIDESHOW setSendButtonText isMms = false
02-13 18:09:45.159 D/KeyguardViewMediator(  256): setHidden false
02-13 18:09:45.159 D/KeyguardViewMediator(  256): setHidden false
02-13 18:09:45.169 D/KeyguardViewMediator(  256): setHidden false
02-13 18:09:45.189 D/KeyguardViewMediator(  256): setHidden false
02-13 18:09:45.199 D/KeyguardViewMediator(  256): setHidden false
02-13 18:09:45.219 D/KeyguardViewMediator(  256): setHidden false
02-13 18:09:45.239 D/KeyguardViewMediator(  256): setHidden false
02-13 18:09:45.249 D/KeyguardViewMediator(  256): setHidden false
02-13 18:09:45.259 D/KeyguardViewMediator(  256): setHidden false
02-13 18:09:45.339 D/KeyguardViewMediator(  256): setHidden false
02-13 18:09:45.349 D/KeyguardViewMediator(  256): setHidden false
02-13 18:09:45.369 D/KeyguardViewMediator(  256): setHidden false
02-13 18:09:45.460 I/Mms/compose(  770): SLIDESHOW updateSendButtonState enable = true
02-13 18:09:45.460 I/Mms/compose(  770): SLIDESHOW setSendButtonText isMms = false
02-13 18:09:45.460 I/Mms/compose(  770): SLIDESHOW setSendButtonText isMms = false
02-13 18:09:45.470 D/KeyguardViewMediator(  256): setHidden false
02-13 18:09:45.480 D/KeyguardViewMediator(  256): setHidden false
02-13 18:09:45.500 D/KeyguardViewMediator(  256): setHidden false
02-13 18:09:45.510 D/KeyguardViewMediator(  256): setHidden false
02-13 18:09:45.530 D/KeyguardViewMediator(  256): setHidden false
02-13 18:09:45.550 D/KeyguardViewMediator(  256): setHidden false
02-13 18:09:45.560 D/KeyguardViewMediator(  256): setHidden false
02-13 18:09:45.570 D/KeyguardViewMediator(  256): setHidden false
02-13 18:09:45.740 D/KeyguardViewMediator(  256): setHidden false
02-13 18:09:45.740 I/Mms/compose(  770): SLIDESHOW updateSendButtonState enable = true
02-13 18:09:45.740 I/Mms/compose(  770): SLIDESHOW setSendButtonText isMms = false
02-13 18:09:45.740 I/Mms/compose(  770): SLIDESHOW setSendButtonText isMms = false
02-13 18:09:45.760 D/KeyguardViewMediator(  256): setHidden false
02-13 18:09:45.770 D/KeyguardViewMediator(  256): setHidden false
02-13 18:09:45.820 D/KeyguardViewMediator(  256): setHidden false
02-13 18:09:45.830 D/KeyguardViewMediator(  256): setHidden false
02-13 18:09:45.850 D/KeyguardViewMediator(  256): setHidden false
02-13 18:09:45.870 D/KeyguardViewMediator(  256): setHidden false
02-13 18:09:45.880 D/KeyguardViewMediator(  256): setHidden false
02-13 18:09:45.900 D/KeyguardViewMediator(  256): setHidden false
02-13 18:09:45.900 I/Mms/compose(  770): SLIDESHOW updateSendButtonState enable = true
02-13 18:09:45.900 I/Mms/compose(  770): SLIDESHOW setSendButtonText isMms = false
02-13 18:09:45.900 I/Mms/compose(  770): SLIDESHOW setSendButtonText isMms = false
02-13 18:09:45.910 D/KeyguardViewMediator(  256): setHidden false
02-13 18:09:45.910 D/KeyguardViewMediator(  256): setHidden false
02-13 18:09:45.920 D/KeyguardViewMediator(  256): setHidden false
02-13 18:09:45.940 D/KeyguardViewMediator(  256): setHidden false
02-13 18:09:45.980 D/KeyguardViewMediator(  256): setHidden false
02-13 18:09:46.000 D/KeyguardViewMediator(  256): setHidden false
02-13 18:09:46.010 D/KeyguardViewMediator(  256): setHidden false
02-13 18:09:46.030 D/KeyguardViewMediator(  256): setHidden false
02-13 18:09:46.040 D/KeyguardViewMediator(  256): setHidden false
02-13 18:09:46.060 D/KeyguardViewMediator(  256): setHidden false
02-13 18:09:46.070 D/KeyguardViewMediator(  256): setHidden false
02-13 18:09:46.070 I/Mms/compose(  770): SLIDESHOW updateSendButtonState enable = true
02-13 18:09:46.070 D/KeyguardViewMediator(  256): setHidden false
02-13 18:09:46.080 D/KeyguardViewMediator(  256): setHidden false
02-13 18:09:46.080 D/KeyguardViewMediator(  256): setHidden false
02-13 18:09:46.080 I/Mms/compose(  770): SLIDESHOW setSendButtonText isMms = false
02-13 18:09:46.090 I/Mms/compose(  770): SLIDESHOW setSendButtonText isMms = false
02-13 18:09:46.100 D/KeyguardViewMediator(  256): setHidden false
02-13 18:09:46.140 D/KeyguardViewMediator(  256): setHidden false
02-13 18:09:46.160 D/KeyguardViewMediator(  256): setHidden false
02-13 18:09:46.180 D/KeyguardViewMediator(  256): setHidden false
02-13 18:09:46.190 D/KeyguardViewMediator(  256): setHidden false
02-13 18:09:46.210 D/KeyguardViewMediator(  256): setHidden false
02-13 18:09:46.220 D/KeyguardViewMediator(  256): setHidden false
02-13 18:09:46.240 D/KeyguardViewMediator(  256): setHidden false
02-13 18:09:46.250 D/KeyguardViewMediator(  256): setHidden false
02-13 18:09:46.260 D/KeyguardViewMediator(  256): setHidden false
02-13 18:09:46.260 I/Mms/compose(  770): SLIDESHOW updateSendButtonState enable = true
02-13 18:09:46.260 I/Mms/compose(  770): SLIDESHOW setSendButtonText isMms = false
02-13 18:09:46.260 I/Mms/compose(  770): SLIDESHOW setSendButtonText isMms = false
02-13 18:09:46.270 D/KeyguardViewMediator(  256): setHidden false
02-13 18:09:46.290 D/KeyguardViewMediator(  256): setHidden false
02-13 18:09:46.330 D/KeyguardViewMediator(  256): setHidden false
02-13 18:09:46.350 D/KeyguardViewMediator(  256): setHidden false
02-13 18:09:46.360 D/KeyguardViewMediator(  256): setHidden false
02-13 18:09:46.380 D/KeyguardViewMediator(  256): setHidden false
02-13 18:09:46.400 D/KeyguardViewMediator(  256): setHidden false
02-13 18:09:46.410 D/KeyguardViewMediator(  256): setHidden false
02-13 18:09:46.430 D/KeyguardViewMediator(  256): setHidden false
02-13 18:09:46.440 D/KeyguardViewMediator(  256): setHidden false
02-13 18:09:46.440 W/KeyCharacterMap(  770): No keyboard for id 0
02-13 18:09:46.440 W/KeyCharacterMap(  770): Using default keymap: /system/usr/keychars/qwerty.kcm.bin
02-13 18:09:46.451 I/Mms/compose(  770): SLIDESHOW updateSendButtonState enable = true
02-13 18:09:46.451 I/Mms/compose(  770): SLIDESHOW setSendButtonText isMms = false
02-13 18:09:46.461 D/KeyguardViewMediator(  256): setHidden false
02-13 18:09:46.461 I/Mms/compose(  770): SLIDESHOW setSendButtonText isMms = false
02-13 18:09:46.481 D/KeyguardViewMediator(  256): setHidden false
02-13 18:09:46.501 D/KeyguardViewMediator(  256): setHidden false
02-13 18:09:46.531 D/KeyguardViewMediator(  256): setHidden false
02-13 18:09:46.551 D/KeyguardViewMediator(  256): setHidden false
02-13 18:09:46.561 D/KeyguardViewMediator(  256): setHidden false
02-13 18:09:46.581 D/KeyguardViewMediator(  256): setHidden false
02-13 18:09:46.601 D/KeyguardViewMediator(  256): setHidden false
02-13 18:09:46.611 I/Mms/compose(  770): SLIDESHOW updateSendButtonState enable = true
02-13 18:09:46.611 I/Mms/compose(  770): SLIDESHOW setSendButtonText isMms = false
02-13 18:09:46.611 I/Mms/compose(  770): SLIDESHOW setSendButtonText isMms = false
02-13 18:09:46.611 D/KeyguardViewMediator(  256): setHidden false
02-13 18:09:46.631 D/KeyguardViewMediator(  256): setHidden false
02-13 18:09:46.641 D/KeyguardViewMediator(  256): setHidden false
02-13 18:09:46.641 D/KeyguardViewMediator(  256): setHidden false
02-13 18:09:46.651 D/KeyguardViewMediator(  256): setHidden false
02-13 18:09:46.661 D/KeyguardViewMediator(  256): setHidden false
02-13 18:09:46.751 D/KeyguardViewMediator(  256): setHidden false
02-13 18:09:46.761 D/KeyguardViewMediator(  256): setHidden false
02-13 18:09:46.781 D/KeyguardViewMediator(  256): setHidden false
02-13 18:09:46.791 D/KeyguardViewMediator(  256): setHidden false
02-13 18:09:46.811 D/KeyguardViewMediator(  256): setHidden false
02-13 18:09:46.831 D/KeyguardViewMediator(  256): setHidden false
02-13 18:09:46.841 I/Mms/compose(  770): SLIDESHOW updateSendButtonState enable = true
02-13 18:09:46.841 I/Mms/compose(  770): SLIDESHOW setSendButtonText isMms = false
02-13 18:09:46.841 I/Mms/compose(  770): SLIDESHOW setSendButtonText isMms = false
02-13 18:09:46.851 D/KeyguardViewMediator(  256): setHidden false
02-13 18:09:46.861 D/KeyguardViewMediator(  256): setHidden false
02-13 18:09:46.861 D/KeyguardViewMediator(  256): setHidden false
02-13 18:09:46.871 D/KeyguardViewMediator(  256): setHidden false
02-13 18:09:46.891 D/KeyguardViewMediator(  256): setHidden false
02-13 18:09:46.921 D/KeyguardViewMediator(  256): setHidden false
02-13 18:09:46.941 D/KeyguardViewMediator(  256): setHidden false
02-13 18:09:46.951 D/KeyguardViewMediator(  256): setHidden false
02-13 18:09:46.971 D/KeyguardViewMediator(  256): setHidden false
02-13 18:09:46.991 D/KeyguardViewMediator(  256): setHidden false
02-13 18:09:47.001 D/KeyguardViewMediator(  256): setHidden false
02-13 18:09:47.021 D/KeyguardViewMediator(  256): setHidden false
02-13 18:09:47.031 D/KeyguardViewMediator(  256): setHidden false
02-13 18:09:47.231 I/Mms/compose(  770): SLIDESHOW updateSendButtonState enable = true
02-13 18:09:47.231 I/Mms/compose(  770): SLIDESHOW setSendButtonText isMms = false
02-13 18:09:47.231 I/Mms/compose(  770): SLIDESHOW setSendButtonText isMms = false
02-13 18:09:47.251 D/KeyguardViewMediator(  256): setHidden false
02-13 18:09:47.271 D/KeyguardViewMediator(  256): setHidden false
02-13 18:09:47.281 D/KeyguardViewMediator(  256): setHidden false
02-13 18:09:47.341 D/KeyguardViewMediator(  256): setHidden false
02-13 18:09:47.361 D/KeyguardViewMediator(  256): setHidden false
02-13 18:09:47.371 D/KeyguardViewMediator(  256): setHidden false
02-13 18:09:47.391 D/KeyguardViewMediator(  256): setHidden false
02-13 18:09:47.411 D/KeyguardViewMediator(  256): setHidden false
02-13 18:09:47.421 D/KeyguardViewMediator(  256): setHidden false
02-13 18:09:47.451 D/KeyguardViewMediator(  256): setHidden false
02-13 18:09:47.461 D/KeyguardViewMediator(  256): setHidden false
02-13 18:09:48.052 D/Mms/compose(  770): isInternationalRoamingSMSChecked:true
02-13 18:09:48.052 D/Mms/compose(  770): roamingStatus:1
02-13 18:09:48.062 I/Mms/compose(  770): SLIDESHOW setSendButtonText isMms = false
02-13 18:09:48.062 I/Mms/compose(  770): drawBottomPanel, inputmethod
02-13 18:09:48.062 D/Mms/compose(  770): lyftest updateOtherAttachmentView
02-13 18:09:48.072 I/Mms/compose(  770): SLIDESHOW updateSendButtonState enable = true
02-13 18:09:48.072 E/MmsCustom(  770): mms config file_exist,,,custom_file_exist:true
02-13 18:09:48.072 D/SmsMessageSender(  770): MmsCustom.file_exist()==true
02-13 18:09:48.072 I/Mms/compose(  770): SLIDESHOW setSendButtonText isMms = false
02-13 18:09:48.142 E/HQB     (  770): onReceive  action received com.android.mms.transaction.SEND_MESSAGE
02-13 18:09:48.142 E/HQB     (  770): onReceiveWithPrivilege  action received com.android.mms.transaction.SEND_MESSAGE
02-13 18:09:48.192 D/Mms     (  770): formatTimeStampString1 ,when = 1329160934923
02-13 18:09:48.202 D/Mms     (  770): formatTimeStampString2 ,when = 1329160934923
02-13 18:09:48.202 D/MessageItem(  770): MessageItem ,expiryDate = 0
02-13 18:09:48.322 D/Bitmap  (  770): Detect unrecycled bitmap.
02-13 18:09:48.322 D/Bitmap  (  770):       Size: 49248 Bytes, Width: 304 , Height: 81 , Hash code: 1079448328
02-13 18:09:48.322 D/Bitmap  (  770):  This bimap was created in:
02-13 18:09:48.322 D/Bitmap  (  770):       android.graphics.Bitmap.<init>(Bitmap.java:136)
02-13 18:09:48.322 D/Bitmap  (  770):       android.graphics.Bitmap.nativeCreate(Native Method)
02-13 18:09:48.322 D/Bitmap  (  770):       android.graphics.Bitmap.createBitmap(Bitmap.java:547)
02-13 18:09:48.322 D/Bitmap  (  770):       android.view.View.buildDrawingCache(View.java:6577)
02-13 18:09:48.322 D/Bitmap  (  770):       android.view.View.getDrawingCache(View.java:6428)
02-13 18:09:48.322 D/Bitmap  (  770):       android.view.ViewGroup.drawChild(ViewGroup.java:1574)
02-13 18:09:48.322 D/Bitmap  (  770):       android.view.ViewGroup.dispatchDraw(ViewGroup.java:1376)
02-13 18:09:48.322 D/Bitmap  (  770):       android.widget.AbsListView.dispatchDraw(AbsListView.java:1480)
02-13 18:09:48.322 D/Bitmap  (  770):       android.widget.ListView.dispatchDraw(ListView.java:3138)
02-13 18:09:48.322 D/Bitmap  (  770):       android.view.View.draw(View.java:6883)
02-13 18:09:48.322 D/Bitmap  (  770):       android.widget.AbsListView.draw(AbsListView.java:2588)
02-13 18:09:48.322 D/Bitmap  (  770):       android.view.ViewGroup.drawChild(ViewGroup.java:1649)
02-13 18:09:48.322 D/Bitmap  (  770):       android.view.ViewGroup.dispatchDraw(ViewGroup.java:1376)
02-13 18:09:48.322 D/Bitmap  (  770):       android.view.ViewGroup.drawChild(ViewGroup.java:1647)
02-13 18:09:48.322 D/Bitmap  (  770):       android.view.ViewGroup.dispatchDraw(ViewGroup.java:1376)
02-13 18:09:48.322 D/Bitmap  (  770):       android.view.ViewGroup.drawChild(ViewGroup.java:1647)
02-13 18:09:48.322 D/Bitmap  (  770):       android.view.ViewGroup.dispatchDraw(ViewGroup.java:1376)
02-13 18:09:48.322 D/Bitmap  (  770):       android.view.View.draw(View.java:6986)
02-13 18:09:48.322 D/Bitmap  (  770):       android.widget.FrameLayout.draw(FrameLayout.java:357)
02-13 18:09:48.322 D/Bitmap  (  770):       android.view.ViewGroup.drawChild(ViewGroup.java:1649)
02-13 18:09:48.322 D/Bitmap  (  770):       android.view.ViewGroup.dispatchDraw(ViewGroup.java:1376)
02-13 18:09:48.332 D/Mms     (  770): formatTimeStampString1 ,when = 1329160934923
02-13 18:09:48.332 D/Mms     (  770): formatTimeStampString2 ,when = 1329160934923
02-13 18:09:48.332 D/Bitmap  (  770):       android.view.View.draw(View.java:6883)
02-13 18:09:48.332 D/Bitmap  (  770):       android.view.ViewGroup.drawChild(ViewGroup.java:1649)
02-13 18:09:48.332 D/Bitmap  (  770):       android.view.ViewGroup.dispatchDraw(ViewGroup.java:1376)
02-13 18:09:48.332 D/Bitmap  (  770):       android.view.View.draw(View.java:6883)
02-13 18:09:48.332 D/Bitmap  (  770):       android.widget.FrameLayout.draw(FrameLayout.java:357)
02-13 18:09:48.332 D/Bitmap  (  770):       android.view.ViewGroup.drawChild(ViewGroup.java:1649)
02-13 18:09:48.332 D/Bitmap  (  770):       android.view.ViewGroup.dispatchDraw(ViewGroup.java:1376)
02-13 18:09:48.332 D/Bitmap  (  770):       android.view.ViewGroup.drawChild(ViewGroup.java:1647)
02-13 18:09:48.332 D/Bitmap  (  770):       android.view.ViewGroup.dispatchDraw(ViewGroup.java:1376)
02-13 18:09:48.332 D/Bitmap  (  770):       android.view.View.draw(View.java:6883)
02-13 18:09:48.332 D/Bitmap  (  770):       android.widget.FrameLayout.draw(FrameLayout.java:357)
02-13 18:09:48.332 D/Bitmap  (  770):       com.android.internal.policy.impl.PhoneWindow$DecorView.draw(PhoneWindow.java:1866)
02-13 18:09:48.342 D/Bitmap  (  770):       android.view.ViewRoot.draw(ViewRoot.java:1526)
02-13 18:09:48.342 D/Bitmap  (  770):       android.view.ViewRoot.performTraversals(ViewRoot.java:1262)
02-13 18:09:48.342 D/Bitmap  (  770):       android.view.ViewRoot.handleMessage(ViewRoot.java:1864)
02-13 18:09:48.342 D/Bitmap  (  770):       android.os.Handler.dispatchMessage(Handler.java:99)
02-13 18:09:48.342 D/Bitmap  (  770):       android.os.Looper.loop(Looper.java:130)
02-13 18:09:48.342 D/Bitmap  (  770):       android.app.ActivityThread.main(ActivityThread.java:3704)
02-13 18:09:48.342 D/Bitmap  (  770):       java.lang.reflect.Method.invokeNative(Native Method)
02-13 18:09:48.342 D/Bitmap  (  770):       java.lang.reflect.Method.invoke(Method.java:507)
02-13 18:09:48.342 D/Bitmap  (  770):       com.android.internal.os.ZygoteInit$MethodAndArgsCaller.run(ZygoteInit.java:875)
02-13 18:09:48.342 D/Bitmap  (  770):       com.android.internal.os.ZygoteInit.main(ZygoteInit.java:633)
02-13 18:09:48.342 D/Bitmap  (  770):       dalvik.system.NativeStart.main(Native Method)
02-13 18:09:48.342 D/Bitmap  (  770): _
02-13 18:09:48.342 D/Bitmap  (  770): Detect unrecycled bitmap.
02-13 18:09:48.342 D/Bitmap  (  770):       Size: 62016 Bytes, Width: 304 , Height: 102 , Hash code: 1080224928
02-13 18:09:48.342 D/Bitmap  (  770):  This bimap was created in:
02-13 18:09:48.342 D/Bitmap  (  770):       android.graphics.Bitmap.<init>(Bitmap.java:136)
02-13 18:09:48.342 D/Bitmap  (  770):       android.graphics.Bitmap.nativeCreate(Native Method)
02-13 18:09:48.342 D/Bitmap  (  770):       android.graphics.Bitmap.createBitmap(Bitmap.java:547)
02-13 18:09:48.342 D/Bitmap  (  770):       android.view.View.buildDrawingCache(View.java:6577)
02-13 18:09:48.342 D/Bitmap  (  770):       android.view.View.getDrawingCache(View.java:6428)
02-13 18:09:48.342 D/MessageItem(  770): MessageItem ,expiryDate = 0
02-13 18:09:48.342 D/Bitmap  (  770):       android.view.ViewGroup.drawChild(ViewGroup.java:1574)
02-13 18:09:48.342 D/Bitmap  (  770):       android.view.ViewGroup.dispatchDraw(ViewGroup.java:1376)
02-13 18:09:48.342 D/Bitmap  (  770):       android.widget.AbsListView.dispatchDraw(AbsListView.java:1480)
02-13 18:09:48.342 D/Bitmap  (  770):       android.widget.ListView.dispatchDraw(ListView.java:3138)
02-13 18:09:48.342 D/Bitmap  (  770):       android.view.View.draw(View.java:6883)
02-13 18:09:48.342 D/Bitmap  (  770):       android.widget.AbsListView.draw(AbsListView.java:2588)
02-13 18:09:48.342 D/Bitmap  (  770):       android.view.ViewGroup.drawChild(ViewGroup.java:1649)
02-13 18:09:48.342 D/Bitmap  (  770):       android.view.ViewGroup.dispatchDraw(ViewGroup.java:1376)
02-13 18:09:48.342 D/Bitmap  (  770):       android.view.ViewGroup.drawChild(ViewGroup.java:1647)
02-13 18:09:48.342 D/Bitmap  (  770):       android.view.ViewGroup.dispatchDraw(ViewGroup.java:1376)
02-13 18:09:48.342 D/Bitmap  (  770):       android.view.ViewGroup.drawChild(ViewGroup.java:1647)
02-13 18:09:48.342 D/Bitmap  (  770):       android.view.ViewGroup.dispatchDraw(ViewGroup.java:1376)
02-13 18:09:48.342 D/Bitmap  (  770):       android.view.View.draw(View.java:6986)
