02-13 18:04:37.484 D/Bitmap  (  256):       com.android.internal.policy.impl.LockScreen.<init>(LockScreen.java:328)
02-13 18:04:37.484 D/Bitmap  (  256):       com.android.internal.policy.impl.LockPatternKeyguardView.createLockScreen(LockPatternKeyguardView.java:821)
02-13 18:04:37.484 D/Bitmap  (  256):       com.android.internal.policy.impl.LockPatternKeyguardView.<init>(LockPatternKeyguardView.java:429)
02-13 18:04:37.484 D/Bitmap  (  256):       com.android.internal.policy.impl.LockPatternKeyguardViewProperties.createKeyguardView(LockPatternKeyguardViewProperties.java:49)
02-13 18:04:37.484 D/Bitmap  (  256):       com.android.internal.policy.impl.KeyguardViewManager.show(KeyguardViewManager.java:125)
02-13 18:04:37.484 D/Bitmap  (  256):       com.android.internal.policy.impl.KeyguardViewMediator.handleShow(KeyguardViewMediator.java:1064)
02-13 18:04:37.484 D/Bitmap  (  256):       com.android.internal.policy.impl.KeyguardViewMediator.access$700(KeyguardViewMediator.java:103)
02-13 18:04:37.484 D/Bitmap  (  256):       com.android.internal.policy.impl.KeyguardViewMediator$2.handleMessage(KeyguardViewMediator.java:931)
02-13 18:04:37.484 D/Bitmap  (  256):       android.os.Handler.dispatchMessage(Handler.java:99)
02-13 18:04:37.484 D/Bitmap  (  256):       android.os.Looper.loop(Looper.java:130)
02-13 18:04:37.484 D/Bitmap  (  256):       com.android.server.WindowManagerService$PolicyThread.run(WindowManagerService.java:613)
02-13 18:04:37.484 D/Bitmap  (  256): _
02-13 18:04:37.634 I/ActivityThread(  377): Pub com.google.settings: com.google.android.gsf.settings.GoogleSettingsProvider
02-13 18:04:37.694 I/ActivityThread(  377): Pub subscribedfeeds: com.google.android.gsf.subscribedfeeds.SubscribedFeedsProvider
02-13 18:04:37.714 D/Warhol  (  351): Adding *PHONE* hotseat ...
02-13 18:04:37.764 D/KeyguardViewMediator(  256): setHidden false
02-13 18:04:37.774 D/Launcher(  351): loadHotseats: hotseat 0 final intent=[intent:#Intent;action=android.intent.action.MAIN;component=com.android.contacts/.DialtactsActivity;end] label=[Dialer]
02-13 18:04:37.774 D/Warhol  (  351): Adding *WARHOL* hotseat...
02-13 18:04:37.774 D/LockScreen(  256): updateLayout: status=SimMissingsubscription=0
02-13 18:04:37.794 D/LockScreen(  256): Updating Lock Screen text to Ruim
02-13 18:04:37.794 D/Warhol  (  351): Warhol uri = intent:#Intent;action=android.intent.action.MAIN;launchFlags=0x10200000;component=com.sprint.w.installer/.ServicePackSwitcher;end
02-13 18:04:37.804 D/Launcher(  351): loadHotseats: hotseat 1 final intent=[intent:#Intent;action=android.intent.action.MAIN;component=com.sprint.w.installer/.ServicePackSwitcher;end] label=[Pick your ID]
02-13 18:04:37.814 I/ActivityThread(  377): Pub com.google.android.gsf.gservices: com.google.android.gsf.gservices.GservicesProvider
02-13 18:04:37.814 I/GservicesProvider(  377): Gservices pushing to system: true; secure: true
02-13 18:04:37.814 I/ActivityThread(  377): Pub com.google.android.providers.talk: com.google.android.gsf.talk.TalkProvider
02-13 18:04:37.824 I/ActivityThread(  394): Pub num_location: com.android.providers.contacts.NumberLocatorContentProvider
02-13 18:04:37.824 D/UnlockScreen(  256): *******mCreationOrientation = 1
02-13 18:04:37.915 D/CAT     (  344): CatService: CatService on 0Is running
02-13 18:04:37.915 E/DST     (  344): Error parsing service priority string, ignoring 
02-13 18:04:37.935 E/NumberLocatorContentProvider(  394): db.query ex:no such table: location: , while compiling: SELECT location.uuid as phonenum, city_zone.city as cityname, card.card as cardtype, city_zone.zone as areacode FROM location,city_zone,card WHERE location.uuid='1300000' and location.city=city_zone.uuid and location.card = card.uuid
02-13 18:04:37.935 W/System.err(  394): java.io.FileNotFoundException: /system/etc/customize/location.db (No such file or directory)
02-13 18:04:37.935 W/System.err(  394): 	at org.apache.harmony.luni.platform.OSFileSystem.open(Native Method)
02-13 18:04:37.935 W/System.err(  394): 	at dalvik.system.BlockGuard$WrappedFileSystem.open(BlockGuard.java:232)
02-13 18:04:37.935 W/System.err(  394): 	at java.io.FileInputStream.<init>(FileInputStream.java:80)
02-13 18:04:37.935 W/System.err(  394): 	at com.android.providers.contacts.NumberLocatorContentProvider.copyDatabaseToDataPath(NumberLocatorContentProvider.java:115)
02-13 18:04:37.945 W/System.err(  394): 	at com.android.providers.contacts.NumberLocatorContentProvider.onCreate(NumberLocatorContentProvider.java:160)
02-13 18:04:37.945 W/System.err(  394): 	at android.content.ContentProvider.attachInfo(ContentProvider.java:829)
02-13 18:04:37.945 W/System.err(  394): 	at android.app.ActivityThread.installProvider(ActivityThread.java:3575)
02-13 18:04:37.945 W/System.err(  394): 	at android.app.ActivityThread.installContentProviders(ActivityThread.java:3330)
02-13 18:04:37.945 W/System.err(  394): 	at android.app.ActivityThread.handleBindApplication(ActivityThread.java:3286)
02-13 18:04:37.945 W/System.err(  394): 	at android.app.ActivityThread.access$2200(ActivityThread.java:123)
02-13 18:04:37.945 W/System.err(  394): 	at android.app.ActivityThread$H.handleMessage(ActivityThread.java:986)
02-13 18:04:37.945 W/System.err(  394): 	at android.os.Handler.dispatchMessage(Handler.java:99)
02-13 18:04:37.945 W/System.err(  394): 	at android.os.Looper.loop(Looper.java:130)
02-13 18:04:37.945 W/System.err(  394): 	at android.app.ActivityThread.main(ActivityThread.java:3704)
02-13 18:04:37.945 W/System.err(  394): 	at java.lang.reflect.Method.invokeNative(Native Method)
02-13 18:04:37.945 W/System.err(  394): 	at java.lang.reflect.Method.invoke(Method.java:507)
02-13 18:04:37.945 W/System.err(  394): 	at com.android.internal.os.ZygoteInit$MethodAndArgsCaller.run(ZygoteInit.java:875)
02-13 18:04:37.945 W/System.err(  394): 	at com.android.internal.os.ZygoteInit.main(ZygoteInit.java:633)
02-13 18:04:37.945 W/System.err(  394): 	at dalvik.system.NativeStart.main(Native Method)
02-13 18:04:37.945 E/NumberLocatorContentProvider(  394): copyDatabaseToDataPath ex:/system/etc/customize/location.db (No such file or directory)
02-13 18:04:37.945 I/ActivityThread(  394): Pub user_dictionary: com.android.providers.userdictionary.UserDictionaryProvider
02-13 18:04:37.945 I/ActivityThread(  394): Pub com.android.social: com.android.providers.contacts.SocialProvider
02-13 18:04:37.945 I/ActivityThread(  394): Pub applications: com.android.providers.applications.ApplicationsProvider
02-13 18:04:37.955 E/DST     (  344): Error parsing service priority string, ignoring 
02-13 18:04:37.955 E/DST     (  344): Error parsing service priority string, ignoring 
02-13 18:04:37.955 E/DST     (  344): Error parsing service priority string, ignoring 
02-13 18:04:37.955 E/DST     (  344): Error parsing service priority string, ignoring 
02-13 18:04:38.025 D/LockPatternKeyguardView(  256): createUnlockScreenFor(Pattern): mEnableFallback=false
02-13 18:04:38.075 I/DATA    (  344): [SERVICE_TYPE_DEFAULT] set enabled = true
02-13 18:04:38.095 D/SyncManager(  256): setSyncAutomatically: , provider subscribedfeeds -> true
02-13 18:04:38.095 D/SyncManager(  256): setSyncAutomatically: already set to true, doing nothing
02-13 18:04:38.095 I/DATA    (  344): [DCT ] SUPPORT_IPV4 = true
02-13 18:04:38.095 I/DATA    (  344): [DCT ] SUPPORT_IPV6 = false
02-13 18:04:38.095 I/DATA    (  344): [DCT ] SUPPORT_MPDN = false
02-13 18:04:38.095 I/DATA    (  344): [DCT ] SUPPORT_MPDN_SERVICE_ARBITRATION = false
02-13 18:04:38.095 I/DATA    (  344): [DCT ] SUPPORT_OMH = false
02-13 18:04:38.095 I/DATA    (  344): [DCT ] PROPERTY_SUPPORT_EHRPD = false
02-13 18:04:38.105 I/DATA    (  344): [DCT ] PROPERTY_SUPPORT_SVLTE1X = false
02-13 18:04:38.105 I/DATA    (  344): [DCT ] SUPPORT_OOS_IS_DISCONNECT = true
02-13 18:04:38.105 I/dun_service(  125): process rmnet event
02-13 18:04:38.105 I/dun_service(  125): Post event 3
02-13 18:04:38.105 I/dun_service(  125): received event: DUN_EVENT_RMNET_DOWN 
02-13 18:04:38.105 I/dun_service(  125): received event(DUN_EVENT_RMNET_DOWN) in state(DUN_STATE_USB_UNPLUG)
02-13 18:04:38.105 I/dun_service(  125): Ignoring the event DUN_EVENT_RMNET_DOWN in USB_UNPLUG_STATE
02-13 18:04:38.105 I/dun_service(  125): Moved to state(DUN_STATE_USB_UNPLUG)
02-13 18:04:38.135 D/KeyguardViewMediator(  256): setHidden false
02-13 18:04:38.145 D/KeyguardViewMediator(  256): setHidden false
02-13 18:04:38.175 I/ActivityThread(  394): Pub contacts;com.android.contacts: com.android.providers.contacts.ContactsProvider2
02-13 18:04:38.205 E/WifiHW  (  256): wifi_load_driver() OK!
02-13 18:04:38.205 E/WifiHW  (  256): wifi_load_driver() -
02-13 18:04:38.205 E/WifiHW  (  256): wifi_start_supplicant()
02-13 18:04:38.235 D/KeyguardViewMediator(  256): setHidden false
02-13 18:04:38.265 D/KeyguardUpdateMonitor(  256): handleBatteryUpdate
02-13 18:04:38.265 D/LockScreen(  256): onRefreshBatteryInfo(true, false)
02-13 18:04:38.265 D/KeyguardUpdateMonitor(  256): handleRingerModeChange(1)
02-13 18:04:38.275 D/MccTable(  344): updateMccMncConfiguration: mcc=310, mnc=120
02-13 18:04:38.285 D/KeyguardViewMediator(  256): setHidden false
02-13 18:04:38.285 E/WifiHW  (  256): wifi_start_supplicant() supplicant is running
02-13 18:04:38.295 D/KeyguardViewMediator(  256): setHidden false
02-13 18:04:38.295 D/MccTable(  344): locale set to en_us
02-13 18:04:38.295 D/MccTable(  344): WIFI_NUM_ALLOWED_CHANNELS set to 11
02-13 18:04:38.295 D/KeyguardViewMediator(  256): setHidden false
02-13 18:04:38.305 D/KeyguardViewMediator(  256): setHidden false
02-13 18:04:38.315 D/KeyguardViewMediator(  256): setHidden false
02-13 18:04:38.325 E/WifiHW  (  256): wifi_connect_to_supplicant() +
02-13 18:04:38.325 E/WifiHW  (  256): ctrl ifname = /data/misc/wifi/wpa_supplicant/wlan0
02-13 18:04:38.395 I/dun_service(  125): process rmnet event
02-13 18:04:38.395 I/dun_service(  125): Post event 3
02-13 18:04:38.395 I/dun_service(  125): received event: DUN_EVENT_RMNET_DOWN 
02-13 18:04:38.395 I/dun_service(  125): received event(DUN_EVENT_RMNET_DOWN) in state(DUN_STATE_USB_UNPLUG)
02-13 18:04:38.395 I/dun_service(  125): Ignoring the event DUN_EVENT_RMNET_DOWN in USB_UNPLUG_STATE
02-13 18:04:38.395 I/dun_service(  125): Moved to state(DUN_STATE_USB_UNPLUG)
02-13 18:04:38.395 D/PROXY   (  344): In ProxyManager getInstance
02-13 18:04:38.405 D/PROXY   (  344): Creating ProxyManager
02-13 18:04:38.415 D/KeyguardViewMediator(  256): setHidden false
02-13 18:04:38.415 D/KeyguardViewMediator(  256): setHidden false
02-13 18:04:38.415 D/KeyguardViewMediator(  256): setHidden false
02-13 18:04:38.415 D/KeyguardViewMediator(  256): handleNotifyScreenOn
02-13 18:04:38.415 I/LockPatternKeyguardView(  256): updateLockscreenBackground
02-13 18:04:38.415 I/LockPatternKeyguardView(  256): setBackgroundDrawable
02-13 18:04:38.415 I/LockPatternKeyguardView(  256): file not found: etc/customize/default_lockscreen
02-13 18:04:38.415 D/LockScreen(  256): updateLayout: status=SimMissingsubscription=0
02-13 18:04:38.415 I/dun_service(  125): process rmnet event
02-13 18:04:38.415 I/dun_service(  125): Post event 3
02-13 18:04:38.415 I/dun_service(  125): received event: DUN_EVENT_RMNET_DOWN 
02-13 18:04:38.415 I/dun_service(  125): received event(DUN_EVENT_RMNET_DOWN) in state(DUN_STATE_USB_UNPLUG)
02-13 18:04:38.415 I/dun_service(  125): Ignoring the event DUN_EVENT_RMNET_DOWN in USB_UNPLUG_STATE
02-13 18:04:38.415 I/dun_service(  125): Moved to state(DUN_STATE_USB_UNPLUG)
02-13 18:04:38.415 D/LockScreen(  256): Updating Lock Screen text to Ruim
02-13 18:04:38.435 D/OtaUtils(  344): CdmaOtaConfigData constructor!
02-13 18:04:38.435 D/OtaUtils(  344): CdmaOtaInCallScreenState: constructor init to UNDEFINED
02-13 18:04:38.435 D/KeyguardViewMediator(  256): setHidden false
02-13 18:04:38.445 D/CallManager(  344): registerPhone(CDMA Handler{40521038})
02-13 18:04:38.455 E/WifiHW  (  256): ifname /data/misc/wifi/wpa_supplicant/wlan0 is ready to read/write cnt=160
02-13 18:04:38.455 E/WifiHW  (  256): WIFI: Unable to open connection to supplicant on "/data/misc/wifi/wpa_supplicant/wlan0": Connection refused
02-13 18:04:38.455 D/NotificationMgr(  344): updateNotificationsAtStartup()...
02-13 18:04:38.475 D/KeyguardViewMediator(  256): setHidden false
02-13 18:04:38.485 D/NotificationMgr(  344): - start call log query...
02-13 18:04:38.485 D/NotificationMgr(  344): - updating in-call notification at startup...
02-13 18:04:38.485 D/NotificationMgr(  344): updateInCallNotification()...
02-13 18:04:38.485 D/NotificationMgr(  344): cancelInCall()...
02-13 18:04:38.485 D/PhoneInterfaceManager(  344):  Registering for UNSOL OEM HOOK Responses to deliver external apps
02-13 18:04:38.495 D/AudioTrack(  344): Request AudioFlinger to create track
02-13 18:04:38.495 D/AudioFlinger(  116): createTrack() lSessionId: 3
02-13 18:04:38.495 D/AudioFlinger(  116): Track constructor name 4096, calling thread 344
02-13 18:04:38.495 E/AudioFlinger(  116): processConfigEvents() remaining events 1
02-13 18:04:38.495 E/BT HS/HF(  344): updateServiceState called, sendUpdate:false  ServiceState:1 home null null null  Unknown CSS not supported 0 0RoamInd: 0RoamStatus(sprint): 0DefRoamInd: 0EmergOnly: false
02-13 18:04:38.495 E/BT HS/HF(  344): service:0 mService:0
02-13 18:04:38.495 D/BT HS/HF(  344): updatePhoneState()
02-13 18:04:38.495 D/BT HS/HF(  344): Foreground call state : IDLE
02-13 18:04:38.495 D/BT HS/HF(  344): Ringing call state : IDLE
02-13 18:04:38.495 D/BT HS/HF(  344): Background call state : IDLE
02-13 18:04:38.495 E/BT HS/HF(  344): prev mIsCdmaFirstConnectionHeld  is false
02-13 18:04:38.505 E/BT HS/HF(  344): current mIsCdmaFirstConnectionHeld is false
02-13 18:04:38.505 D/BT HS/HF(  344): CallSetup: 0
02-13 18:04:38.505 D/BT HS/HF(  344): Call: 0
02-13 18:04:38.505 D/BT HS/HF(  344): CallHeld: 0
02-13 18:04:38.505 D/BT HS/HF(  344): configureVirtualCallFromProperty: mVirtualCallEnabled:true
02-13 18:04:38.505 D/BT HS/HF(  344): cdmaSetSecondCallState: Setting mCdmaIsSecondCallActive to false
02-13 18:04:38.525 I/wpa_supplicant(  410): State: DISCONNECTED -> SCANNING
02-13 18:04:38.525 I/wpa_supplicant(  410): CTRL-EVENT-STATE-CHANGE id=-1 state=2 BSSID=00:00:00:00:00:00
02-13 18:04:38.555 D/PhoneApp(  344): onCreate: mProximityWakeLock: WakeLock{4057a8d0 held=false, refCount=0}
02-13 18:04:38.555 D/AudioTrack(  344): Request AudioFlinger to create track
02-13 18:04:38.555 D/AudioFlinger(  116): createTrack() lSessionId: 4
02-13 18:04:38.555 D/AudioFlinger(  116): Track constructor name 4097, calling thread 344
02-13 18:04:38.555 D/CallNotifier(  344): getPhoneStateListener: SUBSCRIPTION == 0
02-13 18:04:38.565 D/PhoneUtils(  344): Extended NW bindService IExtendedNetworkService
02-13 18:04:38.585 D/PhoneUtils(  344): setAudioMode()...IDLE
02-13 18:04:38.585 D/PhoneUtils(  344): setAudioMode() no change: MODE_NORMAL
02-13 18:04:38.585 D/PhoneApp(  344): +++getFirstBoot
02-13 18:04:38.595 D/PhoneApp(  344): getFirstBoot :  false
02-13 18:04:38.595 D/DATA    (  344): [DPT(0)] DataProfileTracker,handleMessage:{ what=1 when=-579ms }
02-13 18:04:38.595 D/DATA    (  344): [DPT(0)] add tethered data profile 
02-13 18:04:38.645 D/DATA    (  344): [DSST] pollstate() : reason = radio state changed
02-13 18:04:38.645 D/DATA    (  344): [DSST] Poll ServiceState done: oldSS=[1 home null null null  Unknown CSS not supported 0 0RoamInd: 0RoamStatus(sprint): 0DefRoamInd: 0EmergOnly: false] newSS=[3 home null null null  Unknown CSS not supported -1 -1RoamInd: -1RoamStatus(sprint): -1DefRoamInd: -1EmergOnly: false]
02-13 18:04:38.645 D/DATA    (  344): [DSST]  mDataConnectionState = 1
02-13 18:04:38.645 D/DATA    (  344): [DSST] pollstate() : reason = icc status changed
02-13 18:04:38.645 D/DATA    (  344): [DSST] Poll ServiceState done: oldSS=[3 home null null null  Unknown CSS not supported -1 -1RoamInd: -1RoamStatus(sprint): -1DefRoamInd: -1EmergOnly: false] newSS=[3 home null null null  Unknown CSS not supported -1 -1RoamInd: -1RoamStatus(sprint): -1DefRoamInd: -1EmergOnly: false]
02-13 18:04:38.655 D/DATA    (  344): [DSST]  mDataConnectionState = 1
02-13 18:04:38.655 D/DATA    (  344): [DCT ] onRadioOn : register for roaming on/off
02-13 18:04:38.655 D/Phone   (  344): [PhoneNotifier] [DefaultPhoneNotifier] : default, INET, DISCONNECTED
02-13 18:04:38.725 I/TelephonyRegistry(  256): notifyDataConnection: state=0 isDataConnectivityPossible=false reason=dataNetworkDetached interfaceName=null networkType=0 apnType=default apn=null
02-13 18:04:38.725 I/TelephonyRegistry(  256): +++broadcastDataConnectionStateChanged
02-13 18:04:38.775 D/Warhol  (  351): A pack appears to be installed -- skipping Installer
02-13 18:04:38.775 I/TelephonyRegistry(  256): +++sendStickyBroadcast
02-13 18:04:38.785 D/Phone   (  344): [PhoneNotifier] [DefaultPhoneNotifier] : default, INET6, DISCONNECTED
02-13 18:04:38.785 I/TelephonyRegistry(  256): notifyDataConnection: state=0 isDataConnectivityPossible=false reason=dataNetworkDetached interfaceName=null networkType=0 apnType=default apn=null
02-13 18:04:38.785 I/TelephonyRegistry(  256): +++broadcastDataConnectionStateChanged
02-13 18:04:38.785 I/TelephonyRegistry(  256): +++sendStickyBroadcast
02-13 18:04:38.785 D/Launcher(  351): onSaveInstanceState
02-13 18:04:38.785 D/Launcher(  351): Dissmis Preview for view :null ID:2131230735
02-13 18:04:38.785 D/Launcher(  351): Dissmis Preview for view :null ID:2131230736
02-13 18:04:38.785 D/Launcher(  351): Dissmis Preview for view :null ID:2131230739
02-13 18:04:38.795 D/Launcher(  351): Dissmis Preview for view :null ID:2131230741
02-13 18:04:38.795 D/Launcher(  351): onRetainNonConfigurationInstance
02-13 18:04:38.795 D/Launcher(  351): onDestroy ()
02-13 18:04:38.795 D/Phone   (  344): [PhoneNotifier] [DefaultPhoneNotifier] : mms, INET, DISCONNECTED
02-13 18:04:38.795 I/TelephonyRegistry(  256): notifyDataConnection: state=0 isDataConnectivityPossible=false reason=dataNetworkDetached interfaceName=null networkType=0 apnType=mms apn=null
02-13 18:04:38.795 I/TelephonyRegistry(  256): +++broadcastDataConnectionStateChanged
02-13 18:04:38.805 I/TelephonyRegistry(  256): +++sendStickyBroadcast
02-13 18:04:38.805 D/Phone   (  344): [PhoneNotifier] [DefaultPhoneNotifier] : mms, INET6, DISCONNECTED
02-13 18:04:38.805 I/TelephonyRegistry(  256): notifyDataConnection: state=0 isDataConnectivityPossible=false reason=dataNetworkDetached interfaceName=null networkType=0 apnType=mms apn=null
02-13 18:04:38.805 I/TelephonyRegistry(  256): +++broadcastDataConnectionStateChanged
02-13 18:04:38.805 I/TelephonyRegistry(  256): +++sendStickyBroadcast
02-13 18:04:38.805 D/Phone   (  344): [PhoneNotifier] [DefaultPhoneNotifier] : supl, INET, DISCONNECTED
02-13 18:04:38.805 I/TelephonyRegistry(  256): notifyDataConnection: state=0 isDataConnectivityPossible=false reason=dataNetworkDetached interfaceName=null networkType=0 apnType=supl apn=null
02-13 18:04:38.805 I/TelephonyRegistry(  256): +++broadcastDataConnectionStateChanged
02-13 18:04:38.805 I/TelephonyRegistry(  256): +++sendStickyBroadcast
02-13 18:04:38.805 D/Phone   (  344): [PhoneNotifier] [DefaultPhoneNotifier] : supl, INET6, DISCONNECTED
02-13 18:04:38.825 I/TelephonyRegistry(  256): notifyDataConnection: state=0 isDataConnectivityPossible=false reason=dataNetworkDetached interfaceName=null networkType=0 apnType=supl apn=null
02-13 18:04:38.825 I/TelephonyRegistry(  256): +++broadcastDataConnectionStateChanged
02-13 18:04:38.825 I/TelephonyRegistry(  256): +++sendStickyBroadcast
02-13 18:04:38.825 D/Phone   (  344): [PhoneNotifier] [DefaultPhoneNotifier] : dun, INET, DISCONNECTED
02-13 18:04:38.825 I/TelephonyRegistry(  256): notifyDataConnection: state=0 isDataConnectivityPossible=false reason=dataNetworkDetached interfaceName=null networkType=0 apnType=dun apn=null
02-13 18:04:38.825 I/TelephonyRegistry(  256): +++broadcastDataConnectionStateChanged
02-13 18:04:38.825 I/TelephonyRegistry(  256): +++sendStickyBroadcast
02-13 18:04:38.835 D/Phone   (  344): [PhoneNotifier] [DefaultPhoneNotifier] : dun, INET6, DISCONNECTED
02-13 18:04:38.835 I/TelephonyRegistry(  256): notifyDataConnection: state=0 isDataConnectivityPossible=false reason=dataNetworkDetached interfaceName=null networkType=0 apnType=dun apn=null
02-13 18:04:38.835 I/TelephonyRegistry(  256): +++broadcastDataConnectionStateChanged
02-13 18:04:38.835 I/TelephonyRegistry(  256): +++sendStickyBroadcast
02-13 18:04:38.845 D/Phone   (  344): [PhoneNotifier] [DefaultPhoneNotifier] : hipri, INET, DISCONNECTED
02-13 18:04:38.845 I/TelephonyRegistry(  256): notifyDataConnection: state=0 isDataConnectivityPossible=false reason=dataNetworkDetached interfaceName=null networkType=0 apnType=hipri apn=null
02-13 18:04:38.845 I/TelephonyRegistry(  256): +++broadcastDataConnectionStateChanged
02-13 18:04:38.845 I/TelephonyRegistry(  256): +++sendStickyBroadcast
02-13 18:04:38.855 D/Phone   (  344): [PhoneNotifier] [DefaultPhoneNotifier] : hipri, INET6, DISCONNECTED
02-13 18:04:38.855 I/TelephonyRegistry(  256): notifyDataConnection: state=0 isDataConnectivityPossible=false reason=dataNetworkDetached interfaceName=null networkType=0 apnType=hipri apn=null
02-13 18:04:38.855 I/TelephonyRegistry(  256): +++broadcastDataConnectionStateChanged
02-13 18:04:38.855 I/TelephonyRegistry(  256): +++sendStickyBroadcast
02-13 18:04:38.875 D/Launcher(  351): Dissmis Preview for view :null ID:2131230735
02-13 18:04:38.875 D/Launcher(  351): Dissmis Preview for view :null ID:2131230736
02-13 18:04:38.875 D/Launcher(  351): Dissmis Preview for view :null ID:2131230739
02-13 18:04:38.875 D/Launcher(  351): Dissmis Preview for view :null ID:2131230741
02-13 18:04:38.875 I/DATA    (  344): [DCT ] intent received :android.net.wifi.WIFI_STATE_CHANGED
02-13 18:04:38.885 D/KeyguardViewMediator(  256): setHidden false
02-13 18:04:38.915 D/PhoneApp(  344): updateProximitySensorMode: state = IDLE
02-13 18:04:38.915 D/PhoneApp(  344): updateProximitySensorMode: lock already released.
02-13 18:04:38.915 I/DATA    (  344): [DCT ] intent received :android.net.wifi.WIFI_STATE_CHANGED
02-13 18:04:38.926 D/Warhol  (  351): Adding *PHONE* hotseat ...
02-13 18:04:38.926 D/PROXY   (  344): ProxyManager EVENT_ICC_CHANGED for non DSDS m3gppIndex::99999 m3gpp2Index::99999
02-13 18:04:38.936 D/MccTable(  344): updateMccMncConfiguration: mcc=310, mnc=120
02-13 18:04:38.936 D/MccTable(  344): locale set to en_us
02-13 18:04:38.936 D/MccTable(  344): WIFI_NUM_ALLOWED_CHANNELS set to 11
02-13 18:04:38.946 D/KeyguardViewMediator(  256): setHidden false
02-13 18:04:38.946 D/Launcher(  351): loadHotseats: hotseat 0 final intent=[intent:#Intent;action=android.intent.action.MAIN;component=com.android.contacts/.DialtactsActivity;end] label=[Dialer]
02-13 18:04:38.956 D/PhoneApp(  344): old phone type:2, New Phone type:2
02-13 18:04:38.956 D/Warhol  (  351): Adding *WARHOL* hotseat...
02-13 18:04:38.956 D/Warhol  (  351): Warhol uri = intent:#Intent;action=android.intent.action.MAIN;launchFlags=0x10200000;component=com.sprint.w.installer/.ServicePackSwitcher;end
02-13 18:04:39.066 D/Bitmap  (  256): Detect unrecycled bitmap.
02-13 18:04:39.066 D/Bitmap  (  256):       Size: 39744 Bytes, Width: 108 , Height: 92 , Hash code: 1081236032
02-13 18:04:39.066 D/Bitmap  (  256):  This bimap was created in:
02-13 18:04:39.066 D/Bitmap  (  256):       android.graphics.Bitmap.<init>(Bitmap.java:136)
02-13 18:04:39.066 D/Bitmap  (  256):       android.graphics.BitmapFactory.nativeDecodeAsset(Native Method)
02-13 18:04:39.066 D/Bitmap  (  256):       android.graphics.BitmapFactory.decodeStream(BitmapFactory.java:460)
02-13 18:04:39.066 D/Bitmap  (  256):       android.graphics.BitmapFactory.decodeResourceStream(BitmapFactory.java:336)
02-13 18:04:39.066 D/Bitmap  (  256):       android.graphics.drawable.Drawable.createFromResourceStream(Drawable.java:697)
02-13 18:04:39.066 D/Bitmap  (  256):       android.content.res.Resources.loadDrawable(Resources.java:1709)
02-13 18:04:39.066 D/Bitmap  (  256):       android.content.res.Resources.getDrawable(Resources.java:581)
02-13 18:04:39.066 D/Bitmap  (  256):       android.graphics.drawable.StateListDrawable.inflate(StateListDrawable.java:162)
02-13 18:04:39.066 D/Bitmap  (  256):       android.graphics.drawable.Drawable.createFromXmlInner(Drawable.java:787)
02-13 18:04:39.066 D/Bitmap  (  256):       android.graphics.drawable.Drawable.createFromXml(Drawable.java:728)
02-13 18:04:39.066 D/Bitmap  (  256):       android.content.res.Resources.loadDrawable(Resources.java:1694)
02-13 18:04:39.066 D/Bitmap  (  256):       android.content.res.Resources.getDrawable(Resources.java:581)
02-13 18:04:39.066 D/Bitmap  (  256):       android.view.View.setBackgroundResource(View.java:7533)
02-13 18:04:39.066 D/Bitmap  (  256):       com.android.internal.widget.SlidingTab$Slider.<init>(SlidingTab.java:192)
02-13 18:04:39.066 D/Bitmap  (  256):       com.android.internal.widget.SlidingTab.<init>(SlidingTab.java:462)
02-13 18:04:39.066 D/Bitmap  (  256):       java.lang.reflect.Constructor.constructNative(Native Method)
02-13 18:04:39.066 D/Bitmap  (  256):       java.lang.reflect.Constructor.newInstance(Constructor.java:415)
02-13 18:04:39.066 D/Bitmap  (  256):       android.view.LayoutInflater.createView(LayoutInflater.java:505)
02-13 18:04:39.066 D/Bitmap  (  256):       android.view.LayoutInflater.createViewFromTag(LayoutInflater.java:570)
02-13 18:04:39.066 D/Bitmap  (  256):       android.view.LayoutInflater.rInflate(LayoutInflater.java:623)
02-13 18:04:39.066 D/Bitmap  (  256):       android.view.LayoutInflater.inflate(LayoutInflater.java:408)
02-13 18:04:39.066 D/Bitmap  (  256):       android.view.LayoutInflater.inflate(LayoutInflater.java:320)
02-13 18:04:39.066 D/Bitmap  (  256):       com.android.internal.policy.impl.LockScreen.<init>(LockScreen.java:328)
02-13 18:04:39.066 D/Bitmap  (  256):       com.android.internal.policy.impl.LockPatternKeyguardView.createLockScreen(LockPatternKeyguardView.java:821)
02-13 18:04:39.086 I/ActivityThread(  394): Pub call_log: com.android.providers.contacts.CallLogProvider
02-13 18:04:39.086 D/Bitmap  (  256):       com.android.internal.policy.impl.LockPatternKeyguardView.recreateLockScreen(LockPatternKeyguardView.java:616)
02-13 18:04:39.086 D/Bitmap  (  256):       com.android.internal.policy.impl.LockPatternKeyguardView.recreateScreens(LockPatternKeyguardView.java:636)
02-13 18:04:39.086 D/Bitmap  (  256):       com.android.internal.policy.impl.LockPatternKeyguardView.access$800(LockPatternKeyguardView.java:97)
02-13 18:04:39.086 D/Bitmap  (  256):       com.android.internal.policy.impl.LockPatternKeyguardView$1.recreateMe(LockPatternKeyguardView.java:343)
02-13 18:04:39.086 D/Bitmap  (  256):       com.android.internal.policy.impl.PatternUnlockScreen.onAttachedToWindow(PatternUnlockScreen.java:453)
02-13 18:04:39.086 D/Bitmap  (  256):       android.view.View.dispatchAttachedToWindow(View.java:6156)
02-13 18:04:39.086 D/Bitmap  (  256):       android.view.ViewGroup.dispatchAttachedToWindow(ViewGroup.java:1125)
02-13 18:04:39.086 D/Bitmap  (  256):       android.view.ViewGroup.dispatchAttachedToWindow(ViewGroup.java:1130)
02-13 18:04:39.086 D/Bitmap  (  256):       android.view.ViewGroup.dispatchAttachedToWindow(ViewGroup.java:1130)
02-13 18:04:39.086 D/Bitmap  (  256):       android.view.ViewRoot.performTraversals(ViewRoot.java:769)
02-13 18:04:39.086 D/Bitmap  (  256):       android.view.ViewRoot.handleMessage(ViewRoot.java:1864)
02-13 18:04:39.086 D/Bitmap  (  256):       android.os.Handler.dispatchMessage(Handler.java:99)
02-13 18:04:39.086 D/Bitmap  (  256):       android.os.Looper.loop(Looper.java:130)
02-13 18:04:39.086 D/Bitmap  (  256):       com.android.server.WindowManagerService$PolicyThread.run(WindowManagerService.java:613)
02-13 18:04:39.086 D/Bitmap  (  256): _
02-13 18:04:39.086 D/Bitmap  (  256): Detect unrecycled bitmap.
02-13 18:04:39.086 D/Bitmap  (  256):       Size: 39744 Bytes, Width: 108 , Height: 92 , Hash code: 1082150696
02-13 18:04:39.086 D/Bitmap  (  256):  This bimap was created in:
02-13 18:04:39.086 D/Bitmap  (  256):       android.graphics.Bitmap.<init>(Bitmap.java:136)
02-13 18:04:39.086 D/Bitmap  (  256):       android.graphics.BitmapFactory.nativeDecodeAsset(Native Method)
02-13 18:04:39.086 D/Bitmap  (  256):       android.graphics.BitmapFactory.decodeStream(BitmapFactory.java:460)
02-13 18:04:39.086 D/Bitmap  (  256):       android.graphics.BitmapFactory.decodeResourceStream(BitmapFactory.java:336)
02-13 18:04:39.086 D/Bitmap  (  256):       android.graphics.drawable.Drawable.createFromResourceStream(Drawable.java:697)
02-13 18:04:39.086 D/Bitmap  (  256):       android.content.res.Resources.loadDrawable(Resources.java:1709)
02-13 18:04:39.086 D/Bitmap  (  256):       android.content.res.Resources.getDrawable(Resources.java:581)
02-13 18:04:39.086 D/Bitmap  (  256):       android.graphics.drawable.StateListDrawable.inflate(StateListDrawable.java:162)
02-13 18:04:39.086 D/Bitmap  (  256):       android.graphics.drawable.Drawable.createFromXmlInner(Drawable.java:787)
02-13 18:04:39.086 D/Bitmap  (  256):       android.graphics.drawable.Drawable.createFromXml(Drawable.java:728)
02-13 18:04:39.086 D/Bitmap  (  256):       android.content.res.Resources.loadDrawable(Resources.java:1694)
02-13 18:04:39.086 D/Bitmap  (  256):       android.content.res.Resources.getDrawable(Resources.java:581)
02-13 18:04:39.086 D/Bitmap  (  256):       android.view.View.setBackgroundResource(View.java:7533)
02-13 18:04:39.096 D/Bitmap  (  256):       com.android.internal.widget.SlidingTab$Slider.<init>(SlidingTab.java:192)
02-13 18:04:39.096 D/Bitmap  (  256):       com.android.internal.widget.SlidingTab.<init>(SlidingTab.java:458)
02-13 18:04:39.096 D/Bitmap  (  256):       java.lang.reflect.Constructor.constructNative(Native Method)
02-13 18:04:39.096 D/Bitmap  (  256):       java.lang.reflect.Constructor.newInstance(Constructor.java:415)
02-13 18:04:39.096 D/Bitmap  (  256):       android.view.LayoutInflater.createView(LayoutInflater.java:505)
02-13 18:04:39.096 D/Bitmap  (  256):       android.view.LayoutInflater.createViewFromTag(LayoutInflater.java:570)
02-13 18:04:39.096 D/Bitmap  (  256):       android.view.LayoutInflater.rInflate(LayoutInflater.java:623)
02-13 18:04:39.096 D/Bitmap  (  256):       android.view.LayoutInflater.inflate(LayoutInflater.java:408)
02-13 18:04:39.096 D/Bitmap  (  256):       android.view.LayoutInflater.inflate(LayoutInflater.java:320)
02-13 18:04:39.096 D/Bitmap  (  256):       com.android.internal.policy.impl.LockScreen.<init>(LockScreen.java:328)
02-13 18:04:39.096 D/Bitmap  (  256):       com.android.internal.policy.impl.LockPatternKeyguardView.createLockScreen(LockPatternKeyguardView.java:821)
02-13 18:04:39.096 D/Bitmap  (  256):       com.android.internal.policy.impl.LockPatternKeyguardView.recreateLockScreen(LockPatternKeyguardView.java:616)
02-13 18:04:39.096 D/Bitmap  (  256):       com.android.internal.policy.impl.LockPatternKeyguardView.recreateScreens(LockPatternKeyguardView.java:636)
02-13 18:04:39.096 D/Bitmap  (  256):       com.android.internal.policy.impl.LockPatternKeyguardView.access$800(LockPatternKeyguardView.java:97)
02-13 18:04:39.096 D/Bitmap  (  256):       com.android.internal.policy.impl.LockPatternKeyguardView$1.recreateMe(LockPatternKeyguardView.java:343)
02-13 18:04:39.096 D/Bitmap  (  256):       com.android.internal.policy.impl.PatternUnlockScreen.onAttachedToWindow(PatternUnlockScreen.java:453)
02-13 18:04:39.096 D/Bitmap  (  256):       android.view.View.dispatchAttachedToWindow(View.java:6156)
02-13 18:04:39.096 D/Bitmap  (  256):       android.view.ViewGroup.dispatchAttachedToWindow(ViewGroup.java:1125)
02-13 18:04:39.096 D/Bitmap  (  256):       android.view.ViewGroup.dispatchAttachedToWindow(ViewGroup.java:1130)
02-13 18:04:39.096 D/Bitmap  (  256):       android.view.ViewGroup.dispatchAttachedToWindow(ViewGroup.java:1130)
02-13 18:04:39.096 D/Bitmap  (  256):       android.view.ViewRoot.performTraversals(ViewRoot.java:769)
02-13 18:04:39.096 D/Bitmap  (  256):       android.view.ViewRoot.handleMessage(ViewRoot.java:1864)
02-13 18:04:39.096 D/Bitmap  (  256):       android.os.Handler.dispatchMessage(Handler.java:99)
02-13 18:04:39.096 D/Bitmap  (  256):       android.os.Looper.loop(Looper.java:130)
02-13 18:04:39.096 D/Bitmap  (  256):       com.android.server.WindowManagerService$PolicyThread.run(WindowManagerService.java:613)
02-13 18:04:39.096 D/Bitmap  (  256): _
02-13 18:04:39.096 D/Launcher(  351): loadHotseats: hotseat 1 final intent=[intent:#Intent;action=android.intent.action.MAIN;component=com.sprint.w.installer/.ServicePackSwitcher;end] label=[Pick your ID]
02-13 18:04:39.116 D/NetworkLocationService(  377): onCreate com.google.android.location.NetworkLocationService@40552238
02-13 18:04:39.146 W/CallLogProvider(  394): query: match = 1
02-13 18:04:39.156 D/NetworkLocationClient(  377): ANDROID minProtocolVersion 1 maxProtocolVersion 1 releaseVersion -1
02-13 18:04:39.156 D/NetworkLocationClient(  377): binding to Intent { act=com.google.android.location.internal.ANDROID_NLP }
02-13 18:04:39.166 D/BT HSHFP(  344): Starting BluetoothHeadsetService
02-13 18:04:39.166 D/CallNotifier(  344): onMwiChanged(): false
02-13 18:04:39.166 D/NotificationMgr(  344): updateMwi(): false
02-13 18:04:39.166 D/CallNotifier(  344): onCfiChanged(): false
02-13 18:04:39.166 D/NotificationMgr(  344): updateCfi(): falsesub = 0
02-13 18:04:39.166 I/DATA    (  344): [DCT(0) ] onDataProfileListChanged: call disconnectAllConnections reason = apnChanged
02-13 18:04:39.166 D/PhoneApp(  344): mReceiver: ACTION_ANY_DATA_CONNECTION_STATE_CHANGED
02-13 18:04:39.166 D/PhoneApp(  344): - state: DISCONNECTED
02-13 18:04:39.166 D/PhoneApp(  344): - reason: dataNetworkDetached
02-13 18:04:39.166 D/PhoneApp(  344): mReceiver: ACTION_ANY_DATA_CONNECTION_STATE_CHANGED
02-13 18:04:39.166 D/PhoneApp(  344): - state: DISCONNECTED
02-13 18:04:39.166 D/PhoneApp(  344): - reason: dataNetworkDetached
02-13 18:04:39.166 D/PhoneApp(  344): mReceiver: ACTION_ANY_DATA_CONNECTION_STATE_CHANGED
02-13 18:04:39.166 D/PhoneApp(  344): - state: DISCONNECTED
02-13 18:04:39.166 D/PhoneApp(  344): - reason: dataNetworkDetached
02-13 18:04:39.166 D/PhoneApp(  344): mReceiver: ACTION_ANY_DATA_CONNECTION_STATE_CHANGED
02-13 18:04:39.166 D/PhoneApp(  344): - state: DISCONNECTED
02-13 18:04:39.176 D/PhoneApp(  344): - reason: dataNetworkDetached
02-13 18:04:39.176 D/PhoneApp(  344): mReceiver: ACTION_ANY_DATA_CONNECTION_STATE_CHANGED
02-13 18:04:39.176 D/PhoneApp(  344): - state: DISCONNECTED
02-13 18:04:39.176 D/PhoneApp(  344): - reason: dataNetworkDetached
02-13 18:04:39.176 D/PhoneApp(  344): mReceiver: ACTION_ANY_DATA_CONNECTION_STATE_CHANGED
02-13 18:04:39.176 D/PhoneApp(  344): - state: DISCONNECTED
02-13 18:04:39.186 D/PhoneApp(  344): - reason: dataNetworkDetached
02-13 18:04:39.186 D/PhoneApp(  344): mReceiver: ACTION_ANY_DATA_CONNECTION_STATE_CHANGED
02-13 18:04:39.186 D/PhoneApp(  344): - state: DISCONNECTED
02-13 18:04:39.186 D/PhoneApp(  344): - reason: dataNetworkDetached
02-13 18:04:39.206 I/DATA    (  344): [DCT(0) ] onUpdateDataConnections [ignored] : reason=roamingOff
02-13 18:04:39.206 I/DATA    (  344): [DCT(0) ] wait for the dc disconnect to complete
02-13 18:04:39.206 D/PhoneApp(  344): mReceiver: ACTION_ANY_DATA_CONNECTION_STATE_CHANGED
02-13 18:04:39.206 D/PhoneApp(  344): - state: DISCONNECTED
02-13 18:04:39.206 D/PhoneApp(  344): - reason: dataNetworkDetached
02-13 18:04:39.206 D/CallManager(  344):  handleMessage (EVENT_SERVICE_STATE_CHANGED)
02-13 18:04:39.206 E/BT HS/HF(  344): SERVICE_STATE_CHANGED called
02-13 18:04:39.206 E/BT HS/HF(  344): updateServiceState called, sendUpdate:false  ServiceState:3 home null null null  Unknown CSS not supported -1 -1RoamInd: -1RoamStatus(sprint): -1DefRoamInd: -1EmergOnly: false
02-13 18:04:39.206 E/BT HS/HF(  344): service:0 mService:0
02-13 18:04:39.206 D/DATA    (  344): [DSST(0)] pollstate() : reason = radio state changed
02-13 18:04:39.216 D/DATA    (  344): [DCT(0) ] onRadioOn : register for roaming on/off
02-13 18:04:39.306 E/TelephonyProvider(  344): Failed setting numeric '310120' to the current operator
02-13 18:04:39.316 E/TelephonyProvider(  344): Failed setting numeric '310120' to the current operator
02-13 18:04:39.326 D/NetworkLocationService(  377): onBind com.google.android.location.NetworkLocationProvidercom.google.android.location.NetworkLocationService@40552238
02-13 18:04:39.356 D/DATA    (  344): [DSST(0)] pollstate() : reason = data network state changed
02-13 18:04:39.386 D/androidInternalNlpService(  377): onCreate com.google.android.location.internal.server.NetworkLocationService@4056db30
02-13 18:04:39.396 D/NotificationMgr(  344): call log query complete.
02-13 18:04:39.396 D/NotificationMgr(  344): closing call log cursor.
02-13 18:04:39.396 I/DATA    (  344): [DCT(0) ] onUpdateDataConnections [ignored] : reason=apnChanged
02-13 18:04:39.396 I/DATA    (  344): [DCT(0) ] wait for the dc disconnect to complete
02-13 18:04:39.396 D/PhoneApp(  344): old phone type:2, New Phone type:2
02-13 18:04:39.396 D/NotificationMgr(  344): hideDataDisconnectedRoaming()...
02-13 18:04:39.396 D/PhoneApp(  344): old phone type:2, New Phone type:2
02-13 18:04:39.396 D/NotificationMgr(  344): hideDataDisconnectedRoaming()...
02-13 18:04:39.396 D/PhoneApp(  344): old phone type:2, New Phone type:2
02-13 18:04:39.396 D/NotificationMgr(  344): hideDataDisconnectedRoaming()...
02-13 18:04:39.396 D/PhoneApp(  344): old phone type:2, New Phone type:2
02-13 18:04:39.396 D/NotificationMgr(  344): hideDataDisconnectedRoaming()...
02-13 18:04:39.396 D/PhoneApp(  344): old phone type:2, New Phone type:2
02-13 18:04:39.396 D/NotificationMgr(  344): hideDataDisconnectedRoaming()...
02-13 18:04:39.406 D/PhoneApp(  344): old phone type:2, New Phone type:2
02-13 18:04:39.406 D/NotificationMgr(  344): hideDataDisconnectedRoaming()...
02-13 18:04:39.406 D/PhoneApp(  344): old phone type:2, New Phone type:2
02-13 18:04:39.406 D/NotificationMgr(  344): hideDataDisconnectedRoaming()...
02-13 18:04:39.406 D/PhoneApp(  344): old phone type:2, New Phone type:2
02-13 18:04:39.406 D/NotificationMgr(  344): hideDataDisconnectedRoaming()...
02-13 18:04:39.406 I/DATA    (  344): [DCT(0) ] onUpdateDataConnections [ignored] : reason=radioOn
02-13 18:04:39.406 I/DATA    (  344): [DCT(0) ] wait for the dc disconnect to complete
02-13 18:04:39.436 D/androidNlpServiceThread(  377): start monitoring enabled
02-13 18:04:39.486 I/wpa_supplicant(  410): State: SCANNING -> INACTIVE
02-13 18:04:39.486 I/wpa_supplicant(  410): CTRL-EVENT-STATE-CHANGE id=-1 state=1 BSSID=00:00:00:00:00:00
02-13 18:04:39.486 I/dun_service(  125): process rmnet event
02-13 18:04:39.486 I/dun_service(  125): Post event 3
02-13 18:04:39.486 I/dun_service(  125): received event: DUN_EVENT_RMNET_DOWN 
02-13 18:04:39.486 I/dun_service(  125): received event(DUN_EVENT_RMNET_DOWN) in state(DUN_STATE_USB_UNPLUG)
02-13 18:04:39.486 I/dun_service(  125): Ignoring the event DUN_EVENT_RMNET_DOWN in USB_UNPLUG_STATE
02-13 18:04:39.486 I/dun_service(  125): Moved to state(DUN_STATE_USB_UNPLUG)
02-13 18:04:39.516 D/NetworkLocationRealOs(  377): ------------------------ reading cache.cell
02-13 18:04:39.516 D/NetworkLocationRealOs(  377): no cache.cell found; not migrating
02-13 18:04:39.516 D/NetworkLocationRealOs(  377): ------------------------ reading cache.wifi
02-13 18:04:39.516 D/NetworkLocationRealOs(  377): no cache.wifi found; not migrating
02-13 18:04:39.526 D/androidNlpServiceThread(  377): ANDROID minProtocolVersion 1 maxProtocolVersion 1 releaseVersion -1
02-13 18:04:39.526 D/androidNlpServiceThread(  377): This NLP should run continuously.
02-13 18:04:39.536 D/Launcher.Model(  351): going to save icon bitmap for info=ShortcutInfo(title=Email)
02-13 18:04:39.556 D/Launcher.Model(  351): going to save icon bitmap for info=ShortcutInfo(title=Contacts)
02-13 18:04:39.566 D/Launcher(  351): onRestoreInstanceState
02-13 18:04:39.566 D/androidNlpServiceThread(  377): updateState: shouldBeEnabled false shouldBeRunning false
02-13 18:04:39.576 D/Warhol  (  351): A pack appears to be installed -- skipping Installer
02-13 18:04:39.596 D/NetworkLocationService(  377): onBind com.google.android.location.GeocodeProvidercom.google.android.location.NetworkLocationService@40552238
02-13 18:04:39.596 D/NetworkLocationClient(  377): onServiceConnected to ComponentInfo{com.google.android.location/com.google.android.location.internal.server.NetworkLocationService}
02-13 18:04:39.636 D/DATA    (  344): [DSST(0)]  registrationState = 0  radioTechnology = 0 reasonForDenial = 0
02-13 18:04:39.636 D/DATA    (  344): [DSST(0)]  set mNewDataConnectionState = 1
02-13 18:04:39.636 D/DATA    (  344): [DSST(0)]  mNewDataConnectionState : 1  mDataConnectionState : 1
02-13 18:04:39.636 D/DATA    (  344): [DSST(0)] Poll ServiceState done: oldSS=[3 home null null null  Unknown CSS not supported -1 -1RoamInd: -1RoamStatus(sprint): -1DefRoamInd: -1EmergOnly: false] newSS=[1 home null null null  Unknown CSS not supported -1 -1RoamInd: -1RoamStatus(sprint): -1DefRoamInd: -1EmergOnly: false]
02-13 18:04:39.636 D/DATA    (  344): [DSST(0)]  mDataConnectionState = 1
02-13 18:04:39.646 I/DATA    (  344): [DCT(0) ] onUpdateDataConnections: reason=roamingOff
02-13 18:04:39.646 I/DATA    (  344): [DCT(0) ] ---dc list---
02-13 18:04:39.646 I/DATA    (  344): [DCT(0) ] ---ds list---
02-13 18:04:39.646 I/DATA    (  344): [DCT(0) ] ds= SERVICE_TYPE_DEFAULT, enabled = true, active = v4:IDLE v6:IDLE
02-13 18:04:39.646 I/DATA    (  344): [DCT(0) ] ds= SERVICE_TYPE_MMS, enabled = false, active = v4:IDLE v6:IDLE
02-13 18:04:39.646 I/DATA    (  344): [DCT(0) ] ds= SERVICE_TYPE_SUPL, enabled = false, active = v4:IDLE v6:IDLE
02-13 18:04:39.646 I/DATA    (  344): [DCT(0) ] ds= SERVICE_TYPE_DUN, enabled = false, active = v4:IDLE v6:IDLE
02-13 18:04:39.646 I/DATA    (  344): [DCT(0) ] ds= SERVICE_TYPE_HIPRI, enabled = false, active = v4:IDLE v6:IDLE
02-13 18:04:39.646 I/DATA    (  344): [DCT(0) ] ***** NOT Ready for data :
02-13 18:04:39.656 I/DATA    (  344): [DCT(0) ]    getDesiredPowerState() = true
02-13 18:04:39.656 I/DATA    (  344): [DCT(0) ]    mCm.getRadioState() = RADIO_ON
02-13 18:04:39.656 I/DATA    (  344): [DCT(0) ]    [DataRadioTech = RADIO_TECH_UNKNOWN, data network state = 1, mMasterDataEnabled = true, is Roaming = false, dataOnRoamingEnable = false, isPsRestricted = false, desiredPowerState  = true, mSIMRecords = , cdmaSubSource = 1/310120, mRuimRecords = , checks = true/true]
02-13 18:04:39.676 D/CallManager(  344):  handleMessage (EVENT_SUBSCRIPTION_INFO_READY)
02-13 18:04:39.676 D/CallManager(  344):  handleMessage (EVENT_SERVICE_STATE_CHANGED)
02-13 18:04:39.676 E/BT HS/HF(  344): SERVICE_STATE_CHANGED called
02-13 18:04:39.676 E/BT HS/HF(  344): updateServiceState called, sendUpdate:false  ServiceState:1 home Searching for Service null null  Unknown CSS not supported 0 0RoamInd: 2RoamStatus(sprint): 0DefRoamInd: 0EmergOnly: false
02-13 18:04:39.676 E/BT HS/HF(  344): service:0 mService:0
02-13 18:04:39.676 D/CallManager(  344):  handleMessage (EVENT_SERVICE_STATE_CHANGED)
02-13 18:04:39.676 E/BT HS/HF(  344): SERVICE_STATE_CHANGED called
02-13 18:04:39.676 E/BT HS/HF(  344): updateServiceState called, sendUpdate:false  ServiceState:1 home Searching for Service null null  Unknown CSS not supported 0 0RoamInd: 2RoamStatus(sprint): 0DefRoamInd: 0EmergOnly: false
02-13 18:04:39.676 E/BT HS/HF(  344): service:0 mService:0
02-13 18:04:39.686 D/DATA    (  344): [DSST(0)] pollstate() : reason = icc status changed
02-13 18:04:39.686 D/PROXY   (  344): ProxyManager EVENT_ICC_CHANGED for non DSDS m3gppIndex::-1 m3gpp2Index::-1
02-13 18:04:39.686 D/MccTable(  344): updateMccMncConfiguration: mcc=310, mnc=120
02-13 18:04:39.686 D/MccTable(  344): locale set to en_us
02-13 18:04:39.686 D/MccTable(  344): WIFI_NUM_ALLOWED_CHANNELS set to 11
02-13 18:04:39.696 D/KeyguardViewMediator(  256): setHidden false
02-13 18:04:39.696 D/Launcher.Model(  351): going to save icon bitmap for info=ShortcutInfo(title=Messaging)
02-13 18:04:39.716 D/KeyguardViewMediator(  256): setHidden false
02-13 18:04:39.726 D/PhoneApp(  344): old phone type:2, New Phone type:2
02-13 18:04:39.736 D/DATA    (  344): [DSST(0)]  registrationState = 0  radioTechnology = 0 reasonForDenial = 0
02-13 18:04:39.736 D/DATA    (  344): [DSST(0)]  set mNewDataConnectionState = 1
02-13 18:04:39.736 D/DATA    (  344): [DSST(0)]  mNewDataConnectionState : 1  mDataConnectionState : 1
02-13 18:04:39.736 D/DATA    (  344): [DSST(0)] Poll ServiceState done: oldSS=[1 home null null null  Unknown CSS not supported -1 -1RoamInd: -1RoamStatus(sprint): -1DefRoamInd: -1EmergOnly: false] newSS=[1 home null null null  Unknown CSS not supported -1 -1RoamInd: -1RoamStatus(sprint): -1DefRoamInd: -1EmergOnly: false]
02-13 18:04:39.736 D/DATA    (  344): [DSST(0)]  mDataConnectionState = 1
02-13 18:04:39.736 D/CallManager(  344):  handleMessage (EVENT_SERVICE_STATE_CHANGED)
02-13 18:04:39.736 E/BT HS/HF(  344): SERVICE_STATE_CHANGED called
02-13 18:04:39.736 E/BT HS/HF(  344): updateServiceState called, sendUpdate:false  ServiceState:1 home Searching for Service null null  Unknown CSS not supported 0 0RoamInd: 2RoamStatus(sprint): 0DefRoamInd: 0EmergOnly: false
02-13 18:04:39.736 E/BT HS/HF(  344): service:0 mService:0
02-13 18:04:39.746 D/Launcher.Model(  351): going to save icon bitmap for info=ShortcutInfo(title=Market)
02-13 18:04:39.746 D/PhoneApp(  344): old phone type:2, New Phone type:2
02-13 18:04:39.756 D/PhoneApp(  344): old phone type:2, New Phone type:2
02-13 18:04:39.756 D/PhoneApp(  344): handleQueryTTYModeResponse: TTY enable state successfully queried.
02-13 18:04:39.756 D/PhoneApp(  344): handleQueryTTYModeResponse:ttymode=0
02-13 18:04:39.766 D/KeyguardViewMediator(  256): setHidden false
02-13 18:04:39.766 D/androidNlpServiceThread(  377): adding listener com.google.android.location.internal.client.NetworkLocationClient$1@40557f70 with period 2147483647
02-13 18:04:39.766 D/androidNetworkLocationListeners(  377): Still have listener com.google.android.location.internal.client.NetworkLocationClient$1@40557f70
02-13 18:04:39.806 I/ContactsProvider(  394): query: content://com.android.contacts/contacts
02-13 18:04:39.806 D/KeyguardViewMediator(  256): setHidden false
02-13 18:04:39.816 D/KeyguardViewMediator(  256): setHidden false
02-13 18:04:39.816 E/ContactsProvider(  394): 101123 isCallerRegisterNeedSIMProc callerPid:335, acorePid:394
02-13 18:04:39.846 I/ContactsProvider(  394): query isCallerRegistered= false
02-13 18:04:39.906 I/ContactsProvider(  394): query forOnlyOneContactString= 0
02-13 18:04:39.916 D/ContactsProvider(  394):  query CONTACTS MODE_ID=PHONE_UNLOCK
02-13 18:04:40.570 D/KeyguardUpdateMonitor(  256): received broadcast android.intent.action.SIM_STATE_CHANGED
02-13 18:04:40.570 D/KeyguardUpdateMonitor(  256): ACTION_SIM_STATE_CHANGED intent received on sub = 0
02-13 18:04:40.570 D/MobileDataStateTracker(  256): [hipri]  MobileDataStateReceiver onReceive(): Entry.
02-13 18:04:40.570 D/MobileDataStateTracker(  256): [hipri]  intent.getAction()= android.intent.action.ANY_DATA_STATE
02-13 18:04:40.570 D/MobileDataStateTracker(  256): [hipri]  mEnabled = false
02-13 18:04:40.570 D/KeyguardUpdateMonitor(  256): handleSimStateChange: intentValue = READY state resolved to READY subscription =0
02-13 18:04:40.570 D/KeyguardViewMediator(  256): onSimStateChanged: READY
02-13 18:04:40.570 D/KeyguardViewMediator(  256): resetStateLocked
02-13 18:04:40.570 D/LockScreen(  256): onSimStateChanged(READY)
02-13 18:04:40.570 D/LockScreen(  256): updateLayout: status=Normalsubscription=0
02-13 18:04:40.570 D/LockScreen(  256): Updating Lock Screen text to Ruim
02-13 18:04:40.580 D/MobileDataStateTracker(  256): [hipri]  apnTypeList = default
02-13 18:04:40.580 D/MobileDataStateTracker(  256): [hipri]  unavailable = true
02-13 18:04:40.580 D/MobileDataStateTracker(  256): [hipri] Do not process intents if disabled.
02-13 18:04:40.580 D/MobileDataStateTracker(  256): [dun]  MobileDataStateReceiver onReceive(): Entry.
02-13 18:04:40.580 D/MobileDataStateTracker(  256): [dun]  intent.getAction()= android.intent.action.ANY_DATA_STATE
02-13 18:04:40.580 D/MobileDataStateTracker(  256): [dun]  mEnabled = false
02-13 18:04:40.580 D/KeyguardViewMediator(  256): handleReset
02-13 18:04:40.580 D/MobileDataStateTracker(  256): [dun]  apnTypeList = default
02-13 18:04:40.580 D/MobileDataStateTracker(  256): [dun]  unavailable = true
02-13 18:04:40.580 D/MobileDataStateTracker(  256): [dun] Do not process intents if disabled.
02-13 18:04:40.580 D/MobileDataStateTracker(  256): [supl]  MobileDataStateReceiver onReceive(): Entry.
02-13 18:04:40.580 D/MobileDataStateTracker(  256): [supl]  intent.getAction()= android.intent.action.ANY_DATA_STATE
02-13 18:04:40.580 D/MobileDataStateTracker(  256): [supl]  mEnabled = false
02-13 18:04:40.590 D/MobileDataStateTracker(  256): [supl]  apnTypeList = default
02-13 18:04:40.590 D/MobileDataStateTracker(  256): [supl]  unavailable = true
02-13 18:04:40.590 D/MobileDataStateTracker(  256): [supl] Do not process intents if disabled.
02-13 18:04:40.590 D/MobileDataStateTracker(  256): [mms]  MobileDataStateReceiver onReceive(): Entry.
02-13 18:04:40.590 D/MobileDataStateTracker(  256): [mms]  intent.getAction()= android.intent.action.ANY_DATA_STATE
02-13 18:04:40.590 D/MobileDataStateTracker(  256): [mms]  mEnabled = false
02-13 18:04:40.590 D/MobileDataStateTracker(  256): [mms]  apnTypeList = default
02-13 18:04:40.590 D/MobileDataStateTracker(  256): [mms]  unavailable = true
02-13 18:04:40.590 D/MobileDataStateTracker(  256): [mms] Do not process intents if disabled.
02-13 18:04:40.590 D/MobileDataStateTracker(  256): [default]  MobileDataStateReceiver onReceive(): Entry.
