02-13 18:26:01.542 D/MobileDataStateTracker(  256): [mms]  apnTypeList = default
02-13 18:26:01.542 D/MobileDataStateTracker(  256): [mms]  unavailable = false
02-13 18:26:01.542 D/MobileDataStateTracker(  256): [mms] Do not process intents if disabled.
02-13 18:26:01.542 D/MobileDataStateTracker(  256): [default]  MobileDataStateReceiver onReceive(): Entry.
02-13 18:26:01.542 D/MobileDataStateTracker(  256): [default]  intent.getAction()= android.intent.action.ANY_DATA_STATE
02-13 18:26:01.542 D/MobileDataStateTracker(  256): [default]  mEnabled = true
02-13 18:26:01.552 D/Phone   (  344): [PhoneNotifier] [DefaultPhoneNotifier] : default, INET6, DISCONNECTED
02-13 18:26:01.552 D/MobileDataStateTracker(  256): [default]  apnTypeList = default
02-13 18:26:01.552 D/MobileDataStateTracker(  256): [default]  unavailable = false
02-13 18:26:01.552 D/MobileDataStateTracker(  256): [default] CALL updateMobileInfoFromIntent
02-13 18:26:01.552 I/MobileDataStateTracker(  256): [default] dc state change intent received for default/INET with state  DISCONNECTED. enabled=true state change reason = radioTurnedOff
02-13 18:26:01.552 I/MobileDataStateTracker(  256): [default] old state = SUSPENDED
02-13 18:26:01.552 I/MobileDataStateTracker(  256): [default] updated mobile state info for INET : [state=DISCONNECTED, iface=rmnet0, mApnName=null, mIpAddress=/173.155.101.96, mGateway=/173.155.101.97]
02-13 18:26:01.552 D/NetworkStateTracker(  256): setDetailed state, old =SUSPENDED and new state=DISCONNECTED
02-13 18:26:01.552 W/NetworkStateTracker(  256): ### removeDefaultRoute. do nothing 
02-13 18:26:01.562 D/GTalkService(  377): ##### Network broadcast (connected=false) type=mobile, state=DISCONNECTED
02-13 18:26:01.562 I/GTalkService(  377): [GTalkConnection.1] setInternalNetworkState: type=0, state=DISCONNECTED
02-13 18:26:01.562 I/MediaUploader(  670): No need to wake up
02-13 18:26:01.572 D/PowerManagerService(  256): acquireWakeLock flags=0x1 tag=Checkin Handoff
02-13 18:26:01.572 I/TelephonyRegistry(  256): notifyDataConnection: state=0 isDataConnectivityPossible=true reason=radioTurnedOff interfaceName=null networkType=6 apnType=default apn=null
02-13 18:26:01.572 I/TelephonyRegistry(  256): +++broadcastDataConnectionStateChanged
02-13 18:26:01.582 D/PowerManagerService(  256): acquireWakeLock flags=0x1 tag=Checkin Service
02-13 18:26:01.582 D/PowerManagerService(  256): releaseWakeLock flags=0x1 tag=Checkin Handoff
02-13 18:26:01.602 D/Tethering(  256): MasterInitialState.processMessage what=3
02-13 18:26:01.602 I/TelephonyRegistry(  256): +++sendStickyBroadcast
02-13 18:26:01.602 D/PowerManagerService(  256): acquireWakeLock flags=0x1 tag=GpsLocationProvider
02-13 18:26:01.602 I/DATA    (  344): [SERVICE_TYPE_MMS] Service is inactive on INET
02-13 18:26:01.602 I/DATA    (  344): [SERVICE_TYPE_MMS] set newState =  IDLEoldState =  CONNECTED
02-13 18:26:01.602 D/Phone   (  344): [PhoneNotifier] [DefaultPhoneNotifier] : mms, INET, DISCONNECTED
02-13 18:26:01.602 D/MobileDataStateTracker(  256): [hipri]  MobileDataStateReceiver onReceive(): Entry.
02-13 18:26:01.602 D/MobileDataStateTracker(  256): [hipri]  intent.getAction()= android.intent.action.ANY_DATA_STATE
02-13 18:26:01.602 D/MobileDataStateTracker(  256): [hipri]  mEnabled = false
02-13 18:26:01.612 D/MobileDataStateTracker(  256): [hipri]  apnTypeList = default
02-13 18:26:01.612 D/MobileDataStateTracker(  256): [hipri]  unavailable = false
02-13 18:26:01.612 D/MobileDataStateTracker(  256): [hipri] Do not process intents if disabled.
02-13 18:26:01.612 D/MobileDataStateTracker(  256): [dun]  MobileDataStateReceiver onReceive(): Entry.
02-13 18:26:01.612 D/MobileDataStateTracker(  256): [dun]  intent.getAction()= android.intent.action.ANY_DATA_STATE
02-13 18:26:01.612 D/MobileDataStateTracker(  256): [dun]  mEnabled = false
02-13 18:26:01.612 D/GpsLocationProvider(  256): updateNetworkState unavailable info: NetworkInfo: type: mobile[CDMA - EvDo rev. A], state: DISCONNECTED/DISCONNECTED, reason: radioTurnedOff, extra: (none), roaming: false, failover: false, isAvailable: true, isIpv4Connected: false, isIpv6Connected: false, ipv4Name: null, ipv6Name: null
02-13 18:26:01.612 D/MobileDataStateTracker(  256): [dun]  apnTypeList = default
02-13 18:26:01.612 D/MobileDataStateTracker(  256): [dun]  unavailable = false
02-13 18:26:01.612 D/MobileDataStateTracker(  256): [dun] Do not process intents if disabled.
02-13 18:26:01.612 D/MobileDataStateTracker(  256): [supl]  MobileDataStateReceiver onReceive(): Entry.
02-13 18:26:01.612 D/MobileDataStateTracker(  256): [supl]  intent.getAction()= android.intent.action.ANY_DATA_STATE
02-13 18:26:01.612 D/MobileDataStateTracker(  256): [supl]  mEnabled = false
02-13 18:26:01.622 D/MobileDataStateTracker(  256): [supl]  apnTypeList = default
02-13 18:26:01.622 D/MobileDataStateTracker(  256): [supl]  unavailable = false
02-13 18:26:01.622 D/MobileDataStateTracker(  256): [supl] Do not process intents if disabled.
02-13 18:26:01.622 D/MobileDataStateTracker(  256): [mms]  MobileDataStateReceiver onReceive(): Entry.
02-13 18:26:01.622 D/MobileDataStateTracker(  256): [mms]  intent.getAction()= android.intent.action.ANY_DATA_STATE
02-13 18:26:01.622 D/MobileDataStateTracker(  256): [mms]  mEnabled = false
02-13 18:26:01.622 D/MobileDataStateTracker(  256): [mms]  apnTypeList = default
02-13 18:26:01.622 D/MobileDataStateTracker(  256): [mms]  unavailable = false
02-13 18:26:01.622 D/MobileDataStateTracker(  256): [mms] Do not process intents if disabled.
02-13 18:26:01.622 D/MobileDataStateTracker(  256): [default]  MobileDataStateReceiver onReceive(): Entry.
02-13 18:26:01.622 D/MobileDataStateTracker(  256): [default]  intent.getAction()= android.intent.action.ANY_DATA_STATE
02-13 18:26:01.622 D/MobileDataStateTracker(  256): [default]  mEnabled = true
02-13 18:26:01.622 D/MobileDataStateTracker(  256): [default]  apnTypeList = default
02-13 18:26:01.622 D/MobileDataStateTracker(  256): [default]  unavailable = false
02-13 18:26:01.622 D/MobileDataStateTracker(  256): [default] CALL updateMobileInfoFromIntent
02-13 18:26:01.622 I/MobileDataStateTracker(  256): [default] dc state change intent received for default/INET6 with state  DISCONNECTED. enabled=true state change reason = radioTurnedOff
02-13 18:26:01.622 I/MobileDataStateTracker(  256): [default] old state = DISCONNECTED
02-13 18:26:01.622 I/MobileDataStateTracker(  256): [default] no change,  just return
02-13 18:26:01.622 D/MobileDataStateTracker(  256): [default] No need to update detailed state
02-13 18:26:01.622 I/TelephonyRegistry(  256): notifyDataConnection: state=0 isDataConnectivityPossible=true reason=radioTurnedOff interfaceName=null networkType=6 apnType=mms apn=null
02-13 18:26:01.622 I/TelephonyRegistry(  256): +++broadcastDataConnectionStateChanged
02-13 18:26:01.632 I/TelephonyRegistry(  256): +++sendStickyBroadcast
02-13 18:26:01.632 D/Phone   (  344): [PhoneNotifier] [DefaultPhoneNotifier] : mms, INET6, DISCONNECTED
02-13 18:26:01.632 D/MobileDataStateTracker(  256): [hipri]  MobileDataStateReceiver onReceive(): Entry.
02-13 18:26:01.632 D/MobileDataStateTracker(  256): [hipri]  intent.getAction()= android.intent.action.ANY_DATA_STATE
02-13 18:26:01.632 D/MobileDataStateTracker(  256): [hipri]  mEnabled = false
02-13 18:26:01.642 D/MobileDataStateTracker(  256): [hipri]  apnTypeList = mms
02-13 18:26:01.642 D/MobileDataStateTracker(  256): [hipri]  unavailable = false
02-13 18:26:01.642 D/MobileDataStateTracker(  256): [hipri] Do not process intents if disabled.
02-13 18:26:01.642 D/MobileDataStateTracker(  256): [dun]  MobileDataStateReceiver onReceive(): Entry.
02-13 18:26:01.642 D/MobileDataStateTracker(  256): [dun]  intent.getAction()= android.intent.action.ANY_DATA_STATE
02-13 18:26:01.642 D/MobileDataStateTracker(  256): [dun]  mEnabled = false
02-13 18:26:01.642 D/MobileDataStateTracker(  256): [dun]  apnTypeList = mms
02-13 18:26:01.642 D/MobileDataStateTracker(  256): [dun]  unavailable = false
02-13 18:26:01.642 D/MobileDataStateTracker(  256): [dun] Do not process intents if disabled.
02-13 18:26:01.642 D/MobileDataStateTracker(  256): [supl]  MobileDataStateReceiver onReceive(): Entry.
02-13 18:26:01.642 D/MobileDataStateTracker(  256): [supl]  intent.getAction()= android.intent.action.ANY_DATA_STATE
02-13 18:26:01.642 D/MobileDataStateTracker(  256): [supl]  mEnabled = false
02-13 18:26:01.652 I/TelephonyRegistry(  256): notifyDataConnection: state=0 isDataConnectivityPossible=true reason=radioTurnedOff interfaceName=null networkType=6 apnType=mms apn=null
02-13 18:26:01.652 I/TelephonyRegistry(  256): +++broadcastDataConnectionStateChanged
02-13 18:26:01.652 I/TelephonyRegistry(  256): +++sendStickyBroadcast
02-13 18:26:01.652 D/MobileDataStateTracker(  256): [supl]  apnTypeList = mms
02-13 18:26:01.652 D/MobileDataStateTracker(  256): [supl]  unavailable = false
02-13 18:26:01.652 D/MobileDataStateTracker(  256): [supl] Do not process intents if disabled.
02-13 18:26:01.652 D/MobileDataStateTracker(  256): [mms]  MobileDataStateReceiver onReceive(): Entry.
02-13 18:26:01.652 D/MobileDataStateTracker(  256): [mms]  intent.getAction()= android.intent.action.ANY_DATA_STATE
02-13 18:26:01.652 D/MobileDataStateTracker(  256): [mms]  mEnabled = false
02-13 18:26:01.652 D/MobileDataStateTracker(  256): [mms]  apnTypeList = mms
02-13 18:26:01.652 D/MobileDataStateTracker(  256): [mms]  unavailable = false
02-13 18:26:01.652 D/MobileDataStateTracker(  256): [mms] Do not process intents if disabled.
02-13 18:26:01.652 D/MobileDataStateTracker(  256): [default]  MobileDataStateReceiver onReceive(): Entry.
02-13 18:26:01.652 D/MobileDataStateTracker(  256): [default]  intent.getAction()= android.intent.action.ANY_DATA_STATE
02-13 18:26:01.652 D/MobileDataStateTracker(  256): [default]  mEnabled = true
02-13 18:26:01.652 D/MobileDataStateTracker(  256): [default]  apnTypeList = mms
02-13 18:26:01.652 D/MobileDataStateTracker(  256): [default]  unavailable = false
02-13 18:26:01.652 D/MobileDataStateTracker(  256): [default] not what we are looking for.
02-13 18:26:01.652 D/PicasaSyncManager(  680): active network: null
02-13 18:26:01.662 I/DATA    (  344): [SERVICE_TYPE_SUPL] Service is inactive on INET
02-13 18:26:01.662 I/DATA    (  344): [SERVICE_TYPE_SUPL] set newState =  IDLEoldState =  CONNECTED
02-13 18:26:01.662 D/Phone   (  344): [PhoneNotifier] [DefaultPhoneNotifier] : supl, INET, DISCONNECTED
02-13 18:26:01.662 I/TelephonyRegistry(  256): notifyDataConnection: state=0 isDataConnectivityPossible=true reason=radioTurnedOff interfaceName=null networkType=6 apnType=supl apn=null
02-13 18:26:01.662 I/TelephonyRegistry(  256): +++broadcastDataConnectionStateChanged
02-13 18:26:01.662 I/TelephonyRegistry(  256): +++sendStickyBroadcast
02-13 18:26:01.662 D/MobileDataStateTracker(  256): [hipri]  MobileDataStateReceiver onReceive(): Entry.
02-13 18:26:01.662 D/MobileDataStateTracker(  256): [hipri]  intent.getAction()= android.intent.action.ANY_DATA_STATE
02-13 18:26:01.662 D/MobileDataStateTracker(  256): [hipri]  mEnabled = false
02-13 18:26:01.662 D/MobileDataStateTracker(  256): [hipri]  apnTypeList = mms
02-13 18:26:01.662 D/MobileDataStateTracker(  256): [hipri]  unavailable = false
02-13 18:26:01.662 D/MobileDataStateTracker(  256): [hipri] Do not process intents if disabled.
02-13 18:26:01.662 D/MobileDataStateTracker(  256): [dun]  MobileDataStateReceiver onReceive(): Entry.
02-13 18:26:01.662 D/MobileDataStateTracker(  256): [dun]  intent.getAction()= android.intent.action.ANY_DATA_STATE
02-13 18:26:01.662 D/MobileDataStateTracker(  256): [dun]  mEnabled = false
02-13 18:26:01.662 D/MobileDataStateTracker(  256): [dun]  apnTypeList = mms
02-13 18:26:01.662 D/MobileDataStateTracker(  256): [dun]  unavailable = false
02-13 18:26:01.662 D/MobileDataStateTracker(  256): [dun] Do not process intents if disabled.
02-13 18:26:01.662 D/MobileDataStateTracker(  256): [supl]  MobileDataStateReceiver onReceive(): Entry.
02-13 18:26:01.662 D/MobileDataStateTracker(  256): [supl]  intent.getAction()= android.intent.action.ANY_DATA_STATE
02-13 18:26:01.662 D/MobileDataStateTracker(  256): [supl]  mEnabled = false
02-13 18:26:01.672 D/MobileDataStateTracker(  256): [supl]  apnTypeList = mms
02-13 18:26:01.672 D/MobileDataStateTracker(  256): [supl]  unavailable = false
02-13 18:26:01.672 D/MobileDataStateTracker(  256): [supl] Do not process intents if disabled.
02-13 18:26:01.672 D/MobileDataStateTracker(  256): [mms]  MobileDataStateReceiver onReceive(): Entry.
02-13 18:26:01.672 D/MobileDataStateTracker(  256): [mms]  intent.getAction()= android.intent.action.ANY_DATA_STATE
02-13 18:26:01.672 D/MobileDataStateTracker(  256): [mms]  mEnabled = false
02-13 18:26:01.672 D/Phone   (  344): [PhoneNotifier] [DefaultPhoneNotifier] : supl, INET6, DISCONNECTED
02-13 18:26:01.672 I/TelephonyRegistry(  256): notifyDataConnection: state=0 isDataConnectivityPossible=true reason=radioTurnedOff interfaceName=null networkType=6 apnType=supl apn=null
02-13 18:26:01.672 I/TelephonyRegistry(  256): +++broadcastDataConnectionStateChanged
02-13 18:26:01.672 I/TelephonyRegistry(  256): +++sendStickyBroadcast
02-13 18:26:01.682 I/DATA    (  344): [SERVICE_TYPE_HIPRI] Service is inactive on INET
02-13 18:26:01.682 I/DATA    (  344): [SERVICE_TYPE_HIPRI] set newState =  IDLEoldState =  CONNECTED
02-13 18:26:01.682 D/Phone   (  344): [PhoneNotifier] [DefaultPhoneNotifier] : hipri, INET, DISCONNECTED
02-13 18:26:01.692 D/MobileDataStateTracker(  256): [mms]  apnTypeList = mms
02-13 18:26:01.692 D/MobileDataStateTracker(  256): [mms]  unavailable = false
02-13 18:26:01.692 D/MobileDataStateTracker(  256): [mms] Do not process intents if disabled.
02-13 18:26:01.692 D/MobileDataStateTracker(  256): [default]  MobileDataStateReceiver onReceive(): Entry.
02-13 18:26:01.692 D/MobileDataStateTracker(  256): [default]  intent.getAction()= android.intent.action.ANY_DATA_STATE
02-13 18:26:01.692 D/MobileDataStateTracker(  256): [default]  mEnabled = true
02-13 18:26:01.692 D/MobileDataStateTracker(  256): [default]  apnTypeList = mms
02-13 18:26:01.692 D/MobileDataStateTracker(  256): [default]  unavailable = false
02-13 18:26:01.692 D/MobileDataStateTracker(  256): [default] not what we are looking for.
02-13 18:26:01.692 D/MobileDataStateTracker(  256): [hipri]  MobileDataStateReceiver onReceive(): Entry.
02-13 18:26:01.692 D/MobileDataStateTracker(  256): [hipri]  intent.getAction()= android.intent.action.ANY_DATA_STATE
02-13 18:26:01.692 D/MobileDataStateTracker(  256): [hipri]  mEnabled = false
02-13 18:26:01.692 D/MobileDataStateTracker(  256): [hipri]  apnTypeList = supl
02-13 18:26:01.692 D/MobileDataStateTracker(  256): [hipri]  unavailable = false
02-13 18:26:01.692 D/MobileDataStateTracker(  256): [hipri] Do not process intents if disabled.
02-13 18:26:01.692 D/MobileDataStateTracker(  256): [dun]  MobileDataStateReceiver onReceive(): Entry.
02-13 18:26:01.692 D/MobileDataStateTracker(  256): [dun]  intent.getAction()= android.intent.action.ANY_DATA_STATE
02-13 18:26:01.692 D/MobileDataStateTracker(  256): [dun]  mEnabled = false
02-13 18:26:01.692 D/MobileDataStateTracker(  256): [dun]  apnTypeList = supl
02-13 18:26:01.692 D/MobileDataStateTracker(  256): [dun]  unavailable = false
02-13 18:26:01.692 D/MobileDataStateTracker(  256): [dun] Do not process intents if disabled.
02-13 18:26:01.692 D/MobileDataStateTracker(  256): [supl]  MobileDataStateReceiver onReceive(): Entry.
02-13 18:26:01.692 D/MobileDataStateTracker(  256): [supl]  intent.getAction()= android.intent.action.ANY_DATA_STATE
02-13 18:26:01.692 D/MobileDataStateTracker(  256): [supl]  mEnabled = false
02-13 18:26:01.692 D/MobileDataStateTracker(  256): [supl]  apnTypeList = supl
02-13 18:26:01.692 D/MobileDataStateTracker(  256): [supl]  unavailable = false
02-13 18:26:01.692 D/MobileDataStateTracker(  256): [supl] Do not process intents if disabled.
02-13 18:26:01.692 D/MobileDataStateTracker(  256): [mms]  MobileDataStateReceiver onReceive(): Entry.
02-13 18:26:01.692 D/MobileDataStateTracker(  256): [mms]  intent.getAction()= android.intent.action.ANY_DATA_STATE
02-13 18:26:01.692 D/MobileDataStateTracker(  256): [mms]  mEnabled = false
02-13 18:26:01.692 I/TelephonyRegistry(  256): notifyDataConnection: state=0 isDataConnectivityPossible=true reason=radioTurnedOff interfaceName=null networkType=6 apnType=hipri apn=null
02-13 18:26:01.692 I/TelephonyRegistry(  256): +++broadcastDataConnectionStateChanged
02-13 18:26:01.702 I/TelephonyRegistry(  256): +++sendStickyBroadcast
02-13 18:26:01.702 D/PicasaSyncManager(  680): background data: true
02-13 18:26:01.702 D/Phone   (  344): [PhoneNotifier] [DefaultPhoneNotifier] : hipri, INET6, DISCONNECTED
02-13 18:26:01.702 I/TelephonyRegistry(  256): notifyDataConnection: state=0 isDataConnectivityPossible=true reason=radioTurnedOff interfaceName=null networkType=6 apnType=hipri apn=null
02-13 18:26:01.702 I/TelephonyRegistry(  256): +++broadcastDataConnectionStateChanged
02-13 18:26:01.702 I/TelephonyRegistry(  256): +++sendStickyBroadcast
02-13 18:26:01.712 D/MobileDataStateTracker(  256): [mms]  apnTypeList = supl
02-13 18:26:01.712 D/MobileDataStateTracker(  256): [mms]  unavailable = false
02-13 18:26:01.712 D/MobileDataStateTracker(  256): [mms] Do not process intents if disabled.
02-13 18:26:01.712 D/MobileDataStateTracker(  256): [default]  MobileDataStateReceiver onReceive(): Entry.
02-13 18:26:01.712 D/MobileDataStateTracker(  256): [default]  intent.getAction()= android.intent.action.ANY_DATA_STATE
02-13 18:26:01.712 D/MobileDataStateTracker(  256): [default]  mEnabled = true
02-13 18:26:01.712 D/MobileDataStateTracker(  256): [default]  apnTypeList = supl
02-13 18:26:01.712 D/MobileDataStateTracker(  256): [default]  unavailable = false
02-13 18:26:01.712 D/MobileDataStateTracker(  256): [default] not what we are looking for.
02-13 18:26:01.712 D/MobileDataStateTracker(  256): [hipri]  MobileDataStateReceiver onReceive(): Entry.
02-13 18:26:01.712 D/MobileDataStateTracker(  256): [hipri]  intent.getAction()= android.intent.action.ANY_DATA_STATE
02-13 18:26:01.712 D/MobileDataStateTracker(  256): [hipri]  mEnabled = false
02-13 18:26:01.712 D/PhoneApp(  344): mReceiver: ACTION_ANY_DATA_CONNECTION_STATE_CHANGED
02-13 18:26:01.712 D/PhoneApp(  344): - state: SUSPENDED
02-13 18:26:01.712 D/PhoneApp(  344): - reason: radioTurnedOff
02-13 18:26:01.712 D/PhoneApp(  344): mReceiver: ACTION_ANY_DATA_CONNECTION_STATE_CHANGED
02-13 18:26:01.712 D/PhoneApp(  344): - state: SUSPENDED
02-13 18:26:01.712 D/PhoneApp(  344): - reason: radioTurnedOff
02-13 18:26:01.712 D/PhoneApp(  344): mReceiver: ACTION_ANY_DATA_CONNECTION_STATE_CHANGED
02-13 18:26:01.712 D/PhoneApp(  344): - state: SUSPENDED
02-13 18:26:01.712 D/PhoneApp(  344): - reason: radioTurnedOff
02-13 18:26:01.712 D/PhoneApp(  344): mReceiver: ACTION_ANY_DATA_CONNECTION_STATE_CHANGED
02-13 18:26:01.712 D/PhoneApp(  344): - state: SUSPENDED
02-13 18:26:01.712 D/PhoneApp(  344): - reason: radioTurnedOff
02-13 18:26:01.712 D/PhoneApp(  344): mReceiver: ACTION_ANY_DATA_CONNECTION_STATE_CHANGED
02-13 18:26:01.712 D/PhoneApp(  344): - state: SUSPENDED
02-13 18:26:01.712 D/PhoneApp(  344): - reason: radioTurnedOff
02-13 18:26:01.712 D/PhoneApp(  344): mReceiver: ACTION_ANY_DATA_CONNECTION_STATE_CHANGED
02-13 18:26:01.712 D/PhoneApp(  344): - state: SUSPENDED
02-13 18:26:01.712 D/PhoneApp(  344): - reason: radioTurnedOff
02-13 18:26:01.712 D/PhoneApp(  344): mReceiver: ACTION_ANY_DATA_CONNECTION_STATE_CHANGED
02-13 18:26:01.712 D/PhoneApp(  344): - state: DISCONNECTED
02-13 18:26:01.712 D/PhoneApp(  344): - reason: radioTurnedOff
02-13 18:26:01.712 D/PhoneApp(  344): mReceiver: ACTION_ANY_DATA_CONNECTION_STATE_CHANGED
02-13 18:26:01.712 D/PhoneApp(  344): - state: DISCONNECTED
02-13 18:26:01.712 D/PhoneApp(  344): - reason: radioTurnedOff
02-13 18:26:01.722 D/MobileDataStateTracker(  256): [hipri]  apnTypeList = supl
02-13 18:26:01.722 D/MobileDataStateTracker(  256): [hipri]  unavailable = false
02-13 18:26:01.722 D/MobileDataStateTracker(  256): [hipri] Do not process intents if disabled.
02-13 18:26:01.722 D/MobileDataStateTracker(  256): [dun]  MobileDataStateReceiver onReceive(): Entry.
02-13 18:26:01.722 D/MobileDataStateTracker(  256): [dun]  intent.getAction()= android.intent.action.ANY_DATA_STATE
02-13 18:26:01.722 D/MobileDataStateTracker(  256): [dun]  mEnabled = false
02-13 18:26:01.722 D/MobileDataStateTracker(  256): [dun]  apnTypeList = supl
02-13 18:26:01.722 D/MobileDataStateTracker(  256): [dun]  unavailable = false
02-13 18:26:01.722 D/MobileDataStateTracker(  256): [dun] Do not process intents if disabled.
02-13 18:26:01.722 D/MobileDataStateTracker(  256): [supl]  MobileDataStateReceiver onReceive(): Entry.
02-13 18:26:01.722 D/MobileDataStateTracker(  256): [supl]  intent.getAction()= android.intent.action.ANY_DATA_STATE
02-13 18:26:01.722 D/MobileDataStateTracker(  256): [supl]  mEnabled = false
02-13 18:26:01.722 D/MobileDataStateTracker(  256): [supl]  apnTypeList = supl
02-13 18:26:01.722 D/MobileDataStateTracker(  256): [supl]  unavailable = false
02-13 18:26:01.722 D/MobileDataStateTracker(  256): [supl] Do not process intents if disabled.
02-13 18:26:01.722 D/MobileDataStateTracker(  256): [mms]  MobileDataStateReceiver onReceive(): Entry.
02-13 18:26:01.722 D/MobileDataStateTracker(  256): [mms]  intent.getAction()= android.intent.action.ANY_DATA_STATE
02-13 18:26:01.722 D/MobileDataStateTracker(  256): [mms]  mEnabled = false
02-13 18:26:01.722 D/MobileDataStateTracker(  256): [mms]  apnTypeList = supl
02-13 18:26:01.722 D/MobileDataStateTracker(  256): [mms]  unavailable = false
02-13 18:26:01.722 D/MobileDataStateTracker(  256): [mms] Do not process intents if disabled.
02-13 18:26:01.722 D/MobileDataStateTracker(  256): [default]  MobileDataStateReceiver onReceive(): Entry.
02-13 18:26:01.722 D/MobileDataStateTracker(  256): [default]  intent.getAction()= android.intent.action.ANY_DATA_STATE
02-13 18:26:01.722 D/MobileDataStateTracker(  256): [default]  mEnabled = true
02-13 18:26:01.722 D/MobileDataStateTracker(  256): [default]  apnTypeList = supl
02-13 18:26:01.722 D/MobileDataStateTracker(  256): [default]  unavailable = false
02-13 18:26:01.722 D/MobileDataStateTracker(  256): [default] not what we are looking for.
02-13 18:26:01.722 D/MobileDataStateTracker(  256): [hipri]  MobileDataStateReceiver onReceive(): Entry.
02-13 18:26:01.722 D/MobileDataStateTracker(  256): [hipri]  intent.getAction()= android.intent.action.ANY_DATA_STATE
02-13 18:26:01.722 D/MobileDataStateTracker(  256): [hipri]  mEnabled = false
02-13 18:26:01.722 D/MobileDataStateTracker(  256): [hipri]  apnTypeList = hipri
02-13 18:26:01.722 D/MobileDataStateTracker(  256): [hipri]  unavailable = false
02-13 18:26:01.722 D/MobileDataStateTracker(  256): [hipri] Do not process intents if disabled.
02-13 18:26:01.722 D/MobileDataStateTracker(  256): [dun]  MobileDataStateReceiver onReceive(): Entry.
02-13 18:26:01.722 D/MobileDataStateTracker(  256): [dun]  intent.getAction()= android.intent.action.ANY_DATA_STATE
02-13 18:26:01.722 D/MobileDataStateTracker(  256): [dun]  mEnabled = false
02-13 18:26:01.732 D/MobileDataStateTracker(  256): [dun]  apnTypeList = hipri
02-13 18:26:01.732 D/MobileDataStateTracker(  256): [dun]  unavailable = false
02-13 18:26:01.732 D/MobileDataStateTracker(  256): [dun] Do not process intents if disabled.
02-13 18:26:01.732 D/MobileDataStateTracker(  256): [supl]  MobileDataStateReceiver onReceive(): Entry.
02-13 18:26:01.732 D/MobileDataStateTracker(  256): [supl]  intent.getAction()= android.intent.action.ANY_DATA_STATE
02-13 18:26:01.732 D/MobileDataStateTracker(  256): [supl]  mEnabled = false
02-13 18:26:01.732 D/MobileDataStateTracker(  256): [supl]  apnTypeList = hipri
02-13 18:26:01.732 D/MobileDataStateTracker(  256): [supl]  unavailable = false
02-13 18:26:01.732 D/MobileDataStateTracker(  256): [supl] Do not process intents if disabled.
02-13 18:26:01.732 D/MobileDataStateTracker(  256): [mms]  MobileDataStateReceiver onReceive(): Entry.
02-13 18:26:01.732 D/MobileDataStateTracker(  256): [mms]  intent.getAction()= android.intent.action.ANY_DATA_STATE
02-13 18:26:01.732 D/MobileDataStateTracker(  256): [mms]  mEnabled = false
02-13 18:26:01.732 D/MobileDataStateTracker(  256): [mms]  apnTypeList = hipri
02-13 18:26:01.732 D/MobileDataStateTracker(  256): [mms]  unavailable = false
02-13 18:26:01.732 D/MobileDataStateTracker(  256): [mms] Do not process intents if disabled.
02-13 18:26:01.732 D/MobileDataStateTracker(  256): [default]  MobileDataStateReceiver onReceive(): Entry.
02-13 18:26:01.732 D/MobileDataStateTracker(  256): [default]  intent.getAction()= android.intent.action.ANY_DATA_STATE
02-13 18:26:01.732 D/MobileDataStateTracker(  256): [default]  mEnabled = true
02-13 18:26:01.732 D/MobileDataStateTracker(  256): [default]  apnTypeList = hipri
02-13 18:26:01.732 D/MobileDataStateTracker(  256): [default]  unavailable = false
02-13 18:26:01.732 D/MobileDataStateTracker(  256): [default] not what we are looking for.
02-13 18:26:01.732 D/MobileDataStateTracker(  256): [hipri]  MobileDataStateReceiver onReceive(): Entry.
02-13 18:26:01.732 D/MobileDataStateTracker(  256): [hipri]  intent.getAction()= android.intent.action.ANY_DATA_STATE
02-13 18:26:01.732 D/MobileDataStateTracker(  256): [hipri]  mEnabled = false
02-13 18:26:01.732 D/MobileDataStateTracker(  256): [hipri]  apnTypeList = hipri
02-13 18:26:01.732 D/MobileDataStateTracker(  256): [hipri]  unavailable = false
02-13 18:26:01.732 D/MobileDataStateTracker(  256): [hipri] Do not process intents if disabled.
02-13 18:26:01.732 D/MobileDataStateTracker(  256): [dun]  MobileDataStateReceiver onReceive(): Entry.
02-13 18:26:01.732 D/MobileDataStateTracker(  256): [dun]  intent.getAction()= android.intent.action.ANY_DATA_STATE
02-13 18:26:01.732 D/MobileDataStateTracker(  256): [dun]  mEnabled = false
02-13 18:26:01.732 D/MobileDataStateTracker(  256): [dun]  apnTypeList = hipri
02-13 18:26:01.732 D/MobileDataStateTracker(  256): [dun]  unavailable = false
02-13 18:26:01.732 D/MobileDataStateTracker(  256): [dun] Do not process intents if disabled.
02-13 18:26:01.732 D/MobileDataStateTracker(  256): [supl]  MobileDataStateReceiver onReceive(): Entry.
02-13 18:26:01.732 D/MobileDataStateTracker(  256): [supl]  intent.getAction()= android.intent.action.ANY_DATA_STATE
02-13 18:26:01.732 D/MobileDataStateTracker(  256): [supl]  mEnabled = false
02-13 18:26:01.742 D/MobileDataStateTracker(  256): [supl]  apnTypeList = hipri
02-13 18:26:01.742 D/MobileDataStateTracker(  256): [supl]  unavailable = false
02-13 18:26:01.742 D/MobileDataStateTracker(  256): [supl] Do not process intents if disabled.
02-13 18:26:01.742 D/MobileDataStateTracker(  256): [mms]  MobileDataStateReceiver onReceive(): Entry.
02-13 18:26:01.742 D/MobileDataStateTracker(  256): [mms]  intent.getAction()= android.intent.action.ANY_DATA_STATE
02-13 18:26:01.742 D/MobileDataStateTracker(  256): [mms]  mEnabled = false
02-13 18:26:01.742 D/MobileDataStateTracker(  256): [mms]  apnTypeList = hipri
02-13 18:26:01.742 D/MobileDataStateTracker(  256): [mms]  unavailable = false
02-13 18:26:01.742 D/MobileDataStateTracker(  256): [mms] Do not process intents if disabled.
02-13 18:26:01.742 D/MobileDataStateTracker(  256): [default]  MobileDataStateReceiver onReceive(): Entry.
02-13 18:26:01.742 D/MobileDataStateTracker(  256): [default]  intent.getAction()= android.intent.action.ANY_DATA_STATE
02-13 18:26:01.742 D/MobileDataStateTracker(  256): [default]  mEnabled = true
02-13 18:26:01.742 D/MobileDataStateTracker(  256): [default]  apnTypeList = hipri
02-13 18:26:01.742 D/MobileDataStateTracker(  256): [default]  unavailable = false
02-13 18:26:01.742 D/MobileDataStateTracker(  256): [default] not what we are looking for.
02-13 18:26:01.752 D/PowerManagerService(  256): acquireWakeLock flags=0x1 tag=RILJ
02-13 18:26:01.752 I/DATA    (  344): [DCT(0) ] onUpdateDataConnections: reason=radioTurnedOff
02-13 18:26:01.752 I/DATA    (  344): [DCT(0) ] ---dc list---
02-13 18:26:01.762 I/DATA    (  344): [DCT(0) ] ---ds list---
02-13 18:26:01.762 I/DATA    (  344): [DCT(0) ] ds= SERVICE_TYPE_DEFAULT, enabled = true, active = v4:IDLE v6:IDLE
02-13 18:26:01.762 I/DATA    (  344): [DCT(0) ] ds= SERVICE_TYPE_MMS, enabled = false, active = v4:IDLE v6:IDLE
02-13 18:26:01.762 I/DATA    (  344): [DCT(0) ] ds= SERVICE_TYPE_SUPL, enabled = false, active = v4:IDLE v6:IDLE
02-13 18:26:01.762 I/DATA    (  344): [DCT(0) ] ds= SERVICE_TYPE_DUN, enabled = false, active = v4:IDLE v6:IDLE
02-13 18:26:01.762 I/DATA    (  344): [DCT(0) ] ds= SERVICE_TYPE_HIPRI, enabled = false, active = v4:IDLE v6:IDLE
02-13 18:26:01.762 I/DATA    (  344): [DCT(0) ] ***** NOT Ready for data :
02-13 18:26:01.762 I/DATA    (  344): [DCT(0) ]    getDesiredPowerState() = false
02-13 18:26:01.762 I/DATA    (  344): [DCT(0) ]    mCm.getRadioState() = RADIO_ON
02-13 18:26:01.762 I/DATA    (  344): [DCT(0) ]    [DataRadioTech = RADIO_TECH_EVDO_A, data network state = 0, mMasterDataEnabled = true, is Roaming = false, dataOnRoamingEnable = false, isPsRestricted = false, desiredPowerState  = false, mSIMRecords = , cdmaSubSource = 1/310120, mRuimRecords = , checks = true/true]
02-13 18:26:01.762 D/PhoneApp(  344): old phone type:2, New Phone type:2
02-13 18:26:01.762 D/NotificationMgr(  344): hideDataDisconnectedRoaming()...
02-13 18:26:01.762 D/PhoneApp(  344): old phone type:2, New Phone type:2
02-13 18:26:01.762 D/NotificationMgr(  344): hideDataDisconnectedRoaming()...
02-13 18:26:01.762 D/PhoneApp(  344): old phone type:2, New Phone type:2
02-13 18:26:01.762 D/NotificationMgr(  344): hideDataDisconnectedRoaming()...
02-13 18:26:01.762 D/PhoneApp(  344): old phone type:2, New Phone type:2
02-13 18:26:01.762 D/NotificationMgr(  344): hideDataDisconnectedRoaming()...
02-13 18:26:01.762 D/PhoneApp(  344): old phone type:2, New Phone type:2
02-13 18:26:01.762 D/NotificationMgr(  344): hideDataDisconnectedRoaming()...
02-13 18:26:01.762 D/PhoneApp(  344): old phone type:2, New Phone type:2
02-13 18:26:01.762 D/NotificationMgr(  344): hideDataDisconnectedRoaming()...
02-13 18:26:01.762 D/PhoneApp(  344): old phone type:2, New Phone type:2
02-13 18:26:01.762 D/NotificationMgr(  344): hideDataDisconnectedRoaming()...
02-13 18:26:01.762 D/PhoneApp(  344): old phone type:2, New Phone type:2
02-13 18:26:01.762 D/NotificationMgr(  344): hideDataDisconnectedRoaming()...
02-13 18:26:01.782 D/PowerManagerService(  256): releaseWakeLock flags=0x1 tag=Checkin Service
02-13 18:26:01.822 D/GpsLocationProvider(  256): getAGpsConnectionInfo connType - 3
02-13 18:26:01.822 D/PowerManagerService(  256): releaseWakeLock flags=0x1 tag=GpsLocationProvider
02-13 18:26:01.842 D/PowerManagerService(  256): acquireWakeLock flags=0x1 tag=RILJ
02-13 18:26:01.842 D/PowerManagerService(  256): acquireWakeLock flags=0x1 tag=RILJ
02-13 18:26:01.852 I/AudioService(  256):  AudioFocus  abandonAudioFocus() from AudioFocus_For_Phone_Ring_And_Calls
02-13 18:26:01.852 D/KeyguardViewMediator(  256): screen is off and call ended, let's make sure the keyguard is showing
02-13 18:26:01.852 D/lisha   (  256): isLockedOrMissing ***state.isPinLocked()=false***requireSim = true***state=READY
02-13 18:26:01.852 D/lisha   (  256): ***lockedOrMissing=false***provisioned=true
02-13 18:26:01.852 D/KeyguardViewMediator(  256): doKeyguard: showing the lock screen
02-13 18:26:01.852 D/KeyguardViewMediator(  256): showLocked
02-13 18:26:01.852 D/PowerManagerService(  256): acquireWakeLock flags=0x1 tag=show keyguard
02-13 18:26:01.862 D/KeyguardViewMediator(  256): handleShow
02-13 18:26:01.862 D/KeyguardUpdateMonitor(  256): received broadcast android.intent.action.PHONE_STATE
02-13 18:26:01.862 D/DMC     (  466): IDLE
02-13 18:26:01.862 I/DMC     (  466): VdmcBroadcastReceiver#endCall IN_CALL= false
02-13 18:26:01.862 I/VdmcBroadcastReceiver(  466): ACTION=android.intent.action.PHONE_STATE
02-13 18:26:01.862 I/vDM     (  466): Vdmc getInstance
02-13 18:26:01.862 I/vDM     (  466): Vdmc getInstance
02-13 18:26:01.862 I/LockPatternKeyguardView(  256): updateLockscreenBackground
02-13 18:26:01.862 I/LockPatternKeyguardView(  256): setBackgroundDrawable
02-13 18:26:01.862 I/LockPatternKeyguardView(  256): file not found: etc/customize/default_lockscreen
02-13 18:26:01.872 D/CallManager(  344):  handleMessage (EVENT_DISCONNECT)
02-13 18:26:01.872 I/DATA    (  344): [DCT(0) ] intent received :android.intent.action.VOICE_CALL_ENDED
02-13 18:26:01.872 D/CallManager(  344):  handleMessage (EVENT_PRECISE_CALL_STATE_CHANGED)
02-13 18:26:01.872 D/CallNotifier(  344): handleMessage() Msg Type: 3
02-13 18:26:01.872 D/PhoneApp(  344): old phone type:2, New Phone type:2
02-13 18:26:01.872 D/CallNotifier(  344): DISCONNECT
02-13 18:26:01.872 D/CallNotifier(  344): onDisconnect()...  CallManager state: IDLE
02-13 18:26:01.872 D/CallNotifier(  344): - onDisconnect: cause = ERROR_UNSPECIFIED, incoming = true, date = 1329178326716
02-13 18:26:01.872 D/TransactionService(  770): luowenping --------------------CALL_STATE_IDLE
02-13 18:26:01.872 D/CallNotifier(  344): stopSignalInfoTone: Stopping SignalInfo tone player
02-13 18:26:01.882 D/CallNotifier(  344): stopRing()... (onDisconnect)
02-13 18:26:01.882 D/CallNotifier(  344): - DisconnectCause is ERROR_UNSPECIFIED: play TONE_CALL_ENDED!
02-13 18:26:01.882 D/NotificationMgr(  344): cancelCallInProgressNotification()...
02-13 18:26:01.882 D/NotificationMgr(  344): cancelCallInProgressNotification: 2130837684
02-13 18:26:01.882 D/NotificationMgr(  344): cancelInCall()...
02-13 18:26:01.892 D/KeyguardViewMediator(  256): setHidden false
02-13 18:26:01.912 D/CallNotifier(  344): onDisconnect: force InCallScreen to finish()
02-13 18:26:01.912 D/InCallScreen(  344): finish()...
02-13 18:26:01.912 D/KeyguardViewMediator(  256): setHidden false
02-13 18:26:01.922 D/KeyguardViewMediator(  256): setHidden false
02-13 18:26:01.922 D/CallNotifier(  344): SignalInfoTonePlayer.run(toneId = 98)...
02-13 18:26:01.922 D/ToneGenerator(  344): stopTone
02-13 18:26:01.922 D/ToneGenerator(  344): startTone
02-13 18:26:01.922 D/AudioTrack(  344): start 0x212ef0
02-13 18:26:01.922 D/AudioFlinger(  116): start(4097), calling thread 344 session 4
02-13 18:26:01.922 D/AudioHardwareMSM7X30(  116): setVoiceVolume(1.000000)
02-13 18:26:01.932 D/PowerManagerService(  256): acquireWakeLock flags=0x1 tag=ActivityManager-Sleep
02-13 18:26:01.932 I/hubo    (  256): Activity {android/com.android.server.ShutdownActivity}
02-13 18:26:01.932 D/PowerManagerService(  256): releaseWakeLock flags=0x1 tag=ActivityManager-Sleep
02-13 18:26:01.932 D/AudioTrack(  344): stop 0x212ef0
02-13 18:26:01.932 D/AudioFlinger(  116): stop(4097), calling thread 344
02-13 18:26:01.932 D/CallNotifier(  344): - callLogType: 1, UserData: CallerInfo { name non-null, phoneNumber non-null }
02-13 18:26:01.932 D/PhoneUtils(  344): modifyForSpecialCnapCases: initially, number=9137446943, presentation=1 ci CallerInfo { name non-null, phoneNumber non-null }
02-13 18:26:01.932 D/PhoneUtils(  344): checkCnapSpecialCases, normal str. number: 9137446943
02-13 18:26:01.932 D/PhoneUtils(  344): modifyForSpecialCnapCases: returning number string=9137446943
02-13 18:26:01.932 D/CallNotifier(  344): getLogNumber: 9137446943
02-13 18:26:01.932 D/CallNotifier(  344): - onDisconnect(): logNumber set to: xxxxxxx
02-13 18:26:01.932 D/CallNotifier(  344): - getPresentation(): ignoring connection's presentation: 1
02-13 18:26:01.932 D/CallNotifier(  344): - getPresentation: presentation: 1
02-13 18:26:01.952 D/CallNotifier(  344): - starting post-disconnect tone (5)...
02-13 18:26:01.952 D/AudioHardwareMSM7X30(  116): value of device and enable is 0 1 ALSA dev id:0
02-13 18:26:01.952 D/AudioHardwareMSM7X30(  116): msm_route_stream(PCM_PLAY,5,0,1)
02-13 18:26:01.962 D/CallNotifier(  344): - NOT showing in-call screen; releasing wake locks!
02-13 18:26:01.962 D/PhoneApp(  344): setScreenTimeout(DEFAULT)...
02-13 18:26:01.962 D/PhoneApp(  344): requestWakeState(SLEEP)...
02-13 18:26:01.962 D/CallNotifier(  344): InCallTonePlayer.run(toneId = 5)...
02-13 18:26:01.962 D/AudioTrack(  344): Request AudioFlinger to create track
02-13 18:26:01.982 D/PowerManagerService(  256): releaseWakeLock flags=0x20000001 tag=PhoneApp
02-13 18:26:01.982 D/AudioFlinger(  116): createTrack() lSessionId: 10
02-13 18:26:01.982 D/AudioFlinger(  116): Track constructor name 4098, calling thread 344
02-13 18:26:01.982 D/InCallScreen(  344): Handler: handling message { what=102 when=-110ms obj=android.os.AsyncResult@40713460 } while not in foreground
02-13 18:26:01.982 D/InCallScreen(  344): onDisconnect:  incoming: true state: DISCONNECTED post dial state: NOT_STARTED, cause=ERROR_UNSPECIFIED
02-13 18:26:01.982 D/PowerManagerService(  256): releaseWakeLock flags=0x20 tag=PhoneApp
02-13 18:26:01.982 D/ToneGenerator(  344): startTone
02-13 18:26:01.982 D/AudioTrack(  344): start 0x537480
02-13 18:26:01.982 D/AudioFlinger(  116): start(4098), calling thread 344 session 10
02-13 18:26:01.982 D/AudioHardwareMSM7X30(  116): setVoiceVolume(1.000000)
02-13 18:26:01.982 D/PowerManagerService(  256): setPowerState: mPowerState=0x0 newState=0x3 noChangeLights=false reason=2
02-13 18:26:01.992 D/PhoneApp(  344): requestWakeState(FULL)...
02-13 18:26:01.992 D/PowerManagerService(  256): acquireWakeLock flags=0x3000001a tag=PhoneApp
02-13 18:26:01.992 D/PowerManagerService(  256): UnPartial  wakeLock  reactivate ,flags=0x3000001a tag=PhoneApp
02-13 18:26:01.992 D/InCallScreen(  344): showCallLostDialog()...
02-13 18:26:01.992 D/InCallScreen(  344): showCallLostDialog: not the foreground Activity! Bailing out...
02-13 18:26:01.992 D/InCallScreen(  344): - onDisconnect: delayed bailout...
02-13 18:26:01.992 D/InCallScreen(  344): updateScreen()...
02-13 18:26:01.992 D/InCallScreen(  344): - updateScreen: not the foreground Activity! Bailing out...
02-13 18:26:01.992 D/InCallScreen(  344): - onDisconnect: switching to 'Call ended' state...
02-13 18:26:01.992 D/InCallScreen(  344): setInCallScreenMode: CALL_ENDED
02-13 18:26:01.992 D/InCallScreen(  344): updateMenuButtonHint()...
02-13 18:26:01.992 D/InCallScreen(  344): [okToDialDTMFTones] foreground state: DISCONNECTED, ringing state: false, call screen mode: CALL_ENDED, result: false
02-13 18:26:01.992 D/InCallScreen(  344): isBluetoothAudioConnected: ==> isAudioOn = false
02-13 18:26:01.992 D/InCallScreen(  344): - onDisconnect: cleaning up after FG call disconnect...
02-13 18:26:01.992 D/Phone   (  344): [PhoneNotifier] [DefaultPhoneNotifier] : default, INET, DISCONNECTED
02-13 18:26:01.992 I/TelephonyRegistry(  256): notifyDataConnection: state=0 isDataConnectivityPossible=true reason=2GVoiceCallEnded interfaceName=null networkType=6 apnType=default apn=null
02-13 18:26:01.992 I/TelephonyRegistry(  256): +++broadcastDataConnectionStateChanged
02-13 18:26:01.992 I/TelephonyRegistry(  256): +++sendStickyBroadcast
02-13 18:26:02.002 D/MobileDataStateTracker(  256): [hipri]  MobileDataStateReceiver onReceive(): Entry.
02-13 18:26:02.002 D/MobileDataStateTracker(  256): [hipri]  intent.getAction()= android.intent.action.ANY_DATA_STATE
02-13 18:26:02.002 D/MobileDataStateTracker(  256): [hipri]  mEnabled = false
02-13 18:26:02.002 D/MobileDataStateTracker(  256): [hipri]  apnTypeList = default
02-13 18:26:02.002 D/MobileDataStateTracker(  256): [hipri]  unavailable = false
02-13 18:26:02.002 D/MobileDataStateTracker(  256): [hipri] Do not process intents if disabled.
02-13 18:26:02.002 D/MobileDataStateTracker(  256): [dun]  MobileDataStateReceiver onReceive(): Entry.
02-13 18:26:02.002 D/MobileDataStateTracker(  256): [dun]  intent.getAction()= android.intent.action.ANY_DATA_STATE
02-13 18:26:02.002 D/MobileDataStateTracker(  256): [dun]  mEnabled = false
02-13 18:26:02.012 D/Phone   (  344): [PhoneNotifier] [DefaultPhoneNotifier] : default, INET6, DISCONNECTED
02-13 18:26:02.012 D/MobileDataStateTracker(  256): [dun]  apnTypeList = default
02-13 18:26:02.012 D/MobileDataStateTracker(  256): [dun]  unavailable = false
02-13 18:26:02.012 D/MobileDataStateTracker(  256): [dun] Do not process intents if disabled.
02-13 18:26:02.012 D/MobileDataStateTracker(  256): [supl]  MobileDataStateReceiver onReceive(): Entry.
02-13 18:26:02.012 D/MobileDataStateTracker(  256): [supl]  intent.getAction()= android.intent.action.ANY_DATA_STATE
02-13 18:26:02.012 D/MobileDataStateTracker(  256): [supl]  mEnabled = false
02-13 18:26:02.012 D/MobileDataStateTracker(  256): [supl]  apnTypeList = default
02-13 18:26:02.012 D/MobileDataStateTracker(  256): [supl]  unavailable = false
02-13 18:26:02.012 D/MobileDataStateTracker(  256): [supl] Do not process intents if disabled.
02-13 18:26:02.012 D/MobileDataStateTracker(  256): [mms]  MobileDataStateReceiver onReceive(): Entry.
02-13 18:26:02.012 D/MobileDataStateTracker(  256): [mms]  intent.getAction()= android.intent.action.ANY_DATA_STATE
02-13 18:26:02.012 D/MobileDataStateTracker(  256): [mms]  mEnabled = false
02-13 18:26:02.032 D/MobileDataStateTracker(  256): [mms]  apnTypeList = default
02-13 18:26:02.032 D/MobileDataStateTracker(  256): [mms]  unavailable = false
02-13 18:26:02.032 D/MobileDataStateTracker(  256): [mms] Do not process intents if disabled.
02-13 18:26:02.032 D/MobileDataStateTracker(  256): [default]  MobileDataStateReceiver onReceive(): Entry.
02-13 18:26:02.032 D/MobileDataStateTracker(  256): [default]  intent.getAction()= android.intent.action.ANY_DATA_STATE
02-13 18:26:02.032 D/MobileDataStateTracker(  256): [default]  mEnabled = true
02-13 18:26:02.032 D/MobileDataStateTracker(  256): [default]  apnTypeList = default
02-13 18:26:02.032 D/MobileDataStateTracker(  256): [default]  unavailable = false
02-13 18:26:02.032 D/MobileDataStateTracker(  256): [default] CALL updateMobileInfoFromIntent
02-13 18:26:02.032 I/MobileDataStateTracker(  256): [default] dc state change intent received for default/INET with state  DISCONNECTED. enabled=true state change reason = 2GVoiceCallEnded
02-13 18:26:02.032 I/MobileDataStateTracker(  256): [default] old state = DISCONNECTED
02-13 18:26:02.032 I/MobileDataStateTracker(  256): [default] no change,  just return
02-13 18:26:02.032 D/MobileDataStateTracker(  256): [default] No need to update detailed state
02-13 18:26:02.032 I/TelephonyRegistry(  256): notifyDataConnection: state=0 isDataConnectivityPossible=true reason=2GVoiceCallEnded interfaceName=null networkType=6 apnType=default apn=null
02-13 18:26:02.032 I/TelephonyRegistry(  256): +++broadcastDataConnectionStateChanged
02-13 18:26:02.032 I/TelephonyRegistry(  256): +++sendStickyBroadcast
02-13 18:26:02.042 D/MobileDataStateTracker(  256): [hipri]  MobileDataStateReceiver onReceive(): Entry.
02-13 18:26:02.042 D/MobileDataStateTracker(  256): [hipri]  intent.getAction()= android.intent.action.ANY_DATA_STATE
02-13 18:26:02.042 D/MobileDataStateTracker(  256): [hipri]  mEnabled = false
02-13 18:26:02.042 D/MobileDataStateTracker(  256): [hipri]  apnTypeList = default
02-13 18:26:02.042 D/MobileDataStateTracker(  256): [hipri]  unavailable = false
02-13 18:26:02.042 D/MobileDataStateTracker(  256): [hipri] Do not process intents if disabled.
02-13 18:26:02.042 D/MobileDataStateTracker(  256): [dun]  MobileDataStateReceiver onReceive(): Entry.
02-13 18:26:02.042 D/MobileDataStateTracker(  256): [dun]  intent.getAction()= android.intent.action.ANY_DATA_STATE
02-13 18:26:02.042 D/MobileDataStateTracker(  256): [dun]  mEnabled = false
02-13 18:26:02.042 D/MobileDataStateTracker(  256): [dun]  apnTypeList = default
02-13 18:26:02.042 D/MobileDataStateTracker(  256): [dun]  unavailable = false
02-13 18:26:02.042 D/MobileDataStateTracker(  256): [dun] Do not process intents if disabled.
02-13 18:26:02.042 D/MobileDataStateTracker(  256): [supl]  MobileDataStateReceiver onReceive(): Entry.
02-13 18:26:02.042 D/MobileDataStateTracker(  256): [supl]  intent.getAction()= android.intent.action.ANY_DATA_STATE
02-13 18:26:02.042 D/MobileDataStateTracker(  256): [supl]  mEnabled = false
02-13 18:26:02.042 D/Phone   (  344): [PhoneNotifier] [DefaultPhoneNotifier] : mms, INET, DISCONNECTED
02-13 18:26:02.042 I/TelephonyRegistry(  256): notifyDataConnection: state=0 isDataConnectivityPossible=true reason=2GVoiceCallEnded interfaceName=null networkType=6 apnType=mms apn=null
02-13 18:26:02.042 I/TelephonyRegistry(  256): +++broadcastDataConnectionStateChanged
02-13 18:26:02.042 I/TelephonyRegistry(  256): +++sendStickyBroadcast
02-13 18:26:02.052 D/Phone   (  344): [PhoneNotifier] [DefaultPhoneNotifier] : mms, INET6, DISCONNECTED
02-13 18:26:02.062 D/MobileDataStateTracker(  256): [supl]  apnTypeList = default
02-13 18:26:02.062 D/MobileDataStateTracker(  256): [supl]  unavailable = false
02-13 18:26:02.062 D/MobileDataStateTracker(  256): [supl] Do not process intents if disabled.
02-13 18:26:02.062 D/MobileDataStateTracker(  256): [mms]  MobileDataStateReceiver onReceive(): Entry.
02-13 18:26:02.062 D/MobileDataStateTracker(  256): [mms]  intent.getAction()= android.intent.action.ANY_DATA_STATE
02-13 18:26:02.062 D/MobileDataStateTracker(  256): [mms]  mEnabled = false
02-13 18:26:02.062 I/TelephonyRegistry(  256): notifyDataConnection: state=0 isDataConnectivityPossible=true reason=2GVoiceCallEnded interfaceName=null networkType=6 apnType=mms apn=null
02-13 18:26:02.062 I/TelephonyRegistry(  256): +++broadcastDataConnectionStateChanged
02-13 18:26:02.062 I/TelephonyRegistry(  256): +++sendStickyBroadcast
02-13 18:26:02.062 D/MobileDataStateTracker(  256): [mms]  apnTypeList = default
02-13 18:26:02.062 D/MobileDataStateTracker(  256): [mms]  unavailable = false
02-13 18:26:02.062 D/MobileDataStateTracker(  256): [mms] Do not process intents if disabled.
02-13 18:26:02.062 D/MobileDataStateTracker(  256): [default]  MobileDataStateReceiver onReceive(): Entry.
02-13 18:26:02.062 D/MobileDataStateTracker(  256): [default]  intent.getAction()= android.intent.action.ANY_DATA_STATE
02-13 18:26:02.062 D/MobileDataStateTracker(  256): [default]  mEnabled = true
02-13 18:26:02.062 D/Phone   (  344): [PhoneNotifier] [DefaultPhoneNotifier] : supl, INET, DISCONNECTED
02-13 18:26:02.142 I/TelephonyRegistry(  256): notifyDataConnection: state=0 isDataConnectivityPossible=true reason=2GVoiceCallEnded interfaceName=null networkType=6 apnType=supl apn=null
02-13 18:26:02.142 I/TelephonyRegistry(  256): +++broadcastDataConnectionStateChanged
02-13 18:26:02.152 D/MobileDataStateTracker(  256): [default]  apnTypeList = default
02-13 18:26:02.152 D/MobileDataStateTracker(  256): [default]  unavailable = false
02-13 18:26:02.152 D/MobileDataStateTracker(  256): [default] CALL updateMobileInfoFromIntent
02-13 18:26:02.152 I/MobileDataStateTracker(  256): [default] dc state change intent received for default/INET6 with state  DISCONNECTED. enabled=true state change reason = 2GVoiceCallEnded
02-13 18:26:02.152 I/MobileDataStateTracker(  256): [default] old state = DISCONNECTED
02-13 18:26:02.152 I/MobileDataStateTracker(  256): [default] no change,  just return
02-13 18:26:02.152 D/MobileDataStateTracker(  256): [default] No need to update detailed state
02-13 18:26:02.152 D/MobileDataStateTracker(  256): [hipri]  MobileDataStateReceiver onReceive(): Entry.
02-13 18:26:02.152 D/MobileDataStateTracker(  256): [hipri]  intent.getAction()= android.intent.action.ANY_DATA_STATE
02-13 18:26:02.152 D/MobileDataStateTracker(  256): [hipri]  mEnabled = false
02-13 18:26:02.152 I/TelephonyRegistry(  256): +++sendStickyBroadcast
02-13 18:26:02.152 D/MobileDataStateTracker(  256): [hipri]  apnTypeList = mms
02-13 18:26:02.152 D/MobileDataStateTracker(  256): [hipri]  unavailable = false
02-13 18:26:02.152 D/MobileDataStateTracker(  256): [hipri] Do not process intents if disabled.
02-13 18:26:02.152 D/MobileDataStateTracker(  256): [dun]  MobileDataStateReceiver onReceive(): Entry.
02-13 18:26:02.152 D/MobileDataStateTracker(  256): [dun]  intent.getAction()= android.intent.action.ANY_DATA_STATE
02-13 18:26:02.152 D/MobileDataStateTracker(  256): [dun]  mEnabled = false
02-13 18:26:02.162 D/MobileDataStateTracker(  256): [dun]  apnTypeList = mms
02-13 18:26:02.162 D/MobileDataStateTracker(  256): [dun]  unavailable = false
02-13 18:26:02.162 D/MobileDataStateTracker(  256): [dun] Do not process intents if disabled.
02-13 18:26:02.162 D/MobileDataStateTracker(  256): [supl]  MobileDataStateReceiver onReceive(): Entry.
02-13 18:26:02.162 D/MobileDataStateTracker(  256): [supl]  intent.getAction()= android.intent.action.ANY_DATA_STATE
02-13 18:26:02.162 D/MobileDataStateTracker(  256): [supl]  mEnabled = false
02-13 18:26:02.162 D/MobileDataStateTracker(  256): [supl]  apnTypeList = mms
02-13 18:26:02.162 D/MobileDataStateTracker(  256): [supl]  unavailable = false
02-13 18:26:02.162 D/MobileDataStateTracker(  256): [supl] Do not process intents if disabled.
02-13 18:26:02.162 D/MobileDataStateTracker(  256): [mms]  MobileDataStateReceiver onReceive(): Entry.
02-13 18:26:02.162 D/MobileDataStateTracker(  256): [mms]  intent.getAction()= android.intent.action.ANY_DATA_STATE
02-13 18:26:02.162 D/MobileDataStateTracker(  256): [mms]  mEnabled = false
02-13 18:26:02.162 D/MobileDataStateTracker(  256): [mms]  apnTypeList = mms
02-13 18:26:02.162 D/MobileDataStateTracker(  256): [mms]  unavailable = false
02-13 18:26:02.162 D/MobileDataStateTracker(  256): [mms] Do not process intents if disabled.
02-13 18:26:02.162 D/MobileDataStateTracker(  256): [default]  MobileDataStateReceiver onReceive(): Entry.
02-13 18:26:02.162 D/MobileDataStateTracker(  256): [default]  intent.getAction()= android.intent.action.ANY_DATA_STATE
02-13 18:26:02.162 D/MobileDataStateTracker(  256): [default]  mEnabled = true
02-13 18:26:02.162 D/MobileDataStateTracker(  256): [default]  apnTypeList = mms
