02-13 18:04:46.635 D/MobileDataStateTracker(  256): [supl]  MobileDataStateReceiver onReceive(): Entry.
02-13 18:04:46.635 D/MobileDataStateTracker(  256): [supl]  intent.getAction()= android.intent.action.SERVICE_STATE
02-13 18:04:46.635 D/MobileDataStateTracker(  256): [supl]  mEnabled = false
02-13 18:04:46.635 D/MobileDataStateTracker(  256): [mms]  MobileDataStateReceiver onReceive(): Entry.
02-13 18:04:46.635 D/MobileDataStateTracker(  256): [mms]  intent.getAction()= android.intent.action.SERVICE_STATE
02-13 18:04:46.635 D/MobileDataStateTracker(  256): [mms]  mEnabled = false
02-13 18:04:46.645 D/DATA    (  344): [DSST(0)] pollstate() : reason = data network state changed
02-13 18:04:46.655 D/MobileDataStateTracker(  256): [default]  MobileDataStateReceiver onReceive(): Entry.
02-13 18:04:46.655 D/MobileDataStateTracker(  256): [default]  intent.getAction()= android.intent.action.SERVICE_STATE
02-13 18:04:46.665 D/MobileDataStateTracker(  256): [default]  mEnabled = true
02-13 18:04:46.665 D/MobileDataStateTracker(  256): [hipri]  MobileDataStateReceiver onReceive(): Entry.
02-13 18:04:46.665 D/MobileDataStateTracker(  256): [hipri]  intent.getAction()= android.intent.action.SERVICE_STATE
02-13 18:04:46.665 D/MobileDataStateTracker(  256): [hipri]  mEnabled = false
02-13 18:04:46.665 D/MobileDataStateTracker(  256): [dun]  MobileDataStateReceiver onReceive(): Entry.
02-13 18:04:46.665 D/MobileDataStateTracker(  256): [dun]  intent.getAction()= android.intent.action.SERVICE_STATE
02-13 18:04:46.665 D/MobileDataStateTracker(  256): [dun]  mEnabled = false
02-13 18:04:46.675 D/CallManager(  344):  handleMessage (EVENT_SERVICE_STATE_CHANGED)
02-13 18:04:46.675 E/BT HS/HF(  344): SERVICE_STATE_CHANGED called
02-13 18:04:46.675 E/BT HS/HF(  344): updateServiceState called, sendUpdate:false  ServiceState:0 home Sprint  310099  IS95A CSS not supported 41 4139RoamInd: 1RoamStatus(sprint): 1DefRoamInd: 160EmergOnly: false
02-13 18:04:46.675 E/BT HS/HF(  344): service:1 mService:0
02-13 18:04:46.675 D/CallManager(  344):  handleMessage (EVENT_SERVICE_STATE_CHANGED)
02-13 18:04:46.675 E/BT HS/HF(  344): SERVICE_STATE_CHANGED called
02-13 18:04:46.675 D/MobileDataStateTracker(  256): [supl]  MobileDataStateReceiver onReceive(): Entry.
02-13 18:04:46.685 D/MobileDataStateTracker(  256): [supl]  intent.getAction()= android.intent.action.SERVICE_STATE
02-13 18:04:46.685 D/MobileDataStateTracker(  256): [supl]  mEnabled = false
02-13 18:04:46.685 D/MobileDataStateTracker(  256): [mms]  MobileDataStateReceiver onReceive(): Entry.
02-13 18:04:46.685 D/MobileDataStateTracker(  256): [mms]  intent.getAction()= android.intent.action.SERVICE_STATE
02-13 18:04:46.685 D/MobileDataStateTracker(  256): [mms]  mEnabled = false
02-13 18:04:46.685 E/BT HS/HF(  344): updateServiceState called, sendUpdate:false  ServiceState:0 home Sprint  310099  IS95A CSS not supported 41 4139RoamInd: 1RoamStatus(sprint): 1DefRoamInd: 160EmergOnly: false
02-13 18:04:46.685 E/BT HS/HF(  344): service:1 mService:1
02-13 18:04:46.695 D/MobileDataStateTracker(  256): [default]  MobileDataStateReceiver onReceive(): Entry.
02-13 18:04:46.695 D/MobileDataStateTracker(  256): [default]  intent.getAction()= android.intent.action.SERVICE_STATE
02-13 18:04:46.695 D/MobileDataStateTracker(  256): [default]  mEnabled = true
02-13 18:04:46.695 D/Phone   (  344): [PhoneNotifier] [DefaultPhoneNotifier] : default, INET, DISCONNECTED
02-13 18:04:46.695 I/TelephonyRegistry(  256): notifyDataConnection: state=0 isDataConnectivityPossible=true reason=dataNetworkAttached interfaceName=null networkType=4 apnType=default apn=null
02-13 18:04:46.695 I/TelephonyRegistry(  256): +++broadcastDataConnectionStateChanged
02-13 18:04:46.705 I/TelephonyRegistry(  256): +++sendStickyBroadcast
02-13 18:04:46.705 D/MobileDataStateTracker(  256): [hipri]  MobileDataStateReceiver onReceive(): Entry.
02-13 18:04:46.705 D/MobileDataStateTracker(  256): [hipri]  intent.getAction()= android.intent.action.ANY_DATA_STATE
02-13 18:04:46.705 D/MobileDataStateTracker(  256): [hipri]  mEnabled = false
02-13 18:04:46.705 D/MobileDataStateTracker(  256): [hipri]  apnTypeList = default
02-13 18:04:46.705 D/MobileDataStateTracker(  256): [hipri]  unavailable = false
02-13 18:04:46.705 D/MobileDataStateTracker(  256): [hipri] Do not process intents if disabled.
02-13 18:04:46.705 D/MobileDataStateTracker(  256): [dun]  MobileDataStateReceiver onReceive(): Entry.
02-13 18:04:46.705 D/MobileDataStateTracker(  256): [dun]  intent.getAction()= android.intent.action.ANY_DATA_STATE
02-13 18:04:46.705 D/MobileDataStateTracker(  256): [dun]  mEnabled = false
02-13 18:04:46.715 D/MobileDataStateTracker(  256): [dun]  apnTypeList = default
02-13 18:04:46.715 D/MobileDataStateTracker(  256): [dun]  unavailable = false
02-13 18:04:46.715 D/MobileDataStateTracker(  256): [dun] Do not process intents if disabled.
02-13 18:04:46.715 D/MobileDataStateTracker(  256): [supl]  MobileDataStateReceiver onReceive(): Entry.
02-13 18:04:46.715 D/MobileDataStateTracker(  256): [supl]  intent.getAction()= android.intent.action.ANY_DATA_STATE
02-13 18:04:46.715 D/MobileDataStateTracker(  256): [supl]  mEnabled = false
02-13 18:04:46.715 D/MobileDataStateTracker(  256): [supl]  apnTypeList = default
02-13 18:04:46.715 D/MobileDataStateTracker(  256): [supl]  unavailable = false
02-13 18:04:46.715 D/MobileDataStateTracker(  256): [supl] Do not process intents if disabled.
02-13 18:04:46.715 D/MobileDataStateTracker(  256): [mms]  MobileDataStateReceiver onReceive(): Entry.
02-13 18:04:46.715 D/MobileDataStateTracker(  256): [mms]  intent.getAction()= android.intent.action.ANY_DATA_STATE
02-13 18:04:46.715 D/MobileDataStateTracker(  256): [mms]  mEnabled = false
02-13 18:04:46.715 D/MobileDataStateTracker(  256): [mms]  apnTypeList = default
02-13 18:04:46.715 D/Phone   (  344): [PhoneNotifier] [DefaultPhoneNotifier] : default, INET6, DISCONNECTED
02-13 18:04:46.715 I/TelephonyRegistry(  256): notifyDataConnection: state=0 isDataConnectivityPossible=true reason=dataNetworkAttached interfaceName=null networkType=4 apnType=default apn=null
02-13 18:04:46.715 I/TelephonyRegistry(  256): +++broadcastDataConnectionStateChanged
02-13 18:04:46.715 I/TelephonyRegistry(  256): +++sendStickyBroadcast
02-13 18:04:46.725 D/MobileDataStateTracker(  256): [mms]  unavailable = false
02-13 18:04:46.725 D/MobileDataStateTracker(  256): [mms] Do not process intents if disabled.
02-13 18:04:46.725 D/MobileDataStateTracker(  256): [default]  MobileDataStateReceiver onReceive(): Entry.
02-13 18:04:46.725 D/MobileDataStateTracker(  256): [default]  intent.getAction()= android.intent.action.ANY_DATA_STATE
02-13 18:04:46.725 D/MobileDataStateTracker(  256): [default]  mEnabled = true
02-13 18:04:46.725 D/MobileDataStateTracker(  256): [default]  apnTypeList = default
02-13 18:04:46.725 D/MobileDataStateTracker(  256): [default]  unavailable = false
02-13 18:04:46.725 D/MobileDataStateTracker(  256): [default] CALL updateMobileInfoFromIntent
02-13 18:04:46.725 I/MobileDataStateTracker(  256): [default] dc state change intent received for default/INET with state  DISCONNECTED. enabled=true state change reason = dataNetworkAttached
02-13 18:04:46.725 I/MobileDataStateTracker(  256): [default] old state = CONNECTING
02-13 18:04:46.725 D/Phone   (  344): [PhoneNotifier] [DefaultPhoneNotifier] : mms, INET, DISCONNECTED
02-13 18:04:46.725 I/TelephonyRegistry(  256): notifyDataConnection: state=0 isDataConnectivityPossible=true reason=dataNetworkAttached interfaceName=null networkType=4 apnType=mms apn=null
02-13 18:04:46.725 I/TelephonyRegistry(  256): +++broadcastDataConnectionStateChanged
02-13 18:04:46.735 I/TelephonyRegistry(  256): +++sendStickyBroadcast
02-13 18:04:46.735 I/MobileDataStateTracker(  256): [default] updated mobile state info for INET : [state=DISCONNECTED, iface=null, mApnName=null, mIpAddress=null, mGateway=null]
02-13 18:04:46.735 D/NetworkStateTracker(  256): setDetailed state, old =IDLE and new state=CONNECTING
02-13 18:04:46.735 D/MobileDataStateTracker(  256): [hipri]  MobileDataStateReceiver onReceive(): Entry.
02-13 18:04:46.735 D/MobileDataStateTracker(  256): [hipri]  intent.getAction()= android.intent.action.ANY_DATA_STATE
02-13 18:04:46.735 D/MobileDataStateTracker(  256): [hipri]  mEnabled = false
02-13 18:04:46.735 D/MobileDataStateTracker(  256): [hipri]  apnTypeList = default
02-13 18:04:46.735 D/MobileDataStateTracker(  256): [hipri]  unavailable = false
02-13 18:04:46.735 D/MobileDataStateTracker(  256): [hipri] Do not process intents if disabled.
02-13 18:04:46.745 D/Phone   (  344): [PhoneNotifier] [DefaultPhoneNotifier] : mms, INET6, DISCONNECTED
02-13 18:04:46.745 I/TelephonyRegistry(  256): notifyDataConnection: state=0 isDataConnectivityPossible=true reason=dataNetworkAttached interfaceName=null networkType=4 apnType=mms apn=null
02-13 18:04:46.745 I/TelephonyRegistry(  256): +++broadcastDataConnectionStateChanged
02-13 18:04:46.745 I/TelephonyRegistry(  256): +++sendStickyBroadcast
02-13 18:04:46.745 D/MobileDataStateTracker(  256): [dun]  MobileDataStateReceiver onReceive(): Entry.
02-13 18:04:46.745 D/MobileDataStateTracker(  256): [dun]  intent.getAction()= android.intent.action.ANY_DATA_STATE
02-13 18:04:46.745 D/MobileDataStateTracker(  256): [dun]  mEnabled = false
02-13 18:04:46.755 D/MobileDataStateTracker(  256): [dun]  apnTypeList = default
02-13 18:04:46.755 D/MobileDataStateTracker(  256): [dun]  unavailable = false
02-13 18:04:46.755 D/MobileDataStateTracker(  256): [dun] Do not process intents if disabled.
02-13 18:04:46.755 D/MobileDataStateTracker(  256): [supl]  MobileDataStateReceiver onReceive(): Entry.
02-13 18:04:46.755 D/MobileDataStateTracker(  256): [supl]  intent.getAction()= android.intent.action.ANY_DATA_STATE
02-13 18:04:46.755 D/MobileDataStateTracker(  256): [supl]  mEnabled = false
02-13 18:04:46.755 D/MobileDataStateTracker(  256): [supl]  apnTypeList = default
02-13 18:04:46.755 D/MobileDataStateTracker(  256): [supl]  unavailable = false
02-13 18:04:46.755 D/MobileDataStateTracker(  256): [supl] Do not process intents if disabled.
02-13 18:04:46.755 D/MobileDataStateTracker(  256): [mms]  MobileDataStateReceiver onReceive(): Entry.
02-13 18:04:46.755 D/MobileDataStateTracker(  256): [mms]  intent.getAction()= android.intent.action.ANY_DATA_STATE
02-13 18:04:46.755 D/Phone   (  344): [PhoneNotifier] [DefaultPhoneNotifier] : supl, INET, DISCONNECTED
02-13 18:04:46.765 I/TelephonyRegistry(  256): notifyDataConnection: state=0 isDataConnectivityPossible=true reason=dataNetworkAttached interfaceName=null networkType=4 apnType=supl apn=null
02-13 18:04:46.765 I/TelephonyRegistry(  256): +++broadcastDataConnectionStateChanged
02-13 18:04:46.765 I/TelephonyRegistry(  256): +++sendStickyBroadcast
02-13 18:04:46.765 D/MobileDataStateTracker(  256): [mms]  mEnabled = false
02-13 18:04:46.765 D/Phone   (  344): [PhoneNotifier] [DefaultPhoneNotifier] : supl, INET6, DISCONNECTED
02-13 18:04:46.775 D/MobileDataStateTracker(  256): [mms]  apnTypeList = default
02-13 18:04:46.775 D/MobileDataStateTracker(  256): [mms]  unavailable = false
02-13 18:04:46.775 D/MobileDataStateTracker(  256): [mms] Do not process intents if disabled.
02-13 18:04:46.775 D/MobileDataStateTracker(  256): [default]  MobileDataStateReceiver onReceive(): Entry.
02-13 18:04:46.775 D/MobileDataStateTracker(  256): [default]  intent.getAction()= android.intent.action.ANY_DATA_STATE
02-13 18:04:46.775 D/MobileDataStateTracker(  256): [default]  mEnabled = true
02-13 18:04:46.775 D/MobileDataStateTracker(  256): [default]  apnTypeList = default
02-13 18:04:46.775 D/MobileDataStateTracker(  256): [default]  unavailable = false
02-13 18:04:46.775 D/MobileDataStateTracker(  256): [default] CALL updateMobileInfoFromIntent
02-13 18:04:46.775 I/MobileDataStateTracker(  256): [default] dc state change intent received for default/INET6 with state  DISCONNECTED. enabled=true state change reason = dataNetworkAttached
02-13 18:04:46.775 I/MobileDataStateTracker(  256): [default] old state = CONNECTING
02-13 18:04:46.775 I/MobileDataStateTracker(  256): [default] updated mobile state info for INET6 : [state=DISCONNECTED, iface=null, mApnName=null, mIpAddress=null, mGateway=null]
02-13 18:04:46.775 D/NetworkStateTracker(  256): setDetailed state, old =CONNECTING and new state=DISCONNECTED
02-13 18:04:46.775 W/NetworkStateTracker(  256): ### removeDefaultRoute. do nothing 
02-13 18:04:46.785 I/TelephonyRegistry(  256): notifyDataConnection: state=0 isDataConnectivityPossible=true reason=dataNetworkAttached interfaceName=null networkType=4 apnType=supl apn=null
02-13 18:04:46.785 I/TelephonyRegistry(  256): +++broadcastDataConnectionStateChanged
02-13 18:04:46.785 I/TelephonyRegistry(  256): +++sendStickyBroadcast
02-13 18:04:46.795 D/Phone   (  344): [PhoneNotifier] [DefaultPhoneNotifier] : dun, INET, DISCONNECTED
02-13 18:04:46.795 I/TelephonyRegistry(  256): notifyDataConnection: state=0 isDataConnectivityPossible=true reason=dataNetworkAttached interfaceName=null networkType=4 apnType=dun apn=null
02-13 18:04:46.795 I/TelephonyRegistry(  256): +++broadcastDataConnectionStateChanged
02-13 18:04:46.795 D/MobileDataStateTracker(  256): [hipri]  MobileDataStateReceiver onReceive(): Entry.
02-13 18:04:46.795 D/MobileDataStateTracker(  256): [hipri]  intent.getAction()= android.intent.action.ANY_DATA_STATE
02-13 18:04:46.805 D/MobileDataStateTracker(  256): [hipri]  mEnabled = false
02-13 18:04:46.805 D/MobileDataStateTracker(  256): [hipri]  apnTypeList = mms
02-13 18:04:46.805 D/MobileDataStateTracker(  256): [hipri]  unavailable = false
02-13 18:04:46.805 D/MobileDataStateTracker(  256): [hipri] Do not process intents if disabled.
02-13 18:04:46.805 D/MobileDataStateTracker(  256): [dun]  MobileDataStateReceiver onReceive(): Entry.
02-13 18:04:46.805 D/MobileDataStateTracker(  256): [dun]  intent.getAction()= android.intent.action.ANY_DATA_STATE
02-13 18:04:46.805 D/MobileDataStateTracker(  256): [dun]  mEnabled = false
02-13 18:04:46.805 D/MobileDataStateTracker(  256): [dun]  apnTypeList = mms
02-13 18:04:46.805 D/MobileDataStateTracker(  256): [dun]  unavailable = false
02-13 18:04:46.805 D/MobileDataStateTracker(  256): [dun] Do not process intents if disabled.
02-13 18:04:46.805 D/MobileDataStateTracker(  256): [supl]  MobileDataStateReceiver onReceive(): Entry.
02-13 18:04:46.805 D/MobileDataStateTracker(  256): [supl]  intent.getAction()= android.intent.action.ANY_DATA_STATE
02-13 18:04:46.805 D/MobileDataStateTracker(  256): [supl]  mEnabled = false
02-13 18:04:46.805 D/MobileDataStateTracker(  256): [supl]  apnTypeList = mms
02-13 18:04:46.805 D/MobileDataStateTracker(  256): [supl]  unavailable = false
02-13 18:04:46.805 D/MobileDataStateTracker(  256): [supl] Do not process intents if disabled.
02-13 18:04:46.805 D/MobileDataStateTracker(  256): [mms]  MobileDataStateReceiver onReceive(): Entry.
02-13 18:04:46.805 I/TelephonyRegistry(  256): +++sendStickyBroadcast
02-13 18:04:46.815 D/Phone   (  344): [PhoneNotifier] [DefaultPhoneNotifier] : dun, INET6, DISCONNECTED
02-13 18:04:46.815 I/TelephonyRegistry(  256): notifyDataConnection: state=0 isDataConnectivityPossible=true reason=dataNetworkAttached interfaceName=null networkType=4 apnType=dun apn=null
02-13 18:04:46.815 I/TelephonyRegistry(  256): +++broadcastDataConnectionStateChanged
02-13 18:04:46.815 D/MobileDataStateTracker(  256): [mms]  intent.getAction()= android.intent.action.ANY_DATA_STATE
02-13 18:04:46.815 D/MobileDataStateTracker(  256): [mms]  mEnabled = false
02-13 18:04:46.815 I/TelephonyRegistry(  256): +++sendStickyBroadcast
02-13 18:04:46.825 D/MobileDataStateTracker(  256): [mms]  apnTypeList = mms
02-13 18:04:46.825 D/Phone   (  344): [PhoneNotifier] [DefaultPhoneNotifier] : hipri, INET, DISCONNECTED
02-13 18:04:46.825 D/MobileDataStateTracker(  256): [mms]  unavailable = false
02-13 18:04:46.825 D/MobileDataStateTracker(  256): [mms] Do not process intents if disabled.
02-13 18:04:46.825 D/MobileDataStateTracker(  256): [default]  MobileDataStateReceiver onReceive(): Entry.
02-13 18:04:46.825 D/MobileDataStateTracker(  256): [default]  intent.getAction()= android.intent.action.ANY_DATA_STATE
02-13 18:04:46.825 D/MobileDataStateTracker(  256): [default]  mEnabled = true
02-13 18:04:46.825 D/MobileDataStateTracker(  256): [default]  apnTypeList = mms
02-13 18:04:46.825 D/MobileDataStateTracker(  256): [default]  unavailable = false
02-13 18:04:46.825 D/MobileDataStateTracker(  256): [default] not what we are looking for.
02-13 18:04:46.825 D/MobileDataStateTracker(  256): [hipri]  MobileDataStateReceiver onReceive(): Entry.
02-13 18:04:46.825 D/MobileDataStateTracker(  256): [hipri]  intent.getAction()= android.intent.action.ANY_DATA_STATE
02-13 18:04:46.825 D/MobileDataStateTracker(  256): [hipri]  mEnabled = false
02-13 18:04:46.825 D/MobileDataStateTracker(  256): [hipri]  apnTypeList = mms
02-13 18:04:46.825 D/MobileDataStateTracker(  256): [hipri]  unavailable = false
02-13 18:04:46.835 D/MobileDataStateTracker(  256): [hipri] Do not process intents if disabled.
02-13 18:04:46.835 D/MobileDataStateTracker(  256): [dun]  MobileDataStateReceiver onReceive(): Entry.
02-13 18:04:46.835 D/MobileDataStateTracker(  256): [dun]  intent.getAction()= android.intent.action.ANY_DATA_STATE
02-13 18:04:46.835 D/MobileDataStateTracker(  256): [dun]  mEnabled = false
02-13 18:04:46.835 I/TelephonyRegistry(  256): notifyDataConnection: state=0 isDataConnectivityPossible=true reason=dataNetworkAttached interfaceName=null networkType=4 apnType=hipri apn=null
02-13 18:04:46.835 I/TelephonyRegistry(  256): +++broadcastDataConnectionStateChanged
02-13 18:04:46.835 I/TelephonyRegistry(  256): +++sendStickyBroadcast
02-13 18:04:46.835 D/Phone   (  344): [PhoneNotifier] [DefaultPhoneNotifier] : hipri, INET6, DISCONNECTED
02-13 18:04:46.865 I/TelephonyRegistry(  256): notifyDataConnection: state=0 isDataConnectivityPossible=true reason=dataNetworkAttached interfaceName=null networkType=4 apnType=hipri apn=null
02-13 18:04:46.865 I/TelephonyRegistry(  256): +++broadcastDataConnectionStateChanged
02-13 18:04:46.865 I/TelephonyRegistry(  256): +++sendStickyBroadcast
02-13 18:04:46.865 D/MobileDataStateTracker(  256): [dun]  apnTypeList = mms
02-13 18:04:46.865 D/MobileDataStateTracker(  256): [dun]  unavailable = false
02-13 18:04:46.865 D/MobileDataStateTracker(  256): [dun] Do not process intents if disabled.
02-13 18:04:46.865 D/MobileDataStateTracker(  256): [supl]  MobileDataStateReceiver onReceive(): Entry.
02-13 18:04:46.865 D/MobileDataStateTracker(  256): [supl]  intent.getAction()= android.intent.action.ANY_DATA_STATE
02-13 18:04:46.865 D/MobileDataStateTracker(  256): [supl]  mEnabled = false
02-13 18:04:46.865 D/MobileDataStateTracker(  256): [supl]  apnTypeList = mms
02-13 18:04:46.865 D/MobileDataStateTracker(  256): [supl]  unavailable = false
02-13 18:04:46.865 D/MobileDataStateTracker(  256): [supl] Do not process intents if disabled.
02-13 18:04:46.865 D/MobileDataStateTracker(  256): [mms]  MobileDataStateReceiver onReceive(): Entry.
02-13 18:04:46.865 D/MobileDataStateTracker(  256): [mms]  intent.getAction()= android.intent.action.ANY_DATA_STATE
02-13 18:04:46.865 D/MobileDataStateTracker(  256): [mms]  mEnabled = false
02-13 18:04:46.865 D/MobileDataStateTracker(  256): [mms]  apnTypeList = mms
02-13 18:04:46.865 D/MobileDataStateTracker(  256): [mms]  unavailable = false
02-13 18:04:46.865 D/MobileDataStateTracker(  256): [mms] Do not process intents if disabled.
02-13 18:04:46.865 D/MobileDataStateTracker(  256): [default]  MobileDataStateReceiver onReceive(): Entry.
02-13 18:04:46.865 D/MobileDataStateTracker(  256): [default]  intent.getAction()= android.intent.action.ANY_DATA_STATE
02-13 18:04:46.865 D/MobileDataStateTracker(  256): [default]  mEnabled = true
02-13 18:04:46.875 D/Phone   (  344): [PhoneNotifier] [DefaultPhoneNotifier] : default, INET, DISCONNECTED
02-13 18:04:46.875 D/MobileDataStateTracker(  256): [default]  apnTypeList = mms
02-13 18:04:46.875 D/MobileDataStateTracker(  256): [default]  unavailable = false
02-13 18:04:46.875 D/MobileDataStateTracker(  256): [default] not what we are looking for.
02-13 18:04:46.875 D/MobileDataStateTracker(  256): [hipri]  MobileDataStateReceiver onReceive(): Entry.
02-13 18:04:46.875 D/MobileDataStateTracker(  256): [hipri]  intent.getAction()= android.intent.action.ANY_DATA_STATE
02-13 18:04:46.875 D/MobileDataStateTracker(  256): [hipri]  mEnabled = false
02-13 18:04:46.875 D/MobileDataStateTracker(  256): [hipri]  apnTypeList = supl
02-13 18:04:46.875 D/MobileDataStateTracker(  256): [hipri]  unavailable = false
02-13 18:04:46.875 D/MobileDataStateTracker(  256): [hipri] Do not process intents if disabled.
02-13 18:04:46.875 D/MobileDataStateTracker(  256): [dun]  MobileDataStateReceiver onReceive(): Entry.
02-13 18:04:46.875 D/MobileDataStateTracker(  256): [dun]  intent.getAction()= android.intent.action.ANY_DATA_STATE
02-13 18:04:46.875 D/MobileDataStateTracker(  256): [dun]  mEnabled = false
02-13 18:04:46.885 D/MobileDataStateTracker(  256): [dun]  apnTypeList = supl
02-13 18:04:46.885 D/MobileDataStateTracker(  256): [dun]  unavailable = false
02-13 18:04:46.885 I/TelephonyRegistry(  256): notifyDataConnection: state=0 isDataConnectivityPossible=true reason=radioTechnologyChanged interfaceName=null networkType=4 apnType=default apn=null
02-13 18:04:46.885 I/TelephonyRegistry(  256): +++broadcastDataConnectionStateChanged
02-13 18:04:46.885 I/TelephonyRegistry(  256): +++sendStickyBroadcast
02-13 18:04:46.885 D/Phone   (  344): [PhoneNotifier] [DefaultPhoneNotifier] : default, INET6, DISCONNECTED
02-13 18:04:46.885 D/MobileDataStateTracker(  256): [dun] Do not process intents if disabled.
02-13 18:04:46.885 D/MobileDataStateTracker(  256): [supl]  MobileDataStateReceiver onReceive(): Entry.
02-13 18:04:46.885 D/MobileDataStateTracker(  256): [supl]  intent.getAction()= android.intent.action.ANY_DATA_STATE
02-13 18:04:46.885 D/MobileDataStateTracker(  256): [supl]  mEnabled = false
02-13 18:04:46.895 I/TelephonyRegistry(  256): notifyDataConnection: state=0 isDataConnectivityPossible=true reason=radioTechnologyChanged interfaceName=null networkType=4 apnType=default apn=null
02-13 18:04:46.895 I/TelephonyRegistry(  256): +++broadcastDataConnectionStateChanged
02-13 18:04:46.905 D/MobileDataStateTracker(  256): [supl]  apnTypeList = supl
02-13 18:04:46.905 D/MobileDataStateTracker(  256): [supl]  unavailable = false
02-13 18:04:46.905 D/MobileDataStateTracker(  256): [supl] Do not process intents if disabled.
02-13 18:04:46.905 D/MobileDataStateTracker(  256): [mms]  MobileDataStateReceiver onReceive(): Entry.
02-13 18:04:46.905 D/MobileDataStateTracker(  256): [mms]  intent.getAction()= android.intent.action.ANY_DATA_STATE
02-13 18:04:46.905 D/MobileDataStateTracker(  256): [mms]  mEnabled = false
02-13 18:04:46.905 I/TelephonyRegistry(  256): +++sendStickyBroadcast
02-13 18:04:46.905 D/Phone   (  344): [PhoneNotifier] [DefaultPhoneNotifier] : mms, INET, DISCONNECTED
02-13 18:04:46.905 D/MobileDataStateTracker(  256): [mms]  apnTypeList = supl
02-13 18:04:46.905 D/MobileDataStateTracker(  256): [mms]  unavailable = false
02-13 18:04:46.905 D/MobileDataStateTracker(  256): [mms] Do not process intents if disabled.
02-13 18:04:46.905 D/MobileDataStateTracker(  256): [default]  MobileDataStateReceiver onReceive(): Entry.
02-13 18:04:46.905 D/MobileDataStateTracker(  256): [default]  intent.getAction()= android.intent.action.ANY_DATA_STATE
02-13 18:04:46.905 D/MobileDataStateTracker(  256): [default]  mEnabled = true
02-13 18:04:46.905 I/TelephonyRegistry(  256): notifyDataConnection: state=0 isDataConnectivityPossible=true reason=radioTechnologyChanged interfaceName=null networkType=4 apnType=mms apn=null
02-13 18:04:46.905 I/TelephonyRegistry(  256): +++broadcastDataConnectionStateChanged
02-13 18:04:46.905 I/TelephonyRegistry(  256): +++sendStickyBroadcast
02-13 18:04:46.915 D/Phone   (  344): [PhoneNotifier] [DefaultPhoneNotifier] : mms, INET6, DISCONNECTED
02-13 18:04:46.915 I/TelephonyRegistry(  256): notifyDataConnection: state=0 isDataConnectivityPossible=true reason=radioTechnologyChanged interfaceName=null networkType=4 apnType=mms apn=null
02-13 18:04:46.915 I/TelephonyRegistry(  256): +++broadcastDataConnectionStateChanged
02-13 18:04:46.915 I/TelephonyRegistry(  256): +++sendStickyBroadcast
02-13 18:04:46.915 D/MobileDataStateTracker(  256): [default]  apnTypeList = supl
02-13 18:04:46.915 D/MobileDataStateTracker(  256): [default]  unavailable = false
02-13 18:04:46.915 D/MobileDataStateTracker(  256): [default] not what we are looking for.
02-13 18:04:46.915 D/Tethering(  256): MasterInitialState.processMessage what=3
02-13 18:04:46.925 D/MobileDataStateTracker(  256): [hipri]  MobileDataStateReceiver onReceive(): Entry.
02-13 18:04:46.925 D/MobileDataStateTracker(  256): [hipri]  intent.getAction()= android.intent.action.ANY_DATA_STATE
02-13 18:04:46.925 D/MobileDataStateTracker(  256): [hipri]  mEnabled = false
02-13 18:04:46.925 D/MobileDataStateTracker(  256): [hipri]  apnTypeList = supl
02-13 18:04:46.925 D/MobileDataStateTracker(  256): [hipri]  unavailable = false
02-13 18:04:46.925 D/MobileDataStateTracker(  256): [hipri] Do not process intents if disabled.
02-13 18:04:46.925 D/MobileDataStateTracker(  256): [dun]  MobileDataStateReceiver onReceive(): Entry.
02-13 18:04:46.925 D/MobileDataStateTracker(  256): [dun]  intent.getAction()= android.intent.action.ANY_DATA_STATE
02-13 18:04:46.925 D/MobileDataStateTracker(  256): [dun]  mEnabled = false
02-13 18:04:46.935 D/Phone   (  344): [PhoneNotifier] [DefaultPhoneNotifier] : supl, INET, DISCONNECTED
02-13 18:04:46.935 I/TelephonyRegistry(  256): notifyDataConnection: state=0 isDataConnectivityPossible=true reason=radioTechnologyChanged interfaceName=null networkType=4 apnType=supl apn=null
02-13 18:04:46.935 I/TelephonyRegistry(  256): +++broadcastDataConnectionStateChanged
02-13 18:04:46.935 D/MobileDataStateTracker(  256): [dun]  apnTypeList = supl
02-13 18:04:46.935 D/MobileDataStateTracker(  256): [dun]  unavailable = false
02-13 18:04:46.935 D/MobileDataStateTracker(  256): [dun] Do not process intents if disabled.
02-13 18:04:46.935 D/MobileDataStateTracker(  256): [supl]  MobileDataStateReceiver onReceive(): Entry.
02-13 18:04:46.935 D/MobileDataStateTracker(  256): [supl]  intent.getAction()= android.intent.action.ANY_DATA_STATE
02-13 18:04:46.935 D/MobileDataStateTracker(  256): [supl]  mEnabled = false
02-13 18:04:46.935 I/TelephonyRegistry(  256): +++sendStickyBroadcast
02-13 18:04:46.945 D/MobileDataStateTracker(  256): [supl]  apnTypeList = supl
02-13 18:04:46.945 D/MobileDataStateTracker(  256): [supl]  unavailable = false
02-13 18:04:46.945 D/MobileDataStateTracker(  256): [supl] Do not process intents if disabled.
02-13 18:04:46.945 D/MobileDataStateTracker(  256): [mms]  MobileDataStateReceiver onReceive(): Entry.
02-13 18:04:46.945 D/MobileDataStateTracker(  256): [mms]  intent.getAction()= android.intent.action.ANY_DATA_STATE
02-13 18:04:46.945 D/MobileDataStateTracker(  256): [mms]  mEnabled = false
02-13 18:04:46.945 D/Phone   (  344): [PhoneNotifier] [DefaultPhoneNotifier] : supl, INET6, DISCONNECTED
02-13 18:04:46.945 I/TelephonyRegistry(  256): notifyDataConnection: state=0 isDataConnectivityPossible=true reason=radioTechnologyChanged interfaceName=null networkType=4 apnType=supl apn=null
02-13 18:04:46.945 I/TelephonyRegistry(  256): +++broadcastDataConnectionStateChanged
02-13 18:04:46.945 I/TelephonyRegistry(  256): +++sendStickyBroadcast
02-13 18:04:46.955 D/Phone   (  344): [PhoneNotifier] [DefaultPhoneNotifier] : dun, INET, DISCONNECTED
02-13 18:04:46.955 D/MobileDataStateTracker(  256): [mms]  apnTypeList = supl
02-13 18:04:46.955 D/MobileDataStateTracker(  256): [mms]  unavailable = false
02-13 18:04:46.955 D/MobileDataStateTracker(  256): [mms] Do not process intents if disabled.
02-13 18:04:46.955 D/MobileDataStateTracker(  256): [default]  MobileDataStateReceiver onReceive(): Entry.
02-13 18:04:46.955 D/MobileDataStateTracker(  256): [default]  intent.getAction()= android.intent.action.ANY_DATA_STATE
02-13 18:04:46.955 D/MobileDataStateTracker(  256): [default]  mEnabled = true
02-13 18:04:46.955 D/MobileDataStateTracker(  256): [default]  apnTypeList = supl
02-13 18:04:46.955 D/MobileDataStateTracker(  256): [default]  unavailable = false
02-13 18:04:46.955 D/MobileDataStateTracker(  256): [default] not what we are looking for.
02-13 18:04:46.955 D/MobileDataStateTracker(  256): [hipri]  MobileDataStateReceiver onReceive(): Entry.
02-13 18:04:46.955 D/MobileDataStateTracker(  256): [hipri]  intent.getAction()= android.intent.action.ANY_DATA_STATE
02-13 18:04:46.955 D/MobileDataStateTracker(  256): [hipri]  mEnabled = false
02-13 18:04:46.955 D/MobileDataStateTracker(  256): [hipri]  apnTypeList = dun
02-13 18:04:46.955 D/MobileDataStateTracker(  256): [hipri]  unavailable = false
02-13 18:04:46.955 D/MobileDataStateTracker(  256): [hipri] Do not process intents if disabled.
02-13 18:04:46.955 D/MobileDataStateTracker(  256): [dun]  MobileDataStateReceiver onReceive(): Entry.
02-13 18:04:46.955 D/MobileDataStateTracker(  256): [dun]  intent.getAction()= android.intent.action.ANY_DATA_STATE
02-13 18:04:46.955 D/MobileDataStateTracker(  256): [dun]  mEnabled = false
02-13 18:04:46.955 I/TelephonyRegistry(  256): notifyDataConnection: state=0 isDataConnectivityPossible=true reason=radioTechnologyChanged interfaceName=null networkType=4 apnType=dun apn=null
02-13 18:04:46.955 I/TelephonyRegistry(  256): +++broadcastDataConnectionStateChanged
02-13 18:04:46.955 I/TelephonyRegistry(  256): +++sendStickyBroadcast
02-13 18:04:46.965 D/Phone   (  344): [PhoneNotifier] [DefaultPhoneNotifier] : dun, INET6, DISCONNECTED
02-13 18:04:46.965 I/TelephonyRegistry(  256): notifyDataConnection: state=0 isDataConnectivityPossible=true reason=radioTechnologyChanged interfaceName=null networkType=4 apnType=dun apn=null
02-13 18:04:46.965 I/TelephonyRegistry(  256): +++broadcastDataConnectionStateChanged
02-13 18:04:46.965 I/TelephonyRegistry(  256): +++sendStickyBroadcast
02-13 18:04:46.975 D/MobileDataStateTracker(  256): [dun]  apnTypeList = dun
02-13 18:04:46.975 D/MobileDataStateTracker(  256): [dun]  unavailable = false
02-13 18:04:46.975 D/MobileDataStateTracker(  256): [dun] Do not process intents if disabled.
02-13 18:04:46.975 D/MobileDataStateTracker(  256): [supl]  MobileDataStateReceiver onReceive(): Entry.
02-13 18:04:46.975 D/MobileDataStateTracker(  256): [supl]  intent.getAction()= android.intent.action.ANY_DATA_STATE
02-13 18:04:46.975 D/MobileDataStateTracker(  256): [supl]  mEnabled = false
02-13 18:04:46.975 D/MobileDataStateTracker(  256): [supl]  apnTypeList = dun
02-13 18:04:46.975 D/MobileDataStateTracker(  256): [supl]  unavailable = false
02-13 18:04:46.975 D/MobileDataStateTracker(  256): [supl] Do not process intents if disabled.
02-13 18:04:46.975 D/MobileDataStateTracker(  256): [mms]  MobileDataStateReceiver onReceive(): Entry.
02-13 18:04:46.975 D/MobileDataStateTracker(  256): [mms]  intent.getAction()= android.intent.action.ANY_DATA_STATE
02-13 18:04:46.975 D/MobileDataStateTracker(  256): [mms]  mEnabled = false
02-13 18:04:46.975 D/Phone   (  344): [PhoneNotifier] [DefaultPhoneNotifier] : hipri, INET, DISCONNECTED
02-13 18:04:46.975 I/TelephonyRegistry(  256): notifyDataConnection: state=0 isDataConnectivityPossible=true reason=radioTechnologyChanged interfaceName=null networkType=4 apnType=hipri apn=null
02-13 18:04:46.975 I/TelephonyRegistry(  256): +++broadcastDataConnectionStateChanged
02-13 18:04:46.975 I/TelephonyRegistry(  256): +++sendStickyBroadcast
02-13 18:04:46.995 D/Phone   (  344): [PhoneNotifier] [DefaultPhoneNotifier] : hipri, INET6, DISCONNECTED
02-13 18:04:46.995 I/TelephonyRegistry(  256): notifyDataConnection: state=0 isDataConnectivityPossible=true reason=radioTechnologyChanged interfaceName=null networkType=4 apnType=hipri apn=null
02-13 18:04:46.995 I/TelephonyRegistry(  256): +++broadcastDataConnectionStateChanged
02-13 18:04:46.995 I/TelephonyRegistry(  256): +++sendStickyBroadcast
02-13 18:04:47.005 D/MobileDataStateTracker(  256): [mms]  apnTypeList = dun
02-13 18:04:47.005 D/MobileDataStateTracker(  256): [mms]  unavailable = false
02-13 18:04:47.005 D/MobileDataStateTracker(  256): [mms] Do not process intents if disabled.
02-13 18:04:47.005 D/MobileDataStateTracker(  256): [default]  MobileDataStateReceiver onReceive(): Entry.
02-13 18:04:47.005 D/MobileDataStateTracker(  256): [default]  intent.getAction()= android.intent.action.ANY_DATA_STATE
02-13 18:04:47.005 D/MobileDataStateTracker(  256): [default]  mEnabled = true
02-13 18:04:47.005 D/MobileDataStateTracker(  256): [default]  apnTypeList = dun
02-13 18:04:47.005 D/MobileDataStateTracker(  256): [default]  unavailable = false
02-13 18:04:47.005 D/MobileDataStateTracker(  256): [default] not what we are looking for.
02-13 18:04:47.005 D/MobileDataStateTracker(  256): [hipri]  MobileDataStateReceiver onReceive(): Entry.
02-13 18:04:47.005 D/MobileDataStateTracker(  256): [hipri]  intent.getAction()= android.intent.action.ANY_DATA_STATE
02-13 18:04:47.005 D/MobileDataStateTracker(  256): [hipri]  mEnabled = false
02-13 18:04:47.015 D/MobileDataStateTracker(  256): [hipri]  apnTypeList = dun
02-13 18:04:47.015 D/MobileDataStateTracker(  256): [hipri]  unavailable = false
02-13 18:04:47.015 D/MobileDataStateTracker(  256): [hipri] Do not process intents if disabled.
02-13 18:04:47.015 D/MobileDataStateTracker(  256): [dun]  MobileDataStateReceiver onReceive(): Entry.
02-13 18:04:47.015 D/MobileDataStateTracker(  256): [dun]  intent.getAction()= android.intent.action.ANY_DATA_STATE
02-13 18:04:47.015 D/MobileDataStateTracker(  256): [dun]  mEnabled = false
02-13 18:04:47.015 D/DATA    (  344): [DCT(0) ] Resetting all profiles and service states!
02-13 18:04:47.025 D/MobileDataStateTracker(  256): [dun]  apnTypeList = dun
02-13 18:04:47.025 D/MobileDataStateTracker(  256): [dun]  unavailable = false
02-13 18:04:47.025 D/MobileDataStateTracker(  256): [dun] Do not process intents if disabled.
02-13 18:04:47.025 D/MobileDataStateTracker(  256): [supl]  MobileDataStateReceiver onReceive(): Entry.
02-13 18:04:47.025 D/MobileDataStateTracker(  256): [supl]  intent.getAction()= android.intent.action.ANY_DATA_STATE
02-13 18:04:47.025 D/MobileDataStateTracker(  256): [supl]  mEnabled = false
02-13 18:04:47.025 D/MobileDataStateTracker(  256): [supl]  apnTypeList = dun
02-13 18:04:47.025 D/MobileDataStateTracker(  256): [supl]  unavailable = false
02-13 18:04:47.025 D/MobileDataStateTracker(  256): [supl] Do not process intents if disabled.
02-13 18:04:47.025 D/MobileDataStateTracker(  256): [mms]  MobileDataStateReceiver onReceive(): Entry.
02-13 18:04:47.025 D/MobileDataStateTracker(  256): [mms]  intent.getAction()= android.intent.action.ANY_DATA_STATE
02-13 18:04:47.025 D/MobileDataStateTracker(  256): [mms]  mEnabled = false
02-13 18:04:47.035 D/MobileDataStateTracker(  256): [mms]  apnTypeList = dun
02-13 18:04:47.035 D/MobileDataStateTracker(  256): [mms]  unavailable = false
02-13 18:04:47.035 D/MobileDataStateTracker(  256): [mms] Do not process intents if disabled.
02-13 18:04:47.035 D/MobileDataStateTracker(  256): [default]  MobileDataStateReceiver onReceive(): Entry.
02-13 18:04:47.035 D/MobileDataStateTracker(  256): [default]  intent.getAction()= android.intent.action.ANY_DATA_STATE
02-13 18:04:47.035 D/MobileDataStateTracker(  256): [default]  mEnabled = true
02-13 18:04:47.035 D/MobileDataStateTracker(  256): [default]  apnTypeList = dun
02-13 18:04:47.045 D/MobileDataStateTracker(  256): [default]  unavailable = false
02-13 18:04:47.045 D/MobileDataStateTracker(  256): [default] not what we are looking for.
02-13 18:04:47.045 D/MobileDataStateTracker(  256): [hipri]  MobileDataStateReceiver onReceive(): Entry.
02-13 18:04:47.045 D/MobileDataStateTracker(  256): [hipri]  intent.getAction()= android.intent.action.ANY_DATA_STATE
02-13 18:04:47.045 D/MobileDataStateTracker(  256): [hipri]  mEnabled = false
02-13 18:04:47.055 D/DATA    (  344): [DSST(0)]  registrationState = 1  radioTechnology = 6 reasonForDenial = 0
02-13 18:04:47.055 D/DATA    (  344): [DSST(0)]  set mNewDataConnectionState = 0
02-13 18:04:47.055 D/DATA    (  344): [DSST(0)]  mNewDataConnectionState : 0  mDataConnectionState : 0
02-13 18:04:47.055 D/DATA    (  344): [DSST(0)] Poll ServiceState done: oldSS=[0 home null null null  IS95A CSS not supported -1 -1RoamInd: -1RoamStatus(sprint): -1DefRoamInd: -1EmergOnly: false] newSS=[0 home null null null  1xRTT CSS not supported -1 -1RoamInd: -1RoamStatus(sprint): -1DefRoamInd: -1EmergOnly: false]
02-13 18:04:47.055 D/DATA    (  344): [DSST(0)]  mDataConnectionState = 0
02-13 18:04:47.055 D/MobileDataStateTracker(  256): [hipri] subType changed, oldSubtype = 4new subtype = 7
02-13 18:04:47.055 D/MobileDataStateTracker(  256): [hipri]  apnTypeList = hipri
02-13 18:04:47.055 D/MobileDataStateTracker(  256): [hipri]  unavailable = false
02-13 18:04:47.055 D/MobileDataStateTracker(  256): [hipri] Do not process intents if disabled.
02-13 18:04:47.055 D/MobileDataStateTracker(  256): [dun]  MobileDataStateReceiver onReceive(): Entry.
02-13 18:04:47.065 D/MobileDataStateTracker(  256): [dun]  intent.getAction()= android.intent.action.ANY_DATA_STATE
02-13 18:04:47.065 D/MobileDataStateTracker(  256): [dun]  mEnabled = false
02-13 18:04:47.075 D/PhoneApp(  344): mReceiver: ACTION_ANY_DATA_CONNECTION_STATE_CHANGED
02-13 18:04:47.075 D/PhoneApp(  344): - state: DISCONNECTED
02-13 18:04:47.075 D/MobileDataStateTracker(  256): [dun] subType changed, oldSubtype = 4new subtype = 7
02-13 18:04:47.075 D/MobileDataStateTracker(  256): [dun]  apnTypeList = hipri
02-13 18:04:47.075 D/MobileDataStateTracker(  256): [dun]  unavailable = false
02-13 18:04:47.075 D/MobileDataStateTracker(  256): [dun] Do not process intents if disabled.
02-13 18:04:47.075 D/MobileDataStateTracker(  256): [supl]  MobileDataStateReceiver onReceive(): Entry.
02-13 18:04:47.075 D/MobileDataStateTracker(  256): [supl]  intent.getAction()= android.intent.action.ANY_DATA_STATE
02-13 18:04:47.075 D/MobileDataStateTracker(  256): [supl]  mEnabled = false
02-13 18:04:47.075 D/MobileDataStateTracker(  256): [supl] subType changed, oldSubtype = 4new subtype = 7
02-13 18:04:47.085 D/MobileDataStateTracker(  256): [supl]  apnTypeList = hipri
02-13 18:04:47.085 D/PhoneApp(  344): - reason: dataNetworkAttached
02-13 18:04:47.085 D/PhoneApp(  344): mReceiver: ACTION_ANY_DATA_CONNECTION_STATE_CHANGED
02-13 18:04:47.085 D/PhoneApp(  344): - state: DISCONNECTED
02-13 18:04:47.085 D/PhoneApp(  344): - reason: dataNetworkAttached
02-13 18:04:47.085 D/PhoneApp(  344): mReceiver: ACTION_ANY_DATA_CONNECTION_STATE_CHANGED
02-13 18:04:47.085 D/PhoneApp(  344): - state: DISCONNECTED
02-13 18:04:47.085 D/PhoneApp(  344): - reason: dataNetworkAttached
02-13 18:04:47.085 D/PhoneApp(  344): mReceiver: ACTION_ANY_DATA_CONNECTION_STATE_CHANGED
02-13 18:04:47.085 D/PhoneApp(  344): - state: DISCONNECTED
02-13 18:04:47.085 D/PhoneApp(  344): - reason: dataNetworkAttached
02-13 18:04:47.085 D/MobileDataStateTracker(  256): [supl]  unavailable = false
02-13 18:04:47.085 D/MobileDataStateTracker(  256): [supl] Do not process intents if disabled.
02-13 18:04:47.085 D/MobileDataStateTracker(  256): [mms]  MobileDataStateReceiver onReceive(): Entry.
02-13 18:04:47.085 D/MobileDataStateTracker(  256): [mms]  intent.getAction()= android.intent.action.ANY_DATA_STATE
02-13 18:04:47.085 D/MobileDataStateTracker(  256): [mms]  mEnabled = false
02-13 18:04:47.085 D/MobileDataStateTracker(  256): [mms] subType changed, oldSubtype = 4new subtype = 7
02-13 18:04:47.085 D/MobileDataStateTracker(  256): [mms]  apnTypeList = hipri
02-13 18:04:47.085 D/MobileDataStateTracker(  256): [mms]  unavailable = false
02-13 18:04:47.085 D/MobileDataStateTracker(  256): [mms] Do not process intents if disabled.
02-13 18:04:47.085 D/MobileDataStateTracker(  256): [default]  MobileDataStateReceiver onReceive(): Entry.
02-13 18:04:47.085 D/MobileDataStateTracker(  256): [default]  intent.getAction()= android.intent.action.ANY_DATA_STATE
02-13 18:04:47.085 D/MobileDataStateTracker(  256): [default]  mEnabled = true
02-13 18:04:47.085 D/MobileDataStateTracker(  256): [default] subType changed, oldSubtype = 4new subtype = 7
02-13 18:04:47.085 D/PhoneApp(  344): mReceiver: ACTION_ANY_DATA_CONNECTION_STATE_CHANGED
02-13 18:04:47.085 D/PhoneApp(  344): - state: DISCONNECTED
02-13 18:04:47.085 D/PhoneApp(  344): - reason: dataNetworkAttached
02-13 18:04:47.085 D/PhoneApp(  344): mReceiver: ACTION_ANY_DATA_CONNECTION_STATE_CHANGED
02-13 18:04:47.085 D/PhoneApp(  344): - state: DISCONNECTED
02-13 18:04:47.085 D/PhoneApp(  344): - reason: dataNetworkAttached
02-13 18:04:47.095 D/PhoneApp(  344): mReceiver: ACTION_ANY_DATA_CONNECTION_STATE_CHANGED
02-13 18:04:47.095 D/PhoneApp(  344): - state: DISCONNECTED
02-13 18:04:47.095 D/PhoneApp(  344): - reason: dataNetworkAttached
02-13 18:04:47.095 D/PhoneApp(  344): mReceiver: ACTION_ANY_DATA_CONNECTION_STATE_CHANGED
02-13 18:04:47.095 D/PhoneApp(  344): - state: DISCONNECTED
02-13 18:04:47.095 D/PhoneApp(  344): - reason: dataNetworkAttached
02-13 18:04:47.095 D/PhoneApp(  344): mReceiver: ACTION_ANY_DATA_CONNECTION_STATE_CHANGED
02-13 18:04:47.095 D/PhoneApp(  344): - state: DISCONNECTED
02-13 18:04:47.095 D/PhoneApp(  344): - reason: dataNetworkAttached
02-13 18:04:47.095 D/PhoneApp(  344): mReceiver: ACTION_ANY_DATA_CONNECTION_STATE_CHANGED
02-13 18:04:47.095 D/PhoneApp(  344): - state: DISCONNECTED
02-13 18:04:47.095 D/PhoneApp(  344): - reason: dataNetworkAttached
02-13 18:04:47.105 D/MobileDataStateTracker(  256): [default]  apnTypeList = hipri
02-13 18:04:47.105 D/MobileDataStateTracker(  256): [default]  unavailable = false
02-13 18:04:47.105 D/MobileDataStateTracker(  256): [default] not what we are looking for.
02-13 18:04:47.105 D/MobileDataStateTracker(  256): [hipri]  MobileDataStateReceiver onReceive(): Entry.
02-13 18:04:47.105 D/MobileDataStateTracker(  256): [hipri]  intent.getAction()= android.intent.action.ANY_DATA_STATE
02-13 18:04:47.105 D/MobileDataStateTracker(  256): [hipri]  mEnabled = false
02-13 18:04:47.105 D/MobileDataStateTracker(  256): [hipri]  apnTypeList = hipri
02-13 18:04:47.105 D/MobileDataStateTracker(  256): [hipri]  unavailable = false
02-13 18:04:47.105 D/MobileDataStateTracker(  256): [hipri] Do not process intents if disabled.
02-13 18:04:47.105 D/MobileDataStateTracker(  256): [dun]  MobileDataStateReceiver onReceive(): Entry.
02-13 18:04:47.105 D/MobileDataStateTracker(  256): [dun]  intent.getAction()= android.intent.action.ANY_DATA_STATE
02-13 18:04:47.105 D/MobileDataStateTracker(  256): [dun]  mEnabled = false
02-13 18:04:47.105 D/MobileDataStateTracker(  256): [dun]  apnTypeList = hipri
02-13 18:04:47.115 I/DATA    (  344): [DCT(0) ] onUpdateDataConnections [ignored] : reason=dataNetworkAttached
02-13 18:04:47.115 I/DATA    (  344): [DCT(0) ] wait for the dc disconnect to complete
02-13 18:04:47.115 D/PhoneApp(  344): mReceiver: ACTION_ANY_DATA_CONNECTION_STATE_CHANGED
02-13 18:04:47.115 D/MobileDataStateTracker(  256): [dun]  unavailable = false
02-13 18:04:47.115 D/MobileDataStateTracker(  256): [dun] Do not process intents if disabled.
02-13 18:04:47.115 D/MobileDataStateTracker(  256): [supl]  MobileDataStateReceiver onReceive(): Entry.
02-13 18:04:47.115 D/MobileDataStateTracker(  256): [supl]  intent.getAction()= android.intent.action.ANY_DATA_STATE
02-13 18:04:47.115 D/MobileDataStateTracker(  256): [supl]  mEnabled = false
02-13 18:04:47.115 D/MobileDataStateTracker(  256): [supl]  apnTypeList = hipri
02-13 18:04:47.115 D/MobileDataStateTracker(  256): [supl]  unavailable = false
02-13 18:04:47.115 D/MobileDataStateTracker(  256): [supl] Do not process intents if disabled.
02-13 18:04:47.115 D/MobileDataStateTracker(  256): [mms]  MobileDataStateReceiver onReceive(): Entry.
02-13 18:04:47.115 D/MobileDataStateTracker(  256): [mms]  intent.getAction()= android.intent.action.ANY_DATA_STATE
02-13 18:04:47.115 D/MobileDataStateTracker(  256): [mms]  mEnabled = false
02-13 18:04:47.115 D/MobileDataStateTracker(  256): [mms]  apnTypeList = hipri
02-13 18:04:47.115 D/MobileDataStateTracker(  256): [mms]  unavailable = false
02-13 18:04:47.115 D/MobileDataStateTracker(  256): [mms] Do not process intents if disabled.
02-13 18:04:47.115 D/MobileDataStateTracker(  256): [default]  MobileDataStateReceiver onReceive(): Entry.
02-13 18:04:47.115 D/MobileDataStateTracker(  256): [default]  intent.getAction()= android.intent.action.ANY_DATA_STATE
02-13 18:04:47.115 D/MobileDataStateTracker(  256): [default]  mEnabled = true
02-13 18:04:47.115 D/PhoneApp(  344): - state: DISCONNECTED
02-13 18:04:47.115 D/PhoneApp(  344): - reason: radioTechnologyChanged
02-13 18:04:47.115 D/PhoneApp(  344): mReceiver: ACTION_ANY_DATA_CONNECTION_STATE_CHANGED
02-13 18:04:47.115 D/PhoneApp(  344): - state: DISCONNECTED
02-13 18:04:47.115 D/PhoneApp(  344): - reason: radioTechnologyChanged
02-13 18:04:47.115 D/PhoneApp(  344): mReceiver: ACTION_ANY_DATA_CONNECTION_STATE_CHANGED
02-13 18:04:47.115 D/PhoneApp(  344): - state: DISCONNECTED
02-13 18:04:47.115 D/PhoneApp(  344): - reason: radioTechnologyChanged
02-13 18:04:47.115 D/PhoneApp(  344): mReceiver: ACTION_ANY_DATA_CONNECTION_STATE_CHANGED
02-13 18:04:47.115 D/PhoneApp(  344): - state: DISCONNECTED
02-13 18:04:47.115 D/PhoneApp(  344): - reason: radioTechnologyChanged
02-13 18:04:47.125 D/MobileDataStateTracker(  256): [default]  apnTypeList = hipri
02-13 18:04:47.125 D/MobileDataStateTracker(  256): [default]  unavailable = false
02-13 18:04:47.125 D/MobileDataStateTracker(  256): [default] not what we are looking for.
02-13 18:04:47.125 D/MobileDataStateTracker(  256): [hipri]  MobileDataStateReceiver onReceive(): Entry.
02-13 18:04:47.125 D/MobileDataStateTracker(  256): [hipri]  intent.getAction()= android.intent.action.ANY_DATA_STATE
02-13 18:04:47.125 D/MobileDataStateTracker(  256): [hipri]  mEnabled = false
02-13 18:04:47.125 D/MobileDataStateTracker(  256): [hipri]  apnTypeList = default
02-13 18:04:47.125 D/MobileDataStateTracker(  256): [hipri]  unavailable = false
02-13 18:04:47.125 D/MobileDataStateTracker(  256): [hipri] Do not process intents if disabled.
02-13 18:04:47.125 D/MobileDataStateTracker(  256): [dun]  MobileDataStateReceiver onReceive(): Entry.
02-13 18:04:47.125 D/MobileDataStateTracker(  256): [dun]  intent.getAction()= android.intent.action.ANY_DATA_STATE
02-13 18:04:47.125 D/MobileDataStateTracker(  256): [dun]  mEnabled = false
02-13 18:04:47.135 D/MobileDataStateTracker(  256): [dun]  apnTypeList = default
02-13 18:04:47.135 D/MobileDataStateTracker(  256): [dun]  unavailable = false
02-13 18:04:47.135 D/MobileDataStateTracker(  256): [dun] Do not process intents if disabled.
02-13 18:04:47.135 D/MobileDataStateTracker(  256): [supl]  MobileDataStateReceiver onReceive(): Entry.
02-13 18:04:47.135 D/MobileDataStateTracker(  256): [supl]  intent.getAction()= android.intent.action.ANY_DATA_STATE
02-13 18:04:47.135 D/MobileDataStateTracker(  256): [supl]  mEnabled = false
02-13 18:04:47.135 D/PhoneApp(  344): mReceiver: ACTION_ANY_DATA_CONNECTION_STATE_CHANGED
02-13 18:04:47.135 D/PhoneApp(  344): - state: DISCONNECTED
02-13 18:04:47.135 D/PhoneApp(  344): - reason: radioTechnologyChanged
02-13 18:04:47.135 D/PhoneApp(  344): mReceiver: ACTION_ANY_DATA_CONNECTION_STATE_CHANGED
02-13 18:04:47.135 D/PhoneApp(  344): - state: DISCONNECTED
02-13 18:04:47.135 D/PhoneApp(  344): - reason: radioTechnologyChanged
02-13 18:04:47.135 D/PhoneApp(  344): mReceiver: ACTION_ANY_DATA_CONNECTION_STATE_CHANGED
02-13 18:04:47.135 D/PhoneApp(  344): - state: DISCONNECTED
02-13 18:04:47.135 D/PhoneApp(  344): - reason: radioTechnologyChanged
02-13 18:04:47.145 D/MobileDataStateTracker(  256): [supl]  apnTypeList = default
02-13 18:04:47.145 D/MobileDataStateTracker(  256): [supl]  unavailable = false
02-13 18:04:47.145 D/MobileDataStateTracker(  256): [supl] Do not process intents if disabled.
02-13 18:04:47.145 D/MobileDataStateTracker(  256): [mms]  MobileDataStateReceiver onReceive(): Entry.
02-13 18:04:47.145 D/MobileDataStateTracker(  256): [mms]  intent.getAction()= android.intent.action.ANY_DATA_STATE
02-13 18:04:47.145 D/MobileDataStateTracker(  256): [mms]  mEnabled = false
02-13 18:04:47.145 D/MobileDataStateTracker(  256): [mms]  apnTypeList = default
02-13 18:04:47.145 D/MobileDataStateTracker(  256): [mms]  unavailable = false
02-13 18:04:47.145 D/MobileDataStateTracker(  256): [mms] Do not process intents if disabled.
02-13 18:04:47.145 D/MobileDataStateTracker(  256): [default]  MobileDataStateReceiver onReceive(): Entry.
02-13 18:04:47.145 D/MobileDataStateTracker(  256): [default]  intent.getAction()= android.intent.action.ANY_DATA_STATE
02-13 18:04:47.145 D/MobileDataStateTracker(  256): [default]  mEnabled = true
02-13 18:04:47.145 D/PhoneApp(  344): mReceiver: ACTION_ANY_DATA_CONNECTION_STATE_CHANGED
02-13 18:04:47.145 D/PhoneApp(  344): - state: DISCONNECTED
02-13 18:04:47.145 D/PhoneApp(  344): - reason: radioTechnologyChanged
02-13 18:04:47.145 D/PhoneApp(  344): mReceiver: ACTION_ANY_DATA_CONNECTION_STATE_CHANGED
02-13 18:04:47.145 D/PhoneApp(  344): - state: DISCONNECTED
02-13 18:04:47.145 D/PhoneApp(  344): - reason: radioTechnologyChanged
02-13 18:04:47.145 D/PhoneApp(  344): mReceiver: ACTION_ANY_DATA_CONNECTION_STATE_CHANGED
02-13 18:04:47.145 D/PhoneApp(  344): - state: DISCONNECTED
02-13 18:04:47.145 D/PhoneApp(  344): - reason: radioTechnologyChanged
02-13 18:04:47.145 I/DATA    (  344): [DCT(0) ] onUpdateDataConnections: reason=radioTechnologyChanged
02-13 18:04:47.145 I/DATA    (  344): [DCT(0) ] ---dc list---
