02-13 18:08:45.131 D/Bitmap  (  770):       android.view.ViewGroup.drawChild(ViewGroup.java:1647)
02-13 18:08:45.131 D/Bitmap  (  770):       android.view.ViewGroup.dispatchDraw(ViewGroup.java:1376)
02-13 18:08:45.131 D/Bitmap  (  770):       android.view.View.draw(View.java:6986)
02-13 18:08:45.131 D/Bitmap  (  770):       android.widget.FrameLayout.draw(FrameLayout.java:357)
02-13 18:08:45.131 D/Bitmap  (  770):       android.view.ViewGroup.drawChild(ViewGroup.java:1649)
02-13 18:08:45.131 D/Bitmap  (  770):       android.view.ViewGroup.dispatchDraw(ViewGroup.java:1376)
02-13 18:08:45.131 D/Bitmap  (  770):       android.view.View.draw(View.java:6883)
02-13 18:08:45.131 D/Bitmap  (  770):       android.view.ViewGroup.drawChild(ViewGroup.java:1649)
02-13 18:08:45.131 D/Bitmap  (  770):       android.view.ViewGroup.dispatchDraw(ViewGroup.java:1376)
02-13 18:08:45.131 D/Bitmap  (  770):       android.view.View.draw(View.java:6883)
02-13 18:08:45.131 D/Bitmap  (  770):       android.widget.FrameLayout.draw(FrameLayout.java:357)
02-13 18:08:45.131 D/Bitmap  (  770):       android.view.ViewGroup.drawChild(ViewGroup.java:1649)
02-13 18:08:45.131 D/Bitmap  (  770):       android.view.ViewGroup.dispatchDraw(ViewGroup.java:1376)
02-13 18:08:45.131 D/Bitmap  (  770):       android.view.ViewGroup.drawChild(ViewGroup.java:1647)
02-13 18:08:45.131 D/Bitmap  (  770):       android.view.ViewGroup.dispatchDraw(ViewGroup.java:1376)
02-13 18:08:45.131 D/Bitmap  (  770):       android.view.View.draw(View.java:6883)
02-13 18:08:45.131 D/Bitmap  (  770):       android.widget.FrameLayout.draw(FrameLayout.java:357)
02-13 18:08:45.131 D/Bitmap  (  770):       com.android.internal.policy.impl.PhoneWindow$DecorView.draw(PhoneWindow.java:1866)
02-13 18:08:45.131 D/Bitmap  (  770):       android.view.ViewRoot.draw(ViewRoot.java:1526)
02-13 18:08:45.131 D/Bitmap  (  770):       android.view.ViewRoot.performTraversals(ViewRoot.java:1262)
02-13 18:08:45.131 D/Bitmap  (  770):       android.view.ViewRoot.handleMessage(ViewRoot.java:1864)
02-13 18:08:45.131 D/Bitmap  (  770):       android.os.Handler.dispatchMessage(Handler.java:99)
02-13 18:08:45.131 D/Bitmap  (  770):       android.os.Looper.loop(Looper.java:130)
02-13 18:08:45.131 D/Bitmap  (  770):       android.app.ActivityThread.main(ActivityThread.java:3704)
02-13 18:08:45.131 D/Bitmap  (  770):       java.lang.reflect.Method.invokeNative(Native Method)
02-13 18:08:45.131 D/Bitmap  (  770):       java.lang.reflect.Method.invoke(Method.java:507)
02-13 18:08:45.131 D/Bitmap  (  770):       com.android.internal.os.ZygoteInit$MethodAndArgsCaller.run(ZygoteInit.java:875)
02-13 18:08:45.131 D/Bitmap  (  770):       com.android.internal.os.ZygoteInit.main(ZygoteInit.java:633)
02-13 18:08:45.131 D/Bitmap  (  770):       dalvik.system.NativeStart.main(Native Method)
02-13 18:08:45.131 D/Bitmap  (  770): _
02-13 18:08:45.131 D/Bitmap  (  770): Detect unrecycled bitmap.
02-13 18:08:45.131 D/Bitmap  (  770):       Size: 87552 Bytes, Width: 304 , Height: 144 , Hash code: 1080041712
02-13 18:08:45.131 D/Bitmap  (  770):  This bimap was created in:
02-13 18:08:45.131 D/Bitmap  (  770):       android.graphics.Bitmap.<init>(Bitmap.java:136)
02-13 18:08:45.131 D/Bitmap  (  770):       android.graphics.Bitmap.nativeCreate(Native Method)
02-13 18:08:45.131 D/Bitmap  (  770):       android.graphics.Bitmap.createBitmap(Bitmap.java:547)
02-13 18:08:45.131 D/Bitmap  (  770):       android.view.View.buildDrawingCache(View.java:6577)
02-13 18:08:45.181 D/Bitmap  (  770):       android.view.View.getDrawingCache(View.java:6428)
02-13 18:08:45.181 D/Bitmap  (  770):       android.view.ViewGroup.drawChild(ViewGroup.java:1574)
02-13 18:08:45.181 D/Bitmap  (  770):       android.view.ViewGroup.dispatchDraw(ViewGroup.java:1376)
02-13 18:08:45.181 D/Bitmap  (  770):       android.widget.AbsListView.dispatchDraw(AbsListView.java:1480)
02-13 18:08:45.181 D/Bitmap  (  770):       android.widget.ListView.dispatchDraw(ListView.java:3138)
02-13 18:08:45.181 D/Bitmap  (  770):       android.view.View.draw(View.java:6883)
02-13 18:08:45.181 D/Bitmap  (  770):       android.widget.AbsListView.draw(AbsListView.java:2588)
02-13 18:08:45.181 D/Bitmap  (  770):       android.view.ViewGroup.drawChild(ViewGroup.java:1649)
02-13 18:08:45.181 D/Bitmap  (  770):       android.view.ViewGroup.dispatchDraw(ViewGroup.java:1376)
02-13 18:08:45.181 D/Bitmap  (  770):       android.view.ViewGroup.drawChild(ViewGroup.java:1647)
02-13 18:08:45.181 D/Bitmap  (  770):       android.view.ViewGroup.dispatchDraw(ViewGroup.java:1376)
02-13 18:08:45.181 D/Bitmap  (  770):       android.view.ViewGroup.drawChild(ViewGroup.java:1647)
02-13 18:08:45.181 D/Bitmap  (  770):       android.view.ViewGroup.dispatchDraw(ViewGroup.java:1376)
02-13 18:08:45.181 D/Bitmap  (  770):       android.view.View.draw(View.java:6986)
02-13 18:08:45.181 D/Bitmap  (  770):       android.widget.FrameLayout.draw(FrameLayout.java:357)
02-13 18:08:45.181 D/Bitmap  (  770):       android.view.ViewGroup.drawChild(ViewGroup.java:1649)
02-13 18:08:45.181 D/Bitmap  (  770):       android.view.ViewGroup.dispatchDraw(ViewGroup.java:1376)
02-13 18:08:45.181 D/Bitmap  (  770):       android.view.View.draw(View.java:6883)
02-13 18:08:45.181 D/Bitmap  (  770):       android.view.ViewGroup.drawChild(ViewGroup.java:1649)
02-13 18:08:45.181 D/Bitmap  (  770):       android.view.ViewGroup.dispatchDraw(ViewGroup.java:1376)
02-13 18:08:45.181 D/Bitmap  (  770):       android.view.View.draw(View.java:6883)
02-13 18:08:45.181 D/Bitmap  (  770):       android.widget.FrameLayout.draw(FrameLayout.java:357)
02-13 18:08:45.181 D/Bitmap  (  770):       android.view.ViewGroup.drawChild(ViewGroup.java:1649)
02-13 18:08:45.181 D/Bitmap  (  770):       android.view.ViewGroup.dispatchDraw(ViewGroup.java:1376)
02-13 18:08:45.181 D/Bitmap  (  770):       android.view.ViewGroup.drawChild(ViewGroup.java:1647)
02-13 18:08:45.181 D/Bitmap  (  770):       android.view.ViewGroup.dispatchDraw(ViewGroup.java:1376)
02-13 18:08:45.181 D/Bitmap  (  770):       android.view.View.draw(View.java:6883)
02-13 18:08:45.181 D/Bitmap  (  770):       android.widget.FrameLayout.draw(FrameLayout.java:357)
02-13 18:08:45.181 D/Bitmap  (  770):       com.android.internal.policy.impl.PhoneWindow$DecorView.draw(PhoneWindow.java:1866)
02-13 18:08:45.181 D/Bitmap  (  770):       android.view.ViewRoot.draw(ViewRoot.java:1526)
02-13 18:08:45.181 D/Bitmap  (  770):       android.view.ViewRoot.performTraversals(ViewRoot.java:1262)
02-13 18:08:45.181 D/Bitmap  (  770):       android.view.ViewRoot.handleMessage(ViewRoot.java:1864)
02-13 18:08:45.181 D/Bitmap  (  770):       android.os.Handler.dispatchMessage(Handler.java:99)
02-13 18:08:45.181 D/Bitmap  (  770):       android.os.Looper.loop(Looper.java:130)
02-13 18:08:45.181 D/Bitmap  (  770):       android.app.ActivityThread.main(ActivityThread.java:3704)
02-13 18:08:45.181 D/Bitmap  (  770):       java.lang.reflect.Method.invokeNative(Native Method)
02-13 18:08:45.181 D/Bitmap  (  770):       java.lang.reflect.Method.invoke(Method.java:507)
02-13 18:08:45.181 D/Bitmap  (  770):       com.android.internal.os.ZygoteInit$MethodAndArgsCaller.run(ZygoteInit.java:875)
02-13 18:08:45.181 D/Bitmap  (  770):       com.android.internal.os.ZygoteInit.main(ZygoteInit.java:633)
02-13 18:08:45.181 D/Bitmap  (  770):       dalvik.system.NativeStart.main(Native Method)
02-13 18:08:45.181 D/Bitmap  (  770): _
02-13 18:08:45.181 D/Bitmap  (  770): Detect unrecycled bitmap.
02-13 18:08:45.181 D/Bitmap  (  770):       Size: 49248 Bytes, Width: 304 , Height: 81 , Hash code: 1080166800
02-13 18:08:45.181 D/Bitmap  (  770):  This bimap was created in:
02-13 18:08:45.181 D/Bitmap  (  770):       android.graphics.Bitmap.<init>(Bitmap.java:136)
02-13 18:08:45.181 D/Bitmap  (  770):       android.graphics.Bitmap.nativeCreate(Native Method)
02-13 18:08:45.181 D/Bitmap  (  770):       android.graphics.Bitmap.createBitmap(Bitmap.java:547)
02-13 18:08:45.181 D/Bitmap  (  770):       android.view.View.buildDrawingCache(View.java:6577)
02-13 18:08:45.181 D/Bitmap  (  770):       android.view.View.getDrawingCache(View.java:6428)
02-13 18:08:45.181 D/Bitmap  (  770):       android.view.ViewGroup.drawChild(ViewGroup.java:1574)
02-13 18:08:45.181 D/Bitmap  (  770):       android.view.ViewGroup.dispatchDraw(ViewGroup.java:1376)
02-13 18:08:45.181 D/Bitmap  (  770):       android.widget.AbsListView.dispatchDraw(AbsListView.java:1480)
02-13 18:08:45.181 D/Bitmap  (  770):       android.widget.ListView.dispatchDraw(ListView.java:3138)
02-13 18:08:45.181 D/Bitmap  (  770):       android.view.View.draw(View.java:6883)
02-13 18:08:45.181 D/Bitmap  (  770):       android.widget.AbsListView.draw(AbsListView.java:2588)
02-13 18:08:45.181 D/Bitmap  (  770):       android.view.ViewGroup.drawChild(ViewGroup.java:1649)
02-13 18:08:45.181 D/Bitmap  (  770):       android.view.ViewGroup.dispatchDraw(ViewGroup.java:1376)
02-13 18:08:45.181 D/Bitmap  (  770):       android.view.ViewGroup.drawChild(ViewGroup.java:1647)
02-13 18:08:45.181 D/Bitmap  (  770):       android.view.ViewGroup.dispatchDraw(ViewGroup.java:1376)
02-13 18:08:45.181 D/Bitmap  (  770):       android.view.ViewGroup.drawChild(ViewGroup.java:1647)
02-13 18:08:45.181 D/Bitmap  (  770):       android.view.ViewGroup.dispatchDraw(ViewGroup.java:1376)
02-13 18:08:45.181 D/Bitmap  (  770):       android.view.View.draw(View.java:6986)
02-13 18:08:45.181 D/Bitmap  (  770):       android.widget.FrameLayout.draw(FrameLayout.java:357)
02-13 18:08:45.181 D/Bitmap  (  770):       android.view.ViewGroup.drawChild(ViewGroup.java:1649)
02-13 18:08:45.181 D/Bitmap  (  770):       android.view.ViewGroup.dispatchDraw(ViewGroup.java:1376)
02-13 18:08:45.181 D/Bitmap  (  770):       android.view.View.draw(View.java:6883)
02-13 18:08:45.181 D/Bitmap  (  770):       android.view.ViewGroup.drawChild(ViewGroup.java:1649)
02-13 18:08:45.181 D/Bitmap  (  770):       android.view.ViewGroup.dispatchDraw(ViewGroup.java:1376)
02-13 18:08:45.181 D/Bitmap  (  770):       android.view.View.draw(View.java:6883)
02-13 18:08:45.181 D/Bitmap  (  770):       android.widget.FrameLayout.draw(FrameLayout.java:357)
02-13 18:08:45.181 D/Bitmap  (  770):       android.view.ViewGroup.drawChild(ViewGroup.java:1649)
02-13 18:08:45.181 D/Bitmap  (  770):       android.view.ViewGroup.dispatchDraw(ViewGroup.java:1376)
02-13 18:08:45.181 D/Bitmap  (  770):       android.view.ViewGroup.drawChild(ViewGroup.java:1647)
02-13 18:08:45.181 D/Bitmap  (  770):       android.view.ViewGroup.dispatchDraw(ViewGroup.java:1376)
02-13 18:08:45.181 D/Bitmap  (  770):       android.view.View.draw(View.java:6883)
02-13 18:08:45.181 D/Bitmap  (  770):       android.widget.FrameLayout.draw(FrameLayout.java:357)
02-13 18:08:45.181 D/Bitmap  (  770):       com.android.internal.policy.impl.PhoneWindow$DecorView.draw(PhoneWindow.java:1866)
02-13 18:08:45.181 D/Bitmap  (  770):       android.view.ViewRoot.draw(ViewRoot.java:1526)
02-13 18:08:45.181 D/Bitmap  (  770):       android.view.ViewRoot.performTraversals(ViewRoot.java:1262)
02-13 18:08:45.181 D/Bitmap  (  770):       android.view.ViewRoot.handleMessage(ViewRoot.java:1864)
02-13 18:08:45.181 D/Bitmap  (  770):       android.os.Handler.dispatchMessage(Handler.java:99)
02-13 18:08:45.181 D/Bitmap  (  770):       android.os.Looper.loop(Looper.java:130)
02-13 18:08:45.181 D/Bitmap  (  770):       android.app.ActivityThread.main(ActivityThread.java:3704)
02-13 18:08:45.181 D/Bitmap  (  770):       java.lang.reflect.Method.invokeNative(Native Method)
02-13 18:08:45.181 D/Bitmap  (  770):       java.lang.reflect.Method.invoke(Method.java:507)
02-13 18:08:45.181 D/Bitmap  (  770):       com.android.internal.os.ZygoteInit$MethodAndArgsCaller.run(ZygoteInit.java:875)
02-13 18:08:45.181 D/Bitmap  (  770):       com.android.internal.os.ZygoteInit.main(ZygoteInit.java:633)
02-13 18:08:45.181 D/Bitmap  (  770):       dalvik.system.NativeStart.main(Native Method)
02-13 18:08:45.181 D/Bitmap  (  770): _
02-13 18:08:51.827 I/DATA    (  344): [DCT(0) ] onDataCallListChanged:
02-13 18:08:51.827 I/DATA    (  344): [DCT(0) ] ---dc state list---
02-13 18:08:51.827 I/DATA    (  344): [DCT(0) ] DataCallState: { cid: 0, active: 1, type: , apn: , address: 173.155.101.96 }
02-13 18:08:51.827 I/DATA    (  344): [DCT(0) ] ---dc list---
02-13 18:08:51.827 I/DATA    (  344): [DCT(0) ] cid = 0, state = DcActiveState, bearerType = IP, ipaddress = 173.155.101.96, gw=173.155.101.97, dns=[68.28.67.132, 68.28.68.132]
02-13 18:08:56.632 E/rmt_storage(  137): [MyTag]open: fd=-1
02-13 18:08:56.632 E/rmt_storage(  137): block rmt_storage client thread
02-13 18:09:00.015 D/KeyguardUpdateMonitor(  256): received broadcast android.intent.action.TIME_TICK
02-13 18:09:00.015 D/KeyguardUpdateMonitor(  256): handleTimeUpdate
02-13 18:09:21.756 D/Mms:app (  770): mCmasCursor.getCount() =0
02-13 18:09:21.756 D/Mms:app (  770): in updateCmasNotifications--unreadCMASCursor.getCount() <= 0
02-13 18:09:21.776 I/Mms:app (  770): pengzhe updateDownloadFailedNotification getDownloadFailedMessageCount =0
02-13 18:09:21.907 D/KeyguardViewMediator(  256): setHidden false
02-13 18:09:21.917 D/KeyguardViewMediator(  256): setHidden false
02-13 18:09:21.917 D/KeyguardViewMediator(  256): setHidden false
02-13 18:09:21.927 D/KeyguardViewMediator(  256): setHidden false
02-13 18:09:21.927 D/KeyguardViewMediator(  256): setHidden false
02-13 18:09:21.937 D/KeyguardViewMediator(  256): setHidden false
02-13 18:09:21.937 D/Mms     (  770): formatTimeStampString1 ,when = 1329160934923
02-13 18:09:21.937 D/Mms     (  770): formatTimeStampString2 ,when = 1329160934923
02-13 18:09:21.937 D/MessageItem(  770): MessageItem ,expiryDate = 0
02-13 18:09:21.947 D/KeyguardViewMediator(  256): setHidden false
02-13 18:09:21.957 D/KeyguardViewMediator(  256): setHidden false
02-13 18:09:21.967 D/KeyguardViewMediator(  256): setHidden false
02-13 18:09:21.987 D/KeyguardViewMediator(  256): setHidden false
02-13 18:09:21.987 D/KeyguardViewMediator(  256): setHidden false
02-13 18:09:21.997 D/KeyguardViewMediator(  256): setHidden false
02-13 18:09:22.007 D/KeyguardViewMediator(  256): setHidden false
02-13 18:09:22.017 D/KeyguardViewMediator(  256): setHidden false
02-13 18:09:22.027 D/KeyguardViewMediator(  256): setHidden false
02-13 18:09:22.047 D/KeyguardViewMediator(  256): setHidden false
02-13 18:09:22.067 D/KeyguardViewMediator(  256): setHidden false
02-13 18:09:22.077 D/KeyguardViewMediator(  256): setHidden false
02-13 18:09:22.097 D/KeyguardViewMediator(  256): setHidden false
02-13 18:09:22.117 D/KeyguardViewMediator(  256): setHidden false
02-13 18:09:22.127 D/KeyguardViewMediator(  256): setHidden false
02-13 18:09:22.147 D/KeyguardViewMediator(  256): setHidden false
02-13 18:09:22.167 D/KeyguardViewMediator(  256): setHidden false
02-13 18:09:22.177 D/KeyguardViewMediator(  256): setHidden false
02-13 18:09:22.197 D/KeyguardViewMediator(  256): setHidden false
02-13 18:09:22.207 D/KeyguardViewMediator(  256): setHidden false
02-13 18:09:22.227 D/KeyguardViewMediator(  256): setHidden false
02-13 18:09:22.247 D/KeyguardViewMediator(  256): setHidden false
02-13 18:09:22.257 D/KeyguardViewMediator(  256): setHidden false
02-13 18:09:22.277 D/KeyguardViewMediator(  256): setHidden false
02-13 18:09:22.307 D/KeyguardViewMediator(  256): setHidden false
02-13 18:09:22.327 D/KeyguardViewMediator(  256): setHidden false
02-13 18:09:22.337 D/KeyguardViewMediator(  256): setHidden false
02-13 18:09:22.948 D/KeyguardViewMediator(  256): setHidden false
02-13 18:09:22.978 D/KeyguardViewMediator(  256): setHidden false
02-13 18:09:22.988 D/KeyguardViewMediator(  256): setHidden false
02-13 18:09:23.008 I/DATA    (  344): [DCT(0) ] onDataCallListChanged:
02-13 18:09:23.008 I/DATA    (  344): [DCT(0) ] ---dc state list---
02-13 18:09:23.008 I/DATA    (  344): [DCT(0) ] DataCallState: { cid: 0, active: 2, type: , apn: , address: 173.155.101.96 }
02-13 18:09:23.008 I/DATA    (  344): [DCT(0) ] ---dc list---
02-13 18:09:23.008 I/DATA    (  344): [DCT(0) ] cid = 0, state = DcActiveState, bearerType = IP, ipaddress = 173.155.101.96, gw=173.155.101.97, dns=[68.28.67.132, 68.28.68.132]
02-13 18:09:23.038 I/Mms/compose(  770): SLIDESHOW updateSendButtonState enable = true
02-13 18:09:23.038 I/Mms/compose(  770): SLIDESHOW setSendButtonText isMms = false
02-13 18:09:23.038 I/Mms/compose(  770): SLIDESHOW setSendButtonText isMms = false
02-13 18:09:23.058 D/KeyguardViewMediator(  256): setHidden false
02-13 18:09:23.068 D/KeyguardViewMediator(  256): setHidden false
02-13 18:09:23.078 D/KeyguardViewMediator(  256): setHidden false
02-13 18:09:23.088 D/KeyguardViewMediator(  256): setHidden false
02-13 18:09:23.098 D/KeyguardViewMediator(  256): setHidden false
02-13 18:09:23.118 D/KeyguardViewMediator(  256): setHidden false
02-13 18:09:23.138 D/KeyguardViewMediator(  256): setHidden false
02-13 18:09:23.148 D/KeyguardViewMediator(  256): setHidden false
02-13 18:09:23.168 D/KeyguardViewMediator(  256): setHidden false
02-13 18:09:23.178 D/KeyguardViewMediator(  256): setHidden false
02-13 18:09:23.178 D/KeyguardViewMediator(  256): setHidden false
02-13 18:09:23.188 D/KeyguardViewMediator(  256): setHidden false
02-13 18:09:23.198 D/KeyguardViewMediator(  256): setHidden false
02-13 18:09:23.218 D/KeyguardViewMediator(  256): setHidden false
02-13 18:09:23.228 D/KeyguardViewMediator(  256): setHidden false
02-13 18:09:23.248 D/KeyguardViewMediator(  256): setHidden false
02-13 18:09:23.258 D/KeyguardViewMediator(  256): setHidden false
02-13 18:09:23.278 I/Mms/compose(  770): SLIDESHOW updateSendButtonState enable = true
02-13 18:09:23.278 D/KeyguardViewMediator(  256): setHidden false
02-13 18:09:23.278 I/Mms/compose(  770): SLIDESHOW setSendButtonText isMms = false
02-13 18:09:23.278 I/Mms/compose(  770): SLIDESHOW setSendButtonText isMms = false
02-13 18:09:23.298 D/KeyguardViewMediator(  256): setHidden false
02-13 18:09:23.298 D/KeyguardViewMediator(  256): setHidden false
02-13 18:09:23.308 D/KeyguardViewMediator(  256): setHidden false
02-13 18:09:23.328 D/KeyguardViewMediator(  256): setHidden false
02-13 18:09:23.338 D/KeyguardViewMediator(  256): setHidden false
02-13 18:09:23.358 D/KeyguardViewMediator(  256): setHidden false
02-13 18:09:23.378 D/KeyguardViewMediator(  256): setHidden false
02-13 18:09:23.378 D/KeyguardViewMediator(  256): setHidden false
02-13 18:09:23.378 D/KeyguardViewMediator(  256): setHidden false
02-13 18:09:23.388 D/KeyguardViewMediator(  256): setHidden false
02-13 18:09:23.788 D/KeyguardViewMediator(  256): setHidden false
02-13 18:09:23.798 D/KeyguardViewMediator(  256): setHidden false
02-13 18:09:23.808 D/KeyguardViewMediator(  256): setHidden false
02-13 18:09:23.888 I/Mms/compose(  770): SLIDESHOW updateSendButtonState enable = true
02-13 18:09:23.888 I/Mms/compose(  770): SLIDESHOW setSendButtonText isMms = false
02-13 18:09:23.888 I/Mms/compose(  770): SLIDESHOW setSendButtonText isMms = false
02-13 18:09:23.899 I/Mms/compose(  770): SLIDESHOW updateSendButtonState enable = true
02-13 18:09:23.899 I/Mms/compose(  770): SLIDESHOW setSendButtonText isMms = false
02-13 18:09:23.899 I/Mms/compose(  770): SLIDESHOW setSendButtonText isMms = false
02-13 18:09:23.919 D/KeyguardViewMediator(  256): setHidden false
02-13 18:09:23.929 D/KeyguardViewMediator(  256): setHidden false
02-13 18:09:23.949 D/KeyguardViewMediator(  256): setHidden false
02-13 18:09:23.969 D/KeyguardViewMediator(  256): setHidden false
02-13 18:09:23.979 D/KeyguardViewMediator(  256): setHidden false
02-13 18:09:23.999 D/KeyguardViewMediator(  256): setHidden false
02-13 18:09:24.009 D/KeyguardViewMediator(  256): setHidden false
02-13 18:09:24.039 D/KeyguardViewMediator(  256): setHidden false
02-13 18:09:24.309 D/KeyguardViewMediator(  256): setHidden false
02-13 18:09:24.329 D/KeyguardViewMediator(  256): setHidden false
02-13 18:09:24.349 D/KeyguardViewMediator(  256): setHidden false
02-13 18:09:24.419 I/Mms/compose(  770): SLIDESHOW updateSendButtonState enable = true
02-13 18:09:24.419 I/Mms/compose(  770): SLIDESHOW setSendButtonText isMms = false
02-13 18:09:24.419 I/Mms/compose(  770): SLIDESHOW setSendButtonText isMms = false
02-13 18:09:24.439 D/KeyguardViewMediator(  256): setHidden false
02-13 18:09:24.449 D/KeyguardViewMediator(  256): setHidden false
02-13 18:09:24.469 D/KeyguardViewMediator(  256): setHidden false
02-13 18:09:24.489 D/KeyguardViewMediator(  256): setHidden false
02-13 18:09:24.499 D/KeyguardViewMediator(  256): setHidden false
02-13 18:09:24.509 D/KeyguardViewMediator(  256): setHidden false
02-13 18:09:24.519 D/KeyguardViewMediator(  256): setHidden false
02-13 18:09:24.519 D/KeyguardViewMediator(  256): setHidden false
02-13 18:09:24.529 D/KeyguardViewMediator(  256): setHidden false
02-13 18:09:24.539 D/KeyguardViewMediator(  256): setHidden false
02-13 18:09:24.619 I/Mms/compose(  770): SLIDESHOW updateSendButtonState enable = true
02-13 18:09:24.619 I/Mms/compose(  770): SLIDESHOW setSendButtonText isMms = false
02-13 18:09:24.619 I/Mms/compose(  770): SLIDESHOW setSendButtonText isMms = false
02-13 18:09:24.639 D/KeyguardViewMediator(  256): setHidden false
02-13 18:09:24.659 D/KeyguardViewMediator(  256): setHidden false
02-13 18:09:24.669 D/KeyguardViewMediator(  256): setHidden false
02-13 18:09:24.689 D/KeyguardViewMediator(  256): setHidden false
02-13 18:09:24.699 D/KeyguardViewMediator(  256): setHidden false
02-13 18:09:24.719 D/KeyguardViewMediator(  256): setHidden false
02-13 18:09:24.739 D/KeyguardViewMediator(  256): setHidden false
02-13 18:09:24.749 D/KeyguardViewMediator(  256): setHidden false
02-13 18:09:24.769 D/KeyguardViewMediator(  256): setHidden false
02-13 18:09:24.779 D/KeyguardViewMediator(  256): setHidden false
02-13 18:09:24.799 D/KeyguardViewMediator(  256): setHidden false
02-13 18:09:24.829 I/Mms/compose(  770): SLIDESHOW updateSendButtonState enable = true
02-13 18:09:24.829 I/Mms/compose(  770): SLIDESHOW setSendButtonText isMms = false
02-13 18:09:24.829 I/Mms/compose(  770): SLIDESHOW setSendButtonText isMms = false
02-13 18:09:24.849 D/KeyguardViewMediator(  256): setHidden false
02-13 18:09:24.859 D/KeyguardViewMediator(  256): setHidden false
02-13 18:09:24.879 D/KeyguardViewMediator(  256): setHidden false
02-13 18:09:24.899 D/KeyguardViewMediator(  256): setHidden false
02-13 18:09:24.909 D/KeyguardViewMediator(  256): setHidden false
02-13 18:09:24.930 D/KeyguardViewMediator(  256): setHidden false
02-13 18:09:24.950 D/KeyguardViewMediator(  256): setHidden false
02-13 18:09:24.950 D/KeyguardViewMediator(  256): setHidden false
02-13 18:09:25.200 D/KeyguardViewMediator(  256): setHidden false
02-13 18:09:25.220 D/KeyguardViewMediator(  256): setHidden false
02-13 18:09:25.230 D/KeyguardViewMediator(  256): setHidden false
02-13 18:09:25.290 I/Mms/compose(  770): SLIDESHOW updateSendButtonState enable = true
02-13 18:09:25.290 I/Mms/compose(  770): SLIDESHOW setSendButtonText isMms = false
02-13 18:09:25.300 I/Mms/compose(  770): SLIDESHOW setSendButtonText isMms = false
02-13 18:09:25.330 I/Mms/compose(  770): SLIDESHOW updateSendButtonState enable = true
02-13 18:09:25.330 I/Mms/compose(  770): SLIDESHOW setSendButtonText isMms = false
02-13 18:09:25.330 I/Mms/compose(  770): SLIDESHOW setSendButtonText isMms = false
02-13 18:09:25.370 D/KeyguardViewMediator(  256): setHidden false
02-13 18:09:25.380 D/KeyguardViewMediator(  256): setHidden false
02-13 18:09:25.400 D/KeyguardViewMediator(  256): setHidden false
02-13 18:09:25.410 D/KeyguardViewMediator(  256): setHidden false
02-13 18:09:25.430 D/KeyguardViewMediator(  256): setHidden false
02-13 18:09:25.450 D/KeyguardViewMediator(  256): setHidden false
02-13 18:09:25.460 D/KeyguardViewMediator(  256): setHidden false
02-13 18:09:25.470 D/KeyguardViewMediator(  256): setHidden false
02-13 18:09:25.530 D/KeyguardViewMediator(  256): setHidden false
02-13 18:09:25.550 D/KeyguardViewMediator(  256): setHidden false
02-13 18:09:25.560 D/KeyguardViewMediator(  256): setHidden false
02-13 18:09:25.620 I/Mms/compose(  770): SLIDESHOW updateSendButtonState enable = true
02-13 18:09:25.620 I/Mms/compose(  770): SLIDESHOW setSendButtonText isMms = false
02-13 18:09:25.620 I/Mms/compose(  770): SLIDESHOW setSendButtonText isMms = false
02-13 18:09:25.660 D/KeyguardViewMediator(  256): setHidden false
02-13 18:09:25.670 D/KeyguardViewMediator(  256): setHidden false
02-13 18:09:25.690 D/KeyguardViewMediator(  256): setHidden false
02-13 18:09:25.700 D/KeyguardViewMediator(  256): setHidden false
02-13 18:09:25.720 D/KeyguardViewMediator(  256): setHidden false
02-13 18:09:25.740 D/KeyguardViewMediator(  256): setHidden false
02-13 18:09:25.760 D/KeyguardViewMediator(  256): setHidden false
02-13 18:09:25.770 D/KeyguardViewMediator(  256): setHidden false
02-13 18:09:25.790 D/KeyguardViewMediator(  256): setHidden false
02-13 18:09:25.800 D/KeyguardViewMediator(  256): setHidden false
02-13 18:09:25.820 D/KeyguardViewMediator(  256): setHidden false
02-13 18:09:25.860 I/Mms/compose(  770): SLIDESHOW updateSendButtonState enable = true
02-13 18:09:25.860 I/Mms/compose(  770): SLIDESHOW setSendButtonText isMms = false
02-13 18:09:25.860 I/Mms/compose(  770): SLIDESHOW setSendButtonText isMms = false
02-13 18:09:25.880 D/KeyguardViewMediator(  256): setHidden false
02-13 18:09:25.900 D/KeyguardViewMediator(  256): setHidden false
02-13 18:09:25.910 D/KeyguardViewMediator(  256): setHidden false
02-13 18:09:25.930 D/KeyguardViewMediator(  256): setHidden false
02-13 18:09:25.951 D/KeyguardViewMediator(  256): setHidden false
02-13 18:09:25.961 D/KeyguardViewMediator(  256): setHidden false
02-13 18:09:25.981 D/KeyguardViewMediator(  256): setHidden false
02-13 18:09:26.001 D/KeyguardViewMediator(  256): setHidden false
02-13 18:09:26.091 D/KeyguardViewMediator(  256): setHidden false
02-13 18:09:26.121 D/KeyguardViewMediator(  256): setHidden false
02-13 18:09:26.131 I/Mms/compose(  770): SLIDESHOW updateSendButtonState enable = true
02-13 18:09:26.131 I/Mms/compose(  770): SLIDESHOW setSendButtonText isMms = false
02-13 18:09:26.131 I/Mms/compose(  770): SLIDESHOW setSendButtonText isMms = false
02-13 18:09:26.141 D/KeyguardViewMediator(  256): setHidden false
02-13 18:09:26.151 D/KeyguardViewMediator(  256): setHidden false
02-13 18:09:26.161 D/KeyguardViewMediator(  256): setHidden false
02-13 18:09:26.181 D/KeyguardViewMediator(  256): setHidden false
02-13 18:09:26.191 D/KeyguardViewMediator(  256): setHidden false
02-13 18:09:26.211 D/KeyguardViewMediator(  256): setHidden false
02-13 18:09:26.231 D/KeyguardViewMediator(  256): setHidden false
02-13 18:09:26.241 D/KeyguardViewMediator(  256): setHidden false
02-13 18:09:26.251 D/KeyguardViewMediator(  256): setHidden false
02-13 18:09:26.261 D/KeyguardViewMediator(  256): setHidden false
02-13 18:09:26.291 D/KeyguardViewMediator(  256): setHidden false
02-13 18:09:26.301 D/KeyguardViewMediator(  256): setHidden false
02-13 18:09:26.341 I/Mms/compose(  770): SLIDESHOW updateSendButtonState enable = true
02-13 18:09:26.341 I/Mms/compose(  770): SLIDESHOW setSendButtonText isMms = false
02-13 18:09:26.341 I/Mms/compose(  770): SLIDESHOW setSendButtonText isMms = false
02-13 18:09:26.361 D/KeyguardViewMediator(  256): setHidden false
02-13 18:09:26.371 D/KeyguardViewMediator(  256): setHidden false
02-13 18:09:26.391 D/KeyguardViewMediator(  256): setHidden false
02-13 18:09:26.411 D/KeyguardViewMediator(  256): setHidden false
02-13 18:09:26.421 D/KeyguardViewMediator(  256): setHidden false
02-13 18:09:26.441 D/KeyguardViewMediator(  256): setHidden false
02-13 18:09:26.451 D/KeyguardViewMediator(  256): setHidden false
02-13 18:09:26.461 D/KeyguardViewMediator(  256): setHidden false
02-13 18:09:26.591 D/KeyguardViewMediator(  256): setHidden false
02-13 18:09:26.611 D/KeyguardViewMediator(  256): setHidden false
02-13 18:09:26.631 D/KeyguardViewMediator(  256): setHidden false
02-13 18:09:26.691 I/Mms/compose(  770): SLIDESHOW updateSendButtonState enable = true
02-13 18:09:26.691 I/Mms/compose(  770): SLIDESHOW setSendButtonText isMms = false
02-13 18:09:26.691 I/Mms/compose(  770): SLIDESHOW setSendButtonText isMms = false
02-13 18:09:26.701 I/Mms/compose(  770): SLIDESHOW updateSendButtonState enable = true
02-13 18:09:26.701 I/Mms/compose(  770): SLIDESHOW setSendButtonText isMms = false
02-13 18:09:26.711 I/Mms/compose(  770): SLIDESHOW setSendButtonText isMms = false
02-13 18:09:26.721 D/KeyguardViewMediator(  256): setHidden false
02-13 18:09:26.741 D/KeyguardViewMediator(  256): setHidden false
02-13 18:09:26.751 D/KeyguardViewMediator(  256): setHidden false
02-13 18:09:26.781 D/KeyguardViewMediator(  256): setHidden false
02-13 18:09:26.791 D/KeyguardViewMediator(  256): setHidden false
02-13 18:09:26.811 D/KeyguardViewMediator(  256): setHidden false
02-13 18:09:26.831 D/KeyguardViewMediator(  256): setHidden false
02-13 18:09:26.831 D/KeyguardViewMediator(  256): setHidden false
02-13 18:09:26.951 D/KeyguardViewMediator(  256): setHidden false
02-13 18:09:26.971 D/KeyguardViewMediator(  256): setHidden false
02-13 18:09:26.992 D/KeyguardViewMediator(  256): setHidden false
02-13 18:09:27.022 I/Mms/compose(  770): SLIDESHOW updateSendButtonState enable = true
02-13 18:09:27.022 I/Mms/compose(  770): SLIDESHOW setSendButtonText isMms = false
02-13 18:09:27.022 I/Mms/compose(  770): SLIDESHOW setSendButtonText isMms = false
02-13 18:09:27.042 D/KeyguardViewMediator(  256): setHidden false
02-13 18:09:27.052 D/KeyguardViewMediator(  256): setHidden false
02-13 18:09:27.082 D/KeyguardViewMediator(  256): setHidden false
02-13 18:09:27.102 D/KeyguardViewMediator(  256): setHidden false
02-13 18:09:27.112 D/KeyguardViewMediator(  256): setHidden false
02-13 18:09:27.132 D/KeyguardViewMediator(  256): setHidden false
02-13 18:09:27.132 D/KeyguardViewMediator(  256): setHidden false
02-13 18:09:27.142 D/KeyguardViewMediator(  256): setHidden false
02-13 18:09:27.182 D/KeyguardViewMediator(  256): setHidden false
02-13 18:09:27.192 D/KeyguardViewMediator(  256): setHidden false
02-13 18:09:27.212 D/KeyguardViewMediator(  256): setHidden false
02-13 18:09:27.262 I/Mms/compose(  770): SLIDESHOW updateSendButtonState enable = true
02-13 18:09:27.262 I/Mms/compose(  770): SLIDESHOW setSendButtonText isMms = false
02-13 18:09:27.262 I/Mms/compose(  770): SLIDESHOW setSendButtonText isMms = false
02-13 18:09:27.272 D/KeyguardViewMediator(  256): setHidden false
02-13 18:09:27.292 D/KeyguardViewMediator(  256): setHidden false
02-13 18:09:27.322 D/KeyguardViewMediator(  256): setHidden false
02-13 18:09:27.322 D/KeyguardViewMediator(  256): setHidden false
02-13 18:09:27.352 D/KeyguardViewMediator(  256): setHidden false
02-13 18:09:27.362 D/KeyguardViewMediator(  256): setHidden false
02-13 18:09:27.372 D/KeyguardViewMediator(  256): setHidden false
02-13 18:09:27.392 D/KeyguardViewMediator(  256): setHidden false
02-13 18:09:27.532 D/KeyguardViewMediator(  256): setHidden false
02-13 18:09:27.552 D/KeyguardViewMediator(  256): setHidden false
02-13 18:09:27.562 D/KeyguardViewMediator(  256): setHidden false
02-13 18:09:27.612 I/Mms/compose(  770): SLIDESHOW updateSendButtonState enable = true
02-13 18:09:27.612 I/Mms/compose(  770): SLIDESHOW setSendButtonText isMms = false
02-13 18:09:27.612 I/Mms/compose(  770): SLIDESHOW setSendButtonText isMms = false
02-13 18:09:27.622 I/Mms/compose(  770): SLIDESHOW updateSendButtonState enable = true
02-13 18:09:27.622 I/Mms/compose(  770): SLIDESHOW setSendButtonText isMms = false
02-13 18:09:27.622 I/Mms/compose(  770): SLIDESHOW setSendButtonText isMms = false
02-13 18:09:27.642 D/KeyguardViewMediator(  256): setHidden false
02-13 18:09:27.662 D/KeyguardViewMediator(  256): setHidden false
02-13 18:09:27.682 D/KeyguardViewMediator(  256): setHidden false
02-13 18:09:27.702 D/KeyguardViewMediator(  256): setHidden false
02-13 18:09:27.712 D/KeyguardViewMediator(  256): setHidden false
02-13 18:09:27.732 D/KeyguardViewMediator(  256): setHidden false
02-13 18:09:27.742 D/KeyguardViewMediator(  256): setHidden false
02-13 18:09:27.742 D/KeyguardViewMediator(  256): setHidden false
02-13 18:09:27.792 D/KeyguardViewMediator(  256): setHidden false
02-13 18:09:27.812 D/KeyguardViewMediator(  256): setHidden false
02-13 18:09:27.822 D/KeyguardViewMediator(  256): setHidden false
02-13 18:09:27.872 I/Mms/compose(  770): SLIDESHOW updateSendButtonState enable = true
02-13 18:09:27.872 I/Mms/compose(  770): SLIDESHOW setSendButtonText isMms = false
02-13 18:09:27.872 I/Mms/compose(  770): SLIDESHOW setSendButtonText isMms = false
02-13 18:09:27.912 D/KeyguardViewMediator(  256): setHidden false
02-13 18:09:27.932 D/KeyguardViewMediator(  256): setHidden false
02-13 18:09:27.952 D/KeyguardViewMediator(  256): setHidden false
02-13 18:09:27.962 D/KeyguardViewMediator(  256): setHidden false
02-13 18:09:27.982 D/KeyguardViewMediator(  256): setHidden false
02-13 18:09:27.992 D/KeyguardViewMediator(  256): setHidden false
02-13 18:09:28.023 D/KeyguardViewMediator(  256): setHidden false
02-13 18:09:28.023 D/KeyguardViewMediator(  256): setHidden false
02-13 18:09:28.153 D/KeyguardViewMediator(  256): setHidden false
02-13 18:09:28.163 D/KeyguardViewMediator(  256): setHidden false
02-13 18:09:28.193 D/KeyguardViewMediator(  256): setHidden false
02-13 18:09:28.243 I/Mms/compose(  770): SLIDESHOW updateSendButtonState enable = true
02-13 18:09:28.243 I/Mms/compose(  770): SLIDESHOW setSendButtonText isMms = false
02-13 18:09:28.243 I/Mms/compose(  770): SLIDESHOW setSendButtonText isMms = false
02-13 18:09:28.253 D/KeyguardViewMediator(  256): setHidden false
02-13 18:09:28.273 D/KeyguardViewMediator(  256): setHidden false
02-13 18:09:28.293 D/KeyguardViewMediator(  256): setHidden false
02-13 18:09:28.313 D/KeyguardViewMediator(  256): setHidden false
02-13 18:09:28.313 D/KeyguardViewMediator(  256): setHidden false
02-13 18:09:28.323 D/KeyguardViewMediator(  256): setHidden false
02-13 18:09:28.333 D/KeyguardViewMediator(  256): setHidden false
02-13 18:09:28.343 D/KeyguardViewMediator(  256): setHidden false
02-13 18:09:28.343 D/KeyguardViewMediator(  256): setHidden false
02-13 18:09:28.403 I/Mms/compose(  770): SLIDESHOW updateSendButtonState enable = true
02-13 18:09:28.403 I/Mms/compose(  770): SLIDESHOW setSendButtonText isMms = false
02-13 18:09:28.403 I/Mms/compose(  770): SLIDESHOW setSendButtonText isMms = false
02-13 18:09:28.423 D/KeyguardViewMediator(  256): setHidden false
02-13 18:09:28.433 D/KeyguardViewMediator(  256): setHidden false
02-13 18:09:28.453 D/KeyguardViewMediator(  256): setHidden false
02-13 18:09:28.473 D/KeyguardViewMediator(  256): setHidden false
02-13 18:09:28.473 D/KeyguardViewMediator(  256): setHidden false
02-13 18:09:28.483 D/KeyguardViewMediator(  256): setHidden false
02-13 18:09:28.493 D/KeyguardViewMediator(  256): setHidden false
02-13 18:09:28.503 D/KeyguardViewMediator(  256): setHidden false
02-13 18:09:28.523 D/KeyguardViewMediator(  256): setHidden false
02-13 18:09:28.523 D/KeyguardViewMediator(  256): setHidden false
02-13 18:09:28.563 I/Mms/compose(  770): SLIDESHOW updateSendButtonState enable = true
02-13 18:09:28.563 I/Mms/compose(  770): SLIDESHOW setSendButtonText isMms = false
02-13 18:09:28.563 I/Mms/compose(  770): SLIDESHOW setSendButtonText isMms = false
02-13 18:09:28.593 D/KeyguardViewMediator(  256): setHidden false
02-13 18:09:28.613 D/KeyguardViewMediator(  256): setHidden false
02-13 18:09:28.633 D/KeyguardViewMediator(  256): setHidden false
02-13 18:09:28.653 D/KeyguardViewMediator(  256): setHidden false
02-13 18:09:28.663 D/KeyguardViewMediator(  256): setHidden false
02-13 18:09:28.683 D/KeyguardViewMediator(  256): setHidden false
02-13 18:09:28.693 D/KeyguardViewMediator(  256): setHidden false
02-13 18:09:28.703 D/KeyguardViewMediator(  256): setHidden false
02-13 18:09:28.973 D/KeyguardViewMediator(  256): setHidden false
02-13 18:09:28.993 D/KeyguardViewMediator(  256): setHidden false
02-13 18:09:29.003 D/KeyguardViewMediator(  256): setHidden false
02-13 18:09:29.444 D/KeyguardViewMediator(  256): setHidden false
02-13 18:09:29.464 D/KeyguardViewMediator(  256): setHidden false
02-13 18:09:29.464 D/KeyguardViewMediator(  256): setHidden false
02-13 18:09:29.474 D/KeyguardViewMediator(  256): setHidden false
02-13 18:09:29.494 D/KeyguardViewMediator(  256): setHidden false
02-13 18:09:29.514 D/KeyguardViewMediator(  256): setHidden false
02-13 18:09:29.534 D/KeyguardViewMediator(  256): setHidden false
02-13 18:09:29.544 D/KeyguardViewMediator(  256): setHidden false
02-13 18:09:29.554 D/KeyguardViewMediator(  256): setHidden false
02-13 18:09:29.564 D/KeyguardViewMediator(  256): setHidden false
02-13 18:09:29.584 I/Mms/compose(  770): SLIDESHOW updateSendButtonState enable = true
02-13 18:09:29.584 I/Mms/compose(  770): SLIDESHOW setSendButtonText isMms = false
02-13 18:09:29.584 I/Mms/compose(  770): SLIDESHOW setSendButtonText isMms = false
02-13 18:09:29.594 I/Mms/compose(  770): SLIDESHOW updateSendButtonState enable = true
02-13 18:09:29.594 I/Mms/compose(  770): SLIDESHOW setSendButtonText isMms = false
02-13 18:09:29.594 I/Mms/compose(  770): SLIDESHOW setSendButtonText isMms = false
02-13 18:09:29.624 D/KeyguardViewMediator(  256): setHidden false
02-13 18:09:29.634 D/KeyguardViewMediator(  256): setHidden false
02-13 18:09:29.664 D/KeyguardViewMediator(  256): setHidden false
02-13 18:09:29.674 D/KeyguardViewMediator(  256): setHidden false
02-13 18:09:29.684 D/KeyguardViewMediator(  256): setHidden false
02-13 18:09:29.704 D/KeyguardViewMediator(  256): setHidden false
02-13 18:09:29.714 D/KeyguardViewMediator(  256): setHidden false
02-13 18:09:29.724 D/KeyguardViewMediator(  256): setHidden false
02-13 18:09:29.864 D/KeyguardViewMediator(  256): setHidden false
02-13 18:09:29.884 D/KeyguardViewMediator(  256): setHidden false
02-13 18:09:29.894 D/KeyguardViewMediator(  256): setHidden false
02-13 18:09:29.954 I/Mms/compose(  770): SLIDESHOW updateSendButtonState enable = true
02-13 18:09:29.954 I/Mms/compose(  770): SLIDESHOW setSendButtonText isMms = false
02-13 18:09:29.964 I/Mms/compose(  770): SLIDESHOW setSendButtonText isMms = false
02-13 18:09:29.974 D/KeyguardViewMediator(  256): setHidden false
02-13 18:09:29.984 D/KeyguardViewMediator(  256): setHidden false
02-13 18:09:30.004 D/KeyguardViewMediator(  256): setHidden false
02-13 18:09:30.024 D/KeyguardViewMediator(  256): setHidden false
02-13 18:09:30.034 D/KeyguardViewMediator(  256): setHidden false
02-13 18:09:30.055 D/KeyguardViewMediator(  256): setHidden false
02-13 18:09:30.075 D/KeyguardViewMediator(  256): setHidden false
02-13 18:09:30.075 D/KeyguardViewMediator(  256): setHidden false
02-13 18:09:30.235 D/KeyguardViewMediator(  256): setHidden false
02-13 18:09:30.255 D/KeyguardViewMediator(  256): setHidden false
02-13 18:09:30.265 D/KeyguardViewMediator(  256): setHidden false
02-13 18:09:30.275 D/Bitmap  (  335): Detect unrecycled bitmap.
02-13 18:09:30.275 D/Bitmap  (  335):       Size: 91392 Bytes, Width: 224 , Height: 102 , Hash code: 1079795224
02-13 18:09:30.275 D/Bitmap  (  335):  This bimap was created in:
02-13 18:09:30.275 D/Bitmap  (  335):       android.graphics.Bitmap.<init>(Bitmap.java:136)
02-13 18:09:30.275 D/Bitmap  (  335):       android.graphics.Bitmap.nativeCreate(Native Method)
02-13 18:09:30.275 D/Bitmap  (  335):       android.graphics.Bitmap.createBitmap(Bitmap.java:547)
02-13 18:09:30.275 D/Bitmap  (  335):       com.android.inputmethod.latin.LatinKeyboardBaseView.onBufferDraw(LatinKeyboardBaseView.java:775)
02-13 18:09:30.275 D/Bitmap  (  335):       com.android.inputmethod.latin.LatinKeyboardBaseView.onDraw(LatinKeyboardBaseView.java:763)
02-13 18:09:30.275 D/Bitmap  (  335):       android.view.View.draw(View.java:6880)
02-13 18:09:30.275 D/Bitmap  (  335):       android.view.ViewGroup.drawChild(ViewGroup.java:1649)
02-13 18:09:30.275 D/Bitmap  (  335):       android.view.ViewGroup.dispatchDraw(ViewGroup.java:1376)
02-13 18:09:30.275 D/Bitmap  (  335):       android.view.View.draw(View.java:6883)
02-13 18:09:30.275 D/Bitmap  (  335):       android.view.ViewRoot.draw(ViewRoot.java:1526)
02-13 18:09:30.275 D/Bitmap  (  335):       android.view.ViewRoot.performTraversals(ViewRoot.java:1262)
02-13 18:09:30.275 D/Bitmap  (  335):       android.view.ViewRoot.handleMessage(ViewRoot.java:1864)
02-13 18:09:30.275 D/Bitmap  (  335):       android.os.Handler.dispatchMessage(Handler.java:99)
02-13 18:09:30.275 D/Bitmap  (  335):       android.os.Looper.loop(Looper.java:130)
02-13 18:09:30.275 D/Bitmap  (  335):       android.app.ActivityThread.main(ActivityThread.java:3704)
02-13 18:09:30.275 D/Bitmap  (  335):       java.lang.reflect.Method.invokeNative(Native Method)
02-13 18:09:30.275 D/Bitmap  (  335):       java.lang.reflect.Method.invoke(Method.java:507)
02-13 18:09:30.275 D/Bitmap  (  335):       com.android.internal.os.ZygoteInit$MethodAndArgsCaller.run(ZygoteInit.java:875)
02-13 18:09:30.275 D/Bitmap  (  335):       com.android.internal.os.ZygoteInit.main(ZygoteInit.java:633)
02-13 18:09:30.275 D/Bitmap  (  335):       dalvik.system.NativeStart.main(Native Method)
02-13 18:09:30.275 D/Bitmap  (  335): _
02-13 18:09:30.285 D/Bitmap  (  335): Detect unrecycled bitmap.
02-13 18:09:30.285 D/Bitmap  (  335):       Size: 270080 Bytes, Width: 320 , Height: 211 , Hash code: 1079647768
02-13 18:09:30.285 D/Bitmap  (  335):  This bimap was created in:
02-13 18:09:30.285 D/Bitmap  (  335):       android.graphics.Bitmap.<init>(Bitmap.java:136)
02-13 18:09:30.285 D/Bitmap  (  335):       android.graphics.Bitmap.nativeCreate(Native Method)
02-13 18:09:30.285 D/Bitmap  (  335):       android.graphics.Bitmap.createBitmap(Bitmap.java:547)
02-13 18:09:30.285 D/Bitmap  (  335):       com.android.inputmethod.latin.LatinKeyboardBaseView.onBufferDraw(LatinKeyboardBaseView.java:775)
02-13 18:09:30.285 D/Bitmap  (  335):       com.android.inputmethod.latin.LatinKeyboardBaseView.onDraw(LatinKeyboardBaseView.java:763)
02-13 18:09:30.285 D/Bitmap  (  335):       android.view.View.draw(View.java:6880)
02-13 18:09:30.285 D/Bitmap  (  335):       com.android.inputmethod.latin.LatinKeyboardView.draw(LatinKeyboardView.java:353)
02-13 18:09:30.285 D/Bitmap  (  335):       android.view.ViewGroup.drawChild(ViewGroup.java:1649)
02-13 18:09:30.285 D/Bitmap  (  335):       android.view.ViewGroup.dispatchDraw(ViewGroup.java:1376)
02-13 18:09:30.285 D/Bitmap  (  335):       android.view.ViewGroup.drawChild(ViewGroup.java:1647)
02-13 18:09:30.285 D/Bitmap  (  335):       android.view.ViewGroup.dispatchDraw(ViewGroup.java:1376)
02-13 18:09:30.285 D/Bitmap  (  335):       android.view.ViewGroup.drawChild(ViewGroup.java:1647)
02-13 18:09:30.285 D/Bitmap  (  335):       android.view.ViewGroup.dispatchDraw(ViewGroup.java:1376)
02-13 18:09:30.285 D/Bitmap  (  335):       android.view.ViewGroup.drawChild(ViewGroup.java:1647)
02-13 18:09:30.285 D/Bitmap  (  335):       android.view.ViewGroup.dispatchDraw(ViewGroup.java:1376)
02-13 18:09:30.285 D/Bitmap  (  335):       android.view.View.draw(View.java:6883)
02-13 18:09:30.285 D/Bitmap  (  335):       android.widget.FrameLayout.draw(FrameLayout.java:357)
02-13 18:09:30.285 D/Bitmap  (  335):       com.android.internal.policy.impl.PhoneWindow$DecorView.draw(PhoneWindow.java:1866)
02-13 18:09:30.285 D/Bitmap  (  335):       android.view.ViewRoot.draw(ViewRoot.java:1526)
02-13 18:09:30.285 D/Bitmap  (  335):       android.view.ViewRoot.performTraversals(ViewRoot.java:1262)
02-13 18:09:30.285 D/Bitmap  (  335):       android.view.ViewRoot.handleMessage(ViewRoot.java:1864)
02-13 18:09:30.285 D/Bitmap  (  335):       android.os.Handler.dispatchMessage(Handler.java:99)
02-13 18:09:30.285 D/Bitmap  (  335):       android.os.Looper.loop(Looper.java:130)
02-13 18:09:30.285 D/Bitmap  (  335):       android.app.ActivityThread.main(ActivityThread.java:3704)
02-13 18:09:30.285 D/Bitmap  (  335):       java.lang.reflect.Method.invokeNative(Native Method)
02-13 18:09:30.285 D/Bitmap  (  335):       java.lang.reflect.Method.invoke(Method.java:507)
02-13 18:09:30.285 D/Bitmap  (  335):       com.android.internal.os.ZygoteInit$MethodAndArgsCaller.run(ZygoteInit.java:875)
02-13 18:09:30.285 D/Bitmap  (  335):       com.android.internal.os.ZygoteInit.main(ZygoteInit.java:633)
02-13 18:09:30.285 D/Bitmap  (  335):       dalvik.system.NativeStart.main(Native Method)
02-13 18:09:30.285 D/Bitmap  (  335): _
02-13 18:09:30.315 I/Mms/compose(  770): SLIDESHOW updateSendButtonState enable = true
02-13 18:09:30.315 I/Mms/compose(  770): SLIDESHOW setSendButtonText isMms = false
02-13 18:09:30.315 I/Mms/compose(  770): SLIDESHOW setSendButtonText isMms = false
02-13 18:09:30.335 D/KeyguardViewMediator(  256): setHidden false
02-13 18:09:30.345 D/KeyguardViewMediator(  256): setHidden false
02-13 18:09:30.375 D/KeyguardViewMediator(  256): setHidden false
02-13 18:09:30.385 D/KeyguardViewMediator(  256): setHidden false
02-13 18:09:30.395 D/KeyguardViewMediator(  256): setHidden false
02-13 18:09:30.425 D/KeyguardViewMediator(  256): setHidden false
02-13 18:09:30.435 D/KeyguardViewMediator(  256): setHidden false
02-13 18:09:30.435 D/KeyguardViewMediator(  256): setHidden false
02-13 18:09:30.455 D/KeyguardViewMediator(  256): setHidden false
02-13 18:09:30.465 D/KeyguardViewMediator(  256): setHidden false
02-13 18:09:30.475 D/KeyguardViewMediator(  256): setHidden false
02-13 18:09:30.575 I/Mms/compose(  770): SLIDESHOW updateSendButtonState enable = true
02-13 18:09:30.575 I/Mms/compose(  770): SLIDESHOW setSendButtonText isMms = false
02-13 18:09:30.575 I/Mms/compose(  770): SLIDESHOW setSendButtonText isMms = false
02-13 18:09:30.595 D/KeyguardViewMediator(  256): setHidden false
02-13 18:09:30.605 D/KeyguardViewMediator(  256): setHidden false
02-13 18:09:30.615 D/KeyguardViewMediator(  256): setHidden false
02-13 18:09:30.625 D/KeyguardViewMediator(  256): setHidden false
02-13 18:09:30.635 D/KeyguardViewMediator(  256): setHidden false
02-13 18:09:30.655 D/KeyguardViewMediator(  256): setHidden false
02-13 18:09:30.665 D/KeyguardViewMediator(  256): setHidden false
02-13 18:09:30.685 D/KeyguardViewMediator(  256): setHidden false
02-13 18:09:30.685 D/KeyguardViewMediator(  256): setHidden false
02-13 18:09:30.695 I/Mms/compose(  770): SLIDESHOW updateSendButtonState enable = true
02-13 18:09:30.695 I/Mms/compose(  770): SLIDESHOW setSendButtonText isMms = false
02-13 18:09:30.705 I/Mms/compose(  770): SLIDESHOW setSendButtonText isMms = false
02-13 18:09:30.715 D/KeyguardViewMediator(  256): setHidden false
02-13 18:09:30.735 D/KeyguardViewMediator(  256): setHidden false
02-13 18:09:30.755 D/KeyguardViewMediator(  256): setHidden false
02-13 18:09:30.765 D/KeyguardViewMediator(  256): setHidden false
02-13 18:09:30.785 D/KeyguardViewMediator(  256): setHidden false
02-13 18:09:30.795 D/KeyguardViewMediator(  256): setHidden false
02-13 18:09:30.815 D/KeyguardViewMediator(  256): setHidden false
02-13 18:09:30.825 D/KeyguardViewMediator(  256): setHidden false
02-13 18:09:30.885 D/KeyguardViewMediator(  256): setHidden false
02-13 18:09:30.895 D/KeyguardViewMediator(  256): setHidden false
02-13 18:09:30.915 D/KeyguardViewMediator(  256): setHidden false
02-13 18:09:30.955 I/Mms/compose(  770): SLIDESHOW updateSendButtonState enable = true
02-13 18:09:30.955 I/Mms/compose(  770): SLIDESHOW setSendButtonText isMms = false
02-13 18:09:30.965 I/Mms/compose(  770): SLIDESHOW setSendButtonText isMms = false
02-13 18:09:31.005 D/KeyguardViewMediator(  256): setHidden false
02-13 18:09:31.025 D/KeyguardViewMediator(  256): setHidden false
02-13 18:09:31.035 D/KeyguardViewMediator(  256): setHidden false
02-13 18:09:31.055 D/KeyguardViewMediator(  256): setHidden false
02-13 18:09:31.065 D/KeyguardViewMediator(  256): setHidden false
02-13 18:09:31.086 D/KeyguardViewMediator(  256): setHidden false
02-13 18:09:31.106 D/KeyguardViewMediator(  256): setHidden false
02-13 18:09:31.106 D/KeyguardViewMediator(  256): setHidden false
02-13 18:09:31.116 D/KeyguardViewMediator(  256): setHidden false
02-13 18:09:31.126 D/KeyguardViewMediator(  256): setHidden false
02-13 18:09:31.146 D/KeyguardViewMediator(  256): setHidden false
02-13 18:09:31.186 I/Mms/compose(  770): SLIDESHOW updateSendButtonState enable = true
02-13 18:09:31.186 I/Mms/compose(  770): SLIDESHOW setSendButtonText isMms = false
02-13 18:09:31.196 I/Mms/compose(  770): SLIDESHOW setSendButtonText isMms = false
02-13 18:09:31.196 I/Mms/compose(  770): SLIDESHOW updateSendButtonState enable = true
02-13 18:09:31.196 I/Mms/compose(  770): SLIDESHOW setSendButtonText isMms = false
02-13 18:09:31.206 I/Mms/compose(  770): SLIDESHOW setSendButtonText isMms = false
02-13 18:09:31.216 D/KeyguardViewMediator(  256): setHidden false
02-13 18:09:31.226 D/KeyguardViewMediator(  256): setHidden false
02-13 18:09:31.246 D/KeyguardViewMediator(  256): setHidden false
02-13 18:09:31.266 D/KeyguardViewMediator(  256): setHidden false
02-13 18:09:31.276 D/KeyguardViewMediator(  256): setHidden false
02-13 18:09:31.286 D/KeyguardViewMediator(  256): setHidden false
02-13 18:09:31.296 D/KeyguardViewMediator(  256): setHidden false
02-13 18:09:31.296 D/KeyguardViewMediator(  256): setHidden false
02-13 18:09:31.306 D/KeyguardViewMediator(  256): setHidden false
02-13 18:09:31.326 D/KeyguardViewMediator(  256): setHidden false
02-13 18:09:31.376 I/Mms/compose(  770): SLIDESHOW updateSendButtonState enable = true
02-13 18:09:31.376 I/Mms/compose(  770): SLIDESHOW setSendButtonText isMms = false
02-13 18:09:31.376 I/Mms/compose(  770): SLIDESHOW setSendButtonText isMms = false
02-13 18:09:31.436 D/KeyguardViewMediator(  256): setHidden false
02-13 18:09:31.446 D/KeyguardViewMediator(  256): setHidden false
02-13 18:09:31.466 D/KeyguardViewMediator(  256): setHidden false
