02-13 18:26:02.162 D/MobileDataStateTracker(  256): [default]  unavailable = false
02-13 18:26:02.162 D/MobileDataStateTracker(  256): [default] not what we are looking for.
02-13 18:26:02.162 D/MobileDataStateTracker(  256): [hipri]  MobileDataStateReceiver onReceive(): Entry.
02-13 18:26:02.172 D/LockScreen(  256): initCarrierVisibility - mResId.length=2, mCarrier.length=1
02-13 18:26:02.172 D/Phone   (  344): [PhoneNotifier] [DefaultPhoneNotifier] : supl, INET6, DISCONNECTED
02-13 18:26:02.172 I/TelephonyRegistry(  256): notifyDataConnection: state=0 isDataConnectivityPossible=true reason=2GVoiceCallEnded interfaceName=null networkType=6 apnType=supl apn=null
02-13 18:26:02.172 I/TelephonyRegistry(  256): +++broadcastDataConnectionStateChanged
02-13 18:26:02.172 I/TelephonyRegistry(  256): +++sendStickyBroadcast
02-13 18:26:02.172 D/Phone   (  344): [PhoneNotifier] [DefaultPhoneNotifier] : dun, INET, DISCONNECTED
02-13 18:26:02.172 I/TelephonyRegistry(  256): notifyDataConnection: state=0 isDataConnectivityPossible=true reason=2GVoiceCallEnded interfaceName=null networkType=6 apnType=dun apn=null
02-13 18:26:02.172 I/TelephonyRegistry(  256): +++broadcastDataConnectionStateChanged
02-13 18:26:02.182 I/TelephonyRegistry(  256): +++sendStickyBroadcast
02-13 18:26:02.182 D/Phone   (  344): [PhoneNotifier] [DefaultPhoneNotifier] : dun, INET6, DISCONNECTED
02-13 18:26:02.182 I/TelephonyRegistry(  256): notifyDataConnection: state=0 isDataConnectivityPossible=true reason=2GVoiceCallEnded interfaceName=null networkType=6 apnType=dun apn=null
02-13 18:26:02.182 I/TelephonyRegistry(  256): +++broadcastDataConnectionStateChanged
02-13 18:26:02.182 I/TelephonyRegistry(  256): +++sendStickyBroadcast
02-13 18:26:02.192 D/Phone   (  344): [PhoneNotifier] [DefaultPhoneNotifier] : hipri, INET, DISCONNECTED
02-13 18:26:02.192 D/MobileDataStateTracker(  256): [hipri]  intent.getAction()= android.intent.action.ANY_DATA_STATE
02-13 18:26:02.192 D/MobileDataStateTracker(  256): [hipri]  mEnabled = false
02-13 18:26:02.192 I/TelephonyRegistry(  256): notifyDataConnection: state=0 isDataConnectivityPossible=true reason=2GVoiceCallEnded interfaceName=null networkType=6 apnType=hipri apn=null
02-13 18:26:02.192 I/TelephonyRegistry(  256): +++broadcastDataConnectionStateChanged
02-13 18:26:02.192 I/TelephonyRegistry(  256): +++sendStickyBroadcast
02-13 18:26:02.202 D/AudioTrack(  344): stop 0x537480
02-13 18:26:02.202 D/AudioFlinger(  116): stop(4098), calling thread 344
02-13 18:26:02.202 D/Phone   (  344): [PhoneNotifier] [DefaultPhoneNotifier] : hipri, INET6, DISCONNECTED
02-13 18:26:02.202 I/TelephonyRegistry(  256): notifyDataConnection: state=0 isDataConnectivityPossible=true reason=2GVoiceCallEnded interfaceName=null networkType=6 apnType=hipri apn=null
02-13 18:26:02.202 I/TelephonyRegistry(  256): +++broadcastDataConnectionStateChanged
02-13 18:26:02.202 I/TelephonyRegistry(  256): +++sendStickyBroadcast
02-13 18:26:02.212 D/ToneGenerator(  344): stopTone
02-13 18:26:02.212 D/ToneGenerator(  344): stopTone
02-13 18:26:02.212 D/AudioTrack(  344): stop 0x537480
02-13 18:26:02.212 D/CallNotifier(  344): resetAudioStateAfterDisconnect()...
02-13 18:26:02.212 D/BT HS/HF(  344): audioOff(): mPendingSco: false, mConnectedSco: null, mOutgoingSco: null, mA2dpState: 0, mA2dpSuspended: false, mIncomingSco:null
02-13 18:26:02.212 D/PhoneUtils(  344): turnOnSpeaker(flag=false, store=true)...
02-13 18:26:02.212 D/PhoneApp(  344): updateWakeState: callscreen false, dialer false, speaker false...
02-13 18:26:02.212 D/PhoneApp(  344): setScreenTimeout(DEFAULT)...
02-13 18:26:02.212 D/PhoneApp(  344): updateWakeState: keepScreenOn = false (isRinging false, isDialing false, showingDisc false)
02-13 18:26:02.212 D/PhoneApp(  344): updateProximitySensorMode: state = IDLE
02-13 18:26:02.212 D/PhoneApp(  344): updateProximitySensorMode: lock already released.
02-13 18:26:02.212 D/CallManager(  344):  setEchoSuppression(false)
02-13 18:26:02.212 D/CallManager(  344): ########### Dump CallManager ############
02-13 18:26:02.212 D/CallManager(  344): CallManager state = IDLE
02-13 18:26:02.212 D/CallManager(  344):    - Foreground: DISCONNECTED from Handler{40568510}
02-13 18:26:02.212 D/CallManager(  344):      Conn: [ incoming: true state: DISCONNECTED post dial state: NOT_STARTED]
02-13 18:26:02.212 D/CallManager(  344):    - Background: IDLE from Handler{40568510}
02-13 18:26:02.212 D/CallManager(  344):      Conn: []
02-13 18:26:02.212 D/CallManager(  344):    - Ringing: IDLE from Handler{40568510}
02-13 18:26:02.212 D/CallManager(  344):  Phone: Handler{40568510}, name = CDMA, state = IDLE
02-13 18:26:02.212 D/CallManager(  344):    - Foreground: DISCONNECTED Background: IDLE Ringing: IDLE
02-13 18:26:02.212 D/CallManager(  344): ########## End Dump CallManager ##########
02-13 18:26:02.212 D/CallManager(  344): End setEchoSuppression(false)
02-13 18:26:02.212 D/CallManager(  344): ########### Dump CallManager ############
02-13 18:26:02.212 D/CallManager(  344): CallManager state = IDLE
02-13 18:26:02.212 D/CallManager(  344):    - Foreground: DISCONNECTED from Handler{40568510}
02-13 18:26:02.212 D/CallManager(  344):      Conn: [ incoming: true state: DISCONNECTED post dial state: NOT_STARTED]
02-13 18:26:02.212 D/CallManager(  344):    - Background: IDLE from Handler{40568510}
02-13 18:26:02.212 D/CallManager(  344):      Conn: []
02-13 18:26:02.212 D/CallManager(  344):    - Ringing: IDLE from Handler{40568510}
02-13 18:26:02.212 D/CallManager(  344):  Phone: Handler{40568510}, name = CDMA, state = IDLE
02-13 18:26:02.212 D/CallManager(  344):    - Foreground: DISCONNECTED Background: IDLE Ringing: IDLE
02-13 18:26:02.212 D/CallManager(  344): ########## End Dump CallManager ##########
02-13 18:26:02.212 D/PhoneUtils(  344): setAudioMode()...IDLE
02-13 18:26:02.212 D/AudioFlinger(  116): setMode(0)
02-13 18:26:02.222 D/BT HS/HF(  344): updatePhoneState()
02-13 18:26:02.222 D/BT HS/HF(  344): audioOff(): mPendingSco: false, mConnectedSco: null, mOutgoingSco: null, mA2dpState: 0, mA2dpSuspended: false, mIncomingSco:null
02-13 18:26:02.222 D/BT HS/HF(  344): Foreground call state : DISCONNECTED
02-13 18:26:02.222 D/BT HS/HF(  344): Ringing call state : IDLE
02-13 18:26:02.222 D/BT HS/HF(  344): Background call state : IDLE
02-13 18:26:02.222 D/BT HS/HF(  344): audioOff(): mPendingSco: false, mConnectedSco: null, mOutgoingSco: null, mA2dpState: 0, mA2dpSuspended: false, mIncomingSco:null
02-13 18:26:02.222 E/BT HS/HF(  344): prev mIsCdmaFirstConnectionHeld  is false
02-13 18:26:02.222 E/BT HS/HF(  344): current mIsCdmaFirstConnectionHeld is false
02-13 18:26:02.222 D/BT HS/HF(  344): CallSetup: 0
02-13 18:26:02.222 D/BT HS/HF(  344): Call: 0
02-13 18:26:02.222 D/BT HS/HF(  344): CallHeld: 0
02-13 18:26:02.222 D/CallNotifier(  344): handleMessage() Msg Type: 1
02-13 18:26:02.222 D/PhoneApp(  344): old phone type:2, New Phone type:2
02-13 18:26:02.222 D/CallNotifier(  344): onPhoneStateChanged: state = IDLE
02-13 18:26:02.222 D/NotificationMgr(  344): updating status bar state: 0
02-13 18:26:02.222 D/PhoneApp(  344): updateProximitySensorMode: state = IDLE
02-13 18:26:02.222 D/PhoneApp(  344): updateProximitySensorMode: lock already released.
02-13 18:26:02.222 D/PhoneApp(  344): updateProximitySensorMode: state = IDLE
02-13 18:26:02.222 D/PhoneApp(  344): updateProximitySensorMode: lock already released.
02-13 18:26:02.222 D/AccelerometerListener(  344): enable(false)
02-13 18:26:02.222 E/Sensors (  256): [HAL]ready to call enable(Accelerometer,0),AAAAAAAA
02-13 18:26:02.222 E/Sensors (  256): [HAL]ECS_IOCTL_APP_SET_AFLAG 	success,flags = 0
02-13 18:26:02.222 E/Sensors (  256): [HAL]After {mEnabled &= ~(1<<what)},mEnabled = 0
02-13 18:26:02.222 E/Sensors (  256): [HAL]After {(newState)<<what)},mEnabled = 0
02-13 18:26:02.222 E/Sensors (  256): [HAL]Closed /dev/akm8962_aot in enable(Accelerometer,0),mEnable = 0
02-13 18:26:02.222 D/PhoneUtils(  344): ConnectionHandler: updating mute state for each connection
02-13 18:26:02.232 D/PhoneUtils(  344): connection:  incoming: true state: DISCONNECTED post dial state: NOT_STARTEDnot accounted for, removing.
02-13 18:26:02.232 D/PhoneUtils(  344): setMuteInternal: false
02-13 18:26:02.232 D/PhoneUtils(  344): setMuteInternal: falsephoneType = 2
02-13 18:26:02.232 D/PhoneUtils(  344): setMicrophoneMute: false
02-13 18:26:02.232 E/AudioHardwareMSM7X30(  116): AudioStreamOutMSM72xx::setParameters() routing=1
02-13 18:26:02.232 E/AudioHardwareMSM7X30(  116): set output routing 1
02-13 18:26:02.232 E/AudioHardwareMSM7X30(  116): doAudioRouteOrMute() device 0, mMode 0, mMicMute 0
02-13 18:26:02.232 E/AudioHardwareMSM7X30(  116): do_route_audio_rpc(0, 1, 0)
02-13 18:26:02.232 E/AudioHardwareMSM7X30(  116): cur_rx = 0, DEV_ID(cur_rx)=0
02-13 18:26:02.232 E/AudioHardwareMSM7X30(  116): cur_tx = 9, DEV_ID(cur_tx)=12
02-13 18:26:02.232 D/AudioHardwareMSM7X30(  116): new_rx_device = 0, DEV_ID(new_rx_device)=0
02-13 18:26:02.232 D/AudioHardwareMSM7X30(  116): new_tx_device = 9, DEV_ID(new_tx_device)=12
02-13 18:26:02.232 D/AudioHardwareMSM7X30(  116): Ending Voice call
02-13 18:26:02.232 I/ContactsProvider(  394): updateInTransaction: content://com.android.contacts/contacts/223
02-13 18:26:02.232 D/AudioHardwareMSM7X30(  116): updateDeviceInfo: E rx_device 0 and tx_device 9
02-13 18:26:02.232 D/AudioHardwareMSM7X30(  116): No active voicecall/recording, disabling cur_tx 9
02-13 18:26:02.232 D/AudioHardwareMSM7X30(  116): value of device and enable is 9 0 ALSA dev id:12
02-13 18:26:02.232 D/MobileDataStateTracker(  256): [hipri]  apnTypeList = mms
02-13 18:26:02.232 D/MobileDataStateTracker(  256): [hipri]  unavailable = false
02-13 18:26:02.232 D/MobileDataStateTracker(  256): [hipri] Do not process intents if disabled.
02-13 18:26:02.232 D/MobileDataStateTracker(  256): [dun]  MobileDataStateReceiver onReceive(): Entry.
02-13 18:26:02.232 D/MobileDataStateTracker(  256): [dun]  intent.getAction()= android.intent.action.ANY_DATA_STATE
02-13 18:26:02.232 D/MobileDataStateTracker(  256): [dun]  mEnabled = false
02-13 18:26:02.232 D/MobileDataStateTracker(  256): [dun]  apnTypeList = mms
02-13 18:26:02.232 D/MobileDataStateTracker(  256): [dun]  unavailable = false
02-13 18:26:02.232 D/MobileDataStateTracker(  256): [dun] Do not process intents if disabled.
02-13 18:26:02.232 D/MobileDataStateTracker(  256): [supl]  MobileDataStateReceiver onReceive(): Entry.
02-13 18:26:02.232 D/MobileDataStateTracker(  256): [supl]  intent.getAction()= android.intent.action.ANY_DATA_STATE
02-13 18:26:02.232 D/MobileDataStateTracker(  256): [supl]  mEnabled = false
02-13 18:26:02.232 D/AudioHardwareMSM7X30(  116): The node type is 1 and cur device 0 new device 0 
02-13 18:26:02.232 D/AudioHardwareMSM7X30(  116): updateDeviceInfo: X cur_rx 0 cur_tx 9
02-13 18:26:02.232 D/AudioFlinger(  116): remove track (4098) and delete from mixer
02-13 18:26:02.232 D/AudioHardwareMSM7X30(  116): setVoiceVolume(1.000000)
02-13 18:26:02.232 D/MobileDataStateTracker(  256): [supl]  apnTypeList = mms
02-13 18:26:02.232 D/MobileDataStateTracker(  256): [supl]  unavailable = false
02-13 18:26:02.232 D/MobileDataStateTracker(  256): [supl] Do not process intents if disabled.
02-13 18:26:02.232 D/MobileDataStateTracker(  256): [mms]  MobileDataStateReceiver onReceive(): Entry.
02-13 18:26:02.232 D/MobileDataStateTracker(  256): [mms]  intent.getAction()= android.intent.action.ANY_DATA_STATE
02-13 18:26:02.232 D/MobileDataStateTracker(  256): [mms]  mEnabled = false
02-13 18:26:02.232 D/MobileDataStateTracker(  256): [mms]  apnTypeList = mms
02-13 18:26:02.232 D/MobileDataStateTracker(  256): [mms]  unavailable = false
02-13 18:26:02.232 D/MobileDataStateTracker(  256): [mms] Do not process intents if disabled.
02-13 18:26:02.232 D/MobileDataStateTracker(  256): [default]  MobileDataStateReceiver onReceive(): Entry.
02-13 18:26:02.242 D/MobileDataStateTracker(  256): [default]  intent.getAction()= android.intent.action.ANY_DATA_STATE
02-13 18:26:02.242 D/MobileDataStateTracker(  256): [default]  mEnabled = true
02-13 18:26:02.242 D/MobileDataStateTracker(  256): [default]  apnTypeList = mms
02-13 18:26:02.242 D/MobileDataStateTracker(  256): [default]  unavailable = false
02-13 18:26:02.242 D/MobileDataStateTracker(  256): [default] not what we are looking for.
02-13 18:26:02.242 D/MobileDataStateTracker(  256): [hipri]  MobileDataStateReceiver onReceive(): Entry.
02-13 18:26:02.242 D/MobileDataStateTracker(  256): [hipri]  intent.getAction()= android.intent.action.ANY_DATA_STATE
02-13 18:26:02.242 D/MobileDataStateTracker(  256): [hipri]  mEnabled = false
02-13 18:26:02.242 D/MobileDataStateTracker(  256): [hipri]  apnTypeList = supl
02-13 18:26:02.242 D/MobileDataStateTracker(  256): [hipri]  unavailable = false
02-13 18:26:02.242 D/MobileDataStateTracker(  256): [hipri] Do not process intents if disabled.
02-13 18:26:02.242 D/MobileDataStateTracker(  256): [dun]  MobileDataStateReceiver onReceive(): Entry.
02-13 18:26:02.242 D/MobileDataStateTracker(  256): [dun]  intent.getAction()= android.intent.action.ANY_DATA_STATE
02-13 18:26:02.242 D/MobileDataStateTracker(  256): [dun]  mEnabled = false
02-13 18:26:02.242 D/MobileDataStateTracker(  256): [dun]  apnTypeList = supl
02-13 18:26:02.242 D/MobileDataStateTracker(  256): [dun]  unavailable = false
02-13 18:26:02.242 D/MobileDataStateTracker(  256): [dun] Do not process intents if disabled.
02-13 18:26:02.242 D/MobileDataStateTracker(  256): [supl]  MobileDataStateReceiver onReceive(): Entry.
02-13 18:26:02.242 D/MobileDataStateTracker(  256): [supl]  intent.getAction()= android.intent.action.ANY_DATA_STATE
02-13 18:26:02.242 D/MobileDataStateTracker(  256): [supl]  mEnabled = false
02-13 18:26:02.253 E/ShutdownThread(  256): Exception during mdmEfsSync
02-13 18:26:02.253 E/ShutdownThread(  256): java.io.FileNotFoundException: /sys/devices/platform/rs300100a7.65536/force_sync (No such file or directory)
02-13 18:26:02.253 E/ShutdownThread(  256): 	at org.apache.harmony.luni.platform.OSFileSystem.open(Native Method)
02-13 18:26:02.253 E/ShutdownThread(  256): 	at dalvik.system.BlockGuard$WrappedFileSystem.open(BlockGuard.java:232)
02-13 18:26:02.253 E/ShutdownThread(  256): 	at java.io.FileInputStream.<init>(FileInputStream.java:80)
02-13 18:26:02.253 E/ShutdownThread(  256): 	at java.io.FileInputStream.<init>(FileInputStream.java:132)
02-13 18:26:02.253 E/ShutdownThread(  256): 	at com.android.internal.app.ShutdownThread.run(ShutdownThread.java:400)
02-13 18:26:02.253 I/ShutdownThread(  256): Waiting for radio file system sync to complete ...
02-13 18:26:02.263 D/MobileDataStateTracker(  256): [supl]  apnTypeList = supl
02-13 18:26:02.263 D/MobileDataStateTracker(  256): [supl]  unavailable = false
02-13 18:26:02.263 D/MobileDataStateTracker(  256): [supl] Do not process intents if disabled.
02-13 18:26:02.263 D/MobileDataStateTracker(  256): [mms]  MobileDataStateReceiver onReceive(): Entry.
02-13 18:26:02.263 D/MobileDataStateTracker(  256): [mms]  intent.getAction()= android.intent.action.ANY_DATA_STATE
02-13 18:26:02.263 D/MobileDataStateTracker(  256): [mms]  mEnabled = false
02-13 18:26:02.263 D/MobileDataStateTracker(  256): [mms]  apnTypeList = supl
02-13 18:26:02.263 D/MobileDataStateTracker(  256): [mms]  unavailable = false
02-13 18:26:02.263 D/MobileDataStateTracker(  256): [mms] Do not process intents if disabled.
02-13 18:26:02.263 D/MobileDataStateTracker(  256): [default]  MobileDataStateReceiver onReceive(): Entry.
02-13 18:26:02.263 D/MobileDataStateTracker(  256): [default]  intent.getAction()= android.intent.action.ANY_DATA_STATE
02-13 18:26:02.263 D/MobileDataStateTracker(  256): [default]  mEnabled = true
02-13 18:26:02.263 D/MobileDataStateTracker(  256): [default]  apnTypeList = supl
02-13 18:26:02.263 D/MobileDataStateTracker(  256): [default]  unavailable = false
02-13 18:26:02.263 D/MobileDataStateTracker(  256): [default] not what we are looking for.
02-13 18:26:02.263 D/MobileDataStateTracker(  256): [hipri]  MobileDataStateReceiver onReceive(): Entry.
02-13 18:26:02.263 D/MobileDataStateTracker(  256): [hipri]  intent.getAction()= android.intent.action.ANY_DATA_STATE
02-13 18:26:02.263 D/MobileDataStateTracker(  256): [hipri]  mEnabled = false
02-13 18:26:02.263 D/NotificationMgr(  344): updateMuteNotification: not muted (or not offhook)
02-13 18:26:02.263 D/PhoneUtils(  344): ghh0611 ussd and IDLE m_mmiDialog = null
02-13 18:26:02.263 D/InCallScreen(  344): Handler: handling message { what=101 when=-396ms obj=android.os.AsyncResult@40713778 } while not in foreground
02-13 18:26:02.263 D/InCallScreen(  344): onPhoneStateChanged()...
02-13 18:26:02.263 D/InCallScreen(  344): onPhoneStateChanged: Activity not in foreground! Bailing out...
02-13 18:26:02.263 D/InCallScreen(  344): onPhoneStateChanged: release WakeState.SLEEP ...
02-13 18:26:02.263 D/PhoneApp(  344): updateWakeState: callscreen false, dialer false, speaker false...
02-13 18:26:02.263 D/PhoneApp(  344): setScreenTimeout(DEFAULT)...
02-13 18:26:02.263 D/PhoneApp(  344): updateWakeState: keepScreenOn = false (isRinging false, isDialing false, showingDisc false)
02-13 18:26:02.263 D/KeyguardViewMediator(  256): setHidden false
02-13 18:26:02.273 E/ContactsProvider(  394): 20101020 isContactsAttachedToReadOnlyRawContacts, contactId:223
02-13 18:26:02.273 I/DATA    (  344): [DCT(0) ] onUpdateDataConnections: reason=2GVoiceCallEnded
02-13 18:26:02.273 I/DATA    (  344): [DCT(0) ] ---dc list---
02-13 18:26:02.273 I/DATA    (  344): [DCT(0) ] ---ds list---
02-13 18:26:02.273 I/DATA    (  344): [DCT(0) ] ds= SERVICE_TYPE_DEFAULT, enabled = true, active = v4:IDLE v6:IDLE
02-13 18:26:02.273 I/DATA    (  344): [DCT(0) ] ds= SERVICE_TYPE_MMS, enabled = false, active = v4:IDLE v6:IDLE
02-13 18:26:02.273 I/DATA    (  344): [DCT(0) ] ds= SERVICE_TYPE_SUPL, enabled = false, active = v4:IDLE v6:IDLE
02-13 18:26:02.273 I/DATA    (  344): [DCT(0) ] ds= SERVICE_TYPE_DUN, enabled = false, active = v4:IDLE v6:IDLE
02-13 18:26:02.273 I/DATA    (  344): [DCT(0) ] ds= SERVICE_TYPE_HIPRI, enabled = false, active = v4:IDLE v6:IDLE
02-13 18:26:02.273 I/DATA    (  344): [DCT(0) ] ***** NOT Ready for data :
02-13 18:26:02.273 I/DATA    (  344): [DCT(0) ]    getDesiredPowerState() = false
02-13 18:26:02.273 I/DATA    (  344): [DCT(0) ]    mCm.getRadioState() = RADIO_OFF
02-13 18:26:02.273 I/DATA    (  344): [DCT(0) ]    [DataRadioTech = RADIO_TECH_EVDO_A, data network state = 0, mMasterDataEnabled = true, is Roaming = false, dataOnRoamingEnable = false, isPsRestricted = false, desiredPowerState  = false, mSIMRecords = , cdmaSubSource = 1/310120, mRuimRecords = , checks = true/true]
02-13 18:26:02.273 D/PhoneApp(  344): mReceiver: ACTION_ANY_DATA_CONNECTION_STATE_CHANGED
02-13 18:26:02.273 D/PhoneApp(  344): - state: DISCONNECTED
02-13 18:26:02.273 D/PhoneApp(  344): - reason: 2GVoiceCallEnded
02-13 18:26:02.273 D/PhoneApp(  344): mReceiver: ACTION_ANY_DATA_CONNECTION_STATE_CHANGED
02-13 18:26:02.273 D/PhoneApp(  344): - state: DISCONNECTED
02-13 18:26:02.273 D/PhoneApp(  344): - reason: 2GVoiceCallEnded
02-13 18:26:02.273 D/PhoneApp(  344): mReceiver: ACTION_ANY_DATA_CONNECTION_STATE_CHANGED
02-13 18:26:02.273 D/PhoneApp(  344): - state: DISCONNECTED
02-13 18:26:02.273 D/PhoneApp(  344): - reason: 2GVoiceCallEnded
02-13 18:26:02.273 D/PhoneApp(  344): mReceiver: ACTION_ANY_DATA_CONNECTION_STATE_CHANGED
02-13 18:26:02.273 D/PhoneApp(  344): - state: DISCONNECTED
02-13 18:26:02.273 D/PhoneApp(  344): - reason: 2GVoiceCallEnded
02-13 18:26:02.273 D/DATA    (  344): [DSST(0)] pollstate() : reason = radio state changed
02-13 18:26:02.273 D/DATA    (  344): [DSST(0)] Poll ServiceState done: oldSS=[0 home null null null  EvDo rev. A CSS not supported -1 -1RoamInd: -1RoamStatus(sprint): -1DefRoamInd: -1EmergOnly: false] newSS=[3 home null null null  Unknown CSS not supported -1 -1RoamInd: -1RoamStatus(sprint): -1DefRoamInd: -1EmergOnly: false]
02-13 18:26:02.273 D/DATA    (  344): [DSST(0)]  mDataConnectionState = 0
02-13 18:26:02.303 D/MobileDataStateTracker(  256): [hipri] subType changed, oldSubtype = 6new subtype = 7
02-13 18:26:02.303 D/MobileDataStateTracker(  256): [hipri]  apnTypeList = supl
02-13 18:26:02.303 D/MobileDataStateTracker(  256): [hipri]  unavailable = false
02-13 18:26:02.303 D/MobileDataStateTracker(  256): [hipri] Do not process intents if disabled.
02-13 18:26:02.303 D/MobileDataStateTracker(  256): [dun]  MobileDataStateReceiver onReceive(): Entry.
02-13 18:26:02.303 D/MobileDataStateTracker(  256): [dun]  intent.getAction()= android.intent.action.ANY_DATA_STATE
02-13 18:26:02.303 D/MobileDataStateTracker(  256): [dun]  mEnabled = false
02-13 18:26:02.313 D/MobileDataStateTracker(  256): [dun] subType changed, oldSubtype = 6new subtype = 7
02-13 18:26:02.313 D/MobileDataStateTracker(  256): [dun]  apnTypeList = supl
02-13 18:26:02.313 D/MobileDataStateTracker(  256): [dun]  unavailable = false
02-13 18:26:02.313 D/MobileDataStateTracker(  256): [dun] Do not process intents if disabled.
02-13 18:26:02.313 D/MobileDataStateTracker(  256): [supl]  MobileDataStateReceiver onReceive(): Entry.
02-13 18:26:02.313 D/MobileDataStateTracker(  256): [supl]  intent.getAction()= android.intent.action.ANY_DATA_STATE
02-13 18:26:02.313 D/MobileDataStateTracker(  256): [supl]  mEnabled = false
02-13 18:26:02.313 D/MobileDataStateTracker(  256): [supl] subType changed, oldSubtype = 6new subtype = 7
02-13 18:26:02.313 D/MobileDataStateTracker(  256): [supl]  apnTypeList = supl
02-13 18:26:02.313 D/MobileDataStateTracker(  256): [supl]  unavailable = false
02-13 18:26:02.313 D/MobileDataStateTracker(  256): [supl] Do not process intents if disabled.
02-13 18:26:02.313 D/MobileDataStateTracker(  256): [mms]  MobileDataStateReceiver onReceive(): Entry.
02-13 18:26:02.313 D/MobileDataStateTracker(  256): [mms]  intent.getAction()= android.intent.action.ANY_DATA_STATE
02-13 18:26:02.313 D/MobileDataStateTracker(  256): [mms]  mEnabled = false
02-13 18:26:02.313 D/MobileDataStateTracker(  256): [mms] subType changed, oldSubtype = 6new subtype = 7
02-13 18:26:02.313 D/MobileDataStateTracker(  256): [mms]  apnTypeList = supl
02-13 18:26:02.313 D/MobileDataStateTracker(  256): [mms]  unavailable = false
02-13 18:26:02.313 D/MobileDataStateTracker(  256): [mms] Do not process intents if disabled.
02-13 18:26:02.313 D/MobileDataStateTracker(  256): [default]  MobileDataStateReceiver onReceive(): Entry.
02-13 18:26:02.313 D/MobileDataStateTracker(  256): [default]  intent.getAction()= android.intent.action.ANY_DATA_STATE
02-13 18:26:02.313 D/MobileDataStateTracker(  256): [default]  mEnabled = true
02-13 18:26:02.323 D/MobileDataStateTracker(  256): [default] subType changed, oldSubtype = 6new subtype = 7
02-13 18:26:02.323 D/MobileDataStateTracker(  256): [default]  apnTypeList = supl
02-13 18:26:02.323 D/MobileDataStateTracker(  256): [default]  unavailable = false
02-13 18:26:02.323 D/MobileDataStateTracker(  256): [default] not what we are looking for.
02-13 18:26:02.323 D/MobileDataStateTracker(  256): [hipri]  MobileDataStateReceiver onReceive(): Entry.
02-13 18:26:02.323 D/MobileDataStateTracker(  256): [hipri]  intent.getAction()= android.intent.action.ANY_DATA_STATE
02-13 18:26:02.323 D/MobileDataStateTracker(  256): [hipri]  mEnabled = false
02-13 18:26:02.323 E/DATA    (  344): Wrong network type: 0
02-13 18:26:02.333 D/MobileDataStateTracker(  256): [hipri] subType changed, oldSubtype = 7new subtype = 0
02-13 18:26:02.333 D/MobileDataStateTracker(  256): [hipri]  apnTypeList = dun
02-13 18:26:02.333 D/MobileDataStateTracker(  256): [hipri]  unavailable = false
02-13 18:26:02.333 D/MobileDataStateTracker(  256): [hipri] Do not process intents if disabled.
02-13 18:26:02.333 D/MobileDataStateTracker(  256): [dun]  MobileDataStateReceiver onReceive(): Entry.
02-13 18:26:02.333 D/MobileDataStateTracker(  256): [dun]  intent.getAction()= android.intent.action.ANY_DATA_STATE
02-13 18:26:02.333 D/MobileDataStateTracker(  256): [dun]  mEnabled = false
02-13 18:26:02.333 D/MobileDataStateTracker(  256): [dun] subType changed, oldSubtype = 7new subtype = 0
02-13 18:26:02.333 D/LockScreen(  256): updateLayout: status=Normalsubscription=0
02-13 18:26:02.363 D/MobileDataStateTracker(  256): [dun]  apnTypeList = dun
02-13 18:26:02.363 D/MobileDataStateTracker(  256): [dun]  unavailable = false
02-13 18:26:02.363 D/MobileDataStateTracker(  256): [dun] Do not process intents if disabled.
02-13 18:26:02.363 D/MobileDataStateTracker(  256): [supl]  MobileDataStateReceiver onReceive(): Entry.
02-13 18:26:02.363 D/MobileDataStateTracker(  256): [supl]  intent.getAction()= android.intent.action.ANY_DATA_STATE
02-13 18:26:02.363 D/MobileDataStateTracker(  256): [supl]  mEnabled = false
02-13 18:26:02.363 D/LockScreen(  256): Updating Lock Screen text to Ruim
02-13 18:26:02.373 D/MobileDataStateTracker(  256): [supl] subType changed, oldSubtype = 7new subtype = 0
02-13 18:26:02.373 D/MobileDataStateTracker(  256): [supl]  apnTypeList = dun
02-13 18:26:02.373 D/MobileDataStateTracker(  256): [supl]  unavailable = false
02-13 18:26:02.373 D/MobileDataStateTracker(  256): [supl] Do not process intents if disabled.
02-13 18:26:02.373 D/MobileDataStateTracker(  256): [mms]  MobileDataStateReceiver onReceive(): Entry.
02-13 18:26:02.373 D/MobileDataStateTracker(  256): [mms]  intent.getAction()= android.intent.action.ANY_DATA_STATE
02-13 18:26:02.373 D/MobileDataStateTracker(  256): [mms]  mEnabled = false
02-13 18:26:02.373 D/MobileDataStateTracker(  256): [mms] subType changed, oldSubtype = 7new subtype = 0
02-13 18:26:02.373 D/MobileDataStateTracker(  256): [mms]  apnTypeList = dun
02-13 18:26:02.373 D/MobileDataStateTracker(  256): [mms]  unavailable = false
02-13 18:26:02.373 D/MobileDataStateTracker(  256): [mms] Do not process intents if disabled.
02-13 18:26:02.373 D/MobileDataStateTracker(  256): [default]  MobileDataStateReceiver onReceive(): Entry.
02-13 18:26:02.373 D/MobileDataStateTracker(  256): [default]  intent.getAction()= android.intent.action.ANY_DATA_STATE
02-13 18:26:02.373 D/MobileDataStateTracker(  256): [default]  mEnabled = true
02-13 18:26:02.373 D/MobileDataStateTracker(  256): [default] subType changed, oldSubtype = 7new subtype = 0
02-13 18:26:02.373 D/MobileDataStateTracker(  256): [default]  apnTypeList = dun
02-13 18:26:02.373 D/MobileDataStateTracker(  256): [default]  unavailable = false
02-13 18:26:02.383 D/CAT     (  344): CatService: Sending Radio Status: RADIO_OFF
02-13 18:26:02.393 D/DATA    (  344): [DCT(0) ] onRadioOn : register for roaming on/off
02-13 18:26:02.393 D/LockPatternKeyguardView(  256): LockPatternKeyguardView ctor: about to createUnlockScreenFor; mEnableFallback=false
02-13 18:26:02.393 D/UnlockScreen(  256): *******mCreationOrientation = 1
02-13 18:26:02.403 D/PhoneApp(  344): mReceiver: ACTION_ANY_DATA_CONNECTION_STATE_CHANGED
02-13 18:26:02.403 D/PhoneApp(  344): - state: DISCONNECTED
02-13 18:26:02.403 D/PhoneApp(  344): - reason: 2GVoiceCallEnded
02-13 18:26:02.403 D/PhoneApp(  344): mReceiver: ACTION_ANY_DATA_CONNECTION_STATE_CHANGED
02-13 18:26:02.403 D/PhoneApp(  344): - state: DISCONNECTED
02-13 18:26:02.403 D/PhoneApp(  344): - reason: 2GVoiceCallEnded
02-13 18:26:02.403 D/PhoneApp(  344): mReceiver: ACTION_ANY_DATA_CONNECTION_STATE_CHANGED
02-13 18:26:02.403 D/PhoneApp(  344): - state: DISCONNECTED
02-13 18:26:02.403 D/PhoneApp(  344): - reason: 2GVoiceCallEnded
02-13 18:26:02.403 D/PhoneApp(  344): mReceiver: ACTION_ANY_DATA_CONNECTION_STATE_CHANGED
02-13 18:26:02.403 D/PhoneApp(  344): - state: DISCONNECTED
02-13 18:26:02.403 D/PhoneApp(  344): - reason: 2GVoiceCallEnded
02-13 18:26:02.403 D/PhoneApp(  344): mReceiver: ACTION_ANY_DATA_CONNECTION_STATE_CHANGED
02-13 18:26:02.403 D/PhoneApp(  344): - state: DISCONNECTED
02-13 18:26:02.403 D/PhoneApp(  344): - reason: 2GVoiceCallEnded
02-13 18:26:02.403 D/PhoneApp(  344): mReceiver: ACTION_ANY_DATA_CONNECTION_STATE_CHANGED
02-13 18:26:02.403 D/PhoneApp(  344): - state: DISCONNECTED
02-13 18:26:02.403 D/PhoneApp(  344): - reason: 2GVoiceCallEnded
02-13 18:26:02.403 D/PhoneApp(  344): old phone type:2, New Phone type:2
02-13 18:26:02.403 D/NotificationMgr(  344): hideDataDisconnectedRoaming()...
02-13 18:26:02.403 D/MobileDataStateTracker(  256): [default] not what we are looking for.
02-13 18:26:02.403 D/MobileDataStateTracker(  256): [hipri]  MobileDataStateReceiver onReceive(): Entry.
02-13 18:26:02.403 D/MobileDataStateTracker(  256): [hipri]  intent.getAction()= android.intent.action.ANY_DATA_STATE
02-13 18:26:02.403 D/MobileDataStateTracker(  256): [hipri]  mEnabled = false
02-13 18:26:02.403 D/MobileDataStateTracker(  256): [hipri]  apnTypeList = dun
02-13 18:26:02.403 D/MobileDataStateTracker(  256): [hipri]  unavailable = false
02-13 18:26:02.403 D/MobileDataStateTracker(  256): [hipri] Do not process intents if disabled.
02-13 18:26:02.403 D/MobileDataStateTracker(  256): [dun]  MobileDataStateReceiver onReceive(): Entry.
02-13 18:26:02.403 D/MobileDataStateTracker(  256): [dun]  intent.getAction()= android.intent.action.ANY_DATA_STATE
02-13 18:26:02.403 D/MobileDataStateTracker(  256): [dun]  mEnabled = false
02-13 18:26:02.403 D/MobileDataStateTracker(  256): [dun]  apnTypeList = dun
02-13 18:26:02.403 D/MobileDataStateTracker(  256): [dun]  unavailable = false
02-13 18:26:02.403 D/MobileDataStateTracker(  256): [dun] Do not process intents if disabled.
02-13 18:26:02.403 D/MobileDataStateTracker(  256): [supl]  MobileDataStateReceiver onReceive(): Entry.
02-13 18:26:02.403 D/MobileDataStateTracker(  256): [supl]  intent.getAction()= android.intent.action.ANY_DATA_STATE
02-13 18:26:02.403 D/MobileDataStateTracker(  256): [supl]  mEnabled = false
02-13 18:26:02.413 D/MobileDataStateTracker(  256): [supl]  apnTypeList = dun
02-13 18:26:02.413 D/MobileDataStateTracker(  256): [supl]  unavailable = false
02-13 18:26:02.413 D/MobileDataStateTracker(  256): [supl] Do not process intents if disabled.
02-13 18:26:02.413 D/MobileDataStateTracker(  256): [mms]  MobileDataStateReceiver onReceive(): Entry.
02-13 18:26:02.413 D/MobileDataStateTracker(  256): [mms]  intent.getAction()= android.intent.action.ANY_DATA_STATE
02-13 18:26:02.413 D/MobileDataStateTracker(  256): [mms]  mEnabled = false
02-13 18:26:02.413 D/MobileDataStateTracker(  256): [mms]  apnTypeList = dun
02-13 18:26:02.413 D/MobileDataStateTracker(  256): [mms]  unavailable = false
02-13 18:26:02.413 D/MobileDataStateTracker(  256): [mms] Do not process intents if disabled.
02-13 18:26:02.413 D/MobileDataStateTracker(  256): [default]  MobileDataStateReceiver onReceive(): Entry.
02-13 18:26:02.413 D/MobileDataStateTracker(  256): [default]  intent.getAction()= android.intent.action.ANY_DATA_STATE
02-13 18:26:02.413 D/MobileDataStateTracker(  256): [default]  mEnabled = true
02-13 18:26:02.423 D/PhoneApp(  344): old phone type:2, New Phone type:2
02-13 18:26:02.423 D/NotificationMgr(  344): hideDataDisconnectedRoaming()...
02-13 18:26:02.423 D/MobileDataStateTracker(  256): [default]  apnTypeList = dun
02-13 18:26:02.423 D/MobileDataStateTracker(  256): [default]  unavailable = false
02-13 18:26:02.423 D/MobileDataStateTracker(  256): [default] not what we are looking for.
02-13 18:26:02.423 D/MobileDataStateTracker(  256): [hipri]  MobileDataStateReceiver onReceive(): Entry.
02-13 18:26:02.423 D/MobileDataStateTracker(  256): [hipri]  intent.getAction()= android.intent.action.ANY_DATA_STATE
02-13 18:26:02.423 D/MobileDataStateTracker(  256): [hipri]  mEnabled = false
02-13 18:26:02.423 D/MobileDataStateTracker(  256): [hipri]  apnTypeList = hipri
02-13 18:26:02.423 D/MobileDataStateTracker(  256): [hipri]  unavailable = false
02-13 18:26:02.423 D/MobileDataStateTracker(  256): [hipri] Do not process intents if disabled.
02-13 18:26:02.423 D/MobileDataStateTracker(  256): [dun]  MobileDataStateReceiver onReceive(): Entry.
02-13 18:26:02.423 D/MobileDataStateTracker(  256): [dun]  intent.getAction()= android.intent.action.ANY_DATA_STATE
02-13 18:26:02.423 D/MobileDataStateTracker(  256): [dun]  mEnabled = false
02-13 18:26:02.433 D/PhoneApp(  344): old phone type:2, New Phone type:2
02-13 18:26:02.433 D/NotificationMgr(  344): hideDataDisconnectedRoaming()...
02-13 18:26:02.433 D/PhoneApp(  344): old phone type:2, New Phone type:2
02-13 18:26:02.433 D/NotificationMgr(  344): hideDataDisconnectedRoaming()...
02-13 18:26:02.433 D/CallManager(  344):  handleMessage (EVENT_SERVICE_STATE_CHANGED)
02-13 18:26:02.433 E/BT HS/HF(  344): SERVICE_STATE_CHANGED called
02-13 18:26:02.433 E/BT HS/HF(  344): updateServiceState called, sendUpdate:false  ServiceState:0 home Sprint  310099  1xRTT CSS not supported 41 4139RoamInd: 1RoamStatus(sprint): 1DefRoamInd: 160EmergOnly: false
02-13 18:26:02.433 E/BT HS/HF(  344): service:1 mService:1
02-13 18:26:02.433 D/MobileDataStateTracker(  256): [dun]  apnTypeList = hipri
02-13 18:26:02.433 D/MobileDataStateTracker(  256): [dun]  unavailable = false
02-13 18:26:02.433 D/MobileDataStateTracker(  256): [dun] Do not process intents if disabled.
02-13 18:26:02.433 D/MobileDataStateTracker(  256): [supl]  MobileDataStateReceiver onReceive(): Entry.
02-13 18:26:02.433 D/MobileDataStateTracker(  256): [supl]  intent.getAction()= android.intent.action.ANY_DATA_STATE
02-13 18:26:02.433 D/MobileDataStateTracker(  256): [supl]  mEnabled = false
02-13 18:26:02.433 D/MobileDataStateTracker(  256): [supl]  apnTypeList = hipri
02-13 18:26:02.433 D/MobileDataStateTracker(  256): [supl]  unavailable = false
02-13 18:26:02.433 D/MobileDataStateTracker(  256): [supl] Do not process intents if disabled.
02-13 18:26:02.433 D/MobileDataStateTracker(  256): [mms]  MobileDataStateReceiver onReceive(): Entry.
02-13 18:26:02.433 D/MobileDataStateTracker(  256): [mms]  intent.getAction()= android.intent.action.ANY_DATA_STATE
02-13 18:26:02.433 D/MobileDataStateTracker(  256): [mms]  mEnabled = false
02-13 18:26:02.433 D/Phone   (  344): [PhoneNotifier] [DefaultPhoneNotifier] : default, INET, DISCONNECTED
02-13 18:26:02.443 I/TelephonyRegistry(  256): notifyDataConnection: state=0 isDataConnectivityPossible=false reason=radioTechnologyChanged interfaceName=null networkType=0 apnType=default apn=null
02-13 18:26:02.443 I/TelephonyRegistry(  256): +++broadcastDataConnectionStateChanged
02-13 18:26:02.443 D/MobileDataStateTracker(  256): [mms]  apnTypeList = hipri
02-13 18:26:02.443 D/MobileDataStateTracker(  256): [mms]  unavailable = false
02-13 18:26:02.443 D/MobileDataStateTracker(  256): [mms] Do not process intents if disabled.
02-13 18:26:02.443 D/MobileDataStateTracker(  256): [default]  MobileDataStateReceiver onReceive(): Entry.
02-13 18:26:02.443 D/MobileDataStateTracker(  256): [default]  intent.getAction()= android.intent.action.ANY_DATA_STATE
02-13 18:26:02.443 D/MobileDataStateTracker(  256): [default]  mEnabled = true
02-13 18:26:02.453 D/MobileDataStateTracker(  256): [default]  apnTypeList = hipri
02-13 18:26:02.453 D/MobileDataStateTracker(  256): [default]  unavailable = false
02-13 18:26:02.453 D/MobileDataStateTracker(  256): [default] not what we are looking for.
02-13 18:26:02.453 D/MobileDataStateTracker(  256): [hipri]  MobileDataStateReceiver onReceive(): Entry.
02-13 18:26:02.453 D/MobileDataStateTracker(  256): [hipri]  intent.getAction()= android.intent.action.ANY_DATA_STATE
02-13 18:26:02.453 D/MobileDataStateTracker(  256): [hipri]  mEnabled = false
02-13 18:26:02.473 I/TelephonyRegistry(  256): +++sendStickyBroadcast
02-13 18:26:02.473 D/MobileDataStateTracker(  256): [hipri]  apnTypeList = hipri
02-13 18:26:02.473 D/MobileDataStateTracker(  256): [hipri]  unavailable = false
02-13 18:26:02.473 D/MobileDataStateTracker(  256): [hipri] Do not process intents if disabled.
02-13 18:26:02.473 D/MobileDataStateTracker(  256): [dun]  MobileDataStateReceiver onReceive(): Entry.
02-13 18:26:02.473 D/MobileDataStateTracker(  256): [dun]  intent.getAction()= android.intent.action.ANY_DATA_STATE
02-13 18:26:02.473 D/MobileDataStateTracker(  256): [dun]  mEnabled = false
02-13 18:26:02.473 D/Phone   (  344): [PhoneNotifier] [DefaultPhoneNotifier] : default, INET6, DISCONNECTED
02-13 18:26:02.473 D/MobileDataStateTracker(  256): [dun]  apnTypeList = hipri
02-13 18:26:02.483 I/TelephonyRegistry(  256): notifyDataConnection: state=0 isDataConnectivityPossible=false reason=radioTechnologyChanged interfaceName=null networkType=0 apnType=default apn=null
02-13 18:26:02.483 I/TelephonyRegistry(  256): +++broadcastDataConnectionStateChanged
02-13 18:26:02.483 D/MobileDataStateTracker(  256): [dun]  unavailable = false
02-13 18:26:02.483 D/MobileDataStateTracker(  256): [dun] Do not process intents if disabled.
02-13 18:26:02.483 D/MobileDataStateTracker(  256): [supl]  MobileDataStateReceiver onReceive(): Entry.
02-13 18:26:02.483 D/MobileDataStateTracker(  256): [supl]  intent.getAction()= android.intent.action.ANY_DATA_STATE
02-13 18:26:02.483 D/MobileDataStateTracker(  256): [supl]  mEnabled = false
02-13 18:26:02.483 I/TelephonyRegistry(  256): +++sendStickyBroadcast
02-13 18:26:02.483 D/MobileDataStateTracker(  256): [supl]  apnTypeList = hipri
02-13 18:26:02.483 D/MobileDataStateTracker(  256): [supl]  unavailable = false
02-13 18:26:02.483 D/MobileDataStateTracker(  256): [supl] Do not process intents if disabled.
02-13 18:26:02.483 D/MobileDataStateTracker(  256): [mms]  MobileDataStateReceiver onReceive(): Entry.
02-13 18:26:02.483 D/MobileDataStateTracker(  256): [mms]  intent.getAction()= android.intent.action.ANY_DATA_STATE
02-13 18:26:02.483 D/MobileDataStateTracker(  256): [mms]  mEnabled = false
02-13 18:26:02.483 D/MobileDataStateTracker(  256): [mms]  apnTypeList = hipri
02-13 18:26:02.483 D/MobileDataStateTracker(  256): [mms]  unavailable = false
02-13 18:26:02.483 D/MobileDataStateTracker(  256): [mms] Do not process intents if disabled.
02-13 18:26:02.483 D/MobileDataStateTracker(  256): [default]  MobileDataStateReceiver onReceive(): Entry.
02-13 18:26:02.483 D/MobileDataStateTracker(  256): [default]  intent.getAction()= android.intent.action.ANY_DATA_STATE
02-13 18:26:02.483 D/MobileDataStateTracker(  256): [default]  mEnabled = true
02-13 18:26:02.483 D/MobileDataStateTracker(  256): [default]  apnTypeList = hipri
02-13 18:26:02.483 D/MobileDataStateTracker(  256): [default]  unavailable = false
02-13 18:26:02.483 D/MobileDataStateTracker(  256): [default] not what we are looking for.
02-13 18:26:02.483 I/BluetoothService(  256): Got Call State change - new call state = 0
02-13 18:26:02.483 D/MobileDataStateTracker(  256): [hipri]  MobileDataStateReceiver onReceive(): Entry.
02-13 18:26:02.483 D/MobileDataStateTracker(  256): [hipri]  intent.getAction()= android.intent.action.SERVICE_STATE
02-13 18:26:02.483 D/MobileDataStateTracker(  256): [hipri]  mEnabled = false
02-13 18:26:02.503 D/Phone   (  344): [PhoneNotifier] [DefaultPhoneNotifier] : mms, INET, DISCONNECTED
02-13 18:26:02.503 I/TelephonyRegistry(  256): notifyDataConnection: state=0 isDataConnectivityPossible=false reason=radioTechnologyChanged interfaceName=null networkType=0 apnType=mms apn=null
02-13 18:26:02.503 I/TelephonyRegistry(  256): +++broadcastDataConnectionStateChanged
02-13 18:26:02.503 I/TelephonyRegistry(  256): +++sendStickyBroadcast
02-13 18:26:02.503 D/Phone   (  344): [PhoneNotifier] [DefaultPhoneNotifier] : mms, INET6, DISCONNECTED
02-13 18:26:02.503 I/TelephonyRegistry(  256): notifyDataConnection: state=0 isDataConnectivityPossible=false reason=radioTechnologyChanged interfaceName=null networkType=0 apnType=mms apn=null
02-13 18:26:02.503 I/TelephonyRegistry(  256): +++broadcastDataConnectionStateChanged
02-13 18:26:02.503 I/TelephonyRegistry(  256): +++sendStickyBroadcast
02-13 18:26:02.503 D/Phone   (  344): [PhoneNotifier] [DefaultPhoneNotifier] : supl, INET, DISCONNECTED
02-13 18:26:02.513 D/MobileDataStateTracker(  256): [dun]  MobileDataStateReceiver onReceive(): Entry.
02-13 18:26:02.513 D/MobileDataStateTracker(  256): [dun]  intent.getAction()= android.intent.action.SERVICE_STATE
02-13 18:26:02.513 D/MobileDataStateTracker(  256): [dun]  mEnabled = false
02-13 18:26:02.513 D/MobileDataStateTracker(  256): [supl]  MobileDataStateReceiver onReceive(): Entry.
02-13 18:26:02.513 D/MobileDataStateTracker(  256): [supl]  intent.getAction()= android.intent.action.SERVICE_STATE
02-13 18:26:02.513 D/MobileDataStateTracker(  256): [supl]  mEnabled = false
02-13 18:26:02.523 I/TelephonyRegistry(  256): notifyDataConnection: state=0 isDataConnectivityPossible=false reason=radioTechnologyChanged interfaceName=null networkType=0 apnType=supl apn=null
02-13 18:26:02.523 I/TelephonyRegistry(  256): +++broadcastDataConnectionStateChanged
02-13 18:26:02.523 I/TelephonyRegistry(  256): +++sendStickyBroadcast
02-13 18:26:02.523 D/Phone   (  344): [PhoneNotifier] [DefaultPhoneNotifier] : supl, INET6, DISCONNECTED
02-13 18:26:02.523 I/TelephonyRegistry(  256): notifyDataConnection: state=0 isDataConnectivityPossible=false reason=radioTechnologyChanged interfaceName=null networkType=0 apnType=supl apn=null
02-13 18:26:02.523 I/TelephonyRegistry(  256): +++broadcastDataConnectionStateChanged
02-13 18:26:02.523 I/TelephonyRegistry(  256): +++sendStickyBroadcast
02-13 18:26:02.523 D/MobileDataStateTracker(  256): [mms]  MobileDataStateReceiver onReceive(): Entry.
02-13 18:26:02.523 D/MobileDataStateTracker(  256): [mms]  intent.getAction()= android.intent.action.SERVICE_STATE
02-13 18:26:02.523 D/MobileDataStateTracker(  256): [mms]  mEnabled = false
02-13 18:26:02.533 D/MobileDataStateTracker(  256): [default]  MobileDataStateReceiver onReceive(): Entry.
02-13 18:26:02.533 D/MobileDataStateTracker(  256): [default]  intent.getAction()= android.intent.action.SERVICE_STATE
02-13 18:26:02.533 D/MobileDataStateTracker(  256): [default]  mEnabled = true
02-13 18:26:02.533 D/LockPatternKeyguardView(  256): createUnlockScreenFor(Pattern): mEnableFallback=false
02-13 18:26:02.533 D/Phone   (  344): [PhoneNotifier] [DefaultPhoneNotifier] : dun, INET, DISCONNECTED
02-13 18:26:02.533 I/TelephonyRegistry(  256): notifyDataConnection: state=0 isDataConnectivityPossible=false reason=radioTechnologyChanged interfaceName=null networkType=0 apnType=dun apn=null
02-13 18:26:02.533 I/TelephonyRegistry(  256): +++broadcastDataConnectionStateChanged
02-13 18:26:02.533 I/TelephonyRegistry(  256): +++sendStickyBroadcast
02-13 18:26:02.543 D/KeyguardUpdateMonitor(  256): received broadcast android.provider.Telephony.SPN_STRINGS_UPDATED
02-13 18:26:02.543 D/KeyguardUpdateMonitor(  256): Received SPN update on sub :0
02-13 18:26:02.543 D/MobileDataStateTracker(  256): [hipri]  MobileDataStateReceiver onReceive(): Entry.
02-13 18:26:02.543 D/MobileDataStateTracker(  256): [hipri]  intent.getAction()= android.intent.action.SERVICE_STATE
02-13 18:26:02.543 D/MobileDataStateTracker(  256): [hipri]  mEnabled = false
02-13 18:26:02.543 D/MobileDataStateTracker(  256): [dun]  MobileDataStateReceiver onReceive(): Entry.
02-13 18:26:02.543 D/MobileDataStateTracker(  256): [dun]  intent.getAction()= android.intent.action.SERVICE_STATE
02-13 18:26:02.543 D/MobileDataStateTracker(  256): [dun]  mEnabled = false
02-13 18:26:02.543 D/Phone   (  344): [PhoneNotifier] [DefaultPhoneNotifier] : dun, INET6, DISCONNECTED
02-13 18:26:02.543 I/TelephonyRegistry(  256): notifyDataConnection: state=0 isDataConnectivityPossible=false reason=radioTechnologyChanged interfaceName=null networkType=0 apnType=dun apn=null
02-13 18:26:02.543 I/TelephonyRegistry(  256): +++broadcastDataConnectionStateChanged
02-13 18:26:02.543 I/TelephonyRegistry(  256): +++sendStickyBroadcast
02-13 18:26:02.553 D/Phone   (  344): [PhoneNotifier] [DefaultPhoneNotifier] : hipri, INET, DISCONNECTED
02-13 18:26:02.553 I/TelephonyRegistry(  256): notifyDataConnection: state=0 isDataConnectivityPossible=false reason=radioTechnologyChanged interfaceName=null networkType=0 apnType=hipri apn=null
02-13 18:26:02.553 I/TelephonyRegistry(  256): +++broadcastDataConnectionStateChanged
02-13 18:26:02.553 I/TelephonyRegistry(  256): +++sendStickyBroadcast
02-13 18:26:02.563 D/MobileDataStateTracker(  256): [supl]  MobileDataStateReceiver onReceive(): Entry.
02-13 18:26:02.563 D/MobileDataStateTracker(  256): [supl]  intent.getAction()= android.intent.action.SERVICE_STATE
02-13 18:26:02.563 D/MobileDataStateTracker(  256): [supl]  mEnabled = false
02-13 18:26:02.563 D/MobileDataStateTracker(  256): [mms]  MobileDataStateReceiver onReceive(): Entry.
02-13 18:26:02.563 D/MobileDataStateTracker(  256): [mms]  intent.getAction()= android.intent.action.SERVICE_STATE
02-13 18:26:02.563 D/MobileDataStateTracker(  256): [mms]  mEnabled = false
02-13 18:26:02.563 D/MobileDataStateTracker(  256): [default]  MobileDataStateReceiver onReceive(): Entry.
02-13 18:26:02.573 D/Phone   (  344): [PhoneNotifier] [DefaultPhoneNotifier] : hipri, INET6, DISCONNECTED
02-13 18:26:02.573 I/TelephonyRegistry(  256): notifyDataConnection: state=0 isDataConnectivityPossible=false reason=radioTechnologyChanged interfaceName=null networkType=0 apnType=hipri apn=null
02-13 18:26:02.573 I/TelephonyRegistry(  256): +++broadcastDataConnectionStateChanged
02-13 18:26:02.573 I/TelephonyRegistry(  256): +++sendStickyBroadcast
02-13 18:26:02.583 D/MobileDataStateTracker(  256): [default]  intent.getAction()= android.intent.action.SERVICE_STATE
02-13 18:26:02.583 D/MobileDataStateTracker(  256): [default]  mEnabled = true
02-13 18:26:02.583 D/MobileDataStateTracker(  256): [hipri]  MobileDataStateReceiver onReceive(): Entry.
02-13 18:26:02.583 D/MobileDataStateTracker(  256): [hipri]  intent.getAction()= android.intent.action.ANY_DATA_STATE
02-13 18:26:02.583 D/MobileDataStateTracker(  256): [hipri]  mEnabled = false
02-13 18:26:02.583 D/MobileDataStateTracker(  256): [hipri]  apnTypeList = default
02-13 18:26:02.583 D/MobileDataStateTracker(  256): [hipri]  unavailable = true
02-13 18:26:02.583 D/MobileDataStateTracker(  256): [hipri] Do not process intents if disabled.
02-13 18:26:02.583 D/MobileDataStateTracker(  256): [dun]  MobileDataStateReceiver onReceive(): Entry.
02-13 18:26:02.583 D/MobileDataStateTracker(  256): [dun]  intent.getAction()= android.intent.action.ANY_DATA_STATE
02-13 18:26:02.583 D/MobileDataStateTracker(  256): [dun]  mEnabled = false
02-13 18:26:02.593 D/MobileDataStateTracker(  256): [dun]  apnTypeList = default
02-13 18:26:02.593 D/MobileDataStateTracker(  256): [dun]  unavailable = true
02-13 18:26:02.593 D/MobileDataStateTracker(  256): [dun] Do not process intents if disabled.
02-13 18:26:02.593 D/MobileDataStateTracker(  256): [supl]  MobileDataStateReceiver onReceive(): Entry.
02-13 18:26:02.593 D/MobileDataStateTracker(  256): [supl]  intent.getAction()= android.intent.action.ANY_DATA_STATE
02-13 18:26:02.593 D/MobileDataStateTracker(  256): [supl]  mEnabled = false
02-13 18:26:02.593 I/LockPatternKeyguardView(  256): updateLockscreenBackground
02-13 18:26:02.593 I/LockPatternKeyguardView(  256): setBackgroundDrawable
02-13 18:26:02.593 I/LockPatternKeyguardView(  256): file not found: etc/customize/default_lockscreen
02-13 18:26:02.593 D/LockScreen(  256): updateLayout: status=Normalsubscription=0
02-13 18:26:02.593 D/DATA    (  344): [DCT(0) ] Resetting all profiles and service states!
02-13 18:26:02.593 D/CallManager(  344):  handleMessage (EVENT_SERVICE_STATE_CHANGED)
02-13 18:26:02.593 E/BT HS/HF(  344): SERVICE_STATE_CHANGED called
02-13 18:26:02.593 E/BT HS/HF(  344): updateServiceState called, sendUpdate:false  ServiceState:3 home null null null  Unknown CSS not supported -1 -1RoamInd: -1RoamStatus(sprint): -1DefRoamInd: -1EmergOnly: false
02-13 18:26:02.593 E/BT HS/HF(  344): service:0 mService:1
02-13 18:26:02.603 D/PhoneApp(  344): old phone type:2, New Phone type:2
02-13 18:26:02.603 D/NotificationMgr(  344): hideDataDisconnectedRoaming()...
02-13 18:26:02.603 D/PhoneApp(  344): old phone type:2, New Phone type:2
02-13 18:26:02.603 D/NotificationMgr(  344): hideDataDisconnectedRoaming()...
02-13 18:26:02.603 D/PhoneApp(  344): old phone type:2, New Phone type:2
02-13 18:26:02.603 D/NotificationMgr(  344): hideDataDisconnectedRoaming()...
02-13 18:26:02.603 D/PhoneApp(  344): old phone type:2, New Phone type:2
02-13 18:26:02.603 D/NotificationMgr(  344): hideDataDisconnectedRoaming()...
02-13 18:26:02.603 D/MobileDataStateTracker(  256): [supl]  apnTypeList = default
02-13 18:26:02.603 D/MobileDataStateTracker(  256): [supl]  unavailable = true
02-13 18:26:02.603 D/MobileDataStateTracker(  256): [supl] Do not process intents if disabled.
02-13 18:26:02.603 D/MobileDataStateTracker(  256): [mms]  MobileDataStateReceiver onReceive(): Entry.
02-13 18:26:02.603 D/MobileDataStateTracker(  256): [mms]  intent.getAction()= android.intent.action.ANY_DATA_STATE
02-13 18:26:02.603 D/MobileDataStateTracker(  256): [mms]  mEnabled = false
02-13 18:26:02.603 D/MobileDataStateTracker(  256): [mms]  apnTypeList = default
02-13 18:26:02.603 D/MobileDataStateTracker(  256): [mms]  unavailable = true
02-13 18:26:02.603 D/MobileDataStateTracker(  256): [mms] Do not process intents if disabled.
02-13 18:26:02.603 D/MobileDataStateTracker(  256): [default]  MobileDataStateReceiver onReceive(): Entry.
02-13 18:26:02.603 D/MobileDataStateTracker(  256): [default]  intent.getAction()= android.intent.action.ANY_DATA_STATE
02-13 18:26:02.603 D/MobileDataStateTracker(  256): [default]  mEnabled = true
02-13 18:26:02.613 D/PhoneApp(  344): old phone type:2, New Phone type:2
02-13 18:26:02.613 D/NotificationMgr(  344): hideDataDisconnectedRoaming()...
02-13 18:26:02.613 D/PhoneApp(  344): old phone type:2, New Phone type:2
02-13 18:26:02.613 D/NotificationMgr(  344): hideDataDisconnectedRoaming()...
02-13 18:26:02.613 D/PhoneApp(  344): mReceiver: ACTION_ANY_DATA_CONNECTION_STATE_CHANGED
02-13 18:26:02.613 D/PhoneApp(  344): - state: DISCONNECTED
02-13 18:26:02.613 D/PhoneApp(  344): - reason: radioTechnologyChanged
