02-13 18:26:02.613 D/PhoneApp(  344): mReceiver: ACTION_ANY_DATA_CONNECTION_STATE_CHANGED
02-13 18:26:02.613 D/PhoneApp(  344): - state: DISCONNECTED
02-13 18:26:02.613 D/PhoneApp(  344): - reason: radioTechnologyChanged
02-13 18:26:02.613 D/LockScreen(  256): Updating Lock Screen text to Ruim
02-13 18:26:02.613 D/MobileDataStateTracker(  256): [default]  apnTypeList = default
02-13 18:26:02.613 D/MobileDataStateTracker(  256): [default]  unavailable = true
02-13 18:26:02.613 D/MobileDataStateTracker(  256): [default] CALL updateMobileInfoFromIntent
02-13 18:26:02.613 I/MobileDataStateTracker(  256): [default] dc state change intent received for default/INET with state  DISCONNECTED. enabled=true state change reason = radioTechnologyChanged
02-13 18:26:02.613 I/MobileDataStateTracker(  256): [default] old state = DISCONNECTED
02-13 18:26:02.613 I/MobileDataStateTracker(  256): [default] no change,  just return
02-13 18:26:02.613 D/MobileDataStateTracker(  256): [default] No need to update detailed state
02-13 18:26:02.633 D/MobileDataStateTracker(  256): [hipri]  MobileDataStateReceiver onReceive(): Entry.
02-13 18:26:02.633 D/MobileDataStateTracker(  256): [hipri]  intent.getAction()= android.intent.action.ANY_DATA_STATE
02-13 18:26:02.633 D/MobileDataStateTracker(  256): [hipri]  mEnabled = false
02-13 18:26:02.633 D/PhoneApp(  344): mReceiver: ACTION_ANY_DATA_CONNECTION_STATE_CHANGED
02-13 18:26:02.633 D/PhoneApp(  344): - state: DISCONNECTED
02-13 18:26:02.633 D/PhoneApp(  344): - reason: radioTechnologyChanged
02-13 18:26:02.633 D/PhoneApp(  344): mReceiver: ACTION_ANY_DATA_CONNECTION_STATE_CHANGED
02-13 18:26:02.633 D/PhoneApp(  344): - state: DISCONNECTED
02-13 18:26:02.633 D/PhoneApp(  344): - reason: radioTechnologyChanged
02-13 18:26:02.633 D/PhoneApp(  344): mReceiver: ACTION_ANY_DATA_CONNECTION_STATE_CHANGED
02-13 18:26:02.633 D/PhoneApp(  344): - state: DISCONNECTED
02-13 18:26:02.633 D/PhoneApp(  344): - reason: radioTechnologyChanged
02-13 18:26:02.633 D/PhoneApp(  344): mReceiver: ACTION_ANY_DATA_CONNECTION_STATE_CHANGED
02-13 18:26:02.633 D/PhoneApp(  344): - state: DISCONNECTED
02-13 18:26:02.633 D/PhoneApp(  344): - reason: radioTechnologyChanged
02-13 18:26:02.633 D/PhoneApp(  344): mReceiver: ACTION_ANY_DATA_CONNECTION_STATE_CHANGED
02-13 18:26:02.633 D/PhoneApp(  344): - state: DISCONNECTED
02-13 18:26:02.633 D/PhoneApp(  344): - reason: radioTechnologyChanged
02-13 18:26:02.633 D/PhoneApp(  344): mReceiver: ACTION_ANY_DATA_CONNECTION_STATE_CHANGED
02-13 18:26:02.633 D/PhoneApp(  344): - state: DISCONNECTED
02-13 18:26:02.633 D/PhoneApp(  344): - reason: radioTechnologyChanged
02-13 18:26:02.633 D/PhoneApp(  344): mReceiver: ACTION_ANY_DATA_CONNECTION_STATE_CHANGED
02-13 18:26:02.633 D/PhoneApp(  344): - state: DISCONNECTED
02-13 18:26:02.633 D/PhoneApp(  344): - reason: radioTechnologyChanged
02-13 18:26:02.633 I/DATA    (  344): [DCT(0) ] onUpdateDataConnections: reason=radioTechnologyChanged
02-13 18:26:02.633 I/DATA    (  344): [DCT(0) ] ---dc list---
02-13 18:26:02.633 I/DATA    (  344): [DCT(0) ] ---ds list---
02-13 18:26:02.633 I/DATA    (  344): [DCT(0) ] ds= SERVICE_TYPE_DEFAULT, enabled = true, active = v4:IDLE v6:IDLE
02-13 18:26:02.633 I/DATA    (  344): [DCT(0) ] ds= SERVICE_TYPE_MMS, enabled = false, active = v4:IDLE v6:IDLE
02-13 18:26:02.633 I/DATA    (  344): [DCT(0) ] ds= SERVICE_TYPE_SUPL, enabled = false, active = v4:IDLE v6:IDLE
02-13 18:26:02.633 I/DATA    (  344): [DCT(0) ] ds= SERVICE_TYPE_DUN, enabled = false, active = v4:IDLE v6:IDLE
02-13 18:26:02.633 I/DATA    (  344): [DCT(0) ] ds= SERVICE_TYPE_HIPRI, enabled = false, active = v4:IDLE v6:IDLE
02-13 18:26:02.633 I/DATA    (  344): [DCT(0) ] ***** NOT Ready for data :
02-13 18:26:02.633 I/DATA    (  344): [DCT(0) ]    getDesiredPowerState() = false
02-13 18:26:02.633 I/DATA    (  344): [DCT(0) ]    mCm.getRadioState() = RADIO_OFF
02-13 18:26:02.633 I/DATA    (  344): [DCT(0) ]    [DataRadioTech = RADIO_TECH_UNKNOWN, data network state = 3, mMasterDataEnabled = true, is Roaming = false, dataOnRoamingEnable = false, isPsRestricted = false, desiredPowerState  = false, mSIMRecords = , cdmaSubSource = 1/310120, mRuimRecords = , checks = true/true]
02-13 18:26:02.633 D/PhoneApp(  344): old phone type:2, New Phone type:2
02-13 18:26:02.633 D/NotificationMgr(  344): hideDataDisconnectedRoaming()...
02-13 18:26:02.653 D/MobileDataStateTracker(  256): [hipri]  apnTypeList = mms
02-13 18:26:02.653 D/MobileDataStateTracker(  256): [hipri]  unavailable = true
02-13 18:26:02.653 D/MobileDataStateTracker(  256): [hipri] Do not process intents if disabled.
02-13 18:26:02.653 D/MobileDataStateTracker(  256): [dun]  MobileDataStateReceiver onReceive(): Entry.
02-13 18:26:02.653 D/MobileDataStateTracker(  256): [dun]  intent.getAction()= android.intent.action.ANY_DATA_STATE
02-13 18:26:02.653 D/MobileDataStateTracker(  256): [dun]  mEnabled = false
02-13 18:26:02.653 D/KeyguardViewMediator(  256): adjustUserActivityLocked mShowing: true mHidden: false
02-13 18:26:02.653 D/KeyguardViewMediator(  256): onScreenTurnedOn, seq = 3
02-13 18:26:02.653 D/KeyguardViewMediator(  256): notifyScreenOnLocked
02-13 18:26:02.653 E/Sensors (  256): [HAL]ready to call enable(Accelerometer,1),AAAAAAAA
02-13 18:26:02.653 E/Sensors (  256): [HAL]mEnabled = 0;ready to open /dev/akm8962_aot
02-13 18:26:02.653 E/Sensors (  256): [HAL]ECS_IOCTL_APP_SET_AFLAG 	success,flags = 1
02-13 18:26:02.653 E/Sensors (  256): [HAL]After {mEnabled &= ~(1<<what)},mEnabled = 0
02-13 18:26:02.653 E/Sensors (  256): [HAL]After {(newState)<<what)},mEnabled = 1
02-13 18:26:02.663 D/MobileDataStateTracker(  256): [dun]  apnTypeList = mms
02-13 18:26:02.663 D/MobileDataStateTracker(  256): [dun]  unavailable = true
02-13 18:26:02.663 D/MobileDataStateTracker(  256): [dun] Do not process intents if disabled.
02-13 18:26:02.663 D/MobileDataStateTracker(  256): [supl]  MobileDataStateReceiver onReceive(): Entry.
02-13 18:26:02.663 D/MobileDataStateTracker(  256): [supl]  intent.getAction()= android.intent.action.ANY_DATA_STATE
02-13 18:26:02.663 D/MobileDataStateTracker(  256): [supl]  mEnabled = false
02-13 18:26:02.663 D/KeyguardUpdateMonitor(  256): handlePhoneStateChanged(IDLE)
02-13 18:26:02.663 D/MobileDataStateTracker(  256): [supl]  apnTypeList = mms
02-13 18:26:02.663 D/MobileDataStateTracker(  256): [supl]  unavailable = true
02-13 18:26:02.663 D/MobileDataStateTracker(  256): [supl] Do not process intents if disabled.
02-13 18:26:02.663 D/MobileDataStateTracker(  256): [mms]  MobileDataStateReceiver onReceive(): Entry.
02-13 18:26:02.663 D/MobileDataStateTracker(  256): [mms]  intent.getAction()= android.intent.action.ANY_DATA_STATE
02-13 18:26:02.663 D/MobileDataStateTracker(  256): [mms]  mEnabled = false
02-13 18:26:02.663 D/MobileDataStateTracker(  256): [mms]  apnTypeList = mms
02-13 18:26:02.663 D/MobileDataStateTracker(  256): [mms]  unavailable = true
02-13 18:26:02.663 D/MobileDataStateTracker(  256): [mms] Do not process intents if disabled.
02-13 18:26:02.663 D/MobileDataStateTracker(  256): [default]  MobileDataStateReceiver onReceive(): Entry.
02-13 18:26:02.663 D/MobileDataStateTracker(  256): [default]  intent.getAction()= android.intent.action.ANY_DATA_STATE
02-13 18:26:02.663 D/MobileDataStateTracker(  256): [default]  mEnabled = true
02-13 18:26:02.673 D/KeyguardUpdateMonitor(  256): handleCarrierInfoUpdate: plmn = (No service), spn = null, subscription = 0
02-13 18:26:02.673 D/LockScreen(  256): onRefreshCarrierInfo((No service), null)
02-13 18:26:02.673 D/LockScreen(  256): updateLayout: status=Normalsubscription=0
02-13 18:26:02.673 D/LockScreen(  256): Updating Lock Screen text to Ruim
02-13 18:26:02.673 D/MobileDataStateTracker(  256): [default]  apnTypeList = mms
02-13 18:26:02.673 D/MobileDataStateTracker(  256): [default]  unavailable = true
02-13 18:26:02.673 D/MobileDataStateTracker(  256): [default] not what we are looking for.
02-13 18:26:02.673 D/MobileDataStateTracker(  256): [hipri]  MobileDataStateReceiver onReceive(): Entry.
02-13 18:26:02.673 D/MobileDataStateTracker(  256): [hipri]  intent.getAction()= android.intent.action.ANY_DATA_STATE
02-13 18:26:02.673 D/MobileDataStateTracker(  256): [hipri]  mEnabled = false
02-13 18:26:02.673 D/MobileDataStateTracker(  256): [hipri]  apnTypeList = mms
02-13 18:26:02.673 D/MobileDataStateTracker(  256): [hipri]  unavailable = true
02-13 18:26:02.673 D/MobileDataStateTracker(  256): [hipri] Do not process intents if disabled.
02-13 18:26:02.673 D/MobileDataStateTracker(  256): [dun]  MobileDataStateReceiver onReceive(): Entry.
02-13 18:26:02.673 D/MobileDataStateTracker(  256): [dun]  intent.getAction()= android.intent.action.ANY_DATA_STATE
02-13 18:26:02.673 D/MobileDataStateTracker(  256): [dun]  mEnabled = false
02-13 18:26:02.683 D/PhoneApp(  344): old phone type:2, New Phone type:2
02-13 18:26:02.683 D/NotificationMgr(  344): hideDataDisconnectedRoaming()...
02-13 18:26:02.683 D/PhoneApp(  344): old phone type:2, New Phone type:2
02-13 18:26:02.683 D/NotificationMgr(  344): hideDataDisconnectedRoaming()...
02-13 18:26:02.683 D/PhoneApp(  344): old phone type:2, New Phone type:2
02-13 18:26:02.683 D/NotificationMgr(  344): hideDataDisconnectedRoaming()...
02-13 18:26:02.683 D/PhoneApp(  344): old phone type:2, New Phone type:2
02-13 18:26:02.683 D/NotificationMgr(  344): hideDataDisconnectedRoaming()...
02-13 18:26:02.683 D/PhoneApp(  344): old phone type:2, New Phone type:2
02-13 18:26:02.683 D/NotificationMgr(  344): hideDataDisconnectedRoaming()...
02-13 18:26:02.693 D/MobileDataStateTracker(  256): [dun]  apnTypeList = mms
02-13 18:26:02.693 D/MobileDataStateTracker(  256): [dun]  unavailable = true
02-13 18:26:02.693 D/MobileDataStateTracker(  256): [dun] Do not process intents if disabled.
02-13 18:26:02.693 D/MobileDataStateTracker(  256): [supl]  MobileDataStateReceiver onReceive(): Entry.
02-13 18:26:02.693 D/MobileDataStateTracker(  256): [supl]  intent.getAction()= android.intent.action.ANY_DATA_STATE
02-13 18:26:02.693 D/MobileDataStateTracker(  256): [supl]  mEnabled = false
02-13 18:26:02.693 D/MobileDataStateTracker(  256): [supl]  apnTypeList = mms
02-13 18:26:02.693 D/MobileDataStateTracker(  256): [supl]  unavailable = true
02-13 18:26:02.693 D/MobileDataStateTracker(  256): [supl] Do not process intents if disabled.
02-13 18:26:02.693 D/MobileDataStateTracker(  256): [mms]  MobileDataStateReceiver onReceive(): Entry.
02-13 18:26:02.693 D/MobileDataStateTracker(  256): [mms]  intent.getAction()= android.intent.action.ANY_DATA_STATE
02-13 18:26:02.693 D/MobileDataStateTracker(  256): [mms]  mEnabled = false
02-13 18:26:02.693 D/MobileDataStateTracker(  256): [mms]  apnTypeList = mms
02-13 18:26:02.693 D/MobileDataStateTracker(  256): [mms]  unavailable = true
02-13 18:26:02.693 D/MobileDataStateTracker(  256): [mms] Do not process intents if disabled.
02-13 18:26:02.693 D/MobileDataStateTracker(  256): [default]  MobileDataStateReceiver onReceive(): Entry.
02-13 18:26:02.693 D/MobileDataStateTracker(  256): [default]  intent.getAction()= android.intent.action.ANY_DATA_STATE
02-13 18:26:02.693 D/MobileDataStateTracker(  256): [default]  mEnabled = true
02-13 18:26:02.703 D/PhoneApp(  344): old phone type:2, New Phone type:2
02-13 18:26:02.703 D/NotificationMgr(  344): hideDataDisconnectedRoaming()...
02-13 18:26:02.713 D/PhoneApp(  344): old phone type:2, New Phone type:2
02-13 18:26:02.713 D/NotificationMgr(  344): hideDataDisconnectedRoaming()...
02-13 18:26:02.713 D/PhoneApp(  344): old phone type:2, New Phone type:2
02-13 18:26:02.713 D/NotificationMgr(  344): hideDataDisconnectedRoaming()...
02-13 18:26:02.713 D/MobileDataStateTracker(  256): [default]  apnTypeList = mms
02-13 18:26:02.713 D/MobileDataStateTracker(  256): [default]  unavailable = true
02-13 18:26:02.713 D/MobileDataStateTracker(  256): [default] not what we are looking for.
02-13 18:26:02.713 D/MobileDataStateTracker(  256): [hipri]  MobileDataStateReceiver onReceive(): Entry.
02-13 18:26:02.713 D/MobileDataStateTracker(  256): [hipri]  intent.getAction()= android.intent.action.ANY_DATA_STATE
02-13 18:26:02.713 D/MobileDataStateTracker(  256): [hipri]  mEnabled = false
02-13 18:26:02.713 D/MobileDataStateTracker(  256): [hipri]  apnTypeList = supl
02-13 18:26:02.713 D/MobileDataStateTracker(  256): [hipri]  unavailable = true
02-13 18:26:02.713 D/MobileDataStateTracker(  256): [hipri] Do not process intents if disabled.
02-13 18:26:02.713 D/MobileDataStateTracker(  256): [dun]  MobileDataStateReceiver onReceive(): Entry.
02-13 18:26:02.713 D/MobileDataStateTracker(  256): [dun]  intent.getAction()= android.intent.action.ANY_DATA_STATE
02-13 18:26:02.713 D/MobileDataStateTracker(  256): [dun]  mEnabled = false
02-13 18:26:02.713 D/MobileDataStateTracker(  256): [dun]  apnTypeList = supl
02-13 18:26:02.713 D/MobileDataStateTracker(  256): [dun]  unavailable = true
02-13 18:26:02.713 D/MobileDataStateTracker(  256): [dun] Do not process intents if disabled.
02-13 18:26:02.713 D/MobileDataStateTracker(  256): [supl]  MobileDataStateReceiver onReceive(): Entry.
02-13 18:26:02.713 D/MobileDataStateTracker(  256): [supl]  intent.getAction()= android.intent.action.ANY_DATA_STATE
02-13 18:26:02.713 D/MobileDataStateTracker(  256): [supl]  mEnabled = false
02-13 18:26:02.723 D/MobileDataStateTracker(  256): [supl]  apnTypeList = supl
02-13 18:26:02.723 D/MobileDataStateTracker(  256): [supl]  unavailable = true
02-13 18:26:02.723 D/MobileDataStateTracker(  256): [supl] Do not process intents if disabled.
02-13 18:26:02.723 D/MobileDataStateTracker(  256): [mms]  MobileDataStateReceiver onReceive(): Entry.
02-13 18:26:02.723 D/MobileDataStateTracker(  256): [mms]  intent.getAction()= android.intent.action.ANY_DATA_STATE
02-13 18:26:02.723 D/MobileDataStateTracker(  256): [mms]  mEnabled = false
02-13 18:26:02.723 D/MobileDataStateTracker(  256): [mms]  apnTypeList = supl
02-13 18:26:02.723 D/MobileDataStateTracker(  256): [mms]  unavailable = true
02-13 18:26:02.723 D/MobileDataStateTracker(  256): [mms] Do not process intents if disabled.
02-13 18:26:02.723 D/MobileDataStateTracker(  256): [default]  MobileDataStateReceiver onReceive(): Entry.
02-13 18:26:02.723 D/MobileDataStateTracker(  256): [default]  intent.getAction()= android.intent.action.ANY_DATA_STATE
02-13 18:26:02.723 D/MobileDataStateTracker(  256): [default]  mEnabled = true
02-13 18:26:02.723 D/KeyguardViewMediator(  256): setHidden false
02-13 18:26:02.733 D/MobileDataStateTracker(  256): [default]  apnTypeList = supl
02-13 18:26:02.733 D/MobileDataStateTracker(  256): [default]  unavailable = true
02-13 18:26:02.733 D/MobileDataStateTracker(  256): [default] not what we are looking for.
02-13 18:26:02.733 D/MobileDataStateTracker(  256): [hipri]  MobileDataStateReceiver onReceive(): Entry.
02-13 18:26:02.733 D/MobileDataStateTracker(  256): [hipri]  intent.getAction()= android.intent.action.ANY_DATA_STATE
02-13 18:26:02.733 D/MobileDataStateTracker(  256): [hipri]  mEnabled = false
02-13 18:26:02.733 D/MobileDataStateTracker(  256): [hipri]  apnTypeList = supl
02-13 18:26:02.733 D/MobileDataStateTracker(  256): [hipri]  unavailable = true
02-13 18:26:02.733 D/MobileDataStateTracker(  256): [hipri] Do not process intents if disabled.
02-13 18:26:02.733 D/MobileDataStateTracker(  256): [dun]  MobileDataStateReceiver onReceive(): Entry.
02-13 18:26:02.733 D/MobileDataStateTracker(  256): [dun]  intent.getAction()= android.intent.action.ANY_DATA_STATE
02-13 18:26:02.733 D/MobileDataStateTracker(  256): [dun]  mEnabled = false
02-13 18:26:02.743 D/KeyguardViewMediator(  256): setHidden false
02-13 18:26:02.753 D/KeyguardViewMediator(  256): handleNotifyScreenOn
02-13 18:26:02.753 I/LockPatternKeyguardView(  256): updateLockscreenBackground
02-13 18:26:02.753 I/LockPatternKeyguardView(  256): setBackgroundDrawable
02-13 18:26:02.753 I/LockPatternKeyguardView(  256): file not found: etc/customize/default_lockscreen
02-13 18:26:02.753 D/LockScreen(  256): updateLayout: status=Normalsubscription=0
02-13 18:26:02.753 D/MobileDataStateTracker(  256): [dun]  apnTypeList = supl
02-13 18:26:02.753 D/MobileDataStateTracker(  256): [dun]  unavailable = true
02-13 18:26:02.753 D/MobileDataStateTracker(  256): [dun] Do not process intents if disabled.
02-13 18:26:02.753 D/MobileDataStateTracker(  256): [supl]  MobileDataStateReceiver onReceive(): Entry.
02-13 18:26:02.753 D/MobileDataStateTracker(  256): [supl]  intent.getAction()= android.intent.action.ANY_DATA_STATE
02-13 18:26:02.753 D/MobileDataStateTracker(  256): [supl]  mEnabled = false
02-13 18:26:02.753 D/MobileDataStateTracker(  256): [supl]  apnTypeList = supl
02-13 18:26:02.753 D/MobileDataStateTracker(  256): [supl]  unavailable = true
02-13 18:26:02.753 D/MobileDataStateTracker(  256): [supl] Do not process intents if disabled.
02-13 18:26:02.753 D/MobileDataStateTracker(  256): [mms]  MobileDataStateReceiver onReceive(): Entry.
02-13 18:26:02.753 D/MobileDataStateTracker(  256): [mms]  intent.getAction()= android.intent.action.ANY_DATA_STATE
02-13 18:26:02.753 D/MobileDataStateTracker(  256): [mms]  mEnabled = false
02-13 18:26:02.753 D/MobileDataStateTracker(  256): [mms]  apnTypeList = supl
02-13 18:26:02.753 D/MobileDataStateTracker(  256): [mms]  unavailable = true
02-13 18:26:02.753 D/MobileDataStateTracker(  256): [mms] Do not process intents if disabled.
02-13 18:26:02.753 D/MobileDataStateTracker(  256): [default]  MobileDataStateReceiver onReceive(): Entry.
02-13 18:26:02.753 D/MobileDataStateTracker(  256): [default]  intent.getAction()= android.intent.action.ANY_DATA_STATE
02-13 18:26:02.753 D/MobileDataStateTracker(  256): [default]  mEnabled = true
02-13 18:26:02.753 D/LockScreen(  256): Updating Lock Screen text to Ruim
02-13 18:26:02.763 D/KeyguardViewMediator(  256): setHidden false
02-13 18:26:02.763 D/MobileDataStateTracker(  256): [default]  apnTypeList = supl
02-13 18:26:02.763 D/MobileDataStateTracker(  256): [default]  unavailable = true
02-13 18:26:02.763 D/MobileDataStateTracker(  256): [default] not what we are looking for.
02-13 18:26:02.763 D/MobileDataStateTracker(  256): [hipri]  MobileDataStateReceiver onReceive(): Entry.
02-13 18:26:02.763 D/MobileDataStateTracker(  256): [hipri]  intent.getAction()= android.intent.action.ANY_DATA_STATE
02-13 18:26:02.763 D/MobileDataStateTracker(  256): [hipri]  mEnabled = false
02-13 18:26:02.773 D/MobileDataStateTracker(  256): [hipri]  apnTypeList = dun
02-13 18:26:02.773 D/MobileDataStateTracker(  256): [hipri]  unavailable = true
02-13 18:26:02.773 D/MobileDataStateTracker(  256): [hipri] Do not process intents if disabled.
02-13 18:26:02.773 D/MobileDataStateTracker(  256): [dun]  MobileDataStateReceiver onReceive(): Entry.
02-13 18:26:02.773 D/MobileDataStateTracker(  256): [dun]  intent.getAction()= android.intent.action.ANY_DATA_STATE
02-13 18:26:02.773 D/MobileDataStateTracker(  256): [dun]  mEnabled = false
02-13 18:26:02.773 D/KeyguardViewMediator(  256): setHidden false
02-13 18:26:02.773 D/MobileDataStateTracker(  256): [dun]  apnTypeList = dun
02-13 18:26:02.773 D/MobileDataStateTracker(  256): [dun]  unavailable = true
02-13 18:26:02.773 D/MobileDataStateTracker(  256): [dun] Do not process intents if disabled.
02-13 18:26:02.773 D/MobileDataStateTracker(  256): [supl]  MobileDataStateReceiver onReceive(): Entry.
02-13 18:26:02.773 D/MobileDataStateTracker(  256): [supl]  intent.getAction()= android.intent.action.ANY_DATA_STATE
02-13 18:26:02.773 D/MobileDataStateTracker(  256): [supl]  mEnabled = false
02-13 18:26:02.783 D/MobileDataStateTracker(  256): [supl]  apnTypeList = dun
02-13 18:26:02.783 D/MobileDataStateTracker(  256): [supl]  unavailable = true
02-13 18:26:02.783 D/MobileDataStateTracker(  256): [supl] Do not process intents if disabled.
02-13 18:26:02.783 D/MobileDataStateTracker(  256): [mms]  MobileDataStateReceiver onReceive(): Entry.
02-13 18:26:02.783 D/MobileDataStateTracker(  256): [mms]  intent.getAction()= android.intent.action.ANY_DATA_STATE
02-13 18:26:02.783 D/MobileDataStateTracker(  256): [mms]  mEnabled = false
02-13 18:26:02.793 D/MobileDataStateTracker(  256): [mms]  apnTypeList = dun
02-13 18:26:02.793 D/MobileDataStateTracker(  256): [mms]  unavailable = true
02-13 18:26:02.793 D/MobileDataStateTracker(  256): [mms] Do not process intents if disabled.
02-13 18:26:02.793 D/MobileDataStateTracker(  256): [default]  MobileDataStateReceiver onReceive(): Entry.
02-13 18:26:02.793 D/MobileDataStateTracker(  256): [default]  intent.getAction()= android.intent.action.ANY_DATA_STATE
02-13 18:26:02.793 D/MobileDataStateTracker(  256): [default]  mEnabled = true
02-13 18:26:02.793 D/MobileDataStateTracker(  256): [default]  apnTypeList = dun
02-13 18:26:02.793 D/MobileDataStateTracker(  256): [default]  unavailable = true
02-13 18:26:02.793 D/KeyguardViewMediator(  256): setHidden false
02-13 18:26:02.803 D/MobileDataStateTracker(  256): [default] not what we are looking for.
02-13 18:26:02.803 D/MobileDataStateTracker(  256): [hipri]  MobileDataStateReceiver onReceive(): Entry.
02-13 18:26:02.803 D/MobileDataStateTracker(  256): [hipri]  intent.getAction()= android.intent.action.ANY_DATA_STATE
02-13 18:26:02.803 D/MobileDataStateTracker(  256): [hipri]  mEnabled = false
02-13 18:26:02.803 D/KeyguardViewMediator(  256): setHidden false
02-13 18:26:02.823 D/KeyguardViewMediator(  256): setHidden false
02-13 18:26:02.823 D/MobileDataStateTracker(  256): [hipri]  apnTypeList = dun
02-13 18:26:02.823 D/MobileDataStateTracker(  256): [hipri]  unavailable = true
02-13 18:26:02.823 D/MobileDataStateTracker(  256): [hipri] Do not process intents if disabled.
02-13 18:26:02.823 D/MobileDataStateTracker(  256): [dun]  MobileDataStateReceiver onReceive(): Entry.
02-13 18:26:02.823 D/MobileDataStateTracker(  256): [dun]  intent.getAction()= android.intent.action.ANY_DATA_STATE
02-13 18:26:02.823 D/MobileDataStateTracker(  256): [dun]  mEnabled = false
02-13 18:26:02.833 D/MobileDataStateTracker(  256): [dun]  apnTypeList = dun
02-13 18:26:02.833 D/MobileDataStateTracker(  256): [dun]  unavailable = true
02-13 18:26:02.833 D/MobileDataStateTracker(  256): [dun] Do not process intents if disabled.
02-13 18:26:02.833 D/MobileDataStateTracker(  256): [supl]  MobileDataStateReceiver onReceive(): Entry.
02-13 18:26:02.833 D/MobileDataStateTracker(  256): [supl]  intent.getAction()= android.intent.action.ANY_DATA_STATE
02-13 18:26:02.833 D/MobileDataStateTracker(  256): [supl]  mEnabled = false
02-13 18:26:02.833 D/MobileDataStateTracker(  256): [supl]  apnTypeList = dun
02-13 18:26:02.833 D/MobileDataStateTracker(  256): [supl]  unavailable = true
02-13 18:26:02.833 D/MobileDataStateTracker(  256): [supl] Do not process intents if disabled.
02-13 18:26:02.833 D/MobileDataStateTracker(  256): [mms]  MobileDataStateReceiver onReceive(): Entry.
02-13 18:26:02.833 D/MobileDataStateTracker(  256): [mms]  intent.getAction()= android.intent.action.ANY_DATA_STATE
02-13 18:26:02.833 D/MobileDataStateTracker(  256): [mms]  mEnabled = false
02-13 18:26:02.833 D/MobileDataStateTracker(  256): [mms]  apnTypeList = dun
02-13 18:26:02.833 D/MobileDataStateTracker(  256): [mms]  unavailable = true
02-13 18:26:02.833 D/MobileDataStateTracker(  256): [mms] Do not process intents if disabled.
02-13 18:26:02.833 D/MobileDataStateTracker(  256): [default]  MobileDataStateReceiver onReceive(): Entry.
02-13 18:26:02.833 D/MobileDataStateTracker(  256): [default]  intent.getAction()= android.intent.action.ANY_DATA_STATE
02-13 18:26:02.833 D/MobileDataStateTracker(  256): [default]  mEnabled = true
02-13 18:26:02.833 D/MobileDataStateTracker(  256): [default]  apnTypeList = dun
02-13 18:26:02.833 D/MobileDataStateTracker(  256): [default]  unavailable = true
02-13 18:26:02.833 D/MobileDataStateTracker(  256): [default] not what we are looking for.
02-13 18:26:02.833 D/MobileDataStateTracker(  256): [hipri]  MobileDataStateReceiver onReceive(): Entry.
02-13 18:26:02.833 D/MobileDataStateTracker(  256): [hipri]  intent.getAction()= android.intent.action.ANY_DATA_STATE
02-13 18:26:02.833 D/MobileDataStateTracker(  256): [hipri]  mEnabled = false
02-13 18:26:02.833 D/MobileDataStateTracker(  256): [hipri]  apnTypeList = hipri
02-13 18:26:02.833 D/MobileDataStateTracker(  256): [hipri]  unavailable = true
02-13 18:26:02.833 D/MobileDataStateTracker(  256): [hipri] Do not process intents if disabled.
02-13 18:26:02.833 D/MobileDataStateTracker(  256): [dun]  MobileDataStateReceiver onReceive(): Entry.
02-13 18:26:02.833 D/MobileDataStateTracker(  256): [dun]  intent.getAction()= android.intent.action.ANY_DATA_STATE
02-13 18:26:02.833 D/MobileDataStateTracker(  256): [dun]  mEnabled = false
02-13 18:26:02.843 D/KeyguardViewMediator(  256): setHidden false
02-13 18:26:02.843 D/MobileDataStateTracker(  256): [dun]  apnTypeList = hipri
02-13 18:26:02.843 D/MobileDataStateTracker(  256): [dun]  unavailable = true
02-13 18:26:02.843 D/MobileDataStateTracker(  256): [dun] Do not process intents if disabled.
02-13 18:26:02.843 D/MobileDataStateTracker(  256): [supl]  MobileDataStateReceiver onReceive(): Entry.
02-13 18:26:02.843 D/MobileDataStateTracker(  256): [supl]  intent.getAction()= android.intent.action.ANY_DATA_STATE
02-13 18:26:02.843 D/MobileDataStateTracker(  256): [supl]  mEnabled = false
02-13 18:26:02.853 D/MobileDataStateTracker(  256): [supl]  apnTypeList = hipri
02-13 18:26:02.853 D/MobileDataStateTracker(  256): [supl]  unavailable = true
02-13 18:26:02.853 D/KeyguardViewMediator(  256): setHidden false
02-13 18:26:02.863 D/MobileDataStateTracker(  256): [supl] Do not process intents if disabled.
02-13 18:26:02.863 D/MobileDataStateTracker(  256): [mms]  MobileDataStateReceiver onReceive(): Entry.
02-13 18:26:02.863 D/MobileDataStateTracker(  256): [mms]  intent.getAction()= android.intent.action.ANY_DATA_STATE
02-13 18:26:02.863 D/MobileDataStateTracker(  256): [mms]  mEnabled = false
02-13 18:26:02.863 D/QC_NV_ITEMS(  451): QcNvItems instance created.
02-13 18:26:02.863 I/QC_RIL_OEM_HOOK(  451): QcRilOemHook Service Created Successfully
02-13 18:26:02.863 D/QC_NV_ITEMS(  451): getAutoAnswerStatus()
02-13 18:26:02.863 D/QC_RIL_OEM_HOOK(  451): sendRilOemHookMsg: itemIdTemp74
02-13 18:26:02.873 D/KeyguardViewMediator(  256): setHidden false
02-13 18:26:02.873 D/KeyguardViewMediator(  256): setHidden false
02-13 18:26:02.883 D/KeyguardViewMediator(  256): setHidden false
02-13 18:26:02.883 D/MobileDataStateTracker(  256): [mms]  apnTypeList = hipri
02-13 18:26:02.883 D/MobileDataStateTracker(  256): [mms]  unavailable = true
02-13 18:26:02.883 D/MobileDataStateTracker(  256): [mms] Do not process intents if disabled.
02-13 18:26:02.883 D/MobileDataStateTracker(  256): [default]  MobileDataStateReceiver onReceive(): Entry.
02-13 18:26:02.883 D/MobileDataStateTracker(  256): [default]  intent.getAction()= android.intent.action.ANY_DATA_STATE
02-13 18:26:02.883 D/MobileDataStateTracker(  256): [default]  mEnabled = true
02-13 18:26:02.893 D/MobileDataStateTracker(  256): [default]  apnTypeList = hipri
02-13 18:26:02.893 D/MobileDataStateTracker(  256): [default]  unavailable = true
02-13 18:26:02.893 D/MobileDataStateTracker(  256): [default] not what we are looking for.
02-13 18:26:02.893 D/MobileDataStateTracker(  256): [hipri]  MobileDataStateReceiver onReceive(): Entry.
02-13 18:26:02.893 D/MobileDataStateTracker(  256): [hipri]  intent.getAction()= android.intent.action.ANY_DATA_STATE
02-13 18:26:02.893 D/MobileDataStateTracker(  256): [hipri]  mEnabled = false
02-13 18:26:02.893 D/MobileDataStateTracker(  256): [hipri]  apnTypeList = hipri
02-13 18:26:02.893 D/MobileDataStateTracker(  256): [hipri]  unavailable = true
02-13 18:26:02.893 D/MobileDataStateTracker(  256): [hipri] Do not process intents if disabled.
02-13 18:26:02.893 D/MobileDataStateTracker(  256): [dun]  MobileDataStateReceiver onReceive(): Entry.
02-13 18:26:02.893 D/MobileDataStateTracker(  256): [dun]  intent.getAction()= android.intent.action.ANY_DATA_STATE
02-13 18:26:02.893 D/MobileDataStateTracker(  256): [dun]  mEnabled = false
02-13 18:26:02.893 D/KeyguardViewMediator(  256): setHidden false
02-13 18:26:02.893 D/MobileDataStateTracker(  256): [dun]  apnTypeList = hipri
02-13 18:26:02.893 D/MobileDataStateTracker(  256): [dun]  unavailable = true
02-13 18:26:02.893 D/MobileDataStateTracker(  256): [dun] Do not process intents if disabled.
02-13 18:26:02.893 D/MobileDataStateTracker(  256): [supl]  MobileDataStateReceiver onReceive(): Entry.
02-13 18:26:02.893 D/MobileDataStateTracker(  256): [supl]  intent.getAction()= android.intent.action.ANY_DATA_STATE
02-13 18:26:02.893 D/MobileDataStateTracker(  256): [supl]  mEnabled = false
02-13 18:26:02.903 D/MobileDataStateTracker(  256): [supl]  apnTypeList = hipri
02-13 18:26:02.903 D/MobileDataStateTracker(  256): [supl]  unavailable = true
02-13 18:26:02.903 D/MobileDataStateTracker(  256): [supl] Do not process intents if disabled.
02-13 18:26:02.903 D/MobileDataStateTracker(  256): [mms]  MobileDataStateReceiver onReceive(): Entry.
02-13 18:26:02.903 D/MobileDataStateTracker(  256): [mms]  intent.getAction()= android.intent.action.ANY_DATA_STATE
02-13 18:26:02.903 D/MobileDataStateTracker(  256): [mms]  mEnabled = false
02-13 18:26:02.903 D/MobileDataStateTracker(  256): [mms]  apnTypeList = hipri
02-13 18:26:02.903 D/MobileDataStateTracker(  256): [mms]  unavailable = true
02-13 18:26:02.903 D/MobileDataStateTracker(  256): [mms] Do not process intents if disabled.
02-13 18:26:02.903 D/MobileDataStateTracker(  256): [default]  MobileDataStateReceiver onReceive(): Entry.
02-13 18:26:02.903 D/MobileDataStateTracker(  256): [default]  intent.getAction()= android.intent.action.ANY_DATA_STATE
02-13 18:26:02.903 D/MobileDataStateTracker(  256): [default]  mEnabled = true
02-13 18:26:02.903 D/MobileDataStateTracker(  256): [default]  apnTypeList = hipri
02-13 18:26:02.903 D/MobileDataStateTracker(  256): [default]  unavailable = true
02-13 18:26:02.903 D/MobileDataStateTracker(  256): [default] not what we are looking for.
02-13 18:26:02.913 D/KeyguardViewMediator(  256): setHidden false
02-13 18:26:02.923 D/KeyguardViewMediator(  256): setHidden false
02-13 18:26:02.933 D/Bitmap  (  344): Detect unrecycled bitmap.
02-13 18:26:02.933 D/Bitmap  (  344):       Size: 39744 Bytes, Width: 108 , Height: 92 , Hash code: 1080543192
02-13 18:26:02.933 D/Bitmap  (  344):  This bimap was created in:
02-13 18:26:02.933 D/Bitmap  (  344):       android.graphics.Bitmap.<init>(Bitmap.java:136)
02-13 18:26:02.933 D/Bitmap  (  344):       android.graphics.Bitmap.nativeCreate(Native Method)
02-13 18:26:02.933 D/Bitmap  (  344):       android.graphics.Bitmap.createBitmap(Bitmap.java:547)
02-13 18:26:02.933 D/Bitmap  (  344):       android.view.View.buildDrawingCache(View.java:6577)
02-13 18:26:02.933 D/Bitmap  (  344):       android.view.ViewGroup.onAnimationStart(ViewGroup.java:1262)
02-13 18:26:02.933 D/Bitmap  (  344):       android.view.ViewGroup.drawChild(ViewGroup.java:1508)
02-13 18:26:02.933 D/Bitmap  (  344):       android.view.ViewGroup.dispatchDraw(ViewGroup.java:1376)
02-13 18:26:02.933 D/Bitmap  (  344):       android.view.ViewGroup.drawChild(ViewGroup.java:1647)
02-13 18:26:02.933 D/Bitmap  (  344):       android.view.ViewGroup.dispatchDraw(ViewGroup.java:1376)
02-13 18:26:02.933 D/Bitmap  (  344):       android.view.ViewGroup.drawChild(ViewGroup.java:1647)
02-13 18:26:02.933 D/Bitmap  (  344):       android.view.ViewGroup.dispatchDraw(ViewGroup.java:1376)
02-13 18:26:02.933 D/Bitmap  (  344):       android.view.ViewGroup.drawChild(ViewGroup.java:1647)
02-13 18:26:02.933 D/Bitmap  (  344):       android.view.ViewGroup.dispatchDraw(ViewGroup.java:1376)
02-13 18:26:02.933 D/Bitmap  (  344):       android.view.View.draw(View.java:6883)
02-13 18:26:02.933 D/Bitmap  (  344):       android.widget.FrameLayout.draw(FrameLayout.java:357)
02-13 18:26:02.933 D/Bitmap  (  344):       android.view.ViewGroup.drawChild(ViewGroup.java:1649)
02-13 18:26:02.933 D/Bitmap  (  344):       android.view.ViewGroup.dispatchDraw(ViewGroup.java:1376)
02-13 18:26:02.933 D/Bitmap  (  344):       android.view.View.draw(View.java:6883)
02-13 18:26:02.933 D/Bitmap  (  344):       android.widget.FrameLayout.draw(FrameLayout.java:357)
02-13 18:26:02.933 D/Bitmap  (  344):       com.android.internal.policy.impl.PhoneWindow$DecorView.draw(PhoneWindow.java:1866)
02-13 18:26:02.933 D/Bitmap  (  344):       android.view.ViewRoot.draw(ViewRoot.java:1526)
02-13 18:26:02.933 D/Bitmap  (  344):       android.view.ViewRoot.performTraversals(ViewRoot.java:1262)
02-13 18:26:02.933 D/Bitmap  (  344):       android.view.ViewRoot.handleMessage(ViewRoot.java:1864)
02-13 18:26:02.933 D/Bitmap  (  344):       android.os.Handler.dispatchMessage(Handler.java:99)
02-13 18:26:02.933 D/Bitmap  (  344):       android.os.Looper.loop(Looper.java:130)
02-13 18:26:02.933 D/Bitmap  (  344):       android.app.ActivityThread.main(ActivityThread.java:3704)
02-13 18:26:02.933 D/Bitmap  (  344):       java.lang.reflect.Method.invokeNative(Native Method)
02-13 18:26:02.933 D/Bitmap  (  344):       java.lang.reflect.Method.invoke(Method.java:507)
02-13 18:26:02.933 D/Bitmap  (  344):       com.android.internal.os.ZygoteInit$MethodAndArgsCaller.run(ZygoteInit.java:875)
02-13 18:26:02.933 D/Bitmap  (  344):       com.android.internal.os.ZygoteInit.main(ZygoteInit.java:633)
02-13 18:26:02.933 D/Bitmap  (  344):       dalvik.system.NativeStart.main(Native Method)
02-13 18:26:02.933 D/Bitmap  (  344): _
02-13 18:26:02.943 D/KeyguardViewMediator(  256): setHidden false
02-13 18:26:02.963 D/KeyguardViewMediator(  256): setHidden false
02-13 18:26:02.973 D/KeyguardViewMediator(  256): setHidden false
02-13 18:26:02.993 D/Launcher(  351): Closing system Dialogs 
02-13 18:26:02.993 D/KeyguardViewMediator(  256): setHidden false
02-13 18:26:03.003 D/KeyguardViewMediator(  256): setHidden false
02-13 18:26:03.023 D/KeyguardViewMediator(  256): setHidden false
02-13 18:26:03.043 D/KeyguardViewMediator(  256): setHidden false
02-13 18:26:03.053 D/Mms     (  770): currentRoamingStatus:-1
02-13 18:26:03.053 D/KeyguardViewMediator(  256): setHidden false
02-13 18:26:03.073 D/KeyguardViewMediator(  256): setHidden false
02-13 18:26:03.093 D/KeyguardViewMediator(  256): setHidden false
02-13 18:26:03.103 D/KeyguardViewMediator(  256): setHidden false
02-13 18:26:03.123 D/KeyguardViewMediator(  256): setHidden false
02-13 18:26:03.133 D/DATA    (  344): [DSST(0)] pollstate() : reason = data network state changed
02-13 18:26:03.133 D/DATA    (  344): [DSST(0)] Poll ServiceState done: oldSS=[3 home null null null  Unknown CSS not supported -1 -1RoamInd: -1RoamStatus(sprint): -1DefRoamInd: -1EmergOnly: false] newSS=[3 home null null null  Unknown CSS not supported -1 -1RoamInd: -1RoamStatus(sprint): -1DefRoamInd: -1EmergOnly: false]
02-13 18:26:03.133 D/DATA    (  344): [DSST(0)]  mDataConnectionState = 0
02-13 18:26:03.143 D/KeyguardViewMediator(  256): setHidden false
02-13 18:26:03.153 I/DATA    (  344): [DCT(0) ] intent received :android.intent.action.SCREEN_ON
02-13 18:26:03.153 D/KeyguardViewMediator(  256): setHidden false
02-13 18:26:03.163 D/WifiStateTracker(  256): Reset connections and stopping DHCP
02-13 18:26:03.173 D/KeyguardViewMediator(  256): setHidden false
02-13 18:26:03.193 D/KeyguardViewMediator(  256): setHidden false
02-13 18:26:03.203 D/KeyguardViewMediator(  256): setHidden false
02-13 18:26:03.223 D/KeyguardViewMediator(  256): setHidden false
02-13 18:26:03.243 D/KeyguardViewMediator(  256): setHidden false
02-13 18:26:03.253 D/KeyguardViewMediator(  256): setHidden false
02-13 18:26:03.274 E/ContactsProvider(  394): 20101020 isReadOnlyRawContact, rawContactId:238
02-13 18:26:03.274 D/KeyguardViewMediator(  256): setHidden false
02-13 18:26:03.284 D/KeyguardViewMediator(  256): setHidden false
02-13 18:26:03.304 D/KeyguardViewMediator(  256): setHidden false
02-13 18:26:03.324 D/KeyguardViewMediator(  256): setHidden false
02-13 18:26:03.334 D/KeyguardViewMediator(  256): setHidden false
02-13 18:26:03.344 D/Mms     (  770): currentRoamingStatus:-1
02-13 18:26:03.354 D/KeyguardViewMediator(  256): setHidden false
02-13 18:26:03.374 D/KeyguardViewMediator(  256): setHidden false
02-13 18:26:03.384 E/ContactsProvider(  394): ContactsProvider2 isContactLocked:0
02-13 18:26:03.384 D/KeyguardViewMediator(  256): setHidden false
02-13 18:26:03.404 D/KeyguardViewMediator(  256): setHidden false
02-13 18:26:03.554 W/AudioFlinger(  116): write blocked for 109 msecs, 2 delayed writes, thread 0x1b7f0
02-13 18:26:03.994 D/InCallScreen(  344): Handler: handling message { what=108 when=-1ms obj=Handler{40568510} } while not in foreground
02-13 18:26:03.994 D/InCallScreen(  344): delayedCleanupAfterDisconnect()...  Phone state = IDLE
02-13 18:26:04.004 D/InCallScreen(  344): - delayedCleanupAfterDisconnect: phone is idle...
02-13 18:26:04.004 D/CallManager(  344):  handleMessage (EVENT_PRECISE_CALL_STATE_CHANGED)
02-13 18:26:04.004 D/BT HS/HF(  344): updatePhoneState()
02-13 18:26:04.004 D/BT HS/HF(  344): Foreground call state : IDLE
02-13 18:26:04.004 D/BT HS/HF(  344): Ringing call state : IDLE
02-13 18:26:04.004 D/BT HS/HF(  344): Background call state : IDLE
02-13 18:26:04.004 E/BT HS/HF(  344): prev mIsCdmaFirstConnectionHeld  is false
02-13 18:26:04.004 E/BT HS/HF(  344): current mIsCdmaFirstConnectionHeld is false
02-13 18:26:04.004 D/BT HS/HF(  344): CallSetup: 0
02-13 18:26:04.004 D/BT HS/HF(  344): Call: 0
02-13 18:26:04.014 D/BT HS/HF(  344): CallHeld: 0
02-13 18:26:04.014 D/CallNotifier(  344): handleMessage() Msg Type: 1
02-13 18:26:04.014 D/PhoneApp(  344): old phone type:2, New Phone type:2
02-13 18:26:04.014 D/CallNotifier(  344): onPhoneStateChanged: state = IDLE
02-13 18:26:04.014 D/PhoneApp(  344): updateProximitySensorMode: state = IDLE
02-13 18:26:04.014 D/PhoneApp(  344): updateProximitySensorMode: lock already released.
02-13 18:26:04.024 D/PhoneUtils(  344): ConnectionHandler: updating mute state for each connection
02-13 18:26:04.024 D/PhoneUtils(  344): setMuteInternal: false
02-13 18:26:04.024 D/PhoneUtils(  344): setMuteInternal: falsephoneType = 2
02-13 18:26:04.024 D/PhoneUtils(  344): setMicrophoneMute: false
02-13 18:26:04.024 D/NotificationMgr(  344): updateMuteNotification: not muted (or not offhook)
02-13 18:26:04.024 D/PhoneUtils(  344): ghh0611 ussd and IDLE m_mmiDialog = null
02-13 18:26:04.024 D/InCallScreen(  344): Handler: handling message { what=101 when=-23ms obj=android.os.AsyncResult@405d7df0 } while not in foreground
02-13 18:26:04.024 D/InCallScreen(  344): onPhoneStateChanged()...
02-13 18:26:04.024 D/InCallScreen(  344): onPhoneStateChanged: Activity not in foreground! Bailing out...
02-13 18:26:04.024 D/InCallScreen(  344): onPhoneStateChanged: release WakeState.SLEEP ...
02-13 18:26:04.024 D/PhoneApp(  344): updateWakeState: callscreen false, dialer false, speaker false...
02-13 18:26:04.024 D/PhoneApp(  344): setScreenTimeout(DEFAULT)...
02-13 18:26:04.024 D/PhoneApp(  344): updateWakeState: keepScreenOn = false (isRinging false, isDialing false, showingDisc false)
02-13 18:26:04.024 D/PhoneApp(  344): requestWakeState(SLEEP)...
02-13 18:26:04.034 D/PowerManagerService(  256): releaseWakeLock flags=0x3000001a tag=PhoneApp
02-13 18:26:04.214 D/WifiStateTracker(  256): Disabling interface
02-13 18:26:04.745 I/dun_service(  125): process rmnet event
02-13 18:26:04.755 I/dun_service(  125): Post event 3
02-13 18:26:04.755 I/dun_service(  125): process rmnet event
02-13 18:26:04.755 I/dun_service(  125): Post event 3
02-13 18:26:04.765 I/dun_service(  125): received event: DUN_EVENT_RMNET_DOWN 
02-13 18:26:04.765 I/dun_service(  125): received event(DUN_EVENT_RMNET_DOWN) in state(DUN_STATE_USB_UNPLUG)
02-13 18:26:04.765 I/dun_service(  125): Ignoring the event DUN_EVENT_RMNET_DOWN in USB_UNPLUG_STATE
02-13 18:26:04.765 I/dun_service(  125): Moved to state(DUN_STATE_USB_UNPLUG)
02-13 18:26:04.765 I/dun_service(  125): received event: DUN_EVENT_RMNET_DOWN 
02-13 18:26:04.765 I/dun_service(  125): received event(DUN_EVENT_RMNET_DOWN) in state(DUN_STATE_USB_UNPLUG)
02-13 18:26:04.765 I/dun_service(  125): Ignoring the event DUN_EVENT_RMNET_DOWN in USB_UNPLUG_STATE
02-13 18:26:04.765 I/dun_service(  125): Moved to state(DUN_STATE_USB_UNPLUG)
02-13 18:26:04.775 I/wpa_supplicant(  410): CTRL-EVENT-DRIVER-STATE STARTED
02-13 18:26:04.795 I/wpa_supplicant(  410): State: DISCONNECTED -> INACTIVE
02-13 18:26:04.795 I/wpa_supplicant(  410): CTRL-EVENT-STATE-CHANGE id=-1 state=1 BSSID=00:00:00:00:00:00
02-13 18:26:04.795 D/NetworkStateTracker(  256): setDetailed state, old =IDLE and new state=IDLE
02-13 18:26:05.205 D/AudioHardwareMSM7X30(  116): AudioStreamOutMSM72xx::standby()
02-13 18:26:05.205 D/AudioHardwareMSM7X30(  116): Deroute pcm out stream
02-13 18:26:05.205 D/AudioHardwareMSM7X30(  116): updateDeviceInfo: E rx_device 0 and tx_device 9
02-13 18:26:05.205 D/AudioHardwareMSM7X30(  116): No active voicecall/playback, disabling cur_rx 0
02-13 18:26:05.205 D/AudioHardwareMSM7X30(  116): value of device and enable is 0 0 ALSA dev id:0
02-13 18:26:05.215 D/AudioHardwareMSM7X30(  116): No active voicecall/recording, disabling cur_tx 9
02-13 18:26:05.215 D/AudioHardwareMSM7X30(  116): value of device and enable is 9 0 ALSA dev id:12
02-13 18:26:05.215 E/AudioHardwareMSM7X30(  116): There is no node in the routing table!
02-13 18:26:05.215 D/AudioHardwareMSM7X30(  116): updateDeviceInfo: X cur_rx 0 cur_tx 9
02-13 18:26:05.676 I/wpa_supplicant(  410): State: INACTIVE -> INACTIVE
02-13 18:26:05.676 I/wpa_supplicant(  410): CTRL-EVENT-STATE-CHANGE id=-1 state=1 BSSID=00:00:00:00:00:00
02-13 18:26:05.676 I/dun_service(  125): process rmnet event
02-13 18:26:05.676 I/dun_service(  125): Post event 3
02-13 18:26:05.686 I/dun_service(  125): received event: DUN_EVENT_RMNET_DOWN 
02-13 18:26:05.686 I/dun_service(  125): received event(DUN_EVENT_RMNET_DOWN) in state(DUN_STATE_USB_UNPLUG)
02-13 18:26:05.686 I/dun_service(  125): Ignoring the event DUN_EVENT_RMNET_DOWN in USB_UNPLUG_STATE
02-13 18:26:05.686 I/dun_service(  125): Moved to state(DUN_STATE_USB_UNPLUG)
02-13 18:26:05.696 D/WifiStateTracker(  256): setNotificationVisible() visible=false mNotificationShown=false force=false return.
02-13 18:26:07.498 I/BluetoothService(  256): Received AVRCP_PASS_THROUGH_TIMEOUT message
02-13 18:26:09.660 D/PowerManagerService(  256): setPowerState: mPowerState=0x3 newState=0x0 noChangeLights=false reason=3
02-13 18:26:09.900 D/PowerManagerService(  256): acquireWakeLock flags=0x1 tag=sleep_broadcast
02-13 18:26:09.900 D/PowerManagerService(  256): Go to standby ,PARTIAL_WAKE_LOCK tag = sleep_broadcast
02-13 18:26:09.900 D/KeyguardViewMediator(  256): onScreenTurnedOff(3)
02-13 18:26:09.900 D/KeyguardViewMediator(  256): notifyScreenOffLocked
02-13 18:26:09.910 D/KeyguardViewMediator(  256): resetStateLocked
02-13 18:26:09.910 D/KeyguardViewMediator(  256): handleNotifyScreenOff
02-13 18:26:09.910 D/KeyguardViewMediator(  256): handleReset
02-13 18:26:09.920 E/Sensors (  256): [HAL]ready to call enable(Accelerometer,0),AAAAAAAA
02-13 18:26:09.920 E/Sensors (  256): [HAL]ECS_IOCTL_APP_SET_AFLAG 	success,flags = 0
02-13 18:26:09.920 E/Sensors (  256): [HAL]After {mEnabled &= ~(1<<what)},mEnabled = 0
02-13 18:26:09.920 E/Sensors (  256): [HAL]After {(newState)<<what)},mEnabled = 0
02-13 18:26:09.920 E/Sensors (  256): [HAL]Closed /dev/akm8962_aot in enable(Accelerometer,0),mEnable = 0
02-13 18:26:09.990 D/PowerManagerService(  256): acquireWakeLock flags=0x1 tag=RILJ
02-13 18:26:09.990 I/DATA    (  344): [DCT(0) ] intent received :android.intent.action.SCREEN_OFF
02-13 18:26:09.990 D/PowerManagerService(  256): releaseWakeLock flags=0x1 tag=RILJ
02-13 18:26:10.000 D/AlarmManager(  256): +++Alarm set:type=0 android  Trigger after:119999ms
02-13 18:26:10.010 D/KeyguardViewMediator(  256): setHidden false
02-13 18:26:10.010 D/PowerManagerService(  256): releaseWakeLock flags=0x1 tag=sleep_broadcast
02-13 18:26:10.010 D/PowerManagerService(  256):  ALL PARTIAL wakeLock Released ! 
02-13 18:26:12.252 I/ShutdownThread(  256): Radio file system sync incomplete - retry.
02-13 18:26:12.252 E/rmt_storage(  137): [MyTag]open: fd=-1
02-13 18:26:12.252 E/rmt_storage(  137): block rmt_storage client thread
02-13 18:26:13.552 D/KeyguardViewMediator(  256):  onWakeKeyWhenKeyguardShowing(26)
02-13 18:26:13.552 D/KeyguardViewMediator(  256): wakeWhenReadyLocked(26)
02-13 18:26:13.552 D/PowerManagerService(  256): acquireWakeLock flags=0x1 tag=keyguardWakeAndHandOff
02-13 18:26:13.552 D/LockPatternKeyguardView(  256): onWakeKey
02-13 18:26:13.552 D/LockPatternKeyguardView(  256): poking wake lock immediately
02-13 18:26:13.552 D/PowerManagerService(  256): acquireWakeLock flags=0x1000001a tag=keyguard
02-13 18:26:13.552 D/PowerManagerService(  256): UnPartial  wakeLock  reactivate ,flags=0x1000001a tag=keyguard
02-13 18:26:13.552 D/PowerManagerService(  256): setPowerState: mPowerState=0x0 newState=0x3 noChangeLights=false reason=3
02-13 18:26:13.552 D/KeyguardViewMediator(  256): onScreenTurnedOn, seq = 4
02-13 18:26:13.552 D/KeyguardViewMediator(  256): notifyScreenOnLocked
02-13 18:26:13.552 E/Sensors (  256): [HAL]ready to call enable(Accelerometer,1),AAAAAAAA
02-13 18:26:13.552 E/Sensors (  256): [HAL]mEnabled = 0;ready to open /dev/akm8962_aot
02-13 18:26:13.552 E/Sensors (  256): [HAL]ECS_IOCTL_APP_SET_AFLAG 	success,flags = 1
02-13 18:26:13.552 E/Sensors (  256): [HAL]After {mEnabled &= ~(1<<what)},mEnabled = 0
02-13 18:26:13.552 E/Sensors (  256): [HAL]After {(newState)<<what)},mEnabled = 1
02-13 18:26:13.562 I/DATA    (  344): [DCT(0) ] intent received :android.intent.action.SCREEN_ON
02-13 18:26:13.562 D/KeyguardViewMediator(  256): handleNotifyScreenOn
02-13 18:26:13.562 I/LockPatternKeyguardView(  256): updateLockscreenBackground
02-13 18:26:13.562 I/LockPatternKeyguardView(  256): setBackgroundDrawable
02-13 18:26:13.562 I/LockPatternKeyguardView(  256): file not found: etc/customize/default_lockscreen
02-13 18:26:13.562 D/LockScreen(  256): updateLayout: status=Normalsubscription=0
02-13 18:26:13.572 D/LockScreen(  256): Updating Lock Screen text to Ruim
02-13 18:26:13.572 D/DATA    (  344): [DSST(0)] pollstate() : reason = data network state changed
02-13 18:26:13.572 D/DATA    (  344): [DSST(0)] Poll ServiceState done: oldSS=[3 home null null null  Unknown CSS not supported -1 -1RoamInd: -1RoamStatus(sprint): -1DefRoamInd: -1EmergOnly: false] newSS=[3 home null null null  Unknown CSS not supported -1 -1RoamInd: -1RoamStatus(sprint): -1DefRoamInd: -1EmergOnly: false]
02-13 18:26:13.572 D/DATA    (  344): [DSST(0)]  mDataConnectionState = 0
02-13 18:26:13.622 I/vDM     (  466): KeyCode = 26
02-13 18:26:13.632 I/vDM     (  466): KeyCode = 26
02-13 18:26:13.722 I/ShutdownThread(  256): Radio file system sync complete.
02-13 18:26:13.722 I/ShutdownThread(  256): Shutting down MountService
02-13 18:26:13.722 I/PackageManager(  256): Updating external media status from mounted to unmounted
02-13 18:26:13.722 I/PackageManager(  256): apps number on SD card is 0
02-13 18:26:13.722 I/PackageManager(  256): No secure containers on sdcard
02-13 18:26:14.343 D/Bitmap  (  256): Detect unrecycled bitmap.
02-13 18:26:14.343 D/Bitmap  (  256):       Size: 39744 Bytes, Width: 108 , Height: 92 , Hash code: 1082436080
02-13 18:26:14.343 D/Bitmap  (  256):  This bimap was created in:
02-13 18:26:14.343 D/Bitmap  (  256):       android.graphics.Bitmap.<init>(Bitmap.java:136)
02-13 18:26:14.343 D/Bitmap  (  256):       android.graphics.BitmapFactory.nativeDecodeAsset(Native Method)
02-13 18:26:14.343 D/Bitmap  (  256):       android.graphics.BitmapFactory.decodeStream(BitmapFactory.java:460)
02-13 18:26:14.343 D/Bitmap  (  256):       android.graphics.BitmapFactory.decodeResourceStream(BitmapFactory.java:336)
02-13 18:26:14.343 D/Bitmap  (  256):       android.graphics.drawable.Drawable.createFromResourceStream(Drawable.java:697)
02-13 18:26:14.343 D/Bitmap  (  256):       android.content.res.Resources.loadDrawable(Resources.java:1709)
02-13 18:26:14.343 D/Bitmap  (  256):       android.content.res.Resources.getDrawable(Resources.java:581)
02-13 18:26:14.343 D/Bitmap  (  256):       android.graphics.drawable.StateListDrawable.inflate(StateListDrawable.java:162)
02-13 18:26:14.343 D/Bitmap  (  256):       android.graphics.drawable.Drawable.createFromXmlInner(Drawable.java:787)
02-13 18:26:14.353 D/Bitmap  (  256):       android.graphics.drawable.Drawable.createFromXml(Drawable.java:728)
02-13 18:26:14.353 D/Bitmap  (  256):       android.content.res.Resources.loadDrawable(Resources.java:1694)
02-13 18:26:14.353 D/Bitmap  (  256):       android.content.res.Resources.getDrawable(Resources.java:581)
02-13 18:26:14.353 D/Bitmap  (  256):       android.view.View.setBackgroundResource(View.java:7533)
02-13 18:26:14.353 D/Bitmap  (  256):       com.android.internal.widget.SlidingTab$Slider.<init>(SlidingTab.java:192)
02-13 18:26:14.353 D/Bitmap  (  256):       com.android.internal.widget.SlidingTab.<init>(SlidingTab.java:462)
02-13 18:26:14.353 D/Bitmap  (  256):       java.lang.reflect.Constructor.constructNative(Native Method)
02-13 18:26:14.353 D/Bitmap  (  256):       java.lang.reflect.Constructor.newInstance(Constructor.java:415)
02-13 18:26:14.353 D/Bitmap  (  256):       android.view.LayoutInflater.createView(LayoutInflater.java:505)
02-13 18:26:14.353 D/Bitmap  (  256):       android.view.LayoutInflater.createViewFromTag(LayoutInflater.java:570)
02-13 18:26:14.353 D/Bitmap  (  256):       android.view.LayoutInflater.rInflate(LayoutInflater.java:623)
02-13 18:26:14.353 D/Bitmap  (  256):       android.view.LayoutInflater.inflate(LayoutInflater.java:408)
02-13 18:26:14.353 D/Bitmap  (  256):       android.view.LayoutInflater.inflate(LayoutInflater.java:320)
