02-13 18:04:47.145 I/DATA    (  344): [DCT(0) ] ---ds list---
02-13 18:04:47.145 I/DATA    (  344): [DCT(0) ] ds= SERVICE_TYPE_DEFAULT, enabled = true, active = v4:IDLE v6:IDLE
02-13 18:04:47.145 I/DATA    (  344): [DCT(0) ] ds= SERVICE_TYPE_MMS, enabled = false, active = v4:IDLE v6:IDLE
02-13 18:04:47.145 I/DATA    (  344): [DCT(0) ] ds= SERVICE_TYPE_SUPL, enabled = false, active = v4:IDLE v6:IDLE
02-13 18:04:47.145 I/DATA    (  344): [DCT(0) ] ds= SERVICE_TYPE_DUN, enabled = false, active = v4:IDLE v6:IDLE
02-13 18:04:47.145 I/DATA    (  344): [DCT(0) ] ds= SERVICE_TYPE_HIPRI, enabled = false, active = v4:IDLE v6:IDLE
02-13 18:04:47.145 I/DATA    (  344): [DCT(0) ] Ready for data : 
02-13 18:04:47.145 I/DATA    (  344): [DCT(0) ]    getDesiredPowerState() = true
02-13 18:04:47.145 I/DATA    (  344): [DCT(0) ]    mCm.getRadioState() = RADIO_ON
02-13 18:04:47.145 I/DATA    (  344): [DCT(0) ]    [DataRadioTech = RADIO_TECH_1xRTT, data network state = 0, mMasterDataEnabled = true, is Roaming = false, dataOnRoamingEnable = false, isPsRestricted = false, desiredPowerState  = true, mSIMRecords = , cdmaSubSource = 1/310120, mRuimRecords = , checks = true/true]
02-13 18:04:47.145 I/DATA    (  344): [DCT(0) ] trySetupDataCall : ds=SERVICE_TYPE_DEFAULT, ipv=INET, reason=radioTechnologyChanged
02-13 18:04:47.145 I/DATA    (  344): [SERVICE_TYPE_DEFAULT] Data Profile Chosen:PROFILE_TYPE_3GPP2_NAI
02-13 18:04:47.145 I/DATA    (  344): [DCT(0) ] **choose data profile : [dpt=PROFILE_TYPE_3GPP2_NAI, active=false, 
02-13 18:04:47.145 I/DATA    (  344): [DCT(0) ] disconnectOneLowPriorityDataCall
02-13 18:04:47.145 E/DST     (  344): Error parsing service priority string, ignoring 
02-13 18:04:47.145 E/DST     (  344): Error parsing service priority string, ignoring 
02-13 18:04:47.155 D/MobileDataStateTracker(  256): [default]  apnTypeList = default
02-13 18:04:47.155 D/MobileDataStateTracker(  256): [default]  unavailable = false
02-13 18:04:47.155 D/MobileDataStateTracker(  256): [default] CALL updateMobileInfoFromIntent
02-13 18:04:47.155 I/MobileDataStateTracker(  256): [default] dc state change intent received for default/INET with state  DISCONNECTED. enabled=true state change reason = radioTechnologyChanged
02-13 18:04:47.155 I/MobileDataStateTracker(  256): [default] old state = DISCONNECTED
02-13 18:04:47.155 I/MobileDataStateTracker(  256): [default] no change,  just return
02-13 18:04:47.155 D/MobileDataStateTracker(  256): [default] No need to update detailed state
02-13 18:04:47.155 D/MobileDataStateTracker(  256): [hipri]  MobileDataStateReceiver onReceive(): Entry.
02-13 18:04:47.155 D/MobileDataStateTracker(  256): [hipri]  intent.getAction()= android.intent.action.ANY_DATA_STATE
02-13 18:04:47.155 D/MobileDataStateTracker(  256): [hipri]  mEnabled = false
02-13 18:04:47.155 D/MobileDataStateTracker(  256): [hipri]  apnTypeList = default
02-13 18:04:47.155 D/MobileDataStateTracker(  256): [hipri]  unavailable = false
02-13 18:04:47.155 D/MobileDataStateTracker(  256): [hipri] Do not process intents if disabled.
02-13 18:04:47.155 D/MobileDataStateTracker(  256): [dun]  MobileDataStateReceiver onReceive(): Entry.
02-13 18:04:47.155 D/MobileDataStateTracker(  256): [dun]  intent.getAction()= android.intent.action.ANY_DATA_STATE
02-13 18:04:47.155 D/MobileDataStateTracker(  256): [dun]  mEnabled = false
02-13 18:04:47.155 D/MobileDataStateTracker(  256): [dun]  apnTypeList = default
02-13 18:04:47.155 D/MobileDataStateTracker(  256): [dun]  unavailable = false
02-13 18:04:47.155 D/MobileDataStateTracker(  256): [dun] Do not process intents if disabled.
02-13 18:04:47.155 D/MobileDataStateTracker(  256): [supl]  MobileDataStateReceiver onReceive(): Entry.
02-13 18:04:47.155 D/MobileDataStateTracker(  256): [supl]  intent.getAction()= android.intent.action.ANY_DATA_STATE
02-13 18:04:47.155 D/MobileDataStateTracker(  256): [supl]  mEnabled = false
02-13 18:04:47.175 E/DST     (  344): Error parsing service priority string, ignoring 
02-13 18:04:47.175 E/DST     (  344): Error parsing service priority string, ignoring 
02-13 18:04:47.175 I/DATA    (  344): [SERVICE_TYPE_DEFAULT] set newState =  CONNECTINGoldState =  IDLE
02-13 18:04:47.175 D/Phone   (  344): [PhoneNotifier] [DefaultPhoneNotifier] : default, INET, CONNECTING
02-13 18:04:47.185 D/MobileDataStateTracker(  256): [supl]  apnTypeList = default
02-13 18:04:47.185 D/MobileDataStateTracker(  256): [supl]  unavailable = false
02-13 18:04:47.185 D/MobileDataStateTracker(  256): [supl] Do not process intents if disabled.
02-13 18:04:47.185 D/MobileDataStateTracker(  256): [mms]  MobileDataStateReceiver onReceive(): Entry.
02-13 18:04:47.185 D/MobileDataStateTracker(  256): [mms]  intent.getAction()= android.intent.action.ANY_DATA_STATE
02-13 18:04:47.185 D/MobileDataStateTracker(  256): [mms]  mEnabled = false
02-13 18:04:47.185 D/MobileDataStateTracker(  256): [mms]  apnTypeList = default
02-13 18:04:47.185 D/MobileDataStateTracker(  256): [mms]  unavailable = false
02-13 18:04:47.185 D/MobileDataStateTracker(  256): [mms] Do not process intents if disabled.
02-13 18:04:47.185 D/MobileDataStateTracker(  256): [default]  MobileDataStateReceiver onReceive(): Entry.
02-13 18:04:47.185 D/MobileDataStateTracker(  256): [default]  intent.getAction()= android.intent.action.ANY_DATA_STATE
02-13 18:04:47.185 D/MobileDataStateTracker(  256): [default]  mEnabled = true
02-13 18:04:47.185 D/MobileDataStateTracker(  256): [default]  apnTypeList = default
02-13 18:04:47.185 D/MobileDataStateTracker(  256): [default]  unavailable = false
02-13 18:04:47.185 D/MobileDataStateTracker(  256): [default] CALL updateMobileInfoFromIntent
02-13 18:04:47.185 I/MobileDataStateTracker(  256): [default] dc state change intent received for default/INET6 with state  DISCONNECTED. enabled=true state change reason = radioTechnologyChanged
02-13 18:04:47.185 I/MobileDataStateTracker(  256): [default] old state = DISCONNECTED
02-13 18:04:47.185 I/MobileDataStateTracker(  256): [default] no change,  just return
02-13 18:04:47.185 D/MobileDataStateTracker(  256): [default] No need to update detailed state
02-13 18:04:47.185 D/MobileDataStateTracker(  256): [hipri]  MobileDataStateReceiver onReceive(): Entry.
02-13 18:04:47.185 D/MobileDataStateTracker(  256): [hipri]  intent.getAction()= android.intent.action.ANY_DATA_STATE
02-13 18:04:47.185 D/MobileDataStateTracker(  256): [hipri]  mEnabled = false
02-13 18:04:47.185 D/MobileDataStateTracker(  256): [hipri]  apnTypeList = mms
02-13 18:04:47.185 I/TelephonyRegistry(  256): notifyDataConnection: state=1 isDataConnectivityPossible=true reason=radioTechnologyChanged interfaceName=null networkType=7 apnType=default apn=null
02-13 18:04:47.185 I/TelephonyRegistry(  256): +++broadcastDataConnectionStateChanged
02-13 18:04:47.195 I/TelephonyRegistry(  256): +++sendStickyBroadcast
02-13 18:04:47.195 D/CallManager(  344):  handleMessage (EVENT_SERVICE_STATE_CHANGED)
02-13 18:04:47.195 E/BT HS/HF(  344): SERVICE_STATE_CHANGED called
02-13 18:04:47.195 E/BT HS/HF(  344): updateServiceState called, sendUpdate:false  ServiceState:0 home Sprint  310099  IS95A CSS not supported 41 4139RoamInd: 1RoamStatus(sprint): 1DefRoamInd: 160EmergOnly: false
02-13 18:04:47.195 E/BT HS/HF(  344): service:1 mService:1
02-13 18:04:47.195 D/MobileDataStateTracker(  256): [hipri]  unavailable = false
02-13 18:04:47.195 D/MobileDataStateTracker(  256): [hipri] Do not process intents if disabled.
02-13 18:04:47.195 D/MobileDataStateTracker(  256): [dun]  MobileDataStateReceiver onReceive(): Entry.
02-13 18:04:47.195 D/MobileDataStateTracker(  256): [dun]  intent.getAction()= android.intent.action.ANY_DATA_STATE
02-13 18:04:47.195 D/MobileDataStateTracker(  256): [dun]  mEnabled = false
02-13 18:04:47.205 D/MobileDataStateTracker(  256): [dun]  apnTypeList = mms
02-13 18:04:47.205 D/MobileDataStateTracker(  256): [dun]  unavailable = false
02-13 18:04:47.205 D/MobileDataStateTracker(  256): [dun] Do not process intents if disabled.
02-13 18:04:47.205 D/MobileDataStateTracker(  256): [supl]  MobileDataStateReceiver onReceive(): Entry.
02-13 18:04:47.205 D/MobileDataStateTracker(  256): [supl]  intent.getAction()= android.intent.action.ANY_DATA_STATE
02-13 18:04:47.205 D/MobileDataStateTracker(  256): [supl]  mEnabled = false
02-13 18:04:47.205 D/CallManager(  344):  handleMessage (EVENT_SERVICE_STATE_CHANGED)
02-13 18:04:47.205 E/BT HS/HF(  344): SERVICE_STATE_CHANGED called
02-13 18:04:47.205 E/BT HS/HF(  344): updateServiceState called, sendUpdate:false  ServiceState:0 home Sprint  310099  1xRTT CSS not supported 41 4139RoamInd: 1RoamStatus(sprint): 1DefRoamInd: 160EmergOnly: false
02-13 18:04:47.205 E/BT HS/HF(  344): service:1 mService:1
02-13 18:04:47.205 D/Phone   (  344): [PhoneNotifier] [DefaultPhoneNotifier] : default, INET, CONNECTING
02-13 18:04:47.205 D/MobileDataStateTracker(  256): [supl]  apnTypeList = mms
02-13 18:04:47.205 D/MobileDataStateTracker(  256): [supl]  unavailable = false
02-13 18:04:47.205 D/MobileDataStateTracker(  256): [supl] Do not process intents if disabled.
02-13 18:04:47.205 D/MobileDataStateTracker(  256): [mms]  MobileDataStateReceiver onReceive(): Entry.
02-13 18:04:47.205 D/MobileDataStateTracker(  256): [mms]  intent.getAction()= android.intent.action.ANY_DATA_STATE
02-13 18:04:47.205 D/MobileDataStateTracker(  256): [mms]  mEnabled = false
02-13 18:04:47.205 D/MobileDataStateTracker(  256): [mms]  apnTypeList = mms
02-13 18:04:47.205 D/MobileDataStateTracker(  256): [mms]  unavailable = false
02-13 18:04:47.205 D/MobileDataStateTracker(  256): [mms] Do not process intents if disabled.
02-13 18:04:47.205 D/MobileDataStateTracker(  256): [default]  MobileDataStateReceiver onReceive(): Entry.
02-13 18:04:47.205 D/MobileDataStateTracker(  256): [default]  intent.getAction()= android.intent.action.ANY_DATA_STATE
02-13 18:04:47.205 D/MobileDataStateTracker(  256): [default]  mEnabled = true
02-13 18:04:47.225 D/MobileDataStateTracker(  256): [default]  apnTypeList = mms
02-13 18:04:47.225 D/MobileDataStateTracker(  256): [default]  unavailable = false
02-13 18:04:47.225 D/MobileDataStateTracker(  256): [default] not what we are looking for.
02-13 18:04:47.225 D/MobileDataStateTracker(  256): [hipri]  MobileDataStateReceiver onReceive(): Entry.
02-13 18:04:47.225 D/MobileDataStateTracker(  256): [hipri]  intent.getAction()= android.intent.action.ANY_DATA_STATE
02-13 18:04:47.225 D/MobileDataStateTracker(  256): [hipri]  mEnabled = false
02-13 18:04:47.225 D/MobileDataStateTracker(  256): [hipri]  apnTypeList = mms
02-13 18:04:47.225 D/MobileDataStateTracker(  256): [hipri]  unavailable = false
02-13 18:04:47.225 D/MobileDataStateTracker(  256): [hipri] Do not process intents if disabled.
02-13 18:04:47.225 D/MobileDataStateTracker(  256): [dun]  MobileDataStateReceiver onReceive(): Entry.
02-13 18:04:47.225 D/MobileDataStateTracker(  256): [dun]  intent.getAction()= android.intent.action.ANY_DATA_STATE
02-13 18:04:47.225 D/MobileDataStateTracker(  256): [dun]  mEnabled = false
02-13 18:04:47.235 I/TelephonyRegistry(  256): notifyDataConnection: state=1 isDataConnectivityPossible=true reason=radioTechnologyChanged interfaceName=null networkType=7 apnType=default apn=null
02-13 18:04:47.235 I/TelephonyRegistry(  256): +++broadcastDataConnectionStateChanged
02-13 18:04:47.235 I/TelephonyRegistry(  256): +++sendStickyBroadcast
02-13 18:04:47.235 D/Phone   (  344): [PhoneNotifier] [DefaultPhoneNotifier] : default, INET6, DISCONNECTED
02-13 18:04:47.235 I/TelephonyRegistry(  256): notifyDataConnection: state=0 isDataConnectivityPossible=true reason=radioTechnologyChanged interfaceName=null networkType=7 apnType=default apn=null
02-13 18:04:47.235 I/TelephonyRegistry(  256): +++broadcastDataConnectionStateChanged
02-13 18:04:47.235 I/TelephonyRegistry(  256): +++sendStickyBroadcast
02-13 18:04:47.245 D/MobileDataStateTracker(  256): [dun]  apnTypeList = mms
02-13 18:04:47.245 D/MobileDataStateTracker(  256): [dun]  unavailable = false
02-13 18:04:47.245 D/MobileDataStateTracker(  256): [dun] Do not process intents if disabled.
02-13 18:04:47.245 D/MobileDataStateTracker(  256): [supl]  MobileDataStateReceiver onReceive(): Entry.
02-13 18:04:47.245 D/MobileDataStateTracker(  256): [supl]  intent.getAction()= android.intent.action.ANY_DATA_STATE
02-13 18:04:47.245 D/MobileDataStateTracker(  256): [supl]  mEnabled = false
02-13 18:04:47.245 D/MobileDataStateTracker(  256): [supl]  apnTypeList = mms
02-13 18:04:47.245 D/MobileDataStateTracker(  256): [supl]  unavailable = false
02-13 18:04:47.245 D/MobileDataStateTracker(  256): [supl] Do not process intents if disabled.
02-13 18:04:47.245 D/MobileDataStateTracker(  256): [mms]  MobileDataStateReceiver onReceive(): Entry.
02-13 18:04:47.245 D/MobileDataStateTracker(  256): [mms]  intent.getAction()= android.intent.action.ANY_DATA_STATE
02-13 18:04:47.245 D/MobileDataStateTracker(  256): [mms]  mEnabled = false
02-13 18:04:47.245 D/MobileDataStateTracker(  256): [mms]  apnTypeList = mms
02-13 18:04:47.245 D/MobileDataStateTracker(  256): [mms]  unavailable = false
02-13 18:04:47.245 D/MobileDataStateTracker(  256): [mms] Do not process intents if disabled.
02-13 18:04:47.245 D/MobileDataStateTracker(  256): [default]  MobileDataStateReceiver onReceive(): Entry.
02-13 18:04:47.245 D/MobileDataStateTracker(  256): [default]  intent.getAction()= android.intent.action.ANY_DATA_STATE
02-13 18:04:47.245 D/MobileDataStateTracker(  256): [default]  mEnabled = true
02-13 18:04:47.245 D/Phone   (  344): [PhoneNotifier] [DefaultPhoneNotifier] : mms, INET, DISCONNECTED
02-13 18:04:47.245 I/TelephonyRegistry(  256): notifyDataConnection: state=0 isDataConnectivityPossible=true reason=radioTechnologyChanged interfaceName=null networkType=7 apnType=mms apn=null
02-13 18:04:47.245 I/TelephonyRegistry(  256): +++broadcastDataConnectionStateChanged
02-13 18:04:47.245 I/TelephonyRegistry(  256): +++sendStickyBroadcast
02-13 18:04:47.255 D/Phone   (  344): [PhoneNotifier] [DefaultPhoneNotifier] : mms, INET6, DISCONNECTED
02-13 18:04:47.255 I/TelephonyRegistry(  256): notifyDataConnection: state=0 isDataConnectivityPossible=true reason=radioTechnologyChanged interfaceName=null networkType=7 apnType=mms apn=null
02-13 18:04:47.255 I/TelephonyRegistry(  256): +++broadcastDataConnectionStateChanged
02-13 18:04:47.255 I/TelephonyRegistry(  256): +++sendStickyBroadcast
02-13 18:04:47.255 D/MobileDataStateTracker(  256): [default]  apnTypeList = mms
02-13 18:04:47.255 D/MobileDataStateTracker(  256): [default]  unavailable = false
02-13 18:04:47.255 D/MobileDataStateTracker(  256): [default] not what we are looking for.
02-13 18:04:47.255 D/MobileDataStateTracker(  256): [hipri]  MobileDataStateReceiver onReceive(): Entry.
02-13 18:04:47.255 D/MobileDataStateTracker(  256): [hipri]  intent.getAction()= android.intent.action.ANY_DATA_STATE
02-13 18:04:47.255 D/MobileDataStateTracker(  256): [hipri]  mEnabled = false
02-13 18:04:47.265 D/MobileDataStateTracker(  256): [hipri]  apnTypeList = supl
02-13 18:04:47.265 D/MobileDataStateTracker(  256): [hipri]  unavailable = false
02-13 18:04:47.265 D/MobileDataStateTracker(  256): [hipri] Do not process intents if disabled.
02-13 18:04:47.265 D/MobileDataStateTracker(  256): [dun]  MobileDataStateReceiver onReceive(): Entry.
02-13 18:04:47.265 D/MobileDataStateTracker(  256): [dun]  intent.getAction()= android.intent.action.ANY_DATA_STATE
02-13 18:04:47.265 D/MobileDataStateTracker(  256): [dun]  mEnabled = false
02-13 18:04:47.265 D/Phone   (  344): [PhoneNotifier] [DefaultPhoneNotifier] : supl, INET, DISCONNECTED
02-13 18:04:47.265 I/TelephonyRegistry(  256): notifyDataConnection: state=0 isDataConnectivityPossible=true reason=radioTechnologyChanged interfaceName=null networkType=7 apnType=supl apn=null
02-13 18:04:47.265 I/TelephonyRegistry(  256): +++broadcastDataConnectionStateChanged
02-13 18:04:47.265 I/TelephonyRegistry(  256): +++sendStickyBroadcast
02-13 18:04:47.275 D/MobileDataStateTracker(  256): [dun]  apnTypeList = supl
02-13 18:04:47.275 D/MobileDataStateTracker(  256): [dun]  unavailable = false
02-13 18:04:47.275 D/MobileDataStateTracker(  256): [dun] Do not process intents if disabled.
02-13 18:04:47.275 D/MobileDataStateTracker(  256): [supl]  MobileDataStateReceiver onReceive(): Entry.
02-13 18:04:47.275 D/MobileDataStateTracker(  256): [supl]  intent.getAction()= android.intent.action.ANY_DATA_STATE
02-13 18:04:47.275 D/MobileDataStateTracker(  256): [supl]  mEnabled = false
02-13 18:04:47.275 D/MobileDataStateTracker(  256): [supl]  apnTypeList = supl
02-13 18:04:47.275 D/MobileDataStateTracker(  256): [supl]  unavailable = false
02-13 18:04:47.275 D/MobileDataStateTracker(  256): [supl] Do not process intents if disabled.
02-13 18:04:47.275 D/MobileDataStateTracker(  256): [mms]  MobileDataStateReceiver onReceive(): Entry.
02-13 18:04:47.275 D/MobileDataStateTracker(  256): [mms]  intent.getAction()= android.intent.action.ANY_DATA_STATE
02-13 18:04:47.275 D/MobileDataStateTracker(  256): [mms]  mEnabled = false
02-13 18:04:47.286 D/Phone   (  344): [PhoneNotifier] [DefaultPhoneNotifier] : supl, INET6, DISCONNECTED
02-13 18:04:47.286 I/TelephonyRegistry(  256): notifyDataConnection: state=0 isDataConnectivityPossible=true reason=radioTechnologyChanged interfaceName=null networkType=7 apnType=supl apn=null
02-13 18:04:47.286 I/TelephonyRegistry(  256): +++broadcastDataConnectionStateChanged
02-13 18:04:47.286 I/TelephonyRegistry(  256): +++sendStickyBroadcast
02-13 18:04:47.286 D/Phone   (  344): [PhoneNotifier] [DefaultPhoneNotifier] : dun, INET, DISCONNECTED
02-13 18:04:47.286 I/TelephonyRegistry(  256): notifyDataConnection: state=0 isDataConnectivityPossible=true reason=radioTechnologyChanged interfaceName=null networkType=7 apnType=dun apn=null
02-13 18:04:47.286 I/TelephonyRegistry(  256): +++broadcastDataConnectionStateChanged
02-13 18:04:47.286 D/MobileDataStateTracker(  256): [mms]  apnTypeList = supl
02-13 18:04:47.286 D/MobileDataStateTracker(  256): [mms]  unavailable = false
02-13 18:04:47.286 D/MobileDataStateTracker(  256): [mms] Do not process intents if disabled.
02-13 18:04:47.286 D/MobileDataStateTracker(  256): [default]  MobileDataStateReceiver onReceive(): Entry.
02-13 18:04:47.286 D/MobileDataStateTracker(  256): [default]  intent.getAction()= android.intent.action.ANY_DATA_STATE
02-13 18:04:47.286 D/MobileDataStateTracker(  256): [default]  mEnabled = true
02-13 18:04:47.296 D/MobileDataStateTracker(  256): [default]  apnTypeList = supl
02-13 18:04:47.296 D/MobileDataStateTracker(  256): [default]  unavailable = false
02-13 18:04:47.296 D/MobileDataStateTracker(  256): [default] not what we are looking for.
02-13 18:04:47.296 D/MobileDataStateTracker(  256): [hipri]  MobileDataStateReceiver onReceive(): Entry.
02-13 18:04:47.296 D/MobileDataStateTracker(  256): [hipri]  intent.getAction()= android.intent.action.ANY_DATA_STATE
02-13 18:04:47.296 D/MobileDataStateTracker(  256): [hipri]  mEnabled = false
02-13 18:04:47.296 D/MobileDataStateTracker(  256): [hipri]  apnTypeList = supl
02-13 18:04:47.296 D/MobileDataStateTracker(  256): [hipri]  unavailable = false
02-13 18:04:47.296 D/MobileDataStateTracker(  256): [hipri] Do not process intents if disabled.
02-13 18:04:47.296 D/MobileDataStateTracker(  256): [dun]  MobileDataStateReceiver onReceive(): Entry.
02-13 18:04:47.296 D/MobileDataStateTracker(  256): [dun]  intent.getAction()= android.intent.action.ANY_DATA_STATE
02-13 18:04:47.296 D/MobileDataStateTracker(  256): [dun]  mEnabled = false
02-13 18:04:47.296 I/TelephonyRegistry(  256): +++sendStickyBroadcast
02-13 18:04:47.306 D/Phone   (  344): [PhoneNotifier] [DefaultPhoneNotifier] : dun, INET6, DISCONNECTED
02-13 18:04:47.306 I/TelephonyRegistry(  256): notifyDataConnection: state=0 isDataConnectivityPossible=true reason=radioTechnologyChanged interfaceName=null networkType=7 apnType=dun apn=null
02-13 18:04:47.306 I/TelephonyRegistry(  256): +++broadcastDataConnectionStateChanged
02-13 18:04:47.306 I/TelephonyRegistry(  256): +++sendStickyBroadcast
02-13 18:04:47.306 D/MobileDataStateTracker(  256): [dun]  apnTypeList = supl
02-13 18:04:47.306 D/MobileDataStateTracker(  256): [dun]  unavailable = false
02-13 18:04:47.306 D/MobileDataStateTracker(  256): [dun] Do not process intents if disabled.
02-13 18:04:47.306 D/MobileDataStateTracker(  256): [supl]  MobileDataStateReceiver onReceive(): Entry.
02-13 18:04:47.306 D/MobileDataStateTracker(  256): [supl]  intent.getAction()= android.intent.action.ANY_DATA_STATE
02-13 18:04:47.306 D/MobileDataStateTracker(  256): [supl]  mEnabled = false
02-13 18:04:47.306 D/MobileDataStateTracker(  256): [supl]  apnTypeList = supl
02-13 18:04:47.306 D/MobileDataStateTracker(  256): [supl]  unavailable = false
02-13 18:04:47.306 D/MobileDataStateTracker(  256): [supl] Do not process intents if disabled.
02-13 18:04:47.306 D/Phone   (  344): [PhoneNotifier] [DefaultPhoneNotifier] : hipri, INET, DISCONNECTED
02-13 18:04:47.316 D/MobileDataStateTracker(  256): [mms]  MobileDataStateReceiver onReceive(): Entry.
02-13 18:04:47.316 D/MobileDataStateTracker(  256): [mms]  intent.getAction()= android.intent.action.ANY_DATA_STATE
02-13 18:04:47.316 D/MobileDataStateTracker(  256): [mms]  mEnabled = false
02-13 18:04:47.326 I/TelephonyRegistry(  256): notifyDataConnection: state=0 isDataConnectivityPossible=true reason=radioTechnologyChanged interfaceName=null networkType=7 apnType=hipri apn=null
02-13 18:04:47.326 I/TelephonyRegistry(  256): +++broadcastDataConnectionStateChanged
02-13 18:04:47.326 I/TelephonyRegistry(  256): +++sendStickyBroadcast
02-13 18:04:47.326 D/Phone   (  344): [PhoneNotifier] [DefaultPhoneNotifier] : hipri, INET6, DISCONNECTED
02-13 18:04:47.326 I/TelephonyRegistry(  256): notifyDataConnection: state=0 isDataConnectivityPossible=true reason=radioTechnologyChanged interfaceName=null networkType=7 apnType=hipri apn=null
02-13 18:04:47.326 I/TelephonyRegistry(  256): +++broadcastDataConnectionStateChanged
02-13 18:04:47.326 I/TelephonyRegistry(  256): +++sendStickyBroadcast
02-13 18:04:47.336 D/MobileDataStateTracker(  256): [mms]  apnTypeList = supl
02-13 18:04:47.336 D/MobileDataStateTracker(  256): [mms]  unavailable = false
02-13 18:04:47.336 D/MobileDataStateTracker(  256): [mms] Do not process intents if disabled.
02-13 18:04:47.336 D/MobileDataStateTracker(  256): [default]  MobileDataStateReceiver onReceive(): Entry.
02-13 18:04:47.336 D/MobileDataStateTracker(  256): [default]  intent.getAction()= android.intent.action.ANY_DATA_STATE
02-13 18:04:47.336 D/MobileDataStateTracker(  256): [default]  mEnabled = true
02-13 18:04:47.336 D/MobileDataStateTracker(  256): [default]  apnTypeList = supl
02-13 18:04:47.336 D/MobileDataStateTracker(  256): [default]  unavailable = false
02-13 18:04:47.336 D/MobileDataStateTracker(  256): [default] not what we are looking for.
02-13 18:04:47.336 D/MobileDataStateTracker(  256): [hipri]  MobileDataStateReceiver onReceive(): Entry.
02-13 18:04:47.336 D/MobileDataStateTracker(  256): [hipri]  intent.getAction()= android.intent.action.ANY_DATA_STATE
02-13 18:04:47.336 D/MobileDataStateTracker(  256): [hipri]  mEnabled = false
02-13 18:04:47.336 D/MobileDataStateTracker(  256): [hipri]  apnTypeList = dun
02-13 18:04:47.336 D/MobileDataStateTracker(  256): [hipri]  unavailable = false
02-13 18:04:47.336 D/MobileDataStateTracker(  256): [hipri] Do not process intents if disabled.
02-13 18:04:47.336 D/MobileDataStateTracker(  256): [dun]  MobileDataStateReceiver onReceive(): Entry.
02-13 18:04:47.336 D/MobileDataStateTracker(  256): [dun]  intent.getAction()= android.intent.action.ANY_DATA_STATE
02-13 18:04:47.336 D/MobileDataStateTracker(  256): [dun]  mEnabled = false
02-13 18:04:47.336 D/DATA    (  344): [DCT(0) ] Resetting all profiles and service states!
02-13 18:04:47.336 D/PhoneApp(  344): old phone type:2, New Phone type:2
02-13 18:04:47.336 D/NotificationMgr(  344): hideDataDisconnectedRoaming()...
02-13 18:04:47.336 D/PhoneApp(  344): old phone type:2, New Phone type:2
02-13 18:04:47.336 D/NotificationMgr(  344): hideDataDisconnectedRoaming()...
02-13 18:04:47.336 D/PhoneApp(  344): old phone type:2, New Phone type:2
02-13 18:04:47.336 D/NotificationMgr(  344): hideDataDisconnectedRoaming()...
02-13 18:04:47.336 D/PhoneApp(  344): old phone type:2, New Phone type:2
02-13 18:04:47.336 D/NotificationMgr(  344): hideDataDisconnectedRoaming()...
02-13 18:04:47.346 D/PhoneApp(  344): old phone type:2, New Phone type:2
02-13 18:04:47.346 D/NotificationMgr(  344): hideDataDisconnectedRoaming()...
02-13 18:04:47.346 D/PhoneApp(  344): old phone type:2, New Phone type:2
02-13 18:04:47.346 D/MobileDataStateTracker(  256): [dun]  apnTypeList = dun
02-13 18:04:47.346 D/MobileDataStateTracker(  256): [dun]  unavailable = false
02-13 18:04:47.346 D/MobileDataStateTracker(  256): [dun] Do not process intents if disabled.
02-13 18:04:47.346 D/MobileDataStateTracker(  256): [supl]  MobileDataStateReceiver onReceive(): Entry.
02-13 18:04:47.346 D/MobileDataStateTracker(  256): [supl]  intent.getAction()= android.intent.action.ANY_DATA_STATE
02-13 18:04:47.346 D/MobileDataStateTracker(  256): [supl]  mEnabled = false
02-13 18:04:47.346 D/MobileDataStateTracker(  256): [supl]  apnTypeList = dun
02-13 18:04:47.346 D/MobileDataStateTracker(  256): [supl]  unavailable = false
02-13 18:04:47.346 D/MobileDataStateTracker(  256): [supl] Do not process intents if disabled.
02-13 18:04:47.346 D/MobileDataStateTracker(  256): [mms]  MobileDataStateReceiver onReceive(): Entry.
02-13 18:04:47.346 D/MobileDataStateTracker(  256): [mms]  intent.getAction()= android.intent.action.ANY_DATA_STATE
02-13 18:04:47.346 D/MobileDataStateTracker(  256): [mms]  mEnabled = false
02-13 18:04:47.346 D/MobileDataStateTracker(  256): [mms]  apnTypeList = dun
02-13 18:04:47.346 D/MobileDataStateTracker(  256): [mms]  unavailable = false
02-13 18:04:47.346 D/MobileDataStateTracker(  256): [mms] Do not process intents if disabled.
02-13 18:04:47.346 D/MobileDataStateTracker(  256): [default]  MobileDataStateReceiver onReceive(): Entry.
02-13 18:04:47.346 D/MobileDataStateTracker(  256): [default]  intent.getAction()= android.intent.action.ANY_DATA_STATE
02-13 18:04:47.346 D/MobileDataStateTracker(  256): [default]  mEnabled = true
02-13 18:04:47.346 D/NotificationMgr(  344): hideDataDisconnectedRoaming()...
02-13 18:04:47.356 D/PhoneApp(  344): old phone type:2, New Phone type:2
02-13 18:04:47.356 D/NotificationMgr(  344): hideDataDisconnectedRoaming()...
02-13 18:04:47.356 D/PhoneApp(  344): old phone type:2, New Phone type:2
02-13 18:04:47.356 D/NotificationMgr(  344): hideDataDisconnectedRoaming()...
02-13 18:04:47.356 D/PhoneApp(  344): old phone type:2, New Phone type:2
02-13 18:04:47.356 D/NotificationMgr(  344): hideDataDisconnectedRoaming()...
02-13 18:04:47.356 D/PhoneApp(  344): old phone type:2, New Phone type:2
02-13 18:04:47.356 D/NotificationMgr(  344): hideDataDisconnectedRoaming()...
02-13 18:04:47.356 D/PhoneApp(  344): old phone type:2, New Phone type:2
02-13 18:04:47.356 D/NotificationMgr(  344): hideDataDisconnectedRoaming()...
02-13 18:04:47.356 D/PhoneApp(  344): old phone type:2, New Phone type:2
02-13 18:04:47.356 D/NotificationMgr(  344): hideDataDisconnectedRoaming()...
02-13 18:04:47.366 D/PhoneApp(  344): old phone type:2, New Phone type:2
02-13 18:04:47.366 D/NotificationMgr(  344): hideDataDisconnectedRoaming()...
02-13 18:04:47.366 D/PhoneApp(  344): old phone type:2, New Phone type:2
02-13 18:04:47.366 D/NotificationMgr(  344): hideDataDisconnectedRoaming()...
02-13 18:04:47.376 D/PhoneApp(  344): old phone type:2, New Phone type:2
02-13 18:04:47.376 D/NotificationMgr(  344): hideDataDisconnectedRoaming()...
02-13 18:04:47.376 D/PhoneApp(  344): old phone type:2, New Phone type:2
02-13 18:04:47.376 D/NotificationMgr(  344): hideDataDisconnectedRoaming()...
02-13 18:04:47.376 D/PhoneApp(  344): old phone type:2, New Phone type:2
02-13 18:04:47.376 D/NotificationMgr(  344): hideDataDisconnectedRoaming()...
02-13 18:04:47.376 D/PhoneApp(  344): old phone type:2, New Phone type:2
02-13 18:04:47.376 D/NotificationMgr(  344): hideDataDisconnectedRoaming()...
02-13 18:04:47.376 D/PhoneApp(  344): old phone type:2, New Phone type:2
02-13 18:04:47.376 D/NotificationMgr(  344): hideDataDisconnectedRoaming()...
02-13 18:04:47.396 I/ActivityThread(  548): Pub com.sprint.installer: com.sprint.w.installer.ContentProvider
02-13 18:04:47.396 I/ActivityThread(  548): Pub com.sprint.w.installer.SuggestProvider: com.sprint.w.installer.SearchSuggestProvider
02-13 18:04:47.406 D/MobileDataStateTracker(  256): [default]  apnTypeList = dun
02-13 18:04:47.406 D/MobileDataStateTracker(  256): [default]  unavailable = false
02-13 18:04:47.406 D/MobileDataStateTracker(  256): [default] not what we are looking for.
02-13 18:04:47.406 D/MobileDataStateTracker(  256): [hipri]  MobileDataStateReceiver onReceive(): Entry.
02-13 18:04:47.406 D/MobileDataStateTracker(  256): [hipri]  intent.getAction()= android.intent.action.ANY_DATA_STATE
02-13 18:04:47.406 D/MobileDataStateTracker(  256): [hipri]  mEnabled = false
02-13 18:04:47.406 D/MobileDataStateTracker(  256): [hipri]  apnTypeList = dun
02-13 18:04:47.406 D/MobileDataStateTracker(  256): [hipri]  unavailable = false
02-13 18:04:47.406 D/MobileDataStateTracker(  256): [hipri] Do not process intents if disabled.
02-13 18:04:47.406 D/MobileDataStateTracker(  256): [dun]  MobileDataStateReceiver onReceive(): Entry.
02-13 18:04:47.406 D/MobileDataStateTracker(  256): [dun]  intent.getAction()= android.intent.action.ANY_DATA_STATE
02-13 18:04:47.406 D/MobileDataStateTracker(  256): [dun]  mEnabled = false
02-13 18:04:47.406 D/MobileDataStateTracker(  256): [dun]  apnTypeList = dun
02-13 18:04:47.406 D/MobileDataStateTracker(  256): [dun]  unavailable = false
02-13 18:04:47.406 D/MobileDataStateTracker(  256): [dun] Do not process intents if disabled.
02-13 18:04:47.406 D/MobileDataStateTracker(  256): [supl]  MobileDataStateReceiver onReceive(): Entry.
02-13 18:04:47.406 D/MobileDataStateTracker(  256): [supl]  intent.getAction()= android.intent.action.ANY_DATA_STATE
02-13 18:04:47.406 D/MobileDataStateTracker(  256): [supl]  mEnabled = false
02-13 18:04:47.406 D/MobileDataStateTracker(  256): [supl]  apnTypeList = dun
02-13 18:04:47.406 D/MobileDataStateTracker(  256): [supl]  unavailable = false
02-13 18:04:47.406 D/MobileDataStateTracker(  256): [supl] Do not process intents if disabled.
02-13 18:04:47.406 D/MobileDataStateTracker(  256): [mms]  MobileDataStateReceiver onReceive(): Entry.
02-13 18:04:47.406 D/MobileDataStateTracker(  256): [mms]  intent.getAction()= android.intent.action.ANY_DATA_STATE
02-13 18:04:47.406 D/MobileDataStateTracker(  256): [mms]  mEnabled = false
02-13 18:04:47.406 D/MobileDataStateTracker(  256): [mms]  apnTypeList = dun
02-13 18:04:47.406 D/MobileDataStateTracker(  256): [mms]  unavailable = false
02-13 18:04:47.416 D/MobileDataStateTracker(  256): [mms] Do not process intents if disabled.
02-13 18:04:47.416 D/MobileDataStateTracker(  256): [default]  MobileDataStateReceiver onReceive(): Entry.
02-13 18:04:47.416 D/MobileDataStateTracker(  256): [default]  intent.getAction()= android.intent.action.ANY_DATA_STATE
02-13 18:04:47.416 D/MobileDataStateTracker(  256): [default]  mEnabled = true
02-13 18:04:47.416 D/MobileDataStateTracker(  256): [default]  apnTypeList = dun
02-13 18:04:47.426 D/PhoneApp(  344): old phone type:2, New Phone type:2
02-13 18:04:47.426 D/NotificationMgr(  344): hideDataDisconnectedRoaming()...
02-13 18:04:47.426 D/PhoneApp(  344): mReceiver: ACTION_ANY_DATA_CONNECTION_STATE_CHANGED
02-13 18:04:47.426 D/PhoneApp(  344): - state: DISCONNECTED
02-13 18:04:47.426 D/PhoneApp(  344): - reason: radioTechnologyChanged
02-13 18:04:47.426 D/DATA    (  344): [DC cid = -1]DcInactiveState msg.what=EVENT_CONNECT
02-13 18:04:47.426 I/DATA    (  344): [DC cid = -1]Connecting : dataProfile = [dpt=PROFILE_TYPE_3GPP2_NAI, active=false, 
02-13 18:04:47.426 D/DATA    (  344): **NAI profile id :0
02-13 18:04:47.426 D/PhoneApp(  344): mReceiver: ACTION_ANY_DATA_CONNECTION_STATE_CHANGED
02-13 18:04:47.426 D/MobileDataStateTracker(  256): [default]  unavailable = false
02-13 18:04:47.426 D/MobileDataStateTracker(  256): [default] not what we are looking for.
02-13 18:04:47.426 D/MobileDataStateTracker(  256): [hipri]  MobileDataStateReceiver onReceive(): Entry.
02-13 18:04:47.436 D/MobileDataStateTracker(  256): [hipri]  intent.getAction()= android.intent.action.ANY_DATA_STATE
02-13 18:04:47.436 D/MobileDataStateTracker(  256): [hipri]  mEnabled = false
02-13 18:04:47.436 D/MobileDataStateTracker(  256): [hipri]  apnTypeList = hipri
02-13 18:04:47.436 D/MobileDataStateTracker(  256): [hipri]  unavailable = false
02-13 18:04:47.436 D/MobileDataStateTracker(  256): [hipri] Do not process intents if disabled.
02-13 18:04:47.436 D/MobileDataStateTracker(  256): [dun]  MobileDataStateReceiver onReceive(): Entry.
02-13 18:04:47.436 D/MobileDataStateTracker(  256): [dun]  intent.getAction()= android.intent.action.ANY_DATA_STATE
02-13 18:04:47.436 D/MobileDataStateTracker(  256): [dun]  mEnabled = false
02-13 18:04:47.436 D/MobileDataStateTracker(  256): [dun]  apnTypeList = hipri
02-13 18:04:47.436 D/MobileDataStateTracker(  256): [dun]  unavailable = false
02-13 18:04:47.436 D/MobileDataStateTracker(  256): [dun] Do not process intents if disabled.
02-13 18:04:47.436 D/MobileDataStateTracker(  256): [supl]  MobileDataStateReceiver onReceive(): Entry.
02-13 18:04:47.436 D/MobileDataStateTracker(  256): [supl]  intent.getAction()= android.intent.action.ANY_DATA_STATE
02-13 18:04:47.436 D/MobileDataStateTracker(  256): [supl]  mEnabled = false
02-13 18:04:47.436 D/PhoneApp(  344): - state: DISCONNECTED
02-13 18:04:47.436 D/PhoneApp(  344): - reason: radioTechnologyChanged
02-13 18:04:47.436 D/PhoneApp(  344): mReceiver: ACTION_ANY_DATA_CONNECTION_STATE_CHANGED
02-13 18:04:47.436 D/PhoneApp(  344): - state: DISCONNECTED
02-13 18:04:47.436 D/PhoneApp(  344): - reason: radioTechnologyChanged
02-13 18:04:47.446 D/PhoneApp(  344): mReceiver: ACTION_ANY_DATA_CONNECTION_STATE_CHANGED
02-13 18:04:47.446 D/PhoneApp(  344): - state: DISCONNECTED
02-13 18:04:47.446 D/PhoneApp(  344): - reason: radioTechnologyChanged
02-13 18:04:47.446 D/PhoneApp(  344): mReceiver: ACTION_ANY_DATA_CONNECTION_STATE_CHANGED
02-13 18:04:47.446 D/PhoneApp(  344): - state: DISCONNECTED
02-13 18:04:47.446 D/PhoneApp(  344): - reason: radioTechnologyChanged
02-13 18:04:47.446 D/PhoneApp(  344): mReceiver: ACTION_ANY_DATA_CONNECTION_STATE_CHANGED
02-13 18:04:47.446 D/PhoneApp(  344): - state: DISCONNECTED
02-13 18:04:47.446 D/PhoneApp(  344): - reason: radioTechnologyChanged
02-13 18:04:47.446 D/PhoneApp(  344): mReceiver: ACTION_ANY_DATA_CONNECTION_STATE_CHANGED
02-13 18:04:47.446 D/PhoneApp(  344): - state: DISCONNECTED
02-13 18:04:47.446 D/PhoneApp(  344): - reason: radioTechnologyChanged
02-13 18:04:47.446 D/PhoneApp(  344): mReceiver: ACTION_ANY_DATA_CONNECTION_STATE_CHANGED
02-13 18:04:47.446 D/PhoneApp(  344): - state: DISCONNECTED
02-13 18:04:47.446 D/PhoneApp(  344): - reason: radioTechnologyChanged
02-13 18:04:47.446 D/PhoneApp(  344): mReceiver: ACTION_ANY_DATA_CONNECTION_STATE_CHANGED
02-13 18:04:47.446 D/PhoneApp(  344): - state: DISCONNECTED
02-13 18:04:47.446 D/PhoneApp(  344): - reason: radioTechnologyChanged
02-13 18:04:47.446 D/PhoneApp(  344): mReceiver: ACTION_ANY_DATA_CONNECTION_STATE_CHANGED
02-13 18:04:47.456 D/MobileDataStateTracker(  256): [supl]  apnTypeList = hipri
02-13 18:04:47.456 D/MobileDataStateTracker(  256): [supl]  unavailable = false
02-13 18:04:47.456 D/MobileDataStateTracker(  256): [supl] Do not process intents if disabled.
02-13 18:04:47.456 D/MobileDataStateTracker(  256): [mms]  MobileDataStateReceiver onReceive(): Entry.
02-13 18:04:47.456 D/MobileDataStateTracker(  256): [mms]  intent.getAction()= android.intent.action.ANY_DATA_STATE
02-13 18:04:47.456 D/MobileDataStateTracker(  256): [mms]  mEnabled = false
02-13 18:04:47.456 D/MobileDataStateTracker(  256): [mms]  apnTypeList = hipri
02-13 18:04:47.456 D/MobileDataStateTracker(  256): [mms]  unavailable = false
02-13 18:04:47.456 D/MobileDataStateTracker(  256): [mms] Do not process intents if disabled.
02-13 18:04:47.456 D/MobileDataStateTracker(  256): [default]  MobileDataStateReceiver onReceive(): Entry.
02-13 18:04:47.456 D/MobileDataStateTracker(  256): [default]  intent.getAction()= android.intent.action.ANY_DATA_STATE
02-13 18:04:47.456 D/MobileDataStateTracker(  256): [default]  mEnabled = true
02-13 18:04:47.456 D/MobileDataStateTracker(  256): [default]  apnTypeList = hipri
02-13 18:04:47.456 D/MobileDataStateTracker(  256): [default]  unavailable = false
02-13 18:04:47.456 D/MobileDataStateTracker(  256): [default] not what we are looking for.
02-13 18:04:47.456 D/MobileDataStateTracker(  256): [hipri]  MobileDataStateReceiver onReceive(): Entry.
02-13 18:04:47.456 D/MobileDataStateTracker(  256): [hipri]  intent.getAction()= android.intent.action.ANY_DATA_STATE
02-13 18:04:47.456 D/MobileDataStateTracker(  256): [hipri]  mEnabled = false
02-13 18:04:47.456 D/MobileDataStateTracker(  256): [hipri]  apnTypeList = hipri
02-13 18:04:47.456 D/MobileDataStateTracker(  256): [hipri]  unavailable = false
02-13 18:04:47.456 D/MobileDataStateTracker(  256): [hipri] Do not process intents if disabled.
02-13 18:04:47.456 D/MobileDataStateTracker(  256): [dun]  MobileDataStateReceiver onReceive(): Entry.
02-13 18:04:47.456 D/MobileDataStateTracker(  256): [dun]  intent.getAction()= android.intent.action.ANY_DATA_STATE
02-13 18:04:47.456 D/MobileDataStateTracker(  256): [dun]  mEnabled = false
02-13 18:04:47.456 D/MobileDataStateTracker(  256): [dun]  apnTypeList = hipri
02-13 18:04:47.456 D/MobileDataStateTracker(  256): [dun]  unavailable = false
02-13 18:04:47.456 D/MobileDataStateTracker(  256): [dun] Do not process intents if disabled.
02-13 18:04:47.456 D/MobileDataStateTracker(  256): [supl]  MobileDataStateReceiver onReceive(): Entry.
02-13 18:04:47.456 D/MobileDataStateTracker(  256): [supl]  intent.getAction()= android.intent.action.ANY_DATA_STATE
02-13 18:04:47.456 D/MobileDataStateTracker(  256): [supl]  mEnabled = false
02-13 18:04:47.466 D/MobileDataStateTracker(  256): [supl]  apnTypeList = hipri
02-13 18:04:47.466 D/MobileDataStateTracker(  256): [supl]  unavailable = false
02-13 18:04:47.466 D/MobileDataStateTracker(  256): [supl] Do not process intents if disabled.
02-13 18:04:47.466 D/MobileDataStateTracker(  256): [mms]  MobileDataStateReceiver onReceive(): Entry.
02-13 18:04:47.466 D/MobileDataStateTracker(  256): [mms]  intent.getAction()= android.intent.action.ANY_DATA_STATE
02-13 18:04:47.466 D/MobileDataStateTracker(  256): [mms]  mEnabled = false
02-13 18:04:47.476 D/MobileDataStateTracker(  256): [mms]  apnTypeList = hipri
02-13 18:04:47.476 D/MobileDataStateTracker(  256): [mms]  unavailable = false
02-13 18:04:47.476 D/MobileDataStateTracker(  256): [mms] Do not process intents if disabled.
02-13 18:04:47.476 D/MobileDataStateTracker(  256): [default]  MobileDataStateReceiver onReceive(): Entry.
02-13 18:04:47.476 D/MobileDataStateTracker(  256): [default]  intent.getAction()= android.intent.action.ANY_DATA_STATE
02-13 18:04:47.476 D/MobileDataStateTracker(  256): [default]  mEnabled = true
02-13 18:04:47.476 D/MobileDataStateTracker(  256): [default]  apnTypeList = hipri
02-13 18:04:47.476 D/MobileDataStateTracker(  256): [default]  unavailable = false
02-13 18:04:47.476 D/MobileDataStateTracker(  256): [default] not what we are looking for.
02-13 18:04:47.476 D/PhoneApp(  344): - state: DISCONNECTED
02-13 18:04:47.476 D/PhoneApp(  344): - reason: radioTechnologyChanged
02-13 18:04:47.476 D/PhoneApp(  344): mReceiver: ACTION_ANY_DATA_CONNECTION_STATE_CHANGED
02-13 18:04:47.476 D/PhoneApp(  344): - state: DISCONNECTED
02-13 18:04:47.476 D/PhoneApp(  344): - reason: radioTechnologyChanged
02-13 18:04:47.476 I/DATA    (  344): [DCT(0) ] onUpdateDataConnections: reason=radioTechnologyChanged
02-13 18:04:47.476 I/DATA    (  344): [DCT(0) ] ---dc list---
02-13 18:04:47.476 I/DATA    (  344): [DCT(0) ] cid = -1, state = DcActivatingState, bearerType = null, ipaddress = null, gw=null, dns=[null, null]
02-13 18:04:47.476 I/DATA    (  344): [DCT(0) ] ---ds list---
02-13 18:04:47.476 I/DATA    (  344): [DCT(0) ] ds= SERVICE_TYPE_DEFAULT, enabled = true, active = v4:CONNECTING v6:IDLE
02-13 18:04:47.476 I/DATA    (  344): [DCT(0) ] ds= SERVICE_TYPE_MMS, enabled = false, active = v4:IDLE v6:IDLE
02-13 18:04:47.476 I/DATA    (  344): [DCT(0) ] ds= SERVICE_TYPE_SUPL, enabled = false, active = v4:IDLE v6:IDLE
02-13 18:04:47.476 I/DATA    (  344): [DCT(0) ] ds= SERVICE_TYPE_DUN, enabled = false, active = v4:IDLE v6:IDLE
02-13 18:04:47.476 I/DATA    (  344): [DCT(0) ] ds= SERVICE_TYPE_HIPRI, enabled = false, active = v4:IDLE v6:IDLE
02-13 18:04:47.476 I/DATA    (  344): [DCT(0) ] Ready for data : 
02-13 18:04:47.476 I/DATA    (  344): [DCT(0) ]    getDesiredPowerState() = true
02-13 18:04:47.476 I/DATA    (  344): [DCT(0) ]    mCm.getRadioState() = RADIO_ON
02-13 18:04:47.486 D/MobileDataStateTracker(  256): [hipri]  MobileDataStateReceiver onReceive(): Entry.
02-13 18:04:47.486 D/MobileDataStateTracker(  256): [hipri]  intent.getAction()= android.intent.action.SERVICE_STATE
02-13 18:04:47.486 D/MobileDataStateTracker(  256): [hipri]  mEnabled = false
02-13 18:04:47.486 D/MobileDataStateTracker(  256): [dun]  MobileDataStateReceiver onReceive(): Entry.
02-13 18:04:47.486 D/MobileDataStateTracker(  256): [dun]  intent.getAction()= android.intent.action.SERVICE_STATE
02-13 18:04:47.486 D/MobileDataStateTracker(  256): [dun]  mEnabled = false
02-13 18:04:47.486 D/MobileDataStateTracker(  256): [supl]  MobileDataStateReceiver onReceive(): Entry.
02-13 18:04:47.486 D/MobileDataStateTracker(  256): [supl]  intent.getAction()= android.intent.action.SERVICE_STATE
02-13 18:04:47.486 D/MobileDataStateTracker(  256): [supl]  mEnabled = false
02-13 18:04:47.486 D/MobileDataStateTracker(  256): [mms]  MobileDataStateReceiver onReceive(): Entry.
02-13 18:04:47.486 D/MobileDataStateTracker(  256): [mms]  intent.getAction()= android.intent.action.SERVICE_STATE
02-13 18:04:47.486 D/MobileDataStateTracker(  256): [mms]  mEnabled = false
02-13 18:04:47.486 D/MobileDataStateTracker(  256): [default]  MobileDataStateReceiver onReceive(): Entry.
02-13 18:04:47.486 I/DATA    (  344): [DCT(0) ]    [DataRadioTech = RADIO_TECH_1xRTT, data network state = 0, mMasterDataEnabled = true, is Roaming = false, dataOnRoamingEnable = false, isPsRestricted = false, desiredPowerState  = true, mSIMRecords = , cdmaSubSource = 1/310120, mRuimRecords = , checks = true/true]
02-13 18:04:47.486 I/DATA    (  344): [DCT(0) ] Data Call setup pending. Not trying to bring up any new data connections.
02-13 18:04:47.486 D/PhoneApp(  344): old phone type:2, New Phone type:2
02-13 18:04:47.486 D/NotificationMgr(  344): hideDataDisconnectedRoaming()...
02-13 18:04:47.486 D/PhoneApp(  344): old phone type:2, New Phone type:2
02-13 18:04:47.486 D/NotificationMgr(  344): hideDataDisconnectedRoaming()...
02-13 18:04:47.486 D/PhoneApp(  344): old phone type:2, New Phone type:2
02-13 18:04:47.486 D/NotificationMgr(  344): hideDataDisconnectedRoaming()...
02-13 18:04:47.496 D/PhoneApp(  344): old phone type:2, New Phone type:2
02-13 18:04:47.496 D/NotificationMgr(  344): hideDataDisconnectedRoaming()...
02-13 18:04:47.496 D/PhoneApp(  344): old phone type:2, New Phone type:2
02-13 18:04:47.496 D/NotificationMgr(  344): hideDataDisconnectedRoaming()...
02-13 18:04:47.496 D/MobileDataStateTracker(  256): [default]  intent.getAction()= android.intent.action.SERVICE_STATE
02-13 18:04:47.496 D/MobileDataStateTracker(  256): [default]  mEnabled = true
02-13 18:04:47.496 D/MobileDataStateTracker(  256): [hipri]  MobileDataStateReceiver onReceive(): Entry.
02-13 18:04:47.496 D/MobileDataStateTracker(  256): [hipri]  intent.getAction()= android.intent.action.SERVICE_STATE
02-13 18:04:47.496 D/MobileDataStateTracker(  256): [hipri]  mEnabled = false
02-13 18:04:47.506 D/MobileDataStateTracker(  256): [dun]  MobileDataStateReceiver onReceive(): Entry.
02-13 18:04:47.506 D/MobileDataStateTracker(  256): [dun]  intent.getAction()= android.intent.action.SERVICE_STATE
02-13 18:04:47.506 D/MobileDataStateTracker(  256): [dun]  mEnabled = false
02-13 18:04:47.506 D/MobileDataStateTracker(  256): [supl]  MobileDataStateReceiver onReceive(): Entry.
02-13 18:04:47.506 D/PhoneApp(  344): old phone type:2, New Phone type:2
02-13 18:04:47.506 D/NotificationMgr(  344): hideDataDisconnectedRoaming()...
02-13 18:04:47.506 D/PhoneApp(  344): old phone type:2, New Phone type:2
02-13 18:04:47.506 D/NotificationMgr(  344): hideDataDisconnectedRoaming()...
02-13 18:04:47.506 D/PhoneApp(  344): old phone type:2, New Phone type:2
02-13 18:04:47.506 D/NotificationMgr(  344): hideDataDisconnectedRoaming()...
02-13 18:04:47.506 D/PhoneApp(  344): old phone type:2, New Phone type:2
02-13 18:04:47.506 D/NotificationMgr(  344): hideDataDisconnectedRoaming()...
02-13 18:04:47.506 D/PhoneApp(  344): old phone type:2, New Phone type:2
02-13 18:04:47.516 D/NotificationMgr(  344): hideDataDisconnectedRoaming()...
02-13 18:04:47.516 D/PhoneApp(  344): old phone type:2, New Phone type:2
02-13 18:04:47.516 D/NotificationMgr(  344): hideDataDisconnectedRoaming()...
02-13 18:04:47.516 D/MobileDataStateTracker(  256): [supl]  intent.getAction()= android.intent.action.SERVICE_STATE
02-13 18:04:47.516 D/MobileDataStateTracker(  256): [supl]  mEnabled = false
02-13 18:04:47.516 D/MobileDataStateTracker(  256): [mms]  MobileDataStateReceiver onReceive(): Entry.
02-13 18:04:47.516 D/MobileDataStateTracker(  256): [mms]  intent.getAction()= android.intent.action.SERVICE_STATE
02-13 18:04:47.516 D/MobileDataStateTracker(  256): [mms]  mEnabled = false
02-13 18:04:47.516 D/MobileDataStateTracker(  256): [default]  MobileDataStateReceiver onReceive(): Entry.
02-13 18:04:47.516 D/MobileDataStateTracker(  256): [default]  intent.getAction()= android.intent.action.SERVICE_STATE
02-13 18:04:47.516 D/MobileDataStateTracker(  256): [default]  mEnabled = true
02-13 18:04:47.516 D/MobileDataStateTracker(  256): [hipri]  MobileDataStateReceiver onReceive(): Entry.
02-13 18:04:47.516 D/MobileDataStateTracker(  256): [hipri]  intent.getAction()= android.intent.action.ANY_DATA_STATE
02-13 18:04:47.516 D/MobileDataStateTracker(  256): [hipri]  mEnabled = false
02-13 18:04:47.526 D/MobileDataStateTracker(  256): [hipri]  apnTypeList = default
02-13 18:04:47.526 D/MobileDataStateTracker(  256): [hipri]  unavailable = false
02-13 18:04:47.526 D/MobileDataStateTracker(  256): [hipri] Do not process intents if disabled.
02-13 18:04:47.526 D/MobileDataStateTracker(  256): [dun]  MobileDataStateReceiver onReceive(): Entry.
02-13 18:04:47.526 D/MobileDataStateTracker(  256): [dun]  intent.getAction()= android.intent.action.ANY_DATA_STATE
02-13 18:04:47.526 D/MobileDataStateTracker(  256): [dun]  mEnabled = false
02-13 18:04:47.526 D/MobileDataStateTracker(  256): [dun]  apnTypeList = default
02-13 18:04:47.536 D/MobileDataStateTracker(  256): [dun]  unavailable = false
02-13 18:04:47.536 D/MobileDataStateTracker(  256): [dun] Do not process intents if disabled.
02-13 18:04:47.536 D/MobileDataStateTracker(  256): [supl]  MobileDataStateReceiver onReceive(): Entry.
02-13 18:04:47.536 D/MobileDataStateTracker(  256): [supl]  intent.getAction()= android.intent.action.ANY_DATA_STATE
02-13 18:04:47.536 D/MobileDataStateTracker(  256): [supl]  mEnabled = false
02-13 18:04:47.536 D/MobileDataStateTracker(  256): [supl]  apnTypeList = default
02-13 18:04:47.536 D/MobileDataStateTracker(  256): [supl]  unavailable = false
02-13 18:04:47.536 D/MobileDataStateTracker(  256): [supl] Do not process intents if disabled.
02-13 18:04:47.536 D/MobileDataStateTracker(  256): [mms]  MobileDataStateReceiver onReceive(): Entry.
02-13 18:04:47.536 D/MobileDataStateTracker(  256): [mms]  intent.getAction()= android.intent.action.ANY_DATA_STATE
02-13 18:04:47.536 D/MobileDataStateTracker(  256): [mms]  mEnabled = false
02-13 18:04:47.536 D/MobileDataStateTracker(  256): [mms]  apnTypeList = default
02-13 18:04:47.546 D/MobileDataStateTracker(  256): [mms]  unavailable = false
02-13 18:04:47.546 D/MobileDataStateTracker(  256): [mms] Do not process intents if disabled.
02-13 18:04:47.546 D/MobileDataStateTracker(  256): [default]  MobileDataStateReceiver onReceive(): Entry.
02-13 18:04:47.546 D/MobileDataStateTracker(  256): [default]  intent.getAction()= android.intent.action.ANY_DATA_STATE
02-13 18:04:47.546 D/MobileDataStateTracker(  256): [default]  mEnabled = true
02-13 18:04:47.546 D/MobileDataStateTracker(  256): [default]  apnTypeList = default
02-13 18:04:47.546 D/MobileDataStateTracker(  256): [default]  unavailable = false
02-13 18:04:47.546 D/MobileDataStateTracker(  256): [default] CALL updateMobileInfoFromIntent
02-13 18:04:47.546 I/MobileDataStateTracker(  256): [default] dc state change intent received for default/INET with state  CONNECTING. enabled=true state change reason = radioTechnologyChanged
02-13 18:04:47.546 I/MobileDataStateTracker(  256): [default] old state = DISCONNECTED
02-13 18:04:47.546 I/MobileDataStateTracker(  256): [default] updated mobile state info for INET : [state=CONNECTING, iface=null, mApnName=null, mIpAddress=null, mGateway=null]
02-13 18:04:47.546 D/NetworkStateTracker(  256): setDetailed state, old =DISCONNECTED and new state=CONNECTING
02-13 18:04:47.546 D/MobileDataStateTracker(  256): [hipri]  MobileDataStateReceiver onReceive(): Entry.
02-13 18:04:47.546 D/MobileDataStateTracker(  256): [hipri]  intent.getAction()= android.intent.action.ANY_DATA_STATE
02-13 18:04:47.546 D/MobileDataStateTracker(  256): [hipri]  mEnabled = false
