02-13 18:04:59.047 D/PhoneApp(  344): - reason: radioTechnologyChanged
02-13 18:04:59.047 D/PhoneApp(  344): mReceiver: ACTION_ANY_DATA_CONNECTION_STATE_CHANGED
02-13 18:04:59.047 D/PhoneApp(  344): - state: CONNECTED
02-13 18:04:59.047 D/PhoneApp(  344): - reason: radioTechnologyChanged
02-13 18:04:59.047 D/PhoneApp(  344): mReceiver: ACTION_ANY_DATA_CONNECTION_STATE_CHANGED
02-13 18:04:59.047 D/PhoneApp(  344): - state: CONNECTED
02-13 18:04:59.047 D/PhoneApp(  344): - reason: radioTechnologyChanged
02-13 18:04:59.047 I/DATA    (  344): [DCT(0) ] onUpdateDataConnections: reason=radioTechnologyChanged
02-13 18:04:59.047 I/DATA    (  344): [DCT(0) ] ---dc list---
02-13 18:04:59.047 I/DATA    (  344): [DCT(0) ] cid = 0, state = DcActiveState, bearerType = IP, ipaddress = 173.155.101.96, gw=173.155.101.97, dns=[68.28.67.132, 68.28.68.132]
02-13 18:04:59.047 I/DATA    (  344): [DCT(0) ] ---ds list---
02-13 18:04:59.047 I/DATA    (  344): [DCT(0) ] ds= SERVICE_TYPE_DEFAULT, enabled = true, active = v4:CONNECTED(0) v6:IDLE
02-13 18:04:59.047 I/DATA    (  344): [DCT(0) ] ds= SERVICE_TYPE_MMS, enabled = false, active = v4:CONNECTED(0) v6:IDLE
02-13 18:04:59.047 I/DATA    (  344): [DCT(0) ] ds= SERVICE_TYPE_SUPL, enabled = false, active = v4:CONNECTED(0) v6:IDLE
02-13 18:04:59.047 I/DATA    (  344): [DCT(0) ] ds= SERVICE_TYPE_DUN, enabled = false, active = v4:IDLE v6:IDLE
02-13 18:04:59.047 I/DATA    (  344): [DCT(0) ] ds= SERVICE_TYPE_HIPRI, enabled = false, active = v4:CONNECTED(0) v6:IDLE
02-13 18:04:59.047 I/DATA    (  344): [DCT(0) ] Ready for data : 
02-13 18:04:59.047 I/DATA    (  344): [DCT(0) ]    getDesiredPowerState() = true
02-13 18:04:59.047 I/DATA    (  344): [DCT(0) ]    mCm.getRadioState() = RADIO_ON
02-13 18:04:59.057 E/NatController(  112): +++ parent2 block wait for child 733 , tag = /system/bin/ip
02-13 18:04:59.057 D/MobileDataStateTracker(  256): [dun]  MobileDataStateReceiver onReceive(): Entry.
02-13 18:04:59.057 D/MobileDataStateTracker(  256): [dun]  intent.getAction()= android.intent.action.ANY_DATA_STATE
02-13 18:04:59.057 D/MobileDataStateTracker(  256): [dun]  mEnabled = false
02-13 18:04:59.057 D/MobileDataStateTracker(  256): [dun]  apnTypeList = hipri
02-13 18:04:59.057 D/MobileDataStateTracker(  256): [dun]  unavailable = false
02-13 18:04:59.057 D/MobileDataStateTracker(  256): [dun] Do not process intents if disabled.
02-13 18:04:59.057 D/MobileDataStateTracker(  256): [supl]  MobileDataStateReceiver onReceive(): Entry.
02-13 18:04:59.057 D/MobileDataStateTracker(  256): [supl]  intent.getAction()= android.intent.action.ANY_DATA_STATE
02-13 18:04:59.057 D/MobileDataStateTracker(  256): [supl]  mEnabled = false
02-13 18:04:59.057 D/MobileDataStateTracker(  256): [supl]  apnTypeList = hipri
02-13 18:04:59.057 D/MobileDataStateTracker(  256): [supl]  unavailable = false
02-13 18:04:59.057 D/MobileDataStateTracker(  256): [supl] Do not process intents if disabled.
02-13 18:04:59.057 D/MobileDataStateTracker(  256): [mms]  MobileDataStateReceiver onReceive(): Entry.
02-13 18:04:59.057 D/MobileDataStateTracker(  256): [mms]  intent.getAction()= android.intent.action.ANY_DATA_STATE
02-13 18:04:59.057 D/MobileDataStateTracker(  256): [mms]  mEnabled = false
02-13 18:04:59.057 D/MobileDataStateTracker(  256): [mms]  apnTypeList = hipri
02-13 18:04:59.057 D/MobileDataStateTracker(  256): [mms]  unavailable = false
02-13 18:04:59.057 D/MobileDataStateTracker(  256): [mms] Do not process intents if disabled.
02-13 18:04:59.057 D/MobileDataStateTracker(  256): [default]  MobileDataStateReceiver onReceive(): Entry.
02-13 18:04:59.057 D/MobileDataStateTracker(  256): [default]  intent.getAction()= android.intent.action.ANY_DATA_STATE
02-13 18:04:59.057 D/MobileDataStateTracker(  256): [default]  mEnabled = true
02-13 18:04:59.057 D/MobileDataStateTracker(  256): [default]  apnTypeList = hipri
02-13 18:04:59.057 D/MobileDataStateTracker(  256): [default]  unavailable = false
02-13 18:04:59.057 D/MobileDataStateTracker(  256): [default] not what we are looking for.
02-13 18:04:59.057 E/NatController(  112): ## waited wpid = 733
02-13 18:04:59.057 E/NatController(  112):  exit status = 0
02-13 18:04:59.067 I/DATA    (  344): [DCT(0) ]    [DataRadioTech = RADIO_TECH_EVDO_A, data network state = 0, mMasterDataEnabled = true, is Roaming = false, dataOnRoamingEnable = false, isPsRestricted = false, desiredPowerState  = true, mSIMRecords = , cdmaSubSource = 1/310120, mRuimRecords = , checks = true/true]
02-13 18:04:59.067 D/PhoneApp(  344): old phone type:2, New Phone type:2
02-13 18:04:59.067 D/NotificationMgr(  344): hideDataDisconnectedRoaming()...
02-13 18:04:59.067 D/PhoneApp(  344): old phone type:2, New Phone type:2
02-13 18:04:59.067 D/NotificationMgr(  344): hideDataDisconnectedRoaming()...
02-13 18:04:59.067 D/PhoneApp(  344): old phone type:2, New Phone type:2
02-13 18:04:59.067 D/NotificationMgr(  344): hideDataDisconnectedRoaming()...
02-13 18:04:59.067 D/PhoneApp(  344): old phone type:2, New Phone type:2
02-13 18:04:59.067 D/NotificationMgr(  344): hideDataDisconnectedRoaming()...
02-13 18:04:59.067 E/NatController(  734): +++child prcess pid = 734, tag = /system/bin/ip
02-13 18:04:59.067 E/NatController(  112): +++ parent2 block wait for child 734 , tag = /system/bin/ip
02-13 18:04:59.067 E/NatController(  112): ## waited wpid = 734
02-13 18:04:59.067 E/NatController(  112):  exit status = 0
02-13 18:04:59.067 W/NetworkStateTracker(  256): ### addDefaultRoute for iface null
02-13 18:04:59.067 W/NetworkStateTracker(  256):  skip addDefaultRoute. 
02-13 18:04:59.077 D/Tethering(  256): MasterInitialState.processMessage what=3
02-13 18:04:59.077 D/GTalkService(  377): ##### Network broadcast (connected=true) type=mobile, state=CONNECTED
02-13 18:04:59.087 I/GTalkService(  377): [GTalkConnection.1] setInternalNetworkState: type=0, state=CONNECTED
02-13 18:04:59.087 D/GTalkService/c(  377): [GTalkConnection.1] connect: acquire wakelock, async connect...
02-13 18:04:59.087 I/GTalkService(  377): [GTalkConnection.1] acquireAsyncWakeLock: WakeLock{40580ab0 held=true, refCount=0}
02-13 18:04:59.097 I/MediaUploader(  670): No need to wake up
02-13 18:04:59.097 D/GpsLocationProvider(  256): updateNetworkState available info: NetworkInfo: type: mobile[CDMA - EvDo rev. A], state: CONNECTED/CONNECTED, reason: radioTechnologyChanged, extra: (none), roaming: false, failover: false, isAvailable: true, isIpv4Connected: true, isIpv6Connected: false, ipv4Name: rmnet0, ipv6Name: null
02-13 18:04:59.097 I/GTalkService(  377): [GTalkConnection.24] (WORKER THREAD) update account status
02-13 18:04:59.107 D/AlarmManager(  256): +++Alarm set:type=2 android  Trigger after:69635833ms
02-13 18:04:59.137 D/PicasaSyncManager(  680): active network: NetworkInfo: type: mobile[CDMA - EvDo rev. A], state: CONNECTED/CONNECTED, reason: radioTechnologyChanged, extra: (none), roaming: false, failover: false, isAvailable: true, isIpv4Connected: true, isIpv6Connected: false, ipv4Name: rmnet0, ipv6Name: null
02-13 18:04:59.147 D/PicasaSyncManager(  680): background data: true
02-13 18:04:59.177 D/AlarmManager(  256): +++Alarm set:type=0 com.google.android.gsf  Trigger after:508382784ms
02-13 18:04:59.187 D/GpsLocationProvider(  256): getAGpsConnectionInfo connType - 3
02-13 18:04:59.207 I/ContactsProvider(  394): updateInTransaction: content://com.android.contacts/status_updates
02-13 18:04:59.247 I/GTalkService(  377): [GTalkConnection.24] (WORKER THREAD) update account status - done, took 151 ms
02-13 18:04:59.247 I/GTalkService(  377): doConnect: start...
02-13 18:04:59.497 D/GpsLocationProvider(  256): NTP server returned: 1329177884407 (Mon Feb 13 18:04:44 CST 2012) reference: 49132 certainty: 78 system time offset: -15073
02-13 18:04:59.998 D/KeyguardUpdateMonitor(  256): received broadcast android.intent.action.TIME_TICK
02-13 18:04:59.998 D/KeyguardUpdateMonitor(  256): handleTimeUpdate
02-13 18:05:00.148 D/DATA    (  344): [DSST(0)] pollstate() : reason = data network state changed
02-13 18:05:00.228 D/MobileDataStateTracker(  256): [hipri]  MobileDataStateReceiver onReceive(): Entry.
02-13 18:05:00.228 D/MobileDataStateTracker(  256): [hipri]  intent.getAction()= android.intent.action.SERVICE_STATE
02-13 18:05:00.228 D/MobileDataStateTracker(  256): [hipri]  mEnabled = false
02-13 18:05:00.228 D/MobileDataStateTracker(  256): [dun]  MobileDataStateReceiver onReceive(): Entry.
02-13 18:05:00.228 D/MobileDataStateTracker(  256): [dun]  intent.getAction()= android.intent.action.SERVICE_STATE
02-13 18:05:00.228 D/MobileDataStateTracker(  256): [dun]  mEnabled = false
02-13 18:05:00.228 D/MobileDataStateTracker(  256): [supl]  MobileDataStateReceiver onReceive(): Entry.
02-13 18:05:00.228 D/MobileDataStateTracker(  256): [supl]  intent.getAction()= android.intent.action.SERVICE_STATE
02-13 18:05:00.228 D/MobileDataStateTracker(  256): [supl]  mEnabled = false
02-13 18:05:00.228 D/MobileDataStateTracker(  256): [mms]  MobileDataStateReceiver onReceive(): Entry.
02-13 18:05:00.228 D/MobileDataStateTracker(  256): [mms]  intent.getAction()= android.intent.action.SERVICE_STATE
02-13 18:05:00.228 D/MobileDataStateTracker(  256): [mms]  mEnabled = false
02-13 18:05:00.228 D/MobileDataStateTracker(  256): [default]  MobileDataStateReceiver onReceive(): Entry.
02-13 18:05:00.228 D/MobileDataStateTracker(  256): [default]  intent.getAction()= android.intent.action.SERVICE_STATE
02-13 18:05:00.228 D/MobileDataStateTracker(  256): [default]  mEnabled = true
02-13 18:05:00.238 D/CallManager(  344):  handleMessage (EVENT_SERVICE_STATE_CHANGED)
02-13 18:05:00.238 E/BT HS/HF(  344): SERVICE_STATE_CHANGED called
02-13 18:05:00.238 E/BT HS/HF(  344): updateServiceState called, sendUpdate:false  ServiceState:0 home Sprint  310099  EvDo rev. A CSS not supported 41 4139RoamInd: 1RoamStatus(sprint): 1DefRoamInd: 160EmergOnly: false
02-13 18:05:00.238 E/BT HS/HF(  344): service:1 mService:1
02-13 18:05:00.238 D/DATA    (  344): [DSST(0)]  registrationState = 1  radioTechnology = 8 reasonForDenial = 0
02-13 18:05:00.238 D/DATA    (  344): [DSST(0)]  set mNewDataConnectionState = 0
02-13 18:05:00.238 D/DATA    (  344): [DSST(0)]  mNewDataConnectionState : 0  mDataConnectionState : 0
02-13 18:05:00.238 D/DATA    (  344): [DSST(0)] Poll ServiceState done: oldSS=[0 home null null null  EvDo rev. A CSS not supported -1 -1RoamInd: -1RoamStatus(sprint): -1DefRoamInd: -1EmergOnly: false] newSS=[0 home null null null  EvDo rev. A CSS not supported -1 -1RoamInd: -1RoamStatus(sprint): -1DefRoamInd: -1EmergOnly: false]
02-13 18:05:00.238 D/DATA    (  344): [DSST(0)]  mDataConnectionState = 0
02-13 18:05:00.729 I/GTalkService(  377): connectionEstablished
02-13 18:05:00.759 D/AlarmManager(  256): +++Alarm set:type=2 com.google.android.gsf  Trigger after:1679998ms
02-13 18:05:00.759 I/GTalkService(  377): [GTalkConnection.24] connectionEstablished: release wakelock
02-13 18:05:00.769 I/GTalkService(  377): [GTalkConnection.24] releaseAsyncWakeLock: clear timer: WakeLock{40580ab0 held=false, refCount=0}
02-13 18:05:00.769 I/GTalkService(  377): [GTalkConnection.24] (WORKER THREAD) update account status
02-13 18:05:00.849 I/ContactsProvider(  394): updateInTransaction: content://com.android.contacts/status_updates
02-13 18:05:00.889 I/GTalkService(  377): [GTalkConnection.24] (WORKER THREAD) update account status - done, took 120 ms
02-13 18:05:07.035 I/SprintUpdater(  541): Scheduling retry in 1816 min
02-13 18:05:07.035 D/AlarmManager(  256): +++Alarm set:type=0 com.sprint.ce.updater  Trigger after:108965558ms
02-13 18:05:10.388 D/DATA    (  344): [DSST(0)] pollstate() : reason = data network state changed
02-13 18:05:10.448 D/MobileDataStateTracker(  256): [hipri]  MobileDataStateReceiver onReceive(): Entry.
02-13 18:05:10.448 D/MobileDataStateTracker(  256): [hipri]  intent.getAction()= android.intent.action.SERVICE_STATE
02-13 18:05:10.448 D/MobileDataStateTracker(  256): [hipri]  mEnabled = false
02-13 18:05:10.448 D/MobileDataStateTracker(  256): [dun]  MobileDataStateReceiver onReceive(): Entry.
02-13 18:05:10.448 D/MobileDataStateTracker(  256): [dun]  intent.getAction()= android.intent.action.SERVICE_STATE
02-13 18:05:10.448 D/MobileDataStateTracker(  256): [dun]  mEnabled = false
02-13 18:05:10.448 D/MobileDataStateTracker(  256): [supl]  MobileDataStateReceiver onReceive(): Entry.
02-13 18:05:10.448 D/MobileDataStateTracker(  256): [supl]  intent.getAction()= android.intent.action.SERVICE_STATE
02-13 18:05:10.448 D/MobileDataStateTracker(  256): [supl]  mEnabled = false
02-13 18:05:10.448 D/MobileDataStateTracker(  256): [mms]  MobileDataStateReceiver onReceive(): Entry.
02-13 18:05:10.448 D/MobileDataStateTracker(  256): [mms]  intent.getAction()= android.intent.action.SERVICE_STATE
02-13 18:05:10.448 D/MobileDataStateTracker(  256): [mms]  mEnabled = false
02-13 18:05:10.458 D/MobileDataStateTracker(  256): [default]  MobileDataStateReceiver onReceive(): Entry.
02-13 18:05:10.458 D/MobileDataStateTracker(  256): [default]  intent.getAction()= android.intent.action.SERVICE_STATE
02-13 18:05:10.458 D/MobileDataStateTracker(  256): [default]  mEnabled = true
02-13 18:05:10.458 D/CallManager(  344):  handleMessage (EVENT_SERVICE_STATE_CHANGED)
02-13 18:05:10.458 E/BT HS/HF(  344): SERVICE_STATE_CHANGED called
02-13 18:05:10.458 E/BT HS/HF(  344): updateServiceState called, sendUpdate:false  ServiceState:0 home Sprint  310099  EvDo rev. A CSS not supported 41 4139RoamInd: 1RoamStatus(sprint): 1DefRoamInd: 160EmergOnly: false
02-13 18:05:10.458 E/BT HS/HF(  344): service:1 mService:1
02-13 18:05:10.458 D/DATA    (  344): [DSST(0)]  registrationState = 1  radioTechnology = 8 reasonForDenial = 0
02-13 18:05:10.458 D/DATA    (  344): [DSST(0)]  set mNewDataConnectionState = 0
02-13 18:05:10.458 D/DATA    (  344): [DSST(0)]  mNewDataConnectionState : 0  mDataConnectionState : 0
02-13 18:05:10.458 D/DATA    (  344): [DSST(0)] Poll ServiceState done: oldSS=[0 home null null null  EvDo rev. A CSS not supported -1 -1RoamInd: -1RoamStatus(sprint): -1DefRoamInd: -1EmergOnly: false] newSS=[0 home null null null  EvDo rev. A CSS not supported -1 -1RoamInd: -1RoamStatus(sprint): -1DefRoamInd: -1EmergOnly: false]
02-13 18:05:10.458 D/DATA    (  344): [DSST(0)]  mDataConnectionState = 0
02-13 18:05:11.089 W/AlarmManager(  256): +++Alarm  wakeup phone ,pkg=com.locationlabs.v3client
02-13 18:05:11.119 I/V3Client(  647): AccountService.onStartup
02-13 18:05:11.149 I/V3Client(  647): Re-registering for push services. email:v3client@location-labs.com
02-13 18:05:11.359 I/V3Client(  647): stopping scheduling feed now
02-13 18:05:11.379 W/AlarmManager(  256): +++alarm onSendFinished ,action=com.locationlabs.action.DO_STARTUP
02-13 18:05:11.399 I/V3Client(  647): FeatSvc create
02-13 18:05:11.409 I/V3Client(  647): FeatSvc RES
02-13 18:05:11.409 I/V3Client(  647): FeatureService initial state thread
02-13 18:05:11.489 I/V3Client(  647): claimed number is '9132005928'
02-13 18:05:11.489 D/AlarmManager(  256): +++Alarm set:type=2 com.locationlabs.v3client  Trigger after:538494451ms
02-13 18:05:11.489 I/V3Client(  647): next heartbeat scheduled for Sun Feb 19 23:40:05 CST 2012
02-13 18:05:11.679 I/V3Client(  647): HTTP req: POST https://sparkle.locationlabs.com/client/v3/notifications
02-13 18:05:11.749 I/dun_service(  125): The value returned from dun_getusbmodemstate_fromsys is 2 
02-13 18:05:11.759 D/KeyguardUpdateMonitor(  256): received broadcast android.intent.action.BATTERY_CHANGED
02-13 18:05:11.759 D/KeyguardUpdateMonitor(  256): handleBatteryUpdate
02-13 18:05:12.370 I/V3Client(  647): Handling push registration
02-13 18:05:12.370 I/V3Client(  647): setting push registration id
02-13 18:05:12.380 I/V3Client(  647): sending push id to server
02-13 18:05:13.391 I/V3Client(  647): HTTP resp: 200 OK
02-13 18:05:13.481 I/V3Client(  647): claimed number is '9132005928'
02-13 18:05:13.491 D/AlarmManager(  256): +++Alarm set:type=2 com.locationlabs.v3client  Trigger after:538492428ms
02-13 18:05:13.491 I/V3Client(  647): next heartbeat scheduled for Sun Feb 19 23:40:05 CST 2012
02-13 18:05:13.511 I/V3Client(  647): HTTP req: POST https://sparkle.locationlabs.com/client/v3/notifications
02-13 18:05:15.313 I/V3Client(  647): HTTP resp: 200 OK
02-13 18:05:15.583 D/CallNotifier(  344): onMwiChanged(): true
02-13 18:05:15.583 D/NotificationMgr(  344): updateMwi(): true
02-13 18:05:15.583 D/NotificationMgr(  344): - got vm number: '9132005928' on Subscription: 0
02-13 18:05:15.603 D/NotificationMgr(  344): shouldVibrate = true
02-13 18:05:15.603 D/NotificationMgr(  344): isVoiceMailBlink
02-13 18:05:15.633 D/KeyguardViewMediator(  256): setHidden false
02-13 18:05:15.633 D/KeyguardViewMediator(  256): setHidden false
02-13 18:05:17.975 D/DATA    (  344): [DSST(0)] pollstate() : reason = data network state changed
02-13 18:05:18.036 D/MobileDataStateTracker(  256): [hipri]  MobileDataStateReceiver onReceive(): Entry.
02-13 18:05:18.036 D/MobileDataStateTracker(  256): [hipri]  intent.getAction()= android.intent.action.SERVICE_STATE
02-13 18:05:18.036 D/MobileDataStateTracker(  256): [hipri]  mEnabled = false
02-13 18:05:18.036 D/MobileDataStateTracker(  256): [dun]  MobileDataStateReceiver onReceive(): Entry.
02-13 18:05:18.036 D/MobileDataStateTracker(  256): [dun]  intent.getAction()= android.intent.action.SERVICE_STATE
02-13 18:05:18.036 D/MobileDataStateTracker(  256): [dun]  mEnabled = false
02-13 18:05:18.046 D/MobileDataStateTracker(  256): [supl]  MobileDataStateReceiver onReceive(): Entry.
02-13 18:05:18.046 D/MobileDataStateTracker(  256): [supl]  intent.getAction()= android.intent.action.SERVICE_STATE
02-13 18:05:18.046 D/MobileDataStateTracker(  256): [supl]  mEnabled = false
02-13 18:05:18.046 D/MobileDataStateTracker(  256): [mms]  MobileDataStateReceiver onReceive(): Entry.
02-13 18:05:18.046 D/MobileDataStateTracker(  256): [mms]  intent.getAction()= android.intent.action.SERVICE_STATE
02-13 18:05:18.046 D/MobileDataStateTracker(  256): [mms]  mEnabled = false
02-13 18:05:18.046 D/MobileDataStateTracker(  256): [default]  MobileDataStateReceiver onReceive(): Entry.
02-13 18:05:18.046 D/MobileDataStateTracker(  256): [default]  intent.getAction()= android.intent.action.SERVICE_STATE
02-13 18:05:18.046 D/MobileDataStateTracker(  256): [default]  mEnabled = true
02-13 18:05:18.046 D/CallManager(  344):  handleMessage (EVENT_SERVICE_STATE_CHANGED)
02-13 18:05:18.046 E/BT HS/HF(  344): SERVICE_STATE_CHANGED called
02-13 18:05:18.046 E/BT HS/HF(  344): updateServiceState called, sendUpdate:false  ServiceState:0 home Sprint  310099  EvDo rev. A CSS not supported 41 4139RoamInd: 1RoamStatus(sprint): 1DefRoamInd: 160EmergOnly: false
02-13 18:05:18.056 E/BT HS/HF(  344): service:1 mService:1
02-13 18:05:18.056 D/DATA    (  344): [DSST(0)]  registrationState = 1  radioTechnology = 8 reasonForDenial = 0
02-13 18:05:18.056 D/DATA    (  344): [DSST(0)]  set mNewDataConnectionState = 0
02-13 18:05:18.056 D/DATA    (  344): [DSST(0)]  mNewDataConnectionState : 0  mDataConnectionState : 0
02-13 18:05:18.056 D/DATA    (  344): [DSST(0)] Poll ServiceState done: oldSS=[0 home null null null  EvDo rev. A CSS not supported -1 -1RoamInd: -1RoamStatus(sprint): -1DefRoamInd: -1EmergOnly: false] newSS=[0 home null null null  EvDo rev. A CSS not supported -1 -1RoamInd: -1RoamStatus(sprint): -1DefRoamInd: -1EmergOnly: false]
02-13 18:05:18.056 D/DATA    (  344): [DSST(0)]  mDataConnectionState = 0
02-13 18:05:25.743 D/DATA    (  344): [DSST(0)] pollstate() : reason = data network state changed
02-13 18:05:25.793 D/MobileDataStateTracker(  256): [hipri]  MobileDataStateReceiver onReceive(): Entry.
02-13 18:05:25.793 D/MobileDataStateTracker(  256): [hipri]  intent.getAction()= android.intent.action.SERVICE_STATE
02-13 18:05:25.793 D/MobileDataStateTracker(  256): [hipri]  mEnabled = false
02-13 18:05:25.793 D/MobileDataStateTracker(  256): [dun]  MobileDataStateReceiver onReceive(): Entry.
02-13 18:05:25.793 D/MobileDataStateTracker(  256): [dun]  intent.getAction()= android.intent.action.SERVICE_STATE
02-13 18:05:25.793 D/MobileDataStateTracker(  256): [dun]  mEnabled = false
02-13 18:05:25.803 D/MobileDataStateTracker(  256): [supl]  MobileDataStateReceiver onReceive(): Entry.
02-13 18:05:25.803 D/MobileDataStateTracker(  256): [supl]  intent.getAction()= android.intent.action.SERVICE_STATE
02-13 18:05:25.803 D/MobileDataStateTracker(  256): [supl]  mEnabled = false
02-13 18:05:25.803 D/MobileDataStateTracker(  256): [mms]  MobileDataStateReceiver onReceive(): Entry.
02-13 18:05:25.803 D/MobileDataStateTracker(  256): [mms]  intent.getAction()= android.intent.action.SERVICE_STATE
02-13 18:05:25.803 D/MobileDataStateTracker(  256): [mms]  mEnabled = false
02-13 18:05:25.813 D/MobileDataStateTracker(  256): [default]  MobileDataStateReceiver onReceive(): Entry.
02-13 18:05:25.813 D/MobileDataStateTracker(  256): [default]  intent.getAction()= android.intent.action.SERVICE_STATE
02-13 18:05:25.813 D/MobileDataStateTracker(  256): [default]  mEnabled = true
02-13 18:05:25.813 D/DATA    (  344): [DSST(0)]  registrationState = 1  radioTechnology = 8 reasonForDenial = 0
02-13 18:05:25.813 D/DATA    (  344): [DSST(0)]  set mNewDataConnectionState = 0
02-13 18:05:25.813 D/DATA    (  344): [DSST(0)]  mNewDataConnectionState : 0  mDataConnectionState : 0
02-13 18:05:25.813 D/DATA    (  344): [DSST(0)] Poll ServiceState done: oldSS=[0 home null null null  EvDo rev. A CSS not supported -1 -1RoamInd: -1RoamStatus(sprint): -1DefRoamInd: -1EmergOnly: false] newSS=[0 home null null null  EvDo rev. A CSS not supported -1 -1RoamInd: -1RoamStatus(sprint): -1DefRoamInd: -1EmergOnly: false]
02-13 18:05:25.813 D/DATA    (  344): [DSST(0)]  mDataConnectionState = 0
02-13 18:05:25.813 D/CallManager(  344):  handleMessage (EVENT_SERVICE_STATE_CHANGED)
02-13 18:05:25.823 E/BT HS/HF(  344): SERVICE_STATE_CHANGED called
02-13 18:05:25.823 E/BT HS/HF(  344): updateServiceState called, sendUpdate:false  ServiceState:0 home Sprint  310099  EvDo rev. A CSS not supported 41 4139RoamInd: 1RoamStatus(sprint): 1DefRoamInd: 160EmergOnly: false
02-13 18:05:25.823 E/BT HS/HF(  344): service:1 mService:1
02-13 18:05:27.325 I/DATA    (  344): [DCT(0) ] onDataCallListChanged:
02-13 18:05:27.325 I/DATA    (  344): [DCT(0) ] ---dc state list---
02-13 18:05:27.325 I/DATA    (  344): [DCT(0) ] DataCallState: { cid: 0, active: 1, type: , apn: , address: 173.155.101.96 }
02-13 18:05:27.325 I/DATA    (  344): [DCT(0) ] ---dc list---
02-13 18:05:27.325 I/DATA    (  344): [DCT(0) ] cid = 0, state = DcActiveState, bearerType = IP, ipaddress = 173.155.101.96, gw=173.155.101.97, dns=[68.28.67.132, 68.28.68.132]
02-13 18:05:30.838 D/DATA    (  344): [DSST(0)] pollstate() : reason = data network state changed
02-13 18:05:30.888 D/MobileDataStateTracker(  256): [hipri]  MobileDataStateReceiver onReceive(): Entry.
02-13 18:05:30.888 D/MobileDataStateTracker(  256): [hipri]  intent.getAction()= android.intent.action.SERVICE_STATE
02-13 18:05:30.888 D/MobileDataStateTracker(  256): [hipri]  mEnabled = false
02-13 18:05:30.888 D/MobileDataStateTracker(  256): [dun]  MobileDataStateReceiver onReceive(): Entry.
02-13 18:05:30.888 D/MobileDataStateTracker(  256): [dun]  intent.getAction()= android.intent.action.SERVICE_STATE
02-13 18:05:30.888 D/MobileDataStateTracker(  256): [dun]  mEnabled = false
02-13 18:05:30.888 D/MobileDataStateTracker(  256): [supl]  MobileDataStateReceiver onReceive(): Entry.
02-13 18:05:30.888 D/MobileDataStateTracker(  256): [supl]  intent.getAction()= android.intent.action.SERVICE_STATE
02-13 18:05:30.888 D/MobileDataStateTracker(  256): [supl]  mEnabled = false
02-13 18:05:30.898 D/MobileDataStateTracker(  256): [mms]  MobileDataStateReceiver onReceive(): Entry.
02-13 18:05:30.898 D/MobileDataStateTracker(  256): [mms]  intent.getAction()= android.intent.action.SERVICE_STATE
02-13 18:05:30.898 D/MobileDataStateTracker(  256): [mms]  mEnabled = false
02-13 18:05:30.898 D/MobileDataStateTracker(  256): [default]  MobileDataStateReceiver onReceive(): Entry.
02-13 18:05:30.898 D/MobileDataStateTracker(  256): [default]  intent.getAction()= android.intent.action.SERVICE_STATE
02-13 18:05:30.898 D/MobileDataStateTracker(  256): [default]  mEnabled = true
02-13 18:05:30.898 D/DATA    (  344): [DSST(0)]  registrationState = 1  radioTechnology = 8 reasonForDenial = 0
02-13 18:05:30.898 D/DATA    (  344): [DSST(0)]  set mNewDataConnectionState = 0
02-13 18:05:30.898 D/DATA    (  344): [DSST(0)]  mNewDataConnectionState : 0  mDataConnectionState : 0
02-13 18:05:30.898 D/DATA    (  344): [DSST(0)] Poll ServiceState done: oldSS=[0 home null null null  EvDo rev. A CSS not supported -1 -1RoamInd: -1RoamStatus(sprint): -1DefRoamInd: -1EmergOnly: false] newSS=[0 home null null null  EvDo rev. A CSS not supported -1 -1RoamInd: -1RoamStatus(sprint): -1DefRoamInd: -1EmergOnly: false]
02-13 18:05:30.898 D/DATA    (  344): [DSST(0)]  mDataConnectionState = 0
02-13 18:05:30.898 D/CallManager(  344):  handleMessage (EVENT_SERVICE_STATE_CHANGED)
02-13 18:05:30.898 E/BT HS/HF(  344): SERVICE_STATE_CHANGED called
02-13 18:05:30.898 E/BT HS/HF(  344): updateServiceState called, sendUpdate:false  ServiceState:0 home Sprint  310099  EvDo rev. A CSS not supported 41 4139RoamInd: 1RoamStatus(sprint): 1DefRoamInd: 160EmergOnly: false
02-13 18:05:30.898 E/BT HS/HF(  344): service:1 mService:1
02-13 18:05:31.759 I/dun_service(  125): The value returned from dun_getusbmodemstate_fromsys is 2 
02-13 18:05:31.769 D/KeyguardUpdateMonitor(  256): received broadcast android.intent.action.BATTERY_CHANGED
02-13 18:05:31.779 D/KeyguardUpdateMonitor(  256): handleBatteryUpdate
02-13 18:05:31.779 D/LockScreen(  256): onRefreshBatteryInfo(true, false)
02-13 18:05:35.933 D/DATA    (  344): [DSST(0)] pollstate() : reason = data network state changed
02-13 18:05:35.993 D/MobileDataStateTracker(  256): [hipri]  MobileDataStateReceiver onReceive(): Entry.
02-13 18:05:35.993 D/MobileDataStateTracker(  256): [hipri]  intent.getAction()= android.intent.action.SERVICE_STATE
02-13 18:05:35.993 D/MobileDataStateTracker(  256): [hipri]  mEnabled = false
02-13 18:05:35.993 D/MobileDataStateTracker(  256): [dun]  MobileDataStateReceiver onReceive(): Entry.
02-13 18:05:35.993 D/MobileDataStateTracker(  256): [dun]  intent.getAction()= android.intent.action.SERVICE_STATE
02-13 18:05:35.993 D/MobileDataStateTracker(  256): [dun]  mEnabled = false
02-13 18:05:35.993 D/MobileDataStateTracker(  256): [supl]  MobileDataStateReceiver onReceive(): Entry.
02-13 18:05:35.993 D/MobileDataStateTracker(  256): [supl]  intent.getAction()= android.intent.action.SERVICE_STATE
02-13 18:05:35.993 D/MobileDataStateTracker(  256): [supl]  mEnabled = false
02-13 18:05:35.993 D/MobileDataStateTracker(  256): [mms]  MobileDataStateReceiver onReceive(): Entry.
02-13 18:05:35.993 D/MobileDataStateTracker(  256): [mms]  intent.getAction()= android.intent.action.SERVICE_STATE
02-13 18:05:35.993 D/MobileDataStateTracker(  256): [mms]  mEnabled = false
02-13 18:05:36.003 D/MobileDataStateTracker(  256): [default]  MobileDataStateReceiver onReceive(): Entry.
02-13 18:05:36.003 D/MobileDataStateTracker(  256): [default]  intent.getAction()= android.intent.action.SERVICE_STATE
02-13 18:05:36.003 D/MobileDataStateTracker(  256): [default]  mEnabled = true
02-13 18:05:36.003 D/DATA    (  344): [DSST(0)]  registrationState = 1  radioTechnology = 8 reasonForDenial = 0
02-13 18:05:36.003 D/DATA    (  344): [DSST(0)]  set mNewDataConnectionState = 0
02-13 18:05:36.003 D/DATA    (  344): [DSST(0)]  mNewDataConnectionState : 0  mDataConnectionState : 0
02-13 18:05:36.003 D/DATA    (  344): [DSST(0)] Poll ServiceState done: oldSS=[0 home null null null  EvDo rev. A CSS not supported -1 -1RoamInd: -1RoamStatus(sprint): -1DefRoamInd: -1EmergOnly: false] newSS=[0 home null null null  EvDo rev. A CSS not supported -1 -1RoamInd: -1RoamStatus(sprint): -1DefRoamInd: -1EmergOnly: false]
02-13 18:05:36.003 D/DATA    (  344): [DSST(0)]  mDataConnectionState = 0
02-13 18:05:36.003 D/CallManager(  344):  handleMessage (EVENT_SERVICE_STATE_CHANGED)
02-13 18:05:36.003 E/BT HS/HF(  344): SERVICE_STATE_CHANGED called
02-13 18:05:36.003 E/BT HS/HF(  344): updateServiceState called, sendUpdate:false  ServiceState:0 home Sprint  310099  EvDo rev. A CSS not supported 41 4139RoamInd: 1RoamStatus(sprint): 1DefRoamInd: 160EmergOnly: false
02-13 18:05:36.003 E/BT HS/HF(  344): service:1 mService:1
02-13 18:05:38.676 D/DATA    (  344): [DSST(0)] pollstate() : reason = data network state changed
02-13 18:05:38.696 D/MobileDataStateTracker(  256): [hipri]  MobileDataStateReceiver onReceive(): Entry.
02-13 18:05:38.696 D/MobileDataStateTracker(  256): [hipri]  intent.getAction()= android.intent.action.SERVICE_STATE
02-13 18:05:38.696 D/MobileDataStateTracker(  256): [hipri]  mEnabled = false
02-13 18:05:38.706 D/MobileDataStateTracker(  256): [dun]  MobileDataStateReceiver onReceive(): Entry.
02-13 18:05:38.706 D/MobileDataStateTracker(  256): [dun]  intent.getAction()= android.intent.action.SERVICE_STATE
02-13 18:05:38.706 D/MobileDataStateTracker(  256): [dun]  mEnabled = false
02-13 18:05:38.706 D/MobileDataStateTracker(  256): [supl]  MobileDataStateReceiver onReceive(): Entry.
02-13 18:05:38.706 D/MobileDataStateTracker(  256): [supl]  intent.getAction()= android.intent.action.SERVICE_STATE
02-13 18:05:38.706 D/MobileDataStateTracker(  256): [supl]  mEnabled = false
02-13 18:05:38.706 D/MobileDataStateTracker(  256): [mms]  MobileDataStateReceiver onReceive(): Entry.
02-13 18:05:38.706 D/MobileDataStateTracker(  256): [mms]  intent.getAction()= android.intent.action.SERVICE_STATE
02-13 18:05:38.706 D/MobileDataStateTracker(  256): [mms]  mEnabled = false
02-13 18:05:38.706 D/MobileDataStateTracker(  256): [default]  MobileDataStateReceiver onReceive(): Entry.
02-13 18:05:38.706 D/MobileDataStateTracker(  256): [default]  intent.getAction()= android.intent.action.SERVICE_STATE
02-13 18:05:38.706 D/MobileDataStateTracker(  256): [default]  mEnabled = true
02-13 18:05:38.706 D/CallManager(  344):  handleMessage (EVENT_SERVICE_STATE_CHANGED)
02-13 18:05:38.706 E/BT HS/HF(  344): SERVICE_STATE_CHANGED called
02-13 18:05:38.706 E/BT HS/HF(  344): updateServiceState called, sendUpdate:false  ServiceState:0 home Sprint  310099  EvDo rev. A CSS not supported 41 4139RoamInd: 1RoamStatus(sprint): 1DefRoamInd: 160EmergOnly: false
02-13 18:05:38.706 E/BT HS/HF(  344): service:1 mService:1
02-13 18:05:38.716 D/DATA    (  344): [DSST(0)]  registrationState = 1  radioTechnology = 8 reasonForDenial = 0
02-13 18:05:38.716 D/DATA    (  344): [DSST(0)]  set mNewDataConnectionState = 0
02-13 18:05:38.716 D/DATA    (  344): [DSST(0)]  mNewDataConnectionState : 0  mDataConnectionState : 0
02-13 18:05:38.716 D/DATA    (  344): [DSST(0)] Poll ServiceState done: oldSS=[0 home null null null  EvDo rev. A CSS not supported -1 -1RoamInd: -1RoamStatus(sprint): -1DefRoamInd: -1EmergOnly: false] newSS=[0 home null null null  EvDo rev. A CSS not supported -1 -1RoamInd: -1RoamStatus(sprint): -1DefRoamInd: -1EmergOnly: false]
02-13 18:05:38.716 D/DATA    (  344): [DSST(0)]  mDataConnectionState = 0
02-13 18:05:41.068 D/DATA    (  344): [DSST(0)] pollstate() : reason = data network state changed
02-13 18:05:41.118 D/MobileDataStateTracker(  256): [hipri]  MobileDataStateReceiver onReceive(): Entry.
02-13 18:05:41.118 D/MobileDataStateTracker(  256): [hipri]  intent.getAction()= android.intent.action.SERVICE_STATE
02-13 18:05:41.118 D/MobileDataStateTracker(  256): [hipri]  mEnabled = false
02-13 18:05:41.128 D/MobileDataStateTracker(  256): [dun]  MobileDataStateReceiver onReceive(): Entry.
02-13 18:05:41.128 D/MobileDataStateTracker(  256): [dun]  intent.getAction()= android.intent.action.SERVICE_STATE
02-13 18:05:41.128 D/MobileDataStateTracker(  256): [dun]  mEnabled = false
02-13 18:05:41.128 D/MobileDataStateTracker(  256): [supl]  MobileDataStateReceiver onReceive(): Entry.
02-13 18:05:41.128 D/MobileDataStateTracker(  256): [supl]  intent.getAction()= android.intent.action.SERVICE_STATE
02-13 18:05:41.128 D/MobileDataStateTracker(  256): [supl]  mEnabled = false
02-13 18:05:41.128 D/MobileDataStateTracker(  256): [mms]  MobileDataStateReceiver onReceive(): Entry.
02-13 18:05:41.128 D/MobileDataStateTracker(  256): [mms]  intent.getAction()= android.intent.action.SERVICE_STATE
02-13 18:05:41.128 D/MobileDataStateTracker(  256): [mms]  mEnabled = false
02-13 18:05:41.138 D/MobileDataStateTracker(  256): [default]  MobileDataStateReceiver onReceive(): Entry.
02-13 18:05:41.138 D/MobileDataStateTracker(  256): [default]  intent.getAction()= android.intent.action.SERVICE_STATE
02-13 18:05:41.138 D/MobileDataStateTracker(  256): [default]  mEnabled = true
02-13 18:05:41.138 D/DATA    (  344): [DSST(0)]  registrationState = 1  radioTechnology = 8 reasonForDenial = 0
02-13 18:05:41.138 D/DATA    (  344): [DSST(0)]  set mNewDataConnectionState = 0
02-13 18:05:41.138 D/DATA    (  344): [DSST(0)]  mNewDataConnectionState : 0  mDataConnectionState : 0
02-13 18:05:41.138 D/DATA    (  344): [DSST(0)] Poll ServiceState done: oldSS=[0 home null null null  EvDo rev. A CSS not supported -1 -1RoamInd: -1RoamStatus(sprint): -1DefRoamInd: -1EmergOnly: false] newSS=[0 home null null null  EvDo rev. A CSS not supported -1 -1RoamInd: -1RoamStatus(sprint): -1DefRoamInd: -1EmergOnly: false]
02-13 18:05:41.138 D/DATA    (  344): [DSST(0)]  mDataConnectionState = 0
02-13 18:05:41.138 D/CallManager(  344):  handleMessage (EVENT_SERVICE_STATE_CHANGED)
02-13 18:05:41.138 E/BT HS/HF(  344): SERVICE_STATE_CHANGED called
02-13 18:05:41.138 E/BT HS/HF(  344): updateServiceState called, sendUpdate:false  ServiceState:0 home Sprint  310099  EvDo rev. A CSS not supported 41 4139RoamInd: 1RoamStatus(sprint): 1DefRoamInd: 160EmergOnly: false
02-13 18:05:41.138 E/BT HS/HF(  344): service:1 mService:1
02-13 18:05:48.245 W/dalvikvm(  770): Refusing to reopen boot DEX '/system/framework/OmaDrmClient.jar'
02-13 18:05:48.265 I/ActivityThread(  770): Pub com.android.mms.SuggestionsProvider: com.android.mms.SuggestionsProvider
02-13 18:05:48.265 E/MmsCustom(  770): Mms,MmsCustom
02-13 18:05:48.265 E/MmsCustom(  770): Init before calling function of doPreSotred()
02-13 18:05:48.265 E/MmsCustom(  770): mms config have been prestored before
02-13 18:05:48.275 E/MmsConfig(  770): mUaProfUrl=http://device.sprintpcs.com/ZTE/ZTEN850KT/N850V1.0.0B10.rdf
02-13 18:05:48.305 D/Mms     (  770): [12] Conversation get() RECIPIENT==: 1
02-13 18:05:48.305 D/Mms     (  770): [12] Conversation get() DATE==: 1329176115000
02-13 18:05:48.335 I/Mms     (  770): parseMmsAddress number=9137446943, length=10
02-13 18:05:48.335 I/ContactsProvider(  394): query: content://com.android.contacts/data
02-13 18:05:48.335 E/ContactsProvider(  394): 101123 isCallerRegisterNeedSIMProc callerPid:770, acorePid:394
02-13 18:05:48.345 I/ContactsProvider(  394): query isCallerRegistered= true
02-13 18:05:48.345 I/ContactsProvider(  394): query forOnlyOneContactString= 0
02-13 18:05:48.355 I/ContactsProvider(  394): query: content://com.android.contacts/contacts/223/photo
02-13 18:05:48.355 E/ContactsProvider(  394): 101123 isCallerRegisterNeedSIMProc callerPid:770, acorePid:394
02-13 18:05:48.355 I/ContactsProvider(  394): query isCallerRegistered= true
02-13 18:05:48.355 I/ContactsProvider(  394): query forOnlyOneContactString= 0
02-13 18:05:48.375 E/TransactionService(  770): onStart: #1: Bundle[mParcelledData.dataSize=88] intent=Intent { act=android.intent.action.ACTION_ONALARM flg=0x4 cmp=com.android.mms/.transaction.TransactionService (has extras) }
02-13 18:05:48.375 E/TransactionService(  770):     networkAvailable=true
02-13 18:05:48.395 E/TransactionService(  770): onStart: cursor.count=0
02-13 18:05:48.395 E/TransactionService(  770): onStart: no pending messages. Stopping service.
02-13 18:05:48.395 D/MmsSystemEventReceiver(  770): unRegisterForConnectionStateChanges
02-13 18:05:48.415 D/Mms     (  770): currentRoamingStatus:1
02-13 18:05:48.415 D/Mms     (  770): mAutoSendHandler sendEmptyMessageDelayed
02-13 18:05:48.425 D/TransactionService(  770): Handle DATA_STATE_CHANGED event: NetworkInfo: type: mobile[CDMA - EvDo rev. A], state: CONNECTED/CONNECTED, reason: radioTechnologyChanged, extra: (none), roaming: false, failover: false, isAvailable: true, isIpv4Connected: true, isIpv6Connected: false, ipv4Name: rmnet0, ipv6Name: null
02-13 18:05:48.425 D/TransactionService(  770):    type is not TYPE_MOBILE_MMS, fail
02-13 18:05:48.425 D/TransactionService(  770): luowenping --------------------CALL_STATE_IDLE
02-13 18:05:48.425 E/TransactionService(  770): lwp enter releaseWakeLock
02-13 18:05:48.936 E/rmt_storage(  137): [MyTag]open: fd=-1
02-13 18:05:48.936 E/rmt_storage(  137): block rmt_storage client thread
02-13 18:05:53.430 D/Mms     (  770): doAutoSend
02-13 18:06:00.016 D/KeyguardUpdateMonitor(  256): received broadcast android.intent.action.TIME_TICK
02-13 18:06:00.016 D/KeyguardUpdateMonitor(  256): handleTimeUpdate
02-13 18:06:01.748 I/dun_service(  125): The value returned from dun_getusbmodemstate_fromsys is 2 
02-13 18:06:01.768 D/KeyguardUpdateMonitor(  256): received broadcast android.intent.action.BATTERY_CHANGED
02-13 18:06:01.778 D/KeyguardUpdateMonitor(  256): handleBatteryUpdate
02-13 18:06:01.778 D/LockScreen(  256): onRefreshBatteryInfo(true, false)
02-13 18:06:01.808 D/PhoneApp(  344): mReceiver: ACTION_BATTERY_LOW
02-13 18:06:01.808 D/CallNotifier(  344): handleMessage() Msg Type: 22
02-13 18:06:01.808 D/PhoneApp(  344): old phone type:2, New Phone type:2
02-13 18:06:01.808 D/CallNotifier(  344): onBatteryLow()...
02-13 18:06:01.878 E/AudioFlinger(  116): processConfigEvents() remaining events 1
02-13 18:06:01.878 E/wlg     (  327): MediaPlayer.IsSdpFile  path = /system/media/audio/ui/LowBattery.ogg
02-13 18:06:01.878 E/wlg     (  327): MediaPlayer.IsSdpFile  path = /system/media/audio/ui/LowBattery.ogg
02-13 18:06:01.878 D/MediaPlayer(  327): DRM scheme =file
02-13 18:06:01.878 D/MediaPlayer(  327): DRM uri.toString() =file:///system/media/audio/ui/LowBattery.ogg
02-13 18:06:01.878 D/MediaPlayer(  327): setDataSource(/system/media/audio/ui/LowBattery.ogg)
02-13 18:06:01.878 D/MediaPlayerService(  116): Create new client(2) from pid 327, url=/system/media/audio/ui/LowBattery.ogg, connId=2, audioSessionId=5
02-13 18:06:01.878 E/MediaPlayerService(  116): setDataSource(/system/media/audio/ui/LowBattery.ogg)
02-13 18:06:01.878 D/MediaPlayerService(  116): get player type from url: /system/media/audio/ui/LowBattery.ogg
02-13 18:06:01.888 D/MediaPlayerService(  116): drm EAS_Shutdown url: /system/media/audio/ui/LowBattery.ogg
02-13 18:06:01.888 D/MediaPlayerService(  116): extension = .sp-midi
02-13 18:06:01.888 D/MediaPlayerService(  116): extension = .spmid
02-13 18:06:01.888 D/MediaPlayerService(  116): extension = .mid
02-13 18:06:01.888 D/MediaPlayerService(  116): extension = .midi
02-13 18:06:01.888 D/MediaPlayerService(  116): extension = .smf
02-13 18:06:01.888 D/MediaPlayerService(  116): extension = .xmf
02-13 18:06:01.888 D/MediaPlayerService(  116): extension = .imy
02-13 18:06:01.888 D/MediaPlayerService(  116): extension = .imelody
02-13 18:06:01.888 D/MediaPlayerService(  116): extension = .rtttl
02-13 18:06:01.888 D/MediaPlayerService(  116): extension = .rtx
02-13 18:06:01.888 D/MediaPlayerService(  116): extension = .ota
02-13 18:06:01.888 D/MediaPlayerService(  116): extension = .ogg
02-13 18:06:01.888 E/MediaPlayerService(  116): else player type = 3
02-13 18:06:01.888 E/MediaPlayerService(  116):  create VorbisPlayer
02-13 18:06:01.888 E/wlg     (  327): MediaPlayer.IsSdpFile  path = /system/media/audio/ui/LowBattery.ogg
02-13 18:06:01.888 E/wlg     (  327): MediaPlayer.IsSdpFile  path = /system/media/audio/ui/LowBattery.ogg
02-13 18:06:01.888 D/MediaPlayer(  327): DRM scheme =file
02-13 18:06:01.888 D/MediaPlayer(  327): DRM uri.toString() =file:///system/media/audio/ui/LowBattery.ogg
02-13 18:06:01.888 D/MediaPlayer(  327): setDataSource(/system/media/audio/ui/LowBattery.ogg)
02-13 18:06:01.898 D/MediaPlayerService(  116): Create new client(3) from pid 327, url=/system/media/audio/ui/LowBattery.ogg, connId=3, audioSessionId=6
02-13 18:06:01.898 E/MediaPlayerService(  116): setDataSource(/system/media/audio/ui/LowBattery.ogg)
02-13 18:06:01.898 D/MediaPlayerService(  116): get player type from url: /system/media/audio/ui/LowBattery.ogg
02-13 18:06:01.898 D/MediaPlayerService(  116): drm EAS_Shutdown url: /system/media/audio/ui/LowBattery.ogg
02-13 18:06:01.898 D/MediaPlayerService(  116): extension = .sp-midi
02-13 18:06:01.898 D/MediaPlayerService(  116): extension = .spmid
02-13 18:06:01.898 D/MediaPlayerService(  116): extension = .mid
02-13 18:06:01.898 D/MediaPlayerService(  116): extension = .midi
02-13 18:06:01.898 D/MediaPlayerService(  116): extension = .smf
02-13 18:06:01.898 D/MediaPlayerService(  116): extension = .xmf
02-13 18:06:01.898 D/MediaPlayerService(  116): extension = .imy
02-13 18:06:01.898 D/MediaPlayerService(  116): extension = .imelody
02-13 18:06:01.898 D/MediaPlayerService(  116): extension = .rtttl
02-13 18:06:01.898 D/MediaPlayerService(  116): extension = .rtx
02-13 18:06:01.898 D/MediaPlayerService(  116): extension = .ota
02-13 18:06:01.898 D/MediaPlayerService(  116): extension = .ogg
02-13 18:06:01.898 E/MediaPlayerService(  116): else player type = 3
02-13 18:06:01.898 E/MediaPlayerService(  116):  create VorbisPlayer
02-13 18:06:01.918 D/KeyguardViewMediator(  256): setHidden false
02-13 18:06:01.938 D/KeyguardViewMediator(  256): setHidden false
02-13 18:06:07.514 I/DATA    (  344): [DCT(0) ] onDataCallListChanged:
02-13 18:06:07.514 I/DATA    (  344): [DCT(0) ] ---dc state list---
02-13 18:06:07.514 I/DATA    (  344): [DCT(0) ] DataCallState: { cid: 0, active: 2, type: , apn: , address: 173.155.101.96 }
02-13 18:06:07.514 I/DATA    (  344): [DCT(0) ] ---dc list---
02-13 18:06:07.514 I/DATA    (  344): [DCT(0) ] cid = 0, state = DcActiveState, bearerType = IP, ipaddress = 173.155.101.96, gw=173.155.101.97, dns=[68.28.67.132, 68.28.68.132]
02-13 18:06:11.818 D/DATA    (  344): [DSST(0)] pollstate() : reason = data network state changed
02-13 18:06:11.888 D/MobileDataStateTracker(  256): [hipri]  MobileDataStateReceiver onReceive(): Entry.
02-13 18:06:11.888 D/MobileDataStateTracker(  256): [hipri]  intent.getAction()= android.intent.action.SERVICE_STATE
02-13 18:06:11.888 D/MobileDataStateTracker(  256): [hipri]  mEnabled = false
02-13 18:06:11.898 D/MobileDataStateTracker(  256): [dun]  MobileDataStateReceiver onReceive(): Entry.
02-13 18:06:11.898 D/MobileDataStateTracker(  256): [dun]  intent.getAction()= android.intent.action.SERVICE_STATE
02-13 18:06:11.898 D/MobileDataStateTracker(  256): [dun]  mEnabled = false
02-13 18:06:11.898 D/MobileDataStateTracker(  256): [supl]  MobileDataStateReceiver onReceive(): Entry.
02-13 18:06:11.898 D/MobileDataStateTracker(  256): [supl]  intent.getAction()= android.intent.action.SERVICE_STATE
02-13 18:06:11.898 D/MobileDataStateTracker(  256): [supl]  mEnabled = false
02-13 18:06:11.898 D/MobileDataStateTracker(  256): [mms]  MobileDataStateReceiver onReceive(): Entry.
02-13 18:06:11.898 D/MobileDataStateTracker(  256): [mms]  intent.getAction()= android.intent.action.SERVICE_STATE
02-13 18:06:11.898 D/MobileDataStateTracker(  256): [mms]  mEnabled = false
02-13 18:06:11.898 D/MobileDataStateTracker(  256): [default]  MobileDataStateReceiver onReceive(): Entry.
02-13 18:06:11.898 D/MobileDataStateTracker(  256): [default]  intent.getAction()= android.intent.action.SERVICE_STATE
02-13 18:06:11.898 D/MobileDataStateTracker(  256): [default]  mEnabled = true
02-13 18:06:11.898 D/DATA    (  344): [DSST(0)]  registrationState = 1  radioTechnology = 8 reasonForDenial = 0
02-13 18:06:11.898 D/DATA    (  344): [DSST(0)]  set mNewDataConnectionState = 0
02-13 18:06:11.898 D/DATA    (  344): [DSST(0)]  mNewDataConnectionState : 0  mDataConnectionState : 0
02-13 18:06:11.908 D/DATA    (  344): [DSST(0)] Poll ServiceState done: oldSS=[0 home null null null  EvDo rev. A CSS not supported -1 -1RoamInd: -1RoamStatus(sprint): -1DefRoamInd: -1EmergOnly: false] newSS=[0 home null null null  EvDo rev. A CSS not supported -1 -1RoamInd: -1RoamStatus(sprint): -1DefRoamInd: -1EmergOnly: false]
02-13 18:06:11.908 D/DATA    (  344): [DSST(0)]  mDataConnectionState = 0
02-13 18:06:11.908 D/CallManager(  344):  handleMessage (EVENT_SERVICE_STATE_CHANGED)
02-13 18:06:11.908 E/BT HS/HF(  344): SERVICE_STATE_CHANGED called
02-13 18:06:11.908 E/BT HS/HF(  344): updateServiceState called, sendUpdate:false  ServiceState:0 home Sprint  310099  EvDo rev. A CSS not supported 41 4139RoamInd: 1RoamStatus(sprint): 1DefRoamInd: 160EmergOnly: false
02-13 18:06:11.908 E/BT HS/HF(  344): service:1 mService:1
02-13 18:06:11.928 D/Mms     (  770): currentRoamingStatus:1
02-13 18:06:18.705 I/DATA    (  344): [DCT(0) ] onDataCallListChanged:
02-13 18:06:18.705 I/DATA    (  344): [DCT(0) ] ---dc state list---
02-13 18:06:18.705 I/DATA    (  344): [DCT(0) ] DataCallState: { cid: 0, active: 1, type: , apn: , address: 173.155.101.96 }
02-13 18:06:18.705 I/DATA    (  344): [DCT(0) ] ---dc list---
02-13 18:06:18.705 I/DATA    (  344): [DCT(0) ] cid = 0, state = DcActiveState, bearerType = IP, ipaddress = 173.155.101.96, gw=173.155.101.97, dns=[68.28.67.132, 68.28.68.132]
02-13 18:06:20.136 D/DATA    (  344): [DSST(0)] pollstate() : reason = data network state changed
02-13 18:06:20.196 D/MobileDataStateTracker(  256): [hipri]  MobileDataStateReceiver onReceive(): Entry.
02-13 18:06:20.196 D/MobileDataStateTracker(  256): [hipri]  intent.getAction()= android.intent.action.SERVICE_STATE
02-13 18:06:20.196 D/MobileDataStateTracker(  256): [hipri]  mEnabled = false
02-13 18:06:20.206 D/MobileDataStateTracker(  256): [dun]  MobileDataStateReceiver onReceive(): Entry.
02-13 18:06:20.206 D/MobileDataStateTracker(  256): [dun]  intent.getAction()= android.intent.action.SERVICE_STATE
02-13 18:06:20.206 D/MobileDataStateTracker(  256): [dun]  mEnabled = false
02-13 18:06:20.206 D/MobileDataStateTracker(  256): [supl]  MobileDataStateReceiver onReceive(): Entry.
02-13 18:06:20.206 D/MobileDataStateTracker(  256): [supl]  intent.getAction()= android.intent.action.SERVICE_STATE
02-13 18:06:20.206 D/MobileDataStateTracker(  256): [supl]  mEnabled = false
02-13 18:06:20.206 D/MobileDataStateTracker(  256): [mms]  MobileDataStateReceiver onReceive(): Entry.
02-13 18:06:20.206 D/MobileDataStateTracker(  256): [mms]  intent.getAction()= android.intent.action.SERVICE_STATE
02-13 18:06:20.206 D/MobileDataStateTracker(  256): [mms]  mEnabled = false
02-13 18:06:20.206 D/MobileDataStateTracker(  256): [default]  MobileDataStateReceiver onReceive(): Entry.
02-13 18:06:20.206 D/MobileDataStateTracker(  256): [default]  intent.getAction()= android.intent.action.SERVICE_STATE
02-13 18:06:20.206 D/MobileDataStateTracker(  256): [default]  mEnabled = true
02-13 18:06:20.216 D/CallManager(  344):  handleMessage (EVENT_SERVICE_STATE_CHANGED)
02-13 18:06:20.216 E/BT HS/HF(  344): SERVICE_STATE_CHANGED called
02-13 18:06:20.216 E/BT HS/HF(  344): updateServiceState called, sendUpdate:false  ServiceState:0 home Sprint  310099  EvDo rev. A CSS not supported 41 4139RoamInd: 1RoamStatus(sprint): 1DefRoamInd: 160EmergOnly: false
02-13 18:06:20.216 E/BT HS/HF(  344): service:1 mService:1
02-13 18:06:20.226 D/DATA    (  344): [DSST(0)]  registrationState = 1  radioTechnology = 8 reasonForDenial = 0
02-13 18:06:20.226 D/DATA    (  344): [DSST(0)]  set mNewDataConnectionState = 0
02-13 18:06:20.226 D/DATA    (  344): [DSST(0)]  mNewDataConnectionState : 0  mDataConnectionState : 0
02-13 18:06:20.226 D/DATA    (  344): [DSST(0)] Poll ServiceState done: oldSS=[0 home null null null  EvDo rev. A CSS not supported -1 -1RoamInd: -1RoamStatus(sprint): -1DefRoamInd: -1EmergOnly: false] newSS=[0 home null null null  EvDo rev. A CSS not supported -1 -1RoamInd: -1RoamStatus(sprint): -1DefRoamInd: -1EmergOnly: false]
02-13 18:06:20.226 D/DATA    (  344): [DSST(0)]  mDataConnectionState = 0
02-13 18:06:20.236 D/Mms     (  770): currentRoamingStatus:1
02-13 18:06:31.467 W/KeyCharacterMap(  256): Can't open keycharmap file
02-13 18:06:31.467 W/KeyCharacterMap(  256): Error loading keycharmap file '/system/usr/keychars/synaptics-rmi4-ts.kcm.bin'. hw.keyboards.262146.devname='synaptics-rmi4-ts'
02-13 18:06:31.467 W/KeyCharacterMap(  256): Using default keymap: /system/usr/keychars/qwerty.kcm.bin
02-13 18:06:31.467 D/PowerManagerService(  256): acquireWakeLock flags=0x1000001a tag=keyguard
02-13 18:06:31.467 D/PowerManagerService(  256): UnPartial  wakeLock  reactivate ,flags=0x1000001a tag=keyguard
02-13 18:06:31.467 I/vDM     (  466): KeyCode = 82
02-13 18:06:31.467 I/vDM     (  466): Vdmc getInstance
02-13 18:06:31.467 I/vDM     (  466): Vdmc getInstance
02-13 18:06:31.467 D/DMC     (  466): MyCIMMI getInstance
02-13 18:06:31.467 I/vDM     (  466): Vdmc getInstance
02-13 18:06:31.687 I/vDM     (  466): KeyCode = 82
02-13 18:06:31.687 I/vDM     (  466): Vdmc getInstance
02-13 18:06:31.687 I/vDM     (  466): Vdmc getInstance
02-13 18:06:31.687 D/DMC     (  466): MyCIMMI getInstance
02-13 18:06:31.687 I/vDM     (  466): Vdmc getInstance
02-13 18:06:31.747 I/dun_service(  125): The value returned from dun_getusbmodemstate_fromsys is 2 
02-13 18:06:31.767 D/KeyguardUpdateMonitor(  256): received broadcast android.intent.action.BATTERY_CHANGED
02-13 18:06:31.777 D/KeyguardUpdateMonitor(  256): handleBatteryUpdate
02-13 18:06:31.777 D/LockScreen(  256): onRefreshBatteryInfo(true, false)
02-13 18:06:36.472 D/KeyguardViewMediator(  256): handleTimeout
02-13 18:06:36.472 D/PowerManagerService(  256): releaseWakeLock flags=0x1000001a tag=keyguard
02-13 18:06:36.472 D/PowerManagerService(  256): setPowerState: mPowerState=0x3 newState=0x1 noChangeLights=false reason=3
