02-13 18:04:50.679 D/QC_RIL_OEM_HOOK(  466): sendRilOemHookMsg: itemIdTemp-105
02-13 18:04:50.689 D/QC_NV_ITEMS(  466): Received: bb947d200000a100
02-13 18:04:50.689 D/QC_NV_ITEMS(  466): ***zhoujing***NvMeidType::mMeid=0x0
02-13 18:04:50.689 E/vDM     (  466): meidValue = A10000207D94BB
02-13 18:04:50.689 E/vDM     (  466): getLastFourMEID() MEID=A10000207D94BB
02-13 18:04:50.689 E/vDM     (  466): getLastFourMEID() Last4MEID=0075
02-13 18:04:50.689 I/vDM     (  466): MyTreeIoHanlder isEnterHfa
02-13 18:04:50.689 D/QC_NV_ITEMS(  466): QcNvItems instance created.
02-13 18:04:50.689 I/QC_RIL_OEM_HOOK(  466): QcRilOemHook Service Created Successfully
02-13 18:04:50.689 D/QC_NV_ITEMS(  466): ###getMinImsiNumber()
02-13 18:04:50.689 D/QC_RIL_OEM_HOOK(  466): sendRilOemHookMsg: itemIdTemp32
02-13 18:04:50.709 D/QC_NV_ITEMS(  466): Received: ff947d20006cda6b00
02-13 18:04:50.709 D/QC_RIL_OEM_HOOK(  466): sendRilOemHookMsg: itemIdTemp33
02-13 18:04:50.719 D/EAS SyncManager(  512): !!! EAS SyncManager, onCreate
02-13 18:04:50.729 D/QC_NV_ITEMS(  466): Received: ff947d9103
02-13 18:04:50.729 D/QC_NV_ITEMS(  466): getMinImsiNumber() msid = 9137068268
02-13 18:04:50.729 D/QC_NV_ITEMS(  466): ### getMobDirNumber()
02-13 18:04:50.729 D/QC_RIL_OEM_HOOK(  466): sendRilOemHookMsg: itemIdTemp-41
02-13 18:04:50.729 I/MediaScanner(  497): doScanFile the temppath: /system/media/audio/ui/playtone2.ogg
02-13 18:04:50.729 D/QC_NV_ITEMS(  466): Received: 000a090103020a0a050902080000000000
02-13 18:04:50.729 E/QC_NV_ITEMS(  466): ### getMipDataProfile, slot = 1
02-13 18:04:50.729 D/QC_NV_ITEMS(  466): ### doNvRead(465, 1)
02-13 18:04:50.729 D/QC_RIL_OEM_HOOK(  466): sendRilOemHookMsg: itemIdTemp-47
02-13 18:04:50.739 D/QC_NV_ITEMS(  466): Received(465,1): 011f7a7465746573746163636f756e7432323140737072696e747063732e636f6d000000000000000000000000000000000000000000000000000000000000000000000000000000000001d204000001d20400000100000000ffffffff4c591c44
02-13 18:04:50.739 D/QC_NV_ITEMS(  466): 011f7a7465746573746163636f756e7432323140737072696e747063732e636f6d000000000000000000000000000000000000000000000000000000000000000000000000000000000001d204000001d20400000100000000ffffffff4c591c44
02-13 18:04:50.739 E/QmiItemTypes(  466):  index= 1
02-13 18:04:50.739 E/QmiItemTypes(  466):  nai len= 31
02-13 18:04:50.739 E/QmiItemTypes(  466):  nai str= ztetestaccount221@sprintpcs.com
02-13 18:04:50.739 E/QmiItemTypes(  466):  mMnHaSpiSet= true
02-13 18:04:50.739 E/QmiItemTypes(  466):  mMnHaSpi= 1234
02-13 18:04:50.739 E/QmiItemTypes(  466):  mMnAaaSpiSet= true
02-13 18:04:50.739 E/QmiItemTypes(  466):  mMnAaaSpi= 1234
02-13 18:04:50.739 E/QmiItemTypes(  466):  mRvsTnl= true
02-13 18:04:50.739 E/QmiItemTypes(  466):  home_addr= 0.0.0.0
02-13 18:04:50.739 E/QmiItemTypes(  466):  primary_ha_addr= 255.255.255.255
02-13 18:04:50.739 E/QmiItemTypes(  466):  secondary_ha_addr= 68.28.89.76
02-13 18:04:50.739 I/DMC     (  466): get msid =9137068268
02-13 18:04:50.739 I/DMC     (  466): get mdn =9132005928
02-13 18:04:50.739 I/DMC     (  466): get nai lenth =31
02-13 18:04:50.739 I/vDM     (  466): MyTreeIoHanlder checkDeviceActive true
02-13 18:04:50.739 D/QC_NV_ITEMS(  466): ### setMipProfileEnabled()
02-13 18:04:50.739 D/QC_NV_ITEMS(  466): mEnabled[0]:true, mEnabled[1]:true 
02-13 18:04:50.739 D/QC_NV_ITEMS(  466): mEnabled[0]:true, mEnabled[1]:true 
02-13 18:04:50.739 D/QC_RIL_OEM_HOOK(  466): sendRilOemHookMsg: itemIdTemp-54
02-13 18:04:50.759 D/QC_NV_ITEMS(  466): ### getActiveMipSlot()
02-13 18:04:50.759 D/QC_RIL_OEM_HOOK(  466): sendRilOemHookMsg: itemIdTemp-48
02-13 18:04:50.759 D/QC_NV_ITEMS(  466): Received: 01
02-13 18:04:50.759 D/QC_NV_ITEMS(  466): val=1
02-13 18:04:50.759 I/vDM     (  466): getSlotParam=1
02-13 18:04:50.759 D/QC_NV_ITEMS(  466): QcNvItems instance created.
02-13 18:04:50.759 I/QC_RIL_OEM_HOOK(  466): QcRilOemHook Service Created Successfully
02-13 18:04:50.759 E/QC_NV_ITEMS(  466): ### getMipDataProfile, slot = 1
02-13 18:04:50.759 D/QC_NV_ITEMS(  466): ### doNvRead(465, 1)
02-13 18:04:50.759 D/QC_RIL_OEM_HOOK(  466): sendRilOemHookMsg: itemIdTemp-47
02-13 18:04:50.769 D/QC_NV_ITEMS(  466): Received(465,1): 011f7a7465746573746163636f756e7432323140737072696e747063732e636f6d000000000000000000000000000000000000000000000000000000000000000000000000000000000001d204000001d20400000100000000ffffffff4c591c44
02-13 18:04:50.769 D/QC_NV_ITEMS(  466): 011f7a7465746573746163636f756e7432323140737072696e747063732e636f6d000000000000000000000000000000000000000000000000000000000000000000000000000000000001d204000001d20400000100000000ffffffff4c591c44
02-13 18:04:50.769 E/QmiItemTypes(  466):  index= 1
02-13 18:04:50.769 E/QmiItemTypes(  466):  nai len= 31
02-13 18:04:50.789 E/QmiItemTypes(  466):  nai str= ztetestaccount221@sprintpcs.com
02-13 18:04:50.789 E/QmiItemTypes(  466):  mMnHaSpiSet= true
02-13 18:04:50.789 E/QmiItemTypes(  466):  mMnHaSpi= 1234
02-13 18:04:50.789 E/QmiItemTypes(  466):  mMnAaaSpiSet= true
02-13 18:04:50.789 E/QmiItemTypes(  466):  mMnAaaSpi= 1234
02-13 18:04:50.789 E/QmiItemTypes(  466):  mRvsTnl= true
02-13 18:04:50.789 E/QmiItemTypes(  466):  home_addr= 0.0.0.0
02-13 18:04:50.789 E/QmiItemTypes(  466):  primary_ha_addr= 255.255.255.255
02-13 18:04:50.789 E/QmiItemTypes(  466):  secondary_ha_addr= 68.28.89.76
02-13 18:04:50.789 I/DMC     (  466): get nai value =ztetestaccount221@sprintpcs.com
02-13 18:04:50.789 I/vDM     (  466): Vdmc getInstance
02-13 18:04:50.799 I/vDM     (  466): init
02-13 18:04:50.799 D/EAS SyncManager(  512): !!! EAS SyncManager, onStartCommand
02-13 18:04:50.829 I/MediaScanner(  497): doScanFile the temppath: /system/media/audio/ui/playtone3.ogg
02-13 18:04:50.839 D/EAS SyncManager(  512): !!! EAS SyncManager, stopping self
02-13 18:04:50.839 D/EAS SyncManager(  512): !!! EAS SyncManager, onDestroy
02-13 18:04:50.849 I/V3Client(  647): doStartup(20000)
02-13 18:04:50.859 I/Vdmc    (  466): IMEI:MEID:A10000207D94BB
02-13 18:04:50.859 I/Vdmc    (  466): MEID:MEID:A10000207D94BB
02-13 18:04:50.859 I/Vdmc    (  466): MEID2:A10000207D94BB
02-13 18:04:50.869 I/Vdmc    (  466): IMSI:310009137068268
02-13 18:04:50.869 I/Vdmc    (  466): storageImsi:
02-13 18:04:50.869 I/Vdmc    (  466): Version:N850V1.0.0B10
02-13 18:04:50.869 I/DMC     (  466): model:N850
02-13 18:04:50.869 I/vDMC    (  466): FileLogger.Init
02-13 18:04:50.889 D/DMC (main) (  466): ZTE DM version 2011.07.08.13.41
02-13 18:04:50.899 I/JNI (main) (  466): Trying to load libvdmengine.so
02-13 18:04:50.939 I/vDM (om.redbend.vdmc)(  466): 
02-13 18:04:50.939 I/vDM (om.redbend.vdmc)(  466): ****************************  LOGGER INITIALIZED  ******************************
02-13 18:04:50.939 I/vDM (om.redbend.vdmc)(  466): 
02-13 18:04:50.939 I/vDM (om.redbend.vdmc)(  466): [00] e\core\src\vdm_api.c.  134: VDM_create: vDM version is 4.06.00.27
02-13 18:04:50.939 I/vDM (om.redbend.vdmc)(  466): [00] c\vdm_mq_scheduler.c.  191: VDM_MQ_Scheduler_setThreshold: from(0) to (999)
02-13 18:04:50.949 I/vDM     (  466): Vdmc getInstance
02-13 18:04:50.959 D/DMC (main) (  466): Using vDM version 4.06.00.27
02-13 18:04:50.959 I/JNI (main) (  466): Trying to load libvdmfumo.so
02-13 18:04:50.979 I/vDM     (  466): MyRegistry#getStringValue SOFTWARE\RedBend\vDM\FUMO\./FwUpdate/Flash/updatepkgpath : null
02-13 18:04:50.979 I/vDM (om.redbend.vdmc)(  466): rdm\tree\tree_exec.c.116: TREE_RDM_registerExecute() ./FwUpdate/Flash/Update. func=-2134890124, context=0x207fc0
02-13 18:04:50.979 I/vDM (om.redbend.vdmc)(  466): rdm\tree\tree_exec.c.116: TREE_RDM_registerExecute() ./FwUpdate/Flash/Download. func=-2134890160, context=0x207fc0
02-13 18:04:50.979 I/vDM (om.redbend.vdmc)(  466): rdm\tree\tree_exec.c.116: TREE_RDM_registerExecute() ./FwUpdate/Flash/DownloadAndUpdate. func=-2134890196, context=0x207fc0
02-13 18:04:50.979 I/DMC     (  466): VdmcFumoHandler, getFumo
02-13 18:04:50.979 I/vDM     (  466): Vdmc getInstance
02-13 18:04:50.979 D/vDM (main) (  466): SSC: registerObserver: com.redbend.vdmc.MySessionObserver@4059aa88
02-13 18:04:50.979 D/DMC     (  466): MyCpObserver
02-13 18:04:50.989 I/vDM (om.redbend.vdmc)(  466): rdm\tree\tree_exec.c.116: TREE_RDM_registerExecute() ./Ext/Interior. func=-2135435720, context=0x2
02-13 18:04:50.989 I/vDM (om.redbend.vdmc)(  466): rdm\tree\tree_exec.c.116: TREE_RDM_registerExecute() ./SecureDevice. func=-2135435720, context=0x2b
02-13 18:04:50.989 I/vDM (om.redbend.vdmc)(  466): rdm\tree\tree_exec.c.116: TREE_RDM_registerExecute() ./RemoteCommands/Command. func=-2135435720, context=0x2c
02-13 18:04:50.989 I/DMC     (  466): registerSPATree is started!
02-13 18:04:50.989 I/DMC     (  466): registerSPATree is ended!
02-13 18:04:50.999 I/vDM     (  466): Vdmc getInstance
02-13 18:04:50.999 I/vDM     (  466): UpdateAccordingTimer init
02-13 18:04:51.009 I/vDM     (  466): Vdmc getInstance
02-13 18:04:51.009 I/vDM     (  466): Vdmc getInstance
02-13 18:04:51.009 I/vDM     (  466): checkUpdate exit autoupdate
02-13 18:04:51.019 D/MediaScanner(  497):  prescan time: 103ms
02-13 18:04:51.019 D/MediaScanner(  497):     scan time: 2062ms
02-13 18:04:51.019 D/MediaScanner(  497): postscan time: 78ms
02-13 18:04:51.019 D/MediaScanner(  497):    total time: 2243ms
02-13 18:04:51.019 I/DMC (main) (  466): /////// vDM Version: 4.06.00.27 ////////////
02-13 18:04:51.109 D/AlarmManager(  256): +++Alarm set:type=2 com.locationlabs.v3client  Trigger after:19983ms
02-13 18:04:51.109 I/V3Client(  647): Boot intent received
02-13 18:04:51.209 D/MediaScannerService(  497): done scanning volume internal
02-13 18:04:51.229 I/ActivityThread(  658): Pub com.google.android.googlequicksearchbox.shortcuts: com.google.android.googlequicksearchbox.WebHistoryProvider
02-13 18:04:51.239 I/ActivityThread(  658): Pub com.google.android.googlequicksearchbox.google: com.google.android.googlequicksearchbox.google.GoogleSuggestionProvider
02-13 18:04:51.390 D/OmaDrmReceiver(  557): android.intent.action.MEDIA_MOUNTED
02-13 18:04:51.420 D/Calendar(  632): missed alarms found: 0
02-13 18:04:51.430 I/ActivityThread(  670): Pub com.google.android.apps.uploader: com.google.android.apps.uploader.UploadsContentProvider
02-13 18:04:51.430 I/ActivityThread(  670): Pub com.google.photos.provider.Album: com.google.android.apps.uploader.clients.picasa.AlbumProvider
02-13 18:04:51.430 D/MediaUploader(  670): UploaderApplication.onCreate
02-13 18:04:51.450 D/MediaUploader(  670): nonWifiLimit=20971520, default=20971520
02-13 18:04:51.450 I/MediaUploader(  670): No need to wake up
02-13 18:04:51.460 D/Gallery3D(  481): [BootReceiver]: Got intent with action android.intent.action.MEDIA_MOUNTED
02-13 18:04:51.530 D/DrmStore(  557): EnableDrmStoreScanner=0
02-13 18:04:51.540 D/LoadGroupService(  394): importGroups, getLoadStatus status = 1
02-13 18:04:51.540 E/LoadGroupService(  394): doPreSotred import_status =1
02-13 18:04:51.540 E/LoadGroupService(  394): groups have been imported before
02-13 18:04:51.570 D/MediaScannerService(  497): start scanning volume external
02-13 18:04:51.650 I/ActivityThread(  680): Pub com.google.android.apps.plus.content.EsProvider: com.google.android.apps.plus.content.EsProvider
02-13 18:04:51.670 I/ActivityThread(  680): Pub com.google.android.apps.plus.content.ApiProvider: com.google.android.apps.plus.content.EsApiProvider
02-13 18:04:51.700 I/ActivityThread(  680): Pub com.google.android.apps.plus.content.EsGooglePhotoProvider: com.google.android.picasasync.PicasaContentProvider
02-13 18:04:51.720 D/Calendar(  623): missed alarms found: 0
02-13 18:04:51.780 D/AlertService(  632): No fired or scheduled alerts
02-13 18:04:51.850 I/ActivityThread(  680): Pub com.google.plus.platform: com.google.android.apps.plus.content.AdsProvider
02-13 18:04:51.970 D/UploadsManager(  680): load newPhotoTracker: null
02-13 18:04:51.970 D/UploadsManager(  680): load all accounts: null
02-13 18:04:51.970 D/UploadsManager(  680): load all account-album pairs: null
02-13 18:04:51.980 D/UploadsManager(  680):    settings not changed
02-13 18:04:51.990 I/MediaUploader(  670): No need to wake up
02-13 18:04:52.080 I/MediaUploader(  670): No need to wake up
02-13 18:04:52.080 D/PicasaSync(  680): sync account database
02-13 18:04:52.090 D/GTalkService(  377): [RawStanzaProvidersMgr] ##### searchProvidersFromIntent
02-13 18:04:52.130 D/GTalkService(  377): [RawStanzaProvidersMgr] no intent receivers found
02-13 18:04:52.150 D/MediaScannerService(  497): IMediaScannerService.scanFile: /mnt/sdcard/Notifications/hangout_ringtone.m4a mimeType: null
02-13 18:04:52.170 D/UploadsManager(  680): fsid not changed
02-13 18:04:52.200 D/GTalkService(  377): ##### Network broadcast (connected=false) type=mobile, state=CONNECTING
02-13 18:04:52.300 D/PicasaSync(  680): accounts in DB=1
02-13 18:04:52.320 I/GTalkService(  377): [GTalkConnection.25] init: initialized presence to UNAVAILABLE
02-13 18:04:52.320 I/GTalkService(  377): [GTalkConnection.26] init: initialized presence to UNAVAILABLE
02-13 18:04:52.611 I/MediaScanner(  497): doScanFile the temppath: /mnt/sdcard/DCIM/100SSMED/SSPX0000.3G2
02-13 18:04:52.661 I/ActivityThread(  698): Pub com.google.android.music.MusicContent: com.google.android.music.store.MusicContentProvider
02-13 18:04:52.751 D/AlarmManager(  256): +++Alarm set:type=2 com.google.android.gsf  Trigger after:29223ms
02-13 18:04:52.761 I/GTalkService(  377): [GTalkConnection.24] (WORKER THREAD) update account status
02-13 18:04:52.771 D/PicasaSyncManager(  680): active network: null
02-13 18:04:52.771 D/GTalkService(  377): createConnection(check #2): connection exists, drop newly created connection
02-13 18:04:52.771 I/GTalkService(  377): [GTalkConnection.28] init: initialized presence to UNAVAILABLE
02-13 18:04:52.891 D/DATA    (  344): [DSST(0)] pollstate() : reason = data network state changed
02-13 18:04:52.961 D/MobileDataStateTracker(  256): [hipri]  MobileDataStateReceiver onReceive(): Entry.
02-13 18:04:52.961 D/MobileDataStateTracker(  256): [hipri]  intent.getAction()= android.intent.action.SERVICE_STATE
02-13 18:04:52.961 D/MobileDataStateTracker(  256): [hipri]  mEnabled = false
02-13 18:04:52.961 D/MobileDataStateTracker(  256): [dun]  MobileDataStateReceiver onReceive(): Entry.
02-13 18:04:52.961 D/MobileDataStateTracker(  256): [dun]  intent.getAction()= android.intent.action.SERVICE_STATE
02-13 18:04:52.961 D/MobileDataStateTracker(  256): [dun]  mEnabled = false
02-13 18:04:52.961 D/MobileDataStateTracker(  256): [supl]  MobileDataStateReceiver onReceive(): Entry.
02-13 18:04:52.961 D/MobileDataStateTracker(  256): [supl]  intent.getAction()= android.intent.action.SERVICE_STATE
02-13 18:04:52.961 D/MobileDataStateTracker(  256): [supl]  mEnabled = false
02-13 18:04:52.971 D/MobileDataStateTracker(  256): [mms]  MobileDataStateReceiver onReceive(): Entry.
02-13 18:04:52.971 D/MobileDataStateTracker(  256): [mms]  intent.getAction()= android.intent.action.SERVICE_STATE
02-13 18:04:52.971 D/MobileDataStateTracker(  256): [mms]  mEnabled = false
02-13 18:04:52.971 D/MobileDataStateTracker(  256): [default]  MobileDataStateReceiver onReceive(): Entry.
02-13 18:04:52.971 D/MobileDataStateTracker(  256): [default]  intent.getAction()= android.intent.action.SERVICE_STATE
02-13 18:04:52.971 D/MobileDataStateTracker(  256): [default]  mEnabled = true
02-13 18:04:52.981 D/DATA    (  344): [DSST(0)]  registrationState = 1  radioTechnology = 6 reasonForDenial = 0
02-13 18:04:52.981 D/DATA    (  344): [DSST(0)]  set mNewDataConnectionState = 0
02-13 18:04:52.981 D/DATA    (  344): [DSST(0)]  mNewDataConnectionState : 0  mDataConnectionState : 0
02-13 18:04:52.981 D/DATA    (  344): [DSST(0)] Poll ServiceState done: oldSS=[0 home null null null  1xRTT CSS not supported -1 -1RoamInd: -1RoamStatus(sprint): -1DefRoamInd: -1EmergOnly: false] newSS=[0 home null null null  1xRTT CSS not supported -1 -1RoamInd: -1RoamStatus(sprint): -1DefRoamInd: -1EmergOnly: false]
02-13 18:04:52.981 D/DATA    (  344): [DSST(0)]  mDataConnectionState = 0
02-13 18:04:52.981 D/CallManager(  344):  handleMessage (EVENT_SERVICE_STATE_CHANGED)
02-13 18:04:52.981 E/BT HS/HF(  344): SERVICE_STATE_CHANGED called
02-13 18:04:52.981 E/BT HS/HF(  344): updateServiceState called, sendUpdate:false  ServiceState:0 home Sprint  310099  1xRTT CSS not supported 41 4139RoamInd: 1RoamStatus(sprint): 1DefRoamInd: 160EmergOnly: false
02-13 18:04:52.981 E/BT HS/HF(  344): service:1 mService:1
02-13 18:04:52.991 D/PicasaSyncManager(  680): background data: true
02-13 18:04:53.031 I/MediaScanner(  497): doScanFile the temppath: /mnt/sdcard/DCIM/100SSMED/SSPX0001.3G2
02-13 18:04:53.041 I/MediaScanner(  497): doScanFile the temppath: /mnt/sdcard/DCIM/100SSMED/SSPX0002.3G2
02-13 18:04:53.051 I/MediaScanner(  497): doScanFile the temppath: /mnt/sdcard/DCIM/100SSMED/SSPX0003.3G2
02-13 18:04:53.051 I/MediaScanner(  497): doScanFile the temppath: /mnt/sdcard/DCIM/100SSMED/SSPX0004.3G2
02-13 18:04:53.051 I/MediaScanner(  497): doScanFile the temppath: /mnt/sdcard/DCIM/100SSMED/SSPX0007.3G2
02-13 18:04:53.051 I/MediaScanner(  497): doScanFile the temppath: /mnt/sdcard/DCIM/100SSMED/SSPX0008.3G2
02-13 18:04:53.051 D/Mms     (  565): currentRoamingStatus:1
02-13 18:04:53.061 I/MediaScanner(  497): doScanFile the temppath: /mnt/sdcard/DCIM/100SSMED/SSPX0011.JPG
02-13 18:04:53.061 I/MediaScanner(  497): doScanFile the temppath: /mnt/sdcard/DCIM/100SSMED/SSPX0012.JPG
02-13 18:04:53.061 I/MediaScanner(  497): doScanFile the temppath: /mnt/sdcard/DCIM/100SSMED/SSPX0009.3G2
02-13 18:04:53.061 I/MediaScanner(  497): doScanFile the temppath: /mnt/sdcard/DCIM/100SSMED/SSPX0010.3G2
02-13 18:04:53.061 I/MediaScanner(  497): doScanFile the temppath: /mnt/sdcard/DCIM/100SSMED/SSPX0013.JPG
02-13 18:04:53.061 I/MediaScanner(  497): doScanFile the temppath: /mnt/sdcard/DCIM/100SSMED/SSPX0014.JPG
02-13 18:04:53.061 I/MediaScanner(  497): doScanFile the temppath: /mnt/sdcard/DCIM/100SSMED/SSPX0015.JPG
02-13 18:04:53.061 I/MediaScanner(  497): doScanFile the temppath: /mnt/sdcard/DCIM/100SSMED/SSPX0016.JPG
02-13 18:04:53.061 I/MediaScanner(  497): doScanFile the temppath: /mnt/sdcard/DCIM/100SSMED/SSPX0017.3G2
02-13 18:04:53.061 I/MediaScanner(  497): doScanFile the temppath: /mnt/sdcard/DCIM/100SSMED/SSPX0018.JPG
02-13 18:04:53.061 I/MediaScanner(  497): doScanFile the temppath: /mnt/sdcard/DCIM/100SSMED/SSPX0019.JPG
02-13 18:04:53.061 I/MediaScanner(  497): doScanFile the temppath: /mnt/sdcard/DCIM/100SSMED/SSPX0020.JPG
02-13 18:04:53.061 I/MediaScanner(  497): doScanFile the temppath: /mnt/sdcard/DCIM/100SSMED/SSPX0021.3G2
02-13 18:04:53.061 I/MediaScanner(  497): doScanFile the temppath: /mnt/sdcard/DCIM/100SSMED/SSPX0022.JPG
02-13 18:04:53.061 I/MediaScanner(  497): doScanFile the temppath: /mnt/sdcard/DCIM/100SSMED/SSPX0023.JPG
02-13 18:04:53.061 I/MediaScanner(  497): doScanFile the temppath: /mnt/sdcard/DCIM/100SSMED/SSPX0024.JPG
02-13 18:04:53.061 I/MediaScanner(  497): doScanFile the temppath: /mnt/sdcard/DCIM/100SSMED/SSPX0025.JPG
02-13 18:04:53.061 I/MediaScanner(  497): doScanFile the temppath: /mnt/sdcard/DCIM/100SSMED/SSPX0026.JPG
02-13 18:04:53.061 I/MediaScanner(  497): doScanFile the temppath: /mnt/sdcard/DCIM/100SSMED/SSPX0027.JPG
02-13 18:04:53.071 I/MediaScanner(  497): doScanFile the temppath: /mnt/sdcard/DCIM/100SSMED/SSPX0028.JPG
02-13 18:04:53.071 I/MusicStore(  698): Database version: 37
02-13 18:04:53.081 I/MediaScanner(  497): doScanFile the temppath: /mnt/sdcard/DCIM/100SSMED/SSPX0029.JPG
02-13 18:04:53.081 I/MediaScanner(  497): doScanFile the temppath: /mnt/sdcard/DCIM/100SSMED/SSPX0030.JPG
02-13 18:04:53.081 I/MediaScanner(  497): doScanFile the temppath: /mnt/sdcard/DCIM/100SSMED/SSPX0031.JPG
02-13 18:04:53.081 I/MediaScanner(  497): doScanFile the temppath: /mnt/sdcard/DCIM/100SSMED/SSPX0032.JPG
02-13 18:04:53.081 I/MediaScanner(  497): doScanFile the temppath: /mnt/sdcard/DCIM/100SSMED/SSPX0033.JPG
02-13 18:04:53.081 I/MediaScanner(  497): doScanFile the temppath: /mnt/sdcard/DCIM/100SSMED/SSPX0034.JPG
02-13 18:04:53.081 I/MediaScanner(  497): doScanFile the temppath: /mnt/sdcard/DCIM/100SSMED/SSPX0035.JPG
02-13 18:04:53.081 I/MediaScanner(  497): doScanFile the temppath: /mnt/sdcard/DCIM/100SSMED/SSPX0036.JPG
02-13 18:04:53.081 I/MediaScanner(  497): doScanFile the temppath: /mnt/sdcard/DCIM/100SSMED/SSPX0037.JPG
02-13 18:04:53.081 I/MediaScanner(  497): doScanFile the temppath: /mnt/sdcard/DCIM/100SSMED/SSPX0038.JPG
02-13 18:04:53.081 I/MediaScanner(  497): doScanFile the temppath: /mnt/sdcard/DCIM/100SSMED/SSPX0039.JPG
02-13 18:04:53.091 I/AsyncCursor1:1(  698): Initialized for content://com.google.android.music.MusicContent/playlists, proj:_id#name, sel: 'null', args: null, order: null
02-13 18:04:53.221 D/Mms     (  565): doAutoSend
02-13 18:04:53.351 D/GTalkService(  377): createConnection(check #2): connection exists, drop newly created connection
02-13 18:04:53.371 D/Launcher(  351): onSaveInstanceState
02-13 18:04:53.371 D/Launcher(  351): Dissmis Preview for view :null ID:2131230735
02-13 18:04:53.371 D/Launcher(  351): Dissmis Preview for view :null ID:2131230736
02-13 18:04:53.371 D/Launcher(  351): Dissmis Preview for view :null ID:2131230739
02-13 18:04:53.371 D/Launcher(  351): Dissmis Preview for view :null ID:2131230741
02-13 18:04:53.391 D/Gallery3D(  481): [BootReceiver]: Got intent with action android.intent.action.MEDIA_SCANNER_FINISHED
02-13 18:04:53.421 D/KeyguardViewMediator(  256): setHidden false
02-13 18:04:53.421 I/hubo    (  256): Activity {com.google.android.apps.maps/com.google.googlenav.login.AndroidLoginActivitySdk5}
02-13 18:04:53.532 I/MediaScanner(  497): doScanFile the temppath: /mnt/sdcard/DCIM/Camera/IMG_20111214_192853.jpg
02-13 18:04:53.532 I/MediaScanner(  497): doScanFile the temppath: /mnt/sdcard/DCIM/Camera/IMG_20111228_171620.jpg
02-13 18:04:53.532 I/ContactsProvider(  394): updateInTransaction: content://com.android.contacts/status_updates
02-13 18:04:53.532 I/MediaScanner(  497): doScanFile the temppath: /mnt/sdcard/DCIM/Camera/IMG_20111228_171634.jpg
02-13 18:04:53.532 I/MediaScanner(  497): doScanFile the temppath: /mnt/sdcard/DCIM/Camera/IMG_20111228_171816.jpg
02-13 18:04:53.552 I/ActivityThread(  720): Pub com.google.android.maps.LayerInfoProvider: com.google.googlenav.layer.LayerInfoProvider
02-13 18:04:53.582 I/ActivityThread(  720): Pub com.google.android.maps.TrafficAppWidgetProvider: com.google.googlenav.appwidget.traffic.TrafficAppWidgetProvider
02-13 18:04:53.582 I/ActivityThread(  720): Pub com.google.android.maps.SuggestionProvider: com.google.googlenav.suggest.android.SuggestProvider
02-13 18:04:53.602 I/MediaScanner(  497): doScanFile the temppath: /mnt/sdcard/DCIM/Camera/IMG_20111228_171851.jpg
02-13 18:04:53.602 I/MediaScanner(  497): doScanFile the temppath: /mnt/sdcard/DCIM/Camera/IMG_20120202_164723.jpg
02-13 18:04:53.602 I/MediaScanner(  497): doScanFile the temppath: /mnt/sdcard/DCIM/Camera/IMG_20111228_171947.jpg
02-13 18:04:53.612 D/KeyguardViewMediator(  256): setHidden false
02-13 18:04:53.622 I/ActivityThread(  720): Pub com.google.android.maps.LocalActivePlacesProvider: com.google.googlenav.provider.LocalActivePlacesProvider
02-13 18:04:53.622 I/ActivityThread(  720): Pub com.google.android.maps.StarredItemProvider: com.google.googlenav.provider.StarredItemProvider
02-13 18:04:53.632 D/DATA    (  344): [DSST(0)] pollstate() : reason = data network state changed
02-13 18:04:53.702 I/MediaScanner(  497): doScanFile the temppath: /mnt/sdcard/DCIM/Camera/IMG_20120205_184134.jpg
02-13 18:04:53.722 D/MobileDataStateTracker(  256): [hipri]  MobileDataStateReceiver onReceive(): Entry.
02-13 18:04:53.722 D/MobileDataStateTracker(  256): [hipri]  intent.getAction()= android.intent.action.SERVICE_STATE
02-13 18:04:53.722 D/MobileDataStateTracker(  256): [hipri]  mEnabled = false
02-13 18:04:53.732 D/MobileDataStateTracker(  256): [dun]  MobileDataStateReceiver onReceive(): Entry.
02-13 18:04:53.732 D/MobileDataStateTracker(  256): [dun]  intent.getAction()= android.intent.action.SERVICE_STATE
02-13 18:04:53.732 D/MobileDataStateTracker(  256): [dun]  mEnabled = false
02-13 18:04:53.732 D/MobileDataStateTracker(  256): [supl]  MobileDataStateReceiver onReceive(): Entry.
02-13 18:04:53.732 D/MobileDataStateTracker(  256): [supl]  intent.getAction()= android.intent.action.SERVICE_STATE
02-13 18:04:53.732 D/MobileDataStateTracker(  256): [supl]  mEnabled = false
02-13 18:04:53.732 D/MobileDataStateTracker(  256): [mms]  MobileDataStateReceiver onReceive(): Entry.
02-13 18:04:53.732 D/MobileDataStateTracker(  256): [mms]  intent.getAction()= android.intent.action.SERVICE_STATE
02-13 18:04:53.732 D/MobileDataStateTracker(  256): [mms]  mEnabled = false
02-13 18:04:53.732 D/MobileDataStateTracker(  256): [default]  MobileDataStateReceiver onReceive(): Entry.
02-13 18:04:53.732 D/MobileDataStateTracker(  256): [default]  intent.getAction()= android.intent.action.SERVICE_STATE
02-13 18:04:53.732 D/MobileDataStateTracker(  256): [default]  mEnabled = true
02-13 18:04:53.742 D/DATA    (  344): [DSST(0)]  registrationState = 1  radioTechnology = 8 reasonForDenial = 0
02-13 18:04:53.742 D/DATA    (  344): [DSST(0)]  set mNewDataConnectionState = 0
02-13 18:04:53.742 D/DATA    (  344): [DSST(0)]  mNewDataConnectionState : 0  mDataConnectionState : 0
02-13 18:04:53.742 D/DATA    (  344): [DSST(0)] Poll ServiceState done: oldSS=[0 home null null null  1xRTT CSS not supported -1 -1RoamInd: -1RoamStatus(sprint): -1DefRoamInd: -1EmergOnly: false] newSS=[0 home null null null  EvDo rev. A CSS not supported -1 -1RoamInd: -1RoamStatus(sprint): -1DefRoamInd: -1EmergOnly: false]
02-13 18:04:53.742 D/DATA    (  344): [DSST(0)]  mDataConnectionState = 0
02-13 18:04:53.752 D/MobileDataStateTracker(  256): [hipri]  MobileDataStateReceiver onReceive(): Entry.
02-13 18:04:53.752 D/MobileDataStateTracker(  256): [hipri]  intent.getAction()= android.intent.action.SERVICE_STATE
02-13 18:04:53.752 D/MobileDataStateTracker(  256): [hipri]  mEnabled = false
02-13 18:04:53.762 D/MobileDataStateTracker(  256): [hipri] subType changed, oldSubtype = 7new subtype = 6
02-13 18:04:53.762 D/MobileDataStateTracker(  256): [dun]  MobileDataStateReceiver onReceive(): Entry.
02-13 18:04:53.762 D/MobileDataStateTracker(  256): [dun]  intent.getAction()= android.intent.action.SERVICE_STATE
02-13 18:04:53.762 D/MobileDataStateTracker(  256): [dun]  mEnabled = false
02-13 18:04:53.762 D/MobileDataStateTracker(  256): [dun] subType changed, oldSubtype = 7new subtype = 6
02-13 18:04:53.762 D/MobileDataStateTracker(  256): [supl]  MobileDataStateReceiver onReceive(): Entry.
02-13 18:04:53.762 D/MobileDataStateTracker(  256): [supl]  intent.getAction()= android.intent.action.SERVICE_STATE
02-13 18:04:53.762 D/MobileDataStateTracker(  256): [supl]  mEnabled = false
02-13 18:04:53.762 D/MobileDataStateTracker(  256): [supl] subType changed, oldSubtype = 7new subtype = 6
02-13 18:04:53.762 D/CallManager(  344):  handleMessage (EVENT_SERVICE_STATE_CHANGED)
02-13 18:04:53.772 E/BT HS/HF(  344): SERVICE_STATE_CHANGED called
02-13 18:04:53.772 E/BT HS/HF(  344): updateServiceState called, sendUpdate:false  ServiceState:0 home Sprint  310099  1xRTT CSS not supported 41 4139RoamInd: 1RoamStatus(sprint): 1DefRoamInd: 160EmergOnly: false
02-13 18:04:53.772 E/BT HS/HF(  344): service:1 mService:1
02-13 18:04:53.772 D/CallManager(  344):  handleMessage (EVENT_SERVICE_STATE_CHANGED)
02-13 18:04:53.772 E/BT HS/HF(  344): SERVICE_STATE_CHANGED called
02-13 18:04:53.772 D/MobileDataStateTracker(  256): [mms]  MobileDataStateReceiver onReceive(): Entry.
02-13 18:04:53.772 D/MobileDataStateTracker(  256): [mms]  intent.getAction()= android.intent.action.SERVICE_STATE
02-13 18:04:53.772 D/MobileDataStateTracker(  256): [mms]  mEnabled = false
02-13 18:04:53.772 D/MobileDataStateTracker(  256): [mms] subType changed, oldSubtype = 7new subtype = 6
02-13 18:04:53.772 D/MobileDataStateTracker(  256): [default]  MobileDataStateReceiver onReceive(): Entry.
02-13 18:04:53.772 D/MobileDataStateTracker(  256): [default]  intent.getAction()= android.intent.action.SERVICE_STATE
02-13 18:04:53.772 D/MobileDataStateTracker(  256): [default]  mEnabled = true
02-13 18:04:53.772 D/MobileDataStateTracker(  256): [default] subType changed, oldSubtype = 7new subtype = 6
02-13 18:04:53.782 E/BT HS/HF(  344): updateServiceState called, sendUpdate:false  ServiceState:0 home Sprint  310099  EvDo rev. A CSS not supported 41 4139RoamInd: 1RoamStatus(sprint): 1DefRoamInd: 160EmergOnly: false
02-13 18:04:53.782 E/BT HS/HF(  344): service:1 mService:1
02-13 18:04:53.782 D/Phone   (  344): [PhoneNotifier] [DefaultPhoneNotifier] : default, INET, CONNECTING
02-13 18:04:53.822 I/TelephonyRegistry(  256): notifyDataConnection: state=1 isDataConnectivityPossible=true reason=radioTechnologyChanged interfaceName=null networkType=6 apnType=default apn=null
02-13 18:04:53.822 I/TelephonyRegistry(  256): +++broadcastDataConnectionStateChanged
02-13 18:04:53.832 I/ActivityThread(  720): Pub com.google.android.maps.LocalSuggestionProvider: com.google.googlenav.provider.LocalSuggestionProvider
02-13 18:04:53.832 I/ActivityThread(  720): Pub com.google.android.maps.SearchHistoryProvider: com.google.googlenav.provider.SearchHistoryProvider
02-13 18:04:53.832 I/ActivityThread(  720): Pub com.google.android.maps.NavigationAvailabilityProvider: com.google.googlenav.provider.NavigationAvailabilityProvider
02-13 18:04:53.832 I/TelephonyRegistry(  256): +++sendStickyBroadcast
02-13 18:04:53.842 D/MobileDataStateTracker(  256): [hipri]  MobileDataStateReceiver onReceive(): Entry.
02-13 18:04:53.842 D/MobileDataStateTracker(  256): [hipri]  intent.getAction()= android.intent.action.ANY_DATA_STATE
02-13 18:04:53.842 D/MobileDataStateTracker(  256): [hipri]  mEnabled = false
02-13 18:04:53.842 D/Phone   (  344): [PhoneNotifier] [DefaultPhoneNotifier] : default, INET6, DISCONNECTED
02-13 18:04:53.842 D/MobileDataStateTracker(  256): [hipri]  apnTypeList = default
02-13 18:04:53.842 D/MobileDataStateTracker(  256): [hipri]  unavailable = false
02-13 18:04:53.842 D/MobileDataStateTracker(  256): [hipri] Do not process intents if disabled.
02-13 18:04:53.842 D/MobileDataStateTracker(  256): [dun]  MobileDataStateReceiver onReceive(): Entry.
02-13 18:04:53.842 D/MobileDataStateTracker(  256): [dun]  intent.getAction()= android.intent.action.ANY_DATA_STATE
02-13 18:04:53.842 D/MobileDataStateTracker(  256): [dun]  mEnabled = false
02-13 18:04:53.842 I/TelephonyRegistry(  256): notifyDataConnection: state=0 isDataConnectivityPossible=true reason=radioTechnologyChanged interfaceName=null networkType=6 apnType=default apn=null
02-13 18:04:53.842 I/TelephonyRegistry(  256): +++broadcastDataConnectionStateChanged
02-13 18:04:53.842 I/TelephonyRegistry(  256): +++sendStickyBroadcast
02-13 18:04:53.842 D/MobileDataStateTracker(  256): [dun]  apnTypeList = default
02-13 18:04:53.842 D/MobileDataStateTracker(  256): [dun]  unavailable = false
02-13 18:04:53.842 D/MobileDataStateTracker(  256): [dun] Do not process intents if disabled.
02-13 18:04:53.842 D/MobileDataStateTracker(  256): [supl]  MobileDataStateReceiver onReceive(): Entry.
02-13 18:04:53.842 D/MobileDataStateTracker(  256): [supl]  intent.getAction()= android.intent.action.ANY_DATA_STATE
02-13 18:04:53.842 D/MobileDataStateTracker(  256): [supl]  mEnabled = false
02-13 18:04:53.852 D/MobileDataStateTracker(  256): [supl]  apnTypeList = default
02-13 18:04:53.852 D/MobileDataStateTracker(  256): [supl]  unavailable = false
02-13 18:04:53.852 D/MobileDataStateTracker(  256): [supl] Do not process intents if disabled.
02-13 18:04:53.852 D/MobileDataStateTracker(  256): [mms]  MobileDataStateReceiver onReceive(): Entry.
02-13 18:04:53.852 D/MobileDataStateTracker(  256): [mms]  intent.getAction()= android.intent.action.ANY_DATA_STATE
02-13 18:04:53.852 D/MobileDataStateTracker(  256): [mms]  mEnabled = false
02-13 18:04:53.862 D/Phone   (  344): [PhoneNotifier] [DefaultPhoneNotifier] : mms, INET, DISCONNECTED
02-13 18:04:53.862 I/TelephonyRegistry(  256): notifyDataConnection: state=0 isDataConnectivityPossible=true reason=radioTechnologyChanged interfaceName=null networkType=6 apnType=mms apn=null
02-13 18:04:53.862 I/TelephonyRegistry(  256): +++broadcastDataConnectionStateChanged
02-13 18:04:53.862 I/TelephonyRegistry(  256): +++sendStickyBroadcast
02-13 18:04:53.862 D/MobileDataStateTracker(  256): [mms]  apnTypeList = default
02-13 18:04:53.862 D/MobileDataStateTracker(  256): [mms]  unavailable = false
02-13 18:04:53.862 D/MobileDataStateTracker(  256): [mms] Do not process intents if disabled.
02-13 18:04:53.862 D/MobileDataStateTracker(  256): [default]  MobileDataStateReceiver onReceive(): Entry.
02-13 18:04:53.862 D/MobileDataStateTracker(  256): [default]  intent.getAction()= android.intent.action.ANY_DATA_STATE
02-13 18:04:53.862 D/MobileDataStateTracker(  256): [default]  mEnabled = true
02-13 18:04:53.862 D/MobileDataStateTracker(  256): [default]  apnTypeList = default
02-13 18:04:53.862 D/MobileDataStateTracker(  256): [default]  unavailable = false
02-13 18:04:53.862 D/MobileDataStateTracker(  256): [default] CALL updateMobileInfoFromIntent
02-13 18:04:53.862 I/MobileDataStateTracker(  256): [default] dc state change intent received for default/INET with state  CONNECTING. enabled=true state change reason = radioTechnologyChanged
02-13 18:04:53.862 I/MobileDataStateTracker(  256): [default] old state = CONNECTING
02-13 18:04:53.862 I/MobileDataStateTracker(  256): [default] no change,  just return
02-13 18:04:53.862 D/MobileDataStateTracker(  256): [default] No need to update detailed state
02-13 18:04:53.862 D/MobileDataStateTracker(  256): [hipri]  MobileDataStateReceiver onReceive(): Entry.
02-13 18:04:53.862 D/MobileDataStateTracker(  256): [hipri]  intent.getAction()= android.intent.action.ANY_DATA_STATE
02-13 18:04:53.862 D/MobileDataStateTracker(  256): [hipri]  mEnabled = false
02-13 18:04:53.872 D/MobileDataStateTracker(  256): [hipri]  apnTypeList = default
02-13 18:04:53.872 D/MobileDataStateTracker(  256): [hipri]  unavailable = false
02-13 18:04:53.872 D/MobileDataStateTracker(  256): [hipri] Do not process intents if disabled.
02-13 18:04:53.872 D/MobileDataStateTracker(  256): [dun]  MobileDataStateReceiver onReceive(): Entry.
02-13 18:04:53.872 D/MobileDataStateTracker(  256): [dun]  intent.getAction()= android.intent.action.ANY_DATA_STATE
02-13 18:04:53.872 D/MobileDataStateTracker(  256): [dun]  mEnabled = false
02-13 18:04:53.872 D/MobileDataStateTracker(  256): [dun]  apnTypeList = default
02-13 18:04:53.872 D/MobileDataStateTracker(  256): [dun]  unavailable = false
02-13 18:04:53.872 D/MobileDataStateTracker(  256): [dun] Do not process intents if disabled.
02-13 18:04:53.872 D/MobileDataStateTracker(  256): [supl]  MobileDataStateReceiver onReceive(): Entry.
02-13 18:04:53.872 D/MobileDataStateTracker(  256): [supl]  intent.getAction()= android.intent.action.ANY_DATA_STATE
02-13 18:04:53.872 D/MobileDataStateTracker(  256): [supl]  mEnabled = false
02-13 18:04:53.882 D/Phone   (  344): [PhoneNotifier] [DefaultPhoneNotifier] : mms, INET6, DISCONNECTED
02-13 18:04:53.882 I/TelephonyRegistry(  256): notifyDataConnection: state=0 isDataConnectivityPossible=true reason=radioTechnologyChanged interfaceName=null networkType=6 apnType=mms apn=null
02-13 18:04:53.882 I/TelephonyRegistry(  256): +++broadcastDataConnectionStateChanged
02-13 18:04:53.882 I/TelephonyRegistry(  256): +++sendStickyBroadcast
02-13 18:04:53.882 D/Phone   (  344): [PhoneNotifier] [DefaultPhoneNotifier] : supl, INET, DISCONNECTED
02-13 18:04:53.882 I/TelephonyRegistry(  256): notifyDataConnection: state=0 isDataConnectivityPossible=true reason=radioTechnologyChanged interfaceName=null networkType=6 apnType=supl apn=null
02-13 18:04:53.882 I/TelephonyRegistry(  256): +++broadcastDataConnectionStateChanged
02-13 18:04:53.882 I/TelephonyRegistry(  256): +++sendStickyBroadcast
02-13 18:04:53.882 D/Phone   (  344): [PhoneNotifier] [DefaultPhoneNotifier] : supl, INET6, DISCONNECTED
02-13 18:04:53.892 I/TelephonyRegistry(  256): notifyDataConnection: state=0 isDataConnectivityPossible=true reason=radioTechnologyChanged interfaceName=null networkType=6 apnType=supl apn=null
02-13 18:04:53.892 I/TelephonyRegistry(  256): +++broadcastDataConnectionStateChanged
02-13 18:04:53.892 I/TelephonyRegistry(  256): +++sendStickyBroadcast
02-13 18:04:53.902 D/MobileDataStateTracker(  256): [supl]  apnTypeList = default
02-13 18:04:53.902 D/MobileDataStateTracker(  256): [supl]  unavailable = false
02-13 18:04:53.902 D/MobileDataStateTracker(  256): [supl] Do not process intents if disabled.
02-13 18:04:53.902 D/MobileDataStateTracker(  256): [mms]  MobileDataStateReceiver onReceive(): Entry.
02-13 18:04:53.902 D/MobileDataStateTracker(  256): [mms]  intent.getAction()= android.intent.action.ANY_DATA_STATE
02-13 18:04:53.902 D/MobileDataStateTracker(  256): [mms]  mEnabled = false
02-13 18:04:53.902 D/MobileDataStateTracker(  256): [mms]  apnTypeList = default
02-13 18:04:53.902 D/MobileDataStateTracker(  256): [mms]  unavailable = false
02-13 18:04:53.902 D/MobileDataStateTracker(  256): [mms] Do not process intents if disabled.
02-13 18:04:53.902 D/MobileDataStateTracker(  256): [default]  MobileDataStateReceiver onReceive(): Entry.
02-13 18:04:53.902 D/MobileDataStateTracker(  256): [default]  intent.getAction()= android.intent.action.ANY_DATA_STATE
02-13 18:04:53.902 D/MobileDataStateTracker(  256): [default]  mEnabled = true
02-13 18:04:53.902 D/MobileDataStateTracker(  256): [default]  apnTypeList = default
02-13 18:04:53.902 D/MobileDataStateTracker(  256): [default]  unavailable = false
02-13 18:04:53.902 D/MobileDataStateTracker(  256): [default] CALL updateMobileInfoFromIntent
02-13 18:04:53.902 I/MobileDataStateTracker(  256): [default] dc state change intent received for default/INET6 with state  DISCONNECTED. enabled=true state change reason = radioTechnologyChanged
02-13 18:04:53.902 I/MobileDataStateTracker(  256): [default] old state = DISCONNECTED
02-13 18:04:53.902 I/MobileDataStateTracker(  256): [default] no change,  just return
02-13 18:04:53.902 D/MobileDataStateTracker(  256): [default] No need to update detailed state
02-13 18:04:53.902 D/MobileDataStateTracker(  256): [hipri]  MobileDataStateReceiver onReceive(): Entry.
02-13 18:04:53.902 D/MobileDataStateTracker(  256): [hipri]  intent.getAction()= android.intent.action.ANY_DATA_STATE
02-13 18:04:53.902 D/MobileDataStateTracker(  256): [hipri]  mEnabled = false
02-13 18:04:53.902 D/MobileDataStateTracker(  256): [hipri]  apnTypeList = mms
02-13 18:04:53.902 D/MobileDataStateTracker(  256): [hipri]  unavailable = false
02-13 18:04:53.902 D/MobileDataStateTracker(  256): [hipri] Do not process intents if disabled.
02-13 18:04:53.902 D/MobileDataStateTracker(  256): [dun]  MobileDataStateReceiver onReceive(): Entry.
02-13 18:04:53.902 D/MobileDataStateTracker(  256): [dun]  intent.getAction()= android.intent.action.ANY_DATA_STATE
02-13 18:04:53.912 D/MobileDataStateTracker(  256): [dun]  mEnabled = false
02-13 18:04:53.912 D/Phone   (  344): [PhoneNotifier] [DefaultPhoneNotifier] : dun, INET, DISCONNECTED
02-13 18:04:53.922 D/KeyguardViewMediator(  256): setHidden false
02-13 18:04:53.922 I/TelephonyRegistry(  256): notifyDataConnection: state=0 isDataConnectivityPossible=true reason=radioTechnologyChanged interfaceName=null networkType=6 apnType=dun apn=null
02-13 18:04:53.922 I/TelephonyRegistry(  256): +++broadcastDataConnectionStateChanged
02-13 18:04:53.922 D/Warhol  (  351): A pack appears to be installed -- skipping Installer
02-13 18:04:53.922 I/TelephonyRegistry(  256): +++sendStickyBroadcast
02-13 18:04:53.932 D/KeyguardViewMediator(  256): setHidden false
02-13 18:04:53.932 D/MobileDataStateTracker(  256): [dun]  apnTypeList = mms
02-13 18:04:53.932 D/MobileDataStateTracker(  256): [dun]  unavailable = false
02-13 18:04:53.932 D/MobileDataStateTracker(  256): [dun] Do not process intents if disabled.
02-13 18:04:53.932 D/MobileDataStateTracker(  256): [supl]  MobileDataStateReceiver onReceive(): Entry.
02-13 18:04:53.932 D/MobileDataStateTracker(  256): [supl]  intent.getAction()= android.intent.action.ANY_DATA_STATE
02-13 18:04:53.932 D/MobileDataStateTracker(  256): [supl]  mEnabled = false
02-13 18:04:53.932 D/MobileDataStateTracker(  256): [supl]  apnTypeList = mms
02-13 18:04:53.932 D/MobileDataStateTracker(  256): [supl]  unavailable = false
02-13 18:04:53.932 D/MobileDataStateTracker(  256): [supl] Do not process intents if disabled.
02-13 18:04:53.932 D/MobileDataStateTracker(  256): [mms]  MobileDataStateReceiver onReceive(): Entry.
02-13 18:04:53.932 D/MobileDataStateTracker(  256): [mms]  intent.getAction()= android.intent.action.ANY_DATA_STATE
02-13 18:04:53.932 D/MobileDataStateTracker(  256): [mms]  mEnabled = false
02-13 18:04:53.942 I/hubo    (  256): Activity {com.android.launcher/com.android.launcher2.Launcher}
02-13 18:04:53.942 D/Phone   (  344): [PhoneNotifier] [DefaultPhoneNotifier] : dun, INET6, DISCONNECTED
02-13 18:04:53.942 I/TelephonyRegistry(  256): notifyDataConnection: state=0 isDataConnectivityPossible=true reason=radioTechnologyChanged interfaceName=null networkType=6 apnType=dun apn=null
02-13 18:04:53.942 I/TelephonyRegistry(  256): +++broadcastDataConnectionStateChanged
02-13 18:04:53.942 I/TelephonyRegistry(  256): +++sendStickyBroadcast
02-13 18:04:53.952 D/Phone   (  344): [PhoneNotifier] [DefaultPhoneNotifier] : hipri, INET, DISCONNECTED
02-13 18:04:53.952 I/TelephonyRegistry(  256): notifyDataConnection: state=0 isDataConnectivityPossible=true reason=radioTechnologyChanged interfaceName=null networkType=6 apnType=hipri apn=null
02-13 18:04:53.952 I/TelephonyRegistry(  256): +++broadcastDataConnectionStateChanged
02-13 18:04:53.962 D/MobileDataStateTracker(  256): [mms]  apnTypeList = mms
02-13 18:04:53.962 D/MobileDataStateTracker(  256): [mms]  unavailable = false
02-13 18:04:53.962 D/MobileDataStateTracker(  256): [mms] Do not process intents if disabled.
02-13 18:04:53.962 D/MobileDataStateTracker(  256): [default]  MobileDataStateReceiver onReceive(): Entry.
02-13 18:04:53.962 D/MobileDataStateTracker(  256): [default]  intent.getAction()= android.intent.action.ANY_DATA_STATE
02-13 18:04:53.962 D/MobileDataStateTracker(  256): [default]  mEnabled = true
02-13 18:04:53.962 I/TelephonyRegistry(  256): +++sendStickyBroadcast
02-13 18:04:53.962 D/MobileDataStateTracker(  256): [default]  apnTypeList = mms
02-13 18:04:53.962 D/MobileDataStateTracker(  256): [default]  unavailable = false
02-13 18:04:53.962 D/MobileDataStateTracker(  256): [default] not what we are looking for.
02-13 18:04:53.962 D/MobileDataStateTracker(  256): [hipri]  MobileDataStateReceiver onReceive(): Entry.
02-13 18:04:53.962 D/MobileDataStateTracker(  256): [hipri]  intent.getAction()= android.intent.action.ANY_DATA_STATE
02-13 18:04:53.962 D/MobileDataStateTracker(  256): [hipri]  mEnabled = false
02-13 18:04:53.962 D/MobileDataStateTracker(  256): [hipri]  apnTypeList = mms
02-13 18:04:53.962 D/MobileDataStateTracker(  256): [hipri]  unavailable = false
02-13 18:04:53.962 D/MobileDataStateTracker(  256): [hipri] Do not process intents if disabled.
02-13 18:04:53.962 D/MobileDataStateTracker(  256): [dun]  MobileDataStateReceiver onReceive(): Entry.
02-13 18:04:53.962 D/MobileDataStateTracker(  256): [dun]  intent.getAction()= android.intent.action.ANY_DATA_STATE
02-13 18:04:53.962 D/MobileDataStateTracker(  256): [dun]  mEnabled = false
02-13 18:04:53.962 D/MobileDataStateTracker(  256): [dun]  apnTypeList = mms
02-13 18:04:53.962 D/MobileDataStateTracker(  256): [dun]  unavailable = false
02-13 18:04:53.972 D/MobileDataStateTracker(  256): [dun] Do not process intents if disabled.
02-13 18:04:53.972 D/MobileDataStateTracker(  256): [supl]  MobileDataStateReceiver onReceive(): Entry.
02-13 18:04:53.972 D/MobileDataStateTracker(  256): [supl]  intent.getAction()= android.intent.action.ANY_DATA_STATE
02-13 18:04:53.972 D/MobileDataStateTracker(  256): [supl]  mEnabled = false
02-13 18:04:53.972 D/MobileDataStateTracker(  256): [supl]  apnTypeList = mms
02-13 18:04:53.972 D/MobileDataStateTracker(  256): [supl]  unavailable = false
02-13 18:04:53.972 D/MobileDataStateTracker(  256): [supl] Do not process intents if disabled.
02-13 18:04:53.972 D/MobileDataStateTracker(  256): [mms]  MobileDataStateReceiver onReceive(): Entry.
02-13 18:04:53.972 D/MobileDataStateTracker(  256): [mms]  intent.getAction()= android.intent.action.ANY_DATA_STATE
02-13 18:04:53.972 D/MobileDataStateTracker(  256): [mms]  mEnabled = false
02-13 18:04:53.972 D/MobileDataStateTracker(  256): [mms]  apnTypeList = mms
02-13 18:04:53.972 D/MobileDataStateTracker(  256): [mms]  unavailable = false
02-13 18:04:53.972 D/MobileDataStateTracker(  256): [mms] Do not process intents if disabled.
02-13 18:04:53.972 D/MobileDataStateTracker(  256): [default]  MobileDataStateReceiver onReceive(): Entry.
02-13 18:04:53.972 D/MobileDataStateTracker(  256): [default]  intent.getAction()= android.intent.action.ANY_DATA_STATE
02-13 18:04:53.972 D/MobileDataStateTracker(  256): [default]  mEnabled = true
02-13 18:04:53.972 D/Phone   (  344): [PhoneNotifier] [DefaultPhoneNotifier] : hipri, INET6, DISCONNECTED
02-13 18:04:53.972 I/TelephonyRegistry(  256): notifyDataConnection: state=0 isDataConnectivityPossible=true reason=radioTechnologyChanged interfaceName=null networkType=6 apnType=hipri apn=null
02-13 18:04:53.972 I/TelephonyRegistry(  256): +++broadcastDataConnectionStateChanged
02-13 18:04:53.982 I/TelephonyRegistry(  256): +++sendStickyBroadcast
02-13 18:04:53.982 D/DATA    (  344): [DCT(0) ] Resetting all profiles and service states!
02-13 18:04:53.982 D/PhoneApp(  344): mReceiver: ACTION_ANY_DATA_CONNECTION_STATE_CHANGED
02-13 18:04:53.982 D/PhoneApp(  344): - state: DISCONNECTED
02-13 18:04:53.982 D/PhoneApp(  344): - reason: radioTechnologyChanged
02-13 18:04:53.982 D/PhoneApp(  344): mReceiver: ACTION_ANY_DATA_CONNECTION_STATE_CHANGED
02-13 18:04:53.982 D/PhoneApp(  344): - state: DISCONNECTED
02-13 18:04:53.982 D/PhoneApp(  344): - reason: radioTechnologyChanged
02-13 18:04:53.982 D/PhoneApp(  344): mReceiver: ACTION_ANY_DATA_CONNECTION_STATE_CHANGED
02-13 18:04:53.982 D/PhoneApp(  344): - state: DISCONNECTED
02-13 18:04:53.982 D/PhoneApp(  344): - reason: radioTechnologyChanged
02-13 18:04:53.982 D/PhoneApp(  344): mReceiver: ACTION_ANY_DATA_CONNECTION_STATE_CHANGED
02-13 18:04:53.982 D/PhoneApp(  344): - state: DISCONNECTED
02-13 18:04:53.982 D/PhoneApp(  344): - reason: radioTechnologyChanged
02-13 18:04:53.982 D/PhoneApp(  344): mReceiver: ACTION_ANY_DATA_CONNECTION_STATE_CHANGED
02-13 18:04:53.982 D/PhoneApp(  344): - state: DISCONNECTED
02-13 18:04:53.982 D/PhoneApp(  344): - reason: radioTechnologyChanged
02-13 18:04:53.982 D/PhoneApp(  344): mReceiver: ACTION_ANY_DATA_CONNECTION_STATE_CHANGED
02-13 18:04:53.982 D/PhoneApp(  344): - state: DISCONNECTED
02-13 18:04:53.982 D/PhoneApp(  344): - reason: radioTechnologyChanged
02-13 18:04:53.992 D/MobileDataStateTracker(  256): [default]  apnTypeList = mms
02-13 18:04:53.992 D/MobileDataStateTracker(  256): [default]  unavailable = false
02-13 18:04:53.992 D/MobileDataStateTracker(  256): [default] not what we are looking for.
02-13 18:04:53.992 D/MobileDataStateTracker(  256): [hipri]  MobileDataStateReceiver onReceive(): Entry.
02-13 18:04:53.992 D/MobileDataStateTracker(  256): [hipri]  intent.getAction()= android.intent.action.ANY_DATA_STATE
02-13 18:04:53.992 D/MobileDataStateTracker(  256): [hipri]  mEnabled = false
02-13 18:04:53.992 D/MobileDataStateTracker(  256): [hipri]  apnTypeList = supl
02-13 18:04:53.992 D/MobileDataStateTracker(  256): [hipri]  unavailable = false
02-13 18:04:53.992 D/MobileDataStateTracker(  256): [hipri] Do not process intents if disabled.
02-13 18:04:53.992 D/PhoneApp(  344): mReceiver: ACTION_ANY_DATA_CONNECTION_STATE_CHANGED
02-13 18:04:53.992 D/PhoneApp(  344): - state: DISCONNECTED
02-13 18:04:53.992 D/PhoneApp(  344): - reason: radioTechnologyChanged
02-13 18:04:53.992 D/PhoneApp(  344): mReceiver: ACTION_ANY_DATA_CONNECTION_STATE_CHANGED
02-13 18:04:53.992 D/PhoneApp(  344): - state: DISCONNECTED
02-13 18:04:53.992 D/PhoneApp(  344): - reason: radioTechnologyChanged
02-13 18:04:53.992 D/PhoneApp(  344): mReceiver: ACTION_ANY_DATA_CONNECTION_STATE_CHANGED
02-13 18:04:53.992 D/PhoneApp(  344): - state: DISCONNECTED
02-13 18:04:53.992 D/PhoneApp(  344): - reason: radioTechnologyChanged
02-13 18:04:54.002 D/PhoneApp(  344): mReceiver: ACTION_ANY_DATA_CONNECTION_STATE_CHANGED
02-13 18:04:54.002 D/PhoneApp(  344): - state: DISCONNECTED
02-13 18:04:54.002 D/PhoneApp(  344): - reason: radioTechnologyChanged
02-13 18:04:54.002 I/DATA    (  344): [DCT(0) ] onUpdateDataConnections: reason=radioTechnologyChanged
02-13 18:04:54.002 I/DATA    (  344): [DCT(0) ] ---dc list---
02-13 18:04:54.002 I/DATA    (  344): [DCT(0) ] cid = -1, state = DcActivatingState, bearerType = null, ipaddress = null, gw=null, dns=[null, null]
02-13 18:04:54.002 I/DATA    (  344): [DCT(0) ] ---ds list---
02-13 18:04:54.002 I/DATA    (  344): [DCT(0) ] ds= SERVICE_TYPE_DEFAULT, enabled = true, active = v4:CONNECTING v6:IDLE
02-13 18:04:54.002 I/DATA    (  344): [DCT(0) ] ds= SERVICE_TYPE_MMS, enabled = false, active = v4:IDLE v6:IDLE
02-13 18:04:54.002 I/DATA    (  344): [DCT(0) ] ds= SERVICE_TYPE_SUPL, enabled = false, active = v4:IDLE v6:IDLE
02-13 18:04:54.002 I/DATA    (  344): [DCT(0) ] ds= SERVICE_TYPE_DUN, enabled = false, active = v4:IDLE v6:IDLE
02-13 18:04:54.002 I/DATA    (  344): [DCT(0) ] ds= SERVICE_TYPE_HIPRI, enabled = false, active = v4:IDLE v6:IDLE
02-13 18:04:54.002 I/DATA    (  344): [DCT(0) ] Ready for data : 
02-13 18:04:54.002 I/DATA    (  344): [DCT(0) ]    getDesiredPowerState() = true
02-13 18:04:54.002 I/DATA    (  344): [DCT(0) ]    mCm.getRadioState() = RADIO_ON
