02-13 18:09:48.342 D/Bitmap  (  770):       android.widget.FrameLayout.draw(FrameLayout.java:357)
02-13 18:09:48.342 D/Bitmap  (  770):       android.view.ViewGroup.drawChild(ViewGroup.java:1649)
02-13 18:09:48.352 D/Bitmap  (  770):       android.view.ViewGroup.dispatchDraw(ViewGroup.java:1376)
02-13 18:09:48.352 D/Bitmap  (  770):       android.view.View.draw(View.java:6883)
02-13 18:09:48.352 D/Bitmap  (  770):       android.view.ViewGroup.drawChild(ViewGroup.java:1649)
02-13 18:09:48.352 D/Bitmap  (  770):       android.view.ViewGroup.dispatchDraw(ViewGroup.java:1376)
02-13 18:09:48.352 D/Bitmap  (  770):       android.view.View.draw(View.java:6883)
02-13 18:09:48.352 D/Bitmap  (  770):       android.widget.FrameLayout.draw(FrameLayout.java:357)
02-13 18:09:48.352 D/Bitmap  (  770):       android.view.ViewGroup.drawChild(ViewGroup.java:1649)
02-13 18:09:48.352 D/Bitmap  (  770):       android.view.ViewGroup.dispatchDraw(ViewGroup.java:1376)
02-13 18:09:48.352 D/Bitmap  (  770):       android.view.ViewGroup.drawChild(ViewGroup.java:1647)
02-13 18:09:48.352 D/Bitmap  (  770):       android.view.ViewGroup.dispatchDraw(ViewGroup.java:1376)
02-13 18:09:48.352 D/Bitmap  (  770):       android.view.View.draw(View.java:6883)
02-13 18:09:48.352 D/Bitmap  (  770):       android.widget.FrameLayout.draw(FrameLayout.java:357)
02-13 18:09:48.352 D/Bitmap  (  770):       com.android.internal.policy.impl.PhoneWindow$DecorView.draw(PhoneWindow.java:1866)
02-13 18:09:48.352 D/Bitmap  (  770):       android.view.ViewRoot.draw(ViewRoot.java:1526)
02-13 18:09:48.352 D/Bitmap  (  770):       android.view.ViewRoot.performTraversals(ViewRoot.java:1262)
02-13 18:09:48.352 D/Bitmap  (  770):       android.view.ViewRoot.handleMessage(ViewRoot.java:1864)
02-13 18:09:48.352 D/Bitmap  (  770):       android.os.Handler.dispatchMessage(Handler.java:99)
02-13 18:09:48.352 D/Bitmap  (  770):       android.os.Looper.loop(Looper.java:130)
02-13 18:09:48.352 D/Bitmap  (  770):       android.app.ActivityThread.main(ActivityThread.java:3704)
02-13 18:09:48.352 D/Bitmap  (  770):       java.lang.reflect.Method.invokeNative(Native Method)
02-13 18:09:48.352 D/Bitmap  (  770):       java.lang.reflect.Method.invoke(Method.java:507)
02-13 18:09:48.352 D/Bitmap  (  770):       com.android.internal.os.ZygoteInit$MethodAndArgsCaller.run(ZygoteInit.java:875)
02-13 18:09:48.352 D/Bitmap  (  770):       com.android.internal.os.ZygoteInit.main(ZygoteInit.java:633)
02-13 18:09:48.352 D/Bitmap  (  770):       dalvik.system.NativeStart.main(Native Method)
02-13 18:09:48.352 D/Bitmap  (  770): _
02-13 18:09:48.422 D/Mms     (  770): formatTimeStampString1 ,when = 1329160934923
02-13 18:09:48.422 D/Mms     (  770): formatTimeStampString2 ,when = 1329160934923
02-13 18:09:48.422 D/MessageItem(  770): MessageItem ,expiryDate = 0
02-13 18:09:48.462 D/Mms     (  770): formatTimeStampString1 ,when = 1329160934923
02-13 18:09:48.462 D/Mms     (  770): formatTimeStampString2 ,when = 1329160934923
02-13 18:09:48.462 D/MessageItem(  770): MessageItem ,expiryDate = 0
02-13 18:09:48.563 D/KeyguardUpdateMonitor(  256): received broadcast android.intent.action.TIMEZONE_CHANGED
02-13 18:09:48.573 D/KeyguardUpdateMonitor(  256): handleTimeUpdate
02-13 18:09:48.593 D/OmaDrmReceiver(  557): android.intent.action.TIMEZONE_CHANGED
02-13 18:09:48.593 D/KeyguardUpdateMonitor(  256): received broadcast android.intent.action.ALARM_CHANGED
02-13 18:09:48.593 D/KeyguardUpdateMonitor(  256): onReceive ACTION_ALARM_CHANGED -  alarmSet:false
02-13 18:09:48.593 D/KeyguardUpdateMonitor(  256): handleAlarmStateChanged(false)
02-13 18:09:48.813 I/vDM     (  466): KeyCode = 4
02-13 18:09:48.813 I/vDM     (  466): Vdmc getInstance
02-13 18:09:48.813 I/vDM     (  466): Vdmc getInstance
02-13 18:09:48.813 D/DMC     (  466): MyCIMMI getInstance
02-13 18:09:48.813 I/vDM     (  466): Vdmc getInstance
02-13 18:09:48.913 D/KeyguardViewMediator(  256): setHidden false
02-13 18:09:48.923 D/KeyguardViewMediator(  256): setHidden false
02-13 18:09:48.923 I/vDM     (  466): KeyCode = 4
02-13 18:09:48.933 D/KeyguardViewMediator(  256): setHidden false
02-13 18:09:48.943 D/Mms     (  770): formatTimeStampString1 ,when = 1329178087233
02-13 18:09:48.943 D/Mms     (  770): formatTimeStampString2 ,when = 1329178087233
02-13 18:09:48.943 D/KeyguardViewMediator(  256): setHidden false
02-13 18:09:48.953 I/vDM     (  466): Vdmc getInstance
02-13 18:09:48.953 I/vDM     (  466): Vdmc getInstance
02-13 18:09:48.953 D/DMC     (  466): MyCIMMI getInstance
02-13 18:09:48.953 I/vDM     (  466): Vdmc getInstance
02-13 18:09:48.953 D/Mms     (  770): formatTimeStampString1 ,when = 1329178068046
02-13 18:09:48.953 D/Mms     (  770): formatTimeStampString2 ,when = 1329178068046
02-13 18:09:48.953 D/MessageItem(  770): MessageItem ,expiryDate = 0
02-13 18:09:48.963 D/KeyguardViewMediator(  256): setHidden false
02-13 18:09:48.963 D/Mms     (  770): formatTimeStampString1 ,when = 1329176115363
02-13 18:09:48.963 D/Mms     (  770): formatTimeStampString2 ,when = 1329176115363
02-13 18:09:48.973 D/MessageItem(  770): MessageItem ,expiryDate = 0
02-13 18:09:48.983 D/KeyguardViewMediator(  256): setHidden false
02-13 18:09:48.993 D/KeyguardViewMediator(  256): setHidden false
02-13 18:09:49.013 D/KeyguardViewMediator(  256): setHidden false
02-13 18:09:49.023 D/KeyguardViewMediator(  256): setHidden false
02-13 18:09:49.053 D/KeyguardViewMediator(  256): setHidden false
02-13 18:09:49.063 D/KeyguardViewMediator(  256): setHidden false
02-13 18:09:49.073 D/KeyguardViewMediator(  256): setHidden false
02-13 18:09:49.103 D/KeyguardViewMediator(  256): setHidden false
02-13 18:09:50.635 E/HQB     (  770): onReceive  action received com.android.mms.transaction.MESSAGE_SENT
02-13 18:09:50.635 E/HQB     (  770): onReceiveWithPrivilege  action received com.android.mms.transaction.MESSAGE_SENT
02-13 18:09:50.665 D/MAP.MapReceiver(  345): Got event in onReceiver com.broadcom.bt.service.map.sms.MESSAGE_SENT_BY_MMS_APP
02-13 18:09:50.705 D/Mms     (  770): formatTimeStampString1 ,when = 1329178188075
02-13 18:09:50.705 D/Mms     (  770): formatTimeStampString2 ,when = 1329178188075
02-13 18:09:50.715 D/Mms     (  770): formatTimeStampString1 ,when = 1329178087233
02-13 18:09:50.725 D/Mms     (  770): formatTimeStampString2 ,when = 1329178087233
02-13 18:09:50.725 D/Mms     (  770): formatTimeStampString1 ,when = 1329178068046
02-13 18:09:50.735 D/Mms     (  770): formatTimeStampString2 ,when = 1329178068046
02-13 18:09:50.735 D/MessageItem(  770): MessageItem ,expiryDate = 0
02-13 18:09:50.735 D/Mms     (  770): formatTimeStampString1 ,when = 1329176115363
02-13 18:09:50.735 D/Mms     (  770): formatTimeStampString2 ,when = 1329176115363
02-13 18:09:50.735 D/MessageItem(  770): MessageItem ,expiryDate = 0
02-13 18:09:50.755 D/Mms     (  770): formatTimeStampString1 ,when = 1329178188075
02-13 18:09:50.755 D/Mms     (  770): formatTimeStampString2 ,when = 1329178188075
02-13 18:09:50.765 D/Mms     (  770): formatTimeStampString1 ,when = 1329178087233
02-13 18:09:50.765 D/Mms     (  770): formatTimeStampString2 ,when = 1329178087233
02-13 18:09:50.765 D/Mms     (  770): formatTimeStampString1 ,when = 1329178068046
02-13 18:09:50.765 D/Mms     (  770): formatTimeStampString2 ,when = 1329178068046
02-13 18:09:50.765 D/MessageItem(  770): MessageItem ,expiryDate = 0
02-13 18:09:50.775 D/Mms     (  770): formatTimeStampString1 ,when = 1329176115363
02-13 18:09:50.775 D/Mms     (  770): formatTimeStampString2 ,when = 1329176115363
02-13 18:09:50.775 D/MessageItem(  770): MessageItem ,expiryDate = 0
02-13 18:09:53.678 D/AlarmManager(  256): +++Alarm set:type=0 com.android.providers.calendar  Trigger after:79259980ms
02-13 18:10:00.024 D/KeyguardUpdateMonitor(  256): received broadcast android.intent.action.TIME_TICK
02-13 18:10:00.024 D/KeyguardUpdateMonitor(  256): handleTimeUpdate
02-13 18:10:54.777 D/DATA    (  344): [DSST(0)] pollstate() : reason = data network state changed
02-13 18:10:54.857 D/MobileDataStateTracker(  256): [hipri]  MobileDataStateReceiver onReceive(): Entry.
02-13 18:10:54.857 D/MobileDataStateTracker(  256): [hipri]  intent.getAction()= android.intent.action.SERVICE_STATE
02-13 18:10:54.857 D/MobileDataStateTracker(  256): [hipri]  mEnabled = false
02-13 18:10:54.867 D/MobileDataStateTracker(  256): [dun]  MobileDataStateReceiver onReceive(): Entry.
02-13 18:10:54.867 D/MobileDataStateTracker(  256): [dun]  intent.getAction()= android.intent.action.SERVICE_STATE
02-13 18:10:54.867 D/MobileDataStateTracker(  256): [dun]  mEnabled = false
02-13 18:10:54.867 D/Mms     (  770): currentRoamingStatus:1
02-13 18:10:54.867 D/MobileDataStateTracker(  256): [supl]  MobileDataStateReceiver onReceive(): Entry.
02-13 18:10:54.867 D/MobileDataStateTracker(  256): [supl]  intent.getAction()= android.intent.action.SERVICE_STATE
02-13 18:10:54.867 D/MobileDataStateTracker(  256): [supl]  mEnabled = false
02-13 18:10:54.867 D/MobileDataStateTracker(  256): [mms]  MobileDataStateReceiver onReceive(): Entry.
02-13 18:10:54.867 D/MobileDataStateTracker(  256): [mms]  intent.getAction()= android.intent.action.SERVICE_STATE
02-13 18:10:54.867 D/MobileDataStateTracker(  256): [mms]  mEnabled = false
02-13 18:10:54.867 D/MobileDataStateTracker(  256): [default]  MobileDataStateReceiver onReceive(): Entry.
02-13 18:10:54.867 D/MobileDataStateTracker(  256): [default]  intent.getAction()= android.intent.action.SERVICE_STATE
02-13 18:10:54.867 D/MobileDataStateTracker(  256): [default]  mEnabled = true
02-13 18:10:54.867 D/DATA    (  344): [DSST(0)]  registrationState = 1  radioTechnology = 8 reasonForDenial = 0
02-13 18:10:54.867 D/DATA    (  344): [DSST(0)]  set mNewDataConnectionState = 0
02-13 18:10:54.877 D/DATA    (  344): [DSST(0)]  mNewDataConnectionState : 0  mDataConnectionState : 0
02-13 18:10:54.877 D/DATA    (  344): [DSST(0)] Poll ServiceState done: oldSS=[0 home null null null  EvDo rev. A CSS not supported -1 -1RoamInd: -1RoamStatus(sprint): -1DefRoamInd: -1EmergOnly: false] newSS=[0 home null null null  EvDo rev. A CSS not supported -1 -1RoamInd: -1RoamStatus(sprint): -1DefRoamInd: -1EmergOnly: false]
02-13 18:10:54.877 D/DATA    (  344): [DSST(0)]  mDataConnectionState = 0
02-13 18:10:54.877 D/CallManager(  344):  handleMessage (EVENT_SERVICE_STATE_CHANGED)
02-13 18:10:54.877 E/BT HS/HF(  344): SERVICE_STATE_CHANGED called
02-13 18:10:54.877 E/BT HS/HF(  344): updateServiceState called, sendUpdate:false  ServiceState:0 home Sprint  310099  EvDo rev. A CSS not supported 41 4139RoamInd: 1RoamStatus(sprint): 1DefRoamInd: 160EmergOnly: false
02-13 18:10:54.877 E/BT HS/HF(  344): service:1 mService:1
