02-13 18:05:00.879 I/db_sample(  394): [/data/data/com.android.providers.contacts/databases/contacts2.db,COMMIT;UPDATE presence SET mode=? WHERE protocol=? AND im_accoun,27,,6]
02-13 18:05:04.632 I/dvm_gc_madvise_info(  377): [143360,135168]
02-13 18:05:07.035 I/am_destroy_service(  256): [1082614464,com.sprint.ce.updater/.UpdaterService,541]
02-13 18:05:07.035 I/am_kill (  256): [541,com.sprint.ce.updater,14,too many background]
02-13 18:05:07.035 I/am_proc_died(  256): [541,com.sprint.ce.updater]
02-13 18:05:10.458 I/notification_cancel(  256): [com.android.phone,111,0]
02-13 18:05:11.149 I/am_create_service(  256): [1083494976,com.google.android.gsf/.gtalkservice.PushMessagingRegistrar,act=com.google.android.c2dm.intent.REGISTER,377]
02-13 18:05:11.159 I/am_create_service(  256): [1083497976,com.locationlabs.v3client/.AccountService,act=com.locationlabs.action.GET_ACCOUNT pkg=com.locationlabs.v3client,647]
02-13 18:05:11.269 I/dvm_gc_info(  647): [8517260637557036655,-8981719479951124430,-4005805597792569299,7358131]
02-13 18:05:11.339 I/am_create_service(  256): [1083397928,com.locationlabs.v3client/.V3ApiService,act=com.locationlabs.v3client.action.NOTIFICATION pkg=com.locationlabs.v3client,647]
02-13 18:05:11.369 I/dvm_gc_info(  377): [7449358886915610213,-8951601382497994698,-4004679697885726675,7358131]
02-13 18:05:11.369 I/am_create_service(  256): [1083402096,com.locationlabs.v3client/.RadioSignalService,pkg=com.locationlabs.v3client,647]
02-13 18:05:11.369 I/am_create_service(  256): [1083405168,com.locationlabs.v3client/.HeartbeatService,act=com.locationlabs.v3client.action.ACTION_UPDATE_HEARTBEAT pkg=com.locationlabs.v3client,647]
02-13 18:05:11.379 I/am_create_service(  256): [1083408336,com.locationlabs.v3client/.GpsStateService,act=com.locationlabs.action.TURN_OFF_GPS_DETECTION pkg=com.locationlabs.v3client,647]
02-13 18:05:11.379 I/am_create_service(  256): [1083412368,com.locationlabs.v3client/.FeatureService,act=com.locationlabs.v3client.action.RESTART pkg=com.locationlabs.v3client,647]
02-13 18:05:11.399 I/am_destroy_service(  256): [1083497976,com.locationlabs.v3client/.AccountService,647]
02-13 18:05:11.399 I/am_destroy_service(  256): [1083408336,com.locationlabs.v3client/.GpsStateService,647]
02-13 18:05:11.419 I/am_destroy_service(  256): [1083412368,com.locationlabs.v3client/.FeatureService,647]
02-13 18:05:11.499 I/am_destroy_service(  256): [1083405168,com.locationlabs.v3client/.HeartbeatService,647]
02-13 18:05:11.589 I/dvm_gc_info(  647): [8517260637557065323,-8951320044993820620,-4005242647839147987,7358131]
02-13 18:05:11.749 I/battery_level(  256): [12,3650,300]
02-13 18:05:12.310 I/google_http_request(  377): [1044,200,AndroidC2DM/1.0,1]
02-13 18:05:12.520 I/dvm_gc_info(  647): [8517260637557069416,-8947942207800760266,-4004679697885726675,7358131]
02-13 18:05:12.911 I/dvm_gc_info(  647): [8517260637557167656,-9028725388677777354,-4004679697885726675,7358131]
02-13 18:05:12.941 I/dvm_gc_info(  647): [8517260637557080320,-9220691185321940936,-4004398222909016019,7358131]
02-13 18:05:13.421 I/am_create_service(  256): [1083104904,com.locationlabs.v3client/.ConfigurationService,act=com.locationlabs.v3client.action.CHECK_CONFIGURATION pkg=com.locationlabs.v3client,647]
02-13 18:05:13.431 I/am_destroy_service(  256): [1083104904,com.locationlabs.v3client/.ConfigurationService,647]
02-13 18:05:14.142 I/dvm_gc_info(  647): [8517260637557073552,-8943438333261912009,-4004398222909016019,7358131]
02-13 18:05:15.353 I/am_create_service(  256): [1083115432,com.locationlabs.v3client/.ConfigurationService,act=com.locationlabs.v3client.action.CHECK_CONFIGURATION pkg=com.locationlabs.v3client,647]
02-13 18:05:15.373 I/am_destroy_service(  256): [1083115432,com.locationlabs.v3client/.ConfigurationService,647]
02-13 18:05:15.373 I/am_destroy_service(  256): [1083397928,com.locationlabs.v3client/.V3ApiService,647]
02-13 18:05:15.603 I/notification_enqueue(  256): [com.android.phone,5,Notification(vibrate=default,sound=default,defaults=0x3,flags=0x20)]
02-13 18:05:16.404 I/dvm_gc_madvise_info(  377): [180224,135168]
02-13 18:05:18.056 I/notification_cancel(  256): [com.android.phone,111,0]
02-13 18:05:19.197 I/dvm_gc_madvise_info(  647): [221184,135168]
02-13 18:05:25.823 I/notification_cancel(  256): [com.android.phone,111,0]
02-13 18:05:25.853 I/dvm_gc_info(  327): [8320808730291664456,-9001985678257489869,-4004398222909016019,7358201]
02-13 18:05:30.898 I/notification_cancel(  256): [com.android.phone,111,0]
02-13 18:05:30.908 I/dvm_gc_madvise_info(  327): [253952,135168]
02-13 18:05:31.759 I/battery_level(  256): [11,3634,300]
02-13 18:05:36.003 I/notification_cancel(  256): [com.android.phone,111,0]
