02-13 18:04:17.415 I/boot_progress_start(  115): 7400
02-13 18:04:18.886 I/boot_progress_preload_start(  115): 8877
02-13 18:04:18.886 I/dvm_gc_info(  115): [8825198673194394824,-9063934019012815298,-4012584086963382722,0]
02-13 18:04:22.049 I/dvm_gc_info(  115): [8825198673194747948,-8859841571167975388,-4012560997233768412,0]
02-13 18:04:22.770 I/dvm_gc_info(  115): [8825198673194674216,-8886300218978715608,-4012560997233706968,0]
02-13 18:04:25.162 I/dvm_gc_info(  115): [8825198673194530813,-8895307418233378771,-4012560997233629139,0]
02-13 18:04:25.192 I/dvm_gc_info(  115): [8825198673194480742,-9066162729096759251,-4012560997233641427,0]
02-13 18:04:25.322 I/dvm_gc_info(  115): [8825198673194480791,-9068696003887138771,-4012560997233625043,6825601]
02-13 18:04:25.603 I/boot_progress_preload_end(  115): 15590
02-13 18:04:25.643 I/dvm_gc_info(  115): [8825198673194583180,-9098813826395170770,-4010027722443220946,7358131]
02-13 18:04:25.673 I/dvm_gc_info(  115): [8825198673194480690,-9133435248530589650,-4010027722443229138,7358131]
02-13 18:04:25.693 I/dvm_gc_info(  115): [8825198673194480199,-9214781516799969234,-4010027722443229138,7358131]
02-13 18:04:26.023 I/boot_progress_system_run(  256): 16012
02-13 18:04:26.373 I/dvm_gc_info(  256): [8320808730291889705,-9036044356597917645,-4005524122815858643,7358131]
02-13 18:04:26.403 I/boot_progress_pms_start(  256): 16397
02-13 18:04:26.613 I/dvm_gc_info(  256): [8320808730291746336,-9033229194413254599,-4003835272955594707,7358131]
02-13 18:04:26.824 I/dvm_gc_info(  256): [8320808730291664546,-8925705340992862153,-4004398222909016019,7358131]
02-13 18:04:26.834 I/boot_progress_pms_system_scan_start(  256): 16822
02-13 18:04:27.584 I/dvm_gc_info(  256): [8320808730291672621,-9009584884002224068,-4002990848025462739,7358131]
02-13 18:04:28.495 I/dvm_gc_info(  256): [8320808730291754559,-9006769928009500608,-4002146423095330771,7358131]
02-13 18:04:29.346 I/dvm_gc_info(  256): [8320808730291717696,-8994384754072340412,-4000457573235066835,7358131]
02-13 18:04:30.057 I/dvm_gc_info(  256): [8320808730291672697,-8924578616217139130,-3999894623281645523,7358131]
02-13 18:04:30.968 I/boot_progress_pms_data_scan_start(  256): 20965
02-13 18:04:31.178 I/dvm_gc_info(  256): [8320808730291672650,-8983406748809951157,-3998205773421381587,7358131]
02-13 18:04:34.371 I/dvm_gc_info(  256): [8320808730291672657,-8985376661212538800,-3996235448584406995,7358131]
02-13 18:04:34.621 I/dvm_gc_info(  256): [8320808730291672702,-8946532633306187692,-3994828073700853715,7358131]
02-13 18:04:34.932 I/dvm_gc_info(  256): [8320808730291680854,-8984531411413612452,-3992294798910457811,7358131]
02-13 18:04:35.102 I/boot_progress_pms_scan_end(  256): 25091
02-13 18:04:35.222 I/boot_progress_pms_ready(  256): 25214
02-13 18:04:35.292 I/dvm_gc_info(  256): [8320808730291877611,-8919791754503669672,-3993702173794011091,7358131]
02-13 18:04:35.612 I/db_sample(  256): [/data/data/com.android.providers.settings/databases/settings.db,SELECT name, value FROM secure LIMIT 201,0,,1]
02-13 18:04:35.632 I/battery_status(  256): [3,2,1,0,Li-ion]
02-13 18:04:35.652 I/battery_level(  256): [12,3663,310]
02-13 18:04:35.832 I/free_storage_left(  256): [2716966912,35962880,292564992]
02-13 18:04:35.832 I/free_storage_changed(  256): 2716966912
02-13 18:04:36.063 I/dvm_gc_info(  256): [8320808730291709674,-8919510279526971305,-3993983648770721747,7358131]
02-13 18:04:36.193 I/am_create_service(  256): [1082463912,com.google.android.backup/.BackupTransportService,,256]
02-13 18:04:36.243 I/configuration_changed(  256): 504
02-13 18:04:36.263 I/power_screen_state(  256): [1,3,0,0]
02-13 18:04:36.263 I/power_screen_broadcast_send(  256): 1
02-13 18:04:36.263 I/screen_toggled(  256): 1
02-13 18:04:36.273 I/boot_progress_ams_ready(  256): 26262
02-13 18:04:36.293 I/am_proc_start(  256): [327,1000,com.android.systemui,service,com.android.systemui/.statusbar.StatusBarService]
02-13 18:04:36.293 I/configuration_changed(  256): 512
02-13 18:04:36.363 I/dvm_gc_madvise_info(  327): [380928,135168]
02-13 18:04:36.433 I/am_proc_bound(  256): [327,com.android.systemui]
02-13 18:04:36.433 I/am_create_service(  256): [1081786088,com.android.systemui/.statusbar.StatusBarService,,327]
02-13 18:04:36.483 I/am_create_service(  256): [1081469664,android/com.android.internal.service.wallpaper.ImageWallpaper,act=android.service.wallpaper.WallpaperService,256]
02-13 18:04:36.533 I/dvm_gc_madvise_info(  335): [376832,135168]
02-13 18:04:36.593 I/dvm_gc_info(  256): [8320808730292024966,-8964264800823936936,-3993983648770721747,7358211]
02-13 18:04:36.593 I/am_proc_start(  256): [335,10038,com.android.inputmethod.latin,service,com.android.inputmethod.latin/.LatinIME]
02-13 18:04:36.593 I/am_proc_bound(  256): [335,com.android.inputmethod.latin]
02-13 18:04:36.593 I/am_create_service(  256): [1081785672,com.android.inputmethod.latin/.LatinIME,act=android.view.InputMethod,335]
02-13 18:04:36.663 I/am_proc_start(  256): [344,1001,com.android.phone,added application,com.android.phone]
02-13 18:04:36.673 I/am_proc_start(  256): [345,1002,com.broadcom.bt.app.system,added application,com.broadcom.bt.app.system]
02-13 18:04:36.733 I/am_create_task(  256): 2
02-13 18:04:36.743 I/am_create_activity(  256): [1079598840,2,com.android.launcher/com.android.launcher2.Launcher,android.intent.action.MAIN,NULL,NULL,268435456]
02-13 18:04:36.753 I/am_proc_start(  256): [351,10037,com.android.launcher,activity,com.android.launcher/com.android.launcher2.Launcher]
02-13 18:04:36.773 I/dvm_gc_madvise_info(  344): [376832,135168]
02-13 18:04:36.793 I/dvm_gc_madvise_info(  345): [376832,135168]
02-13 18:04:36.954 I/dvm_gc_madvise_info(  351): [376832,135168]
02-13 18:04:36.974 I/am_proc_bound(  256): [344,com.android.phone]
02-13 18:04:36.984 I/am_proc_bound(  256): [345,com.broadcom.bt.app.system]
02-13 18:04:37.044 I/notification_cancel(  256): [android,17302240,0]
02-13 18:04:37.054 I/am_proc_bound(  256): [351,com.android.launcher]
02-13 18:04:37.054 I/am_restart_activity(  256): [1079598840,2,com.android.launcher/com.android.launcher2.Launcher]
02-13 18:04:37.104 I/am_proc_start(  256): [377,10027,com.google.process.gapps,service,com.google.android.gsf/.loginservice.GoogleLoginService]
02-13 18:04:37.134 I/binder_sample(  327): [IMountService,3,5,com.android.systemui,1]
02-13 18:04:37.324 I/dvm_gc_madvise_info(  377): [372736,135168]
02-13 18:04:37.444 I/dvm_gc_info(  256): [8320808730291869280,-8977494124729292709,-3993983648770721747,7899012]
02-13 18:04:37.464 I/binder_sample(  327): [android.app.IActivityManager,12,94,com.android.systemui,18]
02-13 18:04:37.484 I/am_proc_start(  256): [394,10007,android.process.acore,content provider,com.android.providers.userdictionary/.UserDictionaryProvider]
02-13 18:04:37.494 I/am_proc_bound(  256): [377,com.google.process.gapps]
02-13 18:04:37.494 I/am_create_service(  256): [1081241232,com.google.android.gsf/.loginservice.GoogleLoginService,act=android.accounts.AccountAuthenticator,377]
02-13 18:04:37.504 I/binder_sample(  351): [android.app.IActivityManager,12,171,com.android.launcher,34]
02-13 18:04:37.664 I/dvm_gc_madvise_info(  394): [372736,135168]
02-13 18:04:37.734 I/dvm_gc_info(  335): [7809651225004099108,-9041392518678300623,-4010027722443229139,7358207]
02-13 18:04:37.804 I/am_proc_bound(  256): [394,android.process.acore]
02-13 18:04:37.814 I/binder_sample(  344): [android.app.IActivityManager,12,134,com.android.phone,26]
02-13 18:04:37.864 I/binder_sample(  335): [android.content.IContentProvider,21,79,com.android.inputmethod.latin,15]
02-13 18:04:38.015 I/dvm_gc_info(  344): [8099846449757476390,-9032948200607156175,-4006087072769279955,7358131]
02-13 18:04:38.025 I/binder_sample(  351): [,1,89,com.android.launcher,17]
02-13 18:04:38.025 I/binder_sample(  377): [android.accounts.IAccountManager,4,6,com.google.process.gapps,1]
02-13 18:04:38.025 I/binder_sample(  344): [android.content.IContentService,1,7,com.android.phone,1]
02-13 18:04:38.095 I/binder_sample(  327): [android.content.pm.IPackageManager,10,39,com.android.systemui,7]
02-13 18:04:38.225 I/binder_sample(  344): [android.content.IContentService,1,37,com.android.phone,7]
02-13 18:04:38.305 I/configuration_changed(  256): 3
02-13 18:04:38.305 I/am_relaunch_resume_activity(  256): [1079598840,2,com.android.launcher/com.android.launcher2.Launcher]
02-13 18:04:38.385 I/dvm_gc_info(  351): [7809652345805776352,-9047303630628186064,-4010027722443229139,7358210]
02-13 18:04:38.485 I/notification_cancel(  256): [com.android.phone,2,0]
02-13 18:04:38.505 I/am_create_service(  256): [1082491752,com.android.phone/.BluetoothHeadsetService,act=android.bluetooth.IBluetoothHeadset,344]
02-13 18:04:38.525 I/db_sample(  394): [/data/data/com.android.providers.contacts/databases/contacts2.db,PRAGMA user_version;,0,android.process.acore,1]
02-13 18:04:38.555 I/dvm_gc_info(  327): [8320808730291783208,-9033229675583870927,-4004961172862437331,7358189]
02-13 18:04:38.645 I/content_query_sample(  344): [content://telephony/carriers/preferapn,_id/name/apn,,name ASC,45,com.android.phone,10]
02-13 18:04:38.695 I/dvm_gc_info(  351): [7809652345805046938,-9068695728858183632,-4010027722443229139,7903112]
02-13 18:04:38.735 I/binder_sample(  394): [android.accounts.IAccountManager,4,82,android.process.acore,16]
02-13 18:04:38.775 I/am_on_resume_called(  351): com.android.launcher2.Launcher
02-13 18:04:38.785 I/binder_sample(  344): [com.android.internal.telephony.ITelephonyRegistry,14,125,com.android.phone,25]
02-13 18:04:38.795 I/am_on_paused_called(  351): com.android.launcher2.Launcher
02-13 18:04:38.825 I/binder_sample(  344): [,1,11,com.android.phone,2]
02-13 18:04:38.885 I/cdma_service_state_change(  344): [1,3]
02-13 18:04:38.895 I/db_sample(  351): [/data/data/com.android.launcher/databases/launcher.db,SELECT _id, iconPackage, iconResource, appWidgetId FROM favorite,1,com.android.launcher,1]
02-13 18:04:38.986 I/db_sample(  394): [/data/data/com.android.providers.contacts/databases/contacts2.db,UPDATE contacts SET in_visible_group=? WHERE in_visible_group=0 ,240,android.process.acore,49]
02-13 18:04:39.036 I/dvm_gc_info(  256): [8320808730292057694,-8968768400266663842,-3984694974539270099,8525796]
02-13 18:04:39.036 I/am_create_service(  256): [1082147680,com.google.android.location/.NetworkLocationService,act=com.google.android.location.NetworkLocationProvider,377]
02-13 18:04:39.056 I/dvm_gc_info(  394): [7017575181484885547,-9035200069140318159,-4006087072769279955,7358131]
02-13 18:04:39.086 I/db_sample(  394): [/data/data/com.android.providers.contacts/databases/contacts2.db,SELECT property_value FROM properties WHERE property_key=?,0,android.process.acore,1]
02-13 18:04:39.146 I/binder_sample(  344): [android.app.IActivityManager,12,187,com.android.phone,37]
02-13 18:04:39.156 I/am_create_service(  256): [1082118424,com.google.android.location/.internal.server.NetworkLocationService,act=com.google.android.location.internal.ANDROID_NLP,377]
02-13 18:04:39.166 I/notification_cancel(  256): [com.android.phone,5,0]
02-13 18:04:39.166 I/notification_cancel(  256): [com.android.phone,6,0]
02-13 18:04:39.206 I/notification_cancel(  256): [com.android.phone,111,0]
02-13 18:04:39.326 I/content_update_sample(  344): [content://telephony/carriers/current,insert,,22,com.android.phone,5]
02-13 18:04:39.396 I/notification_cancel(  256): [com.android.phone,7,0]
02-13 18:04:39.396 I/notification_cancel(  256): [com.android.phone,7,0]
02-13 18:04:39.396 I/notification_cancel(  256): [com.android.phone,7,0]
02-13 18:04:39.396 I/notification_cancel(  256): [com.android.phone,7,0]
02-13 18:04:39.406 I/notification_cancel(  256): [com.android.phone,7,0]
02-13 18:04:39.406 I/notification_cancel(  256): [com.android.phone,7,0]
02-13 18:04:39.406 I/notification_cancel(  256): [com.android.phone,7,0]
02-13 18:04:39.406 I/notification_cancel(  256): [com.android.phone,7,0]
02-13 18:04:39.416 I/dvm_gc_info(  344): [8099846449757607475,-9013526083549571019,-4004961172862437331,7358131]
02-13 18:04:39.466 I/dvm_gc_info(  351): [7809652345805665609,-9054340436326451151,-4010027722443229139,8525856]
02-13 18:04:39.486 I/dvm_gc_info(  377): [7449358886915589693,-9016622651957942223,-4006087072769279955,7358131]
02-13 18:04:39.506 I/cdma_service_state_change(  344): [3,1]
02-13 18:04:39.506 I/binder_sample(  377): [android.content.IContentService,1,77,com.google.process.gapps,15]
02-13 18:04:39.576 I/am_on_resume_called(  351): com.android.launcher2.Launcher
02-13 18:04:39.676 I/notification_cancel(  256): [com.android.phone,111,0]
02-13 18:04:39.676 I/notification_cancel(  256): [com.android.phone,111,0]
02-13 18:04:39.696 I/dvm_gc_info(  351): [7809652345805419831,-9063066091717224398,-3996516923561117651,8558630]
02-13 18:04:39.746 I/notification_cancel(  256): [com.android.phone,111,0]
02-13 18:04:39.786 I/boot_progress_enable_screen(  256): 29783
02-13 18:04:39.957 I/content_query_sample(  335): [content://user_dictionary/words,_id/word/frequency,(locale IS NULL) or (locale=?),,544,,100]
02-13 18:04:40.107 I/dvm_gc_info(  335): [7809651225003152596,-9057155117290149837,-4003835272955594707,7882525]
02-13 18:04:40.530 I/am_destroy_service(  256): [1081241232,com.google.android.gsf/.loginservice.GoogleLoginService,377]
02-13 18:04:40.890 I/notification_enqueue(  256): [com.android.systemui,17301675,Notification(vibrate=null,sound=null,defaults=0x0,flags=0x2)]
02-13 18:04:41.100 I/dvm_gc_info(  256): [8320808730292164288,-8921480329301346209,-3984694974539270099,8525729]
02-13 18:04:41.210 I/power_screen_broadcast_done(  256): [1,4642,1]
02-13 18:04:41.220 I/am_proc_start(  256): [451,1000,com.android.settings,broadcast,com.android.settings/.widget.SettingsAppWidgetProvider]
02-13 18:04:41.270 I/dvm_gc_madvise_info(  451): [372736,135168]
02-13 18:04:41.300 I/am_proc_bound(  256): [451,com.android.settings]
02-13 18:04:41.610 I/am_proc_start(  256): [458,10041,com.google.android.partnersetup,broadcast,com.google.android.partnersetup/.PhoneStateReceiver]
02-13 18:04:41.660 I/dvm_gc_madvise_info(  458): [368640,135168]
02-13 18:04:41.690 I/am_proc_bound(  256): [458,com.google.android.partnersetup]
02-13 18:04:41.700 I/dvm_gc_info(  115): [8825198673194759212,-9140190372892407762,-4006087072769275858,7358131]
02-13 18:04:41.800 I/dvm_gc_info(  115): [8825198673194778672,-9222662541068629970,-4006087072769275858,7358131]
02-13 18:04:41.830 I/dvm_gc_info(  115): [8825198673194528816,-9222662541068629970,-4006087072769275858,7358131]
02-13 18:04:41.960 I/db_sample(  377): [/data/data/com.google.android.gsf/databases/googlesettings.db,INSERT INTO partner(value, name) VALUES(?, ?);,47,,10]
02-13 18:04:42.030 I/db_sample(  394): [:memory:,INSERT INTO applications ('_id', 'name', 'description', 'package,38,,8]
02-13 18:04:42.141 I/dvm_gc_info(  256): [8320808730291844643,-9023937220790482850,-3982724649702295507,8611875]
02-13 18:04:42.151 I/am_proc_start(  256): [466,1000,com.redbend.vdmc,broadcast,com.redbend.vdmc/.MyConnectionChangeReceiver]
02-13 18:04:42.161 I/am_proc_bound(  256): [466,com.redbend.vdmc]
02-13 18:04:42.251 I/am_proc_start(  256): [474,1000,com.qualcomm.privinit,broadcast,com.qualcomm.privinit/.BootReciever]
02-13 18:04:42.281 I/am_proc_bound(  256): [474,com.qualcomm.privinit]
02-13 18:04:42.291 I/am_proc_start(  256): [481,10046,com.cooliris.media,broadcast,com.cooliris.media/com.cooliris.cache.BootReceiver]
02-13 18:04:42.311 I/am_proc_bound(  256): [481,com.cooliris.media]
02-13 18:04:42.451 I/notification_cancel(  256): [com.android.systemui,17301675,0]
02-13 18:04:42.481 I/am_create_service(  256): [1081289088,com.redbend.vdmc/.Vdmc,,466]
02-13 18:04:42.481 I/am_proc_start(  256): [490,10001,zte.com.cn.alarmclock,broadcast,zte.com.cn.alarmclock/.AlarmInitReceiver]
02-13 18:04:42.511 I/am_proc_bound(  256): [490,zte.com.cn.alarmclock]
02-13 18:04:42.631 I/dvm_gc_info(  351): [7809652345805075952,-9042799755955070925,-3996516923561117651,8558633]
02-13 18:04:42.941 I/dvm_gc_info(  351): [7809652345805067761,-9038859106281129933,-3996516923561117651,8534051]
02-13 18:04:43.091 I/am_proc_start(  256): [497,10024,android.process.media,content provider,com.android.providers.downloads/.DownloadProvider]
02-13 18:04:43.101 I/binder_sample(  335): [android.app.IActivityManager,69,417,com.android.inputmethod.latin,83]
02-13 18:04:43.101 I/binder_sample(  490): [android.app.IActivityManager,63,509,zte.com.cn.alarmclock,100]
02-13 18:04:43.131 I/am_proc_start(  256): [498,10002,com.sprint.zone,broadcast,com.sprint.zone/.BootCompleteReceiver]
02-13 18:04:43.151 I/am_proc_bound(  256): [497,android.process.media]
02-13 18:04:43.161 I/am_proc_bound(  256): [498,com.sprint.zone]
02-13 18:04:43.492 I/dvm_gc_info(  498): [3349111792835081770,-9046177593232046031,-4006087072769279955,7358172]
02-13 18:04:43.542 I/dvm_gc_info(  498): [3349111792835073331,-9068695522649429967,-4006087072769279955,8546268]
02-13 18:04:43.632 I/dvm_gc_info(  498): [3349111792835085901,-9058843692306118607,-4006087072769279955,8624185]
02-13 18:04:43.722 I/dvm_gc_info(  498): [3349111792835073592,-9063628766910187470,-4006087072769279955,8702018]
02-13 18:04:43.812 I/dvm_gc_info(  498): [3349111792835073585,-9062221392026630094,-4006087072769279955,8812646]
02-13 18:04:43.842 I/am_proc_start(  256): [512,10048,com.android.email,content provider,com.android.email/com.android.exchange.provider.ExchangeProvider]
02-13 18:04:43.872 I/am_proc_bound(  256): [512,com.android.email]
02-13 18:04:43.902 I/wifi_supplicant_connection_state_changed(  256): 1
02-13 18:04:43.902 I/connectivity_state_changed(  256): 1
02-13 18:04:43.912 I/dvm_gc_madvise_info(  327): [159744,135168]
02-13 18:04:44.223 I/dvm_gc_info(  498): [3349111792835126878,-9048991998982318030,-3968932375843473363,8931446]
02-13 18:04:44.343 I/dvm_gc_info(  351): [7809652345806226778,-9052088430203320270,-3997361348491249619,8554532]
02-13 18:04:44.443 I/dvm_gc_info(  498): [3349111792835110490,-9030414581799942094,-3968932375843473363,8812646]
02-13 18:04:44.583 I/dvm_gc_info(  498): [3349111792835106409,-9045332618126649293,-3968932375843473363,8931447]
02-13 18:04:44.703 I/dvm_gc_info(  498): [3349111792835106383,-9033792144081516494,-3968932375843473363,8812646]
02-13 18:04:44.753 I/dvm_gc_madvise_info(  344): [196608,135168]
02-13 18:04:44.783 I/dvm_gc_madvise_info(  394): [188416,135168]
02-13 18:04:44.843 I/dvm_gc_madvise_info(  377): [139264,135168]
02-13 18:04:44.863 I/dvm_gc_info(  498): [3349111792835094121,-9045332618126649293,-3968932375843473363,8931447]
02-13 18:04:44.963 I/dvm_gc_info(  498): [3349111792835077711,-9033792144081516494,-3968932375843473363,8812646]
02-13 18:04:45.063 I/content_query_sample(  256): [content://telephony/carriers/preferapn,apn,,name ASC,456,,92]
02-13 18:04:45.264 I/force_gc(  256): Binder
02-13 18:04:45.324 I/dvm_gc_info(  256): [8320808730291861148,-8925702453884880800,-3982161699748874195,8611875]
02-13 18:04:45.444 I/dvm_gc_madvise_info(  335): [167936,135168]
02-13 18:04:45.504 I/dvm_gc_info(  512): [7308604875703748180,-8980593580027467725,-4005524122815858643,7358131]
02-13 18:04:45.504 I/binder_sample(  498): [com.android.internal.telephony.ITelephony,56,14,com.sprint.zone,2]
02-13 18:04:45.634 I/am_proc_start(  256): [525,10005,com.android.voicedialer,broadcast,com.android.voicedialer/.VoiceDialerReceiver]
02-13 18:04:45.654 I/am_proc_bound(  256): [525,com.android.voicedialer]
02-13 18:04:45.674 I/am_proc_start(  256): [533,10010,com.swype.android.inputmethod,broadcast,com.swype.android.inputmethod/.SwypeDataInitializer]
02-13 18:04:45.694 I/am_proc_bound(  256): [533,com.swype.android.inputmethod]
02-13 18:04:45.824 I/cdma_service_state_change(  344): [1,0]
02-13 18:04:46.615 I/am_proc_start(  256): [541,10012,com.sprint.ce.updater,broadcast,com.sprint.ce.updater/.BootCompletedReceiver]
02-13 18:04:46.675 I/notification_cancel(  256): [com.android.phone,111,0]
02-13 18:04:46.695 I/notification_cancel(  256): [com.android.phone,111,0]
02-13 18:04:46.735 I/connectivity_state_changed(  256): 2064
02-13 18:04:46.775 I/connectivity_state_changed(  256): 2112
02-13 18:04:46.795 I/am_proc_bound(  256): [541,com.sprint.ce.updater]
02-13 18:04:46.845 I/dvm_gc_madvise_info(  466): [249856,135168]
02-13 18:04:46.875 I/notification_cancel(  256): [com.android.phone,111,0]
02-13 18:04:46.895 I/dvm_gc_madvise_info(  541): [335872,135168]
02-13 18:04:46.965 I/am_create_service(  256): [1082614464,com.sprint.ce.updater/.UpdaterService,act=com.sprint.action.CLEANUP_FILES,541]
02-13 18:04:46.985 I/am_proc_start(  256): [548,10014,com.sprint.w.installer,broadcast,com.sprint.w.installer/.BootListener]
02-13 18:04:47.135 I/dvm_gc_madvise_info(  548): [368640,135168]
02-13 18:04:47.195 I/notification_cancel(  256): [com.android.phone,111,0]
02-13 18:04:47.205 I/notification_cancel(  256): [com.android.phone,111,0]
02-13 18:04:47.205 I/dvm_gc_info(  115): [8825198673195119663,-9135405298288326610,-4006087072769275858,7358131]
02-13 18:04:47.215 I/dvm_gc_info(  344): [8099846449757525612,-8967645387434223561,-4004398222909016019,7358131]
02-13 18:04:47.215 I/am_proc_bound(  256): [548,com.sprint.w.installer]
02-13 18:04:47.336 I/binder_sample(  344): [com.android.internal.telephony.ITelephonyRegistry,14,11,com.android.phone,2]
02-13 18:04:47.336 I/notification_cancel(  256): [com.android.phone,7,0]
02-13 18:04:47.336 I/notification_cancel(  256): [com.android.phone,7,0]
02-13 18:04:47.336 I/notification_cancel(  256): [com.android.phone,7,0]
02-13 18:04:47.346 I/notification_cancel(  256): [com.android.phone,7,0]
02-13 18:04:47.346 I/notification_cancel(  256): [com.android.phone,7,0]
02-13 18:04:47.356 I/notification_cancel(  256): [com.android.phone,7,0]
02-13 18:04:47.356 I/notification_cancel(  256): [com.android.phone,7,0]
02-13 18:04:47.356 I/notification_cancel(  256): [com.android.phone,7,0]
02-13 18:04:47.356 I/notification_cancel(  256): [com.android.phone,7,0]
02-13 18:04:47.356 I/notification_cancel(  256): [com.android.phone,7,0]
02-13 18:04:47.356 I/notification_cancel(  256): [com.android.phone,7,0]
02-13 18:04:47.356 I/notification_cancel(  256): [com.android.phone,7,0]
02-13 18:04:47.366 I/notification_cancel(  256): [com.android.phone,7,0]
02-13 18:04:47.366 I/notification_cancel(  256): [com.android.phone,7,0]
02-13 18:04:47.376 I/notification_cancel(  256): [com.android.phone,7,0]
02-13 18:04:47.376 I/notification_cancel(  256): [com.android.phone,7,0]
02-13 18:04:47.376 I/notification_cancel(  256): [com.android.phone,7,0]
02-13 18:04:47.376 I/notification_cancel(  256): [com.android.phone,7,0]
02-13 18:04:47.376 I/notification_cancel(  256): [com.android.phone,7,0]
02-13 18:04:47.426 I/binder_sample(  344): [android.app.INotificationManager,7,45,com.android.phone,9]
02-13 18:04:47.426 I/notification_cancel(  256): [com.android.phone,7,0]
02-13 18:04:47.466 I/am_create_service(  256): [1083085200,com.sprint.w.installer/com.sprint.id.updater.UpdaterService,,548]
02-13 18:04:47.486 I/notification_cancel(  256): [com.android.phone,7,0]
02-13 18:04:47.486 I/notification_cancel(  256): [com.android.phone,7,0]
02-13 18:04:47.496 I/notification_cancel(  256): [com.android.phone,7,0]
02-13 18:04:47.496 I/notification_cancel(  256): [com.android.phone,7,0]
02-13 18:04:47.496 I/notification_cancel(  256): [com.android.phone,7,0]
02-13 18:04:47.506 I/notification_cancel(  256): [com.android.phone,7,0]
02-13 18:04:47.506 I/notification_cancel(  256): [com.android.phone,7,0]
02-13 18:04:47.506 I/notification_cancel(  256): [com.android.phone,7,0]
02-13 18:04:47.506 I/notification_cancel(  256): [com.android.phone,7,0]
02-13 18:04:47.516 I/notification_cancel(  256): [com.android.phone,7,0]
02-13 18:04:47.516 I/notification_cancel(  256): [com.android.phone,7,0]
02-13 18:04:47.536 I/dvm_gc_info(  115): [8825198673195696176,-9222662541068629970,-4006087072769275858,7358131]
02-13 18:04:47.546 I/connectivity_state_changed(  256): 3600
02-13 18:04:47.636 I/dvm_gc_info(  115): [8825198673194811448,-9222662541068629970,-4006087072769275858,7358131]
02-13 18:04:47.726 I/am_create_service(  256): [1083228800,com.sprint.w.installer/.DownloadService,act=com.sprint.action.ACTION_CLEANUP,548]
02-13 18:04:47.786 I/am_create_service(  256): [1083253080,com.android.qualcomm/.DunService,,451]
02-13 18:04:47.796 I/am_proc_start(  256): [557,10024,com.irdeto.providers.drm,broadcast,com.irdeto.providers.drm/.OmaDrmReceiver]
02-13 18:04:47.826 I/am_destroy_service(  256): [1083228800,com.sprint.w.installer/.DownloadService,548]
02-13 18:04:47.836 I/am_proc_bound(  256): [557,com.irdeto.providers.drm]
02-13 18:04:47.876 I/am_create_service(  256): [1083272584,com.irdeto.providers.drm/.OmaDrmService,act=android.intent.action.BOOT_COMPLETED,557]
02-13 18:04:47.906 I/notification_cancel(  256): [com.android.phone,111,0]
02-13 18:04:47.916 I/am_proc_start(  256): [565,10030,com.android.mms,broadcast,com.android.mms/.transaction.MmsSystemEventReceiver]
02-13 18:04:47.956 I/am_proc_bound(  256): [565,com.android.mms]
02-13 18:04:48.016 I/binder_sample(  541): [android.app.IActivityManager,61,986,com.sprint.ce.updater,100]
02-13 18:04:48.136 I/dvm_gc_madvise_info(  481): [184320,135168]
02-13 18:04:48.216 I/am_create_service(  256): [1083330608,com.android.mms/.transaction.SmsReceiverService,act=android.intent.action.BOOT_COMPLETED,565]
02-13 18:04:48.236 I/dvm_gc_madvise_info(  497): [212992,135168]
02-13 18:04:48.246 I/am_create_service(  256): [1083340096,com.android.providers.media/.MediaScannerService,,497]
02-13 18:04:48.246 I/am_proc_start(  256): [582,1000,com.android.zte.HiddenMenu,broadcast,com.android.zte.HiddenMenu/.CommandReceiver]
02-13 18:04:48.266 I/am_proc_bound(  256): [582,com.android.zte.HiddenMenu]
02-13 18:04:48.307 I/dvm_gc_madvise_info(  474): [339968,135168]
02-13 18:04:48.347 I/am_create_service(  256): [1083353232,com.google.android.gsf/.checkin.CheckinService,,377]
02-13 18:04:48.367 I/dvm_gc_madvise_info(  533): [241664,135168]
02-13 18:04:48.377 I/am_create_service(  256): [1083361456,com.google.android.gsf/.update.SystemUpdateService,,377]
02-13 18:04:48.387 I/dvm_gc_madvise_info(  525): [319488,135168]
02-13 18:04:48.407 I/dvm_gc_madvise_info(  490): [282624,135168]
02-13 18:04:48.437 I/am_create_task(  256): 3
02-13 18:04:48.437 I/am_create_activity(  256): [1083375440,3,com.google.android.gsf/.update.SystemUpdateInstallDialog,NULL,NULL,NULL,276824064]
02-13 18:04:48.437 I/am_pause_activity(  256): [1079598840,com.android.launcher/com.android.launcher2.Launcher]
02-13 18:04:48.437 I/dvm_gc_info(  451): [8315180330336241204,-9034355575490721743,-4006368547745990611,7358131]
02-13 18:04:48.437 I/am_on_paused_called(  351): com.android.launcher2.Launcher
02-13 18:04:48.447 I/am_restart_activity(  256): [1083375440,3,com.google.android.gsf/.update.SystemUpdateInstallDialog]
02-13 18:04:48.447 I/notification_cancel(  256): [com.google.android.gsf,2130837525,0]
02-13 18:04:48.447 I/notification_cancel(  256): [com.google.android.gsf,2130837526,0]
02-13 18:04:48.457 I/am_destroy_service(  256): [1083361456,com.google.android.gsf/.update.SystemUpdateService,377]
02-13 18:04:48.457 I/system_update(  377): [512,0,-1,NULL]
02-13 18:04:48.497 I/content_update_sample(  497): [content://media/none/media_scanner,insert,,61,,13]
02-13 18:04:48.627 I/binder_sample(  458): [android.app.IActivityManager,46,6,com.google.android.partnersetup,1]
02-13 18:04:48.667 I/am_finish_activity(  256): [1083375440,3,com.google.android.gsf/.update.SystemUpdateInstallDialog,app-request]
02-13 18:04:48.667 I/am_pause_activity(  256): [1083375440,com.google.android.gsf/.update.SystemUpdateInstallDialog]
02-13 18:04:48.677 I/am_resume_activity(  256): [1079598840,2,com.android.launcher/com.android.launcher2.Launcher]
02-13 18:04:48.677 I/am_on_resume_called(  351): com.android.launcher2.Launcher
02-13 18:04:48.707 I/activity_launch_time(  256): [1079598840,com.android.launcher/com.android.launcher2.Launcher,11648,11648]
02-13 18:04:48.707 I/am_destroy_activity(  256): [1083375440,3,com.google.android.gsf/.update.SystemUpdateInstallDialog]
02-13 18:04:48.717 I/notification_cancel(  256): [com.android.mms,123,0]
02-13 18:04:48.737 I/content_query_sample(  565): [content://sms/queued,_id/thread_id/address/body/status,,date ASC,235,,48]
02-13 18:04:48.747 I/am_destroy_service(  256): [1083353232,com.google.android.gsf/.checkin.CheckinService,377]
02-13 18:04:48.757 I/db_sample(  377): [/data/data/com.google.android.gsf/databases/googlesettings.db,INSERT INTO partner(value, name) VALUES(?, ?);,28,,6]
02-13 18:04:48.777 I/notification_cancel(  256): [com.android.mms,123,0]
02-13 18:04:48.797 I/am_destroy_service(  256): [1083330608,com.android.mms/.transaction.SmsReceiverService,565]
02-13 18:04:48.847 I/db_sample(  377): [/data/data/com.google.android.gsf/databases/googlesettings.db,INSERT INTO partner(value, name) VALUES(?, ?);,23,,5]
02-13 18:04:48.937 I/binder_sample(  458): [android.content.IContentProvider,3,84,com.google.android.partnersetup,16]
02-13 18:04:48.947 I/am_create_service(  256): [1083594376,com.google.android.partnersetup/.AppHiderService,,458]
02-13 18:04:49.057 I/am_destroy_service(  256): [1083594376,com.google.android.partnersetup/.AppHiderService,458]
02-13 18:04:49.067 I/am_create_service(  256): [1083609496,com.google.android.partnersetup/.RlzPingService,,458]
02-13 18:04:49.067 I/am_proc_start(  256): [594,10043,com.google.android.gm,broadcast,com.google.android.gm/.MailIntentReceiver]
02-13 18:04:49.087 I/am_destroy_service(  256): [1083609496,com.google.android.partnersetup/.RlzPingService,458]
02-13 18:04:49.107 I/am_proc_bound(  256): [594,com.google.android.gm]
02-13 18:04:49.227 I/am_create_service(  256): [1083634880,com.google.android.gm/.MailIntentService,act=android.intent.action.BOOT_COMPLETED,594]
02-13 18:04:49.257 I/am_create_service(  256): [1083639544,com.google.android.gm/.downloadprovider.DownloadService,,594]
02-13 18:04:49.257 I/am_create_service(  256): [1083643232,com.android.email/.service.EmailBroadcastProcessorService,,512]
02-13 18:04:49.267 I/am_create_service(  256): [1083648480,com.android.providers.downloads/.DownloadService,,497]
02-13 18:04:49.267 I/notification_cancel_all(  256): [com.android.providers.downloads,0]
02-13 18:04:49.277 I/am_proc_start(  256): [605,10049,com.dataviz.docstogo,broadcast,com.dataviz.docstogo/com.dataviz.dxtg.common.android.DTGPhoneBootReceiver]
02-13 18:04:49.297 I/am_proc_bound(  256): [605,com.dataviz.docstogo]
02-13 18:04:49.478 I/dvm_gc_madvise_info(  351): [155648,135168]
02-13 18:04:49.528 I/am_proc_died(  256): [605,com.dataviz.docstogo]
02-13 18:04:49.538 I/am_broadcast_discard_app(  256): [1081550376,android.intent.action.BOOT_COMPLETED,27,ResolveInfo{407795e8 com.dataviz.dxtg.common.android.DTGPhoneBootReceiver p=0 o=0 m=0x108000}]
02-13 18:04:49.568 I/dvm_gc_info(  256): [8320808730291672877,-8908813268053878686,-3981598749795452883,8611875]
02-13 18:04:49.658 I/am_create_service(  256): [1083623664,com.google.android.gsf/.loginservice.GoogleLoginService,act=android.accounts.AccountAuthenticator,377]
02-13 18:04:49.708 I/db_sample(  256): [/data/system/accounts.db,GETLOCK:SELECT value FROM extras WHERE accounts_id=(select _id F,1,,1]
02-13 18:04:49.708 I/am_destroy_service(  256): [1083623664,com.google.android.gsf/.loginservice.GoogleLoginService,377]
02-13 18:04:49.788 I/am_destroy_service(  256): [1083634880,com.google.android.gm/.MailIntentService,594]
02-13 18:04:49.788 I/am_create_service(  256): [1083310680,com.android.contacts/.LoadGroupService,,394]
02-13 18:04:49.798 I/am_proc_start(  256): [616,10052,com.android.camera,broadcast,com.android.camera/.BootCamera]
02-13 18:04:49.808 I/dvm_gc_info(  394): [7017575181484914242,-8995511685040080843,-4004961172862437331,7358131]
02-13 18:04:49.828 I/am_proc_bound(  256): [616,com.android.camera]
02-13 18:04:49.868 I/am_proc_start(  256): [623,10053,com.android.providers.calendar,broadcast,com.android.providers.calendar/.CalendarReceiver]
02-13 18:04:49.878 I/am_proc_bound(  256): [623,com.android.providers.calendar]
02-13 18:04:49.888 I/content_query_sample(  497): [content://downloads/all_downloads,_id,status >= '200',lastmod,312,,63]
02-13 18:04:50.018 I/am_proc_start(  256): [632,10054,com.android.calendar,broadcast,com.android.calendar/.AlertReceiver]
02-13 18:04:50.028 I/am_proc_bound(  256): [632,com.android.calendar]
02-13 18:04:50.068 I/am_create_service(  256): [1083305272,com.android.providers.calendar/.EmptyService,,623]
02-13 18:04:50.078 I/am_create_service(  256): [1082822376,com.android.calendar/.AlertService,,632]
02-13 18:04:50.078 I/am_proc_start(  256): [639,10033,com.google.android.apps.maps:FriendService,broadcast,com.google.android.apps.maps/com.google.googlenav.friend.android.ServiceReceiver]
02-13 18:04:50.098 I/am_proc_bound(  256): [639,com.google.android.apps.maps:FriendService]
02-13 18:04:50.208 I/dvm_gc_madvise_info(  498): [163840,135168]
02-13 18:04:50.268 I/dvm_gc_info(  639): [7881704463071766059,-9037451594008930251,-4004961172862437331,7358131]
02-13 18:04:50.268 I/content_query_sample(  497): [content://downloads/all_downloads,_data,,,167,,34]
02-13 18:04:50.489 I/am_proc_start(  256): [647,10016,com.locationlabs.v3client,broadcast,com.locationlabs.v3client/.BootCompletedReceiver]
02-13 18:04:50.509 I/am_proc_bound(  256): [647,com.locationlabs.v3client]
02-13 18:04:50.699 I/am_create_service(  256): [1082812448,com.android.email/com.android.exchange.SyncManager,,512]
02-13 18:04:50.709 I/dvm_gc_info(  512): [7308604875704485455,-9004800221798991817,-4004679697885726675,7358131]
02-13 18:04:50.749 I/am_destroy_service(  256): [1083643232,com.android.email/.service.EmailBroadcastProcessorService,512]
02-13 18:04:50.799 I/db_sample(  256): [/data/system/accounts.db,SELECT _id, name, type FROM accounts WHERE type=?,1,,1]
02-13 18:04:50.839 I/content_query_sample(  512): [content://com.android.email.provider/hostauth,count(*),protocol="eas",,33,com.android.email,7]
02-13 18:04:50.839 I/am_destroy_service(  256): [1082812448,com.android.email/com.android.exchange.SyncManager,512]
02-13 18:04:51.049 I/db_sample(  647): [/data/data/com.locationlabs.v3client/databases/V3Client_DEBUGDATA,COMMIT;INSERT INTO LongData(data, id) VALUES(?, ?);,47,com.locationlabs.v3client,10]
02-13 18:04:51.119 I/am_proc_start(  256): [658,10040,com.google.android.googlequicksearchbox,broadcast,com.google.android.googlequicksearchbox/.SearchWidgetProvider]
02-13 18:04:51.149 I/dvm_gc_info(  115): [8825198673194517552,-9134279398381483986,-4006087072769275858,7358131]
02-13 18:04:51.149 I/dvm_gc_info(  466): [3347973793971926654,-8959764500520761296,-4006368547745990611,7358131]
02-13 18:04:51.159 I/am_destroy_service(  256): [1083648480,com.android.providers.downloads/.DownloadService,497]
02-13 18:04:51.179 I/am_proc_bound(  256): [658,com.google.android.googlequicksearchbox]
02-13 18:04:51.239 I/am_destroy_service(  256): [1083340096,com.android.providers.media/.MediaScannerService,497]
02-13 18:04:51.269 I/dvm_gc_info(  115): [8825198673194868792,-9222662541068629970,-4006087072769275858,7358131]
02-13 18:04:51.369 I/dvm_gc_info(  115): [8825198673194754096,-9222662541068629970,-4006087072769275858,7358131]
02-13 18:04:51.400 I/am_proc_start(  256): [670,10031,com.google.android.apps.uploader,broadcast,com.google.android.apps.uploader/.ConnectivityBroadcastReceiver]
02-13 18:04:51.410 I/am_proc_bound(  256): [670,com.google.android.apps.uploader]
02-13 18:04:51.410 I/content_query_sample(  632): [content://com.android.calendar/calendar_alerts,alarmTime,state=0 AND alarmTime<? AND alarmTime>? AND end>=?,alarmTime ASC,1126,,100]
02-13 18:04:51.450 I/am_create_service(  256): [1081914400,com.android.providers.media/.MediaScannerService,,497]
02-13 18:04:51.460 I/am_proc_start(  256): [680,10020,com.google.android.apps.plus,broadcast,com.google.android.apps.plus/.service.PackagesMediaMonitor]
02-13 18:04:51.480 I/am_proc_bound(  256): [680,com.google.android.apps.plus]
02-13 18:04:51.720 I/content_query_sample(  623): [content://com.android.calendar/calendar_alerts,alarmTime,state=0 AND alarmTime<? AND alarmTime>? AND end>=?,alarmTime ASC,170,,35]
02-13 18:04:51.740 I/content_query_sample(  594): [content://gmail-downloads/download,_id,status >= '200',lastmod,2379,,100]
02-13 18:04:51.780 I/dvm_gc_info(  680): [3346293774832694873,-8978623255190501325,-4005524122815858643,7358131]
02-13 18:04:51.810 I/notification_cancel(  256): [com.android.calendar,0,0]
02-13 18:04:51.820 I/am_destroy_service(  256): [1082822376,com.android.calendar/.AlertService,632]
02-13 18:04:51.820 I/am_kill (  256): [474,com.qualcomm.privinit,12,too many background]
02-13 18:04:51.830 I/am_proc_died(  256): [474,com.qualcomm.privinit]
02-13 18:04:51.880 I/dvm_gc_info(  680): [3346293774832694912,-8925142803457038285,-4005524122815858643,7358131]
02-13 18:04:51.900 I/dvm_gc_info(  680): [3346293774832710693,-9178470282479851468,-4005242647839147987,7358131]
02-13 18:04:51.960 I/am_destroy_service(  256): [1083639544,com.google.android.gm/.downloadprovider.DownloadService,594]
02-13 18:04:51.960 I/am_kill (  256): [490,zte.com.cn.alarmclock,12,too many background]
02-13 18:04:51.970 I/am_proc_died(  256): [490,zte.com.cn.alarmclock]
02-13 18:04:51.990 I/am_kill (  256): [498,com.sprint.zone,12,too many background]
02-13 18:04:52.000 I/am_create_service(  256): [1082019144,com.google.android.gsf/.checkin.CheckinService,,377]
02-13 18:04:52.010 I/am_create_service(  256): [1083296680,com.google.android.gsf/.gtalkservice.service.GTalkService,act=com.google.android.gtalkservice.IGTalkService,377]
02-13 18:04:52.010 I/gtalkservice(  377): 3
02-13 18:04:52.110 I/am_proc_died(  256): [498,com.sprint.zone]
02-13 18:04:52.130 I/dvm_gc_info(  377): [7449358886915597894,-8998889453513668557,-4005524122815858643,7358132]
02-13 18:04:52.200 I/am_create_service(  256): [1082721440,com.google.android.gsf/.loginservice.GoogleLoginService,act=android.accounts.AccountAuthenticator,377]
02-13 18:04:52.210 I/am_destroy_service(  256): [1082019144,com.google.android.gsf/.checkin.CheckinService,377]
02-13 18:04:52.250 I/am_destroy_service(  256): [1082721440,com.google.android.gsf/.loginservice.GoogleLoginService,377]
02-13 18:04:52.260 I/dvm_gc_madvise_info(  344): [221184,135168]
02-13 18:04:52.340 I/am_proc_start(  256): [698,10028,com.google.android.music:main,broadcast,com.google.android.music/.store.MediaStoreImportService$Receiver]
02-13 18:04:52.340 I/content_query_sample(  377): [content://com.google.android.providers.talk/lastRmqId,rmq_id,,,13,,3]
02-13 18:04:52.370 I/content_query_sample(  680): [content://com.google.android.apps.plus.content.EsGooglePhotoProvider/settings,auto_upload_enabled/auto_upload_account_name,,,45,,10]
02-13 18:04:52.380 I/am_proc_bound(  256): [698,com.google.android.music:main]
02-13 18:04:52.461 I/am_create_service(  256): [1082931752,com.sprint.w.installer/.AlarmService,,548]
02-13 18:04:52.461 I/am_create_service(  256): [1083651280,com.google.android.gsf/.loginservice.GoogleLoginService,act=android.accounts.AccountAuthenticator,377]
02-13 18:04:52.511 I/am_destroy_service(  256): [1083651280,com.google.android.gsf/.loginservice.GoogleLoginService,377]
02-13 18:04:52.541 I/db_sample(  377): [/data/data/com.google.android.gsf/databases/talk.db,COMMIT;DELETE FROM messages WHERE is_muc=1 AND thread_id in (sel,90,,19]
02-13 18:04:52.561 I/am_destroy_service(  256): [1082931752,com.sprint.w.installer/.AlarmService,548]
02-13 18:04:52.711 I/gtalkservice(  377): 0
02-13 18:04:52.721 I/dvm_gc_info(  698): [7887337218879063602,-9034073825552144330,-4004961172862437331,7358131]
02-13 18:04:52.751 I/gtalkservice(  377): 1
02-13 18:04:52.751 I/content_query_sample(  377): [content://com.google.android.providers.talk/accounts,_id/last_login_state,provider=? AND username=?,name ASC,235,,48]
02-13 18:04:52.751 I/gtalk_connection(  377): 65541
02-13 18:04:52.781 I/force_gc(  256): Binder
02-13 18:04:52.801 I/dvm_gc_madvise_info(  616): [286720,135168]
02-13 18:04:52.841 I/dvm_gc_info(  256): [8320808730291881566,-8925701766656501662,-3981598749795452883,8611875]
02-13 18:04:52.871 I/dvm_gc_madvise_info(  582): [266240,135168]
02-13 18:04:52.981 I/notification_cancel(  256): [com.android.phone,111,0]
02-13 18:04:52.991 I/dvm_gc_madvise_info(  647): [176128,135168]
02-13 18:04:53.011 I/dvm_gc_madvise_info(  557): [278528,135168]
02-13 18:04:53.031 I/dvm_gc_madvise_info(  623): [217088,135168]
02-13 18:04:53.041 I/dvm_gc_madvise_info(  632): [253952,135168]
02-13 18:04:53.051 I/dvm_gc_madvise_info(  658): [188416,135168]
02-13 18:04:53.051 I/dvm_gc_madvise_info(  594): [184320,135168]
02-13 18:04:53.051 I/dvm_gc_madvise_info(  565): [159744,135168]
02-13 18:04:53.091 I/am_proc_start(  256): [710,10033,com.google.android.apps.maps:LocationFriendService,broadcast,com.google.android.apps.maps/com.google.googlenav.friend.reporting.LocationReportingIntentReceiver]
02-13 18:04:53.091 I/am_kill (  256): [525,com.android.voicedialer,12,too many background]
02-13 18:04:53.101 I/am_proc_bound(  256): [710,com.google.android.apps.maps:LocationFriendService]
02-13 18:04:53.221 I/am_proc_died(  256): [525,com.android.voicedialer]
02-13 18:04:53.281 I/dvm_gc_info(  710): [7881704463071725101,-9037451525289449419,-4004961172862437331,7358131]
02-13 18:04:53.291 I/db_sample(  377): [/data/data/com.google.android.gsf/databases/talk.db,COMMIT;INSERT OR REPLACE  INTO accountStatus(account, connStatus,187,,38]
02-13 18:04:53.331 I/content_update_sample(  377): [content://com.google.android.providers.talk/chats/account/1,delete,groupchat=1,434,,87]
02-13 18:04:53.331 I/content_update_sample(  377): [content://com.google.android.providers.talk/accountStatus,insert,,451,,91]
02-13 18:04:53.371 I/am_create_task(  256): 4
02-13 18:04:53.371 I/am_create_activity(  256): [1080356472,4,com.google.android.apps.maps/com.google.googlenav.login.AndroidLoginActivitySdk5,NULL,NULL,NULL,268435456]
02-13 18:04:53.371 I/am_pause_activity(  256): [1079598840,com.android.launcher/com.android.launcher2.Launcher]
02-13 18:04:53.371 I/am_on_paused_called(  351): com.android.launcher2.Launcher
02-13 18:04:53.381 I/am_proc_start(  256): [720,10033,com.google.android.apps.maps,activity,com.google.android.apps.maps/com.google.googlenav.login.AndroidLoginActivitySdk5]
02-13 18:04:53.401 I/am_create_service(  256): [1082987128,com.google.android.music/.store.MediaStoreImportService,act=MediaStoreImportService.import_pending,698]
02-13 18:04:53.411 I/am_proc_bound(  256): [720,com.google.android.apps.maps]
02-13 18:04:53.421 I/am_restart_activity(  256): [1080356472,4,com.google.android.apps.maps/com.google.googlenav.login.AndroidLoginActivitySdk5]
02-13 18:04:53.442 I/dvm_gc_madvise_info(  451): [196608,135168]
02-13 18:04:53.592 I/dvm_gc_info(  720): [3345437233799812652,-9037170050312734667,-4004961172862437331,7358131]
02-13 18:04:53.602 I/am_destroy_service(  256): [1082987128,com.google.android.music/.store.MediaStoreImportService,698]
02-13 18:04:53.602 I/am_kill (  256): [533,com.swype.android.inputmethod,12,too many background]
02-13 18:04:53.612 I/am_proc_died(  256): [533,com.swype.android.inputmethod]
02-13 18:04:53.632 I/content_query_sample(  720): [content://com.google.settings/partner,value,name='maps_client_id',,5,com.google.android.apps.maps,2]
02-13 18:04:53.772 I/notification_cancel(  256): [com.android.phone,111,0]
02-13 18:04:53.782 I/notification_cancel(  256): [com.android.phone,111,0]
02-13 18:04:53.892 I/binder_sample(  720): [,1,21,com.google.android.apps.maps,4]
02-13 18:04:53.912 I/am_finish_activity(  256): [1080356472,4,com.google.android.apps.maps/com.google.googlenav.login.AndroidLoginActivitySdk5,app-request]
02-13 18:04:53.912 I/am_pause_activity(  256): [1080356472,com.google.android.apps.maps/com.google.googlenav.login.AndroidLoginActivitySdk5]
02-13 18:04:53.922 I/am_resume_activity(  256): [1079598840,2,com.android.launcher/com.android.launcher2.Launcher]
02-13 18:04:53.922 I/am_on_resume_called(  351): com.android.launcher2.Launcher
02-13 18:04:53.972 I/binder_sample(  344): [com.android.internal.telephony.ITelephonyRegistry,14,20,com.android.phone,4]
02-13 18:04:53.982 I/am_destroy_activity(  256): [1080356472,4,com.google.android.apps.maps/com.google.googlenav.login.AndroidLoginActivitySdk5]
02-13 18:04:54.002 I/am_kill (  256): [565,com.android.mms,12,too many background]
02-13 18:04:54.002 I/notification_cancel(  256): [com.android.phone,7,0]
02-13 18:04:54.022 I/notification_cancel(  256): [com.android.phone,7,0]
02-13 18:04:54.022 I/notification_cancel(  256): [com.android.phone,7,0]
02-13 18:04:54.022 I/notification_cancel(  256): [com.android.phone,7,0]
02-13 18:04:54.022 I/notification_cancel(  256): [com.android.phone,7,0]
02-13 18:04:54.022 I/notification_cancel(  256): [com.android.phone,7,0]
02-13 18:04:54.022 I/notification_cancel(  256): [com.android.phone,7,0]
02-13 18:04:54.022 I/notification_cancel(  256): [com.android.phone,7,0]
02-13 18:04:54.022 I/notification_cancel(  256): [com.android.phone,7,0]
02-13 18:04:54.032 I/notification_cancel(  256): [com.android.phone,7,0]
02-13 18:04:54.092 I/am_proc_died(  256): [565,com.android.mms]
02-13 18:04:54.092 I/content_update_sample(  377): [content://com.android.contacts/status_updates,update,protocol=? AND im_account=? AND im_handle=?,734,,100]
02-13 18:04:54.102 I/content_query_sample(  680): [content://com.google.android.apps.plus.content.EsGooglePhotoProvider/settings,sync_picasa_on_wifi_only,,,285,,58]
02-13 18:04:54.172 I/dvm_gc_info(  680): [3346293774832690750,-8996355903778203593,-4004679697885726675,7358131]
02-13 18:04:54.242 I/content_query_sample(  698): [content://com.google.android.music.MusicContent/playlists,count(*),,,1027,,100]
02-13 18:04:54.402 I/am_create_service(  256): [1083358256,com.google.android.music/.store.MediaStoreImportService,act=MediaStoreImportService.import_pending,698]
02-13 18:04:54.553 I/db_sample(  497): [/data/data/com.android.providers.media/databases/external-e82ff9f2.db,UPDATE audio_meta SET album_artist=?, date_modified=?, track=?, ,82,,17]
02-13 18:04:54.733 I/notification_cancel(  256): [com.android.phone,111,0]
02-13 18:04:54.743 I/am_destroy_service(  256): [1081914400,com.android.providers.media/.MediaScannerService,497]
02-13 18:04:54.743 I/dvm_gc_info(  344): [8099846449757537919,-8924861122271516618,-4004679697885726675,7358131]
02-13 18:04:54.753 I/content_query_sample(  698): [content://media/external/audio/media,_id/album/artist/composer/date_added/duration/mime_type/_size/title/track/year/album_id/album_artist,(is_music=1 OR is_podcast=1)  AND (date_added >=?  OR date_modified >=?  ),date_added,281,,57]
02-13 18:04:54.823 I/dvm_gc_madvise_info(  394): [159744,135168]
02-13 18:04:54.843 I/dvm_gc_info(  698): [7887337218879092267,-9048428705699862470,-4003553797978884051,7358131]
02-13 18:04:54.853 I/am_destroy_service(  256): [1083358256,com.google.android.music/.store.MediaStoreImportService,698]
02-13 18:04:54.863 I/am_kill (  256): [582,com.android.zte.HiddenMenu,14,too many background]
02-13 18:04:54.863 I/am_proc_died(  256): [582,com.android.zte.HiddenMenu]
02-13 18:04:55.133 I/am_destroy_service(  256): [1083305272,com.android.providers.calendar/.EmptyService,623]
02-13 18:04:55.133 I/am_kill (  256): [616,com.android.camera,14,too many background]
02-13 18:04:55.143 I/am_proc_died(  256): [616,com.android.camera]
02-13 18:04:55.283 I/dvm_gc_madvise_info(  639): [172032,135168]
02-13 18:04:55.734 I/dvm_gc_madvise_info(  512): [204800,135168]
02-13 18:04:56.174 I/dvm_gc_madvise_info(  466): [303104,135168]
02-13 18:04:56.404 I/dvm_gc_madvise_info(  670): [274432,135168]
02-13 18:04:57.165 I/dvm_gc_madvise_info(  377): [135168,135168]
02-13 18:04:57.906 I/dvm_gc_madvise_info(  256): [610304,135168]
02-13 18:04:58.326 I/dvm_gc_madvise_info(  710): [139264,135168]
02-13 18:04:58.637 I/dvm_gc_madvise_info(  720): [159744,135168]
02-13 18:04:58.937 I/connectivity_state_changed(  256): 3112
02-13 18:04:59.067 I/notification_cancel(  256): [com.android.phone,7,0]
02-13 18:04:59.067 I/notification_cancel(  256): [com.android.phone,7,0]
02-13 18:04:59.067 I/notification_cancel(  256): [com.android.phone,7,0]
02-13 18:04:59.067 I/notification_cancel(  256): [com.android.phone,7,0]
02-13 18:04:59.087 I/gtalk_connection(  377): 131077
02-13 18:04:59.107 I/am_create_service(  256): [1083053208,com.google.android.gsf/.checkin.CheckinService,,377]
02-13 18:04:59.117 I/am_create_service(  256): [1083060504,com.google.android.gm/.downloadprovider.DownloadService,,594]
02-13 18:04:59.127 I/am_create_service(  256): [1082439032,com.android.providers.downloads/.DownloadService,,497]
02-13 18:04:59.127 I/notification_cancel_all(  256): [com.android.providers.downloads,0]
02-13 18:04:59.177 I/am_destroy_service(  256): [1083053208,com.google.android.gsf/.checkin.CheckinService,377]
02-13 18:04:59.197 I/dvm_gc_madvise_info(  680): [212992,135168]
02-13 18:04:59.207 I/am_destroy_service(  256): [1082439032,com.android.providers.downloads/.DownloadService,497]
02-13 18:04:59.217 I/am_destroy_service(  256): [1083060504,com.google.android.gm/.downloadprovider.DownloadService,594]
02-13 18:04:59.628 I/dvm_gc_info(  377): [7449358886915683916,-8996637516227438539,-4004961172862437331,7358131]
02-13 18:04:59.788 I/dvm_gc_madvise_info(  344): [270336,135168]
02-13 18:04:59.888 I/dvm_gc_madvise_info(  698): [217088,135168]
02-13 18:05:00.238 I/notification_cancel(  256): [com.android.phone,111,0]
02-13 18:05:00.478 I/c2dm    (  377): [-1,NULL,1,-1]
02-13 18:05:00.709 I/c2dm    (  377): [1,NULL,1,-1]
02-13 18:05:00.729 I/gtalk_connection(  377): 196609
02-13 18:05:00.759 I/c2dm    (  377): [-4,NULL,2,1]
