02-13 18:41:09.377 W/WindowManager(  258): updateFocusedWindowLocked newFocus=Window{407300f0 com.android.mms/com.android.mms.ui.ComposeMessageActivity paused=false} mode=3 mCurrentFocus = Window{407300f0 com.android.mms/com.android.mms.ui.ComposeMessageActivity paused=false}
02-13 18:41:09.457 D/StatusBarPolicy(  340): updateDataIcon subscription =0
02-13 18:41:09.467 D/PowerManagerService(  258): setTimeoutLocked now=66636 timeoutOverride=-1 nextState=3 when=72636
02-13 18:41:09.517 I/WindowManager(  258): Setting rotation to 1, animFlags=0
02-13 18:41:09.517 I/ActivityManager(  258): Config changed: { scale=1.0 imsi=310/120 loc=en_US touch=3 keys=1/1/2 nav=1/1 orien=2 layout=18 uiMode=17 seq=15}
02-13 18:41:09.707 I/WindowManager(  258): Setting rotation to 0, animFlags=0
02-13 18:41:09.717 I/ActivityManager(  258): Config changed: { scale=1.0 imsi=310/120 loc=en_US touch=3 keys=1/1/2 nav=1/1 orien=1 layout=18 uiMode=17 seq=16}
02-13 18:41:10.007 W/WindowManager(  258): updateFocusedWindowLocked newFocus=Window{407300f0 com.android.mms/com.android.mms.ui.ComposeMessageActivity paused=false} mode=0 mCurrentFocus = Window{407300f0 com.android.mms/com.android.mms.ui.ComposeMessageActivity paused=false}
02-13 18:41:11.469 D/StatusBarPolicy(  340): updateDataIcon subscription =0
02-13 18:41:12.490 D/PowerManagerService(  258): setTimeoutLocked now=69659 timeoutOverride=-1 nextState=3 when=75659
02-13 18:41:12.510 W/WindowManager(  258): updateFocusedWindowLocked newFocus=Window{407300f0 com.android.mms/com.android.mms.ui.ComposeMessageActivity paused=false} mode=3 mCurrentFocus = Window{407300f0 com.android.mms/com.android.mms.ui.ComposeMessageActivity paused=false}
02-13 18:41:12.580 D/PowerManagerService(  258): setTimeoutLocked now=69745 timeoutOverride=-1 nextState=3 when=75745
02-13 18:41:12.620 W/WindowManager(  258): updateFocusedWindowLocked newFocus=Window{407300f0 com.android.mms/com.android.mms.ui.ComposeMessageActivity paused=false} mode=3 mCurrentFocus = Window{407300f0 com.android.mms/com.android.mms.ui.ComposeMessageActivity paused=false}
02-13 18:41:13.060 D/StatusBarPolicy(  340): onSignalStrengthsChanged:SignalStrength: 99 0 -93 -75 -91 -40 5 99 2147483647 2147483647 2147483647 2147483647 cdma for subscription0
02-13 18:41:13.060 D/StatusBarPolicy(  340): updateSignalStrength on subscription :0
02-13 18:41:13.070 D/StatusBarPolicy(  340): StatusBarPolocy::getIconLevel -EVDO
02-13 18:41:13.070 D/StatusBarPolicy(  340): getEvdoLevel_band_six -evdoDbm:-91
02-13 18:41:13.090 D/StatusBarPolicy(  340): getEvdoLevel_band_six -evdoEcio:-40
02-13 18:41:13.491 D/StatusBarPolicy(  340): updateDataIcon subscription =0
02-13 18:41:13.751 D/PowerManagerService(  258): setTimeoutLocked now=70911 timeoutOverride=-1 nextState=3 when=76911
02-13 18:41:13.791 W/WindowManager(  258): updateFocusedWindowLocked newFocus=Window{407300f0 com.android.mms/com.android.mms.ui.ComposeMessageActivity paused=false} mode=3 mCurrentFocus = Window{407300f0 com.android.mms/com.android.mms.ui.ComposeMessageActivity paused=false}
02-13 18:41:13.911 D/PowerManagerService(  258): setTimeoutLocked now=71086 timeoutOverride=-1 nextState=3 when=77086
02-13 18:41:13.921 W/WindowManager(  258): updateFocusedWindowLocked newFocus=Window{407300f0 com.android.mms/com.android.mms.ui.ComposeMessageActivity paused=false} mode=3 mCurrentFocus = Window{407300f0 com.android.mms/com.android.mms.ui.ComposeMessageActivity paused=false}
02-13 18:41:14.402 I/WindowManager(  258): Setting rotation to 1, animFlags=0
02-13 18:41:14.422 I/ActivityManager(  258): Config changed: { scale=1.0 imsi=310/120 loc=en_US touch=3 keys=1/1/2 nav=1/1 orien=2 layout=18 uiMode=17 seq=17}
02-13 18:41:14.542 D/StatusBarPolicy(  340): updateDataIcon subscription =0
02-13 18:41:14.982 D/PowerManagerService(  258): setTimeoutLocked now=72008 timeoutOverride=-1 nextState=3 when=78008
02-13 18:41:14.982 D/PowerManagerService(  258): setTimeoutLocked now=72096 timeoutOverride=-1 nextState=3 when=78096
02-13 18:41:15.293 D/StatusBarPolicy(  340): onSignalStrengthsChanged:SignalStrength: 99 0 -93 -75 -91 -40 6 99 2147483647 2147483647 2147483647 2147483647 cdma for subscription0
02-13 18:41:15.293 D/StatusBarPolicy(  340): updateSignalStrength on subscription :0
02-13 18:41:15.293 D/StatusBarPolicy(  340): StatusBarPolocy::getIconLevel -EVDO
02-13 18:41:15.293 D/StatusBarPolicy(  340): getEvdoLevel_band_six -evdoDbm:-91
02-13 18:41:15.293 D/StatusBarPolicy(  340): getEvdoLevel_band_six -evdoEcio:-40
02-13 18:41:16.153 I/WindowManager(  258): Setting rotation to 0, animFlags=0
02-13 18:41:16.173 I/ActivityManager(  258): Config changed: { scale=1.0 imsi=310/120 loc=en_US touch=3 keys=1/1/2 nav=1/1 orien=1 layout=18 uiMode=17 seq=18}
02-13 18:41:17.555 D/StatusBarPolicy(  340): onSignalStrengthsChanged:SignalStrength: 99 0 -120 -85 -120 -35 7 99 2147483647 2147483647 2147483647 2147483647 cdma for subscription0
02-13 18:41:17.555 D/StatusBarPolicy(  340): updateSignalStrength on subscription :0
02-13 18:41:17.555 D/StatusBarPolicy(  340): StatusBarPolocy::getIconLevel -EVDO
02-13 18:41:17.555 D/StatusBarPolicy(  340): getEvdoLevel_band_six -evdoDbm:-120
02-13 18:41:17.575 D/StatusBarPolicy(  340): getEvdoLevel_band_six -evdoEcio:-35
02-13 18:41:17.585 D/StatusBarPolicy(  340): onSignalStrengthsChanged:SignalStrength: 99 0 -93 -85 -89 -35 7 99 2147483647 2147483647 2147483647 2147483647 cdma for subscription0
02-13 18:41:17.585 D/StatusBarPolicy(  340): updateSignalStrength on subscription :0
02-13 18:41:17.585 D/StatusBarPolicy(  340): StatusBarPolocy::getIconLevel -EVDO
02-13 18:41:17.585 D/StatusBarPolicy(  340): getEvdoLevel_band_six -evdoDbm:-89
02-13 18:41:17.585 D/StatusBarPolicy(  340): getEvdoLevel_band_six -evdoEcio:-35
02-13 18:41:18.255 D/PowerManagerService(  258): setTimeoutLocked now=75427 timeoutOverride=-1 nextState=3 when=81427
02-13 18:41:18.275 W/WindowManager(  258): updateFocusedWindowLocked newFocus=Window{407300f0 com.android.mms/com.android.mms.ui.ComposeMessageActivity paused=false} mode=3 mCurrentFocus = Window{407300f0 com.android.mms/com.android.mms.ui.ComposeMessageActivity paused=false}
02-13 18:41:18.406 D/PowerManagerService(  258): setTimeoutLocked now=75575 timeoutOverride=-1 nextState=3 when=81575
02-13 18:41:18.416 W/WindowManager(  258): updateFocusedWindowLocked newFocus=Window{407300f0 com.android.mms/com.android.mms.ui.ComposeMessageActivity paused=false} mode=3 mCurrentFocus = Window{407300f0 com.android.mms/com.android.mms.ui.ComposeMessageActivity paused=false}
02-13 18:41:19.567 D/PowerManagerService(  258): setTimeoutLocked now=76739 timeoutOverride=-1 nextState=3 when=82739
02-13 18:41:19.697 D/PowerManagerService(  258): setTimeoutLocked now=76862 timeoutOverride=-1 nextState=3 when=82862
02-13 18:41:19.707 W/WindowManager(  258): updateFocusedWindowLocked newFocus=Window{407300f0 com.android.mms/com.android.mms.ui.ComposeMessageActivity paused=false} mode=3 mCurrentFocus = Window{407300f0 com.android.mms/com.android.mms.ui.ComposeMessageActivity paused=false}
02-13 18:41:19.767 D/StatusBarPolicy(  340): onSignalStrengthsChanged:SignalStrength: 99 0 -93 -85 -88 -35 7 99 2147483647 2147483647 2147483647 2147483647 cdma for subscription0
02-13 18:41:19.767 D/StatusBarPolicy(  340): updateSignalStrength on subscription :0
02-13 18:41:19.767 D/StatusBarPolicy(  340): StatusBarPolocy::getIconLevel -EVDO
02-13 18:41:19.767 D/StatusBarPolicy(  340): getEvdoLevel_band_six -evdoDbm:-88
02-13 18:41:19.767 D/StatusBarPolicy(  340): getEvdoLevel_band_six -evdoEcio:-35
02-13 18:41:20.468 D/PowerManagerService(  258): setTimeoutLocked now=77629 timeoutOverride=-1 nextState=3 when=83629
02-13 18:41:20.778 D/PowerManagerService(  258): setTimeoutLocked now=77942 timeoutOverride=-1 nextState=3 when=83942
02-13 18:41:21.018 D/PowerManagerService(  258): setTimeoutLocked now=78179 timeoutOverride=-1 nextState=3 when=84179
02-13 18:41:21.629 D/PowerManagerService(  258): setTimeoutLocked now=78789 timeoutOverride=-1 nextState=3 when=84789
02-13 18:41:21.649 W/WindowManager(  258): updateFocusedWindowLocked newFocus=Window{407300f0 com.android.mms/com.android.mms.ui.ComposeMessageActivity paused=false} mode=3 mCurrentFocus = Window{407300f0 com.android.mms/com.android.mms.ui.ComposeMessageActivity paused=false}
02-13 18:41:21.679 W/WindowManager(  258): updateFocusedWindowLocked newFocus=Window{407300f0 com.android.mms/com.android.mms.ui.ComposeMessageActivity paused=false} mode=3 mCurrentFocus = Window{407300f0 com.android.mms/com.android.mms.ui.ComposeMessageActivity paused=false}
02-13 18:41:21.749 D/PowerManagerService(  258): setTimeoutLocked now=78913 timeoutOverride=-1 nextState=3 when=84913
02-13 18:41:21.759 W/WindowManager(  258): updateFocusedWindowLocked newFocus=Window{407300f0 com.android.mms/com.android.mms.ui.ComposeMessageActivity paused=false} mode=3 mCurrentFocus = Window{407300f0 com.android.mms/com.android.mms.ui.ComposeMessageActivity paused=false}
02-13 18:41:22.029 D/StatusBarPolicy(  340): onSignalStrengthsChanged:SignalStrength: 99 0 -93 -95 -88 -40 7 99 2147483647 2147483647 2147483647 2147483647 cdma for subscription0
02-13 18:41:22.029 D/StatusBarPolicy(  340): updateSignalStrength on subscription :0
02-13 18:41:22.029 D/StatusBarPolicy(  340): StatusBarPolocy::getIconLevel -EVDO
02-13 18:41:22.029 D/StatusBarPolicy(  340): getEvdoLevel_band_six -evdoDbm:-88
02-13 18:41:22.029 D/StatusBarPolicy(  340): getEvdoLevel_band_six -evdoEcio:-40
02-13 18:41:22.089 W/WindowManager(  258): updateFocusedWindowLocked newFocus=Window{407300f0 com.android.mms/com.android.mms.ui.ComposeMessageActivity paused=false} mode=3 mCurrentFocus = Window{407300f0 com.android.mms/com.android.mms.ui.ComposeMessageActivity paused=false}
02-13 18:41:22.139 D/PowerManagerService(  258): setTimeoutLocked now=79301 timeoutOverride=-1 nextState=3 when=85301
02-13 18:41:22.249 D/PowerManagerService(  258): setTimeoutLocked now=79414 timeoutOverride=-1 nextState=3 when=85414
02-13 18:41:22.410 W/WindowManager(  258): updateFocusedWindowLocked newFocus=Window{407300f0 com.android.mms/com.android.mms.ui.ComposeMessageActivity paused=false} mode=3 mCurrentFocus = Window{407300f0 com.android.mms/com.android.mms.ui.ComposeMessageActivity paused=false}
02-13 18:41:22.920 D/PowerManagerService(  258): setTimeoutLocked now=80080 timeoutOverride=-1 nextState=3 when=86080
02-13 18:41:23.020 D/PowerManagerService(  258): setTimeoutLocked now=80179 timeoutOverride=-1 nextState=3 when=86179
02-13 18:41:23.030 W/WindowManager(  258): updateFocusedWindowLocked newFocus=Window{407300f0 com.android.mms/com.android.mms.ui.ComposeMessageActivity paused=false} mode=3 mCurrentFocus = Window{407300f0 com.android.mms/com.android.mms.ui.ComposeMessageActivity paused=false}
02-13 18:41:23.651 D/StatusBarPolicy(  340): updateDataIcon subscription =0
02-13 18:41:24.051 D/PowerManagerService(  258): setTimeoutLocked now=81223 timeoutOverride=-1 nextState=3 when=87223
02-13 18:41:24.071 W/WindowManager(  258): updateFocusedWindowLocked newFocus=Window{407300f0 com.android.mms/com.android.mms.ui.ComposeMessageActivity paused=false} mode=3 mCurrentFocus = Window{407300f0 com.android.mms/com.android.mms.ui.ComposeMessageActivity paused=false}
02-13 18:41:24.161 D/PowerManagerService(  258): setTimeoutLocked now=81336 timeoutOverride=-1 nextState=3 when=87336
02-13 18:41:24.181 W/WindowManager(  258): updateFocusedWindowLocked newFocus=Window{407300f0 com.android.mms/com.android.mms.ui.ComposeMessageActivity paused=false} mode=3 mCurrentFocus = Window{407300f0 com.android.mms/com.android.mms.ui.ComposeMessageActivity paused=false}
02-13 18:41:24.191 W/WindowManager(  258): updateFocusedWindowLocked newFocus=Window{407300f0 com.android.mms/com.android.mms.ui.ComposeMessageActivity paused=false} mode=3 mCurrentFocus = Window{407300f0 com.android.mms/com.android.mms.ui.ComposeMessageActivity paused=false}
02-13 18:41:24.241 D/StatusBarPolicy(  340): onSignalStrengthsChanged:SignalStrength: 99 0 -93 -95 -87 -25 7 99 2147483647 2147483647 2147483647 2147483647 cdma for subscription0
02-13 18:41:24.241 D/StatusBarPolicy(  340): updateSignalStrength on subscription :0
02-13 18:41:24.241 D/StatusBarPolicy(  340): StatusBarPolocy::getIconLevel -EVDO
02-13 18:41:24.241 D/StatusBarPolicy(  340): getEvdoLevel_band_six -evdoDbm:-87
02-13 18:41:24.241 D/StatusBarPolicy(  340): getEvdoLevel_band_six -evdoEcio:-25
02-13 18:41:24.391 W/WindowManager(  258): updateFocusedWindowLocked newFocus=Window{407300f0 com.android.mms/com.android.mms.ui.ComposeMessageActivity paused=false} mode=3 mCurrentFocus = Window{407300f0 com.android.mms/com.android.mms.ui.ComposeMessageActivity paused=false}
02-13 18:41:24.572 W/WindowManager(  258): updateFocusedWindowLocked newFocus=Window{407300f0 com.android.mms/com.android.mms.ui.ComposeMessageActivity paused=false} mode=3 mCurrentFocus = Window{407300f0 com.android.mms/com.android.mms.ui.ComposeMessageActivity paused=false}
02-13 18:41:24.612 D/PowerManagerService(  258): setTimeoutLocked now=81788 timeoutOverride=-1 nextState=3 when=87788
02-13 18:41:24.632 W/WindowManager(  258): updateFocusedWindowLocked newFocus=Window{407300f0 com.android.mms/com.android.mms.ui.ComposeMessageActivity paused=false} mode=3 mCurrentFocus = Window{407300f0 com.android.mms/com.android.mms.ui.ComposeMessageActivity paused=false}
02-13 18:41:24.762 D/PowerManagerService(  258): setTimeoutLocked now=81939 timeoutOverride=-1 nextState=3 when=87939
02-13 18:41:24.802 W/WindowManager(  258): updateFocusedWindowLocked newFocus=Window{407300f0 com.android.mms/com.android.mms.ui.ComposeMessageActivity paused=false} mode=3 mCurrentFocus = Window{407300f0 com.android.mms/com.android.mms.ui.ComposeMessageActivity paused=false}
02-13 18:41:24.892 W/WindowManager(  258): updateFocusedWindowLocked newFocus=Window{407300f0 com.android.mms/com.android.mms.ui.ComposeMessageActivity paused=false} mode=3 mCurrentFocus = Window{407300f0 com.android.mms/com.android.mms.ui.ComposeMessageActivity paused=false}
02-13 18:41:25.052 W/WindowManager(  258): updateFocusedWindowLocked newFocus=Window{407300f0 com.android.mms/com.android.mms.ui.ComposeMessageActivity paused=false} mode=3 mCurrentFocus = Window{407300f0 com.android.mms/com.android.mms.ui.ComposeMessageActivity paused=false}
02-13 18:41:25.122 W/WindowManager(  258): updateFocusedWindowLocked newFocus=Window{407300f0 com.android.mms/com.android.mms.ui.ComposeMessageActivity paused=false} mode=3 mCurrentFocus = Window{407300f0 com.android.mms/com.android.mms.ui.ComposeMessageActivity paused=false}
02-13 18:41:25.172 D/PowerManagerService(  258): setTimeoutLocked now=82340 timeoutOverride=-1 nextState=3 when=88340
02-13 18:41:25.232 W/WindowManager(  258): updateFocusedWindowLocked newFocus=Window{407300f0 com.android.mms/com.android.mms.ui.ComposeMessageActivity paused=false} mode=3 mCurrentFocus = Window{407300f0 com.android.mms/com.android.mms.ui.ComposeMessageActivity paused=false}
02-13 18:41:25.382 W/WindowManager(  258): updateFocusedWindowLocked newFocus=Window{407300f0 com.android.mms/com.android.mms.ui.ComposeMessageActivity paused=false} mode=3 mCurrentFocus = Window{407300f0 com.android.mms/com.android.mms.ui.ComposeMessageActivity paused=false}
02-13 18:41:25.473 D/PowerManagerService(  258): setTimeoutLocked now=82641 timeoutOverride=-1 nextState=3 when=88641
02-13 18:41:25.503 W/WindowManager(  258): updateFocusedWindowLocked newFocus=Window{407300f0 com.android.mms/com.android.mms.ui.ComposeMessageActivity paused=false} mode=3 mCurrentFocus = Window{407300f0 com.android.mms/com.android.mms.ui.ComposeMessageActivity paused=false}
02-13 18:41:25.943 D/PowerManagerService(  258): setTimeoutLocked now=83118 timeoutOverride=-1 nextState=3 when=89118
02-13 18:41:25.963 W/WindowManager(  258): updateFocusedWindowLocked newFocus=Window{407300f0 com.android.mms/com.android.mms.ui.ComposeMessageActivity paused=false} mode=3 mCurrentFocus = Window{407300f0 com.android.mms/com.android.mms.ui.ComposeMessageActivity paused=false}
02-13 18:41:26.113 D/PowerManagerService(  258): setTimeoutLocked now=83281 timeoutOverride=-1 nextState=3 when=89281
02-13 18:41:26.123 W/WindowManager(  258): updateFocusedWindowLocked newFocus=Window{407300f0 com.android.mms/com.android.mms.ui.ComposeMessageActivity paused=false} mode=3 mCurrentFocus = Window{407300f0 com.android.mms/com.android.mms.ui.ComposeMessageActivity paused=false}
02-13 18:41:26.263 W/WindowManager(  258): updateFocusedWindowLocked newFocus=Window{407300f0 com.android.mms/com.android.mms.ui.ComposeMessageActivity paused=false} mode=3 mCurrentFocus = Window{407300f0 com.android.mms/com.android.mms.ui.ComposeMessageActivity paused=false}
02-13 18:41:26.333 W/WindowManager(  258): updateFocusedWindowLocked newFocus=Window{407300f0 com.android.mms/com.android.mms.ui.ComposeMessageActivity paused=false} mode=3 mCurrentFocus = Window{407300f0 com.android.mms/com.android.mms.ui.ComposeMessageActivity paused=false}
02-13 18:41:26.413 W/WindowManager(  258): updateFocusedWindowLocked newFocus=Window{407300f0 com.android.mms/com.android.mms.ui.ComposeMessageActivity paused=false} mode=3 mCurrentFocus = Window{407300f0 com.android.mms/com.android.mms.ui.ComposeMessageActivity paused=false}
02-13 18:41:26.484 D/StatusBarPolicy(  340): onSignalStrengthsChanged:SignalStrength: 99 0 -101 -315 -87 -25 7 99 2147483647 2147483647 2147483647 2147483647 cdma for subscription0
02-13 18:41:26.484 D/StatusBarPolicy(  340): updateSignalStrength on subscription :0
02-13 18:41:26.484 D/PowerManagerService(  258): setTimeoutLocked now=83657 timeoutOverride=-1 nextState=3 when=89657
02-13 18:41:26.484 D/StatusBarPolicy(  340): StatusBarPolocy::getIconLevel -EVDO
02-13 18:41:26.484 D/StatusBarPolicy(  340): getEvdoLevel_band_six -evdoDbm:-87
02-13 18:41:26.484 D/StatusBarPolicy(  340): getEvdoLevel_band_six -evdoEcio:-25
02-13 18:41:26.534 W/WindowManager(  258): updateFocusedWindowLocked newFocus=Window{407300f0 com.android.mms/com.android.mms.ui.ComposeMessageActivity paused=false} mode=3 mCurrentFocus = Window{407300f0 com.android.mms/com.android.mms.ui.ComposeMessageActivity paused=false}
02-13 18:41:26.624 W/WindowManager(  258): updateFocusedWindowLocked newFocus=Window{407300f0 com.android.mms/com.android.mms.ui.ComposeMessageActivity paused=false} mode=3 mCurrentFocus = Window{407300f0 com.android.mms/com.android.mms.ui.ComposeMessageActivity paused=false}
02-13 18:41:26.724 D/PowerManagerService(  258): setTimeoutLocked now=83896 timeoutOverride=-1 nextState=3 when=89896
02-13 18:41:26.744 W/WindowManager(  258): updateFocusedWindowLocked newFocus=Window{407300f0 com.android.mms/com.android.mms.ui.ComposeMessageActivity paused=false} mode=3 mCurrentFocus = Window{407300f0 com.android.mms/com.android.mms.ui.ComposeMessageActivity paused=false}
02-13 18:41:26.994 W/WindowManager(  258): updateFocusedWindowLocked newFocus=Window{407300f0 com.android.mms/com.android.mms.ui.ComposeMessageActivity paused=false} mode=3 mCurrentFocus = Window{407300f0 com.android.mms/com.android.mms.ui.ComposeMessageActivity paused=false}
02-13 18:41:26.994 D/PowerManagerService(  258): setTimeoutLocked now=84159 timeoutOverride=-1 nextState=3 when=90159
02-13 18:41:27.154 W/WindowManager(  258): updateFocusedWindowLocked newFocus=Window{407300f0 com.android.mms/com.android.mms.ui.ComposeMessageActivity paused=false} mode=3 mCurrentFocus = Window{407300f0 com.android.mms/com.android.mms.ui.ComposeMessageActivity paused=false}
02-13 18:41:27.374 W/WindowManager(  258): updateFocusedWindowLocked newFocus=Window{407300f0 com.android.mms/com.android.mms.ui.ComposeMessageActivity paused=false} mode=3 mCurrentFocus = Window{407300f0 com.android.mms/com.android.mms.ui.ComposeMessageActivity paused=false}
02-13 18:41:27.464 D/PowerManagerService(  258): setTimeoutLocked now=84637 timeoutOverride=-1 nextState=3 when=90637
02-13 18:41:27.484 W/WindowManager(  258): updateFocusedWindowLocked newFocus=Window{407300f0 com.android.mms/com.android.mms.ui.ComposeMessageActivity paused=false} mode=3 mCurrentFocus = Window{407300f0 com.android.mms/com.android.mms.ui.ComposeMessageActivity paused=false}
02-13 18:41:27.805 D/PowerManagerService(  258): setTimeoutLocked now=84978 timeoutOverride=-1 nextState=3 when=90978
02-13 18:41:27.815 W/WindowManager(  258): updateFocusedWindowLocked newFocus=Window{407300f0 com.android.mms/com.android.mms.ui.ComposeMessageActivity paused=false} mode=3 mCurrentFocus = Window{407300f0 com.android.mms/com.android.mms.ui.ComposeMessageActivity paused=false}
02-13 18:41:27.905 W/WindowManager(  258): updateFocusedWindowLocked newFocus=Window{407300f0 com.android.mms/com.android.mms.ui.ComposeMessageActivity paused=false} mode=3 mCurrentFocus = Window{407300f0 com.android.mms/com.android.mms.ui.ComposeMessageActivity paused=false}
02-13 18:41:28.045 W/WindowManager(  258): updateFocusedWindowLocked newFocus=Window{407300f0 com.android.mms/com.android.mms.ui.ComposeMessageActivity paused=false} mode=3 mCurrentFocus = Window{407300f0 com.android.mms/com.android.mms.ui.ComposeMessageActivity paused=false}
02-13 18:41:28.135 D/PowerManagerService(  258): setTimeoutLocked now=85304 timeoutOverride=-1 nextState=3 when=91304
02-13 18:41:28.175 W/WindowManager(  258): updateFocusedWindowLocked newFocus=Window{407300f0 com.android.mms/com.android.mms.ui.ComposeMessageActivity paused=false} mode=3 mCurrentFocus = Window{407300f0 com.android.mms/com.android.mms.ui.ComposeMessageActivity paused=false}
02-13 18:41:28.265 D/WifiService(  258): ACTION_BATTERY_CHANGED pluggedType: 1
02-13 18:41:28.265 D/WifiService(  258): WifiHandler, MESSAGE_UPDATE_STATE
02-13 18:41:28.265 D/WifiService(  258): isAirplaneModeOn(): false
02-13 18:41:28.265 D/WifiService(  258): updateWifiState(), wifiEnabled: true, airplaneMode: false, wifiShouldBeEnabled: true, wifiShouldBeStarted: true, strongestLockMode: 1
02-13 18:41:28.265 D/WifiService(  258): WifiHandler, MESSAGE_ENABLE_WIFI, msg.arg1: 0, msg.arg2: 1000
02-13 18:41:28.265 D/WifiService(  258): WifiHandler, MESSAGE_START_WIFI, msg.arg1: 1
02-13 18:41:28.315 W/WindowManager(  258): updateFocusedWindowLocked newFocus=Window{407300f0 com.android.mms/com.android.mms.ui.ComposeMessageActivity paused=false} mode=3 mCurrentFocus = Window{407300f0 com.android.mms/com.android.mms.ui.ComposeMessageActivity paused=false}
02-13 18:41:28.345 D/PowerManagerService(  258): setTimeoutLocked now=85514 timeoutOverride=-1 nextState=3 when=91514
02-13 18:41:28.475 W/WindowManager(  258): updateFocusedWindowLocked newFocus=Window{407300f0 com.android.mms/com.android.mms.ui.ComposeMessageActivity paused=false} mode=3 mCurrentFocus = Window{407300f0 com.android.mms/com.android.mms.ui.ComposeMessageActivity paused=false}
02-13 18:41:28.515 W/WindowManager(  258): updateFocusedWindowLocked newFocus=Window{407300f0 com.android.mms/com.android.mms.ui.ComposeMessageActivity paused=false} mode=3 mCurrentFocus = Window{407300f0 com.android.mms/com.android.mms.ui.ComposeMessageActivity paused=false}
02-13 18:41:28.656 W/WindowManager(  258): updateFocusedWindowLocked newFocus=Window{407300f0 com.android.mms/com.android.mms.ui.ComposeMessageActivity paused=false} mode=3 mCurrentFocus = Window{407300f0 com.android.mms/com.android.mms.ui.ComposeMessageActivity paused=false}
02-13 18:41:28.726 D/StatusBarPolicy(  340): onSignalStrengthsChanged:SignalStrength: 99 0 -103 -195 -87 -25 7 99 2147483647 2147483647 2147483647 2147483647 cdma for subscription0
02-13 18:41:28.736 D/StatusBarPolicy(  340): updateSignalStrength on subscription :0
02-13 18:41:28.736 D/StatusBarPolicy(  340): StatusBarPolocy::getIconLevel -EVDO
02-13 18:41:28.736 D/StatusBarPolicy(  340): getEvdoLevel_band_six -evdoDbm:-87
02-13 18:41:28.736 D/StatusBarPolicy(  340): getEvdoLevel_band_six -evdoEcio:-25
02-13 18:41:28.766 W/WindowManager(  258): updateFocusedWindowLocked newFocus=Window{407300f0 com.android.mms/com.android.mms.ui.ComposeMessageActivity paused=false} mode=3 mCurrentFocus = Window{407300f0 com.android.mms/com.android.mms.ui.ComposeMessageActivity paused=false}
02-13 18:41:28.836 D/PowerManagerService(  258): setTimeoutLocked now=86004 timeoutOverride=-1 nextState=3 when=92004
02-13 18:41:28.886 W/WindowManager(  258): updateFocusedWindowLocked newFocus=Window{407300f0 com.android.mms/com.android.mms.ui.ComposeMessageActivity paused=false} mode=3 mCurrentFocus = Window{407300f0 com.android.mms/com.android.mms.ui.ComposeMessageActivity paused=false}
02-13 18:41:29.166 D/PowerManagerService(  258): setTimeoutLocked now=86330 timeoutOverride=-1 nextState=3 when=92330
02-13 18:41:29.176 W/WindowManager(  258): updateFocusedWindowLocked newFocus=Window{407300f0 com.android.mms/com.android.mms.ui.ComposeMessageActivity paused=false} mode=3 mCurrentFocus = Window{407300f0 com.android.mms/com.android.mms.ui.ComposeMessageActivity paused=false}
02-13 18:41:29.326 W/WindowManager(  258): updateFocusedWindowLocked newFocus=Window{407300f0 com.android.mms/com.android.mms.ui.ComposeMessageActivity paused=false} mode=3 mCurrentFocus = Window{407300f0 com.android.mms/com.android.mms.ui.ComposeMessageActivity paused=false}
02-13 18:41:29.446 W/WindowManager(  258): updateFocusedWindowLocked newFocus=Window{407300f0 com.android.mms/com.android.mms.ui.ComposeMessageActivity paused=false} mode=3 mCurrentFocus = Window{407300f0 com.android.mms/com.android.mms.ui.ComposeMessageActivity paused=false}
02-13 18:41:29.577 D/PowerManagerService(  258): setTimeoutLocked now=86743 timeoutOverride=-1 nextState=3 when=92743
02-13 18:41:29.627 W/WindowManager(  258): updateFocusedWindowLocked newFocus=Window{407300f0 com.android.mms/com.android.mms.ui.ComposeMessageActivity paused=false} mode=3 mCurrentFocus = Window{407300f0 com.android.mms/com.android.mms.ui.ComposeMessageActivity paused=false}
02-13 18:41:29.717 D/PowerManagerService(  258): setTimeoutLocked now=86882 timeoutOverride=-1 nextState=3 when=92882
02-13 18:41:29.727 W/WindowManager(  258): updateFocusedWindowLocked newFocus=Window{407300f0 com.android.mms/com.android.mms.ui.ComposeMessageActivity paused=false} mode=3 mCurrentFocus = Window{407300f0 com.android.mms/com.android.mms.ui.ComposeMessageActivity paused=false}
02-13 18:41:29.837 W/WindowManager(  258): updateFocusedWindowLocked newFocus=Window{407300f0 com.android.mms/com.android.mms.ui.ComposeMessageActivity paused=false} mode=3 mCurrentFocus = Window{407300f0 com.android.mms/com.android.mms.ui.ComposeMessageActivity paused=false}
02-13 18:41:29.907 W/WindowManager(  258): updateFocusedWindowLocked newFocus=Window{407300f0 com.android.mms/com.android.mms.ui.ComposeMessageActivity paused=false} mode=3 mCurrentFocus = Window{407300f0 com.android.mms/com.android.mms.ui.ComposeMessageActivity paused=false}
02-13 18:41:30.047 W/WindowManager(  258): updateFocusedWindowLocked newFocus=Window{407300f0 com.android.mms/com.android.mms.ui.ComposeMessageActivity paused=false} mode=3 mCurrentFocus = Window{407300f0 com.android.mms/com.android.mms.ui.ComposeMessageActivity paused=false}
02-13 18:41:31.879 D/PowerManagerService(  258): setTimeoutLocked now=89045 timeoutOverride=-1 nextState=3 when=95045
02-13 18:41:31.889 W/WindowManager(  258): updateFocusedWindowLocked newFocus=Window{407300f0 com.android.mms/com.android.mms.ui.ComposeMessageActivity paused=false} mode=3 mCurrentFocus = Window{407300f0 com.android.mms/com.android.mms.ui.ComposeMessageActivity paused=false}
02-13 18:41:32.059 D/StatusBarPolicy(  340): onSignalStrengthsChanged:SignalStrength: 99 0 -95 -70 -87 -25 7 99 2147483647 2147483647 2147483647 2147483647 cdma for subscription0
02-13 18:41:32.059 D/StatusBarPolicy(  340): updateSignalStrength on subscription :0
02-13 18:41:32.059 D/StatusBarPolicy(  340): StatusBarPolocy::getIconLevel -EVDO
02-13 18:41:32.059 D/StatusBarPolicy(  340): getEvdoLevel_band_six -evdoDbm:-87
02-13 18:41:32.069 D/StatusBarPolicy(  340): getEvdoLevel_band_six -evdoEcio:-25
02-13 18:41:32.069 I/TelephonyRegistry(  258): notifyServiceState: 0 home Sprint  310099  EvDo rev. A CSS not supported 41 4139RoamInd: 1RoamStatus(sprint): 1DefRoamInd: 160EmergOnly: false
02-13 18:41:32.069 D/StatusBarPolicy(  340): onServiceStateChanged:0 home Sprint  310099  EvDo rev. A CSS not supported 41 4139RoamInd: 1RoamStatus(sprint): 1DefRoamInd: 160EmergOnly: falsefor subscription :0
02-13 18:41:32.069 D/StatusBarPolicy(  340): updateSignalStrength on subscription :0
02-13 18:41:32.069 D/StatusBarPolicy(  340): StatusBarPolocy::getIconLevel -EVDO
02-13 18:41:32.069 D/StatusBarPolicy(  340): getEvdoLevel_band_six -evdoDbm:-87
02-13 18:41:32.069 D/StatusBarPolicy(  340): getEvdoLevel_band_six -evdoEcio:-25
02-13 18:41:32.069 D/StatusBarPolicy(  340): updateDataIcon subscription =0
02-13 18:41:32.119 D/PowerManagerService(  258): setTimeoutLocked now=89283 timeoutOverride=-1 nextState=3 when=95283
02-13 18:41:32.179 W/WindowManager(  258): updateFocusedWindowLocked newFocus=Window{407300f0 com.android.mms/com.android.mms.ui.ComposeMessageActivity paused=false} mode=3 mCurrentFocus = Window{407300f0 com.android.mms/com.android.mms.ui.ComposeMessageActivity paused=false}
02-13 18:41:32.970 D/PowerManagerService(  258): setTimeoutLocked now=90128 timeoutOverride=-1 nextState=3 when=96128
02-13 18:41:32.990 W/WindowManager(  258): updateFocusedWindowLocked newFocus=Window{407300f0 com.android.mms/com.android.mms.ui.ComposeMessageActivity paused=false} mode=3 mCurrentFocus = Window{407300f0 com.android.mms/com.android.mms.ui.ComposeMessageActivity paused=false}
02-13 18:41:33.030 D/PowerManagerService(  258): setTimeoutLocked now=90191 timeoutOverride=-1 nextState=3 when=96191
02-13 18:41:33.050 W/WindowManager(  258): updateFocusedWindowLocked newFocus=Window{407300f0 com.android.mms/com.android.mms.ui.ComposeMessageActivity paused=false} mode=3 mCurrentFocus = Window{407300f0 com.android.mms/com.android.mms.ui.ComposeMessageActivity paused=false}
02-13 18:41:33.060 D/StatusBarPolicy(  340): updateDataIcon subscription =0
02-13 18:41:33.150 W/WindowManager(  258): updateFocusedWindowLocked newFocus=Window{407300f0 com.android.mms/com.android.mms.ui.ComposeMessageActivity paused=false} mode=3 mCurrentFocus = Window{407300f0 com.android.mms/com.android.mms.ui.ComposeMessageActivity paused=false}
02-13 18:41:33.270 W/WindowManager(  258): updateFocusedWindowLocked newFocus=Window{407300f0 com.android.mms/com.android.mms.ui.ComposeMessageActivity paused=false} mode=3 mCurrentFocus = Window{407300f0 com.android.mms/com.android.mms.ui.ComposeMessageActivity paused=false}
02-13 18:41:34.131 D/PowerManagerService(  258): setTimeoutLocked now=91300 timeoutOverride=-1 nextState=3 when=97300
02-13 18:41:34.161 W/WindowManager(  258): updateFocusedWindowLocked newFocus=Window{407300f0 com.android.mms/com.android.mms.ui.ComposeMessageActivity paused=false} mode=3 mCurrentFocus = Window{407300f0 com.android.mms/com.android.mms.ui.ComposeMessageActivity paused=false}
02-13 18:41:34.221 D/PowerManagerService(  258): setTimeoutLocked now=91398 timeoutOverride=-1 nextState=3 when=97398
02-13 18:41:34.241 W/WindowManager(  258): updateFocusedWindowLocked newFocus=Window{407300f0 com.android.mms/com.android.mms.ui.ComposeMessageActivity paused=false} mode=3 mCurrentFocus = Window{407300f0 com.android.mms/com.android.mms.ui.ComposeMessageActivity paused=false}
02-13 18:41:34.351 W/WindowManager(  258): updateFocusedWindowLocked newFocus=Window{407300f0 com.android.mms/com.android.mms.ui.ComposeMessageActivity paused=false} mode=3 mCurrentFocus = Window{407300f0 com.android.mms/com.android.mms.ui.ComposeMessageActivity paused=false}
02-13 18:41:34.471 W/WindowManager(  258): updateFocusedWindowLocked newFocus=Window{407300f0 com.android.mms/com.android.mms.ui.ComposeMessageActivity paused=false} mode=3 mCurrentFocus = Window{407300f0 com.android.mms/com.android.mms.ui.ComposeMessageActivity paused=false}
02-13 18:41:34.561 W/WindowManager(  258): updateFocusedWindowLocked newFocus=Window{407300f0 com.android.mms/com.android.mms.ui.ComposeMessageActivity paused=false} mode=3 mCurrentFocus = Window{407300f0 com.android.mms/com.android.mms.ui.ComposeMessageActivity paused=false}
02-13 18:41:34.671 W/WindowManager(  258): updateFocusedWindowLocked newFocus=Window{407300f0 com.android.mms/com.android.mms.ui.ComposeMessageActivity paused=false} mode=3 mCurrentFocus = Window{407300f0 com.android.mms/com.android.mms.ui.ComposeMessageActivity paused=false}
02-13 18:41:34.702 D/PowerManagerService(  258): setTimeoutLocked now=91876 timeoutOverride=-1 nextState=3 when=97876
02-13 18:41:34.712 W/WindowManager(  258): updateFocusedWindowLocked newFocus=Window{407300f0 com.android.mms/com.android.mms.ui.ComposeMessageActivity paused=false} mode=3 mCurrentFocus = Window{407300f0 com.android.mms/com.android.mms.ui.ComposeMessageActivity paused=false}
02-13 18:41:34.852 D/PowerManagerService(  258): setTimeoutLocked now=92013 timeoutOverride=-1 nextState=3 when=98013
02-13 18:41:34.862 W/WindowManager(  258): updateFocusedWindowLocked newFocus=Window{407300f0 com.android.mms/com.android.mms.ui.ComposeMessageActivity paused=false} mode=3 mCurrentFocus = Window{407300f0 com.android.mms/com.android.mms.ui.ComposeMessageActivity paused=false}
02-13 18:41:35.462 D/StatusBarPolicy(  340): onSignalStrengthsChanged:SignalStrength: 99 0 -95 -70 -85 -25 7 99 2147483647 2147483647 2147483647 2147483647 cdma for subscription0
02-13 18:41:35.472 D/StatusBarPolicy(  340): updateSignalStrength on subscription :0
02-13 18:41:35.472 D/StatusBarPolicy(  340): StatusBarPolocy::getIconLevel -EVDO
02-13 18:41:35.472 D/StatusBarPolicy(  340): getEvdoLevel_band_six -evdoDbm:-85
02-13 18:41:35.472 D/StatusBarPolicy(  340): getEvdoLevel_band_six -evdoEcio:-25
02-13 18:41:36.403 D/PowerManagerService(  258): setTimeoutLocked now=93571 timeoutOverride=-1 nextState=3 when=99571
02-13 18:41:36.413 W/WindowManager(  258): updateFocusedWindowLocked newFocus=Window{407300f0 com.android.mms/com.android.mms.ui.ComposeMessageActivity paused=false} mode=3 mCurrentFocus = Window{407300f0 com.android.mms/com.android.mms.ui.ComposeMessageActivity paused=false}
02-13 18:41:36.603 D/PowerManagerService(  258): setTimeoutLocked now=93773 timeoutOverride=-1 nextState=3 when=99773
02-13 18:41:36.623 W/WindowManager(  258): updateFocusedWindowLocked newFocus=Window{407300f0 com.android.mms/com.android.mms.ui.ComposeMessageActivity paused=false} mode=3 mCurrentFocus = Window{407300f0 com.android.mms/com.android.mms.ui.ComposeMessageActivity paused=false}
02-13 18:41:37.684 D/PowerManagerService(  258): setTimeoutLocked now=94857 timeoutOverride=-1 nextState=3 when=100857
02-13 18:41:37.694 D/StatusBarPolicy(  340): onSignalStrengthsChanged:SignalStrength: 99 0 -95 -70 -85 -25 8 99 2147483647 2147483647 2147483647 2147483647 cdma for subscription0
02-13 18:41:37.694 D/StatusBarPolicy(  340): updateSignalStrength on subscription :0
02-13 18:41:37.694 D/StatusBarPolicy(  340): StatusBarPolocy::getIconLevel -EVDO
02-13 18:41:37.694 D/StatusBarPolicy(  340): getEvdoLevel_band_six -evdoDbm:-85
02-13 18:41:37.694 D/StatusBarPolicy(  340): getEvdoLevel_band_six -evdoEcio:-25
02-13 18:41:37.714 W/WindowManager(  258): updateFocusedWindowLocked newFocus=Window{407300f0 com.android.mms/com.android.mms.ui.ComposeMessageActivity paused=false} mode=3 mCurrentFocus = Window{407300f0 com.android.mms/com.android.mms.ui.ComposeMessageActivity paused=false}
02-13 18:41:37.744 D/PowerManagerService(  258): setTimeoutLocked now=94915 timeoutOverride=-1 nextState=3 when=100915
02-13 18:41:37.755 W/WindowManager(  258): updateFocusedWindowLocked newFocus=Window{407300f0 com.android.mms/com.android.mms.ui.ComposeMessageActivity paused=false} mode=3 mCurrentFocus = Window{407300f0 com.android.mms/com.android.mms.ui.ComposeMessageActivity paused=false}
02-13 18:41:39.456 D/PowerManagerService(  258): setTimeoutLocked now=96627 timeoutOverride=-1 nextState=3 when=102627
02-13 18:41:39.466 W/WindowManager(  258): updateFocusedWindowLocked newFocus=Window{407300f0 com.android.mms/com.android.mms.ui.ComposeMessageActivity paused=false} mode=3 mCurrentFocus = Window{407300f0 com.android.mms/com.android.mms.ui.ComposeMessageActivity paused=false}
02-13 18:41:39.606 D/PowerManagerService(  258): setTimeoutLocked now=96774 timeoutOverride=-1 nextState=3 when=102774
02-13 18:41:39.626 W/WindowManager(  258): updateFocusedWindowLocked newFocus=Window{407300f0 com.android.mms/com.android.mms.ui.ComposeMessageActivity paused=false} mode=3 mCurrentFocus = Window{407300f0 com.android.mms/com.android.mms.ui.ComposeMessageActivity paused=false}
02-13 18:41:41.768 D/PowerManagerService(  258): setTimeoutLocked now=98934 timeoutOverride=-1 nextState=3 when=104934
02-13 18:41:41.778 W/WindowManager(  258): updateFocusedWindowLocked newFocus=Window{407300f0 com.android.mms/com.android.mms.ui.ComposeMessageActivity paused=false} mode=3 mCurrentFocus = Window{407300f0 com.android.mms/com.android.mms.ui.ComposeMessageActivity paused=false}
02-13 18:41:41.889 D/PowerManagerService(  258): setTimeoutLocked now=99057 timeoutOverride=-1 nextState=3 when=105057
02-13 18:41:41.929 W/WindowManager(  258): updateFocusedWindowLocked newFocus=Window{407300f0 com.android.mms/com.android.mms.ui.ComposeMessageActivity paused=false} mode=3 mCurrentFocus = Window{407300f0 com.android.mms/com.android.mms.ui.ComposeMessageActivity paused=false}
02-13 18:41:43.640 D/StatusBarPolicy(  340): updateDataIcon subscription =0
02-13 18:41:44.421 D/StatusBarPolicy(  340): onSignalStrengthsChanged:SignalStrength: 99 0 -95 -70 -85 -25 7 99 2147483647 2147483647 2147483647 2147483647 cdma for subscription0
02-13 18:41:44.421 D/StatusBarPolicy(  340): updateSignalStrength on subscription :0
02-13 18:41:44.421 D/StatusBarPolicy(  340): StatusBarPolocy::getIconLevel -EVDO
02-13 18:41:44.421 D/StatusBarPolicy(  340): getEvdoLevel_band_six -evdoDbm:-85
02-13 18:41:44.421 D/StatusBarPolicy(  340): getEvdoLevel_band_six -evdoEcio:-25
02-13 18:41:44.791 D/PowerManagerService(  258): setTimeoutLocked now=101956 timeoutOverride=-1 nextState=3 when=107956
02-13 18:41:44.801 W/WindowManager(  258): updateFocusedWindowLocked newFocus=Window{407300f0 com.android.mms/com.android.mms.ui.ComposeMessageActivity paused=false} mode=3 mCurrentFocus = Window{407300f0 com.android.mms/com.android.mms.ui.ComposeMessageActivity paused=false}
02-13 18:41:44.881 D/PowerManagerService(  258): setTimeoutLocked now=102053 timeoutOverride=-1 nextState=3 when=108053
02-13 18:41:44.891 W/WindowManager(  258): updateFocusedWindowLocked newFocus=Window{407300f0 com.android.mms/com.android.mms.ui.ComposeMessageActivity paused=false} mode=3 mCurrentFocus = Window{407300f0 com.android.mms/com.android.mms.ui.ComposeMessageActivity paused=false}
02-13 18:41:45.012 W/WindowManager(  258): updateFocusedWindowLocked newFocus=Window{407300f0 com.android.mms/com.android.mms.ui.ComposeMessageActivity paused=false} mode=3 mCurrentFocus = Window{407300f0 com.android.mms/com.android.mms.ui.ComposeMessageActivity paused=false}
02-13 18:41:45.122 W/WindowManager(  258): updateFocusedWindowLocked newFocus=Window{407300f0 com.android.mms/com.android.mms.ui.ComposeMessageActivity paused=false} mode=3 mCurrentFocus = Window{407300f0 com.android.mms/com.android.mms.ui.ComposeMessageActivity paused=false}
02-13 18:41:46.123 D/PowerManagerService(  258): setTimeoutLocked now=103283 timeoutOverride=-1 nextState=3 when=109283
02-13 18:41:46.143 W/WindowManager(  258): updateFocusedWindowLocked newFocus=Window{407300f0 com.android.mms/com.android.mms.ui.ComposeMessageActivity paused=false} mode=3 mCurrentFocus = Window{407300f0 com.android.mms/com.android.mms.ui.ComposeMessageActivity paused=false}
02-13 18:41:46.223 D/PowerManagerService(  258): setTimeoutLocked now=103392 timeoutOverride=-1 nextState=3 when=109392
02-13 18:41:46.263 W/WindowManager(  258): updateFocusedWindowLocked newFocus=Window{407300f0 com.android.mms/com.android.mms.ui.ComposeMessageActivity paused=false} mode=3 mCurrentFocus = Window{407300f0 com.android.mms/com.android.mms.ui.ComposeMessageActivity paused=false}
02-13 18:41:47.394 D/PowerManagerService(  258): setTimeoutLocked now=104559 timeoutOverride=-1 nextState=3 when=110559
02-13 18:41:47.404 W/WindowManager(  258): updateFocusedWindowLocked newFocus=Window{407300f0 com.android.mms/com.android.mms.ui.ComposeMessageActivity paused=false} mode=3 mCurrentFocus = Window{407300f0 com.android.mms/com.android.mms.ui.ComposeMessageActivity paused=false}
02-13 18:41:47.434 D/PowerManagerService(  258): setTimeoutLocked now=104606 timeoutOverride=-1 nextState=3 when=110606
02-13 18:41:47.454 W/WindowManager(  258): updateFocusedWindowLocked newFocus=Window{407300f0 com.android.mms/com.android.mms.ui.ComposeMessageActivity paused=false} mode=3 mCurrentFocus = Window{407300f0 com.android.mms/com.android.mms.ui.ComposeMessageActivity paused=false}
02-13 18:41:47.564 W/WindowManager(  258): updateFocusedWindowLocked newFocus=Window{407300f0 com.android.mms/com.android.mms.ui.ComposeMessageActivity paused=false} mode=3 mCurrentFocus = Window{407300f0 com.android.mms/com.android.mms.ui.ComposeMessageActivity paused=false}
02-13 18:41:47.684 W/WindowManager(  258): updateFocusedWindowLocked newFocus=Window{407300f0 com.android.mms/com.android.mms.ui.ComposeMessageActivity paused=false} mode=3 mCurrentFocus = Window{407300f0 com.android.mms/com.android.mms.ui.ComposeMessageActivity paused=false}
02-13 18:41:48.075 D/PowerManagerService(  258): setTimeoutLocked now=105249 timeoutOverride=-1 nextState=3 when=111249
02-13 18:41:48.085 W/WindowManager(  258): updateFocusedWindowLocked newFocus=Window{407300f0 com.android.mms/com.android.mms.ui.ComposeMessageActivity paused=false} mode=3 mCurrentFocus = Window{407300f0 com.android.mms/com.android.mms.ui.ComposeMessageActivity paused=false}
02-13 18:41:48.205 D/PowerManagerService(  258): setTimeoutLocked now=105371 timeoutOverride=-1 nextState=3 when=111371
02-13 18:41:48.235 W/WindowManager(  258): updateFocusedWindowLocked newFocus=Window{407300f0 com.android.mms/com.android.mms.ui.ComposeMessageActivity paused=false} mode=3 mCurrentFocus = Window{407300f0 com.android.mms/com.android.mms.ui.ComposeMessageActivity paused=false}
02-13 18:41:48.815 D/PowerManagerService(  258): setTimeoutLocked now=105981 timeoutOverride=-1 nextState=3 when=111981
02-13 18:41:48.845 W/WindowManager(  258): updateFocusedWindowLocked newFocus=Window{407300f0 com.android.mms/com.android.mms.ui.ComposeMessageActivity paused=false} mode=3 mCurrentFocus = Window{407300f0 com.android.mms/com.android.mms.ui.ComposeMessageActivity paused=false}
02-13 18:41:48.895 D/StatusBarPolicy(  340): onSignalStrengthsChanged:SignalStrength: 99 0 -90 -160 -85 -1 7 99 2147483647 2147483647 2147483647 2147483647 cdma for subscription0
02-13 18:41:48.895 D/StatusBarPolicy(  340): updateSignalStrength on subscription :0
02-13 18:41:48.895 D/StatusBarPolicy(  340): StatusBarPolocy::getIconLevel -EVDO
02-13 18:41:48.895 D/StatusBarPolicy(  340): getEvdoLevel_band_six -evdoDbm:-85
02-13 18:41:48.895 D/StatusBarPolicy(  340): getEvdoLevel_band_six -evdoEcio:-1
02-13 18:41:48.905 D/StatusBarPolicy(  340): onSignalStrengthsChanged:SignalStrength: 99 0 -90 -75 -85 -15 7 99 2147483647 2147483647 2147483647 2147483647 cdma for subscription0
02-13 18:41:48.905 D/StatusBarPolicy(  340): updateSignalStrength on subscription :0
02-13 18:41:48.905 D/StatusBarPolicy(  340): StatusBarPolocy::getIconLevel -EVDO
02-13 18:41:48.905 D/StatusBarPolicy(  340): getEvdoLevel_band_six -evdoDbm:-85
02-13 18:41:48.905 D/StatusBarPolicy(  340): getEvdoLevel_band_six -evdoEcio:-15
02-13 18:41:48.905 D/PowerManagerService(  258): setTimeoutLocked now=106079 timeoutOverride=-1 nextState=3 when=112079
02-13 18:41:48.955 W/WindowManager(  258): updateFocusedWindowLocked newFocus=Window{407300f0 com.android.mms/com.android.mms.ui.ComposeMessageActivity paused=false} mode=3 mCurrentFocus = Window{407300f0 com.android.mms/com.android.mms.ui.ComposeMessageActivity paused=false}
02-13 18:41:49.336 D/PowerManagerService(  258): setTimeoutLocked now=106508 timeoutOverride=-1 nextState=3 when=112508
02-13 18:41:49.346 W/WindowManager(  258): updateFocusedWindowLocked newFocus=Window{407300f0 com.android.mms/com.android.mms.ui.ComposeMessageActivity paused=false} mode=3 mCurrentFocus = Window{407300f0 com.android.mms/com.android.mms.ui.ComposeMessageActivity paused=false}
02-13 18:41:49.466 D/PowerManagerService(  258): setTimeoutLocked now=106630 timeoutOverride=-1 nextState=3 when=112630
02-13 18:41:49.476 W/WindowManager(  258): updateFocusedWindowLocked newFocus=Window{407300f0 com.android.mms/com.android.mms.ui.ComposeMessageActivity paused=false} mode=3 mCurrentFocus = Window{407300f0 com.android.mms/com.android.mms.ui.ComposeMessageActivity paused=false}
02-13 18:41:49.826 W/WindowManager(  258): updateFocusedWindowLocked newFocus=Window{407300f0 com.android.mms/com.android.mms.ui.ComposeMessageActivity paused=false} mode=3 mCurrentFocus = Window{407300f0 com.android.mms/com.android.mms.ui.ComposeMessageActivity paused=false}
02-13 18:41:49.886 D/PowerManagerService(  258): setTimeoutLocked now=107058 timeoutOverride=-1 nextState=3 when=113058
02-13 18:41:49.946 W/WindowManager(  258): updateFocusedWindowLocked newFocus=Window{407300f0 com.android.mms/com.android.mms.ui.ComposeMessageActivity paused=false} mode=3 mCurrentFocus = Window{407300f0 com.android.mms/com.android.mms.ui.ComposeMessageActivity paused=false}
02-13 18:41:50.437 D/PowerManagerService(  258): setTimeoutLocked now=107600 timeoutOverride=-1 nextState=3 when=113600
02-13 18:41:50.437 W/WindowManager(  258): updateFocusedWindowLocked newFocus=Window{407300f0 com.android.mms/com.android.mms.ui.ComposeMessageActivity paused=false} mode=3 mCurrentFocus = Window{407300f0 com.android.mms/com.android.mms.ui.ComposeMessageActivity paused=false}
02-13 18:41:50.517 D/PowerManagerService(  258): setTimeoutLocked now=107684 timeoutOverride=-1 nextState=3 when=113684
02-13 18:41:50.527 W/WindowManager(  258): updateFocusedWindowLocked newFocus=Window{407300f0 com.android.mms/com.android.mms.ui.ComposeMessageActivity paused=false} mode=3 mCurrentFocus = Window{407300f0 com.android.mms/com.android.mms.ui.ComposeMessageActivity paused=false}
02-13 18:41:50.947 W/WindowManager(  258): updateFocusedWindowLocked newFocus=Window{407300f0 com.android.mms/com.android.mms.ui.ComposeMessageActivity paused=false} mode=3 mCurrentFocus = Window{407300f0 com.android.mms/com.android.mms.ui.ComposeMessageActivity paused=false}
02-13 18:41:50.957 D/PowerManagerService(  258): setTimeoutLocked now=108123 timeoutOverride=-1 nextState=3 when=114123
02-13 18:41:51.047 D/PowerManagerService(  258): setTimeoutLocked now=108213 timeoutOverride=-1 nextState=3 when=114213
02-13 18:41:51.057 W/WindowManager(  258): updateFocusedWindowLocked newFocus=Window{407300f0 com.android.mms/com.android.mms.ui.ComposeMessageActivity paused=false} mode=3 mCurrentFocus = Window{407300f0 com.android.mms/com.android.mms.ui.ComposeMessageActivity paused=false}
02-13 18:41:51.738 D/PowerManagerService(  258): setTimeoutLocked now=108903 timeoutOverride=-1 nextState=3 when=114903
02-13 18:41:51.768 W/WindowManager(  258): updateFocusedWindowLocked newFocus=Window{407300f0 com.android.mms/com.android.mms.ui.ComposeMessageActivity paused=false} mode=3 mCurrentFocus = Window{407300f0 com.android.mms/com.android.mms.ui.ComposeMessageActivity paused=false}
02-13 18:41:51.798 D/PowerManagerService(  258): setTimeoutLocked now=108962 timeoutOverride=-1 nextState=3 when=114962
02-13 18:41:51.818 W/WindowManager(  258): updateFocusedWindowLocked newFocus=Window{407300f0 com.android.mms/com.android.mms.ui.ComposeMessageActivity paused=false} mode=3 mCurrentFocus = Window{407300f0 com.android.mms/com.android.mms.ui.ComposeMessageActivity paused=false}
02-13 18:41:52.068 W/WindowManager(  258): updateFocusedWindowLocked newFocus=Window{407300f0 com.android.mms/com.android.mms.ui.ComposeMessageActivity paused=false} mode=3 mCurrentFocus = Window{407300f0 com.android.mms/com.android.mms.ui.ComposeMessageActivity paused=false}
02-13 18:41:52.289 W/WindowManager(  258): updateFocusedWindowLocked newFocus=Window{407300f0 com.android.mms/com.android.mms.ui.ComposeMessageActivity paused=false} mode=3 mCurrentFocus = Window{407300f0 com.android.mms/com.android.mms.ui.ComposeMessageActivity paused=false}
02-13 18:41:52.619 D/PowerManagerService(  258): setTimeoutLocked now=109777 timeoutOverride=-1 nextState=3 when=115777
02-13 18:41:52.629 W/WindowManager(  258): updateFocusedWindowLocked newFocus=Window{407300f0 com.android.mms/com.android.mms.ui.ComposeMessageActivity paused=false} mode=3 mCurrentFocus = Window{407300f0 com.android.mms/com.android.mms.ui.ComposeMessageActivity paused=false}
02-13 18:41:52.749 D/PowerManagerService(  258): setTimeoutLocked now=109915 timeoutOverride=-1 nextState=3 when=115915
02-13 18:41:52.799 W/WindowManager(  258): updateFocusedWindowLocked newFocus=Window{407300f0 com.android.mms/com.android.mms.ui.ComposeMessageActivity paused=false} mode=3 mCurrentFocus = Window{407300f0 com.android.mms/com.android.mms.ui.ComposeMessageActivity paused=false}
02-13 18:41:53.150 D/PowerManagerService(  258): setTimeoutLocked now=110317 timeoutOverride=-1 nextState=3 when=116317
02-13 18:41:53.170 W/WindowManager(  258): updateFocusedWindowLocked newFocus=Window{407300f0 com.android.mms/com.android.mms.ui.ComposeMessageActivity paused=false} mode=3 mCurrentFocus = Window{407300f0 com.android.mms/com.android.mms.ui.ComposeMessageActivity paused=false}
02-13 18:41:53.300 D/PowerManagerService(  258): setTimeoutLocked now=110467 timeoutOverride=-1 nextState=3 when=116467
