02-13 18:40:35.894 W/WindowManager(  258): updateFocusedWindowLocked newFocus=null mode=3 mCurrentFocus = null
02-13 18:40:35.904 W/WindowManager(  258): updateFocusedWindowLocked newFocus=null mode=2 mCurrentFocus = null
02-13 18:40:35.904 W/WindowManager(  258): updateFocusedWindowLocked newFocus=null mode=2 mCurrentFocus = null
02-13 18:40:35.924 W/WindowManager(  258): updateFocusedWindowLocked newFocus=null mode=0 mCurrentFocus = null
02-13 18:40:36.505 D/RPC     (  258): 3000008c:00050000 sending call (XID 1).
02-13 18:40:36.505 W/WindowManager(  258): updateFocusedWindowLocked newFocus=Window{4084edf0 com.android.mms/com.android.mms.ui.ConversationList paused=false} mode=3 mCurrentFocus = null
02-13 18:40:36.585 D/RPC     (  258): 3000008c:00050000 received REPLY (XID 1), grabbing mutex to wake up client.
02-13 18:40:36.605 D/RPC     (  258): 3000008c:00050000 call success.
02-13 18:40:36.605 D/RPC     (  258): 3000008c:00050000 sending call (XID 2).
02-13 18:40:36.605 D/RPC     (  258): 3000008c:00050000 received REPLY (XID 2), grabbing mutex to wake up client.
02-13 18:40:36.615 D/RPC     (  258): 3000008c:00050000 waiting for XDR input buffer to be consumed.
02-13 18:40:36.645 D/RPC     (  258): 3000008c:00050000 call success.
02-13 18:40:36.645 D/RPC     (  258): 3000008c:00050000 received CALL.
02-13 18:40:36.665 W/WindowManager(  258): updateFocusedWindowLocked newFocus=Window{4084edf0 com.android.mms/com.android.mms.ui.ConversationList paused=false} mode=0 mCurrentFocus = Window{4084edf0 com.android.mms/com.android.mms.ui.ConversationList paused=false}
02-13 18:40:36.665 D/RPC     (  258): 3000008c:00050000 dispatching RPC call (XID 15, xdr 0x379c48) for callback client 3100008c:00050001.
02-13 18:40:36.705 D/RPC     (  258): 3100008c:327681 sending RPC reply (XID 15)
02-13 18:40:36.705 D/RPC     (  258): 3000008c:00050000 sending call (XID 3).
02-13 18:40:36.715 D/RPC     (  258): 3000008c:00050000 received REPLY (XID 3), grabbing mutex to wake up client.
02-13 18:40:36.715 D/RPC     (  258): 3000008c:00050000 waiting for XDR input buffer to be consumed.
02-13 18:40:36.715 D/RPC     (  258): 3000008c:00050000 call success.
02-13 18:40:36.715 D/RPC     (  258): 3000008c:00050000 received CALL.
02-13 18:40:36.715 D/RPC     (  258): 3000008c:00050000 dispatching RPC call (XID 16, xdr 0x379c48) for callback client 3100008c:00050001.
02-13 18:40:36.715 D/RPC     (  258): 3100008c:327681 sending RPC reply (XID 16)
02-13 18:40:36.715 D/RPC     (  258): 3000008c:00050000 sending call (XID 4).
02-13 18:40:36.735 D/RPC     (  258): 3000008c:00050000 received REPLY (XID 4), grabbing mutex to wake up client.
02-13 18:40:36.735 D/RPC     (  258): 3000008c:00050000 waiting for XDR input buffer to be consumed.
02-13 18:40:36.735 D/RPC     (  258): 3000008c:00050000 call success.
02-13 18:40:36.735 D/RPC     (  258): 3000008c:00050000 received CALL.
02-13 18:40:36.735 D/RPC     (  258): 3000008c:00050000 dispatching RPC call (XID 17, xdr 0x379c48) for callback client 3100008c:00050001.
02-13 18:40:36.735 D/RPC     (  258): 3100008c:327681 sending RPC reply (XID 17)
02-13 18:40:37.205 D/StatusBarPolicy(  340): onSignalStrengthsChanged:SignalStrength: 99 0 -93 -75 -90 -45 5 99 2147483647 2147483647 2147483647 2147483647 cdma for subscription0
02-13 18:40:37.205 D/StatusBarPolicy(  340): updateSignalStrength on subscription :0
02-13 18:40:37.205 D/StatusBarPolicy(  340): StatusBarPolocy::getIconLevel -CDMA
02-13 18:40:37.205 D/StatusBarPolicy(  340): getCdmaLevel_band_six -cdmaDbm:-93
02-13 18:40:37.205 D/StatusBarPolicy(  340): getCdmaLevel_band_six -cdmaEcio:-75
02-13 18:40:37.636 I/WindowManager(  258): Setting rotation to 0, animFlags=0
02-13 18:40:37.656 I/ActivityManager(  258): Config changed: { scale=1.0 imsi=310/120 loc=en_US touch=3 keys=1/1/2 nav=1/1 orien=1 layout=18 uiMode=17 seq=6}
02-13 18:40:37.986 I/ActivityManager(  258): Start proc com.android.voicedialer for broadcast com.android.voicedialer/.VoiceDialerReceiver: pid=553 uid=10005 gids={3002}
02-13 18:40:38.046 I/ActivityManager(  258): Start proc com.swype.android.inputmethod for broadcast com.swype.android.inputmethod/.SwypeDataInitializer: pid=560 uid=10010 gids={1015}
02-13 18:40:38.266 D/BatteryService(  258): updateBattery level:8 scale:100 status:2 health:2 present:true voltage: 3701 temperature: 210 technology: Li-ion AC powered:true USB powered:false icon:17302195
02-13 18:40:38.266 I/ActivityManager(  258): Start proc com.sprint.ce.updater for broadcast com.sprint.ce.updater/.BootCompletedReceiver: pid=568 uid=10012 gids={3003}
02-13 18:40:38.276 D/WifiService(  258): ACTION_BATTERY_CHANGED pluggedType: 1
02-13 18:40:38.276 D/WifiService(  258): WifiHandler, MESSAGE_UPDATE_STATE
02-13 18:40:38.276 D/WifiService(  258): isAirplaneModeOn(): false
02-13 18:40:38.276 D/WifiService(  258): updateWifiState(), wifiEnabled: true, airplaneMode: false, wifiShouldBeEnabled: true, wifiShouldBeStarted: true, strongestLockMode: 1
02-13 18:40:38.276 D/WifiService(  258): WifiHandler, MESSAGE_ENABLE_WIFI, msg.arg1: 0, msg.arg2: 1000
02-13 18:40:38.276 D/WifiService(  258): WifiHandler, MESSAGE_START_WIFI, msg.arg1: 1
02-13 18:40:38.317 I/ActivityManager(  258): Start proc com.sprint.w.installer for broadcast com.sprint.w.installer/.BootListener: pid=575 uid=10014 gids={3003, 1015}
02-13 18:40:38.497 I/ActivityManager(  258): Start proc com.irdeto.providers.drm for broadcast com.irdeto.providers.drm/.OmaDrmReceiver: pid=583 uid=10024 gids={1015, 2001, 3003}
02-13 18:40:38.617 I/ActivityManager(  258): Start proc com.android.zte.HiddenMenu for broadcast com.android.zte.HiddenMenu/.CommandReceiver: pid=594 uid=1000 gids={3002, 3001, 3003, 1015}
02-13 18:40:38.657 D/PowerManagerService(  258): setTimeoutLocked now=35823 timeoutOverride=-1 nextState=3 when=41823
02-13 18:40:38.777 I/ActivityManager(  258): Starting: Intent { flg=0x10000000 cmp=com.google.android.gsf/.update.SystemUpdateInstallDialog } from pid 406
02-13 18:40:38.787 D/PowerManagerService(  258): setTimeoutLocked now=35951 timeoutOverride=-1 nextState=3 when=41951
02-13 18:40:38.817 W/WindowManager(  258): updateFocusedWindowLocked newFocus=null mode=0 mCurrentFocus = Window{4084edf0 com.android.mms/com.android.mms.ui.ConversationList paused=true}
02-13 18:40:38.957 W/WindowManager(  258): updateFocusedWindowLocked newFocus=Window{4084edf0 com.android.mms/com.android.mms.ui.ConversationList paused=false} mode=0 mCurrentFocus = null
02-13 18:40:38.957 W/InputManagerService(  258): Window already focused, ignoring focus gain of: com.android.internal.view.IInputMethodClient$Stub$Proxy@40812b88
02-13 18:40:38.977 W/WindowManager(  258): updateFocusedWindowLocked newFocus=Window{4084edf0 com.android.mms/com.android.mms.ui.ConversationList paused=false} mode=2 mCurrentFocus = Window{4084edf0 com.android.mms/com.android.mms.ui.ConversationList paused=false}
02-13 18:40:38.977 W/WindowManager(  258): updateFocusedWindowLocked newFocus=Window{4084edf0 com.android.mms/com.android.mms.ui.ConversationList paused=false} mode=2 mCurrentFocus = Window{4084edf0 com.android.mms/com.android.mms.ui.ConversationList paused=false}
02-13 18:40:39.438 I/ActivityManager(  258): Start proc com.google.android.gm for broadcast com.google.android.gm/.MailIntentReceiver: pid=606 uid=10043 gids={3003, 1015}
02-13 18:40:39.448 D/StatusBarPolicy(  340): onSignalStrengthsChanged:SignalStrength: 99 0 -94 -120 -90 -50 4 99 2147483647 2147483647 2147483647 2147483647 cdma for subscription0
02-13 18:40:39.448 D/StatusBarPolicy(  340): updateSignalStrength on subscription :0
02-13 18:40:39.448 D/StatusBarPolicy(  340): StatusBarPolocy::getIconLevel -CDMA
02-13 18:40:39.448 D/StatusBarPolicy(  340): getCdmaLevel_band_six -cdmaDbm:-94
02-13 18:40:39.448 D/StatusBarPolicy(  340): getCdmaLevel_band_six -cdmaEcio:-120
02-13 18:40:39.658 I/ActivityManager(  258): Start proc com.dataviz.docstogo for broadcast com.dataviz.docstogo/com.dataviz.dxtg.common.android.DTGPhoneBootReceiver: pid=616 uid=10049 gids={3003, 1015}
02-13 18:40:39.958 I/ActivityManager(  258): Process com.dataviz.docstogo (pid 616) has died.
02-13 18:40:40.148 I/ActivityManager(  258): Start proc com.android.camera for broadcast com.android.camera/.BootCamera: pid=627 uid=10052 gids={1006, 1015}
02-13 18:40:40.198 I/ActivityManager(  258): Start proc com.android.providers.calendar for broadcast com.android.providers.calendar/.CalendarReceiver: pid=634 uid=10053 gids={3003}
02-13 18:40:40.338 I/ActivityManager(  258): Start proc com.android.calendar for broadcast com.android.calendar/.AlertReceiver: pid=643 uid=10054 gids={3003}
02-13 18:40:40.409 I/ActivityManager(  258): Start proc com.google.android.apps.maps:FriendService for broadcast com.google.android.apps.maps/com.google.googlenav.friend.android.ServiceReceiver: pid=650 uid=10033 gids={3003, 1015}
02-13 18:40:40.579 I/WindowManager(  258): Setting rotation to 1, animFlags=0
02-13 18:40:40.589 I/ActivityManager(  258): Config changed: { scale=1.0 imsi=310/120 loc=en_US touch=3 keys=1/1/2 nav=1/1 orien=2 layout=18 uiMode=17 seq=7}
02-13 18:40:40.909 I/ActivityManager(  258): Start proc com.locationlabs.v3client for broadcast com.locationlabs.v3client/.BootCompletedReceiver: pid=658 uid=10016 gids={3003}
02-13 18:40:40.939 I/WindowManager(  258): Setting rotation to 0, animFlags=0
02-13 18:40:40.959 I/ActivityManager(  258): Config changed: { scale=1.0 imsi=310/120 loc=en_US touch=3 keys=1/1/2 nav=1/1 orien=1 layout=18 uiMode=17 seq=8}
02-13 18:40:41.339 D/StatusBarPolicy(  340): onSignalStrengthsChanged:SignalStrength: 99 0 -94 -75 -90 -35 5 99 2147483647 2147483647 2147483647 2147483647 cdma for subscription0
02-13 18:40:41.339 D/StatusBarPolicy(  340): updateSignalStrength on subscription :0
02-13 18:40:41.339 D/StatusBarPolicy(  340): StatusBarPolocy::getIconLevel -CDMA
02-13 18:40:41.339 D/StatusBarPolicy(  340): getCdmaLevel_band_six -cdmaDbm:-94
02-13 18:40:41.339 D/StatusBarPolicy(  340): getCdmaLevel_band_six -cdmaEcio:-75
02-13 18:40:41.349 I/TelephonyRegistry(  258): notifyServiceState: 0 home Sprint  310099  1xRTT CSS not supported 41 4139RoamInd: 1RoamStatus(sprint): 1DefRoamInd: 160EmergOnly: false
02-13 18:40:41.369 D/StatusBarPolicy(  340): onServiceStateChanged:0 home Sprint  310099  1xRTT CSS not supported 41 4139RoamInd: 1RoamStatus(sprint): 1DefRoamInd: 160EmergOnly: falsefor subscription :0
02-13 18:40:41.369 D/StatusBarPolicy(  340): updateSignalStrength on subscription :0
02-13 18:40:41.369 D/StatusBarPolicy(  340): StatusBarPolocy::getIconLevel -CDMA
02-13 18:40:41.369 D/StatusBarPolicy(  340): getCdmaLevel_band_six -cdmaDbm:-94
02-13 18:40:41.369 D/StatusBarPolicy(  340): getCdmaLevel_band_six -cdmaEcio:-75
02-13 18:40:41.369 D/StatusBarPolicy(  340): updateDataIcon subscription =0
02-13 18:40:41.390 I/TelephonyRegistry(  258): notifyServiceState: 0 home Sprint  310099  EvDo rev. A CSS not supported 41 4139RoamInd: 1RoamStatus(sprint): 1DefRoamInd: 160EmergOnly: false
02-13 18:40:41.390 D/StatusBarPolicy(  340): onServiceStateChanged:0 home Sprint  310099  EvDo rev. A CSS not supported 41 4139RoamInd: 1RoamStatus(sprint): 1DefRoamInd: 160EmergOnly: falsefor subscription :0
02-13 18:40:41.390 D/StatusBarPolicy(  340): updateSignalStrength on subscription :0
02-13 18:40:41.390 D/StatusBarPolicy(  340): StatusBarPolocy::getIconLevel -EVDO
02-13 18:40:41.390 D/StatusBarPolicy(  340): getEvdoLevel_band_six -evdoDbm:-90
02-13 18:40:41.390 D/StatusBarPolicy(  340): getEvdoLevel_band_six -evdoEcio:-35
02-13 18:40:41.390 D/StatusBarPolicy(  340): updateDataIcon subscription =0
02-13 18:40:41.430 I/TelephonyRegistry(  258): notifyDataConnection: anyState=0,default/INET,apnTypeState=1,iface=null,ip=null,gw=null,isDataConnectivityPossible=true,networkType=6,reason=radioTechnologyChanged
02-13 18:40:41.430 D/StatusBarPolicy(  340): StatusBarPolicy onDataConnectionStateChanged to 0for nw : 6on subscription : 0
02-13 18:40:41.430 D/StatusBarPolicy(  340): Data network type changed to:6
02-13 18:40:41.430 D/StatusBarPolicy(  340): updateDataIcon subscription =0
02-13 18:40:41.460 I/ActivityManager(  258): Start proc com.google.android.googlequicksearchbox for broadcast com.google.android.googlequicksearchbox/.SearchWidgetProvider: pid=665 uid=10040 gids={3003}
02-13 18:40:41.470 I/TelephonyRegistry(  258): notifyDataConnection: anyState=0,default/INET6,apnTypeState=0,iface=null,ip=null,gw=null,isDataConnectivityPossible=true,networkType=6,reason=radioTechnologyChanged
02-13 18:40:41.480 I/TelephonyRegistry(  258): notifyDataConnection: anyState=0,mms/INET,apnTypeState=0,iface=null,ip=null,gw=null,isDataConnectivityPossible=true,networkType=6,reason=radioTechnologyChanged
02-13 18:40:41.490 I/TelephonyRegistry(  258): notifyDataConnection: anyState=0,mms/INET6,apnTypeState=0,iface=null,ip=null,gw=null,isDataConnectivityPossible=true,networkType=6,reason=radioTechnologyChanged
02-13 18:40:41.500 I/TelephonyRegistry(  258): notifyDataConnection: anyState=0,supl/INET,apnTypeState=0,iface=null,ip=null,gw=null,isDataConnectivityPossible=true,networkType=6,reason=radioTechnologyChanged
02-13 18:40:41.540 I/TelephonyRegistry(  258): notifyDataConnection: anyState=0,supl/INET6,apnTypeState=0,iface=null,ip=null,gw=null,isDataConnectivityPossible=true,networkType=6,reason=radioTechnologyChanged
02-13 18:40:41.550 I/TelephonyRegistry(  258): notifyDataConnection: anyState=0,dun/INET,apnTypeState=0,iface=null,ip=null,gw=null,isDataConnectivityPossible=true,networkType=6,reason=radioTechnologyChanged
02-13 18:40:41.560 I/TelephonyRegistry(  258): notifyDataConnection: anyState=0,dun/INET6,apnTypeState=0,iface=null,ip=null,gw=null,isDataConnectivityPossible=true,networkType=6,reason=radioTechnologyChanged
02-13 18:40:41.600 I/TelephonyRegistry(  258): notifyDataConnection: anyState=0,hipri/INET,apnTypeState=0,iface=null,ip=null,gw=null,isDataConnectivityPossible=true,networkType=6,reason=radioTechnologyChanged
02-13 18:40:41.610 I/TelephonyRegistry(  258): notifyDataConnection: anyState=0,hipri/INET6,apnTypeState=0,iface=null,ip=null,gw=null,isDataConnectivityPossible=true,networkType=6,reason=radioTechnologyChanged
02-13 18:40:41.790 I/ActivityManager(  258): Start proc com.google.android.apps.uploader for broadcast com.google.android.apps.uploader/.ConnectivityBroadcastReceiver: pid=677 uid=10031 gids={3003}
02-13 18:40:42.060 I/ActivityManager(  258): No longer want com.qualcomm.privinit (pid 484): hidden #16
02-13 18:40:42.300 D/PowerManagerService(  258): setTimeoutLocked now=39469 timeoutOverride=-1 nextState=3 when=45469
02-13 18:40:42.310 I/ActivityManager(  258): Start proc com.google.android.apps.plus for broadcast com.google.android.apps.plus/.service.PackagesMediaMonitor: pid=688 uid=10020 gids={3003, 3002, 1015, 1006}
02-13 18:40:42.481 D/PowerManagerService(  258): setTimeoutLocked now=39649 timeoutOverride=-1 nextState=3 when=45649
02-13 18:40:42.721 I/ActivityManager(  258): Starting: Intent { dat=content://mms-sms/conversations/1 cmp=com.android.mms/.ui.ComposeMessageActivity } from pid 533
02-13 18:40:42.731 W/WindowManager(  258): updateFocusedWindowLocked newFocus=null mode=0 mCurrentFocus = Window{4084edf0 com.android.mms/com.android.mms.ui.ConversationList paused=true}
02-13 18:40:43.411 W/WindowManager(  258): updateFocusedWindowLocked newFocus=Window{407300f0 com.android.mms/com.android.mms.ui.ComposeMessageActivity paused=false} mode=3 mCurrentFocus = null
02-13 18:40:43.502 I/ActivityManager(  258): No longer want zte.com.cn.alarmclock (pid 502): hidden #16
02-13 18:40:43.552 D/ConnectivityService(  258): reportNetworkCondition(0, 0)
02-13 18:40:43.552 D/ConnectivityService(  258): Inet connectivity change, net=0, condition=0,mActiveDefaultNetwork=-1
02-13 18:40:43.552 D/ConnectivityService(  258): no active default network - aborting
02-13 18:40:43.632 I/ActivityManager(  258): Start proc com.google.android.music:main for broadcast com.google.android.music/.store.MediaStoreImportService$Receiver: pid=706 uid=10028 gids={3003, 1015}
02-13 18:40:43.922 D/StatusBarPolicy(  340): onSignalStrengthsChanged:SignalStrength: 99 0 -94 -75 -91 -75 5 99 2147483647 2147483647 2147483647 2147483647 cdma for subscription0
02-13 18:40:43.922 D/StatusBarPolicy(  340): updateSignalStrength on subscription :0
02-13 18:40:43.922 D/StatusBarPolicy(  340): StatusBarPolocy::getIconLevel -EVDO
02-13 18:40:43.922 D/StatusBarPolicy(  340): getEvdoLevel_band_six -evdoDbm:-91
02-13 18:40:43.922 D/StatusBarPolicy(  340): getEvdoLevel_band_six -evdoEcio:-75
02-13 18:40:44.152 W/WindowManager(  258): updateFocusedWindowLocked newFocus=Window{407300f0 com.android.mms/com.android.mms.ui.ComposeMessageActivity paused=false} mode=2 mCurrentFocus = Window{407300f0 com.android.mms/com.android.mms.ui.ComposeMessageActivity paused=false}
02-13 18:40:44.152 W/WindowManager(  258): updateFocusedWindowLocked newFocus=Window{407300f0 com.android.mms/com.android.mms.ui.ComposeMessageActivity paused=false} mode=2 mCurrentFocus = Window{407300f0 com.android.mms/com.android.mms.ui.ComposeMessageActivity paused=false}
02-13 18:40:44.392 W/WindowManager(  258): updateFocusedWindowLocked newFocus=Window{407300f0 com.android.mms/com.android.mms.ui.ComposeMessageActivity paused=false} mode=3 mCurrentFocus = Window{407300f0 com.android.mms/com.android.mms.ui.ComposeMessageActivity paused=false}
02-13 18:40:44.873 I/ActivityManager(  258): Start proc com.google.android.apps.maps:LocationFriendService for broadcast com.google.android.apps.maps/com.google.googlenav.friend.reporting.LocationReportingIntentReceiver: pid=721 uid=10033 gids={3003, 1015}
02-13 18:40:44.873 I/ActivityManager(  258): No longer want com.sprint.zone (pid 523): hidden #16
02-13 18:40:45.163 I/ActivityManager(  258): Starting: Intent { flg=0x10000000 cmp=com.google.android.apps.maps/com.google.googlenav.login.AndroidLoginActivitySdk5 (has extras) } from pid 721
02-13 18:40:45.173 I/ActivityManager(  258): No longer want com.android.voicedialer (pid 553): hidden #16
02-13 18:40:45.203 I/ActivityManager(  258): Start proc com.google.android.apps.maps for activity com.google.android.apps.maps/com.google.googlenav.login.AndroidLoginActivitySdk5: pid=732 uid=10033 gids={3003, 1015}
02-13 18:40:45.213 D/PowerManagerService(  258): setTimeoutLocked now=42381 timeoutOverride=-1 nextState=3 when=48381
02-13 18:40:45.293 W/WindowManager(  258): updateFocusedWindowLocked newFocus=null mode=0 mCurrentFocus = Window{407300f0 com.android.mms/com.android.mms.ui.ComposeMessageActivity paused=false}
02-13 18:40:45.313 I/TelephonyRegistry(  258): notifyDataConnection: anyState=2,default/INET,apnTypeState=2,iface=rmnet0,ip=173.155.101.96,gw=173.155.101.97,isDataConnectivityPossible=true,networkType=6,reason=radioTechnologyChanged
02-13 18:40:45.313 D/StatusBarPolicy(  340): StatusBarPolicy onDataConnectionStateChanged to 2for nw : 6on subscription : 0
02-13 18:40:45.313 D/StatusBarPolicy(  340): Data network type changed to:6
02-13 18:40:45.313 D/StatusBarPolicy(  340): updateDataIcon subscription =0
02-13 18:40:45.353 D/PowerManagerService(  258): setTimeoutLocked now=42522 timeoutOverride=-1 nextState=3 when=48522
02-13 18:40:45.363 I/TelephonyRegistry(  258): notifyDataConnection: anyState=2,mms/INET,apnTypeState=2,iface=rmnet0,ip=173.155.101.96,gw=173.155.101.97,isDataConnectivityPossible=true,networkType=6,reason=radioTechnologyChanged
02-13 18:40:45.373 D/ConnectivityService(  258): ConnectivityChange for mobile: CONNECTED/CONNECTED
02-13 18:40:45.373 D/ConnectivityService(  258): Got Network Connection Succ from Driver nwtype=0
02-13 18:40:45.383 D/ConnectivityService(  258): adding dns 68.28.67.132 for mobile
02-13 18:40:45.383 D/ConnectivityService(  258): adding dns 68.28.68.132 for mobile
02-13 18:40:45.393 I/TelephonyRegistry(  258): notifyDataConnection: anyState=2,supl/INET,apnTypeState=2,iface=rmnet0,ip=173.155.101.96,gw=173.155.101.97,isDataConnectivityPossible=true,networkType=6,reason=radioTechnologyChanged
02-13 18:40:45.413 D/NetdConnector(  258): SND -> {route replace def v4 rmnet0 173.155.101.97} {null}
02-13 18:40:45.433 W/WindowManager(  258): updateFocusedWindowLocked newFocus=null mode=3 mCurrentFocus = null
02-13 18:40:45.463 I/TelephonyRegistry(  258): notifyDataConnection: anyState=2,hipri/INET,apnTypeState=2,iface=rmnet0,ip=173.155.101.96,gw=173.155.101.97,isDataConnectivityPossible=true,networkType=6,reason=radioTechnologyChanged
02-13 18:40:45.494 D/StatusBarPolicy(  340): updateDataIcon subscription =0
02-13 18:40:45.544 D/NetdConnector(  258): RCV <- {200 default route replace succeeded for [rmnet0 -4]}
02-13 18:40:45.544 D/NetdConnector(  258): RSP <- {200 default route replace succeeded for [rmnet0 -4]}
02-13 18:40:45.544 D/NetworkManagementService(  258): 200 default route replace succeeded for [rmnet0 -4]
02-13 18:40:45.554 D/StatusBarPolicy(  340): Data network type changed to:6
02-13 18:40:45.554 D/StatusBarPolicy(  340): updateDataIcon subscription =0
02-13 18:40:45.564 D/StatusBarPolicy(  340): updateSignalStrength on subscription :0
02-13 18:40:45.564 D/StatusBarPolicy(  340): StatusBarPolocy::getIconLevel -EVDO
02-13 18:40:45.564 D/StatusBarPolicy(  340): getEvdoLevel_band_six -evdoDbm:-91
02-13 18:40:45.564 D/StatusBarPolicy(  340): getEvdoLevel_band_six -evdoEcio:-75
02-13 18:40:46.094 W/WindowManager(  258): updateFocusedWindowLocked newFocus=null mode=3 mCurrentFocus = null
02-13 18:40:46.234 D/StatusBarPolicy(  340): onSignalStrengthsChanged:SignalStrength: 99 0 -94 -75 -91 -60 4 99 2147483647 2147483647 2147483647 2147483647 cdma for subscription0
02-13 18:40:46.234 D/StatusBarPolicy(  340): updateSignalStrength on subscription :0
02-13 18:40:46.234 D/StatusBarPolicy(  340): StatusBarPolocy::getIconLevel -EVDO
02-13 18:40:46.234 D/StatusBarPolicy(  340): getEvdoLevel_band_six -evdoDbm:-91
02-13 18:40:46.234 D/StatusBarPolicy(  340): getEvdoLevel_band_six -evdoEcio:-60
02-13 18:40:46.404 W/WindowManager(  258): updateFocusedWindowLocked newFocus=Window{407300f0 com.android.mms/com.android.mms.ui.ComposeMessageActivity paused=false} mode=0 mCurrentFocus = null
02-13 18:40:46.414 W/InputManagerService(  258): Window already focused, ignoring focus gain of: com.android.internal.view.IInputMethodClient$Stub$Proxy@4064a5d0
02-13 18:40:46.434 W/WindowManager(  258): updateFocusedWindowLocked newFocus=Window{407300f0 com.android.mms/com.android.mms.ui.ComposeMessageActivity paused=false} mode=2 mCurrentFocus = Window{407300f0 com.android.mms/com.android.mms.ui.ComposeMessageActivity paused=false}
02-13 18:40:46.434 W/WindowManager(  258): updateFocusedWindowLocked newFocus=Window{407300f0 com.android.mms/com.android.mms.ui.ComposeMessageActivity paused=false} mode=2 mCurrentFocus = Window{407300f0 com.android.mms/com.android.mms.ui.ComposeMessageActivity paused=false}
02-13 18:40:46.454 D/RPC     (  258): 3000008c:00050000 sending call (XID 5).
02-13 18:40:46.454 D/RPC     (  258): 3000008c:00050000 received REPLY (XID 5), grabbing mutex to wake up client.
02-13 18:40:46.454 D/RPC     (  258): 3000008c:00050000 call success.
02-13 18:40:46.454 D/RPC     (  258): 3000008c:00050000 received CALL.
02-13 18:40:46.454 D/RPC     (  258): 3000008c:00050000 dispatching RPC call (XID 18, xdr 0x379c48) for callback client 3100008c:00050001.
02-13 18:40:46.454 D/RPC     (  258): 3100008c:327681 sending RPC reply (XID 18)
02-13 18:40:46.454 D/RPC     (  258): 3000008c:00050000 sending call (XID 6).
02-13 18:40:46.454 D/RPC     (  258): 3000008c:00050000 received REPLY (XID 6), grabbing mutex to wake up client.
02-13 18:40:46.454 D/RPC     (  258): 3000008c:00050000 call success.
02-13 18:40:46.464 D/RPC     (  258): 3000008c:00050000 received CALL.
02-13 18:40:46.464 D/RPC     (  258): 3000008c:00050000 dispatching RPC call (XID 19, xdr 0x379c48) for callback client 3100008c:00050001.
02-13 18:40:46.464 D/RPC     (  258): 3100008c:327681 sending RPC reply (XID 19)
02-13 18:40:46.484 I/ActivityManager(  258): No longer want com.swype.android.inputmethod (pid 560): hidden #16
02-13 18:40:46.695 D/RPC     (  258): 3000008c:00050000 sending call (XID 7).
02-13 18:40:46.695 D/RPC     (  258): 3000008c:00050000 received REPLY (XID 7), grabbing mutex to wake up client.
02-13 18:40:46.695 D/RPC     (  258): 3000008c:00050000 call success.
02-13 18:40:46.695 D/RPC     (  258): 3000008c:00050000 received CALL.
02-13 18:40:46.695 D/RPC     (  258): 3000008c:00050000 dispatching RPC call (XID 20, xdr 0x379c48) for callback client 3100008c:00050001.
02-13 18:40:46.695 D/RPC     (  258): 3100008c:327681 sending RPC reply (XID 20)
02-13 18:40:46.915 I/ActivityManager(  258): No longer want com.android.zte.HiddenMenu (pid 594): hidden #16
02-13 18:40:47.275 D/StatusBarPolicy(  340): updateDataIcon subscription =0
02-13 18:40:47.355 I/ActivityManager(  258): No longer want com.android.camera (pid 627): hidden #16
02-13 18:40:47.906 D/PowerManagerService(  258): setTimeoutLocked now=45071 timeoutOverride=-1 nextState=3 when=51071
02-13 18:40:47.946 W/WindowManager(  258): updateFocusedWindowLocked newFocus=Window{407300f0 com.android.mms/com.android.mms.ui.ComposeMessageActivity paused=false} mode=3 mCurrentFocus = Window{407300f0 com.android.mms/com.android.mms.ui.ComposeMessageActivity paused=false}
02-13 18:40:47.946 D/PowerManagerService(  258): setTimeoutLocked now=45119 timeoutOverride=-1 nextState=3 when=51119
02-13 18:40:48.276 W/WindowManager(  258): updateFocusedWindowLocked newFocus=Window{407300f0 com.android.mms/com.android.mms.ui.ComposeMessageActivity paused=false} mode=3 mCurrentFocus = Window{407300f0 com.android.mms/com.android.mms.ui.ComposeMessageActivity paused=false}
02-13 18:40:48.286 D/StatusBarPolicy(  340): updateDataIcon subscription =0
02-13 18:40:48.396 W/WindowManager(  258): updateFocusedWindowLocked newFocus=Window{407300f0 com.android.mms/com.android.mms.ui.ComposeMessageActivity paused=false} mode=3 mCurrentFocus = Window{407300f0 com.android.mms/com.android.mms.ui.ComposeMessageActivity paused=false}
02-13 18:40:48.406 D/StatusBarPolicy(  340): onSignalStrengthsChanged:SignalStrength: 99 0 -93 -85 -91 -50 5 99 2147483647 2147483647 2147483647 2147483647 cdma for subscription0
02-13 18:40:48.406 D/StatusBarPolicy(  340): updateSignalStrength on subscription :0
02-13 18:40:48.406 D/StatusBarPolicy(  340): StatusBarPolocy::getIconLevel -EVDO
02-13 18:40:48.406 D/StatusBarPolicy(  340): getEvdoLevel_band_six -evdoDbm:-91
02-13 18:40:48.406 D/StatusBarPolicy(  340): getEvdoLevel_band_six -evdoEcio:-50
02-13 18:40:48.456 I/WindowManager(  258): Setting rotation to 1, animFlags=0
02-13 18:40:48.466 I/ActivityManager(  258): Config changed: { scale=1.0 imsi=310/120 loc=en_US touch=3 keys=1/1/2 nav=1/1 orien=2 layout=18 uiMode=17 seq=9}
02-13 18:40:48.827 I/WindowManager(  258): Setting rotation to 0, animFlags=0
02-13 18:40:48.837 I/ActivityManager(  258): Config changed: { scale=1.0 imsi=310/120 loc=en_US touch=3 keys=1/1/2 nav=1/1 orien=1 layout=18 uiMode=17 seq=10}
02-13 18:40:49.557 D/PowerManagerService(  258): setTimeoutLocked now=45658 timeoutOverride=-1 nextState=3 when=51658
02-13 18:40:49.557 D/PowerManagerService(  258): setTimeoutLocked now=45710 timeoutOverride=-1 nextState=3 when=51710
02-13 18:40:50.308 D/StatusBarPolicy(  340): updateDataIcon subscription =0
02-13 18:40:51.319 D/StatusBarPolicy(  340): updateDataIcon subscription =0
02-13 18:40:51.469 D/PowerManagerService(  258): setTimeoutLocked now=48638 timeoutOverride=-1 nextState=3 when=54638
02-13 18:40:51.489 W/WindowManager(  258): updateFocusedWindowLocked newFocus=Window{407300f0 com.android.mms/com.android.mms.ui.ComposeMessageActivity paused=false} mode=3 mCurrentFocus = Window{407300f0 com.android.mms/com.android.mms.ui.ComposeMessageActivity paused=false}
02-13 18:40:51.630 D/PowerManagerService(  258): setTimeoutLocked now=48750 timeoutOverride=-1 nextState=3 when=54750
02-13 18:40:51.650 W/WindowManager(  258): updateFocusedWindowLocked newFocus=Window{407300f0 com.android.mms/com.android.mms.ui.ComposeMessageActivity paused=false} mode=3 mCurrentFocus = Window{407300f0 com.android.mms/com.android.mms.ui.ComposeMessageActivity paused=false}
02-13 18:40:51.660 W/WindowManager(  258): updateFocusedWindowLocked newFocus=Window{407300f0 com.android.mms/com.android.mms.ui.ComposeMessageActivity paused=false} mode=3 mCurrentFocus = Window{407300f0 com.android.mms/com.android.mms.ui.ComposeMessageActivity paused=false}
02-13 18:40:51.780 W/WindowManager(  258): updateFocusedWindowLocked newFocus=Window{407300f0 com.android.mms/com.android.mms.ui.ComposeMessageActivity paused=false} mode=3 mCurrentFocus = Window{407300f0 com.android.mms/com.android.mms.ui.ComposeMessageActivity paused=false}
02-13 18:40:51.870 W/WindowManager(  258): updateFocusedWindowLocked newFocus=Window{407300f0 com.android.mms/com.android.mms.ui.ComposeMessageActivity paused=false} mode=3 mCurrentFocus = Window{407300f0 com.android.mms/com.android.mms.ui.ComposeMessageActivity paused=false}
02-13 18:40:51.980 D/PowerManagerService(  258): setTimeoutLocked now=49138 timeoutOverride=-1 nextState=3 when=55138
02-13 18:40:52.010 W/WindowManager(  258): updateFocusedWindowLocked newFocus=Window{407300f0 com.android.mms/com.android.mms.ui.ComposeMessageActivity paused=false} mode=3 mCurrentFocus = Window{407300f0 com.android.mms/com.android.mms.ui.ComposeMessageActivity paused=false}
02-13 18:40:52.050 W/WindowManager(  258): updateFocusedWindowLocked newFocus=Window{407300f0 com.android.mms/com.android.mms.ui.ComposeMessageActivity paused=false} mode=3 mCurrentFocus = Window{407300f0 com.android.mms/com.android.mms.ui.ComposeMessageActivity paused=false}
02-13 18:40:52.090 I/WindowManager(  258): Setting rotation to 1, animFlags=0
02-13 18:40:52.100 I/ActivityManager(  258): Config changed: { scale=1.0 imsi=310/120 loc=en_US touch=3 keys=1/1/2 nav=1/1 orien=2 layout=18 uiMode=17 seq=11}
02-13 18:40:52.340 I/WindowManager(  258): Setting rotation to 0, animFlags=0
02-13 18:40:52.340 I/ActivityManager(  258): Config changed: { scale=1.0 imsi=310/120 loc=en_US touch=3 keys=1/1/2 nav=1/1 orien=1 layout=18 uiMode=17 seq=12}
02-13 18:40:52.661 W/WindowManager(  258): updateFocusedWindowLocked newFocus=Window{407300f0 com.android.mms/com.android.mms.ui.ComposeMessageActivity paused=false} mode=0 mCurrentFocus = Window{407300f0 com.android.mms/com.android.mms.ui.ComposeMessageActivity paused=false}
02-13 18:40:52.891 D/StatusBarPolicy(  340): onSignalStrengthsChanged:SignalStrength: 99 0 -92 -70 -91 -45 5 99 2147483647 2147483647 2147483647 2147483647 cdma for subscription0
02-13 18:40:52.891 D/StatusBarPolicy(  340): updateSignalStrength on subscription :0
02-13 18:40:52.891 D/StatusBarPolicy(  340): StatusBarPolocy::getIconLevel -EVDO
02-13 18:40:52.891 D/StatusBarPolicy(  340): getEvdoLevel_band_six -evdoDbm:-91
02-13 18:40:52.891 D/StatusBarPolicy(  340): getEvdoLevel_band_six -evdoEcio:-45
02-13 18:40:53.111 D/PowerManagerService(  258): setTimeoutLocked now=49351 timeoutOverride=-1 nextState=3 when=55351
02-13 18:40:54.182 D/PowerManagerService(  258): setTimeoutLocked now=51350 timeoutOverride=-1 nextState=3 when=57350
02-13 18:40:54.212 W/WindowManager(  258): updateFocusedWindowLocked newFocus=Window{407300f0 com.android.mms/com.android.mms.ui.ComposeMessageActivity paused=false} mode=3 mCurrentFocus = Window{407300f0 com.android.mms/com.android.mms.ui.ComposeMessageActivity paused=false}
02-13 18:40:54.672 W/WindowManager(  258): updateFocusedWindowLocked newFocus=Window{407300f0 com.android.mms/com.android.mms.ui.ComposeMessageActivity paused=false} mode=3 mCurrentFocus = Window{407300f0 com.android.mms/com.android.mms.ui.ComposeMessageActivity paused=false}
02-13 18:40:54.713 W/WindowManager(  258): updateFocusedWindowLocked newFocus=Window{407300f0 com.android.mms/com.android.mms.ui.ComposeMessageActivity paused=false} mode=3 mCurrentFocus = Window{407300f0 com.android.mms/com.android.mms.ui.ComposeMessageActivity paused=false}
02-13 18:40:54.903 D/PowerManagerService(  258): setTimeoutLocked now=52063 timeoutOverride=-1 nextState=3 when=58063
02-13 18:40:54.903 D/PowerManagerService(  258): setTimeoutLocked now=52076 timeoutOverride=-1 nextState=3 when=58076
02-13 18:40:54.923 W/WindowManager(  258): updateFocusedWindowLocked newFocus=Window{407300f0 com.android.mms/com.android.mms.ui.ComposeMessageActivity paused=false} mode=3 mCurrentFocus = Window{407300f0 com.android.mms/com.android.mms.ui.ComposeMessageActivity paused=false}
02-13 18:40:55.293 D/PowerManagerService(  258): setTimeoutLocked now=52464 timeoutOverride=-1 nextState=3 when=58464
02-13 18:40:55.303 W/WindowManager(  258): updateFocusedWindowLocked newFocus=Window{407300f0 com.android.mms/com.android.mms.ui.ComposeMessageActivity paused=false} mode=3 mCurrentFocus = Window{407300f0 com.android.mms/com.android.mms.ui.ComposeMessageActivity paused=false}
02-13 18:40:55.433 D/PowerManagerService(  258): setTimeoutLocked now=52604 timeoutOverride=-1 nextState=3 when=58604
02-13 18:40:55.453 W/WindowManager(  258): updateFocusedWindowLocked newFocus=Window{407300f0 com.android.mms/com.android.mms.ui.ComposeMessageActivity paused=false} mode=3 mCurrentFocus = Window{407300f0 com.android.mms/com.android.mms.ui.ComposeMessageActivity paused=false}
02-13 18:40:55.794 W/WindowManager(  258): updateFocusedWindowLocked newFocus=Window{407300f0 com.android.mms/com.android.mms.ui.ComposeMessageActivity paused=false} mode=3 mCurrentFocus = Window{407300f0 com.android.mms/com.android.mms.ui.ComposeMessageActivity paused=false}
02-13 18:40:55.804 D/PowerManagerService(  258): setTimeoutLocked now=52966 timeoutOverride=-1 nextState=3 when=58966
02-13 18:40:55.844 I/TelephonyRegistry(  258): notifyMessageWaitingChanged: true
02-13 18:40:55.944 W/WindowManager(  258): updateFocusedWindowLocked newFocus=Window{407300f0 com.android.mms/com.android.mms.ui.ComposeMessageActivity paused=false} mode=3 mCurrentFocus = Window{407300f0 com.android.mms/com.android.mms.ui.ComposeMessageActivity paused=false}
02-13 18:40:55.974 I/WindowManager(  258): Setting rotation to 1, animFlags=0
02-13 18:40:55.974 I/ActivityManager(  258): Config changed: { scale=1.0 imsi=310/120 loc=en_US touch=3 keys=1/1/2 nav=1/1 orien=2 layout=18 uiMode=17 seq=13}
02-13 18:40:56.114 I/WindowManager(  258): Setting rotation to 0, animFlags=0
02-13 18:40:56.124 I/ActivityManager(  258): Config changed: { scale=1.0 imsi=310/120 loc=en_US touch=3 keys=1/1/2 nav=1/1 orien=1 layout=18 uiMode=17 seq=14}
02-13 18:40:56.344 D/StatusBarPolicy(  340): updateDataIcon subscription =0
02-13 18:40:57.055 D/PowerManagerService(  258): setTimeoutLocked now=53395 timeoutOverride=-1 nextState=3 when=59395
02-13 18:40:57.375 D/StatusBarPolicy(  340): updateDataIcon subscription =0
02-13 18:40:57.395 D/StatusBarPolicy(  340): onSignalStrengthsChanged:SignalStrength: 99 0 -92 -70 -91 -40 6 99 2147483647 2147483647 2147483647 2147483647 cdma for subscription0
02-13 18:40:57.395 D/StatusBarPolicy(  340): updateSignalStrength on subscription :0
02-13 18:40:57.395 D/StatusBarPolicy(  340): StatusBarPolocy::getIconLevel -EVDO
02-13 18:40:57.395 D/StatusBarPolicy(  340): getEvdoLevel_band_six -evdoDbm:-91
02-13 18:40:57.395 D/StatusBarPolicy(  340): getEvdoLevel_band_six -evdoEcio:-40
02-13 18:40:58.376 I/ActivityManager(  258): No longer want com.sprint.ce.updater (pid 568): hidden #16
02-13 18:40:58.817 D/PowerManagerService(  258): setTimeoutLocked now=55968 timeoutOverride=-1 nextState=3 when=61968
02-13 18:40:58.857 W/WindowManager(  258): updateFocusedWindowLocked newFocus=Window{407300f0 com.android.mms/com.android.mms.ui.ComposeMessageActivity paused=false} mode=3 mCurrentFocus = Window{407300f0 com.android.mms/com.android.mms.ui.ComposeMessageActivity paused=false}
02-13 18:40:58.897 D/PowerManagerService(  258): setTimeoutLocked now=56067 timeoutOverride=-1 nextState=3 when=62067
02-13 18:40:58.927 W/WindowManager(  258): updateFocusedWindowLocked newFocus=Window{407300f0 com.android.mms/com.android.mms.ui.ComposeMessageActivity paused=false} mode=3 mCurrentFocus = Window{407300f0 com.android.mms/com.android.mms.ui.ComposeMessageActivity paused=false}
02-13 18:40:59.507 D/PowerManagerService(  258): setTimeoutLocked now=56676 timeoutOverride=-1 nextState=3 when=62676
02-13 18:40:59.517 W/WindowManager(  258): updateFocusedWindowLocked newFocus=Window{407300f0 com.android.mms/com.android.mms.ui.ComposeMessageActivity paused=false} mode=3 mCurrentFocus = Window{407300f0 com.android.mms/com.android.mms.ui.ComposeMessageActivity paused=false}
02-13 18:40:59.607 D/PowerManagerService(  258): setTimeoutLocked now=56774 timeoutOverride=-1 nextState=3 when=62774
02-13 18:40:59.627 W/WindowManager(  258): updateFocusedWindowLocked newFocus=Window{407300f0 com.android.mms/com.android.mms.ui.ComposeMessageActivity paused=false} mode=3 mCurrentFocus = Window{407300f0 com.android.mms/com.android.mms.ui.ComposeMessageActivity paused=false}
02-13 18:40:59.998 D/AlarmManager(  258): scheduleTimeTickEvent calendar=Mon Feb 13 18:42:00 CST 2012
02-13 18:40:59.998 D/AlarmManager(  258): calendar.getTimeInMillis()1329180120000
02-13 18:41:00.078 D/PowerManagerService(  258): setTimeoutLocked now=57238 timeoutOverride=-1 nextState=3 when=63238
02-13 18:41:00.078 W/WindowManager(  258): updateFocusedWindowLocked newFocus=Window{407300f0 com.android.mms/com.android.mms.ui.ComposeMessageActivity paused=false} mode=3 mCurrentFocus = Window{407300f0 com.android.mms/com.android.mms.ui.ComposeMessageActivity paused=false}
02-13 18:41:00.168 D/PowerManagerService(  258): setTimeoutLocked now=57339 timeoutOverride=-1 nextState=3 when=63339
02-13 18:41:00.198 W/WindowManager(  258): updateFocusedWindowLocked newFocus=Window{407300f0 com.android.mms/com.android.mms.ui.ComposeMessageActivity paused=false} mode=3 mCurrentFocus = Window{407300f0 com.android.mms/com.android.mms.ui.ComposeMessageActivity paused=false}
02-13 18:41:00.298 W/WindowManager(  258): updateFocusedWindowLocked newFocus=Window{407300f0 com.android.mms/com.android.mms.ui.ComposeMessageActivity paused=false} mode=3 mCurrentFocus = Window{407300f0 com.android.mms/com.android.mms.ui.ComposeMessageActivity paused=false}
02-13 18:41:00.398 W/WindowManager(  258): updateFocusedWindowLocked newFocus=Window{407300f0 com.android.mms/com.android.mms.ui.ComposeMessageActivity paused=false} mode=3 mCurrentFocus = Window{407300f0 com.android.mms/com.android.mms.ui.ComposeMessageActivity paused=false}
02-13 18:41:00.498 W/WindowManager(  258): updateFocusedWindowLocked newFocus=Window{407300f0 com.android.mms/com.android.mms.ui.ComposeMessageActivity paused=false} mode=3 mCurrentFocus = Window{407300f0 com.android.mms/com.android.mms.ui.ComposeMessageActivity paused=false}
02-13 18:41:00.608 W/WindowManager(  258): updateFocusedWindowLocked newFocus=Window{407300f0 com.android.mms/com.android.mms.ui.ComposeMessageActivity paused=false} mode=3 mCurrentFocus = Window{407300f0 com.android.mms/com.android.mms.ui.ComposeMessageActivity paused=false}
02-13 18:41:01.099 D/PowerManagerService(  258): setTimeoutLocked now=58267 timeoutOverride=-1 nextState=3 when=64267
02-13 18:41:01.109 W/WindowManager(  258): updateFocusedWindowLocked newFocus=Window{407300f0 com.android.mms/com.android.mms.ui.ComposeMessageActivity paused=false} mode=3 mCurrentFocus = Window{407300f0 com.android.mms/com.android.mms.ui.ComposeMessageActivity paused=false}
02-13 18:41:01.239 D/PowerManagerService(  258): setTimeoutLocked now=58406 timeoutOverride=-1 nextState=3 when=64406
02-13 18:41:01.259 W/WindowManager(  258): updateFocusedWindowLocked newFocus=Window{407300f0 com.android.mms/com.android.mms.ui.ComposeMessageActivity paused=false} mode=3 mCurrentFocus = Window{407300f0 com.android.mms/com.android.mms.ui.ComposeMessageActivity paused=false}
02-13 18:41:01.759 D/PowerManagerService(  258): setTimeoutLocked now=58920 timeoutOverride=-1 nextState=3 when=64920
02-13 18:41:01.759 W/WindowManager(  258): updateFocusedWindowLocked newFocus=Window{407300f0 com.android.mms/com.android.mms.ui.ComposeMessageActivity paused=false} mode=3 mCurrentFocus = Window{407300f0 com.android.mms/com.android.mms.ui.ComposeMessageActivity paused=false}
02-13 18:41:01.890 D/PowerManagerService(  258): setTimeoutLocked now=59057 timeoutOverride=-1 nextState=3 when=65057
02-13 18:41:01.920 W/WindowManager(  258): updateFocusedWindowLocked newFocus=Window{407300f0 com.android.mms/com.android.mms.ui.ComposeMessageActivity paused=false} mode=3 mCurrentFocus = Window{407300f0 com.android.mms/com.android.mms.ui.ComposeMessageActivity paused=false}
02-13 18:41:01.990 W/WindowManager(  258): updateFocusedWindowLocked newFocus=Window{407300f0 com.android.mms/com.android.mms.ui.ComposeMessageActivity paused=false} mode=3 mCurrentFocus = Window{407300f0 com.android.mms/com.android.mms.ui.ComposeMessageActivity paused=false}
02-13 18:41:02.140 W/WindowManager(  258): updateFocusedWindowLocked newFocus=Window{407300f0 com.android.mms/com.android.mms.ui.ComposeMessageActivity paused=false} mode=3 mCurrentFocus = Window{407300f0 com.android.mms/com.android.mms.ui.ComposeMessageActivity paused=false}
02-13 18:41:02.410 D/StatusBarPolicy(  340): updateDataIcon subscription =0
02-13 18:41:02.420 D/PowerManagerService(  258): setTimeoutLocked now=59587 timeoutOverride=-1 nextState=3 when=65587
02-13 18:41:02.440 W/WindowManager(  258): updateFocusedWindowLocked newFocus=Window{407300f0 com.android.mms/com.android.mms.ui.ComposeMessageActivity paused=false} mode=3 mCurrentFocus = Window{407300f0 com.android.mms/com.android.mms.ui.ComposeMessageActivity paused=false}
02-13 18:41:02.560 D/PowerManagerService(  258): setTimeoutLocked now=59724 timeoutOverride=-1 nextState=3 when=65724
02-13 18:41:02.580 W/WindowManager(  258): updateFocusedWindowLocked newFocus=Window{407300f0 com.android.mms/com.android.mms.ui.ComposeMessageActivity paused=false} mode=3 mCurrentFocus = Window{407300f0 com.android.mms/com.android.mms.ui.ComposeMessageActivity paused=false}
02-13 18:41:02.670 W/WindowManager(  258): updateFocusedWindowLocked newFocus=Window{407300f0 com.android.mms/com.android.mms.ui.ComposeMessageActivity paused=false} mode=3 mCurrentFocus = Window{407300f0 com.android.mms/com.android.mms.ui.ComposeMessageActivity paused=false}
02-13 18:41:02.800 W/WindowManager(  258): updateFocusedWindowLocked newFocus=Window{407300f0 com.android.mms/com.android.mms.ui.ComposeMessageActivity paused=false} mode=3 mCurrentFocus = Window{407300f0 com.android.mms/com.android.mms.ui.ComposeMessageActivity paused=false}
02-13 18:41:03.051 D/PowerManagerService(  258): setTimeoutLocked now=60211 timeoutOverride=-1 nextState=3 when=66211
02-13 18:41:03.061 W/WindowManager(  258): updateFocusedWindowLocked newFocus=Window{407300f0 com.android.mms/com.android.mms.ui.ComposeMessageActivity paused=false} mode=3 mCurrentFocus = Window{407300f0 com.android.mms/com.android.mms.ui.ComposeMessageActivity paused=false}
02-13 18:41:03.171 D/PowerManagerService(  258): setTimeoutLocked now=60336 timeoutOverride=-1 nextState=3 when=66336
02-13 18:41:03.191 W/WindowManager(  258): updateFocusedWindowLocked newFocus=Window{407300f0 com.android.mms/com.android.mms.ui.ComposeMessageActivity paused=false} mode=3 mCurrentFocus = Window{407300f0 com.android.mms/com.android.mms.ui.ComposeMessageActivity paused=false}
02-13 18:41:03.461 W/WindowManager(  258): updateFocusedWindowLocked newFocus=Window{407300f0 com.android.mms/com.android.mms.ui.ComposeMessageActivity paused=false} mode=3 mCurrentFocus = Window{407300f0 com.android.mms/com.android.mms.ui.ComposeMessageActivity paused=false}
02-13 18:41:03.571 W/WindowManager(  258): updateFocusedWindowLocked newFocus=Window{407300f0 com.android.mms/com.android.mms.ui.ComposeMessageActivity paused=false} mode=3 mCurrentFocus = Window{407300f0 com.android.mms/com.android.mms.ui.ComposeMessageActivity paused=false}
02-13 18:41:04.552 D/PowerManagerService(  258): setTimeoutLocked now=61717 timeoutOverride=-1 nextState=3 when=67717
02-13 18:41:04.682 D/PowerManagerService(  258): setTimeoutLocked now=61855 timeoutOverride=-1 nextState=3 when=67855
02-13 18:41:04.702 W/WindowManager(  258): updateFocusedWindowLocked newFocus=Window{407300f0 com.android.mms/com.android.mms.ui.ComposeMessageActivity paused=false} mode=3 mCurrentFocus = Window{407300f0 com.android.mms/com.android.mms.ui.ComposeMessageActivity paused=false}
02-13 18:41:05.373 D/PowerManagerService(  258): setTimeoutLocked now=62542 timeoutOverride=-1 nextState=3 when=68542
02-13 18:41:05.383 W/WindowManager(  258): updateFocusedWindowLocked newFocus=Window{407300f0 com.android.mms/com.android.mms.ui.ComposeMessageActivity paused=false} mode=3 mCurrentFocus = Window{407300f0 com.android.mms/com.android.mms.ui.ComposeMessageActivity paused=false}
02-13 18:41:05.413 W/WindowManager(  258): updateFocusedWindowLocked newFocus=Window{407300f0 com.android.mms/com.android.mms.ui.ComposeMessageActivity paused=false} mode=3 mCurrentFocus = Window{407300f0 com.android.mms/com.android.mms.ui.ComposeMessageActivity paused=false}
02-13 18:41:05.533 D/PowerManagerService(  258): setTimeoutLocked now=62703 timeoutOverride=-1 nextState=3 when=68703
02-13 18:41:05.543 W/WindowManager(  258): updateFocusedWindowLocked newFocus=Window{407300f0 com.android.mms/com.android.mms.ui.ComposeMessageActivity paused=false} mode=3 mCurrentFocus = Window{407300f0 com.android.mms/com.android.mms.ui.ComposeMessageActivity paused=false}
02-13 18:41:06.004 D/PowerManagerService(  258): setTimeoutLocked now=63169 timeoutOverride=-1 nextState=3 when=69169
02-13 18:41:06.014 W/WindowManager(  258): updateFocusedWindowLocked newFocus=Window{407300f0 com.android.mms/com.android.mms.ui.ComposeMessageActivity paused=false} mode=3 mCurrentFocus = Window{407300f0 com.android.mms/com.android.mms.ui.ComposeMessageActivity paused=false}
02-13 18:41:06.174 D/PowerManagerService(  258): setTimeoutLocked now=63343 timeoutOverride=-1 nextState=3 when=69343
02-13 18:41:06.194 W/WindowManager(  258): updateFocusedWindowLocked newFocus=Window{407300f0 com.android.mms/com.android.mms.ui.ComposeMessageActivity paused=false} mode=3 mCurrentFocus = Window{407300f0 com.android.mms/com.android.mms.ui.ComposeMessageActivity paused=false}
02-13 18:41:06.334 D/StatusBarPolicy(  340): onSignalStrengthsChanged:SignalStrength: 99 0 -92 -95 -91 -45 5 99 2147483647 2147483647 2147483647 2147483647 cdma for subscription0
02-13 18:41:06.334 D/StatusBarPolicy(  340): updateSignalStrength on subscription :0
02-13 18:41:06.334 D/StatusBarPolicy(  340): StatusBarPolocy::getIconLevel -EVDO
02-13 18:41:06.334 D/StatusBarPolicy(  340): getEvdoLevel_band_six -evdoDbm:-91
02-13 18:41:06.334 D/StatusBarPolicy(  340): getEvdoLevel_band_six -evdoEcio:-45
02-13 18:41:06.454 W/WindowManager(  258): updateFocusedWindowLocked newFocus=Window{407300f0 com.android.mms/com.android.mms.ui.ComposeMessageActivity paused=false} mode=3 mCurrentFocus = Window{407300f0 com.android.mms/com.android.mms.ui.ComposeMessageActivity paused=false}
02-13 18:41:06.514 D/PowerManagerService(  258): setTimeoutLocked now=63681 timeoutOverride=-1 nextState=3 when=69681
02-13 18:41:06.564 W/WindowManager(  258): updateFocusedWindowLocked newFocus=Window{407300f0 com.android.mms/com.android.mms.ui.ComposeMessageActivity paused=false} mode=3 mCurrentFocus = Window{407300f0 com.android.mms/com.android.mms.ui.ComposeMessageActivity paused=false}
02-13 18:41:06.934 W/WindowManager(  258): updateFocusedWindowLocked newFocus=Window{407300f0 com.android.mms/com.android.mms.ui.ComposeMessageActivity paused=false} mode=3 mCurrentFocus = Window{407300f0 com.android.mms/com.android.mms.ui.ComposeMessageActivity paused=false}
02-13 18:41:07.025 D/PowerManagerService(  258): setTimeoutLocked now=64196 timeoutOverride=-1 nextState=3 when=70196
02-13 18:41:07.075 D/PowerManagerService(  258): setTimeoutLocked now=64246 timeoutOverride=-1 nextState=3 when=70246
02-13 18:41:07.145 W/WindowManager(  258): updateFocusedWindowLocked newFocus=Window{407300f0 com.android.mms/com.android.mms.ui.ComposeMessageActivity paused=false} mode=3 mCurrentFocus = Window{407300f0 com.android.mms/com.android.mms.ui.ComposeMessageActivity paused=false}
02-13 18:41:07.355 W/WindowManager(  258): updateFocusedWindowLocked newFocus=Window{407300f0 com.android.mms/com.android.mms.ui.ComposeMessageActivity paused=false} mode=3 mCurrentFocus = Window{407300f0 com.android.mms/com.android.mms.ui.ComposeMessageActivity paused=false}
02-13 18:41:07.465 W/WindowManager(  258): updateFocusedWindowLocked newFocus=Window{407300f0 com.android.mms/com.android.mms.ui.ComposeMessageActivity paused=false} mode=3 mCurrentFocus = Window{407300f0 com.android.mms/com.android.mms.ui.ComposeMessageActivity paused=false}
02-13 18:41:07.535 W/WindowManager(  258): updateFocusedWindowLocked newFocus=Window{407300f0 com.android.mms/com.android.mms.ui.ComposeMessageActivity paused=false} mode=3 mCurrentFocus = Window{407300f0 com.android.mms/com.android.mms.ui.ComposeMessageActivity paused=false}
02-13 18:41:07.545 D/PowerManagerService(  258): setTimeoutLocked now=64710 timeoutOverride=-1 nextState=3 when=70710
02-13 18:41:07.655 D/PowerManagerService(  258): setTimeoutLocked now=64823 timeoutOverride=-1 nextState=3 when=70823
02-13 18:41:07.685 W/WindowManager(  258): updateFocusedWindowLocked newFocus=Window{407300f0 com.android.mms/com.android.mms.ui.ComposeMessageActivity paused=false} mode=3 mCurrentFocus = Window{407300f0 com.android.mms/com.android.mms.ui.ComposeMessageActivity paused=false}
02-13 18:41:08.446 D/StatusBarPolicy(  340): updateDataIcon subscription =0
02-13 18:41:09.367 D/PowerManagerService(  258): setTimeoutLocked now=66537 timeoutOverride=-1 nextState=3 when=72537
