02-13 18:41:53.340 W/WindowManager(  258): updateFocusedWindowLocked newFocus=Window{407300f0 com.android.mms/com.android.mms.ui.ComposeMessageActivity paused=false} mode=3 mCurrentFocus = Window{407300f0 com.android.mms/com.android.mms.ui.ComposeMessageActivity paused=false}
02-13 18:41:53.450 W/WindowManager(  258): updateFocusedWindowLocked newFocus=Window{407300f0 com.android.mms/com.android.mms.ui.ComposeMessageActivity paused=false} mode=3 mCurrentFocus = Window{407300f0 com.android.mms/com.android.mms.ui.ComposeMessageActivity paused=false}
02-13 18:41:53.580 W/WindowManager(  258): updateFocusedWindowLocked newFocus=Window{407300f0 com.android.mms/com.android.mms.ui.ComposeMessageActivity paused=false} mode=3 mCurrentFocus = Window{407300f0 com.android.mms/com.android.mms.ui.ComposeMessageActivity paused=false}
02-13 18:41:53.740 D/PowerManagerService(  258): setTimeoutLocked now=110907 timeoutOverride=-1 nextState=3 when=116907
02-13 18:41:53.750 W/WindowManager(  258): updateFocusedWindowLocked newFocus=Window{407300f0 com.android.mms/com.android.mms.ui.ComposeMessageActivity paused=false} mode=3 mCurrentFocus = Window{407300f0 com.android.mms/com.android.mms.ui.ComposeMessageActivity paused=false}
02-13 18:41:53.840 D/PowerManagerService(  258): setTimeoutLocked now=111007 timeoutOverride=-1 nextState=3 when=117007
02-13 18:41:53.880 W/WindowManager(  258): updateFocusedWindowLocked newFocus=Window{407300f0 com.android.mms/com.android.mms.ui.ComposeMessageActivity paused=false} mode=3 mCurrentFocus = Window{407300f0 com.android.mms/com.android.mms.ui.ComposeMessageActivity paused=false}
02-13 18:41:54.070 W/WindowManager(  258): updateFocusedWindowLocked newFocus=Window{407300f0 com.android.mms/com.android.mms.ui.ComposeMessageActivity paused=false} mode=3 mCurrentFocus = Window{407300f0 com.android.mms/com.android.mms.ui.ComposeMessageActivity paused=false}
02-13 18:41:54.181 W/WindowManager(  258): updateFocusedWindowLocked newFocus=Window{407300f0 com.android.mms/com.android.mms.ui.ComposeMessageActivity paused=false} mode=3 mCurrentFocus = Window{407300f0 com.android.mms/com.android.mms.ui.ComposeMessageActivity paused=false}
02-13 18:41:54.241 W/WindowManager(  258): updateFocusedWindowLocked newFocus=Window{407300f0 com.android.mms/com.android.mms.ui.ComposeMessageActivity paused=false} mode=3 mCurrentFocus = Window{407300f0 com.android.mms/com.android.mms.ui.ComposeMessageActivity paused=false}
02-13 18:41:54.271 D/PowerManagerService(  258): setTimeoutLocked now=111433 timeoutOverride=-1 nextState=3 when=117433
02-13 18:41:54.351 W/WindowManager(  258): updateFocusedWindowLocked newFocus=Window{407300f0 com.android.mms/com.android.mms.ui.ComposeMessageActivity paused=false} mode=3 mCurrentFocus = Window{407300f0 com.android.mms/com.android.mms.ui.ComposeMessageActivity paused=false}
02-13 18:41:54.401 W/WindowManager(  258): updateFocusedWindowLocked newFocus=Window{407300f0 com.android.mms/com.android.mms.ui.ComposeMessageActivity paused=false} mode=3 mCurrentFocus = Window{407300f0 com.android.mms/com.android.mms.ui.ComposeMessageActivity paused=false}
02-13 18:41:54.551 D/PowerManagerService(  258): setTimeoutLocked now=111722 timeoutOverride=-1 nextState=3 when=117722
02-13 18:41:54.601 W/WindowManager(  258): updateFocusedWindowLocked newFocus=Window{407300f0 com.android.mms/com.android.mms.ui.ComposeMessageActivity paused=false} mode=3 mCurrentFocus = Window{407300f0 com.android.mms/com.android.mms.ui.ComposeMessageActivity paused=false}
02-13 18:41:54.991 D/PowerManagerService(  258): setTimeoutLocked now=112151 timeoutOverride=-1 nextState=3 when=118151
02-13 18:41:54.991 W/WindowManager(  258): updateFocusedWindowLocked newFocus=Window{407300f0 com.android.mms/com.android.mms.ui.ComposeMessageActivity paused=false} mode=3 mCurrentFocus = Window{407300f0 com.android.mms/com.android.mms.ui.ComposeMessageActivity paused=false}
02-13 18:41:55.121 D/PowerManagerService(  258): setTimeoutLocked now=112299 timeoutOverride=-1 nextState=3 when=118299
02-13 18:41:55.151 W/WindowManager(  258): updateFocusedWindowLocked newFocus=Window{407300f0 com.android.mms/com.android.mms.ui.ComposeMessageActivity paused=false} mode=3 mCurrentFocus = Window{407300f0 com.android.mms/com.android.mms.ui.ComposeMessageActivity paused=false}
02-13 18:41:56.773 D/PowerManagerService(  258): setTimeoutLocked now=113932 timeoutOverride=-1 nextState=3 when=119932
02-13 18:41:56.783 W/WindowManager(  258): updateFocusedWindowLocked newFocus=Window{407300f0 com.android.mms/com.android.mms.ui.ComposeMessageActivity paused=false} mode=3 mCurrentFocus = Window{407300f0 com.android.mms/com.android.mms.ui.ComposeMessageActivity paused=false}
02-13 18:41:56.913 D/PowerManagerService(  258): setTimeoutLocked now=114079 timeoutOverride=-1 nextState=3 when=120079
02-13 18:41:56.923 W/WindowManager(  258): updateFocusedWindowLocked newFocus=Window{407300f0 com.android.mms/com.android.mms.ui.ComposeMessageActivity paused=false} mode=3 mCurrentFocus = Window{407300f0 com.android.mms/com.android.mms.ui.ComposeMessageActivity paused=false}
02-13 18:41:57.714 D/PowerManagerService(  258): setTimeoutLocked now=114883 timeoutOverride=-1 nextState=3 when=120883
02-13 18:41:57.724 W/WindowManager(  258): updateFocusedWindowLocked newFocus=Window{407300f0 com.android.mms/com.android.mms.ui.ComposeMessageActivity paused=false} mode=3 mCurrentFocus = Window{407300f0 com.android.mms/com.android.mms.ui.ComposeMessageActivity paused=false}
02-13 18:41:57.824 D/PowerManagerService(  258): setTimeoutLocked now=114996 timeoutOverride=-1 nextState=3 when=120996
02-13 18:41:57.844 W/WindowManager(  258): updateFocusedWindowLocked newFocus=Window{407300f0 com.android.mms/com.android.mms.ui.ComposeMessageActivity paused=false} mode=3 mCurrentFocus = Window{407300f0 com.android.mms/com.android.mms.ui.ComposeMessageActivity paused=false}
02-13 18:41:58.114 W/WindowManager(  258): updateFocusedWindowLocked newFocus=Window{407300f0 com.android.mms/com.android.mms.ui.ComposeMessageActivity paused=false} mode=3 mCurrentFocus = Window{407300f0 com.android.mms/com.android.mms.ui.ComposeMessageActivity paused=false}
02-13 18:41:58.214 D/PowerManagerService(  258): setTimeoutLocked now=115383 timeoutOverride=-1 nextState=3 when=121383
02-13 18:41:58.255 W/WindowManager(  258): updateFocusedWindowLocked newFocus=Window{407300f0 com.android.mms/com.android.mms.ui.ComposeMessageActivity paused=false} mode=3 mCurrentFocus = Window{407300f0 com.android.mms/com.android.mms.ui.ComposeMessageActivity paused=false}
02-13 18:41:58.845 D/PowerManagerService(  258): setTimeoutLocked now=116016 timeoutOverride=-1 nextState=3 when=122016
02-13 18:41:58.865 W/WindowManager(  258): updateFocusedWindowLocked newFocus=Window{407300f0 com.android.mms/com.android.mms.ui.ComposeMessageActivity paused=false} mode=3 mCurrentFocus = Window{407300f0 com.android.mms/com.android.mms.ui.ComposeMessageActivity paused=false}
02-13 18:41:58.985 D/PowerManagerService(  258): setTimeoutLocked now=116154 timeoutOverride=-1 nextState=3 when=122154
02-13 18:41:59.005 W/WindowManager(  258): updateFocusedWindowLocked newFocus=Window{407300f0 com.android.mms/com.android.mms.ui.ComposeMessageActivity paused=false} mode=3 mCurrentFocus = Window{407300f0 com.android.mms/com.android.mms.ui.ComposeMessageActivity paused=false}
02-13 18:41:59.125 W/WindowManager(  258): updateFocusedWindowLocked newFocus=Window{407300f0 com.android.mms/com.android.mms.ui.ComposeMessageActivity paused=false} mode=3 mCurrentFocus = Window{407300f0 com.android.mms/com.android.mms.ui.ComposeMessageActivity paused=false}
02-13 18:41:59.275 W/WindowManager(  258): updateFocusedWindowLocked newFocus=Window{407300f0 com.android.mms/com.android.mms.ui.ComposeMessageActivity paused=false} mode=3 mCurrentFocus = Window{407300f0 com.android.mms/com.android.mms.ui.ComposeMessageActivity paused=false}
02-13 18:42:00.006 D/AlarmManager(  258): scheduleTimeTickEvent calendar=Mon Feb 13 18:43:00 CST 2012
02-13 18:42:00.006 D/AlarmManager(  258): calendar.getTimeInMillis()1329180180000
02-13 18:42:00.216 D/PowerManagerService(  258): setTimeoutLocked now=117381 timeoutOverride=-1 nextState=3 when=123381
02-13 18:42:00.236 W/WindowManager(  258): updateFocusedWindowLocked newFocus=Window{407300f0 com.android.mms/com.android.mms.ui.ComposeMessageActivity paused=false} mode=3 mCurrentFocus = Window{407300f0 com.android.mms/com.android.mms.ui.ComposeMessageActivity paused=false}
02-13 18:42:00.286 D/PowerManagerService(  258): setTimeoutLocked now=117455 timeoutOverride=-1 nextState=3 when=123455
02-13 18:42:00.407 W/WindowManager(  258): updateFocusedWindowLocked newFocus=Window{407300f0 com.android.mms/com.android.mms.ui.ComposeMessageActivity paused=false} mode=3 mCurrentFocus = Window{407300f0 com.android.mms/com.android.mms.ui.ComposeMessageActivity paused=false}
02-13 18:42:00.777 D/PowerManagerService(  258): setTimeoutLocked now=117943 timeoutOverride=-1 nextState=3 when=123943
02-13 18:42:00.787 W/WindowManager(  258): updateFocusedWindowLocked newFocus=Window{407300f0 com.android.mms/com.android.mms.ui.ComposeMessageActivity paused=false} mode=3 mCurrentFocus = Window{407300f0 com.android.mms/com.android.mms.ui.ComposeMessageActivity paused=false}
02-13 18:42:00.907 D/PowerManagerService(  258): setTimeoutLocked now=118070 timeoutOverride=-1 nextState=3 when=124070
02-13 18:42:00.917 W/WindowManager(  258): updateFocusedWindowLocked newFocus=Window{407300f0 com.android.mms/com.android.mms.ui.ComposeMessageActivity paused=false} mode=3 mCurrentFocus = Window{407300f0 com.android.mms/com.android.mms.ui.ComposeMessageActivity paused=false}
02-13 18:42:01.508 D/PowerManagerService(  258): setTimeoutLocked now=118677 timeoutOverride=-1 nextState=3 when=124677
02-13 18:42:01.528 W/WindowManager(  258): updateFocusedWindowLocked newFocus=Window{407300f0 com.android.mms/com.android.mms.ui.ComposeMessageActivity paused=false} mode=3 mCurrentFocus = Window{407300f0 com.android.mms/com.android.mms.ui.ComposeMessageActivity paused=false}
02-13 18:42:01.558 D/PowerManagerService(  258): setTimeoutLocked now=118726 timeoutOverride=-1 nextState=3 when=124726
02-13 18:42:01.578 W/WindowManager(  258): updateFocusedWindowLocked newFocus=Window{407300f0 com.android.mms/com.android.mms.ui.ComposeMessageActivity paused=false} mode=3 mCurrentFocus = Window{407300f0 com.android.mms/com.android.mms.ui.ComposeMessageActivity paused=false}
02-13 18:42:02.559 D/PowerManagerService(  258): setTimeoutLocked now=119728 timeoutOverride=-1 nextState=3 when=125728
02-13 18:42:02.579 W/WindowManager(  258): updateFocusedWindowLocked newFocus=Window{407300f0 com.android.mms/com.android.mms.ui.ComposeMessageActivity paused=false} mode=3 mCurrentFocus = Window{407300f0 com.android.mms/com.android.mms.ui.ComposeMessageActivity paused=false}
02-13 18:42:02.749 D/PowerManagerService(  258): setTimeoutLocked now=119916 timeoutOverride=-1 nextState=3 when=125916
02-13 18:42:02.759 W/WindowManager(  258): updateFocusedWindowLocked newFocus=Window{407300f0 com.android.mms/com.android.mms.ui.ComposeMessageActivity paused=false} mode=3 mCurrentFocus = Window{407300f0 com.android.mms/com.android.mms.ui.ComposeMessageActivity paused=false}
02-13 18:42:02.929 D/StatusBarPolicy(  340): updateDataIcon subscription =0
02-13 18:42:03.049 D/NetdConnector(  258): SND -> {interface readrxcounter rmnet0} {null}
02-13 18:42:03.049 D/NetdConnector(  258): RCV <- {216 20209}
02-13 18:42:03.049 D/NetdConnector(  258): RSP <- {216 20209}
02-13 18:42:03.049 D/NetdConnector(  258): SND -> {interface readtxcounter rmnet0} {null}
02-13 18:42:03.049 D/NetdConnector(  258): RCV <- {217 7877}
02-13 18:42:03.049 D/NetdConnector(  258): RSP <- {217 7877}
02-13 18:42:03.600 D/PowerManagerService(  258): setTimeoutLocked now=120765 timeoutOverride=-1 nextState=3 when=126765
02-13 18:42:03.610 W/WindowManager(  258): updateFocusedWindowLocked newFocus=Window{407300f0 com.android.mms/com.android.mms.ui.ComposeMessageActivity paused=false} mode=3 mCurrentFocus = Window{407300f0 com.android.mms/com.android.mms.ui.ComposeMessageActivity paused=false}
02-13 18:42:03.710 D/PowerManagerService(  258): setTimeoutLocked now=120878 timeoutOverride=-1 nextState=3 when=126878
02-13 18:42:03.730 W/WindowManager(  258): updateFocusedWindowLocked newFocus=Window{407300f0 com.android.mms/com.android.mms.ui.ComposeMessageActivity paused=false} mode=3 mCurrentFocus = Window{407300f0 com.android.mms/com.android.mms.ui.ComposeMessageActivity paused=false}
02-13 18:42:03.930 D/StatusBarPolicy(  340): updateDataIcon subscription =0
02-13 18:42:04.360 D/PowerManagerService(  258): setTimeoutLocked now=121525 timeoutOverride=-1 nextState=3 when=127525
02-13 18:42:04.370 W/WindowManager(  258): updateFocusedWindowLocked newFocus=Window{407300f0 com.android.mms/com.android.mms.ui.ComposeMessageActivity paused=false} mode=3 mCurrentFocus = Window{407300f0 com.android.mms/com.android.mms.ui.ComposeMessageActivity paused=false}
02-13 18:42:04.451 D/PowerManagerService(  258): setTimeoutLocked now=121611 timeoutOverride=-1 nextState=3 when=127611
02-13 18:42:04.461 W/WindowManager(  258): updateFocusedWindowLocked newFocus=Window{407300f0 com.android.mms/com.android.mms.ui.ComposeMessageActivity paused=false} mode=3 mCurrentFocus = Window{407300f0 com.android.mms/com.android.mms.ui.ComposeMessageActivity paused=false}
02-13 18:42:04.591 D/StatusBarPolicy(  340): onSignalStrengthsChanged:SignalStrength: 99 0 -89 -90 -83 -20 8 99 2147483647 2147483647 2147483647 2147483647 cdma for subscription0
02-13 18:42:04.591 D/StatusBarPolicy(  340): updateSignalStrength on subscription :0
02-13 18:42:04.591 D/StatusBarPolicy(  340): StatusBarPolocy::getIconLevel -EVDO
02-13 18:42:04.591 D/StatusBarPolicy(  340): getEvdoLevel_band_six -evdoDbm:-83
02-13 18:42:04.591 D/StatusBarPolicy(  340): getEvdoLevel_band_six -evdoEcio:-20
02-13 18:42:04.891 D/PowerManagerService(  258): setTimeoutLocked now=122050 timeoutOverride=-1 nextState=3 when=128050
02-13 18:42:04.891 W/WindowManager(  258): updateFocusedWindowLocked newFocus=Window{407300f0 com.android.mms/com.android.mms.ui.ComposeMessageActivity paused=false} mode=3 mCurrentFocus = Window{407300f0 com.android.mms/com.android.mms.ui.ComposeMessageActivity paused=false}
02-13 18:42:04.931 D/StatusBarPolicy(  340): updateDataIcon subscription =0
02-13 18:42:05.031 D/PowerManagerService(  258): setTimeoutLocked now=122202 timeoutOverride=-1 nextState=3 when=128202
02-13 18:42:05.041 W/WindowManager(  258): updateFocusedWindowLocked newFocus=Window{407300f0 com.android.mms/com.android.mms.ui.ComposeMessageActivity paused=false} mode=3 mCurrentFocus = Window{407300f0 com.android.mms/com.android.mms.ui.ComposeMessageActivity paused=false}
02-13 18:42:05.432 D/PowerManagerService(  258): setTimeoutLocked now=122591 timeoutOverride=-1 nextState=3 when=128591
02-13 18:42:05.442 W/WindowManager(  258): updateFocusedWindowLocked newFocus=Window{407300f0 com.android.mms/com.android.mms.ui.ComposeMessageActivity paused=false} mode=3 mCurrentFocus = Window{407300f0 com.android.mms/com.android.mms.ui.ComposeMessageActivity paused=false}
02-13 18:42:05.542 D/PowerManagerService(  258): setTimeoutLocked now=122714 timeoutOverride=-1 nextState=3 when=128714
02-13 18:42:05.562 W/WindowManager(  258): updateFocusedWindowLocked newFocus=Window{407300f0 com.android.mms/com.android.mms.ui.ComposeMessageActivity paused=false} mode=3 mCurrentFocus = Window{407300f0 com.android.mms/com.android.mms.ui.ComposeMessageActivity paused=false}
02-13 18:42:06.192 D/PowerManagerService(  258): setTimeoutLocked now=123362 timeoutOverride=-1 nextState=3 when=129362
02-13 18:42:06.202 W/WindowManager(  258): updateFocusedWindowLocked newFocus=Window{407300f0 com.android.mms/com.android.mms.ui.ComposeMessageActivity paused=false} mode=3 mCurrentFocus = Window{407300f0 com.android.mms/com.android.mms.ui.ComposeMessageActivity paused=false}
02-13 18:42:06.322 D/PowerManagerService(  258): setTimeoutLocked now=123498 timeoutOverride=-1 nextState=3 when=129498
02-13 18:42:06.342 W/WindowManager(  258): updateFocusedWindowLocked newFocus=Window{407300f0 com.android.mms/com.android.mms.ui.ComposeMessageActivity paused=false} mode=3 mCurrentFocus = Window{407300f0 com.android.mms/com.android.mms.ui.ComposeMessageActivity paused=false}
02-13 18:42:06.563 W/WindowManager(  258): updateFocusedWindowLocked newFocus=Window{407300f0 com.android.mms/com.android.mms.ui.ComposeMessageActivity paused=false} mode=3 mCurrentFocus = Window{407300f0 com.android.mms/com.android.mms.ui.ComposeMessageActivity paused=false}
02-13 18:42:06.653 W/WindowManager(  258): updateFocusedWindowLocked newFocus=Window{407300f0 com.android.mms/com.android.mms.ui.ComposeMessageActivity paused=false} mode=3 mCurrentFocus = Window{407300f0 com.android.mms/com.android.mms.ui.ComposeMessageActivity paused=false}
02-13 18:42:06.823 D/StatusBarPolicy(  340): onSignalStrengthsChanged:SignalStrength: 99 0 -89 -70 -83 -20 8 99 2147483647 2147483647 2147483647 2147483647 cdma for subscription0
02-13 18:42:06.823 D/StatusBarPolicy(  340): updateSignalStrength on subscription :0
02-13 18:42:06.853 D/StatusBarPolicy(  340): StatusBarPolocy::getIconLevel -EVDO
02-13 18:42:06.853 D/StatusBarPolicy(  340): getEvdoLevel_band_six -evdoDbm:-83
02-13 18:42:06.853 D/StatusBarPolicy(  340): getEvdoLevel_band_six -evdoEcio:-20
02-13 18:42:07.494 D/PowerManagerService(  258): setTimeoutLocked now=124656 timeoutOverride=-1 nextState=3 when=130656
02-13 18:42:07.494 W/WindowManager(  258): updateFocusedWindowLocked newFocus=Window{407300f0 com.android.mms/com.android.mms.ui.ComposeMessageActivity paused=false} mode=3 mCurrentFocus = Window{407300f0 com.android.mms/com.android.mms.ui.ComposeMessageActivity paused=false}
02-13 18:42:07.594 D/PowerManagerService(  258): setTimeoutLocked now=124768 timeoutOverride=-1 nextState=3 when=130768
02-13 18:42:07.714 W/WindowManager(  258): updateFocusedWindowLocked newFocus=Window{407300f0 com.android.mms/com.android.mms.ui.ComposeMessageActivity paused=false} mode=3 mCurrentFocus = Window{407300f0 com.android.mms/com.android.mms.ui.ComposeMessageActivity paused=false}
02-13 18:42:08.304 D/WifiService(  258): ACTION_BATTERY_CHANGED pluggedType: 1
02-13 18:42:08.304 D/WifiService(  258): WifiHandler, MESSAGE_UPDATE_STATE
02-13 18:42:08.304 D/WifiService(  258): isAirplaneModeOn(): false
02-13 18:42:08.304 D/WifiService(  258): updateWifiState(), wifiEnabled: true, airplaneMode: false, wifiShouldBeEnabled: true, wifiShouldBeStarted: true, strongestLockMode: 1
02-13 18:42:08.304 D/WifiService(  258): WifiHandler, MESSAGE_ENABLE_WIFI, msg.arg1: 0, msg.arg2: 1000
02-13 18:42:08.304 D/WifiService(  258): WifiHandler, MESSAGE_START_WIFI, msg.arg1: 1
02-13 18:42:08.324 D/PowerManagerService(  258): setTimeoutLocked now=125496 timeoutOverride=-1 nextState=3 when=131496
02-13 18:42:08.334 W/WindowManager(  258): updateFocusedWindowLocked newFocus=Window{407300f0 com.android.mms/com.android.mms.ui.ComposeMessageActivity paused=false} mode=3 mCurrentFocus = Window{407300f0 com.android.mms/com.android.mms.ui.ComposeMessageActivity paused=false}
02-13 18:42:08.384 D/PowerManagerService(  258): setTimeoutLocked now=125556 timeoutOverride=-1 nextState=3 when=131556
02-13 18:42:08.414 W/WindowManager(  258): updateFocusedWindowLocked newFocus=Window{407300f0 com.android.mms/com.android.mms.ui.ComposeMessageActivity paused=false} mode=3 mCurrentFocus = Window{407300f0 com.android.mms/com.android.mms.ui.ComposeMessageActivity paused=false}
02-13 18:42:08.995 D/PowerManagerService(  258): setTimeoutLocked now=126166 timeoutOverride=-1 nextState=3 when=132166
02-13 18:42:09.005 W/WindowManager(  258): updateFocusedWindowLocked newFocus=Window{407300f0 com.android.mms/com.android.mms.ui.ComposeMessageActivity paused=false} mode=3 mCurrentFocus = Window{407300f0 com.android.mms/com.android.mms.ui.ComposeMessageActivity paused=false}
02-13 18:42:09.055 D/StatusBarPolicy(  340): onSignalStrengthsChanged:SignalStrength: 99 0 -89 -70 -83 -30 8 99 2147483647 2147483647 2147483647 2147483647 cdma for subscription0
02-13 18:42:09.055 D/StatusBarPolicy(  340): updateSignalStrength on subscription :0
02-13 18:42:09.055 D/StatusBarPolicy(  340): StatusBarPolocy::getIconLevel -EVDO
02-13 18:42:09.055 D/StatusBarPolicy(  340): getEvdoLevel_band_six -evdoDbm:-83
02-13 18:42:09.055 D/StatusBarPolicy(  340): getEvdoLevel_band_six -evdoEcio:-30
02-13 18:42:09.125 D/PowerManagerService(  258): setTimeoutLocked now=126291 timeoutOverride=-1 nextState=3 when=132291
02-13 18:42:09.135 W/WindowManager(  258): updateFocusedWindowLocked newFocus=Window{407300f0 com.android.mms/com.android.mms.ui.ComposeMessageActivity paused=false} mode=3 mCurrentFocus = Window{407300f0 com.android.mms/com.android.mms.ui.ComposeMessageActivity paused=false}
02-13 18:42:09.576 D/PowerManagerService(  258): setTimeoutLocked now=126741 timeoutOverride=-1 nextState=3 when=132741
02-13 18:42:09.716 D/PowerManagerService(  258): setTimeoutLocked now=126879 timeoutOverride=-1 nextState=3 when=132879
02-13 18:42:10.326 D/PowerManagerService(  258): setTimeoutLocked now=127487 timeoutOverride=-1 nextState=3 when=133487
02-13 18:42:10.376 D/StatusBarPolicy(  340): onSignalStrengthsChanged:SignalStrength: 99 0 -90 -80 -120 -315 8 99 2147483647 2147483647 2147483647 2147483647 cdma for subscription0
02-13 18:42:10.376 D/StatusBarPolicy(  340): updateSignalStrength on subscription :0
02-13 18:42:10.376 D/StatusBarPolicy(  340): StatusBarPolocy::getIconLevel -EVDO
02-13 18:42:10.376 D/StatusBarPolicy(  340): getEvdoLevel_band_six -evdoDbm:-120
02-13 18:42:10.376 D/StatusBarPolicy(  340): getEvdoLevel_band_six -evdoEcio:-315
02-13 18:42:10.386 D/StatusBarPolicy(  340): updateDataIcon subscription =0
02-13 18:42:10.436 W/WindowManager(  258): updateFocusedWindowLocked newFocus=Window{407300f0 com.android.mms/com.android.mms.ui.ComposeMessageActivity paused=false} mode=3 mCurrentFocus = Window{407300f0 com.android.mms/com.android.mms.ui.ComposeMessageActivity paused=false}
02-13 18:42:11.317 D/StatusBarPolicy(  340): onSignalStrengthsChanged:SignalStrength: 99 0 -95 -120 -120 -315 8 99 2147483647 2147483647 2147483647 2147483647 cdma for subscription0
02-13 18:42:11.317 D/StatusBarPolicy(  340): updateSignalStrength on subscription :0
02-13 18:42:11.317 D/StatusBarPolicy(  340): StatusBarPolocy::getIconLevel -EVDO
02-13 18:42:11.317 D/StatusBarPolicy(  340): getEvdoLevel_band_six -evdoDbm:-120
02-13 18:42:11.327 D/StatusBarPolicy(  340): getEvdoLevel_band_six -evdoEcio:-315
02-13 18:42:13.549 D/StatusBarPolicy(  340): onSignalStrengthsChanged:SignalStrength: 99 0 -103 -160 -120 -315 8 99 2147483647 2147483647 2147483647 2147483647 cdma for subscription0
02-13 18:42:13.549 D/StatusBarPolicy(  340): updateSignalStrength on subscription :0
02-13 18:42:13.559 D/StatusBarPolicy(  340): StatusBarPolocy::getIconLevel -EVDO
02-13 18:42:13.559 D/StatusBarPolicy(  340): getEvdoLevel_band_six -evdoDbm:-120
02-13 18:42:13.569 D/StatusBarPolicy(  340): getEvdoLevel_band_six -evdoEcio:-315
02-13 18:42:13.820 D/StatusBarPolicy(  340): onSignalStrengthsChanged:SignalStrength: 99 0 -103 -150 -120 -315 8 99 2147483647 2147483647 2147483647 2147483647 cdma for subscription0
02-13 18:42:13.820 D/StatusBarPolicy(  340): updateSignalStrength on subscription :0
02-13 18:42:13.820 D/StatusBarPolicy(  340): StatusBarPolocy::getIconLevel -EVDO
02-13 18:42:13.820 D/StatusBarPolicy(  340): getEvdoLevel_band_six -evdoDbm:-120
02-13 18:42:13.820 D/StatusBarPolicy(  340): getEvdoLevel_band_six -evdoEcio:-315
02-13 18:42:15.261 D/PowerManagerService(  258): setTimeoutLocked now=132426 timeoutOverride=-1 nextState=3 when=138426
02-13 18:42:15.381 D/PowerManagerService(  258): setTimeoutLocked now=132552 timeoutOverride=-1 nextState=3 when=138552
02-13 18:42:15.471 W/WindowManager(  258): updateFocusedWindowLocked newFocus=Window{407300f0 com.android.mms/com.android.mms.ui.ComposeMessageActivity paused=false} mode=3 mCurrentFocus = Window{407300f0 com.android.mms/com.android.mms.ui.ComposeMessageActivity paused=false}
02-13 18:42:15.531 W/WindowManager(  258): updateFocusedWindowLocked newFocus=Window{407300f0 com.android.mms/com.android.mms.ui.ComposeMessageActivity paused=false} mode=3 mCurrentFocus = Window{407300f0 com.android.mms/com.android.mms.ui.ComposeMessageActivity paused=false}
02-13 18:42:15.872 D/StatusBarPolicy(  340): onSignalStrengthsChanged:SignalStrength: 99 0 -97 -105 -120 -315 8 99 2147483647 2147483647 2147483647 2147483647 cdma for subscription0
02-13 18:42:15.872 D/StatusBarPolicy(  340): updateSignalStrength on subscription :0
02-13 18:42:15.872 D/StatusBarPolicy(  340): StatusBarPolocy::getIconLevel -EVDO
02-13 18:42:15.872 D/StatusBarPolicy(  340): getEvdoLevel_band_six -evdoDbm:-120
02-13 18:42:15.872 D/StatusBarPolicy(  340): getEvdoLevel_band_six -evdoEcio:-315
02-13 18:42:15.932 I/TelephonyRegistry(  258): notifyServiceState: 0 home Sprint  310099  EvDo rev. A CSS not supported 41 4139RoamInd: 1RoamStatus(sprint): 1DefRoamInd: 160EmergOnly: false
02-13 18:42:15.932 D/StatusBarPolicy(  340): onServiceStateChanged:0 home Sprint  310099  EvDo rev. A CSS not supported 41 4139RoamInd: 1RoamStatus(sprint): 1DefRoamInd: 160EmergOnly: falsefor subscription :0
02-13 18:42:15.932 D/StatusBarPolicy(  340): updateSignalStrength on subscription :0
02-13 18:42:15.932 D/StatusBarPolicy(  340): StatusBarPolocy::getIconLevel -EVDO
02-13 18:42:15.932 D/StatusBarPolicy(  340): getEvdoLevel_band_six -evdoDbm:-120
02-13 18:42:15.932 D/StatusBarPolicy(  340): getEvdoLevel_band_six -evdoEcio:-315
02-13 18:42:15.932 D/StatusBarPolicy(  340): updateDataIcon subscription =0
02-13 18:42:16.672 D/PowerManagerService(  258): setTimeoutLocked now=133835 timeoutOverride=-1 nextState=3 when=139835
02-13 18:42:16.672 W/WindowManager(  258): updateFocusedWindowLocked newFocus=Window{407300f0 com.android.mms/com.android.mms.ui.ComposeMessageActivity paused=false} mode=3 mCurrentFocus = Window{407300f0 com.android.mms/com.android.mms.ui.ComposeMessageActivity paused=false}
02-13 18:42:16.803 D/PowerManagerService(  258): setTimeoutLocked now=133972 timeoutOverride=-1 nextState=3 when=139972
02-13 18:42:16.863 W/WindowManager(  258): updateFocusedWindowLocked newFocus=Window{407300f0 com.android.mms/com.android.mms.ui.ComposeMessageActivity paused=false} mode=3 mCurrentFocus = Window{407300f0 com.android.mms/com.android.mms.ui.ComposeMessageActivity paused=false}
02-13 18:42:16.893 W/WindowManager(  258): updateFocusedWindowLocked newFocus=Window{407300f0 com.android.mms/com.android.mms.ui.ComposeMessageActivity paused=false} mode=3 mCurrentFocus = Window{407300f0 com.android.mms/com.android.mms.ui.ComposeMessageActivity paused=false}
02-13 18:42:17.223 D/PowerManagerService(  258): setTimeoutLocked now=134399 timeoutOverride=-1 nextState=3 when=140399
02-13 18:42:17.233 W/WindowManager(  258): updateFocusedWindowLocked newFocus=Window{407300f0 com.android.mms/com.android.mms.ui.ComposeMessageActivity paused=false} mode=3 mCurrentFocus = Window{407300f0 com.android.mms/com.android.mms.ui.ComposeMessageActivity paused=false}
02-13 18:42:17.373 D/PowerManagerService(  258): setTimeoutLocked now=134548 timeoutOverride=-1 nextState=3 when=140548
02-13 18:42:17.453 W/WindowManager(  258): updateFocusedWindowLocked newFocus=Window{407300f0 com.android.mms/com.android.mms.ui.ComposeMessageActivity paused=false} mode=3 mCurrentFocus = Window{407300f0 com.android.mms/com.android.mms.ui.ComposeMessageActivity paused=false}
02-13 18:42:17.653 W/WindowManager(  258): updateFocusedWindowLocked newFocus=Window{407300f0 com.android.mms/com.android.mms.ui.ComposeMessageActivity paused=false} mode=3 mCurrentFocus = Window{407300f0 com.android.mms/com.android.mms.ui.ComposeMessageActivity paused=false}
02-13 18:42:17.764 D/PowerManagerService(  258): setTimeoutLocked now=134925 timeoutOverride=-1 nextState=3 when=140925
02-13 18:42:17.784 W/WindowManager(  258): updateFocusedWindowLocked newFocus=Window{407300f0 com.android.mms/com.android.mms.ui.ComposeMessageActivity paused=false} mode=3 mCurrentFocus = Window{407300f0 com.android.mms/com.android.mms.ui.ComposeMessageActivity paused=false}
02-13 18:42:17.814 W/WindowManager(  258): updateFocusedWindowLocked newFocus=Window{407300f0 com.android.mms/com.android.mms.ui.ComposeMessageActivity paused=false} mode=3 mCurrentFocus = Window{407300f0 com.android.mms/com.android.mms.ui.ComposeMessageActivity paused=false}
02-13 18:42:17.864 I/TelephonyRegistry(  258): notifyServiceState: 0 home Sprint  310099  EvDo rev. A CSS not supported 41 4139RoamInd: 1RoamStatus(sprint): 1DefRoamInd: 160EmergOnly: false
02-13 18:42:17.864 D/StatusBarPolicy(  340): onServiceStateChanged:0 home Sprint  310099  EvDo rev. A CSS not supported 41 4139RoamInd: 1RoamStatus(sprint): 1DefRoamInd: 160EmergOnly: falsefor subscription :0
02-13 18:42:17.864 D/StatusBarPolicy(  340): updateSignalStrength on subscription :0
02-13 18:42:17.864 D/StatusBarPolicy(  340): StatusBarPolocy::getIconLevel -EVDO
02-13 18:42:17.864 D/StatusBarPolicy(  340): getEvdoLevel_band_six -evdoDbm:-120
02-13 18:42:17.864 D/StatusBarPolicy(  340): getEvdoLevel_band_six -evdoEcio:-315
02-13 18:42:17.874 D/StatusBarPolicy(  340): updateDataIcon subscription =0
02-13 18:42:17.964 D/PowerManagerService(  258): setTimeoutLocked now=135125 timeoutOverride=-1 nextState=3 when=141125
02-13 18:42:17.994 D/PowerManagerService(  258): setTimeoutLocked now=135163 timeoutOverride=-1 nextState=3 when=141163
02-13 18:42:18.014 D/StatusBarPolicy(  340): onSignalStrengthsChanged:SignalStrength: 99 0 -96 -70 -92 -65 7 99 2147483647 2147483647 2147483647 2147483647 cdma for subscription0
02-13 18:42:18.014 D/StatusBarPolicy(  340): updateSignalStrength on subscription :0
02-13 18:42:18.014 D/StatusBarPolicy(  340): StatusBarPolocy::getIconLevel -EVDO
02-13 18:42:18.014 D/StatusBarPolicy(  340): getEvdoLevel_band_six -evdoDbm:-92
02-13 18:42:18.014 D/StatusBarPolicy(  340): getEvdoLevel_band_six -evdoEcio:-65
02-13 18:42:18.034 W/WindowManager(  258): updateFocusedWindowLocked newFocus=Window{407300f0 com.android.mms/com.android.mms.ui.ComposeMessageActivity paused=false} mode=3 mCurrentFocus = Window{407300f0 com.android.mms/com.android.mms.ui.ComposeMessageActivity paused=false}
02-13 18:42:18.064 W/WindowManager(  258): updateFocusedWindowLocked newFocus=Window{407300f0 com.android.mms/com.android.mms.ui.ComposeMessageActivity paused=false} mode=3 mCurrentFocus = Window{407300f0 com.android.mms/com.android.mms.ui.ComposeMessageActivity paused=false}
02-13 18:42:18.234 W/WindowManager(  258): updateFocusedWindowLocked newFocus=Window{407300f0 com.android.mms/com.android.mms.ui.ComposeMessageActivity paused=false} mode=3 mCurrentFocus = Window{407300f0 com.android.mms/com.android.mms.ui.ComposeMessageActivity paused=false}
02-13 18:42:18.294 D/WifiService(  258): ACTION_BATTERY_CHANGED pluggedType: 1
02-13 18:42:18.294 D/WifiService(  258): WifiHandler, MESSAGE_UPDATE_STATE
02-13 18:42:18.294 D/WifiService(  258): isAirplaneModeOn(): false
02-13 18:42:18.294 D/WifiService(  258): updateWifiState(), wifiEnabled: true, airplaneMode: false, wifiShouldBeEnabled: true, wifiShouldBeStarted: true, strongestLockMode: 1
02-13 18:42:18.294 D/WifiService(  258): WifiHandler, MESSAGE_ENABLE_WIFI, msg.arg1: 0, msg.arg2: 1000
02-13 18:42:18.294 D/WifiService(  258): WifiHandler, MESSAGE_START_WIFI, msg.arg1: 1
02-13 18:42:18.304 D/PowerManagerService(  258): setTimeoutLocked now=135477 timeoutOverride=-1 nextState=3 when=141477
02-13 18:42:18.324 W/WindowManager(  258): updateFocusedWindowLocked newFocus=Window{407300f0 com.android.mms/com.android.mms.ui.ComposeMessageActivity paused=false} mode=3 mCurrentFocus = Window{407300f0 com.android.mms/com.android.mms.ui.ComposeMessageActivity paused=false}
02-13 18:42:18.444 W/WindowManager(  258): updateFocusedWindowLocked newFocus=Window{407300f0 com.android.mms/com.android.mms.ui.ComposeMessageActivity paused=false} mode=3 mCurrentFocus = Window{407300f0 com.android.mms/com.android.mms.ui.ComposeMessageActivity paused=false}
02-13 18:42:18.644 W/WindowManager(  258): updateFocusedWindowLocked newFocus=Window{407300f0 com.android.mms/com.android.mms.ui.ComposeMessageActivity paused=false} mode=3 mCurrentFocus = Window{407300f0 com.android.mms/com.android.mms.ui.ComposeMessageActivity paused=false}
02-13 18:42:18.674 D/StatusBarPolicy(  340): onSignalStrengthsChanged:SignalStrength: 99 0 -96 -70 -91 -50 6 99 2147483647 2147483647 2147483647 2147483647 cdma for subscription0
02-13 18:42:18.674 D/StatusBarPolicy(  340): updateSignalStrength on subscription :0
02-13 18:42:18.674 D/StatusBarPolicy(  340): StatusBarPolocy::getIconLevel -EVDO
02-13 18:42:18.674 D/StatusBarPolicy(  340): getEvdoLevel_band_six -evdoDbm:-91
02-13 18:42:18.674 D/StatusBarPolicy(  340): getEvdoLevel_band_six -evdoEcio:-50
02-13 18:42:18.724 D/PowerManagerService(  258): setTimeoutLocked now=135891 timeoutOverride=-1 nextState=3 when=141891
02-13 18:42:18.744 W/WindowManager(  258): updateFocusedWindowLocked newFocus=Window{407300f0 com.android.mms/com.android.mms.ui.ComposeMessageActivity paused=false} mode=3 mCurrentFocus = Window{407300f0 com.android.mms/com.android.mms.ui.ComposeMessageActivity paused=false}
02-13 18:42:19.035 D/PowerManagerService(  258): setTimeoutLocked now=136207 timeoutOverride=-1 nextState=3 when=142207
02-13 18:42:19.045 W/WindowManager(  258): updateFocusedWindowLocked newFocus=Window{407300f0 com.android.mms/com.android.mms.ui.ComposeMessageActivity paused=false} mode=3 mCurrentFocus = Window{407300f0 com.android.mms/com.android.mms.ui.ComposeMessageActivity paused=false}
02-13 18:42:19.165 W/WindowManager(  258): updateFocusedWindowLocked newFocus=Window{407300f0 com.android.mms/com.android.mms.ui.ComposeMessageActivity paused=false} mode=3 mCurrentFocus = Window{407300f0 com.android.mms/com.android.mms.ui.ComposeMessageActivity paused=false}
02-13 18:42:19.285 W/WindowManager(  258): updateFocusedWindowLocked newFocus=Window{407300f0 com.android.mms/com.android.mms.ui.ComposeMessageActivity paused=false} mode=3 mCurrentFocus = Window{407300f0 com.android.mms/com.android.mms.ui.ComposeMessageActivity paused=false}
02-13 18:42:19.345 D/PowerManagerService(  258): setTimeoutLocked now=136518 timeoutOverride=-1 nextState=3 when=142518
02-13 18:42:19.365 W/WindowManager(  258): updateFocusedWindowLocked newFocus=Window{407300f0 com.android.mms/com.android.mms.ui.ComposeMessageActivity paused=false} mode=3 mCurrentFocus = Window{407300f0 com.android.mms/com.android.mms.ui.ComposeMessageActivity paused=false}
02-13 18:42:19.525 W/WindowManager(  258): updateFocusedWindowLocked newFocus=Window{407300f0 com.android.mms/com.android.mms.ui.ComposeMessageActivity paused=false} mode=3 mCurrentFocus = Window{407300f0 com.android.mms/com.android.mms.ui.ComposeMessageActivity paused=false}
02-13 18:42:19.545 D/PowerManagerService(  258): setTimeoutLocked now=136719 timeoutOverride=-1 nextState=3 when=142719
02-13 18:42:19.665 W/WindowManager(  258): updateFocusedWindowLocked newFocus=Window{407300f0 com.android.mms/com.android.mms.ui.ComposeMessageActivity paused=false} mode=3 mCurrentFocus = Window{407300f0 com.android.mms/com.android.mms.ui.ComposeMessageActivity paused=false}
02-13 18:42:19.786 W/WindowManager(  258): updateFocusedWindowLocked newFocus=Window{407300f0 com.android.mms/com.android.mms.ui.ComposeMessageActivity paused=false} mode=3 mCurrentFocus = Window{407300f0 com.android.mms/com.android.mms.ui.ComposeMessageActivity paused=false}
02-13 18:42:19.896 D/PowerManagerService(  258): setTimeoutLocked now=137059 timeoutOverride=-1 nextState=3 when=143059
02-13 18:42:19.926 W/WindowManager(  258): updateFocusedWindowLocked newFocus=Window{407300f0 com.android.mms/com.android.mms.ui.ComposeMessageActivity paused=false} mode=3 mCurrentFocus = Window{407300f0 com.android.mms/com.android.mms.ui.ComposeMessageActivity paused=false}
02-13 18:42:19.986 W/WindowManager(  258): updateFocusedWindowLocked newFocus=Window{407300f0 com.android.mms/com.android.mms.ui.ComposeMessageActivity paused=false} mode=3 mCurrentFocus = Window{407300f0 com.android.mms/com.android.mms.ui.ComposeMessageActivity paused=false}
02-13 18:42:20.056 D/PowerManagerService(  258): setTimeoutLocked now=137220 timeoutOverride=-1 nextState=3 when=143220
02-13 18:42:20.086 W/WindowManager(  258): updateFocusedWindowLocked newFocus=Window{407300f0 com.android.mms/com.android.mms.ui.ComposeMessageActivity paused=false} mode=3 mCurrentFocus = Window{407300f0 com.android.mms/com.android.mms.ui.ComposeMessageActivity paused=false}
02-13 18:42:20.256 D/StatusBarPolicy(  340): onSignalStrengthsChanged:SignalStrength: 99 0 -95 -85 -91 -35 5 99 2147483647 2147483647 2147483647 2147483647 cdma for subscription0
02-13 18:42:20.256 D/StatusBarPolicy(  340): updateSignalStrength on subscription :0
02-13 18:42:20.256 D/StatusBarPolicy(  340): StatusBarPolocy::getIconLevel -EVDO
02-13 18:42:20.256 D/StatusBarPolicy(  340): getEvdoLevel_band_six -evdoDbm:-91
02-13 18:42:20.256 D/StatusBarPolicy(  340): getEvdoLevel_band_six -evdoEcio:-35
02-13 18:42:20.276 W/WindowManager(  258): updateFocusedWindowLocked newFocus=Window{407300f0 com.android.mms/com.android.mms.ui.ComposeMessageActivity paused=false} mode=3 mCurrentFocus = Window{407300f0 com.android.mms/com.android.mms.ui.ComposeMessageActivity paused=false}
02-13 18:42:20.396 W/WindowManager(  258): updateFocusedWindowLocked newFocus=Window{407300f0 com.android.mms/com.android.mms.ui.ComposeMessageActivity paused=false} mode=3 mCurrentFocus = Window{407300f0 com.android.mms/com.android.mms.ui.ComposeMessageActivity paused=false}
02-13 18:42:20.406 W/WindowManager(  258): updateFocusedWindowLocked newFocus=Window{407300f0 com.android.mms/com.android.mms.ui.ComposeMessageActivity paused=false} mode=3 mCurrentFocus = Window{407300f0 com.android.mms/com.android.mms.ui.ComposeMessageActivity paused=false}
02-13 18:42:20.536 D/PowerManagerService(  258): setTimeoutLocked now=137700 timeoutOverride=-1 nextState=3 when=143700
02-13 18:42:20.556 W/WindowManager(  258): updateFocusedWindowLocked newFocus=Window{407300f0 com.android.mms/com.android.mms.ui.ComposeMessageActivity paused=false} mode=3 mCurrentFocus = Window{407300f0 com.android.mms/com.android.mms.ui.ComposeMessageActivity paused=false}
02-13 18:42:20.566 D/PowerManagerService(  258): setTimeoutLocked now=137735 timeoutOverride=-1 nextState=3 when=143735
02-13 18:42:20.576 W/WindowManager(  258): updateFocusedWindowLocked newFocus=Window{407300f0 com.android.mms/com.android.mms.ui.ComposeMessageActivity paused=false} mode=3 mCurrentFocus = Window{407300f0 com.android.mms/com.android.mms.ui.ComposeMessageActivity paused=false}
02-13 18:42:20.696 W/WindowManager(  258): updateFocusedWindowLocked newFocus=Window{407300f0 com.android.mms/com.android.mms.ui.ComposeMessageActivity paused=false} mode=3 mCurrentFocus = Window{407300f0 com.android.mms/com.android.mms.ui.ComposeMessageActivity paused=false}
02-13 18:42:20.837 W/WindowManager(  258): updateFocusedWindowLocked newFocus=Window{407300f0 com.android.mms/com.android.mms.ui.ComposeMessageActivity paused=false} mode=3 mCurrentFocus = Window{407300f0 com.android.mms/com.android.mms.ui.ComposeMessageActivity paused=false}
02-13 18:42:20.967 W/WindowManager(  258): updateFocusedWindowLocked newFocus=Window{407300f0 com.android.mms/com.android.mms.ui.ComposeMessageActivity paused=false} mode=3 mCurrentFocus = Window{407300f0 com.android.mms/com.android.mms.ui.ComposeMessageActivity paused=false}
02-13 18:42:21.007 D/StatusBarPolicy(  340): updateDataIcon subscription =0
02-13 18:42:21.067 W/WindowManager(  258): updateFocusedWindowLocked newFocus=Window{407300f0 com.android.mms/com.android.mms.ui.ComposeMessageActivity paused=false} mode=3 mCurrentFocus = Window{407300f0 com.android.mms/com.android.mms.ui.ComposeMessageActivity paused=false}
02-13 18:42:21.077 D/PowerManagerService(  258): setTimeoutLocked now=138240 timeoutOverride=-1 nextState=3 when=144240
02-13 18:42:21.137 D/PowerManagerService(  258): setTimeoutLocked now=138299 timeoutOverride=-1 nextState=3 when=144299
02-13 18:42:21.157 W/WindowManager(  258): updateFocusedWindowLocked newFocus=Window{407300f0 com.android.mms/com.android.mms.ui.ComposeMessageActivity paused=false} mode=3 mCurrentFocus = Window{407300f0 com.android.mms/com.android.mms.ui.ComposeMessageActivity paused=false}
02-13 18:42:21.287 W/WindowManager(  258): updateFocusedWindowLocked newFocus=Window{407300f0 com.android.mms/com.android.mms.ui.ComposeMessageActivity paused=false} mode=3 mCurrentFocus = Window{407300f0 com.android.mms/com.android.mms.ui.ComposeMessageActivity paused=false}
02-13 18:42:21.357 W/WindowManager(  258): updateFocusedWindowLocked newFocus=Window{407300f0 com.android.mms/com.android.mms.ui.ComposeMessageActivity paused=false} mode=3 mCurrentFocus = Window{407300f0 com.android.mms/com.android.mms.ui.ComposeMessageActivity paused=false}
02-13 18:42:21.477 W/WindowManager(  258): updateFocusedWindowLocked newFocus=Window{407300f0 com.android.mms/com.android.mms.ui.ComposeMessageActivity paused=false} mode=3 mCurrentFocus = Window{407300f0 com.android.mms/com.android.mms.ui.ComposeMessageActivity paused=false}
02-13 18:42:21.577 W/WindowManager(  258): updateFocusedWindowLocked newFocus=Window{407300f0 com.android.mms/com.android.mms.ui.ComposeMessageActivity paused=false} mode=3 mCurrentFocus = Window{407300f0 com.android.mms/com.android.mms.ui.ComposeMessageActivity paused=false}
02-13 18:42:21.737 D/PowerManagerService(  258): setTimeoutLocked now=138902 timeoutOverride=-1 nextState=3 when=144902
02-13 18:42:21.747 W/WindowManager(  258): updateFocusedWindowLocked newFocus=Window{407300f0 com.android.mms/com.android.mms.ui.ComposeMessageActivity paused=false} mode=3 mCurrentFocus = Window{407300f0 com.android.mms/com.android.mms.ui.ComposeMessageActivity paused=false}
02-13 18:42:21.838 D/PowerManagerService(  258): setTimeoutLocked now=139003 timeoutOverride=-1 nextState=3 when=145003
02-13 18:42:21.858 W/WindowManager(  258): updateFocusedWindowLocked newFocus=Window{407300f0 com.android.mms/com.android.mms.ui.ComposeMessageActivity paused=false} mode=3 mCurrentFocus = Window{407300f0 com.android.mms/com.android.mms.ui.ComposeMessageActivity paused=false}
02-13 18:42:22.008 D/StatusBarPolicy(  340): updateDataIcon subscription =0
02-13 18:42:22.448 D/PowerManagerService(  258): setTimeoutLocked now=139611 timeoutOverride=-1 nextState=3 when=145611
02-13 18:42:22.468 W/WindowManager(  258): updateFocusedWindowLocked newFocus=Window{407300f0 com.android.mms/com.android.mms.ui.ComposeMessageActivity paused=false} mode=3 mCurrentFocus = Window{407300f0 com.android.mms/com.android.mms.ui.ComposeMessageActivity paused=false}
02-13 18:42:22.498 D/StatusBarPolicy(  340): onSignalStrengthsChanged:SignalStrength: 99 0 -94 -70 -90 -50 6 99 2147483647 2147483647 2147483647 2147483647 cdma for subscription0
02-13 18:42:22.498 D/StatusBarPolicy(  340): updateSignalStrength on subscription :0
02-13 18:42:22.498 D/StatusBarPolicy(  340): StatusBarPolocy::getIconLevel -EVDO
02-13 18:42:22.498 D/StatusBarPolicy(  340): getEvdoLevel_band_six -evdoDbm:-90
02-13 18:42:22.498 D/StatusBarPolicy(  340): getEvdoLevel_band_six -evdoEcio:-50
02-13 18:42:22.558 D/PowerManagerService(  258): setTimeoutLocked now=139723 timeoutOverride=-1 nextState=3 when=145723
02-13 18:42:22.568 W/WindowManager(  258): updateFocusedWindowLocked newFocus=Window{407300f0 com.android.mms/com.android.mms.ui.ComposeMessageActivity paused=false} mode=3 mCurrentFocus = Window{407300f0 com.android.mms/com.android.mms.ui.ComposeMessageActivity paused=false}
02-13 18:42:22.618 W/WindowManager(  258): updateFocusedWindowLocked newFocus=Window{407300f0 com.android.mms/com.android.mms.ui.ComposeMessageActivity paused=false} mode=3 mCurrentFocus = Window{407300f0 com.android.mms/com.android.mms.ui.ComposeMessageActivity paused=false}
02-13 18:42:22.798 W/WindowManager(  258): updateFocusedWindowLocked newFocus=Window{407300f0 com.android.mms/com.android.mms.ui.ComposeMessageActivity paused=false} mode=3 mCurrentFocus = Window{407300f0 com.android.mms/com.android.mms.ui.ComposeMessageActivity paused=false}
02-13 18:42:23.029 D/StatusBarPolicy(  340): updateDataIcon subscription =0
02-13 18:42:23.389 D/PowerManagerService(  258): setTimeoutLocked now=140557 timeoutOverride=-1 nextState=3 when=146557
02-13 18:42:23.399 W/WindowManager(  258): updateFocusedWindowLocked newFocus=Window{407300f0 com.android.mms/com.android.mms.ui.ComposeMessageActivity paused=false} mode=3 mCurrentFocus = Window{407300f0 com.android.mms/com.android.mms.ui.ComposeMessageActivity paused=false}
02-13 18:42:23.489 D/PowerManagerService(  258): setTimeoutLocked now=140656 timeoutOverride=-1 nextState=3 when=146656
02-13 18:42:23.549 W/WindowManager(  258): updateFocusedWindowLocked newFocus=Window{407300f0 com.android.mms/com.android.mms.ui.ComposeMessageActivity paused=false} mode=3 mCurrentFocus = Window{407300f0 com.android.mms/com.android.mms.ui.ComposeMessageActivity paused=false}
02-13 18:42:23.669 W/WindowManager(  258): updateFocusedWindowLocked newFocus=Window{407300f0 com.android.mms/com.android.mms.ui.ComposeMessageActivity paused=false} mode=3 mCurrentFocus = Window{407300f0 com.android.mms/com.android.mms.ui.ComposeMessageActivity paused=false}
02-13 18:42:23.809 W/WindowManager(  258): updateFocusedWindowLocked newFocus=Window{407300f0 com.android.mms/com.android.mms.ui.ComposeMessageActivity paused=false} mode=3 mCurrentFocus = Window{407300f0 com.android.mms/com.android.mms.ui.ComposeMessageActivity paused=false}
02-13 18:42:23.940 D/PowerManagerService(  258): setTimeoutLocked now=141108 timeoutOverride=-1 nextState=3 when=147108
02-13 18:42:23.960 W/WindowManager(  258): updateFocusedWindowLocked newFocus=Window{407300f0 com.android.mms/com.android.mms.ui.ComposeMessageActivity paused=false} mode=3 mCurrentFocus = Window{407300f0 com.android.mms/com.android.mms.ui.ComposeMessageActivity paused=false}
02-13 18:42:24.030 D/PowerManagerService(  258): setTimeoutLocked now=141195 timeoutOverride=-1 nextState=3 when=147195
02-13 18:42:24.060 W/WindowManager(  258): updateFocusedWindowLocked newFocus=Window{407300f0 com.android.mms/com.android.mms.ui.ComposeMessageActivity paused=false} mode=3 mCurrentFocus = Window{407300f0 com.android.mms/com.android.mms.ui.ComposeMessageActivity paused=false}
02-13 18:42:24.180 W/WindowManager(  258): updateFocusedWindowLocked newFocus=Window{407300f0 com.android.mms/com.android.mms.ui.ComposeMessageActivity paused=false} mode=3 mCurrentFocus = Window{407300f0 com.android.mms/com.android.mms.ui.ComposeMessageActivity paused=false}
02-13 18:42:24.270 W/WindowManager(  258): updateFocusedWindowLocked newFocus=Window{407300f0 com.android.mms/com.android.mms.ui.ComposeMessageActivity paused=false} mode=3 mCurrentFocus = Window{407300f0 com.android.mms/com.android.mms.ui.ComposeMessageActivity paused=false}
02-13 18:42:24.600 D/PowerManagerService(  258): setTimeoutLocked now=141762 timeoutOverride=-1 nextState=3 when=147762
02-13 18:42:24.610 W/WindowManager(  258): updateFocusedWindowLocked newFocus=Window{407300f0 com.android.mms/com.android.mms.ui.ComposeMessageActivity paused=false} mode=3 mCurrentFocus = Window{407300f0 com.android.mms/com.android.mms.ui.ComposeMessageActivity paused=false}
02-13 18:42:24.660 D/PowerManagerService(  258): setTimeoutLocked now=141823 timeoutOverride=-1 nextState=3 when=147823
02-13 18:42:24.690 W/WindowManager(  258): updateFocusedWindowLocked newFocus=Window{407300f0 com.android.mms/com.android.mms.ui.ComposeMessageActivity paused=false} mode=3 mCurrentFocus = Window{407300f0 com.android.mms/com.android.mms.ui.ComposeMessageActivity paused=false}
02-13 18:42:24.740 D/StatusBarPolicy(  340): onSignalStrengthsChanged:SignalStrength: 99 0 -94 -70 -90 -50 7 99 2147483647 2147483647 2147483647 2147483647 cdma for subscription0
02-13 18:42:24.740 D/StatusBarPolicy(  340): updateSignalStrength on subscription :0
02-13 18:42:24.740 D/StatusBarPolicy(  340): StatusBarPolocy::getIconLevel -EVDO
02-13 18:42:24.740 D/StatusBarPolicy(  340): getEvdoLevel_band_six -evdoDbm:-90
02-13 18:42:24.740 D/StatusBarPolicy(  340): getEvdoLevel_band_six -evdoEcio:-50
02-13 18:42:24.961 W/WindowManager(  258): updateFocusedWindowLocked newFocus=Window{407300f0 com.android.mms/com.android.mms.ui.ComposeMessageActivity paused=false} mode=3 mCurrentFocus = Window{407300f0 com.android.mms/com.android.mms.ui.ComposeMessageActivity paused=false}
02-13 18:42:25.081 W/WindowManager(  258): updateFocusedWindowLocked newFocus=Window{407300f0 com.android.mms/com.android.mms.ui.ComposeMessageActivity paused=false} mode=3 mCurrentFocus = Window{407300f0 com.android.mms/com.android.mms.ui.ComposeMessageActivity paused=false}
02-13 18:42:25.151 D/PowerManagerService(  258): setTimeoutLocked now=142312 timeoutOverride=-1 nextState=3 when=148312
02-13 18:42:25.161 W/WindowManager(  258): updateFocusedWindowLocked newFocus=Window{407300f0 com.android.mms/com.android.mms.ui.ComposeMessageActivity paused=false} mode=3 mCurrentFocus = Window{407300f0 com.android.mms/com.android.mms.ui.ComposeMessageActivity paused=false}
02-13 18:42:25.231 D/PowerManagerService(  258): setTimeoutLocked now=142400 timeoutOverride=-1 nextState=3 when=148400
02-13 18:42:25.251 W/WindowManager(  258): updateFocusedWindowLocked newFocus=Window{407300f0 com.android.mms/com.android.mms.ui.ComposeMessageActivity paused=false} mode=3 mCurrentFocus = Window{407300f0 com.android.mms/com.android.mms.ui.ComposeMessageActivity paused=false}
