02-13 18:44:41.063 D/StatusBarPolicy(  340): onServiceStateChanged:0 home Sprint  310099  EvDo rev. A CSS not supported 41 4139RoamInd: 1RoamStatus(sprint): 1DefRoamInd: 160EmergOnly: falsefor subscription :0
02-13 18:44:41.063 D/StatusBarPolicy(  340): updateSignalStrength on subscription :0
02-13 18:44:41.063 D/StatusBarPolicy(  340): StatusBarPolocy::getIconLevel -EVDO
02-13 18:44:41.063 D/StatusBarPolicy(  340): getEvdoLevel_band_six -evdoDbm:-83
02-13 18:44:41.063 D/StatusBarPolicy(  340): getEvdoLevel_band_six -evdoEcio:-65
02-13 18:44:41.063 D/StatusBarPolicy(  340): updateDataIcon subscription =0
02-13 18:44:43.636 D/StatusBarPolicy(  340): onSignalStrengthsChanged:SignalStrength: 99 0 -93 -70 -85 -55 3 99 2147483647 2147483647 2147483647 2147483647 cdma for subscription0
02-13 18:44:43.636 D/StatusBarPolicy(  340): updateSignalStrength on subscription :0
02-13 18:44:43.636 D/StatusBarPolicy(  340): StatusBarPolocy::getIconLevel -EVDO
02-13 18:44:43.636 D/StatusBarPolicy(  340): getEvdoLevel_band_six -evdoDbm:-85
02-13 18:44:43.636 D/StatusBarPolicy(  340): getEvdoLevel_band_six -evdoEcio:-55
02-13 18:44:44.046 I/WindowManager(  258): Setting rotation to 1, animFlags=0
02-13 18:44:46.178 I/TelephonyRegistry(  258): notifyServiceState: 0 home Sprint  310099  EvDo rev. A CSS not supported 41 4139RoamInd: 1RoamStatus(sprint): 1DefRoamInd: 160EmergOnly: false
02-13 18:44:46.178 D/StatusBarPolicy(  340): onServiceStateChanged:0 home Sprint  310099  EvDo rev. A CSS not supported 41 4139RoamInd: 1RoamStatus(sprint): 1DefRoamInd: 160EmergOnly: falsefor subscription :0
02-13 18:44:46.178 D/StatusBarPolicy(  340): updateSignalStrength on subscription :0
02-13 18:44:46.178 D/StatusBarPolicy(  340): StatusBarPolocy::getIconLevel -EVDO
02-13 18:44:46.178 D/StatusBarPolicy(  340): getEvdoLevel_band_six -evdoDbm:-85
02-13 18:44:46.178 D/StatusBarPolicy(  340): getEvdoLevel_band_six -evdoEcio:-55
02-13 18:44:46.188 D/StatusBarPolicy(  340): updateDataIcon subscription =0
02-13 18:44:46.509 D/PowerManagerService(  258): setTimeoutLocked now=283678 timeoutOverride=-1 nextState=3 when=289678
02-13 18:44:46.579 D/PowerManagerService(  258): setTimeoutLocked now=283740 timeoutOverride=-1 nextState=3 when=289740
02-13 18:44:46.609 W/WindowManager(  258): updateFocusedWindowLocked newFocus=Window{407300f0 com.android.mms/com.android.mms.ui.ComposeMessageActivity paused=false} mode=3 mCurrentFocus = Window{407300f0 com.android.mms/com.android.mms.ui.ComposeMessageActivity paused=false}
02-13 18:44:46.619 W/WindowManager(  258): updateFocusedWindowLocked newFocus=Window{407300f0 com.android.mms/com.android.mms.ui.ComposeMessageActivity paused=false} mode=3 mCurrentFocus = Window{407300f0 com.android.mms/com.android.mms.ui.ComposeMessageActivity paused=false}
02-13 18:44:46.849 W/WindowManager(  258): updateFocusedWindowLocked newFocus=Window{407300f0 com.android.mms/com.android.mms.ui.ComposeMessageActivity paused=false} mode=3 mCurrentFocus = Window{407300f0 com.android.mms/com.android.mms.ui.ComposeMessageActivity paused=false}
02-13 18:44:47.700 D/PowerManagerService(  258): setTimeoutLocked now=284864 timeoutOverride=-1 nextState=3 when=290864
02-13 18:44:47.710 W/WindowManager(  258): updateFocusedWindowLocked newFocus=Window{407300f0 com.android.mms/com.android.mms.ui.ComposeMessageActivity paused=false} mode=3 mCurrentFocus = Window{407300f0 com.android.mms/com.android.mms.ui.ComposeMessageActivity paused=false}
02-13 18:44:47.770 D/PowerManagerService(  258): setTimeoutLocked now=284937 timeoutOverride=-1 nextState=3 when=290937
02-13 18:44:47.830 W/WindowManager(  258): updateFocusedWindowLocked newFocus=Window{407300f0 com.android.mms/com.android.mms.ui.ComposeMessageActivity paused=false} mode=3 mCurrentFocus = Window{407300f0 com.android.mms/com.android.mms.ui.ComposeMessageActivity paused=false}
02-13 18:44:48.120 D/StatusBarPolicy(  340): onSignalStrengthsChanged:SignalStrength: 99 0 -93 -70 -89 -25 5 99 2147483647 2147483647 2147483647 2147483647 cdma for subscription0
02-13 18:44:48.120 D/StatusBarPolicy(  340): updateSignalStrength on subscription :0
02-13 18:44:48.120 D/StatusBarPolicy(  340): StatusBarPolocy::getIconLevel -EVDO
02-13 18:44:48.120 D/StatusBarPolicy(  340): getEvdoLevel_band_six -evdoDbm:-89
02-13 18:44:48.120 D/StatusBarPolicy(  340): getEvdoLevel_band_six -evdoEcio:-25
02-13 18:44:48.160 W/WindowManager(  258): updateFocusedWindowLocked newFocus=Window{407300f0 com.android.mms/com.android.mms.ui.ComposeMessageActivity paused=false} mode=3 mCurrentFocus = Window{407300f0 com.android.mms/com.android.mms.ui.ComposeMessageActivity paused=false}
02-13 18:44:48.210 D/PowerManagerService(  258): setTimeoutLocked now=285375 timeoutOverride=-1 nextState=3 when=291375
02-13 18:44:48.340 W/WindowManager(  258): updateFocusedWindowLocked newFocus=Window{407300f0 com.android.mms/com.android.mms.ui.ComposeMessageActivity paused=false} mode=3 mCurrentFocus = Window{407300f0 com.android.mms/com.android.mms.ui.ComposeMessageActivity paused=false}
02-13 18:44:49.041 D/PowerManagerService(  258): setTimeoutLocked now=286215 timeoutOverride=-1 nextState=3 when=292215
02-13 18:44:49.061 W/WindowManager(  258): updateFocusedWindowLocked newFocus=Window{407300f0 com.android.mms/com.android.mms.ui.ComposeMessageActivity paused=false} mode=3 mCurrentFocus = Window{407300f0 com.android.mms/com.android.mms.ui.ComposeMessageActivity paused=false}
02-13 18:44:49.101 D/PowerManagerService(  258): setTimeoutLocked now=286277 timeoutOverride=-1 nextState=3 when=292277
02-13 18:44:49.131 W/WindowManager(  258): updateFocusedWindowLocked newFocus=Window{407300f0 com.android.mms/com.android.mms.ui.ComposeMessageActivity paused=false} mode=3 mCurrentFocus = Window{407300f0 com.android.mms/com.android.mms.ui.ComposeMessageActivity paused=false}
02-13 18:44:49.341 W/WindowManager(  258): updateFocusedWindowLocked newFocus=Window{407300f0 com.android.mms/com.android.mms.ui.ComposeMessageActivity paused=false} mode=3 mCurrentFocus = Window{407300f0 com.android.mms/com.android.mms.ui.ComposeMessageActivity paused=false}
02-13 18:44:49.462 W/WindowManager(  258): updateFocusedWindowLocked newFocus=Window{407300f0 com.android.mms/com.android.mms.ui.ComposeMessageActivity paused=false} mode=3 mCurrentFocus = Window{407300f0 com.android.mms/com.android.mms.ui.ComposeMessageActivity paused=false}
02-13 18:44:49.762 D/PowerManagerService(  258): setTimeoutLocked now=286933 timeoutOverride=-1 nextState=3 when=292933
02-13 18:44:49.772 W/WindowManager(  258): updateFocusedWindowLocked newFocus=Window{407300f0 com.android.mms/com.android.mms.ui.ComposeMessageActivity paused=false} mode=3 mCurrentFocus = Window{407300f0 com.android.mms/com.android.mms.ui.ComposeMessageActivity paused=false}
02-13 18:44:49.872 D/PowerManagerService(  258): setTimeoutLocked now=287046 timeoutOverride=-1 nextState=3 when=293046
02-13 18:44:49.912 W/WindowManager(  258): updateFocusedWindowLocked newFocus=Window{407300f0 com.android.mms/com.android.mms.ui.ComposeMessageActivity paused=false} mode=3 mCurrentFocus = Window{407300f0 com.android.mms/com.android.mms.ui.ComposeMessageActivity paused=false}
02-13 18:44:50.172 W/WindowManager(  258): updateFocusedWindowLocked newFocus=Window{407300f0 com.android.mms/com.android.mms.ui.ComposeMessageActivity paused=false} mode=3 mCurrentFocus = Window{407300f0 com.android.mms/com.android.mms.ui.ComposeMessageActivity paused=false}
02-13 18:44:50.272 W/WindowManager(  258): updateFocusedWindowLocked newFocus=Window{407300f0 com.android.mms/com.android.mms.ui.ComposeMessageActivity paused=false} mode=3 mCurrentFocus = Window{407300f0 com.android.mms/com.android.mms.ui.ComposeMessageActivity paused=false}
02-13 18:44:50.312 D/PowerManagerService(  258): setTimeoutLocked now=287481 timeoutOverride=-1 nextState=3 when=293481
02-13 18:44:50.322 W/WindowManager(  258): updateFocusedWindowLocked newFocus=Window{407300f0 com.android.mms/com.android.mms.ui.ComposeMessageActivity paused=false} mode=3 mCurrentFocus = Window{407300f0 com.android.mms/com.android.mms.ui.ComposeMessageActivity paused=false}
02-13 18:44:50.412 D/PowerManagerService(  258): setTimeoutLocked now=287582 timeoutOverride=-1 nextState=3 when=293582
02-13 18:44:50.452 W/WindowManager(  258): updateFocusedWindowLocked newFocus=Window{407300f0 com.android.mms/com.android.mms.ui.ComposeMessageActivity paused=false} mode=3 mCurrentFocus = Window{407300f0 com.android.mms/com.android.mms.ui.ComposeMessageActivity paused=false}
02-13 18:44:50.543 W/WindowManager(  258): updateFocusedWindowLocked newFocus=Window{407300f0 com.android.mms/com.android.mms.ui.ComposeMessageActivity paused=false} mode=3 mCurrentFocus = Window{407300f0 com.android.mms/com.android.mms.ui.ComposeMessageActivity paused=false}
02-13 18:44:50.643 W/WindowManager(  258): updateFocusedWindowLocked newFocus=Window{407300f0 com.android.mms/com.android.mms.ui.ComposeMessageActivity paused=false} mode=3 mCurrentFocus = Window{407300f0 com.android.mms/com.android.mms.ui.ComposeMessageActivity paused=false}
02-13 18:44:50.753 W/WindowManager(  258): updateFocusedWindowLocked newFocus=Window{407300f0 com.android.mms/com.android.mms.ui.ComposeMessageActivity paused=false} mode=3 mCurrentFocus = Window{407300f0 com.android.mms/com.android.mms.ui.ComposeMessageActivity paused=false}
02-13 18:44:50.823 W/WindowManager(  258): updateFocusedWindowLocked newFocus=Window{407300f0 com.android.mms/com.android.mms.ui.ComposeMessageActivity paused=false} mode=3 mCurrentFocus = Window{407300f0 com.android.mms/com.android.mms.ui.ComposeMessageActivity paused=false}
02-13 18:44:50.903 D/PowerManagerService(  258): setTimeoutLocked now=288071 timeoutOverride=-1 nextState=3 when=294071
02-13 18:44:50.943 W/WindowManager(  258): updateFocusedWindowLocked newFocus=Window{407300f0 com.android.mms/com.android.mms.ui.ComposeMessageActivity paused=false} mode=3 mCurrentFocus = Window{407300f0 com.android.mms/com.android.mms.ui.ComposeMessageActivity paused=false}
02-13 18:44:50.983 D/PowerManagerService(  258): setTimeoutLocked now=288159 timeoutOverride=-1 nextState=3 when=294159
02-13 18:44:51.023 W/WindowManager(  258): updateFocusedWindowLocked newFocus=Window{407300f0 com.android.mms/com.android.mms.ui.ComposeMessageActivity paused=false} mode=3 mCurrentFocus = Window{407300f0 com.android.mms/com.android.mms.ui.ComposeMessageActivity paused=false}
02-13 18:44:51.183 W/WindowManager(  258): updateFocusedWindowLocked newFocus=Window{407300f0 com.android.mms/com.android.mms.ui.ComposeMessageActivity paused=false} mode=3 mCurrentFocus = Window{407300f0 com.android.mms/com.android.mms.ui.ComposeMessageActivity paused=false}
02-13 18:44:51.253 W/WindowManager(  258): updateFocusedWindowLocked newFocus=Window{407300f0 com.android.mms/com.android.mms.ui.ComposeMessageActivity paused=false} mode=3 mCurrentFocus = Window{407300f0 com.android.mms/com.android.mms.ui.ComposeMessageActivity paused=false}
02-13 18:44:51.273 I/TelephonyRegistry(  258): notifyServiceState: 0 home Sprint  310099  EvDo rev. A CSS not supported 41 4139RoamInd: 1RoamStatus(sprint): 1DefRoamInd: 160EmergOnly: false
02-13 18:44:51.283 D/StatusBarPolicy(  340): onServiceStateChanged:0 home Sprint  310099  EvDo rev. A CSS not supported 41 4139RoamInd: 1RoamStatus(sprint): 1DefRoamInd: 160EmergOnly: falsefor subscription :0
02-13 18:44:51.283 D/StatusBarPolicy(  340): updateSignalStrength on subscription :0
02-13 18:44:51.283 D/StatusBarPolicy(  340): StatusBarPolocy::getIconLevel -EVDO
02-13 18:44:51.283 D/StatusBarPolicy(  340): getEvdoLevel_band_six -evdoDbm:-89
02-13 18:44:51.283 D/StatusBarPolicy(  340): getEvdoLevel_band_six -evdoEcio:-25
02-13 18:44:51.283 D/StatusBarPolicy(  340): updateDataIcon subscription =0
02-13 18:44:51.403 W/WindowManager(  258): updateFocusedWindowLocked newFocus=Window{407300f0 com.android.mms/com.android.mms.ui.ComposeMessageActivity paused=false} mode=3 mCurrentFocus = Window{407300f0 com.android.mms/com.android.mms.ui.ComposeMessageActivity paused=false}
02-13 18:44:51.423 D/PowerManagerService(  258): setTimeoutLocked now=288598 timeoutOverride=-1 nextState=3 when=294598
02-13 18:44:51.484 W/WindowManager(  258): updateFocusedWindowLocked newFocus=Window{407300f0 com.android.mms/com.android.mms.ui.ComposeMessageActivity paused=false} mode=3 mCurrentFocus = Window{407300f0 com.android.mms/com.android.mms.ui.ComposeMessageActivity paused=false}
02-13 18:44:51.634 W/WindowManager(  258): updateFocusedWindowLocked newFocus=Window{407300f0 com.android.mms/com.android.mms.ui.ComposeMessageActivity paused=false} mode=3 mCurrentFocus = Window{407300f0 com.android.mms/com.android.mms.ui.ComposeMessageActivity paused=false}
02-13 18:44:51.704 D/PowerManagerService(  258): setTimeoutLocked now=288874 timeoutOverride=-1 nextState=3 when=294874
02-13 18:44:51.744 W/WindowManager(  258): updateFocusedWindowLocked newFocus=Window{407300f0 com.android.mms/com.android.mms.ui.ComposeMessageActivity paused=false} mode=3 mCurrentFocus = Window{407300f0 com.android.mms/com.android.mms.ui.ComposeMessageActivity paused=false}
02-13 18:44:51.864 W/WindowManager(  258): updateFocusedWindowLocked newFocus=Window{407300f0 com.android.mms/com.android.mms.ui.ComposeMessageActivity paused=false} mode=3 mCurrentFocus = Window{407300f0 com.android.mms/com.android.mms.ui.ComposeMessageActivity paused=false}
02-13 18:44:51.944 D/PowerManagerService(  258): setTimeoutLocked now=289099 timeoutOverride=-1 nextState=3 when=295099
02-13 18:44:52.014 W/WindowManager(  258): updateFocusedWindowLocked newFocus=Window{407300f0 com.android.mms/com.android.mms.ui.ComposeMessageActivity paused=false} mode=3 mCurrentFocus = Window{407300f0 com.android.mms/com.android.mms.ui.ComposeMessageActivity paused=false}
02-13 18:44:52.294 W/WindowManager(  258): updateFocusedWindowLocked newFocus=Window{407300f0 com.android.mms/com.android.mms.ui.ComposeMessageActivity paused=false} mode=3 mCurrentFocus = Window{407300f0 com.android.mms/com.android.mms.ui.ComposeMessageActivity paused=false}
02-13 18:44:52.374 D/PowerManagerService(  258): setTimeoutLocked now=289540 timeoutOverride=-1 nextState=3 when=295540
02-13 18:44:52.404 W/WindowManager(  258): updateFocusedWindowLocked newFocus=Window{407300f0 com.android.mms/com.android.mms.ui.ComposeMessageActivity paused=false} mode=3 mCurrentFocus = Window{407300f0 com.android.mms/com.android.mms.ui.ComposeMessageActivity paused=false}
02-13 18:44:52.515 D/PowerManagerService(  258): setTimeoutLocked now=289689 timeoutOverride=-1 nextState=3 when=295689
02-13 18:44:52.525 W/WindowManager(  258): updateFocusedWindowLocked newFocus=Window{407300f0 com.android.mms/com.android.mms.ui.ComposeMessageActivity paused=false} mode=3 mCurrentFocus = Window{407300f0 com.android.mms/com.android.mms.ui.ComposeMessageActivity paused=false}
02-13 18:44:52.645 W/WindowManager(  258): updateFocusedWindowLocked newFocus=Window{407300f0 com.android.mms/com.android.mms.ui.ComposeMessageActivity paused=false} mode=3 mCurrentFocus = Window{407300f0 com.android.mms/com.android.mms.ui.ComposeMessageActivity paused=false}
02-13 18:44:52.875 W/WindowManager(  258): updateFocusedWindowLocked newFocus=Window{407300f0 com.android.mms/com.android.mms.ui.ComposeMessageActivity paused=false} mode=3 mCurrentFocus = Window{407300f0 com.android.mms/com.android.mms.ui.ComposeMessageActivity paused=false}
02-13 18:44:52.955 D/PowerManagerService(  258): setTimeoutLocked now=290128 timeoutOverride=-1 nextState=3 when=296128
02-13 18:44:53.005 W/WindowManager(  258): updateFocusedWindowLocked newFocus=Window{407300f0 com.android.mms/com.android.mms.ui.ComposeMessageActivity paused=false} mode=3 mCurrentFocus = Window{407300f0 com.android.mms/com.android.mms.ui.ComposeMessageActivity paused=false}
02-13 18:44:53.165 D/PowerManagerService(  258): setTimeoutLocked now=290330 timeoutOverride=-1 nextState=3 when=296330
02-13 18:44:53.185 W/WindowManager(  258): updateFocusedWindowLocked newFocus=Window{407300f0 com.android.mms/com.android.mms.ui.ComposeMessageActivity paused=false} mode=3 mCurrentFocus = Window{407300f0 com.android.mms/com.android.mms.ui.ComposeMessageActivity paused=false}
02-13 18:44:53.305 W/WindowManager(  258): updateFocusedWindowLocked newFocus=Window{407300f0 com.android.mms/com.android.mms.ui.ComposeMessageActivity paused=false} mode=3 mCurrentFocus = Window{407300f0 com.android.mms/com.android.mms.ui.ComposeMessageActivity paused=false}
02-13 18:44:53.425 W/WindowManager(  258): updateFocusedWindowLocked newFocus=Window{407300f0 com.android.mms/com.android.mms.ui.ComposeMessageActivity paused=false} mode=3 mCurrentFocus = Window{407300f0 com.android.mms/com.android.mms.ui.ComposeMessageActivity paused=false}
02-13 18:44:53.465 D/PowerManagerService(  258): setTimeoutLocked now=290630 timeoutOverride=-1 nextState=3 when=296630
02-13 18:44:53.495 W/WindowManager(  258): updateFocusedWindowLocked newFocus=Window{407300f0 com.android.mms/com.android.mms.ui.ComposeMessageActivity paused=false} mode=3 mCurrentFocus = Window{407300f0 com.android.mms/com.android.mms.ui.ComposeMessageActivity paused=false}
02-13 18:44:53.596 W/WindowManager(  258): updateFocusedWindowLocked newFocus=Window{407300f0 com.android.mms/com.android.mms.ui.ComposeMessageActivity paused=false} mode=3 mCurrentFocus = Window{407300f0 com.android.mms/com.android.mms.ui.ComposeMessageActivity paused=false}
02-13 18:44:53.686 W/WindowManager(  258): updateFocusedWindowLocked newFocus=Window{407300f0 com.android.mms/com.android.mms.ui.ComposeMessageActivity paused=false} mode=3 mCurrentFocus = Window{407300f0 com.android.mms/com.android.mms.ui.ComposeMessageActivity paused=false}
02-13 18:44:53.776 D/PowerManagerService(  258): setTimeoutLocked now=290944 timeoutOverride=-1 nextState=3 when=296944
02-13 18:44:53.806 W/WindowManager(  258): updateFocusedWindowLocked newFocus=Window{407300f0 com.android.mms/com.android.mms.ui.ComposeMessageActivity paused=false} mode=3 mCurrentFocus = Window{407300f0 com.android.mms/com.android.mms.ui.ComposeMessageActivity paused=false}
02-13 18:44:53.916 W/WindowManager(  258): updateFocusedWindowLocked newFocus=Window{407300f0 com.android.mms/com.android.mms.ui.ComposeMessageActivity paused=false} mode=3 mCurrentFocus = Window{407300f0 com.android.mms/com.android.mms.ui.ComposeMessageActivity paused=false}
02-13 18:44:53.986 W/WindowManager(  258): updateFocusedWindowLocked newFocus=Window{407300f0 com.android.mms/com.android.mms.ui.ComposeMessageActivity paused=false} mode=3 mCurrentFocus = Window{407300f0 com.android.mms/com.android.mms.ui.ComposeMessageActivity paused=false}
02-13 18:44:54.066 D/PowerManagerService(  258): setTimeoutLocked now=291234 timeoutOverride=-1 nextState=3 when=297234
02-13 18:44:54.096 W/WindowManager(  258): updateFocusedWindowLocked newFocus=Window{407300f0 com.android.mms/com.android.mms.ui.ComposeMessageActivity paused=false} mode=3 mCurrentFocus = Window{407300f0 com.android.mms/com.android.mms.ui.ComposeMessageActivity paused=false}
02-13 18:44:54.246 W/WindowManager(  258): updateFocusedWindowLocked newFocus=Window{407300f0 com.android.mms/com.android.mms.ui.ComposeMessageActivity paused=false} mode=3 mCurrentFocus = Window{407300f0 com.android.mms/com.android.mms.ui.ComposeMessageActivity paused=false}
02-13 18:44:54.286 D/PowerManagerService(  258): setTimeoutLocked now=291445 timeoutOverride=-1 nextState=3 when=297445
02-13 18:44:54.386 W/WindowManager(  258): updateFocusedWindowLocked newFocus=Window{407300f0 com.android.mms/com.android.mms.ui.ComposeMessageActivity paused=false} mode=3 mCurrentFocus = Window{407300f0 com.android.mms/com.android.mms.ui.ComposeMessageActivity paused=false}
02-13 18:44:54.506 W/WindowManager(  258): updateFocusedWindowLocked newFocus=Window{407300f0 com.android.mms/com.android.mms.ui.ComposeMessageActivity paused=false} mode=3 mCurrentFocus = Window{407300f0 com.android.mms/com.android.mms.ui.ComposeMessageActivity paused=false}
02-13 18:44:54.617 D/PowerManagerService(  258): setTimeoutLocked now=291784 timeoutOverride=-1 nextState=3 when=297784
02-13 18:44:54.657 W/WindowManager(  258): updateFocusedWindowLocked newFocus=Window{407300f0 com.android.mms/com.android.mms.ui.ComposeMessageActivity paused=false} mode=3 mCurrentFocus = Window{407300f0 com.android.mms/com.android.mms.ui.ComposeMessageActivity paused=false}
02-13 18:44:54.717 W/WindowManager(  258): updateFocusedWindowLocked newFocus=Window{407300f0 com.android.mms/com.android.mms.ui.ComposeMessageActivity paused=false} mode=3 mCurrentFocus = Window{407300f0 com.android.mms/com.android.mms.ui.ComposeMessageActivity paused=false}
02-13 18:44:54.777 D/PowerManagerService(  258): setTimeoutLocked now=291947 timeoutOverride=-1 nextState=3 when=297947
02-13 18:44:54.857 W/WindowManager(  258): updateFocusedWindowLocked newFocus=Window{407300f0 com.android.mms/com.android.mms.ui.ComposeMessageActivity paused=false} mode=3 mCurrentFocus = Window{407300f0 com.android.mms/com.android.mms.ui.ComposeMessageActivity paused=false}
02-13 18:44:54.967 W/WindowManager(  258): updateFocusedWindowLocked newFocus=Window{407300f0 com.android.mms/com.android.mms.ui.ComposeMessageActivity paused=false} mode=3 mCurrentFocus = Window{407300f0 com.android.mms/com.android.mms.ui.ComposeMessageActivity paused=false}
02-13 18:44:55.057 W/WindowManager(  258): updateFocusedWindowLocked newFocus=Window{407300f0 com.android.mms/com.android.mms.ui.ComposeMessageActivity paused=false} mode=3 mCurrentFocus = Window{407300f0 com.android.mms/com.android.mms.ui.ComposeMessageActivity paused=false}
02-13 18:44:55.097 W/WindowManager(  258): updateFocusedWindowLocked newFocus=Window{407300f0 com.android.mms/com.android.mms.ui.ComposeMessageActivity paused=false} mode=3 mCurrentFocus = Window{407300f0 com.android.mms/com.android.mms.ui.ComposeMessageActivity paused=false}
02-13 18:44:55.177 D/PowerManagerService(  258): setTimeoutLocked now=292349 timeoutOverride=-1 nextState=3 when=298349
02-13 18:44:55.227 W/WindowManager(  258): updateFocusedWindowLocked newFocus=Window{407300f0 com.android.mms/com.android.mms.ui.ComposeMessageActivity paused=false} mode=3 mCurrentFocus = Window{407300f0 com.android.mms/com.android.mms.ui.ComposeMessageActivity paused=false}
02-13 18:44:55.437 D/PowerManagerService(  258): setTimeoutLocked now=292603 timeoutOverride=-1 nextState=3 when=298603
02-13 18:44:55.447 W/WindowManager(  258): updateFocusedWindowLocked newFocus=Window{407300f0 com.android.mms/com.android.mms.ui.ComposeMessageActivity paused=false} mode=3 mCurrentFocus = Window{407300f0 com.android.mms/com.android.mms.ui.ComposeMessageActivity paused=false}
02-13 18:44:55.608 W/WindowManager(  258): updateFocusedWindowLocked newFocus=Window{407300f0 com.android.mms/com.android.mms.ui.ComposeMessageActivity paused=false} mode=3 mCurrentFocus = Window{407300f0 com.android.mms/com.android.mms.ui.ComposeMessageActivity paused=false}
02-13 18:44:55.818 W/WindowManager(  258): updateFocusedWindowLocked newFocus=Window{407300f0 com.android.mms/com.android.mms.ui.ComposeMessageActivity paused=false} mode=3 mCurrentFocus = Window{407300f0 com.android.mms/com.android.mms.ui.ComposeMessageActivity paused=false}
02-13 18:44:55.928 D/PowerManagerService(  258): setTimeoutLocked now=293093 timeoutOverride=-1 nextState=3 when=299093
02-13 18:44:55.968 W/WindowManager(  258): updateFocusedWindowLocked newFocus=Window{407300f0 com.android.mms/com.android.mms.ui.ComposeMessageActivity paused=false} mode=3 mCurrentFocus = Window{407300f0 com.android.mms/com.android.mms.ui.ComposeMessageActivity paused=false}
02-13 18:44:56.148 D/PowerManagerService(  258): setTimeoutLocked now=293316 timeoutOverride=-1 nextState=3 when=299316
02-13 18:44:56.158 W/WindowManager(  258): updateFocusedWindowLocked newFocus=Window{407300f0 com.android.mms/com.android.mms.ui.ComposeMessageActivity paused=false} mode=3 mCurrentFocus = Window{407300f0 com.android.mms/com.android.mms.ui.ComposeMessageActivity paused=false}
02-13 18:44:56.308 W/WindowManager(  258): updateFocusedWindowLocked newFocus=Window{407300f0 com.android.mms/com.android.mms.ui.ComposeMessageActivity paused=false} mode=3 mCurrentFocus = Window{407300f0 com.android.mms/com.android.mms.ui.ComposeMessageActivity paused=false}
02-13 18:44:56.548 W/WindowManager(  258): updateFocusedWindowLocked newFocus=Window{407300f0 com.android.mms/com.android.mms.ui.ComposeMessageActivity paused=false} mode=3 mCurrentFocus = Window{407300f0 com.android.mms/com.android.mms.ui.ComposeMessageActivity paused=false}
02-13 18:44:56.649 D/PowerManagerService(  258): setTimeoutLocked now=293817 timeoutOverride=-1 nextState=3 when=299817
02-13 18:44:56.689 W/WindowManager(  258): updateFocusedWindowLocked newFocus=Window{407300f0 com.android.mms/com.android.mms.ui.ComposeMessageActivity paused=false} mode=3 mCurrentFocus = Window{407300f0 com.android.mms/com.android.mms.ui.ComposeMessageActivity paused=false}
02-13 18:44:56.719 D/PowerManagerService(  258): setTimeoutLocked now=293880 timeoutOverride=-1 nextState=3 when=299880
02-13 18:44:56.719 W/WindowManager(  258): updateFocusedWindowLocked newFocus=Window{407300f0 com.android.mms/com.android.mms.ui.ComposeMessageActivity paused=false} mode=3 mCurrentFocus = Window{407300f0 com.android.mms/com.android.mms.ui.ComposeMessageActivity paused=false}
02-13 18:44:56.849 W/WindowManager(  258): updateFocusedWindowLocked newFocus=Window{407300f0 com.android.mms/com.android.mms.ui.ComposeMessageActivity paused=false} mode=3 mCurrentFocus = Window{407300f0 com.android.mms/com.android.mms.ui.ComposeMessageActivity paused=false}
02-13 18:44:57.099 D/StatusBarPolicy(  340): onSignalStrengthsChanged:SignalStrength: 99 0 -93 -95 -89 -25 5 99 2147483647 2147483647 2147483647 2147483647 cdma for subscription0
02-13 18:44:57.099 D/StatusBarPolicy(  340): updateSignalStrength on subscription :0
02-13 18:44:57.109 D/StatusBarPolicy(  340): StatusBarPolocy::getIconLevel -EVDO
02-13 18:44:57.109 D/StatusBarPolicy(  340): getEvdoLevel_band_six -evdoDbm:-89
02-13 18:44:57.109 D/StatusBarPolicy(  340): getEvdoLevel_band_six -evdoEcio:-25
02-13 18:44:57.139 W/WindowManager(  258): updateFocusedWindowLocked newFocus=Window{407300f0 com.android.mms/com.android.mms.ui.ComposeMessageActivity paused=false} mode=3 mCurrentFocus = Window{407300f0 com.android.mms/com.android.mms.ui.ComposeMessageActivity paused=false}
02-13 18:44:57.219 D/PowerManagerService(  258): setTimeoutLocked now=294380 timeoutOverride=-1 nextState=3 when=300380
02-13 18:44:57.229 D/PowerManagerService(  258): setTimeoutLocked now=294393 timeoutOverride=-1 nextState=3 when=300393
02-13 18:44:57.299 W/WindowManager(  258): updateFocusedWindowLocked newFocus=Window{407300f0 com.android.mms/com.android.mms.ui.ComposeMessageActivity paused=false} mode=3 mCurrentFocus = Window{407300f0 com.android.mms/com.android.mms.ui.ComposeMessageActivity paused=false}
02-13 18:44:57.489 W/WindowManager(  258): updateFocusedWindowLocked newFocus=Window{407300f0 com.android.mms/com.android.mms.ui.ComposeMessageActivity paused=false} mode=3 mCurrentFocus = Window{407300f0 com.android.mms/com.android.mms.ui.ComposeMessageActivity paused=false}
02-13 18:44:57.609 W/WindowManager(  258): updateFocusedWindowLocked newFocus=Window{407300f0 com.android.mms/com.android.mms.ui.ComposeMessageActivity paused=false} mode=3 mCurrentFocus = Window{407300f0 com.android.mms/com.android.mms.ui.ComposeMessageActivity paused=false}
02-13 18:44:57.720 D/PowerManagerService(  258): setTimeoutLocked now=294882 timeoutOverride=-1 nextState=3 when=300882
02-13 18:44:57.720 W/WindowManager(  258): updateFocusedWindowLocked newFocus=Window{407300f0 com.android.mms/com.android.mms.ui.ComposeMessageActivity paused=false} mode=3 mCurrentFocus = Window{407300f0 com.android.mms/com.android.mms.ui.ComposeMessageActivity paused=false}
02-13 18:44:57.790 D/PowerManagerService(  258): setTimeoutLocked now=294958 timeoutOverride=-1 nextState=3 when=300958
02-13 18:44:57.830 W/WindowManager(  258): updateFocusedWindowLocked newFocus=Window{407300f0 com.android.mms/com.android.mms.ui.ComposeMessageActivity paused=false} mode=3 mCurrentFocus = Window{407300f0 com.android.mms/com.android.mms.ui.ComposeMessageActivity paused=false}
02-13 18:44:57.940 W/WindowManager(  258): updateFocusedWindowLocked newFocus=Window{407300f0 com.android.mms/com.android.mms.ui.ComposeMessageActivity paused=false} mode=3 mCurrentFocus = Window{407300f0 com.android.mms/com.android.mms.ui.ComposeMessageActivity paused=false}
02-13 18:44:58.070 W/WindowManager(  258): updateFocusedWindowLocked newFocus=Window{407300f0 com.android.mms/com.android.mms.ui.ComposeMessageActivity paused=false} mode=3 mCurrentFocus = Window{407300f0 com.android.mms/com.android.mms.ui.ComposeMessageActivity paused=false}
02-13 18:44:58.140 W/WindowManager(  258): updateFocusedWindowLocked newFocus=Window{407300f0 com.android.mms/com.android.mms.ui.ComposeMessageActivity paused=false} mode=3 mCurrentFocus = Window{407300f0 com.android.mms/com.android.mms.ui.ComposeMessageActivity paused=false}
02-13 18:44:58.220 D/PowerManagerService(  258): setTimeoutLocked now=295386 timeoutOverride=-1 nextState=3 when=301386
02-13 18:44:58.270 W/WindowManager(  258): updateFocusedWindowLocked newFocus=Window{407300f0 com.android.mms/com.android.mms.ui.ComposeMessageActivity paused=false} mode=3 mCurrentFocus = Window{407300f0 com.android.mms/com.android.mms.ui.ComposeMessageActivity paused=false}
02-13 18:44:58.380 W/WindowManager(  258): updateFocusedWindowLocked newFocus=Window{407300f0 com.android.mms/com.android.mms.ui.ComposeMessageActivity paused=false} mode=3 mCurrentFocus = Window{407300f0 com.android.mms/com.android.mms.ui.ComposeMessageActivity paused=false}
02-13 18:44:58.450 D/PowerManagerService(  258): setTimeoutLocked now=295612 timeoutOverride=-1 nextState=3 when=301612
02-13 18:44:58.490 W/WindowManager(  258): updateFocusedWindowLocked newFocus=Window{407300f0 com.android.mms/com.android.mms.ui.ComposeMessageActivity paused=false} mode=3 mCurrentFocus = Window{407300f0 com.android.mms/com.android.mms.ui.ComposeMessageActivity paused=false}
02-13 18:44:58.701 W/WindowManager(  258): updateFocusedWindowLocked newFocus=Window{407300f0 com.android.mms/com.android.mms.ui.ComposeMessageActivity paused=false} mode=3 mCurrentFocus = Window{407300f0 com.android.mms/com.android.mms.ui.ComposeMessageActivity paused=false}
02-13 18:44:58.761 D/PowerManagerService(  258): setTimeoutLocked now=295924 timeoutOverride=-1 nextState=3 when=301924
02-13 18:44:58.851 W/WindowManager(  258): updateFocusedWindowLocked newFocus=Window{407300f0 com.android.mms/com.android.mms.ui.ComposeMessageActivity paused=false} mode=3 mCurrentFocus = Window{407300f0 com.android.mms/com.android.mms.ui.ComposeMessageActivity paused=false}
02-13 18:44:59.041 W/WindowManager(  258): updateFocusedWindowLocked newFocus=Window{407300f0 com.android.mms/com.android.mms.ui.ComposeMessageActivity paused=false} mode=3 mCurrentFocus = Window{407300f0 com.android.mms/com.android.mms.ui.ComposeMessageActivity paused=false}
02-13 18:44:59.141 D/PowerManagerService(  258): setTimeoutLocked now=296313 timeoutOverride=-1 nextState=3 when=302313
02-13 18:44:59.171 W/WindowManager(  258): updateFocusedWindowLocked newFocus=Window{407300f0 com.android.mms/com.android.mms.ui.ComposeMessageActivity paused=false} mode=3 mCurrentFocus = Window{407300f0 com.android.mms/com.android.mms.ui.ComposeMessageActivity paused=false}
02-13 18:44:59.201 W/WindowManager(  258): updateFocusedWindowLocked newFocus=Window{407300f0 com.android.mms/com.android.mms.ui.ComposeMessageActivity paused=false} mode=3 mCurrentFocus = Window{407300f0 com.android.mms/com.android.mms.ui.ComposeMessageActivity paused=false}
02-13 18:44:59.261 D/PowerManagerService(  258): setTimeoutLocked now=296438 timeoutOverride=-1 nextState=3 when=302438
02-13 18:44:59.331 W/WindowManager(  258): updateFocusedWindowLocked newFocus=Window{407300f0 com.android.mms/com.android.mms.ui.ComposeMessageActivity paused=false} mode=3 mCurrentFocus = Window{407300f0 com.android.mms/com.android.mms.ui.ComposeMessageActivity paused=false}
02-13 18:44:59.391 W/WindowManager(  258): updateFocusedWindowLocked newFocus=Window{407300f0 com.android.mms/com.android.mms.ui.ComposeMessageActivity paused=false} mode=3 mCurrentFocus = Window{407300f0 com.android.mms/com.android.mms.ui.ComposeMessageActivity paused=false}
02-13 18:44:59.491 W/WindowManager(  258): updateFocusedWindowLocked newFocus=Window{407300f0 com.android.mms/com.android.mms.ui.ComposeMessageActivity paused=false} mode=3 mCurrentFocus = Window{407300f0 com.android.mms/com.android.mms.ui.ComposeMessageActivity paused=false}
02-13 18:44:59.551 W/WindowManager(  258): updateFocusedWindowLocked newFocus=Window{407300f0 com.android.mms/com.android.mms.ui.ComposeMessageActivity paused=false} mode=3 mCurrentFocus = Window{407300f0 com.android.mms/com.android.mms.ui.ComposeMessageActivity paused=false}
02-13 18:44:59.651 W/WindowManager(  258): updateFocusedWindowLocked newFocus=Window{407300f0 com.android.mms/com.android.mms.ui.ComposeMessageActivity paused=false} mode=3 mCurrentFocus = Window{407300f0 com.android.mms/com.android.mms.ui.ComposeMessageActivity paused=false}
02-13 18:44:59.702 W/WindowManager(  258): updateFocusedWindowLocked newFocus=Window{407300f0 com.android.mms/com.android.mms.ui.ComposeMessageActivity paused=false} mode=3 mCurrentFocus = Window{407300f0 com.android.mms/com.android.mms.ui.ComposeMessageActivity paused=false}
02-13 18:44:59.772 D/PowerManagerService(  258): setTimeoutLocked now=296940 timeoutOverride=-1 nextState=3 when=302940
02-13 18:44:59.802 W/WindowManager(  258): updateFocusedWindowLocked newFocus=Window{407300f0 com.android.mms/com.android.mms.ui.ComposeMessageActivity paused=false} mode=3 mCurrentFocus = Window{407300f0 com.android.mms/com.android.mms.ui.ComposeMessageActivity paused=false}
02-13 18:44:59.872 D/PowerManagerService(  258): setTimeoutLocked now=297040 timeoutOverride=-1 nextState=3 when=303040
02-13 18:44:59.882 W/WindowManager(  258): updateFocusedWindowLocked newFocus=Window{407300f0 com.android.mms/com.android.mms.ui.ComposeMessageActivity paused=false} mode=3 mCurrentFocus = Window{407300f0 com.android.mms/com.android.mms.ui.ComposeMessageActivity paused=false}
02-13 18:44:59.992 D/AlarmManager(  258): scheduleTimeTickEvent calendar=Mon Feb 13 18:46:00 CST 2012
02-13 18:44:59.992 D/AlarmManager(  258): calendar.getTimeInMillis()1329180360000
02-13 18:45:00.022 W/WindowManager(  258): updateFocusedWindowLocked newFocus=Window{407300f0 com.android.mms/com.android.mms.ui.ComposeMessageActivity paused=false} mode=3 mCurrentFocus = Window{407300f0 com.android.mms/com.android.mms.ui.ComposeMessageActivity paused=false}
02-13 18:45:00.112 W/WindowManager(  258): updateFocusedWindowLocked newFocus=Window{407300f0 com.android.mms/com.android.mms.ui.ComposeMessageActivity paused=false} mode=3 mCurrentFocus = Window{407300f0 com.android.mms/com.android.mms.ui.ComposeMessageActivity paused=false}
02-13 18:45:00.262 W/WindowManager(  258): updateFocusedWindowLocked newFocus=Window{407300f0 com.android.mms/com.android.mms.ui.ComposeMessageActivity paused=false} mode=3 mCurrentFocus = Window{407300f0 com.android.mms/com.android.mms.ui.ComposeMessageActivity paused=false}
02-13 18:45:00.372 D/PowerManagerService(  258): setTimeoutLocked now=297542 timeoutOverride=-1 nextState=3 when=303542
02-13 18:45:00.382 W/WindowManager(  258): updateFocusedWindowLocked newFocus=Window{407300f0 com.android.mms/com.android.mms.ui.ComposeMessageActivity paused=false} mode=3 mCurrentFocus = Window{407300f0 com.android.mms/com.android.mms.ui.ComposeMessageActivity paused=false}
02-13 18:45:00.462 D/PowerManagerService(  258): setTimeoutLocked now=297630 timeoutOverride=-1 nextState=3 when=303630
02-13 18:45:00.502 W/WindowManager(  258): updateFocusedWindowLocked newFocus=Window{407300f0 com.android.mms/com.android.mms.ui.ComposeMessageActivity paused=false} mode=3 mCurrentFocus = Window{407300f0 com.android.mms/com.android.mms.ui.ComposeMessageActivity paused=false}
02-13 18:45:00.612 W/WindowManager(  258): updateFocusedWindowLocked newFocus=Window{407300f0 com.android.mms/com.android.mms.ui.ComposeMessageActivity paused=false} mode=3 mCurrentFocus = Window{407300f0 com.android.mms/com.android.mms.ui.ComposeMessageActivity paused=false}
02-13 18:45:00.723 W/WindowManager(  258): updateFocusedWindowLocked newFocus=Window{407300f0 com.android.mms/com.android.mms.ui.ComposeMessageActivity paused=false} mode=3 mCurrentFocus = Window{407300f0 com.android.mms/com.android.mms.ui.ComposeMessageActivity paused=false}
02-13 18:45:01.353 D/PowerManagerService(  258): setTimeoutLocked now=298519 timeoutOverride=-1 nextState=3 when=304519
02-13 18:45:01.353 W/WindowManager(  258): updateFocusedWindowLocked newFocus=Window{407300f0 com.android.mms/com.android.mms.ui.ComposeMessageActivity paused=false} mode=3 mCurrentFocus = Window{407300f0 com.android.mms/com.android.mms.ui.ComposeMessageActivity paused=false}
02-13 18:45:01.453 D/PowerManagerService(  258): setTimeoutLocked now=298629 timeoutOverride=-1 nextState=3 when=304629
02-13 18:45:01.543 W/WindowManager(  258): updateFocusedWindowLocked newFocus=Window{407300f0 com.android.mms/com.android.mms.ui.ComposeMessageActivity paused=false} mode=3 mCurrentFocus = Window{407300f0 com.android.mms/com.android.mms.ui.ComposeMessageActivity paused=false}
02-13 18:45:01.744 W/WindowManager(  258): updateFocusedWindowLocked newFocus=Window{407300f0 com.android.mms/com.android.mms.ui.ComposeMessageActivity paused=false} mode=3 mCurrentFocus = Window{407300f0 com.android.mms/com.android.mms.ui.ComposeMessageActivity paused=false}
02-13 18:45:01.914 W/WindowManager(  258): updateFocusedWindowLocked newFocus=Window{407300f0 com.android.mms/com.android.mms.ui.ComposeMessageActivity paused=false} mode=3 mCurrentFocus = Window{407300f0 com.android.mms/com.android.mms.ui.ComposeMessageActivity paused=false}
02-13 18:45:02.574 D/PowerManagerService(  258): setTimeoutLocked now=299746 timeoutOverride=-1 nextState=3 when=305746
02-13 18:45:02.584 W/WindowManager(  258): updateFocusedWindowLocked newFocus=Window{407300f0 com.android.mms/com.android.mms.ui.ComposeMessageActivity paused=false} mode=3 mCurrentFocus = Window{407300f0 com.android.mms/com.android.mms.ui.ComposeMessageActivity paused=false}
02-13 18:45:02.694 D/PowerManagerService(  258): setTimeoutLocked now=299868 timeoutOverride=-1 nextState=3 when=305868
02-13 18:45:02.755 W/WindowManager(  258): updateFocusedWindowLocked newFocus=Window{407300f0 com.android.mms/com.android.mms.ui.ComposeMessageActivity paused=false} mode=3 mCurrentFocus = Window{407300f0 com.android.mms/com.android.mms.ui.ComposeMessageActivity paused=false}
02-13 18:45:02.985 W/WindowManager(  258): updateFocusedWindowLocked newFocus=Window{407300f0 com.android.mms/com.android.mms.ui.ComposeMessageActivity paused=false} mode=3 mCurrentFocus = Window{407300f0 com.android.mms/com.android.mms.ui.ComposeMessageActivity paused=false}
02-13 18:45:03.075 W/WindowManager(  258): updateFocusedWindowLocked newFocus=Window{407300f0 com.android.mms/com.android.mms.ui.ComposeMessageActivity paused=false} mode=3 mCurrentFocus = Window{407300f0 com.android.mms/com.android.mms.ui.ComposeMessageActivity paused=false}
02-13 18:45:03.806 D/StatusBarPolicy(  340): onSignalStrengthsChanged:SignalStrength: 99 0 -93 -95 -93 -40 5 99 2147483647 2147483647 2147483647 2147483647 cdma for subscription0
02-13 18:45:03.806 D/StatusBarPolicy(  340): updateSignalStrength on subscription :0
02-13 18:45:03.806 D/StatusBarPolicy(  340): StatusBarPolocy::getIconLevel -EVDO
02-13 18:45:03.806 D/StatusBarPolicy(  340): getEvdoLevel_band_six -evdoDbm:-93
02-13 18:45:03.806 D/StatusBarPolicy(  340): getEvdoLevel_band_six -evdoEcio:-40
02-13 18:45:03.876 D/PowerManagerService(  258): setTimeoutLocked now=301039 timeoutOverride=-1 nextState=3 when=307039
02-13 18:45:03.876 W/WindowManager(  258): updateFocusedWindowLocked newFocus=Window{407300f0 com.android.mms/com.android.mms.ui.ComposeMessageActivity paused=false} mode=3 mCurrentFocus = Window{407300f0 com.android.mms/com.android.mms.ui.ComposeMessageActivity paused=false}
02-13 18:45:03.916 D/PowerManagerService(  258): setTimeoutLocked now=301088 timeoutOverride=-1 nextState=3 when=307088
02-13 18:45:03.956 W/WindowManager(  258): updateFocusedWindowLocked newFocus=Window{407300f0 com.android.mms/com.android.mms.ui.ComposeMessageActivity paused=false} mode=3 mCurrentFocus = Window{407300f0 com.android.mms/com.android.mms.ui.ComposeMessageActivity paused=false}
02-13 18:45:04.236 W/WindowManager(  258): updateFocusedWindowLocked newFocus=Window{407300f0 com.android.mms/com.android.mms.ui.ComposeMessageActivity paused=false} mode=3 mCurrentFocus = Window{407300f0 com.android.mms/com.android.mms.ui.ComposeMessageActivity paused=false}
02-13 18:45:04.406 W/WindowManager(  258): updateFocusedWindowLocked newFocus=Window{407300f0 com.android.mms/com.android.mms.ui.ComposeMessageActivity paused=false} mode=3 mCurrentFocus = Window{407300f0 com.android.mms/com.android.mms.ui.ComposeMessageActivity paused=false}
02-13 18:45:05.367 D/PowerManagerService(  258): setTimeoutLocked now=302532 timeoutOverride=-1 nextState=3 when=308532
02-13 18:45:05.407 W/WindowManager(  258): updateFocusedWindowLocked newFocus=Window{407300f0 com.android.mms/com.android.mms.ui.ComposeMessageActivity paused=false} mode=3 mCurrentFocus = Window{407300f0 com.android.mms/com.android.mms.ui.ComposeMessageActivity paused=false}
02-13 18:45:05.437 D/PowerManagerService(  258): setTimeoutLocked now=302606 timeoutOverride=-1 nextState=3 when=308606
02-13 18:45:05.457 W/WindowManager(  258): updateFocusedWindowLocked newFocus=Window{407300f0 com.android.mms/com.android.mms.ui.ComposeMessageActivity paused=false} mode=3 mCurrentFocus = Window{407300f0 com.android.mms/com.android.mms.ui.ComposeMessageActivity paused=false}
02-13 18:45:05.697 W/WindowManager(  258): updateFocusedWindowLocked newFocus=Window{407300f0 com.android.mms/com.android.mms.ui.ComposeMessageActivity paused=false} mode=3 mCurrentFocus = Window{407300f0 com.android.mms/com.android.mms.ui.ComposeMessageActivity paused=false}
02-13 18:45:05.827 W/WindowManager(  258): updateFocusedWindowLocked newFocus=Window{407300f0 com.android.mms/com.android.mms.ui.ComposeMessageActivity paused=false} mode=3 mCurrentFocus = Window{407300f0 com.android.mms/com.android.mms.ui.ComposeMessageActivity paused=false}
02-13 18:45:06.178 D/PowerManagerService(  258): setTimeoutLocked now=303348 timeoutOverride=-1 nextState=3 when=309348
02-13 18:45:06.188 W/WindowManager(  258): updateFocusedWindowLocked newFocus=Window{407300f0 com.android.mms/com.android.mms.ui.ComposeMessageActivity paused=false} mode=3 mCurrentFocus = Window{407300f0 com.android.mms/com.android.mms.ui.ComposeMessageActivity paused=false}
02-13 18:45:06.278 D/PowerManagerService(  258): setTimeoutLocked now=303444 timeoutOverride=-1 nextState=3 when=309444
02-13 18:45:06.318 W/WindowManager(  258): updateFocusedWindowLocked newFocus=Window{407300f0 com.android.mms/com.android.mms.ui.ComposeMessageActivity paused=false} mode=3 mCurrentFocus = Window{407300f0 com.android.mms/com.android.mms.ui.ComposeMessageActivity paused=false}
02-13 18:45:06.618 W/WindowManager(  258): updateFocusedWindowLocked newFocus=Window{407300f0 com.android.mms/com.android.mms.ui.ComposeMessageActivity paused=false} mode=3 mCurrentFocus = Window{407300f0 com.android.mms/com.android.mms.ui.ComposeMessageActivity paused=false}
02-13 18:45:06.698 D/PowerManagerService(  258): setTimeoutLocked now=303859 timeoutOverride=-1 nextState=3 when=309859
02-13 18:45:06.738 W/WindowManager(  258): updateFocusedWindowLocked newFocus=Window{407300f0 com.android.mms/com.android.mms.ui.ComposeMessageActivity paused=false} mode=3 mCurrentFocus = Window{407300f0 com.android.mms/com.android.mms.ui.ComposeMessageActivity paused=false}
02-13 18:45:06.818 W/WindowManager(  258): updateFocusedWindowLocked newFocus=Window{407300f0 com.android.mms/com.android.mms.ui.ComposeMessageActivity paused=false} mode=3 mCurrentFocus = Window{407300f0 com.android.mms/com.android.mms.ui.ComposeMessageActivity paused=false}
02-13 18:45:06.879 D/PowerManagerService(  258): setTimeoutLocked now=304046 timeoutOverride=-1 nextState=3 when=310046
02-13 18:45:06.919 W/WindowManager(  258): updateFocusedWindowLocked newFocus=Window{407300f0 com.android.mms/com.android.mms.ui.ComposeMessageActivity paused=false} mode=3 mCurrentFocus = Window{407300f0 com.android.mms/com.android.mms.ui.ComposeMessageActivity paused=false}
02-13 18:45:07.119 W/WindowManager(  258): updateFocusedWindowLocked newFocus=Window{407300f0 com.android.mms/com.android.mms.ui.ComposeMessageActivity paused=false} mode=3 mCurrentFocus = Window{407300f0 com.android.mms/com.android.mms.ui.ComposeMessageActivity paused=false}
02-13 18:45:07.249 W/WindowManager(  258): updateFocusedWindowLocked newFocus=Window{407300f0 com.android.mms/com.android.mms.ui.ComposeMessageActivity paused=false} mode=3 mCurrentFocus = Window{407300f0 com.android.mms/com.android.mms.ui.ComposeMessageActivity paused=false}
02-13 18:45:07.459 D/PowerManagerService(  258): setTimeoutLocked now=304623 timeoutOverride=-1 nextState=3 when=310623
02-13 18:45:07.469 W/WindowManager(  258): updateFocusedWindowLocked newFocus=Window{407300f0 com.android.mms/com.android.mms.ui.ComposeMessageActivity paused=false} mode=3 mCurrentFocus = Window{407300f0 com.android.mms/com.android.mms.ui.ComposeMessageActivity paused=false}
02-13 18:45:07.559 D/PowerManagerService(  258): setTimeoutLocked now=304724 timeoutOverride=-1 nextState=3 when=310724
02-13 18:45:07.589 W/WindowManager(  258): updateFocusedWindowLocked newFocus=Window{407300f0 com.android.mms/com.android.mms.ui.ComposeMessageActivity paused=false} mode=3 mCurrentFocus = Window{407300f0 com.android.mms/com.android.mms.ui.ComposeMessageActivity paused=false}
02-13 18:45:07.669 W/WindowManager(  258): updateFocusedWindowLocked newFocus=Window{407300f0 com.android.mms/com.android.mms.ui.ComposeMessageActivity paused=false} mode=3 mCurrentFocus = Window{407300f0 com.android.mms/com.android.mms.ui.ComposeMessageActivity paused=false}
02-13 18:45:07.829 W/WindowManager(  258): updateFocusedWindowLocked newFocus=Window{407300f0 com.android.mms/com.android.mms.ui.ComposeMessageActivity paused=false} mode=3 mCurrentFocus = Window{407300f0 com.android.mms/com.android.mms.ui.ComposeMessageActivity paused=false}
02-13 18:45:07.880 W/WindowManager(  258): updateFocusedWindowLocked newFocus=Window{407300f0 com.android.mms/com.android.mms.ui.ComposeMessageActivity paused=false} mode=3 mCurrentFocus = Window{407300f0 com.android.mms/com.android.mms.ui.ComposeMessageActivity paused=false}
02-13 18:45:07.970 D/PowerManagerService(  258): setTimeoutLocked now=305138 timeoutOverride=-1 nextState=3 when=311138
02-13 18:45:08.060 W/WindowManager(  258): updateFocusedWindowLocked newFocus=Window{407300f0 com.android.mms/com.android.mms.ui.ComposeMessageActivity paused=false} mode=3 mCurrentFocus = Window{407300f0 com.android.mms/com.android.mms.ui.ComposeMessageActivity paused=false}
02-13 18:45:08.090 W/WindowManager(  258): updateFocusedWindowLocked newFocus=Window{407300f0 com.android.mms/com.android.mms.ui.ComposeMessageActivity paused=false} mode=3 mCurrentFocus = Window{407300f0 com.android.mms/com.android.mms.ui.ComposeMessageActivity paused=false}
02-13 18:45:08.170 D/PowerManagerService(  258): setTimeoutLocked now=305339 timeoutOverride=-1 nextState=3 when=311339
02-13 18:45:08.210 W/WindowManager(  258): updateFocusedWindowLocked newFocus=Window{407300f0 com.android.mms/com.android.mms.ui.ComposeMessageActivity paused=false} mode=3 mCurrentFocus = Window{407300f0 com.android.mms/com.android.mms.ui.ComposeMessageActivity paused=false}
02-13 18:45:08.250 W/WindowManager(  258): updateFocusedWindowLocked newFocus=Window{407300f0 com.android.mms/com.android.mms.ui.ComposeMessageActivity paused=false} mode=3 mCurrentFocus = Window{407300f0 com.android.mms/com.android.mms.ui.ComposeMessageActivity paused=false}
02-13 18:45:08.280 D/WifiService(  258): ACTION_BATTERY_CHANGED pluggedType: 1
02-13 18:45:08.280 D/WifiService(  258): WifiHandler, MESSAGE_UPDATE_STATE
02-13 18:45:08.280 D/WifiService(  258): isAirplaneModeOn(): false
02-13 18:45:08.280 D/WifiService(  258): updateWifiState(), wifiEnabled: true, airplaneMode: false, wifiShouldBeEnabled: true, wifiShouldBeStarted: true, strongestLockMode: 1
02-13 18:45:08.280 D/WifiService(  258): WifiHandler, MESSAGE_ENABLE_WIFI, msg.arg1: 0, msg.arg2: 1000
02-13 18:45:08.280 D/WifiService(  258): WifiHandler, MESSAGE_START_WIFI, msg.arg1: 1
02-13 18:45:08.290 D/StatusBarPolicy(  340): onSignalStrengthsChanged:SignalStrength: 99 0 -93 -75 -94 -50 5 99 2147483647 2147483647 2147483647 2147483647 cdma for subscription0
02-13 18:45:08.290 D/StatusBarPolicy(  340): updateSignalStrength on subscription :0
02-13 18:45:08.290 D/StatusBarPolicy(  340): StatusBarPolocy::getIconLevel -EVDO
02-13 18:45:08.290 D/StatusBarPolicy(  340): getEvdoLevel_band_six -evdoDbm:-94
02-13 18:45:08.290 D/StatusBarPolicy(  340): getEvdoLevel_band_six -evdoEcio:-50
02-13 18:45:08.400 W/WindowManager(  258): updateFocusedWindowLocked newFocus=Window{407300f0 com.android.mms/com.android.mms.ui.ComposeMessageActivity paused=false} mode=3 mCurrentFocus = Window{407300f0 com.android.mms/com.android.mms.ui.ComposeMessageActivity paused=false}
