02-13 18:41:09.377 W/WindowManager(  258): updateFocusedWindowLocked newFocus=Window{407300f0 com.android.mms/com.android.mms.ui.ComposeMessageActivity paused=false} mode=3 mCurrentFocus = Window{407300f0 com.android.mms/com.android.mms.ui.ComposeMessageActivity paused=false}
02-13 18:41:09.457 D/StatusBarPolicy(  340): updateDataIcon subscription =0
02-13 18:41:09.467 D/PowerManagerService(  258): setTimeoutLocked now=66636 timeoutOverride=-1 nextState=3 when=72636
02-13 18:41:09.517 I/WindowManager(  258): Setting rotation to 1, animFlags=0
02-13 18:41:09.517 I/ActivityManager(  258): Config changed: { scale=1.0 imsi=310/120 loc=en_US touch=3 keys=1/1/2 nav=1/1 orien=2 layout=18 uiMode=17 seq=15}
02-13 18:41:09.707 I/WindowManager(  258): Setting rotation to 0, animFlags=0
02-13 18:41:09.717 I/ActivityManager(  258): Config changed: { scale=1.0 imsi=310/120 loc=en_US touch=3 keys=1/1/2 nav=1/1 orien=1 layout=18 uiMode=17 seq=16}
02-13 18:41:10.007 W/WindowManager(  258): updateFocusedWindowLocked newFocus=Window{407300f0 com.android.mms/com.android.mms.ui.ComposeMessageActivity paused=false} mode=0 mCurrentFocus = Window{407300f0 com.android.mms/com.android.mms.ui.ComposeMessageActivity paused=false}
02-13 18:41:11.469 D/StatusBarPolicy(  340): updateDataIcon subscription =0
02-13 18:41:12.490 D/PowerManagerService(  258): setTimeoutLocked now=69659 timeoutOverride=-1 nextState=3 when=75659
02-13 18:41:12.510 W/WindowManager(  258): updateFocusedWindowLocked newFocus=Window{407300f0 com.android.mms/com.android.mms.ui.ComposeMessageActivity paused=false} mode=3 mCurrentFocus = Window{407300f0 com.android.mms/com.android.mms.ui.ComposeMessageActivity paused=false}
02-13 18:41:12.580 D/PowerManagerService(  258): setTimeoutLocked now=69745 timeoutOverride=-1 nextState=3 when=75745
02-13 18:41:12.620 W/WindowManager(  258): updateFocusedWindowLocked newFocus=Window{407300f0 com.android.mms/com.android.mms.ui.ComposeMessageActivity paused=false} mode=3 mCurrentFocus = Window{407300f0 com.android.mms/com.android.mms.ui.ComposeMessageActivity paused=false}
02-13 18:41:13.060 D/StatusBarPolicy(  340): onSignalStrengthsChanged:SignalStrength: 99 0 -93 -75 -91 -40 5 99 2147483647 2147483647 2147483647 2147483647 cdma for subscription0
02-13 18:41:13.060 D/StatusBarPolicy(  340): updateSignalStrength on subscription :0
02-13 18:41:13.070 D/StatusBarPolicy(  340): StatusBarPolocy::getIconLevel -EVDO
02-13 18:41:13.070 D/StatusBarPolicy(  340): getEvdoLevel_band_six -evdoDbm:-91
02-13 18:41:13.090 D/StatusBarPolicy(  340): getEvdoLevel_band_six -evdoEcio:-40
02-13 18:41:13.491 D/StatusBarPolicy(  340): updateDataIcon subscription =0
02-13 18:41:13.751 D/PowerManagerService(  258): setTimeoutLocked now=70911 timeoutOverride=-1 nextState=3 when=76911
02-13 18:41:13.791 W/WindowManager(  258): updateFocusedWindowLocked newFocus=Window{407300f0 com.android.mms/com.android.mms.ui.ComposeMessageActivity paused=false} mode=3 mCurrentFocus = Window{407300f0 com.android.mms/com.android.mms.ui.ComposeMessageActivity paused=false}
02-13 18:41:13.911 D/PowerManagerService(  258): setTimeoutLocked now=71086 timeoutOverride=-1 nextState=3 when=77086
02-13 18:41:13.921 W/WindowManager(  258): updateFocusedWindowLocked newFocus=Window{407300f0 com.android.mms/com.android.mms.ui.ComposeMessageActivity paused=false} mode=3 mCurrentFocus = Window{407300f0 com.android.mms/com.android.mms.ui.ComposeMessageActivity paused=false}
02-13 18:41:14.402 I/WindowManager(  258): Setting rotation to 1, animFlags=0
02-13 18:41:14.422 I/ActivityManager(  258): Config changed: { scale=1.0 imsi=310/120 loc=en_US touch=3 keys=1/1/2 nav=1/1 orien=2 layout=18 uiMode=17 seq=17}
02-13 18:41:14.542 D/StatusBarPolicy(  340): updateDataIcon subscription =0
02-13 18:41:14.982 D/PowerManagerService(  258): setTimeoutLocked now=72008 timeoutOverride=-1 nextState=3 when=78008
02-13 18:41:14.982 D/PowerManagerService(  258): setTimeoutLocked now=72096 timeoutOverride=-1 nextState=3 when=78096
02-13 18:41:15.293 D/StatusBarPolicy(  340): onSignalStrengthsChanged:SignalStrength: 99 0 -93 -75 -91 -40 6 99 2147483647 2147483647 2147483647 2147483647 cdma for subscription0
02-13 18:41:15.293 D/StatusBarPolicy(  340): updateSignalStrength on subscription :0
02-13 18:41:15.293 D/StatusBarPolicy(  340): StatusBarPolocy::getIconLevel -EVDO
02-13 18:41:15.293 D/StatusBarPolicy(  340): getEvdoLevel_band_six -evdoDbm:-91
02-13 18:41:15.293 D/StatusBarPolicy(  340): getEvdoLevel_band_six -evdoEcio:-40
02-13 18:41:16.153 I/WindowManager(  258): Setting rotation to 0, animFlags=0
02-13 18:41:16.173 I/ActivityManager(  258): Config changed: { scale=1.0 imsi=310/120 loc=en_US touch=3 keys=1/1/2 nav=1/1 orien=1 layout=18 uiMode=17 seq=18}
02-13 18:41:17.555 D/StatusBarPolicy(  340): onSignalStrengthsChanged:SignalStrength: 99 0 -120 -85 -120 -35 7 99 2147483647 2147483647 2147483647 2147483647 cdma for subscription0
02-13 18:41:17.555 D/StatusBarPolicy(  340): updateSignalStrength on subscription :0
02-13 18:41:17.555 D/StatusBarPolicy(  340): StatusBarPolocy::getIconLevel -EVDO
02-13 18:41:17.555 D/StatusBarPolicy(  340): getEvdoLevel_band_six -evdoDbm:-120
02-13 18:41:17.575 D/StatusBarPolicy(  340): getEvdoLevel_band_six -evdoEcio:-35
02-13 18:41:17.585 D/StatusBarPolicy(  340): onSignalStrengthsChanged:SignalStrength: 99 0 -93 -85 -89 -35 7 99 2147483647 2147483647 2147483647 2147483647 cdma for subscription0
02-13 18:41:17.585 D/StatusBarPolicy(  340): updateSignalStrength on subscription :0
02-13 18:41:17.585 D/StatusBarPolicy(  340): StatusBarPolocy::getIconLevel -EVDO
02-13 18:41:17.585 D/StatusBarPolicy(  340): getEvdoLevel_band_six -evdoDbm:-89
02-13 18:41:17.585 D/StatusBarPolicy(  340): getEvdoLevel_band_six -evdoEcio:-35
02-13 18:41:18.255 D/PowerManagerService(  258): setTimeoutLocked now=75427 timeoutOverride=-1 nextState=3 when=81427
02-13 18:41:18.275 W/WindowManager(  258): updateFocusedWindowLocked newFocus=Window{407300f0 com.android.mms/com.android.mms.ui.ComposeMessageActivity paused=false} mode=3 mCurrentFocus = Window{407300f0 com.android.mms/com.android.mms.ui.ComposeMessageActivity paused=false}
02-13 18:41:18.406 D/PowerManagerService(  258): setTimeoutLocked now=75575 timeoutOverride=-1 nextState=3 when=81575
02-13 18:41:18.416 W/WindowManager(  258): updateFocusedWindowLocked newFocus=Window{407300f0 com.android.mms/com.android.mms.ui.ComposeMessageActivity paused=false} mode=3 mCurrentFocus = Window{407300f0 com.android.mms/com.android.mms.ui.ComposeMessageActivity paused=false}
02-13 18:41:19.567 D/PowerManagerService(  258): setTimeoutLocked now=76739 timeoutOverride=-1 nextState=3 when=82739
02-13 18:41:19.697 D/PowerManagerService(  258): setTimeoutLocked now=76862 timeoutOverride=-1 nextState=3 when=82862
02-13 18:41:19.707 W/WindowManager(  258): updateFocusedWindowLocked newFocus=Window{407300f0 com.android.mms/com.android.mms.ui.ComposeMessageActivity paused=false} mode=3 mCurrentFocus = Window{407300f0 com.android.mms/com.android.mms.ui.ComposeMessageActivity paused=false}
02-13 18:41:19.767 D/StatusBarPolicy(  340): onSignalStrengthsChanged:SignalStrength: 99 0 -93 -85 -88 -35 7 99 2147483647 2147483647 2147483647 2147483647 cdma for subscription0
02-13 18:41:19.767 D/StatusBarPolicy(  340): updateSignalStrength on subscription :0
02-13 18:41:19.767 D/StatusBarPolicy(  340): StatusBarPolocy::getIconLevel -EVDO
02-13 18:41:19.767 D/StatusBarPolicy(  340): getEvdoLevel_band_six -evdoDbm:-88
02-13 18:41:19.767 D/StatusBarPolicy(  340): getEvdoLevel_band_six -evdoEcio:-35
02-13 18:41:20.468 D/PowerManagerService(  258): setTimeoutLocked now=77629 timeoutOverride=-1 nextState=3 when=83629
02-13 18:41:20.778 D/PowerManagerService(  258): setTimeoutLocked now=77942 timeoutOverride=-1 nextState=3 when=83942
02-13 18:41:21.018 D/PowerManagerService(  258): setTimeoutLocked now=78179 timeoutOverride=-1 nextState=3 when=84179
02-13 18:41:21.629 D/PowerManagerService(  258): setTimeoutLocked now=78789 timeoutOverride=-1 nextState=3 when=84789
02-13 18:41:21.649 W/WindowManager(  258): updateFocusedWindowLocked newFocus=Window{407300f0 com.android.mms/com.android.mms.ui.ComposeMessageActivity paused=false} mode=3 mCurrentFocus = Window{407300f0 com.android.mms/com.android.mms.ui.ComposeMessageActivity paused=false}
02-13 18:41:21.679 W/WindowManager(  258): updateFocusedWindowLocked newFocus=Window{407300f0 com.android.mms/com.android.mms.ui.ComposeMessageActivity paused=false} mode=3 mCurrentFocus = Window{407300f0 com.android.mms/com.android.mms.ui.ComposeMessageActivity paused=false}
02-13 18:41:21.749 D/PowerManagerService(  258): setTimeoutLocked now=78913 timeoutOverride=-1 nextState=3 when=84913
02-13 18:41:21.759 W/WindowManager(  258): updateFocusedWindowLocked newFocus=Window{407300f0 com.android.mms/com.android.mms.ui.ComposeMessageActivity paused=false} mode=3 mCurrentFocus = Window{407300f0 com.android.mms/com.android.mms.ui.ComposeMessageActivity paused=false}
02-13 18:41:22.029 D/StatusBarPolicy(  340): onSignalStrengthsChanged:SignalStrength: 99 0 -93 -95 -88 -40 7 99 2147483647 2147483647 2147483647 2147483647 cdma for subscription0
02-13 18:41:22.029 D/StatusBarPolicy(  340): updateSignalStrength on subscription :0
02-13 18:41:22.029 D/StatusBarPolicy(  340): StatusBarPolocy::getIconLevel -EVDO
02-13 18:41:22.029 D/StatusBarPolicy(  340): getEvdoLevel_band_six -evdoDbm:-88
02-13 18:41:22.029 D/StatusBarPolicy(  340): getEvdoLevel_band_six -evdoEcio:-40
02-13 18:41:22.089 W/WindowManager(  258): updateFocusedWindowLocked newFocus=Window{407300f0 com.android.mms/com.android.mms.ui.ComposeMessageActivity paused=false} mode=3 mCurrentFocus = Window{407300f0 com.android.mms/com.android.mms.ui.ComposeMessageActivity paused=false}
02-13 18:41:22.139 D/PowerManagerService(  258): setTimeoutLocked now=79301 timeoutOverride=-1 nextState=3 when=85301
02-13 18:41:22.249 D/PowerManagerService(  258): setTimeoutLocked now=79414 timeoutOverride=-1 nextState=3 when=85414
02-13 18:41:22.410 W/WindowManager(  258): updateFocusedWindowLocked newFocus=Window{407300f0 com.android.mms/com.android.mms.ui.ComposeMessageActivity paused=false} mode=3 mCurrentFocus = Window{407300f0 com.android.mms/com.android.mms.ui.ComposeMessageActivity paused=false}
02-13 18:41:22.920 D/PowerManagerService(  258): setTimeoutLocked now=80080 timeoutOverride=-1 nextState=3 when=86080
02-13 18:41:23.020 D/PowerManagerService(  258): setTimeoutLocked now=80179 timeoutOverride=-1 nextState=3 when=86179
02-13 18:41:23.030 W/WindowManager(  258): updateFocusedWindowLocked newFocus=Window{407300f0 com.android.mms/com.android.mms.ui.ComposeMessageActivity paused=false} mode=3 mCurrentFocus = Window{407300f0 com.android.mms/com.android.mms.ui.ComposeMessageActivity paused=false}
02-13 18:41:23.651 D/StatusBarPolicy(  340): updateDataIcon subscription =0
02-13 18:41:24.051 D/PowerManagerService(  258): setTimeoutLocked now=81223 timeoutOverride=-1 nextState=3 when=87223
02-13 18:41:24.071 W/WindowManager(  258): updateFocusedWindowLocked newFocus=Window{407300f0 com.android.mms/com.android.mms.ui.ComposeMessageActivity paused=false} mode=3 mCurrentFocus = Window{407300f0 com.android.mms/com.android.mms.ui.ComposeMessageActivity paused=false}
02-13 18:41:24.161 D/PowerManagerService(  258): setTimeoutLocked now=81336 timeoutOverride=-1 nextState=3 when=87336
02-13 18:41:24.181 W/WindowManager(  258): updateFocusedWindowLocked newFocus=Window{407300f0 com.android.mms/com.android.mms.ui.ComposeMessageActivity paused=false} mode=3 mCurrentFocus = Window{407300f0 com.android.mms/com.android.mms.ui.ComposeMessageActivity paused=false}
02-13 18:41:24.191 W/WindowManager(  258): updateFocusedWindowLocked newFocus=Window{407300f0 com.android.mms/com.android.mms.ui.ComposeMessageActivity paused=false} mode=3 mCurrentFocus = Window{407300f0 com.android.mms/com.android.mms.ui.ComposeMessageActivity paused=false}
02-13 18:41:24.241 D/StatusBarPolicy(  340): onSignalStrengthsChanged:SignalStrength: 99 0 -93 -95 -87 -25 7 99 2147483647 2147483647 2147483647 2147483647 cdma for subscription0
02-13 18:41:24.241 D/StatusBarPolicy(  340): updateSignalStrength on subscription :0
02-13 18:41:24.241 D/StatusBarPolicy(  340): StatusBarPolocy::getIconLevel -EVDO
02-13 18:41:24.241 D/StatusBarPolicy(  340): getEvdoLevel_band_six -evdoDbm:-87
02-13 18:41:24.241 D/StatusBarPolicy(  340): getEvdoLevel_band_six -evdoEcio:-25
02-13 18:41:24.391 W/WindowManager(  258): updateFocusedWindowLocked newFocus=Window{407300f0 com.android.mms/com.android.mms.ui.ComposeMessageActivity paused=false} mode=3 mCurrentFocus = Window{407300f0 com.android.mms/com.android.mms.ui.ComposeMessageActivity paused=false}
02-13 18:41:24.572 W/WindowManager(  258): updateFocusedWindowLocked newFocus=Window{407300f0 com.android.mms/com.android.mms.ui.ComposeMessageActivity paused=false} mode=3 mCurrentFocus = Window{407300f0 com.android.mms/com.android.mms.ui.ComposeMessageActivity paused=false}
02-13 18:41:24.612 D/PowerManagerService(  258): setTimeoutLocked now=81788 timeoutOverride=-1 nextState=3 when=87788
02-13 18:41:24.632 W/WindowManager(  258): updateFocusedWindowLocked newFocus=Window{407300f0 com.android.mms/com.android.mms.ui.ComposeMessageActivity paused=false} mode=3 mCurrentFocus = Window{407300f0 com.android.mms/com.android.mms.ui.ComposeMessageActivity paused=false}
02-13 18:41:24.762 D/PowerManagerService(  258): setTimeoutLocked now=81939 timeoutOverride=-1 nextState=3 when=87939
02-13 18:41:24.802 W/WindowManager(  258): updateFocusedWindowLocked newFocus=Window{407300f0 com.android.mms/com.android.mms.ui.ComposeMessageActivity paused=false} mode=3 mCurrentFocus = Window{407300f0 com.android.mms/com.android.mms.ui.ComposeMessageActivity paused=false}
02-13 18:41:24.892 W/WindowManager(  258): updateFocusedWindowLocked newFocus=Window{407300f0 com.android.mms/com.android.mms.ui.ComposeMessageActivity paused=false} mode=3 mCurrentFocus = Window{407300f0 com.android.mms/com.android.mms.ui.ComposeMessageActivity paused=false}
02-13 18:41:25.052 W/WindowManager(  258): updateFocusedWindowLocked newFocus=Window{407300f0 com.android.mms/com.android.mms.ui.ComposeMessageActivity paused=false} mode=3 mCurrentFocus = Window{407300f0 com.android.mms/com.android.mms.ui.ComposeMessageActivity paused=false}
02-13 18:41:25.122 W/WindowManager(  258): updateFocusedWindowLocked newFocus=Window{407300f0 com.android.mms/com.android.mms.ui.ComposeMessageActivity paused=false} mode=3 mCurrentFocus = Window{407300f0 com.android.mms/com.android.mms.ui.ComposeMessageActivity paused=false}
02-13 18:41:25.172 D/PowerManagerService(  258): setTimeoutLocked now=82340 timeoutOverride=-1 nextState=3 when=88340
02-13 18:41:25.232 W/WindowManager(  258): updateFocusedWindowLocked newFocus=Window{407300f0 com.android.mms/com.android.mms.ui.ComposeMessageActivity paused=false} mode=3 mCurrentFocus = Window{407300f0 com.android.mms/com.android.mms.ui.ComposeMessageActivity paused=false}
02-13 18:41:25.382 W/WindowManager(  258): updateFocusedWindowLocked newFocus=Window{407300f0 com.android.mms/com.android.mms.ui.ComposeMessageActivity paused=false} mode=3 mCurrentFocus = Window{407300f0 com.android.mms/com.android.mms.ui.ComposeMessageActivity paused=false}
02-13 18:41:25.473 D/PowerManagerService(  258): setTimeoutLocked now=82641 timeoutOverride=-1 nextState=3 when=88641
02-13 18:41:25.503 W/WindowManager(  258): updateFocusedWindowLocked newFocus=Window{407300f0 com.android.mms/com.android.mms.ui.ComposeMessageActivity paused=false} mode=3 mCurrentFocus = Window{407300f0 com.android.mms/com.android.mms.ui.ComposeMessageActivity paused=false}
02-13 18:41:25.943 D/PowerManagerService(  258): setTimeoutLocked now=83118 timeoutOverride=-1 nextState=3 when=89118
02-13 18:41:25.963 W/WindowManager(  258): updateFocusedWindowLocked newFocus=Window{407300f0 com.android.mms/com.android.mms.ui.ComposeMessageActivity paused=false} mode=3 mCurrentFocus = Window{407300f0 com.android.mms/com.android.mms.ui.ComposeMessageActivity paused=false}
02-13 18:41:26.113 D/PowerManagerService(  258): setTimeoutLocked now=83281 timeoutOverride=-1 nextState=3 when=89281
02-13 18:41:26.123 W/WindowManager(  258): updateFocusedWindowLocked newFocus=Window{407300f0 com.android.mms/com.android.mms.ui.ComposeMessageActivity paused=false} mode=3 mCurrentFocus = Window{407300f0 com.android.mms/com.android.mms.ui.ComposeMessageActivity paused=false}
02-13 18:41:26.263 W/WindowManager(  258): updateFocusedWindowLocked newFocus=Window{407300f0 com.android.mms/com.android.mms.ui.ComposeMessageActivity paused=false} mode=3 mCurrentFocus = Window{407300f0 com.android.mms/com.android.mms.ui.ComposeMessageActivity paused=false}
02-13 18:41:26.333 W/WindowManager(  258): updateFocusedWindowLocked newFocus=Window{407300f0 com.android.mms/com.android.mms.ui.ComposeMessageActivity paused=false} mode=3 mCurrentFocus = Window{407300f0 com.android.mms/com.android.mms.ui.ComposeMessageActivity paused=false}
02-13 18:41:26.413 W/WindowManager(  258): updateFocusedWindowLocked newFocus=Window{407300f0 com.android.mms/com.android.mms.ui.ComposeMessageActivity paused=false} mode=3 mCurrentFocus = Window{407300f0 com.android.mms/com.android.mms.ui.ComposeMessageActivity paused=false}
02-13 18:41:26.484 D/StatusBarPolicy(  340): onSignalStrengthsChanged:SignalStrength: 99 0 -101 -315 -87 -25 7 99 2147483647 2147483647 2147483647 2147483647 cdma for subscription0
02-13 18:41:26.484 D/StatusBarPolicy(  340): updateSignalStrength on subscription :0
02-13 18:41:26.484 D/PowerManagerService(  258): setTimeoutLocked now=83657 timeoutOverride=-1 nextState=3 when=89657
02-13 18:41:26.484 D/StatusBarPolicy(  340): StatusBarPolocy::getIconLevel -EVDO
02-13 18:41:26.484 D/StatusBarPolicy(  340): getEvdoLevel_band_six -evdoDbm:-87
02-13 18:41:26.484 D/StatusBarPolicy(  340): getEvdoLevel_band_six -evdoEcio:-25
02-13 18:41:26.534 W/WindowManager(  258): updateFocusedWindowLocked newFocus=Window{407300f0 com.android.mms/com.android.mms.ui.ComposeMessageActivity paused=false} mode=3 mCurrentFocus = Window{407300f0 com.android.mms/com.android.mms.ui.ComposeMessageActivity paused=false}
02-13 18:41:26.624 W/WindowManager(  258): updateFocusedWindowLocked newFocus=Window{407300f0 com.android.mms/com.android.mms.ui.ComposeMessageActivity paused=false} mode=3 mCurrentFocus = Window{407300f0 com.android.mms/com.android.mms.ui.ComposeMessageActivity paused=false}
02-13 18:41:26.724 D/PowerManagerService(  258): setTimeoutLocked now=83896 timeoutOverride=-1 nextState=3 when=89896
02-13 18:41:26.744 W/WindowManager(  258): updateFocusedWindowLocked newFocus=Window{407300f0 com.android.mms/com.android.mms.ui.ComposeMessageActivity paused=false} mode=3 mCurrentFocus = Window{407300f0 com.android.mms/com.android.mms.ui.ComposeMessageActivity paused=false}
02-13 18:41:26.994 W/WindowManager(  258): updateFocusedWindowLocked newFocus=Window{407300f0 com.android.mms/com.android.mms.ui.ComposeMessageActivity paused=false} mode=3 mCurrentFocus = Window{407300f0 com.android.mms/com.android.mms.ui.ComposeMessageActivity paused=false}
02-13 18:41:26.994 D/PowerManagerService(  258): setTimeoutLocked now=84159 timeoutOverride=-1 nextState=3 when=90159
02-13 18:41:27.154 W/WindowManager(  258): updateFocusedWindowLocked newFocus=Window{407300f0 com.android.mms/com.android.mms.ui.ComposeMessageActivity paused=false} mode=3 mCurrentFocus = Window{407300f0 com.android.mms/com.android.mms.ui.ComposeMessageActivity paused=false}
02-13 18:41:27.374 W/WindowManager(  258): updateFocusedWindowLocked newFocus=Window{407300f0 com.android.mms/com.android.mms.ui.ComposeMessageActivity paused=false} mode=3 mCurrentFocus = Window{407300f0 com.android.mms/com.android.mms.ui.ComposeMessageActivity paused=false}
02-13 18:41:27.464 D/PowerManagerService(  258): setTimeoutLocked now=84637 timeoutOverride=-1 nextState=3 when=90637
02-13 18:41:27.484 W/WindowManager(  258): updateFocusedWindowLocked newFocus=Window{407300f0 com.android.mms/com.android.mms.ui.ComposeMessageActivity paused=false} mode=3 mCurrentFocus = Window{407300f0 com.android.mms/com.android.mms.ui.ComposeMessageActivity paused=false}
02-13 18:41:27.805 D/PowerManagerService(  258): setTimeoutLocked now=84978 timeoutOverride=-1 nextState=3 when=90978
02-13 18:41:27.815 W/WindowManager(  258): updateFocusedWindowLocked newFocus=Window{407300f0 com.android.mms/com.android.mms.ui.ComposeMessageActivity paused=false} mode=3 mCurrentFocus = Window{407300f0 com.android.mms/com.android.mms.ui.ComposeMessageActivity paused=false}
02-13 18:41:27.905 W/WindowManager(  258): updateFocusedWindowLocked newFocus=Window{407300f0 com.android.mms/com.android.mms.ui.ComposeMessageActivity paused=false} mode=3 mCurrentFocus = Window{407300f0 com.android.mms/com.android.mms.ui.ComposeMessageActivity paused=false}
02-13 18:41:28.045 W/WindowManager(  258): updateFocusedWindowLocked newFocus=Window{407300f0 com.android.mms/com.android.mms.ui.ComposeMessageActivity paused=false} mode=3 mCurrentFocus = Window{407300f0 com.android.mms/com.android.mms.ui.ComposeMessageActivity paused=false}
02-13 18:41:28.135 D/PowerManagerService(  258): setTimeoutLocked now=85304 timeoutOverride=-1 nextState=3 when=91304
02-13 18:41:28.175 W/WindowManager(  258): updateFocusedWindowLocked newFocus=Window{407300f0 com.android.mms/com.android.mms.ui.ComposeMessageActivity paused=false} mode=3 mCurrentFocus = Window{407300f0 com.android.mms/com.android.mms.ui.ComposeMessageActivity paused=false}
