02-13 18:42:25.481 W/WindowManager(  258): updateFocusedWindowLocked newFocus=Window{407300f0 com.android.mms/com.android.mms.ui.ComposeMessageActivity paused=false} mode=3 mCurrentFocus = Window{407300f0 com.android.mms/com.android.mms.ui.ComposeMessageActivity paused=false}
02-13 18:42:25.621 W/WindowManager(  258): updateFocusedWindowLocked newFocus=Window{407300f0 com.android.mms/com.android.mms.ui.ComposeMessageActivity paused=false} mode=3 mCurrentFocus = Window{407300f0 com.android.mms/com.android.mms.ui.ComposeMessageActivity paused=false}
02-13 18:42:25.921 D/PowerManagerService(  258): setTimeoutLocked now=143089 timeoutOverride=-1 nextState=3 when=149089
02-13 18:42:25.932 W/WindowManager(  258): updateFocusedWindowLocked newFocus=Window{407300f0 com.android.mms/com.android.mms.ui.ComposeMessageActivity paused=false} mode=3 mCurrentFocus = Window{407300f0 com.android.mms/com.android.mms.ui.ComposeMessageActivity paused=false}
02-13 18:42:26.022 D/StatusBarPolicy(  340): updateDataIcon subscription =0
02-13 18:42:26.052 D/PowerManagerService(  258): setTimeoutLocked now=143228 timeoutOverride=-1 nextState=3 when=149228
02-13 18:42:26.082 W/WindowManager(  258): updateFocusedWindowLocked newFocus=Window{407300f0 com.android.mms/com.android.mms.ui.ComposeMessageActivity paused=false} mode=3 mCurrentFocus = Window{407300f0 com.android.mms/com.android.mms.ui.ComposeMessageActivity paused=false}
02-13 18:42:26.112 W/WindowManager(  258): updateFocusedWindowLocked newFocus=Window{407300f0 com.android.mms/com.android.mms.ui.ComposeMessageActivity paused=false} mode=3 mCurrentFocus = Window{407300f0 com.android.mms/com.android.mms.ui.ComposeMessageActivity paused=false}
02-13 18:42:26.282 W/WindowManager(  258): updateFocusedWindowLocked newFocus=Window{407300f0 com.android.mms/com.android.mms.ui.ComposeMessageActivity paused=false} mode=3 mCurrentFocus = Window{407300f0 com.android.mms/com.android.mms.ui.ComposeMessageActivity paused=false}
02-13 18:42:26.482 D/PowerManagerService(  258): setTimeoutLocked now=143656 timeoutOverride=-1 nextState=3 when=149656
02-13 18:42:26.492 W/WindowManager(  258): updateFocusedWindowLocked newFocus=Window{407300f0 com.android.mms/com.android.mms.ui.ComposeMessageActivity paused=false} mode=3 mCurrentFocus = Window{407300f0 com.android.mms/com.android.mms.ui.ComposeMessageActivity paused=false}
02-13 18:42:26.622 D/PowerManagerService(  258): setTimeoutLocked now=143755 timeoutOverride=-1 nextState=3 when=149755
02-13 18:42:26.632 W/WindowManager(  258): updateFocusedWindowLocked newFocus=Window{407300f0 com.android.mms/com.android.mms.ui.ComposeMessageActivity paused=false} mode=3 mCurrentFocus = Window{407300f0 com.android.mms/com.android.mms.ui.ComposeMessageActivity paused=false}
02-13 18:42:26.672 D/ConnectivityService(  258): reportNetworkCondition(0, 100)
02-13 18:42:26.672 D/ConnectivityService(  258): Inet connectivity change, net=0, condition=100,mActiveDefaultNetwork=0
02-13 18:42:26.672 D/ConnectivityService(  258): starting a change hold
02-13 18:42:26.973 D/StatusBarPolicy(  340): onSignalStrengthsChanged:SignalStrength: 99 0 -93 -85 -90 -50 7 99 2147483647 2147483647 2147483647 2147483647 cdma for subscription0
02-13 18:42:26.973 D/StatusBarPolicy(  340): updateSignalStrength on subscription :0
02-13 18:42:26.983 D/StatusBarPolicy(  340): StatusBarPolocy::getIconLevel -EVDO
02-13 18:42:26.983 D/StatusBarPolicy(  340): getEvdoLevel_band_six -evdoDbm:-90
02-13 18:42:26.983 D/StatusBarPolicy(  340): getEvdoLevel_band_six -evdoEcio:-50
02-13 18:42:27.003 D/PowerManagerService(  258): setTimeoutLocked now=144169 timeoutOverride=-1 nextState=3 when=150169
02-13 18:42:27.003 W/WindowManager(  258): updateFocusedWindowLocked newFocus=Window{407300f0 com.android.mms/com.android.mms.ui.ComposeMessageActivity paused=false} mode=3 mCurrentFocus = Window{407300f0 com.android.mms/com.android.mms.ui.ComposeMessageActivity paused=false}
02-13 18:42:27.113 D/PowerManagerService(  258): setTimeoutLocked now=144282 timeoutOverride=-1 nextState=3 when=150282
02-13 18:42:27.153 W/WindowManager(  258): updateFocusedWindowLocked newFocus=Window{407300f0 com.android.mms/com.android.mms.ui.ComposeMessageActivity paused=false} mode=3 mCurrentFocus = Window{407300f0 com.android.mms/com.android.mms.ui.ComposeMessageActivity paused=false}
02-13 18:42:27.183 D/ConnectivityService(  258): Inet hold end, net=0, condition =100, published condition =0
02-13 18:42:27.183 D/StatusBarPolicy(  340): Data network type changed to:6
02-13 18:42:27.183 D/StatusBarPolicy(  340): updateDataIcon subscription =0
02-13 18:42:27.183 D/StatusBarPolicy(  340): updateSignalStrength on subscription :0
02-13 18:42:27.183 D/StatusBarPolicy(  340): StatusBarPolocy::getIconLevel -EVDO
02-13 18:42:27.183 D/StatusBarPolicy(  340): getEvdoLevel_band_six -evdoDbm:-90
02-13 18:42:27.183 D/StatusBarPolicy(  340): getEvdoLevel_band_six -evdoEcio:-50
02-13 18:42:27.313 W/WindowManager(  258): updateFocusedWindowLocked newFocus=Window{407300f0 com.android.mms/com.android.mms.ui.ComposeMessageActivity paused=false} mode=3 mCurrentFocus = Window{407300f0 com.android.mms/com.android.mms.ui.ComposeMessageActivity paused=false}
02-13 18:42:27.423 W/WindowManager(  258): updateFocusedWindowLocked newFocus=Window{407300f0 com.android.mms/com.android.mms.ui.ComposeMessageActivity paused=false} mode=3 mCurrentFocus = Window{407300f0 com.android.mms/com.android.mms.ui.ComposeMessageActivity paused=false}
02-13 18:42:27.483 W/WindowManager(  258): updateFocusedWindowLocked newFocus=Window{407300f0 com.android.mms/com.android.mms.ui.ComposeMessageActivity paused=false} mode=3 mCurrentFocus = Window{407300f0 com.android.mms/com.android.mms.ui.ComposeMessageActivity paused=false}
02-13 18:42:27.563 D/PowerManagerService(  258): setTimeoutLocked now=144733 timeoutOverride=-1 nextState=3 when=150733
02-13 18:42:27.603 W/WindowManager(  258): updateFocusedWindowLocked newFocus=Window{407300f0 com.android.mms/com.android.mms.ui.ComposeMessageActivity paused=false} mode=3 mCurrentFocus = Window{407300f0 com.android.mms/com.android.mms.ui.ComposeMessageActivity paused=false}
02-13 18:42:27.703 W/WindowManager(  258): updateFocusedWindowLocked newFocus=Window{407300f0 com.android.mms/com.android.mms.ui.ComposeMessageActivity paused=false} mode=3 mCurrentFocus = Window{407300f0 com.android.mms/com.android.mms.ui.ComposeMessageActivity paused=false}
02-13 18:42:27.793 D/PowerManagerService(  258): setTimeoutLocked now=144960 timeoutOverride=-1 nextState=3 when=150960
02-13 18:42:27.853 W/WindowManager(  258): updateFocusedWindowLocked newFocus=Window{407300f0 com.android.mms/com.android.mms.ui.ComposeMessageActivity paused=false} mode=3 mCurrentFocus = Window{407300f0 com.android.mms/com.android.mms.ui.ComposeMessageActivity paused=false}
02-13 18:42:28.034 D/StatusBarPolicy(  340): updateDataIcon subscription =0
02-13 18:42:28.054 W/WindowManager(  258): updateFocusedWindowLocked newFocus=Window{407300f0 com.android.mms/com.android.mms.ui.ComposeMessageActivity paused=false} mode=3 mCurrentFocus = Window{407300f0 com.android.mms/com.android.mms.ui.ComposeMessageActivity paused=false}
02-13 18:42:28.074 D/PowerManagerService(  258): setTimeoutLocked now=145249 timeoutOverride=-1 nextState=3 when=151249
02-13 18:42:28.164 W/WindowManager(  258): updateFocusedWindowLocked newFocus=Window{407300f0 com.android.mms/com.android.mms.ui.ComposeMessageActivity paused=false} mode=3 mCurrentFocus = Window{407300f0 com.android.mms/com.android.mms.ui.ComposeMessageActivity paused=false}
02-13 18:42:28.214 W/WindowManager(  258): updateFocusedWindowLocked newFocus=Window{407300f0 com.android.mms/com.android.mms.ui.ComposeMessageActivity paused=false} mode=3 mCurrentFocus = Window{407300f0 com.android.mms/com.android.mms.ui.ComposeMessageActivity paused=false}
02-13 18:42:28.324 D/PowerManagerService(  258): setTimeoutLocked now=145499 timeoutOverride=-1 nextState=3 when=151499
02-13 18:42:28.354 W/WindowManager(  258): updateFocusedWindowLocked newFocus=Window{407300f0 com.android.mms/com.android.mms.ui.ComposeMessageActivity paused=false} mode=3 mCurrentFocus = Window{407300f0 com.android.mms/com.android.mms.ui.ComposeMessageActivity paused=false}
02-13 18:42:28.374 W/WindowManager(  258): updateFocusedWindowLocked newFocus=Window{407300f0 com.android.mms/com.android.mms.ui.ComposeMessageActivity paused=false} mode=3 mCurrentFocus = Window{407300f0 com.android.mms/com.android.mms.ui.ComposeMessageActivity paused=false}
02-13 18:42:28.554 W/WindowManager(  258): updateFocusedWindowLocked newFocus=Window{407300f0 com.android.mms/com.android.mms.ui.ComposeMessageActivity paused=false} mode=3 mCurrentFocus = Window{407300f0 com.android.mms/com.android.mms.ui.ComposeMessageActivity paused=false}
02-13 18:42:28.584 D/PowerManagerService(  258): setTimeoutLocked now=145750 timeoutOverride=-1 nextState=3 when=151750
02-13 18:42:28.584 W/WindowManager(  258): updateFocusedWindowLocked newFocus=Window{407300f0 com.android.mms/com.android.mms.ui.ComposeMessageActivity paused=false} mode=3 mCurrentFocus = Window{407300f0 com.android.mms/com.android.mms.ui.ComposeMessageActivity paused=false}
02-13 18:42:28.714 W/WindowManager(  258): updateFocusedWindowLocked newFocus=Window{407300f0 com.android.mms/com.android.mms.ui.ComposeMessageActivity paused=false} mode=3 mCurrentFocus = Window{407300f0 com.android.mms/com.android.mms.ui.ComposeMessageActivity paused=false}
02-13 18:42:28.794 W/WindowManager(  258): updateFocusedWindowLocked newFocus=Window{407300f0 com.android.mms/com.android.mms.ui.ComposeMessageActivity paused=false} mode=3 mCurrentFocus = Window{407300f0 com.android.mms/com.android.mms.ui.ComposeMessageActivity paused=false}
02-13 18:42:28.894 D/PowerManagerService(  258): setTimeoutLocked now=146063 timeoutOverride=-1 nextState=3 when=152063
02-13 18:42:28.944 W/WindowManager(  258): updateFocusedWindowLocked newFocus=Window{407300f0 com.android.mms/com.android.mms.ui.ComposeMessageActivity paused=false} mode=3 mCurrentFocus = Window{407300f0 com.android.mms/com.android.mms.ui.ComposeMessageActivity paused=false}
02-13 18:42:29.235 D/StatusBarPolicy(  340): onSignalStrengthsChanged:SignalStrength: 99 0 -92 -70 -89 -40 7 99 2147483647 2147483647 2147483647 2147483647 cdma for subscription0
02-13 18:42:29.235 D/StatusBarPolicy(  340): updateSignalStrength on subscription :0
02-13 18:42:29.245 D/StatusBarPolicy(  340): StatusBarPolocy::getIconLevel -EVDO
02-13 18:42:29.245 D/StatusBarPolicy(  340): getEvdoLevel_band_six -evdoDbm:-89
02-13 18:42:29.245 D/StatusBarPolicy(  340): getEvdoLevel_band_six -evdoEcio:-40
02-13 18:42:29.375 D/PowerManagerService(  258): setTimeoutLocked now=146540 timeoutOverride=-1 nextState=3 when=152540
02-13 18:42:29.415 W/WindowManager(  258): updateFocusedWindowLocked newFocus=Window{407300f0 com.android.mms/com.android.mms.ui.ComposeMessageActivity paused=false} mode=3 mCurrentFocus = Window{407300f0 com.android.mms/com.android.mms.ui.ComposeMessageActivity paused=false}
02-13 18:42:29.495 D/PowerManagerService(  258): setTimeoutLocked now=146667 timeoutOverride=-1 nextState=3 when=152667
02-13 18:42:29.515 W/WindowManager(  258): updateFocusedWindowLocked newFocus=Window{407300f0 com.android.mms/com.android.mms.ui.ComposeMessageActivity paused=false} mode=3 mCurrentFocus = Window{407300f0 com.android.mms/com.android.mms.ui.ComposeMessageActivity paused=false}
02-13 18:42:29.575 W/WindowManager(  258): updateFocusedWindowLocked newFocus=Window{407300f0 com.android.mms/com.android.mms.ui.ComposeMessageActivity paused=false} mode=3 mCurrentFocus = Window{407300f0 com.android.mms/com.android.mms.ui.ComposeMessageActivity paused=false}
02-13 18:42:29.725 W/WindowManager(  258): updateFocusedWindowLocked newFocus=Window{407300f0 com.android.mms/com.android.mms.ui.ComposeMessageActivity paused=false} mode=3 mCurrentFocus = Window{407300f0 com.android.mms/com.android.mms.ui.ComposeMessageActivity paused=false}
02-13 18:42:29.785 W/WindowManager(  258): updateFocusedWindowLocked newFocus=Window{407300f0 com.android.mms/com.android.mms.ui.ComposeMessageActivity paused=false} mode=3 mCurrentFocus = Window{407300f0 com.android.mms/com.android.mms.ui.ComposeMessageActivity paused=false}
02-13 18:42:29.875 D/PowerManagerService(  258): setTimeoutLocked now=147041 timeoutOverride=-1 nextState=3 when=153041
02-13 18:42:29.905 W/WindowManager(  258): updateFocusedWindowLocked newFocus=Window{407300f0 com.android.mms/com.android.mms.ui.ComposeMessageActivity paused=false} mode=3 mCurrentFocus = Window{407300f0 com.android.mms/com.android.mms.ui.ComposeMessageActivity paused=false}
02-13 18:42:29.975 W/WindowManager(  258): updateFocusedWindowLocked newFocus=Window{407300f0 com.android.mms/com.android.mms.ui.ComposeMessageActivity paused=false} mode=3 mCurrentFocus = Window{407300f0 com.android.mms/com.android.mms.ui.ComposeMessageActivity paused=false}
02-13 18:42:30.076 D/PowerManagerService(  258): setTimeoutLocked now=147242 timeoutOverride=-1 nextState=3 when=153242
02-13 18:42:30.096 W/WindowManager(  258): updateFocusedWindowLocked newFocus=Window{407300f0 com.android.mms/com.android.mms.ui.ComposeMessageActivity paused=false} mode=3 mCurrentFocus = Window{407300f0 com.android.mms/com.android.mms.ui.ComposeMessageActivity paused=false}
02-13 18:42:30.146 W/WindowManager(  258): updateFocusedWindowLocked newFocus=Window{407300f0 com.android.mms/com.android.mms.ui.ComposeMessageActivity paused=false} mode=3 mCurrentFocus = Window{407300f0 com.android.mms/com.android.mms.ui.ComposeMessageActivity paused=false}
02-13 18:42:30.256 W/WindowManager(  258): updateFocusedWindowLocked newFocus=Window{407300f0 com.android.mms/com.android.mms.ui.ComposeMessageActivity paused=false} mode=3 mCurrentFocus = Window{407300f0 com.android.mms/com.android.mms.ui.ComposeMessageActivity paused=false}
02-13 18:42:30.456 D/PowerManagerService(  258): setTimeoutLocked now=147620 timeoutOverride=-1 nextState=3 when=153620
02-13 18:42:30.456 W/WindowManager(  258): updateFocusedWindowLocked newFocus=Window{407300f0 com.android.mms/com.android.mms.ui.ComposeMessageActivity paused=false} mode=3 mCurrentFocus = Window{407300f0 com.android.mms/com.android.mms.ui.ComposeMessageActivity paused=false}
02-13 18:42:30.586 W/WindowManager(  258): updateFocusedWindowLocked newFocus=Window{407300f0 com.android.mms/com.android.mms.ui.ComposeMessageActivity paused=false} mode=3 mCurrentFocus = Window{407300f0 com.android.mms/com.android.mms.ui.ComposeMessageActivity paused=false}
02-13 18:42:31.177 D/PowerManagerService(  258): setTimeoutLocked now=148340 timeoutOverride=-1 nextState=3 when=154340
02-13 18:42:31.197 W/WindowManager(  258): updateFocusedWindowLocked newFocus=Window{407300f0 com.android.mms/com.android.mms.ui.ComposeMessageActivity paused=false} mode=3 mCurrentFocus = Window{407300f0 com.android.mms/com.android.mms.ui.ComposeMessageActivity paused=false}
02-13 18:42:31.207 D/PowerManagerService(  258): setTimeoutLocked now=148376 timeoutOverride=-1 nextState=3 when=154376
02-13 18:42:31.237 W/WindowManager(  258): updateFocusedWindowLocked newFocus=Window{407300f0 com.android.mms/com.android.mms.ui.ComposeMessageActivity paused=false} mode=3 mCurrentFocus = Window{407300f0 com.android.mms/com.android.mms.ui.ComposeMessageActivity paused=false}
02-13 18:42:31.347 W/WindowManager(  258): updateFocusedWindowLocked newFocus=Window{407300f0 com.android.mms/com.android.mms.ui.ComposeMessageActivity paused=false} mode=3 mCurrentFocus = Window{407300f0 com.android.mms/com.android.mms.ui.ComposeMessageActivity paused=false}
02-13 18:42:31.417 W/WindowManager(  258): updateFocusedWindowLocked newFocus=Window{407300f0 com.android.mms/com.android.mms.ui.ComposeMessageActivity paused=false} mode=3 mCurrentFocus = Window{407300f0 com.android.mms/com.android.mms.ui.ComposeMessageActivity paused=false}
02-13 18:42:31.457 D/StatusBarPolicy(  340): onSignalStrengthsChanged:SignalStrength: 99 0 -92 -80 -89 -40 7 99 2147483647 2147483647 2147483647 2147483647 cdma for subscription0
02-13 18:42:31.457 D/StatusBarPolicy(  340): updateSignalStrength on subscription :0
02-13 18:42:31.457 D/StatusBarPolicy(  340): StatusBarPolocy::getIconLevel -EVDO
02-13 18:42:31.457 D/StatusBarPolicy(  340): getEvdoLevel_band_six -evdoDbm:-89
02-13 18:42:31.457 D/StatusBarPolicy(  340): getEvdoLevel_band_six -evdoEcio:-40
02-13 18:42:31.537 W/WindowManager(  258): updateFocusedWindowLocked newFocus=Window{407300f0 com.android.mms/com.android.mms.ui.ComposeMessageActivity paused=false} mode=3 mCurrentFocus = Window{407300f0 com.android.mms/com.android.mms.ui.ComposeMessageActivity paused=false}
02-13 18:42:31.637 W/WindowManager(  258): updateFocusedWindowLocked newFocus=Window{407300f0 com.android.mms/com.android.mms.ui.ComposeMessageActivity paused=false} mode=3 mCurrentFocus = Window{407300f0 com.android.mms/com.android.mms.ui.ComposeMessageActivity paused=false}
02-13 18:42:31.947 D/PowerManagerService(  258): setTimeoutLocked now=149117 timeoutOverride=-1 nextState=3 when=155117
02-13 18:42:31.967 W/WindowManager(  258): updateFocusedWindowLocked newFocus=Window{407300f0 com.android.mms/com.android.mms.ui.ComposeMessageActivity paused=false} mode=3 mCurrentFocus = Window{407300f0 com.android.mms/com.android.mms.ui.ComposeMessageActivity paused=false}
02-13 18:42:32.077 D/PowerManagerService(  258): setTimeoutLocked now=149241 timeoutOverride=-1 nextState=3 when=155241
02-13 18:42:32.088 W/WindowManager(  258): updateFocusedWindowLocked newFocus=Window{407300f0 com.android.mms/com.android.mms.ui.ComposeMessageActivity paused=false} mode=3 mCurrentFocus = Window{407300f0 com.android.mms/com.android.mms.ui.ComposeMessageActivity paused=false}
02-13 18:42:32.378 W/WindowManager(  258): updateFocusedWindowLocked newFocus=Window{407300f0 com.android.mms/com.android.mms.ui.ComposeMessageActivity paused=false} mode=3 mCurrentFocus = Window{407300f0 com.android.mms/com.android.mms.ui.ComposeMessageActivity paused=false}
02-13 18:42:32.468 W/WindowManager(  258): updateFocusedWindowLocked newFocus=Window{407300f0 com.android.mms/com.android.mms.ui.ComposeMessageActivity paused=false} mode=3 mCurrentFocus = Window{407300f0 com.android.mms/com.android.mms.ui.ComposeMessageActivity paused=false}
02-13 18:42:32.568 D/PowerManagerService(  258): setTimeoutLocked now=149735 timeoutOverride=-1 nextState=3 when=155735
02-13 18:42:32.578 W/WindowManager(  258): updateFocusedWindowLocked newFocus=Window{407300f0 com.android.mms/com.android.mms.ui.ComposeMessageActivity paused=false} mode=3 mCurrentFocus = Window{407300f0 com.android.mms/com.android.mms.ui.ComposeMessageActivity paused=false}
02-13 18:42:32.688 D/PowerManagerService(  258): setTimeoutLocked now=149856 timeoutOverride=-1 nextState=3 when=155856
02-13 18:42:32.728 W/WindowManager(  258): updateFocusedWindowLocked newFocus=Window{407300f0 com.android.mms/com.android.mms.ui.ComposeMessageActivity paused=false} mode=3 mCurrentFocus = Window{407300f0 com.android.mms/com.android.mms.ui.ComposeMessageActivity paused=false}
02-13 18:42:32.748 W/WindowManager(  258): updateFocusedWindowLocked newFocus=Window{407300f0 com.android.mms/com.android.mms.ui.ComposeMessageActivity paused=false} mode=3 mCurrentFocus = Window{407300f0 com.android.mms/com.android.mms.ui.ComposeMessageActivity paused=false}
02-13 18:42:32.878 W/WindowManager(  258): updateFocusedWindowLocked newFocus=Window{407300f0 com.android.mms/com.android.mms.ui.ComposeMessageActivity paused=false} mode=3 mCurrentFocus = Window{407300f0 com.android.mms/com.android.mms.ui.ComposeMessageActivity paused=false}
02-13 18:42:33.209 D/PowerManagerService(  258): setTimeoutLocked now=150371 timeoutOverride=-1 nextState=3 when=156371
02-13 18:42:33.259 W/WindowManager(  258): updateFocusedWindowLocked newFocus=Window{407300f0 com.android.mms/com.android.mms.ui.ComposeMessageActivity paused=false} mode=3 mCurrentFocus = Window{407300f0 com.android.mms/com.android.mms.ui.ComposeMessageActivity paused=false}
02-13 18:42:33.329 D/PowerManagerService(  258): setTimeoutLocked now=150496 timeoutOverride=-1 nextState=3 when=156496
02-13 18:42:33.379 W/WindowManager(  258): updateFocusedWindowLocked newFocus=Window{407300f0 com.android.mms/com.android.mms.ui.ComposeMessageActivity paused=false} mode=3 mCurrentFocus = Window{407300f0 com.android.mms/com.android.mms.ui.ComposeMessageActivity paused=false}
02-13 18:42:33.529 W/WindowManager(  258): updateFocusedWindowLocked newFocus=Window{407300f0 com.android.mms/com.android.mms.ui.ComposeMessageActivity paused=false} mode=3 mCurrentFocus = Window{407300f0 com.android.mms/com.android.mms.ui.ComposeMessageActivity paused=false}
02-13 18:42:33.649 W/WindowManager(  258): updateFocusedWindowLocked newFocus=Window{407300f0 com.android.mms/com.android.mms.ui.ComposeMessageActivity paused=false} mode=3 mCurrentFocus = Window{407300f0 com.android.mms/com.android.mms.ui.ComposeMessageActivity paused=false}
02-13 18:42:33.919 D/PowerManagerService(  258): setTimeoutLocked now=151086 timeoutOverride=-1 nextState=3 when=157086
02-13 18:42:33.929 W/WindowManager(  258): updateFocusedWindowLocked newFocus=Window{407300f0 com.android.mms/com.android.mms.ui.ComposeMessageActivity paused=false} mode=3 mCurrentFocus = Window{407300f0 com.android.mms/com.android.mms.ui.ComposeMessageActivity paused=false}
02-13 18:42:34.049 D/PowerManagerService(  258): setTimeoutLocked now=151213 timeoutOverride=-1 nextState=3 when=157213
02-13 18:42:34.069 W/WindowManager(  258): updateFocusedWindowLocked newFocus=Window{407300f0 com.android.mms/com.android.mms.ui.ComposeMessageActivity paused=false} mode=3 mCurrentFocus = Window{407300f0 com.android.mms/com.android.mms.ui.ComposeMessageActivity paused=false}
02-13 18:42:34.470 D/PowerManagerService(  258): setTimeoutLocked now=151638 timeoutOverride=-1 nextState=3 when=157638
02-13 18:42:34.490 W/WindowManager(  258): updateFocusedWindowLocked newFocus=Window{407300f0 com.android.mms/com.android.mms.ui.ComposeMessageActivity paused=false} mode=3 mCurrentFocus = Window{407300f0 com.android.mms/com.android.mms.ui.ComposeMessageActivity paused=false}
02-13 18:42:34.600 D/PowerManagerService(  258): setTimeoutLocked now=151763 timeoutOverride=-1 nextState=3 when=157763
02-13 18:42:34.610 W/WindowManager(  258): updateFocusedWindowLocked newFocus=Window{407300f0 com.android.mms/com.android.mms.ui.ComposeMessageActivity paused=false} mode=3 mCurrentFocus = Window{407300f0 com.android.mms/com.android.mms.ui.ComposeMessageActivity paused=false}
02-13 18:42:35.010 D/PowerManagerService(  258): setTimeoutLocked now=152179 timeoutOverride=-1 nextState=3 when=158179
02-13 18:42:35.020 W/WindowManager(  258): updateFocusedWindowLocked newFocus=Window{407300f0 com.android.mms/com.android.mms.ui.ComposeMessageActivity paused=false} mode=3 mCurrentFocus = Window{407300f0 com.android.mms/com.android.mms.ui.ComposeMessageActivity paused=false}
02-13 18:42:35.150 D/PowerManagerService(  258): setTimeoutLocked now=152315 timeoutOverride=-1 nextState=3 when=158315
02-13 18:42:35.191 W/WindowManager(  258): updateFocusedWindowLocked newFocus=Window{407300f0 com.android.mms/com.android.mms.ui.ComposeMessageActivity paused=false} mode=3 mCurrentFocus = Window{407300f0 com.android.mms/com.android.mms.ui.ComposeMessageActivity paused=false}
02-13 18:42:35.231 W/WindowManager(  258): updateFocusedWindowLocked newFocus=Window{407300f0 com.android.mms/com.android.mms.ui.ComposeMessageActivity paused=false} mode=3 mCurrentFocus = Window{407300f0 com.android.mms/com.android.mms.ui.ComposeMessageActivity paused=false}
02-13 18:42:35.361 W/WindowManager(  258): updateFocusedWindowLocked newFocus=Window{407300f0 com.android.mms/com.android.mms.ui.ComposeMessageActivity paused=false} mode=3 mCurrentFocus = Window{407300f0 com.android.mms/com.android.mms.ui.ComposeMessageActivity paused=false}
02-13 18:42:35.451 W/WindowManager(  258): updateFocusedWindowLocked newFocus=Window{407300f0 com.android.mms/com.android.mms.ui.ComposeMessageActivity paused=false} mode=3 mCurrentFocus = Window{407300f0 com.android.mms/com.android.mms.ui.ComposeMessageActivity paused=false}
02-13 18:42:35.511 W/WindowManager(  258): updateFocusedWindowLocked newFocus=Window{407300f0 com.android.mms/com.android.mms.ui.ComposeMessageActivity paused=false} mode=3 mCurrentFocus = Window{407300f0 com.android.mms/com.android.mms.ui.ComposeMessageActivity paused=false}
02-13 18:42:35.571 D/PowerManagerService(  258): setTimeoutLocked now=152741 timeoutOverride=-1 nextState=3 when=158741
02-13 18:42:35.571 W/WindowManager(  258): updateFocusedWindowLocked newFocus=Window{407300f0 com.android.mms/com.android.mms.ui.ComposeMessageActivity paused=false} mode=3 mCurrentFocus = Window{407300f0 com.android.mms/com.android.mms.ui.ComposeMessageActivity paused=false}
02-13 18:42:35.681 D/PowerManagerService(  258): setTimeoutLocked now=152855 timeoutOverride=-1 nextState=3 when=158855
02-13 18:42:35.691 W/WindowManager(  258): updateFocusedWindowLocked newFocus=Window{407300f0 com.android.mms/com.android.mms.ui.ComposeMessageActivity paused=false} mode=3 mCurrentFocus = Window{407300f0 com.android.mms/com.android.mms.ui.ComposeMessageActivity paused=false}
02-13 18:42:35.771 W/WindowManager(  258): updateFocusedWindowLocked newFocus=Window{407300f0 com.android.mms/com.android.mms.ui.ComposeMessageActivity paused=false} mode=3 mCurrentFocus = Window{407300f0 com.android.mms/com.android.mms.ui.ComposeMessageActivity paused=false}
02-13 18:42:35.861 W/WindowManager(  258): updateFocusedWindowLocked newFocus=Window{407300f0 com.android.mms/com.android.mms.ui.ComposeMessageActivity paused=false} mode=3 mCurrentFocus = Window{407300f0 com.android.mms/com.android.mms.ui.ComposeMessageActivity paused=false}
02-13 18:42:35.931 D/StatusBarPolicy(  340): onSignalStrengthsChanged:SignalStrength: 99 0 -91 -70 -89 -40 7 99 2147483647 2147483647 2147483647 2147483647 cdma for subscription0
02-13 18:42:35.931 D/StatusBarPolicy(  340): updateSignalStrength on subscription :0
02-13 18:42:35.941 D/StatusBarPolicy(  340): StatusBarPolocy::getIconLevel -EVDO
02-13 18:42:35.941 D/StatusBarPolicy(  340): getEvdoLevel_band_six -evdoDbm:-89
02-13 18:42:35.941 D/StatusBarPolicy(  340): getEvdoLevel_band_six -evdoEcio:-40
02-13 18:42:36.232 D/PowerManagerService(  258): setTimeoutLocked now=153396 timeoutOverride=-1 nextState=3 when=159396
02-13 18:42:36.352 D/PowerManagerService(  258): setTimeoutLocked now=153520 timeoutOverride=-1 nextState=3 when=159520
02-13 18:42:36.932 D/StatusBarPolicy(  340): updateDataIcon subscription =0
02-13 18:42:38.013 D/StatusBarPolicy(  340): onSignalStrengthsChanged:SignalStrength: 99 0 -93 -90 -88 -40 7 99 2147483647 2147483647 2147483647 2147483647 cdma for subscription0
02-13 18:42:38.013 D/StatusBarPolicy(  340): updateSignalStrength on subscription :0
02-13 18:42:38.013 D/StatusBarPolicy(  340): StatusBarPolocy::getIconLevel -EVDO
02-13 18:42:38.013 D/StatusBarPolicy(  340): getEvdoLevel_band_six -evdoDbm:-88
02-13 18:42:38.013 D/StatusBarPolicy(  340): getEvdoLevel_band_six -evdoEcio:-40
02-13 18:42:40.696 D/PowerManagerService(  258): setTimeoutLocked now=157859 timeoutOverride=-1 nextState=3 when=163859
02-13 18:42:40.816 W/WindowManager(  258): updateFocusedWindowLocked newFocus=Window{407300f0 com.android.mms/com.android.mms.ui.ComposeMessageActivity paused=false} mode=3 mCurrentFocus = Window{407300f0 com.android.mms/com.android.mms.ui.ComposeMessageActivity paused=false}
02-13 18:42:42.688 D/StatusBarPolicy(  340): onSignalStrengthsChanged:SignalStrength: 99 0 -93 -80 -88 -40 7 99 2147483647 2147483647 2147483647 2147483647 cdma for subscription0
02-13 18:42:42.688 D/StatusBarPolicy(  340): updateSignalStrength on subscription :0
02-13 18:42:42.688 D/StatusBarPolicy(  340): StatusBarPolocy::getIconLevel -EVDO
02-13 18:42:42.688 D/StatusBarPolicy(  340): getEvdoLevel_band_six -evdoDbm:-88
02-13 18:42:42.698 D/StatusBarPolicy(  340): getEvdoLevel_band_six -evdoEcio:-40
02-13 18:42:44.620 D/StatusBarPolicy(  340): onSignalStrengthsChanged:SignalStrength: 99 0 -93 -70 -88 -40 7 99 2147483647 2147483647 2147483647 2147483647 cdma for subscription0
02-13 18:42:44.620 D/StatusBarPolicy(  340): updateSignalStrength on subscription :0
02-13 18:42:44.620 D/StatusBarPolicy(  340): StatusBarPolocy::getIconLevel -EVDO
02-13 18:42:44.620 D/StatusBarPolicy(  340): getEvdoLevel_band_six -evdoDbm:-88
02-13 18:42:44.620 D/StatusBarPolicy(  340): getEvdoLevel_band_six -evdoEcio:-40
02-13 18:42:44.630 I/TelephonyRegistry(  258): notifyServiceState: 0 home Sprint  310099  EvDo rev. A CSS not supported 41 4139RoamInd: 1RoamStatus(sprint): 1DefRoamInd: 160EmergOnly: false
02-13 18:42:44.630 D/StatusBarPolicy(  340): onServiceStateChanged:0 home Sprint  310099  EvDo rev. A CSS not supported 41 4139RoamInd: 1RoamStatus(sprint): 1DefRoamInd: 160EmergOnly: falsefor subscription :0
02-13 18:42:44.630 D/StatusBarPolicy(  340): updateSignalStrength on subscription :0
02-13 18:42:44.630 D/StatusBarPolicy(  340): StatusBarPolocy::getIconLevel -EVDO
02-13 18:42:44.630 D/StatusBarPolicy(  340): getEvdoLevel_band_six -evdoDbm:-88
02-13 18:42:44.630 D/StatusBarPolicy(  340): getEvdoLevel_band_six -evdoEcio:-40
02-13 18:42:44.630 D/StatusBarPolicy(  340): updateDataIcon subscription =0
02-13 18:42:46.702 D/PowerManagerService(  258): setTimeoutLocked now=163861 timeoutOverride=-1 nextState=1 when=270861
02-13 18:42:47.152 D/StatusBarPolicy(  340): onSignalStrengthsChanged:SignalStrength: 99 0 -93 -90 -88 -40 7 99 2147483647 2147483647 2147483647 2147483647 cdma for subscription0
02-13 18:42:47.152 D/StatusBarPolicy(  340): updateSignalStrength on subscription :0
02-13 18:42:47.162 D/StatusBarPolicy(  340): StatusBarPolocy::getIconLevel -EVDO
02-13 18:42:47.162 D/StatusBarPolicy(  340): getEvdoLevel_band_six -evdoDbm:-88
02-13 18:42:47.162 D/StatusBarPolicy(  340): getEvdoLevel_band_six -evdoEcio:-40
02-13 18:42:47.733 D/PowerManagerService(  258): setTimeoutLocked now=164897 timeoutOverride=-1 nextState=3 when=170897
02-13 18:42:47.873 D/PowerManagerService(  258): setTimeoutLocked now=165044 timeoutOverride=-1 nextState=3 when=171044
02-13 18:42:47.913 W/WindowManager(  258): updateFocusedWindowLocked newFocus=Window{407300f0 com.android.mms/com.android.mms.ui.ComposeMessageActivity paused=false} mode=3 mCurrentFocus = Window{407300f0 com.android.mms/com.android.mms.ui.ComposeMessageActivity paused=false}
02-13 18:42:47.983 W/WindowManager(  258): updateFocusedWindowLocked newFocus=Window{407300f0 com.android.mms/com.android.mms.ui.ComposeMessageActivity paused=false} mode=3 mCurrentFocus = Window{407300f0 com.android.mms/com.android.mms.ui.ComposeMessageActivity paused=false}
02-13 18:42:49.394 D/StatusBarPolicy(  340): onSignalStrengthsChanged:SignalStrength: 99 0 -94 -130 -88 -40 7 99 2147483647 2147483647 2147483647 2147483647 cdma for subscription0
02-13 18:42:49.394 D/StatusBarPolicy(  340): updateSignalStrength on subscription :0
02-13 18:42:49.394 D/StatusBarPolicy(  340): StatusBarPolocy::getIconLevel -EVDO
02-13 18:42:49.404 D/StatusBarPolicy(  340): getEvdoLevel_band_six -evdoDbm:-88
02-13 18:42:49.404 D/StatusBarPolicy(  340): getEvdoLevel_band_six -evdoEcio:-40
02-13 18:42:51.476 I/WindowManager(  258): Setting rotation to 1, animFlags=0
02-13 18:42:51.496 I/ActivityManager(  258): Config changed: { scale=1.0 imsi=310/120 loc=en_US touch=3 keys=1/1/2 nav=1/1 orien=2 layout=18 uiMode=17 seq=19}
02-13 18:42:51.637 D/StatusBarPolicy(  340): onSignalStrengthsChanged:SignalStrength: 99 0 -95 -90 -90 -40 7 99 2147483647 2147483647 2147483647 2147483647 cdma for subscription0
02-13 18:42:51.637 D/StatusBarPolicy(  340): updateSignalStrength on subscription :0
02-13 18:42:51.637 D/StatusBarPolicy(  340): StatusBarPolocy::getIconLevel -EVDO
02-13 18:42:51.637 D/StatusBarPolicy(  340): getEvdoLevel_band_six -evdoDbm:-90
02-13 18:42:51.637 D/StatusBarPolicy(  340): getEvdoLevel_band_six -evdoEcio:-40
02-13 18:42:51.687 W/WindowManager(  258): updateFocusedWindowLocked newFocus=Window{407300f0 com.android.mms/com.android.mms.ui.ComposeMessageActivity paused=false} mode=0 mCurrentFocus = Window{407300f0 com.android.mms/com.android.mms.ui.ComposeMessageActivity paused=false}
02-13 18:42:53.568 D/WifiService(  258): ACTION_SCREEN_OFF
02-13 18:42:53.578 D/StatusBarPolicy(  340): onSignalStrengthsChanged:SignalStrength: 99 0 -95 -70 -90 -40 7 99 2147483647 2147483647 2147483647 2147483647 cdma for subscription0
02-13 18:42:53.578 D/StatusBarPolicy(  340): updateSignalStrength on subscription :0
02-13 18:42:53.578 D/StatusBarPolicy(  340): StatusBarPolocy::getIconLevel -EVDO
02-13 18:42:53.578 D/StatusBarPolicy(  340): getEvdoLevel_band_six -evdoDbm:-90
02-13 18:42:53.578 D/StatusBarPolicy(  340): getEvdoLevel_band_six -evdoEcio:-40
02-13 18:42:53.588 D/WifiService(  258): setting ACTION_DEVICE_IDLE timer for 120,000 ms
02-13 18:42:53.609 I/TelephonyRegistry(  258): notifyServiceState: 0 home Sprint  310099  EvDo rev. A CSS not supported 41 4139RoamInd: 1RoamStatus(sprint): 1DefRoamInd: 160EmergOnly: false
02-13 18:42:53.609 D/StatusBarPolicy(  340): onServiceStateChanged:0 home Sprint  310099  EvDo rev. A CSS not supported 41 4139RoamInd: 1RoamStatus(sprint): 1DefRoamInd: 160EmergOnly: falsefor subscription :0
02-13 18:42:53.609 D/StatusBarPolicy(  340): updateSignalStrength on subscription :0
02-13 18:42:53.619 D/StatusBarPolicy(  340): StatusBarPolocy::getIconLevel -EVDO
02-13 18:42:53.619 D/StatusBarPolicy(  340): getEvdoLevel_band_six -evdoDbm:-90
02-13 18:42:53.619 D/StatusBarPolicy(  340): getEvdoLevel_band_six -evdoEcio:-40
02-13 18:42:53.619 D/StatusBarPolicy(  340): updateDataIcon subscription =0
02-13 18:42:53.849 D/PowerManagerService(  258): setTimeoutLocked now=171012 timeoutOverride=-1 nextState=0 when=178012
02-13 18:42:53.859 W/WindowManager(  258): updateFocusedWindowLocked newFocus=Window{4082e058 Keyguard paused=false} mode=3 mCurrentFocus = Window{407300f0 com.android.mms/com.android.mms.ui.ComposeMessageActivity paused=false}
02-13 18:42:53.939 I/WindowManager(  258): Setting rotation to 0, animFlags=1
02-13 18:42:53.959 I/ActivityManager(  258): Config changed: { scale=1.0 imsi=310/120 loc=en_US touch=3 keys=1/1/2 nav=1/1 orien=1 layout=18 uiMode=17 seq=20}
02-13 18:42:54.009 W/WindowManager(  258): updateFocusedWindowLocked newFocus=Window{4082e058 Keyguard paused=false} mode=3 mCurrentFocus = Window{4082e058 Keyguard paused=false}
02-13 18:42:54.049 W/WindowManager(  258): updateFocusedWindowLocked newFocus=Window{4082e058 Keyguard paused=false} mode=3 mCurrentFocus = Window{4082e058 Keyguard paused=false}
02-13 18:42:54.109 W/WindowManager(  258): updateFocusedWindowLocked newFocus=Window{4082e058 Keyguard paused=false} mode=3 mCurrentFocus = Window{4082e058 Keyguard paused=false}
02-13 18:42:54.389 W/WindowManager(  258): updateFocusedWindowLocked newFocus=Window{4082e058 Keyguard paused=false} mode=3 mCurrentFocus = Window{4082e058 Keyguard paused=false}
02-13 18:42:54.429 W/WindowManager(  258): updateFocusedWindowLocked newFocus=Window{4082e058 Keyguard paused=false} mode=3 mCurrentFocus = Window{4082e058 Keyguard paused=false}
02-13 18:43:00.005 D/AlarmManager(  258): scheduleTimeTickEvent calendar=Mon Feb 13 18:44:00 CST 2012
02-13 18:43:00.005 D/AlarmManager(  258): calendar.getTimeInMillis()1329180240000
02-13 18:43:26.631 W/WindowManager(  258): updateFocusedWindowLocked newFocus=Window{4082e058 Keyguard paused=false} mode=3 mCurrentFocus = Window{4082e058 Keyguard paused=false}
02-13 18:44:00.003 D/AlarmManager(  258): scheduleTimeTickEvent calendar=Mon Feb 13 18:45:00 CST 2012
02-13 18:44:00.003 D/AlarmManager(  258): calendar.getTimeInMillis()1329180300000
02-13 18:44:06.860 W/WindowManager(  258): updateFocusedWindowLocked newFocus=Window{4082e058 Keyguard paused=false} mode=2 mCurrentFocus = Window{4082e058 Keyguard paused=false}
02-13 18:44:06.860 W/WindowManager(  258): updateFocusedWindowLocked newFocus=Window{4082e058 Keyguard paused=false} mode=2 mCurrentFocus = Window{4082e058 Keyguard paused=false}
02-13 18:44:06.890 D/WifiService(  258): ACTION_SCREEN_ON
02-13 18:44:06.890 D/WifiService(  258): WifiHandler, MESSAGE_UPDATE_STATE
02-13 18:44:06.890 D/WifiService(  258): isAirplaneModeOn(): false
02-13 18:44:06.890 D/WifiService(  258): updateWifiState(), wifiEnabled: true, airplaneMode: false, wifiShouldBeEnabled: true, wifiShouldBeStarted: true, strongestLockMode: 1
02-13 18:44:06.890 D/WifiService(  258): WifiHandler, MESSAGE_ENABLE_WIFI, msg.arg1: 0, msg.arg2: 1000
02-13 18:44:06.890 D/WifiService(  258): WifiHandler, MESSAGE_START_WIFI, msg.arg1: 1
02-13 18:44:06.900 D/StatusBarPolicy(  340): onSignalStrengthsChanged:SignalStrength: 99 0 -85 -70 -79 -30 7 99 2147483647 2147483647 2147483647 2147483647 cdma for subscription0
02-13 18:44:06.900 D/StatusBarPolicy(  340): updateSignalStrength on subscription :0
02-13 18:44:06.900 D/StatusBarPolicy(  340): StatusBarPolocy::getIconLevel -EVDO
02-13 18:44:06.900 D/StatusBarPolicy(  340): getEvdoLevel_band_six -evdoDbm:-79
02-13 18:44:06.900 D/StatusBarPolicy(  340): getEvdoLevel_band_six -evdoEcio:-30
02-13 18:44:06.920 D/StatusBarPolicy(  340): updateDataIcon subscription =0
02-13 18:44:06.930 W/WindowManager(  258): updateFocusedWindowLocked newFocus=Window{4082e058 Keyguard paused=false} mode=3 mCurrentFocus = Window{4082e058 Keyguard paused=false}
02-13 18:44:06.940 I/TelephonyRegistry(  258): notifyServiceState: 0 home Sprint  310099  EvDo rev. A CSS not supported 41 4139RoamInd: 1RoamStatus(sprint): 1DefRoamInd: 160EmergOnly: false
02-13 18:44:06.940 D/StatusBarPolicy(  340): onServiceStateChanged:0 home Sprint  310099  EvDo rev. A CSS not supported 41 4139RoamInd: 1RoamStatus(sprint): 1DefRoamInd: 160EmergOnly: falsefor subscription :0
02-13 18:44:06.940 D/StatusBarPolicy(  340): updateSignalStrength on subscription :0
02-13 18:44:06.940 D/StatusBarPolicy(  340): StatusBarPolocy::getIconLevel -EVDO
02-13 18:44:06.940 D/StatusBarPolicy(  340): getEvdoLevel_band_six -evdoDbm:-79
02-13 18:44:06.940 D/StatusBarPolicy(  340): getEvdoLevel_band_six -evdoEcio:-30
02-13 18:44:06.940 D/StatusBarPolicy(  340): updateDataIcon subscription =0
02-13 18:44:07.811 D/StatusBarPolicy(  340): onSignalStrengthsChanged:SignalStrength: 99 0 -85 -70 -81 -60 7 99 2147483647 2147483647 2147483647 2147483647 cdma for subscription0
02-13 18:44:07.811 D/StatusBarPolicy(  340): updateSignalStrength on subscription :0
02-13 18:44:07.811 D/StatusBarPolicy(  340): StatusBarPolocy::getIconLevel -EVDO
02-13 18:44:07.811 D/StatusBarPolicy(  340): getEvdoLevel_band_six -evdoDbm:-81
02-13 18:44:07.811 D/StatusBarPolicy(  340): getEvdoLevel_band_six -evdoEcio:-60
02-13 18:44:07.971 D/PowerManagerService(  258): setTimeoutLocked now=245144 timeoutOverride=-1 nextState=3 when=251144
02-13 18:44:07.981 W/WindowManager(  258): updateFocusedWindowLocked newFocus=null mode=3 mCurrentFocus = Window{4082e058 Keyguard paused=false}
02-13 18:44:07.981 I/WindowManager(  258): Setting rotation to 1, animFlags=1
02-13 18:44:07.991 I/ActivityManager(  258): Config changed: { scale=1.0 imsi=310/120 loc=en_US touch=3 keys=1/1/2 nav=1/1 orien=2 layout=18 uiMode=17 seq=21}
02-13 18:44:08.021 W/WindowManager(  258): updateFocusedWindowLocked newFocus=Window{407300f0 com.android.mms/com.android.mms.ui.ComposeMessageActivity paused=false} mode=2 mCurrentFocus = null
02-13 18:44:08.111 W/InputManagerService(  258): Window already focused, ignoring focus gain of: com.android.internal.view.IInputMethodClient$Stub$Proxy@408dfab8
02-13 18:44:08.261 D/BatteryService(  258): updateBattery level:11 scale:100 status:2 health:2 present:true voltage: 3659 temperature: 230 technology: Li-ion AC powered:true USB powered:false icon:17302195
02-13 18:44:08.271 D/WifiService(  258): ACTION_BATTERY_CHANGED pluggedType: 1
02-13 18:44:08.271 D/WifiService(  258): WifiHandler, MESSAGE_UPDATE_STATE
02-13 18:44:08.271 D/WifiService(  258): isAirplaneModeOn(): false
02-13 18:44:08.271 D/WifiService(  258): updateWifiState(), wifiEnabled: true, airplaneMode: false, wifiShouldBeEnabled: true, wifiShouldBeStarted: true, strongestLockMode: 1
02-13 18:44:08.271 D/WifiService(  258): WifiHandler, MESSAGE_ENABLE_WIFI, msg.arg1: 0, msg.arg2: 1000
02-13 18:44:08.271 D/WifiService(  258): WifiHandler, MESSAGE_START_WIFI, msg.arg1: 1
02-13 18:44:08.522 D/StatusBarPolicy(  340): updateDataIcon subscription =0
02-13 18:44:08.682 D/PowerManagerService(  258): setTimeoutLocked now=245165 timeoutOverride=-1 nextState=3 when=251165
02-13 18:44:09.533 D/StatusBarPolicy(  340): updateDataIcon subscription =0
02-13 18:44:09.713 I/WindowManager(  258): Setting rotation to 0, animFlags=0
02-13 18:44:09.723 I/ActivityManager(  258): Config changed: { scale=1.0 imsi=310/120 loc=en_US touch=3 keys=1/1/2 nav=1/1 orien=1 layout=18 uiMode=17 seq=22}
02-13 18:44:10.023 D/StatusBarPolicy(  340): onSignalStrengthsChanged:SignalStrength: 99 0 -85 -70 -82 -30 7 99 2147483647 2147483647 2147483647 2147483647 cdma for subscription0
02-13 18:44:10.023 D/StatusBarPolicy(  340): updateSignalStrength on subscription :0
02-13 18:44:10.023 D/StatusBarPolicy(  340): StatusBarPolocy::getIconLevel -EVDO
02-13 18:44:10.023 D/StatusBarPolicy(  340): getEvdoLevel_band_six -evdoDbm:-82
02-13 18:44:10.023 D/StatusBarPolicy(  340): getEvdoLevel_band_six -evdoEcio:-30
02-13 18:44:10.544 D/StatusBarPolicy(  340): updateDataIcon subscription =0
02-13 18:44:11.484 D/PowerManagerService(  258): setTimeoutLocked now=248648 timeoutOverride=-1 nextState=3 when=254648
02-13 18:44:11.555 W/WindowManager(  258): updateFocusedWindowLocked newFocus=Window{407300f0 com.android.mms/com.android.mms.ui.ComposeMessageActivity paused=false} mode=3 mCurrentFocus = Window{407300f0 com.android.mms/com.android.mms.ui.ComposeMessageActivity paused=false}
02-13 18:44:12.285 D/StatusBarPolicy(  340): onSignalStrengthsChanged:SignalStrength: 99 0 -85 -70 -83 -40 7 99 2147483647 2147483647 2147483647 2147483647 cdma for subscription0
02-13 18:44:12.295 D/StatusBarPolicy(  340): updateSignalStrength on subscription :0
02-13 18:44:12.295 D/StatusBarPolicy(  340): StatusBarPolocy::getIconLevel -EVDO
02-13 18:44:12.295 D/StatusBarPolicy(  340): getEvdoLevel_band_six -evdoDbm:-83
02-13 18:44:12.295 D/StatusBarPolicy(  340): getEvdoLevel_band_six -evdoEcio:-40
02-13 18:44:13.476 I/WindowManager(  258): Setting rotation to 1, animFlags=0
02-13 18:44:13.496 I/ActivityManager(  258): Config changed: { scale=1.0 imsi=310/120 loc=en_US touch=3 keys=1/1/2 nav=1/1 orien=2 layout=18 uiMode=17 seq=23}
02-13 18:44:14.537 D/StatusBarPolicy(  340): onSignalStrengthsChanged:SignalStrength: 99 0 -85 -70 -84 -55 6 99 2147483647 2147483647 2147483647 2147483647 cdma for subscription0
02-13 18:44:14.537 D/StatusBarPolicy(  340): updateSignalStrength on subscription :0
02-13 18:44:14.537 D/StatusBarPolicy(  340): StatusBarPolocy::getIconLevel -EVDO
02-13 18:44:14.547 D/StatusBarPolicy(  340): getEvdoLevel_band_six -evdoDbm:-84
02-13 18:44:14.547 D/StatusBarPolicy(  340): getEvdoLevel_band_six -evdoEcio:-55
02-13 18:44:14.828 I/WindowManager(  258): Setting rotation to 3, animFlags=0
02-13 18:44:16.790 D/StatusBarPolicy(  340): onSignalStrengthsChanged:SignalStrength: 99 0 -85 -80 -84 -65 5 99 2147483647 2147483647 2147483647 2147483647 cdma for subscription0
02-13 18:44:16.790 D/StatusBarPolicy(  340): updateSignalStrength on subscription :0
02-13 18:44:16.800 D/StatusBarPolicy(  340): StatusBarPolocy::getIconLevel -EVDO
02-13 18:44:16.800 D/StatusBarPolicy(  340): getEvdoLevel_band_six -evdoDbm:-84
02-13 18:44:16.800 D/StatusBarPolicy(  340): getEvdoLevel_band_six -evdoEcio:-65
02-13 18:44:17.490 D/PowerManagerService(  258): setTimeoutLocked now=254650 timeoutOverride=-1 nextState=1 when=361650
02-13 18:44:19.702 D/StatusBarPolicy(  340): updateDataIcon subscription =0
02-13 18:44:20.603 D/StatusBarPolicy(  340): onSignalStrengthsChanged:SignalStrength: 99 0 -87 -90 -84 -30 4 99 2147483647 2147483647 2147483647 2147483647 cdma for subscription0
02-13 18:44:20.603 D/StatusBarPolicy(  340): updateSignalStrength on subscription :0
02-13 18:44:20.603 D/StatusBarPolicy(  340): StatusBarPolocy::getIconLevel -EVDO
02-13 18:44:20.613 D/StatusBarPolicy(  340): getEvdoLevel_band_six -evdoDbm:-84
02-13 18:44:20.613 D/StatusBarPolicy(  340): getEvdoLevel_band_six -evdoEcio:-30
02-13 18:44:20.623 I/TelephonyRegistry(  258): notifyServiceState: 0 home Sprint  310099  EvDo rev. A CSS not supported 41 4139RoamInd: 1RoamStatus(sprint): 1DefRoamInd: 160EmergOnly: false
02-13 18:44:20.623 D/StatusBarPolicy(  340): onServiceStateChanged:0 home Sprint  310099  EvDo rev. A CSS not supported 41 4139RoamInd: 1RoamStatus(sprint): 1DefRoamInd: 160EmergOnly: falsefor subscription :0
02-13 18:44:20.623 D/StatusBarPolicy(  340): updateSignalStrength on subscription :0
02-13 18:44:20.623 D/StatusBarPolicy(  340): StatusBarPolocy::getIconLevel -EVDO
02-13 18:44:20.623 D/StatusBarPolicy(  340): getEvdoLevel_band_six -evdoDbm:-84
02-13 18:44:20.623 D/StatusBarPolicy(  340): getEvdoLevel_band_six -evdoEcio:-30
02-13 18:44:20.623 D/StatusBarPolicy(  340): updateDataIcon subscription =0
02-13 18:44:23.496 D/StatusBarPolicy(  340): onSignalStrengthsChanged:SignalStrength: 99 0 -87 -90 -83 -40 5 99 2147483647 2147483647 2147483647 2147483647 cdma for subscription0
02-13 18:44:23.496 D/StatusBarPolicy(  340): updateSignalStrength on subscription :0
02-13 18:44:23.506 D/StatusBarPolicy(  340): StatusBarPolocy::getIconLevel -EVDO
02-13 18:44:23.506 D/StatusBarPolicy(  340): getEvdoLevel_band_six -evdoDbm:-83
02-13 18:44:23.506 D/StatusBarPolicy(  340): getEvdoLevel_band_six -evdoEcio:-40
02-13 18:44:25.728 D/StatusBarPolicy(  340): onSignalStrengthsChanged:SignalStrength: 99 0 -87 -100 -83 -40 5 99 2147483647 2147483647 2147483647 2147483647 cdma for subscription0
02-13 18:44:25.738 D/StatusBarPolicy(  340): updateSignalStrength on subscription :0
02-13 18:44:25.738 D/StatusBarPolicy(  340): StatusBarPolocy::getIconLevel -EVDO
02-13 18:44:25.738 D/StatusBarPolicy(  340): getEvdoLevel_band_six -evdoDbm:-83
02-13 18:44:25.738 D/StatusBarPolicy(  340): getEvdoLevel_band_six -evdoEcio:-40
02-13 18:44:27.981 D/StatusBarPolicy(  340): onSignalStrengthsChanged:SignalStrength: 99 0 -87 -100 -83 -40 4 99 2147483647 2147483647 2147483647 2147483647 cdma for subscription0
02-13 18:44:27.981 D/StatusBarPolicy(  340): updateSignalStrength on subscription :0
02-13 18:44:27.991 D/StatusBarPolicy(  340): StatusBarPolocy::getIconLevel -EVDO
02-13 18:44:27.991 D/StatusBarPolicy(  340): getEvdoLevel_band_six -evdoDbm:-83
02-13 18:44:27.991 D/StatusBarPolicy(  340): getEvdoLevel_band_six -evdoEcio:-40
02-13 18:44:32.455 D/StatusBarPolicy(  340): onSignalStrengthsChanged:SignalStrength: 99 0 -87 -100 -82 -40 4 99 2147483647 2147483647 2147483647 2147483647 cdma for subscription0
02-13 18:44:32.455 D/StatusBarPolicy(  340): updateSignalStrength on subscription :0
02-13 18:44:32.455 D/StatusBarPolicy(  340): StatusBarPolocy::getIconLevel -EVDO
02-13 18:44:32.455 D/StatusBarPolicy(  340): getEvdoLevel_band_six -evdoDbm:-82
02-13 18:44:32.465 D/StatusBarPolicy(  340): getEvdoLevel_band_six -evdoEcio:-40
02-13 18:44:34.707 D/StatusBarPolicy(  340): onSignalStrengthsChanged:SignalStrength: 99 0 -87 -100 -82 -55 4 99 2147483647 2147483647 2147483647 2147483647 cdma for subscription0
02-13 18:44:34.707 D/StatusBarPolicy(  340): updateSignalStrength on subscription :0
02-13 18:44:34.707 D/StatusBarPolicy(  340): StatusBarPolocy::getIconLevel -EVDO
02-13 18:44:34.717 D/StatusBarPolicy(  340): getEvdoLevel_band_six -evdoDbm:-82
02-13 18:44:34.717 D/StatusBarPolicy(  340): getEvdoLevel_band_six -evdoEcio:-55
02-13 18:44:35.998 D/StatusBarPolicy(  340): onSignalStrengthsChanged:SignalStrength: 99 0 -93 -70 -82 -55 4 99 2147483647 2147483647 2147483647 2147483647 cdma for subscription0
02-13 18:44:35.998 D/StatusBarPolicy(  340): updateSignalStrength on subscription :0
02-13 18:44:35.998 D/StatusBarPolicy(  340): StatusBarPolocy::getIconLevel -EVDO
02-13 18:44:35.998 D/StatusBarPolicy(  340): getEvdoLevel_band_six -evdoDbm:-82
02-13 18:44:35.998 D/StatusBarPolicy(  340): getEvdoLevel_band_six -evdoEcio:-55
02-13 18:44:36.008 I/TelephonyRegistry(  258): notifyServiceState: 0 home Sprint  310099  EvDo rev. A CSS not supported 41 4139RoamInd: 1RoamStatus(sprint): 1DefRoamInd: 160EmergOnly: false
02-13 18:44:36.008 D/StatusBarPolicy(  340): onServiceStateChanged:0 home Sprint  310099  EvDo rev. A CSS not supported 41 4139RoamInd: 1RoamStatus(sprint): 1DefRoamInd: 160EmergOnly: falsefor subscription :0
02-13 18:44:36.008 D/StatusBarPolicy(  340): updateSignalStrength on subscription :0
02-13 18:44:36.008 D/StatusBarPolicy(  340): StatusBarPolocy::getIconLevel -EVDO
02-13 18:44:36.008 D/StatusBarPolicy(  340): getEvdoLevel_band_six -evdoDbm:-82
02-13 18:44:36.008 D/StatusBarPolicy(  340): getEvdoLevel_band_six -evdoEcio:-55
02-13 18:44:36.008 D/StatusBarPolicy(  340): updateDataIcon subscription =0
02-13 18:44:39.192 D/StatusBarPolicy(  340): onSignalStrengthsChanged:SignalStrength: 99 0 -93 -70 -83 -65 3 99 2147483647 2147483647 2147483647 2147483647 cdma for subscription0
02-13 18:44:39.192 D/StatusBarPolicy(  340): updateSignalStrength on subscription :0
02-13 18:44:39.202 D/StatusBarPolicy(  340): StatusBarPolocy::getIconLevel -EVDO
02-13 18:44:39.202 D/StatusBarPolicy(  340): getEvdoLevel_band_six -evdoDbm:-83
02-13 18:44:39.202 D/StatusBarPolicy(  340): getEvdoLevel_band_six -evdoEcio:-65
02-13 18:44:41.063 I/TelephonyRegistry(  258): notifyServiceState: 0 home Sprint  310099  EvDo rev. A CSS not supported 41 4139RoamInd: 1RoamStatus(sprint): 1DefRoamInd: 160EmergOnly: false
