02-13 18:45:08.410 W/WindowManager(  258): updateFocusedWindowLocked newFocus=Window{407300f0 com.android.mms/com.android.mms.ui.ComposeMessageActivity paused=false} mode=3 mCurrentFocus = Window{407300f0 com.android.mms/com.android.mms.ui.ComposeMessageActivity paused=false}
02-13 18:45:08.480 D/PowerManagerService(  258): setTimeoutLocked now=305640 timeoutOverride=-1 nextState=3 when=311640
02-13 18:45:08.530 W/WindowManager(  258): updateFocusedWindowLocked newFocus=Window{407300f0 com.android.mms/com.android.mms.ui.ComposeMessageActivity paused=false} mode=3 mCurrentFocus = Window{407300f0 com.android.mms/com.android.mms.ui.ComposeMessageActivity paused=false}
02-13 18:45:08.760 W/WindowManager(  258): updateFocusedWindowLocked newFocus=Window{407300f0 com.android.mms/com.android.mms.ui.ComposeMessageActivity paused=false} mode=3 mCurrentFocus = Window{407300f0 com.android.mms/com.android.mms.ui.ComposeMessageActivity paused=false}
02-13 18:45:08.880 D/PowerManagerService(  258): setTimeoutLocked now=306041 timeoutOverride=-1 nextState=3 when=312041
02-13 18:45:08.911 W/WindowManager(  258): updateFocusedWindowLocked newFocus=Window{407300f0 com.android.mms/com.android.mms.ui.ComposeMessageActivity paused=false} mode=3 mCurrentFocus = Window{407300f0 com.android.mms/com.android.mms.ui.ComposeMessageActivity paused=false}
02-13 18:45:08.951 W/WindowManager(  258): updateFocusedWindowLocked newFocus=Window{407300f0 com.android.mms/com.android.mms.ui.ComposeMessageActivity paused=false} mode=3 mCurrentFocus = Window{407300f0 com.android.mms/com.android.mms.ui.ComposeMessageActivity paused=false}
02-13 18:45:08.981 D/PowerManagerService(  258): setTimeoutLocked now=306141 timeoutOverride=-1 nextState=3 when=312141
02-13 18:45:09.051 W/WindowManager(  258): updateFocusedWindowLocked newFocus=Window{407300f0 com.android.mms/com.android.mms.ui.ComposeMessageActivity paused=false} mode=3 mCurrentFocus = Window{407300f0 com.android.mms/com.android.mms.ui.ComposeMessageActivity paused=false}
02-13 18:45:09.231 W/WindowManager(  258): updateFocusedWindowLocked newFocus=Window{407300f0 com.android.mms/com.android.mms.ui.ComposeMessageActivity paused=false} mode=3 mCurrentFocus = Window{407300f0 com.android.mms/com.android.mms.ui.ComposeMessageActivity paused=false}
02-13 18:45:09.371 W/WindowManager(  258): updateFocusedWindowLocked newFocus=Window{407300f0 com.android.mms/com.android.mms.ui.ComposeMessageActivity paused=false} mode=3 mCurrentFocus = Window{407300f0 com.android.mms/com.android.mms.ui.ComposeMessageActivity paused=false}
02-13 18:45:09.401 W/WindowManager(  258): updateFocusedWindowLocked newFocus=Window{407300f0 com.android.mms/com.android.mms.ui.ComposeMessageActivity paused=false} mode=3 mCurrentFocus = Window{407300f0 com.android.mms/com.android.mms.ui.ComposeMessageActivity paused=false}
02-13 18:45:09.481 D/PowerManagerService(  258): setTimeoutLocked now=306643 timeoutOverride=-1 nextState=3 when=312643
02-13 18:45:09.491 D/PowerManagerService(  258): setTimeoutLocked now=306669 timeoutOverride=-1 nextState=3 when=312669
02-13 18:45:09.531 W/WindowManager(  258): updateFocusedWindowLocked newFocus=Window{407300f0 com.android.mms/com.android.mms.ui.ComposeMessageActivity paused=false} mode=3 mCurrentFocus = Window{407300f0 com.android.mms/com.android.mms.ui.ComposeMessageActivity paused=false}
02-13 18:45:09.811 W/WindowManager(  258): updateFocusedWindowLocked newFocus=Window{407300f0 com.android.mms/com.android.mms.ui.ComposeMessageActivity paused=false} mode=3 mCurrentFocus = Window{407300f0 com.android.mms/com.android.mms.ui.ComposeMessageActivity paused=false}
02-13 18:45:09.911 W/WindowManager(  258): updateFocusedWindowLocked newFocus=Window{407300f0 com.android.mms/com.android.mms.ui.ComposeMessageActivity paused=false} mode=3 mCurrentFocus = Window{407300f0 com.android.mms/com.android.mms.ui.ComposeMessageActivity paused=false}
02-13 18:45:10.132 D/PowerManagerService(  258): setTimeoutLocked now=307308 timeoutOverride=-1 nextState=3 when=313308
02-13 18:45:10.142 W/WindowManager(  258): updateFocusedWindowLocked newFocus=Window{407300f0 com.android.mms/com.android.mms.ui.ComposeMessageActivity paused=false} mode=3 mCurrentFocus = Window{407300f0 com.android.mms/com.android.mms.ui.ComposeMessageActivity paused=false}
02-13 18:45:10.232 D/PowerManagerService(  258): setTimeoutLocked now=307409 timeoutOverride=-1 nextState=3 when=313409
02-13 18:45:10.272 W/WindowManager(  258): updateFocusedWindowLocked newFocus=Window{407300f0 com.android.mms/com.android.mms.ui.ComposeMessageActivity paused=false} mode=3 mCurrentFocus = Window{407300f0 com.android.mms/com.android.mms.ui.ComposeMessageActivity paused=false}
02-13 18:45:11.473 D/PowerManagerService(  258): setTimeoutLocked now=308649 timeoutOverride=-1 nextState=3 when=314649
02-13 18:45:11.493 W/WindowManager(  258): updateFocusedWindowLocked newFocus=Window{407300f0 com.android.mms/com.android.mms.ui.ComposeMessageActivity paused=false} mode=3 mCurrentFocus = Window{407300f0 com.android.mms/com.android.mms.ui.ComposeMessageActivity paused=false}
02-13 18:45:11.783 D/PowerManagerService(  258): setTimeoutLocked now=308949 timeoutOverride=-1 nextState=3 when=314949
02-13 18:45:11.873 D/PowerManagerService(  258): setTimeoutLocked now=309047 timeoutOverride=-1 nextState=3 when=315047
02-13 18:45:11.933 W/WindowManager(  258): updateFocusedWindowLocked newFocus=Window{407300f0 com.android.mms/com.android.mms.ui.ComposeMessageActivity paused=false} mode=3 mCurrentFocus = Window{407300f0 com.android.mms/com.android.mms.ui.ComposeMessageActivity paused=false}
02-13 18:45:12.754 D/StatusBarPolicy(  340): onSignalStrengthsChanged:SignalStrength: 99 0 -93 -90 -94 -50 5 99 2147483647 2147483647 2147483647 2147483647 cdma for subscription0
02-13 18:45:12.754 D/StatusBarPolicy(  340): updateSignalStrength on subscription :0
02-13 18:45:12.754 D/StatusBarPolicy(  340): StatusBarPolocy::getIconLevel -EVDO
02-13 18:45:12.754 D/StatusBarPolicy(  340): getEvdoLevel_band_six -evdoDbm:-94
02-13 18:45:12.754 D/StatusBarPolicy(  340): getEvdoLevel_band_six -evdoEcio:-50
02-13 18:45:13.235 D/PowerManagerService(  258): setTimeoutLocked now=310406 timeoutOverride=-1 nextState=3 when=316406
02-13 18:45:13.245 W/WindowManager(  258): updateFocusedWindowLocked newFocus=Window{407300f0 com.android.mms/com.android.mms.ui.ComposeMessageActivity paused=false} mode=3 mCurrentFocus = Window{407300f0 com.android.mms/com.android.mms.ui.ComposeMessageActivity paused=false}
02-13 18:45:13.325 D/PowerManagerService(  258): setTimeoutLocked now=310490 timeoutOverride=-1 nextState=3 when=316490
02-13 18:45:13.355 W/WindowManager(  258): updateFocusedWindowLocked newFocus=Window{407300f0 com.android.mms/com.android.mms.ui.ComposeMessageActivity paused=false} mode=3 mCurrentFocus = Window{407300f0 com.android.mms/com.android.mms.ui.ComposeMessageActivity paused=false}
02-13 18:45:14.146 D/StatusBarPolicy(  340): updateDataIcon subscription =0
02-13 18:45:14.516 D/PowerManagerService(  258): setTimeoutLocked now=311687 timeoutOverride=-1 nextState=3 when=317687
02-13 18:45:14.536 W/WindowManager(  258): updateFocusedWindowLocked newFocus=Window{407300f0 com.android.mms/com.android.mms.ui.ComposeMessageActivity paused=false} mode=3 mCurrentFocus = Window{407300f0 com.android.mms/com.android.mms.ui.ComposeMessageActivity paused=false}
02-13 18:45:14.646 D/PowerManagerService(  258): setTimeoutLocked now=311810 timeoutOverride=-1 nextState=3 when=317810
02-13 18:45:14.656 W/WindowManager(  258): updateFocusedWindowLocked newFocus=Window{407300f0 com.android.mms/com.android.mms.ui.ComposeMessageActivity paused=false} mode=3 mCurrentFocus = Window{407300f0 com.android.mms/com.android.mms.ui.ComposeMessageActivity paused=false}
02-13 18:45:14.926 W/WindowManager(  258): updateFocusedWindowLocked newFocus=Window{407300f0 com.android.mms/com.android.mms.ui.ComposeMessageActivity paused=false} mode=3 mCurrentFocus = Window{407300f0 com.android.mms/com.android.mms.ui.ComposeMessageActivity paused=false}
02-13 18:45:14.996 D/StatusBarPolicy(  340): onSignalStrengthsChanged:SignalStrength: 99 0 -93 -90 -94 -30 7 99 2147483647 2147483647 2147483647 2147483647 cdma for subscription0
02-13 18:45:14.996 D/StatusBarPolicy(  340): updateSignalStrength on subscription :0
02-13 18:45:14.996 D/StatusBarPolicy(  340): StatusBarPolocy::getIconLevel -EVDO
02-13 18:45:14.996 D/StatusBarPolicy(  340): getEvdoLevel_band_six -evdoDbm:-94
02-13 18:45:14.996 D/StatusBarPolicy(  340): getEvdoLevel_band_six -evdoEcio:-30
02-13 18:45:15.046 D/PowerManagerService(  258): setTimeoutLocked now=312215 timeoutOverride=-1 nextState=3 when=318215
02-13 18:45:15.127 W/WindowManager(  258): updateFocusedWindowLocked newFocus=Window{407300f0 com.android.mms/com.android.mms.ui.ComposeMessageActivity paused=false} mode=3 mCurrentFocus = Window{407300f0 com.android.mms/com.android.mms.ui.ComposeMessageActivity paused=false}
02-13 18:45:15.147 D/StatusBarPolicy(  340): updateDataIcon subscription =0
02-13 18:45:16.168 D/StatusBarPolicy(  340): updateDataIcon subscription =0
02-13 18:45:16.718 D/PowerManagerService(  258): setTimeoutLocked now=313886 timeoutOverride=-1 nextState=3 when=319886
02-13 18:45:16.858 D/PowerManagerService(  258): setTimeoutLocked now=314022 timeoutOverride=-1 nextState=3 when=320022
02-13 18:45:16.968 W/WindowManager(  258): updateFocusedWindowLocked newFocus=Window{407300f0 com.android.mms/com.android.mms.ui.ComposeMessageActivity paused=false} mode=3 mCurrentFocus = Window{407300f0 com.android.mms/com.android.mms.ui.ComposeMessageActivity paused=false}
02-13 18:45:17.239 D/StatusBarPolicy(  340): onSignalStrengthsChanged:SignalStrength: 99 0 -93 -90 -94 -30 6 99 2147483647 2147483647 2147483647 2147483647 cdma for subscription0
02-13 18:45:17.239 D/StatusBarPolicy(  340): updateSignalStrength on subscription :0
02-13 18:45:17.239 D/StatusBarPolicy(  340): StatusBarPolocy::getIconLevel -EVDO
02-13 18:45:17.239 D/StatusBarPolicy(  340): getEvdoLevel_band_six -evdoDbm:-94
02-13 18:45:17.239 D/StatusBarPolicy(  340): getEvdoLevel_band_six -evdoEcio:-30
02-13 18:45:17.379 D/StatusBarPolicy(  340): updateDataIcon subscription =0
02-13 18:45:17.469 D/StatusBarPolicy(  340): onSignalStrengthsChanged:SignalStrength: 99 0 -95 -80 -94 -35 6 99 2147483647 2147483647 2147483647 2147483647 cdma for subscription0
02-13 18:45:17.469 D/StatusBarPolicy(  340): updateSignalStrength on subscription :0
02-13 18:45:17.469 D/StatusBarPolicy(  340): StatusBarPolocy::getIconLevel -EVDO
02-13 18:45:17.469 D/StatusBarPolicy(  340): getEvdoLevel_band_six -evdoDbm:-94
02-13 18:45:17.469 D/StatusBarPolicy(  340): getEvdoLevel_band_six -evdoEcio:-35
02-13 18:45:17.469 I/TelephonyRegistry(  258): notifyServiceState: 0 home Sprint  310099  EvDo rev. A CSS not supported 41 4139RoamInd: 1RoamStatus(sprint): 1DefRoamInd: 160EmergOnly: false
02-13 18:45:17.479 D/StatusBarPolicy(  340): onServiceStateChanged:0 home Sprint  310099  EvDo rev. A CSS not supported 41 4139RoamInd: 1RoamStatus(sprint): 1DefRoamInd: 160EmergOnly: falsefor subscription :0
02-13 18:45:17.479 D/StatusBarPolicy(  340): updateSignalStrength on subscription :0
02-13 18:45:17.479 D/StatusBarPolicy(  340): StatusBarPolocy::getIconLevel -EVDO
02-13 18:45:17.479 D/StatusBarPolicy(  340): getEvdoLevel_band_six -evdoDbm:-94
02-13 18:45:17.479 D/StatusBarPolicy(  340): getEvdoLevel_band_six -evdoEcio:-35
02-13 18:45:17.479 D/StatusBarPolicy(  340): updateDataIcon subscription =0
02-13 18:45:19.511 D/StatusBarPolicy(  340): onSignalStrengthsChanged:SignalStrength: 99 0 -98 -100 -94 -35 6 99 2147483647 2147483647 2147483647 2147483647 cdma for subscription0
02-13 18:45:19.511 D/StatusBarPolicy(  340): updateSignalStrength on subscription :0
02-13 18:45:19.511 D/StatusBarPolicy(  340): StatusBarPolocy::getIconLevel -EVDO
02-13 18:45:19.511 D/StatusBarPolicy(  340): getEvdoLevel_band_six -evdoDbm:-94
02-13 18:45:19.511 D/StatusBarPolicy(  340): getEvdoLevel_band_six -evdoEcio:-35
02-13 18:45:22.854 D/PowerManagerService(  258): setTimeoutLocked now=320026 timeoutOverride=-1 nextState=1 when=427026
02-13 18:45:23.975 D/StatusBarPolicy(  340): onSignalStrengthsChanged:SignalStrength: 99 0 -98 -100 -95 -45 6 99 2147483647 2147483647 2147483647 2147483647 cdma for subscription0
02-13 18:45:23.975 D/StatusBarPolicy(  340): updateSignalStrength on subscription :0
02-13 18:45:23.985 D/StatusBarPolicy(  340): StatusBarPolocy::getIconLevel -EVDO
02-13 18:45:23.985 D/StatusBarPolicy(  340): getEvdoLevel_band_six -evdoDbm:-95
02-13 18:45:23.985 D/StatusBarPolicy(  340): getEvdoLevel_band_six -evdoEcio:-45
02-13 18:45:24.706 D/StatusBarPolicy(  340): onSignalStrengthsChanged:SignalStrength: 99 0 -98 -100 -97 -100 5 99 2147483647 2147483647 2147483647 2147483647 cdma for subscription0
02-13 18:45:24.706 D/StatusBarPolicy(  340): updateSignalStrength on subscription :0
02-13 18:45:24.706 D/StatusBarPolicy(  340): StatusBarPolocy::getIconLevel -EVDO
02-13 18:45:24.706 D/StatusBarPolicy(  340): getEvdoLevel_band_six -evdoDbm:-97
02-13 18:45:24.706 D/StatusBarPolicy(  340): getEvdoLevel_band_six -evdoEcio:-100
02-13 18:45:24.726 I/TelephonyRegistry(  258): notifyServiceState: 0 home Sprint  310099  EvDo rev. A CSS not supported 41 4139RoamInd: 1RoamStatus(sprint): 1DefRoamInd: 160EmergOnly: false
02-13 18:45:24.726 D/StatusBarPolicy(  340): onServiceStateChanged:0 home Sprint  310099  EvDo rev. A CSS not supported 41 4139RoamInd: 1RoamStatus(sprint): 1DefRoamInd: 160EmergOnly: falsefor subscription :0
02-13 18:45:24.726 D/StatusBarPolicy(  340): updateSignalStrength on subscription :0
02-13 18:45:24.726 D/StatusBarPolicy(  340): StatusBarPolocy::getIconLevel -EVDO
02-13 18:45:24.726 D/StatusBarPolicy(  340): getEvdoLevel_band_six -evdoDbm:-97
02-13 18:45:24.726 D/StatusBarPolicy(  340): getEvdoLevel_band_six -evdoEcio:-100
02-13 18:45:24.726 D/StatusBarPolicy(  340): updateDataIcon subscription =0
02-13 18:45:26.197 D/StatusBarPolicy(  340): onSignalStrengthsChanged:SignalStrength: 99 0 -96 -70 -97 -100 5 99 2147483647 2147483647 2147483647 2147483647 cdma for subscription0
02-13 18:45:26.197 D/StatusBarPolicy(  340): updateSignalStrength on subscription :0
02-13 18:45:26.197 D/StatusBarPolicy(  340): StatusBarPolocy::getIconLevel -EVDO
02-13 18:45:26.197 D/StatusBarPolicy(  340): getEvdoLevel_band_six -evdoDbm:-97
02-13 18:45:26.197 D/StatusBarPolicy(  340): getEvdoLevel_band_six -evdoEcio:-100
02-13 18:45:27.639 I/WindowManager(  258): Setting rotation to 0, animFlags=0
02-13 18:45:27.659 I/ActivityManager(  258): Config changed: { scale=1.0 imsi=310/120 loc=en_US touch=3 keys=1/1/2 nav=1/1 orien=1 layout=18 uiMode=17 seq=24}
02-13 18:45:28.460 D/StatusBarPolicy(  340): onSignalStrengthsChanged:SignalStrength: 99 0 -95 -100 -97 -100 5 99 2147483647 2147483647 2147483647 2147483647 cdma for subscription0
02-13 18:45:28.460 D/StatusBarPolicy(  340): updateSignalStrength on subscription :0
02-13 18:45:28.460 D/StatusBarPolicy(  340): StatusBarPolocy::getIconLevel -EVDO
02-13 18:45:28.470 D/StatusBarPolicy(  340): getEvdoLevel_band_six -evdoDbm:-97
02-13 18:45:28.470 D/StatusBarPolicy(  340): getEvdoLevel_band_six -evdoEcio:-100
02-13 18:45:28.890 I/WindowManager(  258): Setting rotation to 1, animFlags=0
02-13 18:45:28.900 I/ActivityManager(  258): Config changed: { scale=1.0 imsi=310/120 loc=en_US touch=3 keys=1/1/2 nav=1/1 orien=2 layout=18 uiMode=17 seq=25}
02-13 18:45:30.712 D/StatusBarPolicy(  340): onSignalStrengthsChanged:SignalStrength: 99 0 -120 -75 -120 -55 5 99 2147483647 2147483647 2147483647 2147483647 cdma for subscription0
02-13 18:45:30.712 D/StatusBarPolicy(  340): updateSignalStrength on subscription :0
02-13 18:45:30.722 D/StatusBarPolicy(  340): StatusBarPolocy::getIconLevel -EVDO
02-13 18:45:30.722 D/StatusBarPolicy(  340): getEvdoLevel_band_six -evdoDbm:-120
02-13 18:45:30.722 D/StatusBarPolicy(  340): getEvdoLevel_band_six -evdoEcio:-55
02-13 18:45:30.742 D/StatusBarPolicy(  340): onSignalStrengthsChanged:SignalStrength: 99 0 -95 -75 -98 -55 5 99 2147483647 2147483647 2147483647 2147483647 cdma for subscription0
02-13 18:45:30.742 D/StatusBarPolicy(  340): updateSignalStrength on subscription :0
02-13 18:45:30.742 D/StatusBarPolicy(  340): StatusBarPolocy::getIconLevel -EVDO
02-13 18:45:30.742 D/StatusBarPolicy(  340): getEvdoLevel_band_six -evdoDbm:-98
02-13 18:45:30.742 D/StatusBarPolicy(  340): getEvdoLevel_band_six -evdoEcio:-55
02-13 18:45:32.293 I/TelephonyRegistry(  258): notifyServiceState: 0 home Sprint  310099  EvDo rev. A CSS not supported 41 4139RoamInd: 1RoamStatus(sprint): 1DefRoamInd: 160EmergOnly: false
02-13 18:45:32.293 D/StatusBarPolicy(  340): onServiceStateChanged:0 home Sprint  310099  EvDo rev. A CSS not supported 41 4139RoamInd: 1RoamStatus(sprint): 1DefRoamInd: 160EmergOnly: falsefor subscription :0
02-13 18:45:32.293 D/StatusBarPolicy(  340): updateSignalStrength on subscription :0
02-13 18:45:32.293 D/StatusBarPolicy(  340): StatusBarPolocy::getIconLevel -EVDO
02-13 18:45:32.293 D/StatusBarPolicy(  340): getEvdoLevel_band_six -evdoDbm:-98
02-13 18:45:32.293 D/StatusBarPolicy(  340): getEvdoLevel_band_six -evdoEcio:-55
02-13 18:45:32.293 D/StatusBarPolicy(  340): updateDataIcon subscription =0
02-13 18:45:34.866 D/StatusBarPolicy(  340): onSignalStrengthsChanged:SignalStrength: 99 0 -95 -75 -93 -20 5 99 2147483647 2147483647 2147483647 2147483647 cdma for subscription0
02-13 18:45:34.866 D/StatusBarPolicy(  340): updateSignalStrength on subscription :0
02-13 18:45:34.866 D/StatusBarPolicy(  340): StatusBarPolocy::getIconLevel -EVDO
02-13 18:45:34.866 D/StatusBarPolicy(  340): getEvdoLevel_band_six -evdoDbm:-93
02-13 18:45:34.866 D/StatusBarPolicy(  340): getEvdoLevel_band_six -evdoEcio:-20
02-13 18:45:34.886 I/TelephonyRegistry(  258): notifyServiceState: 0 home Sprint  310099  EvDo rev. A CSS not supported 41 4139RoamInd: 1RoamStatus(sprint): 1DefRoamInd: 160EmergOnly: false
02-13 18:45:34.886 D/StatusBarPolicy(  340): onServiceStateChanged:0 home Sprint  310099  EvDo rev. A CSS not supported 41 4139RoamInd: 1RoamStatus(sprint): 1DefRoamInd: 160EmergOnly: falsefor subscription :0
02-13 18:45:34.886 D/StatusBarPolicy(  340): updateSignalStrength on subscription :0
02-13 18:45:34.886 D/StatusBarPolicy(  340): StatusBarPolocy::getIconLevel -EVDO
02-13 18:45:34.886 D/StatusBarPolicy(  340): getEvdoLevel_band_six -evdoDbm:-93
02-13 18:45:34.886 D/StatusBarPolicy(  340): getEvdoLevel_band_six -evdoEcio:-20
02-13 18:45:34.886 D/StatusBarPolicy(  340): updateDataIcon subscription =0
02-13 18:45:37.418 D/StatusBarPolicy(  340): onSignalStrengthsChanged:SignalStrength: 99 0 -91 -85 -88 -20 5 99 2147483647 2147483647 2147483647 2147483647 cdma for subscription0
02-13 18:45:37.418 D/StatusBarPolicy(  340): updateSignalStrength on subscription :0
02-13 18:45:37.418 D/StatusBarPolicy(  340): StatusBarPolocy::getIconLevel -EVDO
02-13 18:45:37.438 D/StatusBarPolicy(  340): getEvdoLevel_band_six -evdoDbm:-88
02-13 18:45:37.438 D/StatusBarPolicy(  340): getEvdoLevel_band_six -evdoEcio:-20
02-13 18:45:37.458 D/PowerManagerService(  258): setTimeoutLocked now=334629 timeoutOverride=-1 nextState=3 when=340629
02-13 18:45:37.568 D/PowerManagerService(  258): setTimeoutLocked now=334729 timeoutOverride=-1 nextState=3 when=340729
02-13 18:45:37.609 W/WindowManager(  258): updateFocusedWindowLocked newFocus=Window{407300f0 com.android.mms/com.android.mms.ui.ComposeMessageActivity paused=false} mode=3 mCurrentFocus = Window{407300f0 com.android.mms/com.android.mms.ui.ComposeMessageActivity paused=false}
02-13 18:45:37.699 W/WindowManager(  258): updateFocusedWindowLocked newFocus=Window{407300f0 com.android.mms/com.android.mms.ui.ComposeMessageActivity paused=false} mode=3 mCurrentFocus = Window{407300f0 com.android.mms/com.android.mms.ui.ComposeMessageActivity paused=false}
02-13 18:45:37.889 W/WindowManager(  258): updateFocusedWindowLocked newFocus=Window{407300f0 com.android.mms/com.android.mms.ui.ComposeMessageActivity paused=false} mode=3 mCurrentFocus = Window{407300f0 com.android.mms/com.android.mms.ui.ComposeMessageActivity paused=false}
02-13 18:45:39.671 D/StatusBarPolicy(  340): onSignalStrengthsChanged:SignalStrength: 99 0 -91 -85 -89 -50 4 99 2147483647 2147483647 2147483647 2147483647 cdma for subscription0
02-13 18:45:39.671 D/StatusBarPolicy(  340): updateSignalStrength on subscription :0
02-13 18:45:39.671 D/StatusBarPolicy(  340): StatusBarPolocy::getIconLevel -EVDO
02-13 18:45:39.671 D/StatusBarPolicy(  340): getEvdoLevel_band_six -evdoDbm:-89
02-13 18:45:39.671 D/StatusBarPolicy(  340): getEvdoLevel_band_six -evdoEcio:-50
02-13 18:45:40.341 D/PowerManagerService(  258): setTimeoutLocked now=337505 timeoutOverride=-1 nextState=3 when=343505
02-13 18:45:40.431 W/WindowManager(  258): updateFocusedWindowLocked newFocus=Window{407300f0 com.android.mms/com.android.mms.ui.ComposeMessageActivity paused=false} mode=3 mCurrentFocus = Window{407300f0 com.android.mms/com.android.mms.ui.ComposeMessageActivity paused=false}
02-13 18:45:44.135 D/StatusBarPolicy(  340): onSignalStrengthsChanged:SignalStrength: 99 0 -91 -85 -90 -25 4 99 2147483647 2147483647 2147483647 2147483647 cdma for subscription0
02-13 18:45:44.135 D/StatusBarPolicy(  340): updateSignalStrength on subscription :0
02-13 18:45:44.145 D/StatusBarPolicy(  340): StatusBarPolocy::getIconLevel -EVDO
02-13 18:45:44.145 D/StatusBarPolicy(  340): getEvdoLevel_band_six -evdoDbm:-90
02-13 18:45:44.145 D/StatusBarPolicy(  340): getEvdoLevel_band_six -evdoEcio:-25
02-13 18:45:46.347 D/PowerManagerService(  258): setTimeoutLocked now=343506 timeoutOverride=-1 nextState=1 when=450506
02-13 18:45:48.629 D/StatusBarPolicy(  340): onSignalStrengthsChanged:SignalStrength: 99 0 -90 -70 -90 -25 4 99 2147483647 2147483647 2147483647 2147483647 cdma for subscription0
02-13 18:45:48.629 D/StatusBarPolicy(  340): updateSignalStrength on subscription :0
02-13 18:45:48.629 D/StatusBarPolicy(  340): StatusBarPolocy::getIconLevel -EVDO
02-13 18:45:48.629 D/StatusBarPolicy(  340): getEvdoLevel_band_six -evdoDbm:-90
02-13 18:45:48.639 D/StatusBarPolicy(  340): getEvdoLevel_band_six -evdoEcio:-25
02-13 18:45:50.861 D/StatusBarPolicy(  340): onSignalStrengthsChanged:SignalStrength: 99 0 -90 -70 -92 -65 4 99 2147483647 2147483647 2147483647 2147483647 cdma for subscription0
02-13 18:45:50.861 D/StatusBarPolicy(  340): updateSignalStrength on subscription :0
02-13 18:45:50.871 D/StatusBarPolicy(  340): StatusBarPolocy::getIconLevel -EVDO
02-13 18:45:50.871 D/StatusBarPolicy(  340): getEvdoLevel_band_six -evdoDbm:-92
02-13 18:45:50.871 D/StatusBarPolicy(  340): getEvdoLevel_band_six -evdoEcio:-65
02-13 18:45:55.316 D/StatusBarPolicy(  340): onSignalStrengthsChanged:SignalStrength: 99 0 -90 -70 -93 -25 5 99 2147483647 2147483647 2147483647 2147483647 cdma for subscription0
02-13 18:45:55.316 D/StatusBarPolicy(  340): updateSignalStrength on subscription :0
02-13 18:45:55.326 D/StatusBarPolicy(  340): StatusBarPolocy::getIconLevel -EVDO
02-13 18:45:55.326 D/StatusBarPolicy(  340): getEvdoLevel_band_six -evdoDbm:-93
02-13 18:45:55.326 D/StatusBarPolicy(  340): getEvdoLevel_band_six -evdoEcio:-25
02-13 18:45:58.309 D/WifiService(  258): ACTION_BATTERY_CHANGED pluggedType: 1
02-13 18:45:58.309 D/WifiService(  258): WifiHandler, MESSAGE_UPDATE_STATE
02-13 18:45:58.309 D/WifiService(  258): isAirplaneModeOn(): false
02-13 18:45:58.309 D/WifiService(  258): updateWifiState(), wifiEnabled: true, airplaneMode: false, wifiShouldBeEnabled: true, wifiShouldBeStarted: true, strongestLockMode: 1
02-13 18:45:58.319 D/WifiService(  258): WifiHandler, MESSAGE_ENABLE_WIFI, msg.arg1: 0, msg.arg2: 1000
02-13 18:45:58.319 D/WifiService(  258): WifiHandler, MESSAGE_START_WIFI, msg.arg1: 1
02-13 18:45:58.969 D/PowerManagerService(  258): setTimeoutLocked now=356135 timeoutOverride=-1 nextState=3 when=362135
02-13 18:45:58.979 W/WindowManager(  258): updateFocusedWindowLocked newFocus=Window{407300f0 com.android.mms/com.android.mms.ui.ComposeMessageActivity paused=true} mode=0 mCurrentFocus = Window{407300f0 com.android.mms/com.android.mms.ui.ComposeMessageActivity paused=true}
02-13 18:45:59.019 W/WindowManager(  258): updateFocusedWindowLocked newFocus=Window{4084edf0 com.android.mms/com.android.mms.ui.ConversationList paused=false} mode=3 mCurrentFocus = Window{407300f0 com.android.mms/com.android.mms.ui.ComposeMessageActivity paused=false}
02-13 18:45:59.170 W/WindowManager(  258): updateFocusedWindowLocked newFocus=Window{4084edf0 com.android.mms/com.android.mms.ui.ConversationList paused=false} mode=2 mCurrentFocus = Window{4084edf0 com.android.mms/com.android.mms.ui.ConversationList paused=false}
02-13 18:45:59.170 W/WindowManager(  258): updateFocusedWindowLocked newFocus=Window{4084edf0 com.android.mms/com.android.mms.ui.ConversationList paused=false} mode=2 mCurrentFocus = Window{4084edf0 com.android.mms/com.android.mms.ui.ConversationList paused=false}
02-13 18:45:59.180 W/WindowManager(  258): updateFocusedWindowLocked newFocus=Window{4084edf0 com.android.mms/com.android.mms.ui.ConversationList paused=false} mode=3 mCurrentFocus = Window{4084edf0 com.android.mms/com.android.mms.ui.ConversationList paused=false}
02-13 18:45:59.210 W/WindowManager(  258): updateFocusedWindowLocked newFocus=Window{4084edf0 com.android.mms/com.android.mms.ui.ConversationList paused=false} mode=3 mCurrentFocus = Window{4084edf0 com.android.mms/com.android.mms.ui.ConversationList paused=false}
02-13 18:45:59.220 W/WindowManager(  258): updateFocusedWindowLocked newFocus=Window{4084edf0 com.android.mms/com.android.mms.ui.ConversationList paused=false} mode=3 mCurrentFocus = Window{4084edf0 com.android.mms/com.android.mms.ui.ConversationList paused=false}
02-13 18:45:59.830 D/StatusBarPolicy(  340): onSignalStrengthsChanged:SignalStrength: 99 0 -91 -80 -92 -40 5 99 2147483647 2147483647 2147483647 2147483647 cdma for subscription0
02-13 18:45:59.830 D/StatusBarPolicy(  340): updateSignalStrength on subscription :0
02-13 18:45:59.840 D/StatusBarPolicy(  340): StatusBarPolocy::getIconLevel -EVDO
02-13 18:45:59.840 D/StatusBarPolicy(  340): getEvdoLevel_band_six -evdoDbm:-92
02-13 18:45:59.840 D/StatusBarPolicy(  340): getEvdoLevel_band_six -evdoEcio:-40
02-13 18:46:00.000 D/AlarmManager(  258): scheduleTimeTickEvent calendar=Mon Feb 13 18:47:00 CST 2012
02-13 18:46:00.000 D/AlarmManager(  258): calendar.getTimeInMillis()1329180420000
02-13 18:46:00.231 D/PowerManagerService(  258): setTimeoutLocked now=357393 timeoutOverride=-1 nextState=3 when=363393
02-13 18:46:00.351 D/PowerManagerService(  258): setTimeoutLocked now=357514 timeoutOverride=-1 nextState=3 when=363514
02-13 18:46:00.501 I/ActivityManager(  258): Starting: Intent { dat=content://mms-sms/conversations/1 cmp=com.android.mms/.ui.ComposeMessageActivity } from pid 533
02-13 18:46:00.531 W/WindowManager(  258): updateFocusedWindowLocked newFocus=null mode=0 mCurrentFocus = Window{4084edf0 com.android.mms/com.android.mms.ui.ConversationList paused=true}
02-13 18:46:00.701 W/WindowManager(  258): updateFocusedWindowLocked newFocus=Window{407c8f48 com.android.mms/com.android.mms.ui.ComposeMessageActivity paused=false} mode=3 mCurrentFocus = null
02-13 18:46:00.751 W/WindowManager(  258): updateFocusedWindowLocked newFocus=Window{407c8f48 com.android.mms/com.android.mms.ui.ComposeMessageActivity paused=false} mode=2 mCurrentFocus = Window{407c8f48 com.android.mms/com.android.mms.ui.ComposeMessageActivity paused=false}
02-13 18:46:00.751 W/WindowManager(  258): updateFocusedWindowLocked newFocus=Window{407c8f48 com.android.mms/com.android.mms.ui.ComposeMessageActivity paused=false} mode=2 mCurrentFocus = Window{407c8f48 com.android.mms/com.android.mms.ui.ComposeMessageActivity paused=false}
02-13 18:46:00.871 W/WindowManager(  258): updateFocusedWindowLocked newFocus=Window{407c8f48 com.android.mms/com.android.mms.ui.ComposeMessageActivity paused=false} mode=3 mCurrentFocus = Window{407c8f48 com.android.mms/com.android.mms.ui.ComposeMessageActivity paused=false}
02-13 18:46:02.042 D/StatusBarPolicy(  340): onSignalStrengthsChanged:SignalStrength: 99 0 -91 -80 -92 -30 5 99 2147483647 2147483647 2147483647 2147483647 cdma for subscription0
02-13 18:46:02.042 D/StatusBarPolicy(  340): updateSignalStrength on subscription :0
02-13 18:46:02.042 D/StatusBarPolicy(  340): StatusBarPolocy::getIconLevel -EVDO
02-13 18:46:02.042 D/StatusBarPolicy(  340): getEvdoLevel_band_six -evdoDbm:-92
02-13 18:46:02.042 D/StatusBarPolicy(  340): getEvdoLevel_band_six -evdoEcio:-30
02-13 18:46:02.863 I/WindowManager(  258): Setting rotation to 3, animFlags=0
02-13 18:46:05.235 I/WindowManager(  258): Setting rotation to 1, animFlags=0
02-13 18:46:06.196 D/PowerManagerService(  258): setTimeoutLocked now=363363 timeoutOverride=-1 nextState=3 when=369363
02-13 18:46:06.307 D/PowerManagerService(  258): setTimeoutLocked now=363479 timeoutOverride=-1 nextState=3 when=369479
02-13 18:46:06.327 W/WindowManager(  258): updateFocusedWindowLocked newFocus=Window{407c8f48 com.android.mms/com.android.mms.ui.ComposeMessageActivity paused=false} mode=3 mCurrentFocus = Window{407c8f48 com.android.mms/com.android.mms.ui.ComposeMessageActivity paused=false}
02-13 18:46:06.347 W/WindowManager(  258): updateFocusedWindowLocked newFocus=Window{407c8f48 com.android.mms/com.android.mms.ui.ComposeMessageActivity paused=false} mode=3 mCurrentFocus = Window{407c8f48 com.android.mms/com.android.mms.ui.ComposeMessageActivity paused=false}
02-13 18:46:06.357 W/WindowManager(  258): updateFocusedWindowLocked newFocus=Window{407c8f48 com.android.mms/com.android.mms.ui.ComposeMessageActivity paused=false} mode=3 mCurrentFocus = Window{407c8f48 com.android.mms/com.android.mms.ui.ComposeMessageActivity paused=false}
02-13 18:46:07.077 D/PowerManagerService(  258): setTimeoutLocked now=364245 timeoutOverride=-1 nextState=3 when=370245
02-13 18:46:07.087 W/WindowManager(  258): updateFocusedWindowLocked newFocus=Window{407c8f48 com.android.mms/com.android.mms.ui.ComposeMessageActivity paused=false} mode=3 mCurrentFocus = Window{407c8f48 com.android.mms/com.android.mms.ui.ComposeMessageActivity paused=false}
02-13 18:46:07.177 D/PowerManagerService(  258): setTimeoutLocked now=364342 timeoutOverride=-1 nextState=3 when=370342
02-13 18:46:07.237 W/WindowManager(  258): updateFocusedWindowLocked newFocus=Window{407c8f48 com.android.mms/com.android.mms.ui.ComposeMessageActivity paused=false} mode=3 mCurrentFocus = Window{407c8f48 com.android.mms/com.android.mms.ui.ComposeMessageActivity paused=false}
02-13 18:46:07.368 W/WindowManager(  258): updateFocusedWindowLocked newFocus=Window{407c8f48 com.android.mms/com.android.mms.ui.ComposeMessageActivity paused=false} mode=3 mCurrentFocus = Window{407c8f48 com.android.mms/com.android.mms.ui.ComposeMessageActivity paused=false}
02-13 18:46:07.528 W/WindowManager(  258): updateFocusedWindowLocked newFocus=Window{407c8f48 com.android.mms/com.android.mms.ui.ComposeMessageActivity paused=false} mode=3 mCurrentFocus = Window{407c8f48 com.android.mms/com.android.mms.ui.ComposeMessageActivity paused=false}
02-13 18:46:07.538 W/WindowManager(  258): updateFocusedWindowLocked newFocus=Window{407c8f48 com.android.mms/com.android.mms.ui.ComposeMessageActivity paused=false} mode=3 mCurrentFocus = Window{407c8f48 com.android.mms/com.android.mms.ui.ComposeMessageActivity paused=false}
02-13 18:46:07.588 D/PowerManagerService(  258): setTimeoutLocked now=364757 timeoutOverride=-1 nextState=3 when=370757
02-13 18:46:07.678 W/WindowManager(  258): updateFocusedWindowLocked newFocus=Window{407c8f48 com.android.mms/com.android.mms.ui.ComposeMessageActivity paused=false} mode=3 mCurrentFocus = Window{407c8f48 com.android.mms/com.android.mms.ui.ComposeMessageActivity paused=false}
02-13 18:46:07.888 W/WindowManager(  258): updateFocusedWindowLocked newFocus=Window{407c8f48 com.android.mms/com.android.mms.ui.ComposeMessageActivity paused=false} mode=3 mCurrentFocus = Window{407c8f48 com.android.mms/com.android.mms.ui.ComposeMessageActivity paused=false}
02-13 18:46:07.978 D/PowerManagerService(  258): setTimeoutLocked now=365147 timeoutOverride=-1 nextState=3 when=371147
02-13 18:46:08.018 W/WindowManager(  258): updateFocusedWindowLocked newFocus=Window{407c8f48 com.android.mms/com.android.mms.ui.ComposeMessageActivity paused=false} mode=3 mCurrentFocus = Window{407c8f48 com.android.mms/com.android.mms.ui.ComposeMessageActivity paused=false}
02-13 18:46:08.118 D/PowerManagerService(  258): setTimeoutLocked now=365282 timeoutOverride=-1 nextState=3 when=371282
02-13 18:46:08.138 W/WindowManager(  258): updateFocusedWindowLocked newFocus=Window{407c8f48 com.android.mms/com.android.mms.ui.ComposeMessageActivity paused=false} mode=3 mCurrentFocus = Window{407c8f48 com.android.mms/com.android.mms.ui.ComposeMessageActivity paused=false}
02-13 18:46:08.278 W/WindowManager(  258): updateFocusedWindowLocked newFocus=Window{407c8f48 com.android.mms/com.android.mms.ui.ComposeMessageActivity paused=false} mode=3 mCurrentFocus = Window{407c8f48 com.android.mms/com.android.mms.ui.ComposeMessageActivity paused=false}
02-13 18:46:09.390 D/PowerManagerService(  258): setTimeoutLocked now=366557 timeoutOverride=-1 nextState=3 when=372557
02-13 18:46:09.400 W/WindowManager(  258): updateFocusedWindowLocked newFocus=Window{407c8f48 com.android.mms/com.android.mms.ui.ComposeMessageActivity paused=false} mode=3 mCurrentFocus = Window{407c8f48 com.android.mms/com.android.mms.ui.ComposeMessageActivity paused=false}
02-13 18:46:09.470 D/PowerManagerService(  258): setTimeoutLocked now=366633 timeoutOverride=-1 nextState=3 when=372633
02-13 18:46:09.510 W/WindowManager(  258): updateFocusedWindowLocked newFocus=Window{407c8f48 com.android.mms/com.android.mms.ui.ComposeMessageActivity paused=false} mode=3 mCurrentFocus = Window{407c8f48 com.android.mms/com.android.mms.ui.ComposeMessageActivity paused=false}
02-13 18:46:09.540 W/WindowManager(  258): updateFocusedWindowLocked newFocus=Window{407c8f48 com.android.mms/com.android.mms.ui.ComposeMessageActivity paused=false} mode=3 mCurrentFocus = Window{407c8f48 com.android.mms/com.android.mms.ui.ComposeMessageActivity paused=false}
02-13 18:46:09.690 W/WindowManager(  258): updateFocusedWindowLocked newFocus=Window{407c8f48 com.android.mms/com.android.mms.ui.ComposeMessageActivity paused=false} mode=3 mCurrentFocus = Window{407c8f48 com.android.mms/com.android.mms.ui.ComposeMessageActivity paused=false}
02-13 18:46:10.130 D/PowerManagerService(  258): setTimeoutLocked now=367288 timeoutOverride=-1 nextState=3 when=373288
02-13 18:46:10.150 W/WindowManager(  258): updateFocusedWindowLocked newFocus=Window{407c8f48 com.android.mms/com.android.mms.ui.ComposeMessageActivity paused=false} mode=3 mCurrentFocus = Window{407c8f48 com.android.mms/com.android.mms.ui.ComposeMessageActivity paused=false}
02-13 18:46:10.290 D/PowerManagerService(  258): setTimeoutLocked now=367450 timeoutOverride=-1 nextState=3 when=373450
02-13 18:46:10.330 W/WindowManager(  258): updateFocusedWindowLocked newFocus=Window{407c8f48 com.android.mms/com.android.mms.ui.ComposeMessageActivity paused=false} mode=3 mCurrentFocus = Window{407c8f48 com.android.mms/com.android.mms.ui.ComposeMessageActivity paused=false}
02-13 18:46:11.021 D/StatusBarPolicy(  340): onSignalStrengthsChanged:SignalStrength: 99 0 -91 -80 -92 -50 5 99 2147483647 2147483647 2147483647 2147483647 cdma for subscription0
02-13 18:46:11.021 D/StatusBarPolicy(  340): updateSignalStrength on subscription :0
02-13 18:46:11.031 D/StatusBarPolicy(  340): StatusBarPolocy::getIconLevel -EVDO
02-13 18:46:11.031 D/StatusBarPolicy(  340): getEvdoLevel_band_six -evdoDbm:-92
02-13 18:46:11.031 D/StatusBarPolicy(  340): getEvdoLevel_band_six -evdoEcio:-50
02-13 18:46:11.251 D/PowerManagerService(  258): setTimeoutLocked now=368413 timeoutOverride=-1 nextState=3 when=374413
02-13 18:46:11.281 W/WindowManager(  258): updateFocusedWindowLocked newFocus=Window{407c8f48 com.android.mms/com.android.mms.ui.ComposeMessageActivity paused=false} mode=3 mCurrentFocus = Window{407c8f48 com.android.mms/com.android.mms.ui.ComposeMessageActivity paused=false}
02-13 18:46:11.652 D/PowerManagerService(  258): setTimeoutLocked now=368815 timeoutOverride=-1 nextState=3 when=374815
02-13 18:46:12.132 D/PowerManagerService(  258): setTimeoutLocked now=369304 timeoutOverride=-1 nextState=3 when=375304
02-13 18:46:12.142 W/WindowManager(  258): updateFocusedWindowLocked newFocus=Window{407c8f48 com.android.mms/com.android.mms.ui.ComposeMessageActivity paused=false} mode=3 mCurrentFocus = Window{407c8f48 com.android.mms/com.android.mms.ui.ComposeMessageActivity paused=false}
02-13 18:46:13.353 I/TelephonyRegistry(  258): notifyServiceState: 0 home Sprint  310099  EvDo rev. A CSS not supported 41 4139RoamInd: 1RoamStatus(sprint): 1DefRoamInd: 160EmergOnly: false
02-13 18:46:13.353 D/StatusBarPolicy(  340): onServiceStateChanged:0 home Sprint  310099  EvDo rev. A CSS not supported 41 4139RoamInd: 1RoamStatus(sprint): 1DefRoamInd: 160EmergOnly: falsefor subscription :0
02-13 18:46:13.353 D/StatusBarPolicy(  340): updateSignalStrength on subscription :0
02-13 18:46:13.353 D/StatusBarPolicy(  340): StatusBarPolocy::getIconLevel -EVDO
02-13 18:46:13.353 D/StatusBarPolicy(  340): getEvdoLevel_band_six -evdoDbm:-92
02-13 18:46:13.353 D/StatusBarPolicy(  340): getEvdoLevel_band_six -evdoEcio:-50
02-13 18:46:13.353 D/StatusBarPolicy(  340): updateDataIcon subscription =0
02-13 18:46:13.804 D/PowerManagerService(  258): setTimeoutLocked now=370975 timeoutOverride=-1 nextState=3 when=376975
02-13 18:46:13.944 W/WindowManager(  258): updateFocusedWindowLocked newFocus=Window{407c8f48 com.android.mms/com.android.mms.ui.ComposeMessageActivity paused=false} mode=3 mCurrentFocus = Window{407c8f48 com.android.mms/com.android.mms.ui.ComposeMessageActivity paused=false}
02-13 18:46:14.865 D/PowerManagerService(  258): setTimeoutLocked now=372033 timeoutOverride=-1 nextState=3 when=378033
02-13 18:46:14.985 D/PowerManagerService(  258): setTimeoutLocked now=372158 timeoutOverride=-1 nextState=3 when=378158
02-13 18:46:15.005 W/WindowManager(  258): updateFocusedWindowLocked newFocus=Window{407c8f48 com.android.mms/com.android.mms.ui.ComposeMessageActivity paused=false} mode=3 mCurrentFocus = Window{407c8f48 com.android.mms/com.android.mms.ui.ComposeMessageActivity paused=false}
02-13 18:46:15.025 W/WindowManager(  258): updateFocusedWindowLocked newFocus=Window{407c8f48 com.android.mms/com.android.mms.ui.ComposeMessageActivity paused=false} mode=3 mCurrentFocus = Window{407c8f48 com.android.mms/com.android.mms.ui.ComposeMessageActivity paused=false}
02-13 18:46:15.035 W/WindowManager(  258): updateFocusedWindowLocked newFocus=Window{407c8f48 com.android.mms/com.android.mms.ui.ComposeMessageActivity paused=false} mode=3 mCurrentFocus = Window{407c8f48 com.android.mms/com.android.mms.ui.ComposeMessageActivity paused=false}
02-13 18:46:15.866 I/TelephonyRegistry(  258): notifyServiceState: 0 home Sprint  310099  EvDo rev. A CSS not supported 41 4139RoamInd: 1RoamStatus(sprint): 1DefRoamInd: 160EmergOnly: false
02-13 18:46:15.896 D/StatusBarPolicy(  340): onServiceStateChanged:0 home Sprint  310099  EvDo rev. A CSS not supported 41 4139RoamInd: 1RoamStatus(sprint): 1DefRoamInd: 160EmergOnly: falsefor subscription :0
02-13 18:46:15.896 D/StatusBarPolicy(  340): updateSignalStrength on subscription :0
02-13 18:46:15.896 D/StatusBarPolicy(  340): StatusBarPolocy::getIconLevel -EVDO
02-13 18:46:15.896 D/StatusBarPolicy(  340): getEvdoLevel_band_six -evdoDbm:-92
02-13 18:46:15.896 D/StatusBarPolicy(  340): getEvdoLevel_band_six -evdoEcio:-50
02-13 18:46:15.896 D/StatusBarPolicy(  340): updateDataIcon subscription =0
02-13 18:46:16.937 D/PowerManagerService(  258): setTimeoutLocked now=374105 timeoutOverride=-1 nextState=3 when=380105
02-13 18:46:17.077 W/WindowManager(  258): updateFocusedWindowLocked newFocus=Window{407c8f48 com.android.mms/com.android.mms.ui.ComposeMessageActivity paused=false} mode=3 mCurrentFocus = Window{407c8f48 com.android.mms/com.android.mms.ui.ComposeMessageActivity paused=false}
02-13 18:46:17.087 D/StatusBarPolicy(  340): onSignalStrengthsChanged:SignalStrength: 99 0 -95 -70 -92 -50 5 99 2147483647 2147483647 2147483647 2147483647 cdma for subscription0
02-13 18:46:17.087 D/StatusBarPolicy(  340): updateSignalStrength on subscription :0
02-13 18:46:17.087 D/StatusBarPolicy(  340): StatusBarPolocy::getIconLevel -EVDO
02-13 18:46:17.087 D/StatusBarPolicy(  340): getEvdoLevel_band_six -evdoDbm:-92
02-13 18:46:17.087 D/StatusBarPolicy(  340): getEvdoLevel_band_six -evdoEcio:-50
02-13 18:46:17.107 I/TelephonyRegistry(  258): notifyServiceState: 0 home Sprint  310099  EvDo rev. A CSS not supported 41 4139RoamInd: 1RoamStatus(sprint): 1DefRoamInd: 160EmergOnly: false
02-13 18:46:17.117 D/StatusBarPolicy(  340): onServiceStateChanged:0 home Sprint  310099  EvDo rev. A CSS not supported 41 4139RoamInd: 1RoamStatus(sprint): 1DefRoamInd: 160EmergOnly: falsefor subscription :0
02-13 18:46:17.117 D/StatusBarPolicy(  340): updateSignalStrength on subscription :0
02-13 18:46:17.117 D/StatusBarPolicy(  340): StatusBarPolocy::getIconLevel -EVDO
02-13 18:46:17.117 D/StatusBarPolicy(  340): getEvdoLevel_band_six -evdoDbm:-92
02-13 18:46:17.117 D/StatusBarPolicy(  340): getEvdoLevel_band_six -evdoEcio:-50
02-13 18:46:17.117 D/StatusBarPolicy(  340): updateDataIcon subscription =0
02-13 18:46:17.748 D/StatusBarPolicy(  340): onSignalStrengthsChanged:SignalStrength: 99 0 -95 -70 -92 -30 5 99 2147483647 2147483647 2147483647 2147483647 cdma for subscription0
02-13 18:46:17.748 D/StatusBarPolicy(  340): updateSignalStrength on subscription :0
02-13 18:46:17.768 D/StatusBarPolicy(  340): StatusBarPolocy::getIconLevel -EVDO
02-13 18:46:17.768 D/StatusBarPolicy(  340): getEvdoLevel_band_six -evdoDbm:-92
02-13 18:46:17.768 D/StatusBarPolicy(  340): getEvdoLevel_band_six -evdoEcio:-30
02-13 18:46:19.169 I/TelephonyRegistry(  258): notifyServiceState: 0 home Sprint  310099  EvDo rev. A CSS not supported 41 4139RoamInd: 1RoamStatus(sprint): 1DefRoamInd: 160EmergOnly: false
02-13 18:46:19.189 D/StatusBarPolicy(  340): onServiceStateChanged:0 home Sprint  310099  EvDo rev. A CSS not supported 41 4139RoamInd: 1RoamStatus(sprint): 1DefRoamInd: 160EmergOnly: falsefor subscription :0
02-13 18:46:19.189 D/StatusBarPolicy(  340): updateSignalStrength on subscription :0
02-13 18:46:19.189 D/StatusBarPolicy(  340): StatusBarPolocy::getIconLevel -EVDO
02-13 18:46:19.189 D/StatusBarPolicy(  340): getEvdoLevel_band_six -evdoDbm:-92
02-13 18:46:19.189 D/StatusBarPolicy(  340): getEvdoLevel_band_six -evdoEcio:-30
02-13 18:46:19.189 D/StatusBarPolicy(  340): updateDataIcon subscription =0
02-13 18:46:19.990 D/StatusBarPolicy(  340): onSignalStrengthsChanged:SignalStrength: 99 0 -95 -70 -92 -55 5 99 2147483647 2147483647 2147483647 2147483647 cdma for subscription0
02-13 18:46:19.990 D/StatusBarPolicy(  340): updateSignalStrength on subscription :0
02-13 18:46:19.990 D/StatusBarPolicy(  340): StatusBarPolocy::getIconLevel -EVDO
02-13 18:46:19.990 D/StatusBarPolicy(  340): getEvdoLevel_band_six -evdoDbm:-92
02-13 18:46:19.990 D/StatusBarPolicy(  340): getEvdoLevel_band_six -evdoEcio:-55
02-13 18:46:20.050 D/PowerManagerService(  258): setTimeoutLocked now=377213 timeoutOverride=-1 nextState=3 when=383213
02-13 18:46:20.060 W/WindowManager(  258): updateFocusedWindowLocked newFocus=Window{407436f8 TrackingView paused=false} mode=3 mCurrentFocus = Window{407c8f48 com.android.mms/com.android.mms.ui.ComposeMessageActivity paused=false}
02-13 18:46:20.090 W/WindowManager(  258): updateFocusedWindowLocked newFocus=Window{407cbb18 StatusBarExpanded paused=false} mode=3 mCurrentFocus = Window{407436f8 TrackingView paused=false}
02-13 18:46:20.190 D/PowerManagerService(  258): setTimeoutLocked now=377351 timeoutOverride=-1 nextState=3 when=383351
02-13 18:46:20.991 D/PowerManagerService(  258): setTimeoutLocked now=378153 timeoutOverride=-1 nextState=3 when=384153
02-13 18:46:21.041 D/PowerManagerService(  258): setTimeoutLocked now=378216 timeoutOverride=-1 nextState=3 when=384216
02-13 18:46:21.131 I/TelephonyRegistry(  258): notifyServiceState: 0 home Sprint  310099  EvDo rev. A CSS not supported 41 4139RoamInd: 1RoamStatus(sprint): 1DefRoamInd: 160EmergOnly: false
02-13 18:46:21.151 D/StatusBarPolicy(  340): onServiceStateChanged:0 home Sprint  310099  EvDo rev. A CSS not supported 41 4139RoamInd: 1RoamStatus(sprint): 1DefRoamInd: 160EmergOnly: falsefor subscription :0
02-13 18:46:21.151 D/StatusBarPolicy(  340): updateSignalStrength on subscription :0
02-13 18:46:21.151 D/StatusBarPolicy(  340): StatusBarPolocy::getIconLevel -EVDO
02-13 18:46:21.151 D/StatusBarPolicy(  340): getEvdoLevel_band_six -evdoDbm:-92
02-13 18:46:21.151 D/StatusBarPolicy(  340): getEvdoLevel_band_six -evdoEcio:-55
02-13 18:46:21.161 D/StatusBarPolicy(  340): updateDataIcon subscription =0
02-13 18:46:21.201 W/WindowManager(  258): updateFocusedWindowLocked newFocus=Window{407cbb18 StatusBarExpanded paused=false} mode=3 mCurrentFocus = Window{407cbb18 StatusBarExpanded paused=false}
02-13 18:46:21.211 W/WindowManager(  258): updateFocusedWindowLocked newFocus=Window{407c8f48 com.android.mms/com.android.mms.ui.ComposeMessageActivity paused=false} mode=3 mCurrentFocus = Window{407cbb18 StatusBarExpanded paused=false}
02-13 18:46:21.221 W/InputManagerService(  258): Window already focused, ignoring focus gain of: com.android.internal.view.IInputMethodClient$Stub$Proxy@4073d038
02-13 18:46:22.212 D/StatusBarPolicy(  340): onSignalStrengthsChanged:SignalStrength: 99 0 -94 -85 -92 -55 5 99 2147483647 2147483647 2147483647 2147483647 cdma for subscription0
02-13 18:46:22.212 D/StatusBarPolicy(  340): updateSignalStrength on subscription :0
02-13 18:46:22.212 D/StatusBarPolicy(  340): StatusBarPolocy::getIconLevel -EVDO
02-13 18:46:22.212 D/StatusBarPolicy(  340): getEvdoLevel_band_six -evdoDbm:-92
02-13 18:46:22.212 D/StatusBarPolicy(  340): getEvdoLevel_band_six -evdoEcio:-55
02-13 18:46:23.483 I/TelephonyRegistry(  258): notifyServiceState: 0 home Sprint  310099  EvDo rev. A CSS not supported 41 4139RoamInd: 1RoamStatus(sprint): 1DefRoamInd: 160EmergOnly: false
02-13 18:46:23.483 D/StatusBarPolicy(  340): onServiceStateChanged:0 home Sprint  310099  EvDo rev. A CSS not supported 41 4139RoamInd: 1RoamStatus(sprint): 1DefRoamInd: 160EmergOnly: falsefor subscription :0
02-13 18:46:23.483 D/StatusBarPolicy(  340): updateSignalStrength on subscription :0
02-13 18:46:23.483 D/StatusBarPolicy(  340): StatusBarPolocy::getIconLevel -EVDO
02-13 18:46:23.483 D/StatusBarPolicy(  340): getEvdoLevel_band_six -evdoDbm:-92
02-13 18:46:23.483 D/StatusBarPolicy(  340): getEvdoLevel_band_six -evdoEcio:-55
02-13 18:46:23.483 D/StatusBarPolicy(  340): updateDataIcon subscription =0
02-13 18:46:24.454 D/PowerManagerService(  258): setTimeoutLocked now=381621 timeoutOverride=-1 nextState=3 when=387621
02-13 18:46:24.474 D/StatusBarPolicy(  340): onSignalStrengthsChanged:SignalStrength: 99 0 -93 -70 -92 -55 5 99 2147483647 2147483647 2147483647 2147483647 cdma for subscription0
02-13 18:46:24.474 D/StatusBarPolicy(  340): updateSignalStrength on subscription :0
02-13 18:46:24.474 D/StatusBarPolicy(  340): StatusBarPolocy::getIconLevel -EVDO
02-13 18:46:24.474 D/StatusBarPolicy(  340): getEvdoLevel_band_six -evdoDbm:-92
02-13 18:46:24.474 D/StatusBarPolicy(  340): getEvdoLevel_band_six -evdoEcio:-55
02-13 18:46:24.534 D/PowerManagerService(  258): setTimeoutLocked now=381706 timeoutOverride=-1 nextState=3 when=387706
02-13 18:46:24.564 W/WindowManager(  258): updateFocusedWindowLocked newFocus=Window{407c8f48 com.android.mms/com.android.mms.ui.ComposeMessageActivity paused=false} mode=3 mCurrentFocus = Window{407c8f48 com.android.mms/com.android.mms.ui.ComposeMessageActivity paused=false}
02-13 18:46:24.594 W/WindowManager(  258): updateFocusedWindowLocked newFocus=Window{407c8f48 com.android.mms/com.android.mms.ui.ComposeMessageActivity paused=false} mode=3 mCurrentFocus = Window{407c8f48 com.android.mms/com.android.mms.ui.ComposeMessageActivity paused=false}
02-13 18:46:24.604 W/WindowManager(  258): updateFocusedWindowLocked newFocus=Window{407c8f48 com.android.mms/com.android.mms.ui.ComposeMessageActivity paused=false} mode=3 mCurrentFocus = Window{407c8f48 com.android.mms/com.android.mms.ui.ComposeMessageActivity paused=false}
02-13 18:46:26.706 D/StatusBarPolicy(  340): onSignalStrengthsChanged:SignalStrength: 99 0 -93 -70 -92 -30 5 99 2147483647 2147483647 2147483647 2147483647 cdma for subscription0
02-13 18:46:26.706 D/StatusBarPolicy(  340): updateSignalStrength on subscription :0
02-13 18:46:26.706 D/StatusBarPolicy(  340): StatusBarPolocy::getIconLevel -EVDO
02-13 18:46:26.706 D/StatusBarPolicy(  340): getEvdoLevel_band_six -evdoDbm:-92
02-13 18:46:26.706 D/StatusBarPolicy(  340): getEvdoLevel_band_six -evdoEcio:-30
02-13 18:46:27.077 D/PowerManagerService(  258): setTimeoutLocked now=384245 timeoutOverride=-1 nextState=3 when=390245
02-13 18:46:27.177 W/WindowManager(  258): updateFocusedWindowLocked newFocus=Window{407c8f48 com.android.mms/com.android.mms.ui.ComposeMessageActivity paused=false} mode=3 mCurrentFocus = Window{407c8f48 com.android.mms/com.android.mms.ui.ComposeMessageActivity paused=false}
02-13 18:46:32.952 D/WifiService(  258): ACTION_SCREEN_OFF
02-13 18:46:32.963 D/WifiService(  258): setting ACTION_DEVICE_IDLE timer for 120,000 ms
02-13 18:46:33.153 D/PowerManagerService(  258): setTimeoutLocked now=390328 timeoutOverride=-1 nextState=0 when=397328
02-13 18:46:33.163 W/WindowManager(  258): updateFocusedWindowLocked newFocus=Window{4082e058 Keyguard paused=false} mode=3 mCurrentFocus = Window{407c8f48 com.android.mms/com.android.mms.ui.ComposeMessageActivity paused=false}
