02-13 18:40:08.653 I/Vold    (  110): Vold 2.1 (the revenge) firing up
02-13 18:40:08.653 D/Vold    (  110): Volume sdcard state changing -1 (Initializing) -> 0 (No-Media)
02-13 18:40:08.733 W/DirectVolume(  110): Kernel block uevent 'PARTN' 1 pendingparts 0
02-13 18:40:08.733 D/Vold    (  110): Volume sdcard state changing 0 (No-Media) -> 2 (Pending)
02-13 18:40:08.773 W/DirectVolume(  110): Kernel block uevent 'PARTN' 1, 1 minor 33
02-13 18:40:08.773 D/Vold    (  110): Volume sdcard state changing 2 (Pending) -> 1 (Idle-Unmounted)
02-13 18:40:17.211 I/SystemServer(  258): Entered the Android system server!
02-13 18:40:17.211 I/SystemServer(  258): Entropy Service
02-13 18:40:17.251 I/SystemServer(  258): Power Manager
02-13 18:40:17.261 I/SystemServer(  258): Activity Manager
02-13 18:40:17.281 I/ActivityManager(  258): Memory class: 32
02-13 18:40:17.521 I/SystemServer(  258): Telephony Registry
02-13 18:40:17.531 I/SystemServer(  258): Package Manager
02-13 18:40:17.551 I/Installer(  258): connecting...
02-13 18:40:22.136 I/PackageManager(  258): Unpacking native libraries for /data/app/com.sprint.widget.tutorial-1.apk
02-13 18:40:22.316 I/PackageManager(  258): Unpacking native libraries for /data/app/com.google.android.apps.plus-1.apk
02-13 18:40:24.999 I/PackageManager(  258): Unpacking native libraries for /data/app/com.android.vending-1.apk
02-13 18:40:25.109 I/PackageManager(  258): Unpacking native libraries for /data/app/com.sprint.voicemail-1.apk
02-13 18:40:25.219 W/PackageManager(  258): Unable to update from com.android.music to com.google.android.music: old package still exists
02-13 18:40:25.219 I/PackageManager(  258): Unpacking native libraries for /data/app/com.google.android.music-1.apk
02-13 18:40:25.389 I/PackageManager(  258): Unpacking native libraries for /data/app/com.google.android.googlequicksearchbox-1.apk
02-13 18:40:25.589 I/PackageManager(  258): Unpacking native libraries for /data/app/com.google.android.apps.maps-1.apk
02-13 18:40:25.830 I/PackageManager(  258): Unpacking native libraries for /data/app/com.google.android.apps.books-1.apk
02-13 18:40:25.890 I/PackageManager(  258): Unpacking native libraries for /data/app-private/com.locationlabs.v3client-1.apk
02-13 18:40:25.900 I/PackageManager(  258): Time to scan packages: 7.848 seconds
02-13 18:40:25.910 W/PackageManager(  258): Unknown permission com.android.vending.permission.UPDATE_MARKET_FAILURE in package com.android.vending.updater
02-13 18:40:25.910 W/PackageManager(  258): Unknown permission android.permission.ADD_SYSTEM_SERVICE in package com.android.phone
02-13 18:40:25.910 W/PackageManager(  258): Unknown permission com.google.android.apps.googlevoice.permission.AUTO_SEND in package com.google.android.voicesearch
02-13 18:40:25.910 W/PackageManager(  258): Not granting permission android.permission.SEND_DOWNLOAD_COMPLETED_INTENTS to package com.android.browser (protectionLevel=2 flags=0x9be45)
02-13 18:40:25.910 W/PackageManager(  258): Unknown permission com.android.email.provider.AttachmentProvider in package com.android.music
02-13 18:40:25.910 W/PackageManager(  258): Not granting permission android.permission.SEND_DOWNLOAD_COMPLETED_INTENTS to package com.android.music (protectionLevel=2 flags=0x8be65)
02-13 18:40:25.920 W/PackageManager(  258): Unknown permission android.permission.READ_OWNER_DATA in package com.android.setupwizard
02-13 18:40:25.920 W/PackageManager(  258): Unknown permission android.permission.WRITE_OWNER_DATA in package com.android.setupwizard
02-13 18:40:25.920 W/PackageManager(  258): Not granting permission android.permission.ACCESS_DRM to package com.android.mms (protectionLevel=2 flags=0x8be65)
02-13 18:40:25.920 W/PackageManager(  258): Unknown permission android.permission.RECEIVE_EMERGENCY_BROADCAST in package com.android.mms
02-13 18:40:25.920 W/PackageManager(  258): Not granting permission android.permission.SET_PREFERRED_APPLICATIONS to package com.sprint.w.installer (protectionLevel=2 flags=0x8be45)
02-13 18:40:25.920 W/PackageManager(  258): Unknown permission android.intent.action.REBOOT in package com.redbend.vdmc
02-13 18:40:25.920 W/PackageManager(  258): Not granting permission com.google.android.gm.permission.READ_GMAIL to package com.google.android.apps.uploader (protectionLevel=2 flags=0xbe45)
02-13 18:40:25.920 W/PackageManager(  258): Unknown permission android.permission.READ_PROFILE in package com.google.android.apps.plus
02-13 18:40:25.920 W/PackageManager(  258): Unknown permission android.permission.WRITE_PROFILE in package com.google.android.apps.plus
02-13 18:40:25.920 W/PackageManager(  258): Unknown permission android.permission.READ_SOCIAL_STREAM in package com.google.android.apps.plus
02-13 18:40:25.920 W/PackageManager(  258): Unknown permission android.permission.WRITE_SOCIAL_STREAM in package com.google.android.apps.plus
02-13 18:40:25.930 W/PackageManager(  258): Unknown permission android.permission.READ_EXTERNAL_STORAGE in package com.android.vending
02-13 18:40:25.930 W/PackageManager(  258): Not granting permission android.permission.SEND_DOWNLOAD_COMPLETED_INTENTS to package com.android.vending (protectionLevel=2 flags=0xabec5)
02-13 18:40:25.930 W/PackageManager(  258): Not granting permission android.permission.ACCOUNT_MANAGER to package com.google.android.music (protectionLevel=2 flags=0x8bee5)
02-13 18:40:25.930 W/PackageManager(  258): Unknown permission android.permission.READ_OWNER_DATA in package com.android.email
02-13 18:40:25.930 W/PackageManager(  258): Unknown permission android.intent.action.REBOOT in package com.android.email
02-13 18:40:25.930 W/PackageManager(  258): Not granting permission android.permission.BROADCAST_WAP_PUSH to package com.android.email (protectionLevel=2 flags=0x8be45)
02-13 18:40:25.930 W/PackageManager(  258): Unknown permission com.android.providers.im.permission.READ_ONLY in package com.google.android.apps.maps
02-13 18:40:25.930 W/PackageManager(  258): Unknown permission com.google.android.providers.gmail.permission.READ_GMAIL in package com.dataviz.docstogo
02-13 18:40:26.070 I/SystemServer(  258): Account Manager
02-13 18:40:26.150 I/SystemServer(  258): Content Manager
02-13 18:40:26.230 I/SystemServer(  258): System Content Providers
02-13 18:40:26.260 I/SystemServer(  258): Battery Service
02-13 18:40:26.260 I/SystemServer(  258): Lights Service
02-13 18:40:26.270 I/SystemServer(  258): Vibrator Service
02-13 18:40:26.310 I/SystemServer(  258): Alarm Manager
02-13 18:40:26.310 D/AlarmManager(  258): scheduleTimeTickEvent calendar=Mon Feb 13 18:41:00 CST 2012
02-13 18:40:26.310 D/AlarmManager(  258): calendar.getTimeInMillis()1329180060000
02-13 18:40:26.310 I/SystemServer(  258): Init Watchdog
02-13 18:40:26.310 I/SystemServer(  258): Window Manager
02-13 18:40:26.310 E/AlarmManager(  258): system is not ready, just wait!
02-13 18:40:26.320 I/InputManager(  258): Initializing input manager
02-13 18:40:26.330 I/InputManager(  258): Starting input manager
02-13 18:40:26.330 I/SystemServer(  258): Bluetooth Service
02-13 18:40:26.350 I/InputManager-Callbacks(  258): No input device calibration properties found for device synaptics-rmi4-ts.
02-13 18:40:26.350 I/InputManager-Callbacks(  258): No input device calibration properties found for device 7k_handset.
02-13 18:40:26.350 I/InputManager-Callbacks(  258): No input device calibration properties found for device sean_keypad.
02-13 18:40:26.350 I/SystemServer(  258): DynamicMemoryManager Service
02-13 18:40:26.350 I/SystemServer(  258): Device Policy
02-13 18:40:26.350 I/SystemServer(  258): Status Bar
02-13 18:40:26.350 I/SystemServer(  258): Clipboard Service
02-13 18:40:26.350 I/SystemServer(  258): Input Method Service
02-13 18:40:26.370 I/InputManagerService(  258): Enabled input methods: com.swype.android.inputmethod/.SwypeInputMethod:com.android.inputmethod.latin/.LatinIME
02-13 18:40:26.370 I/SystemServer(  258): NetStat Service
02-13 18:40:26.370 I/SystemServer(  258): NetworkManagement Service
02-13 18:40:26.370 D/NetworkManagementService(  258): Creating NetworkManagementService
02-13 18:40:26.370 D/NetworkManagementService(  258): Awaiting socket connection
02-13 18:40:26.370 D/NetworkManagementService(  258): onConnected
02-13 18:40:26.370 D/NetworkManagementService(  258): Connected
02-13 18:40:26.370 I/SystemServer(  258): Connectivity Service
02-13 18:40:26.370 D/ConnectivityService(  258): ConnectivityService starting up
02-13 18:40:26.380 D/ConnectivityService(  258): getMobileDataEnabled returning true
02-13 18:40:26.420 D/WifiService(  258): isAirplaneModeOn(): false
02-13 18:40:26.420 I/WifiService(  258): WifiService starting up with Wi-Fi enabled
02-13 18:40:26.420 D/WifiService(  258): isAirplaneModeOn(): false
02-13 18:40:26.430 D/NetworkManagementService(  258): Registering observer
02-13 18:40:26.430 D/WifiService(  258): WifiHandler, MESSAGE_ENABLE_WIFI, msg.arg1: 1, msg.arg2: 1000
02-13 18:40:26.430 D/WifiService(  258): isAirplaneModeOn(): false
02-13 18:40:26.430 E/WifiService(  258): jht getWifiConfiguration() Settings.Secure.WIFI_IDLE_MS=-1834574848
02-13 18:40:26.470 I/SystemServer(  258): Throttle Service
02-13 18:40:26.470 I/SystemServer(  258): Accessibility Manager
02-13 18:40:26.470 I/SystemServer(  258): Mount Service
02-13 18:40:26.470 I/SystemServer(  258): Notification Manager
02-13 18:40:26.470 I/SystemServer(  258): HDMI Service
02-13 18:40:26.470 I/SystemServer(  258): Device Storage Monitor
02-13 18:40:26.480 I/SystemServer(  258): Location Manager
02-13 18:40:26.480 I/SystemServer(  258): Search Service
02-13 18:40:26.480 I/SystemServer(  258): DropBox Service
02-13 18:40:26.480 I/SystemServer(  258): Wallpaper Service
02-13 18:40:26.480 D/VoldConnector(  258): SND -> {volume list} {null}
02-13 18:40:26.480 D/VoldCmdListener(  110): volume list
02-13 18:40:26.480 D/VoldConnector(  258): RCV <- {110 sdcard /mnt/sdcard 1}
02-13 18:40:26.480 D/VoldConnector(  258): RCV <- {200 Volumes listed.}
02-13 18:40:26.490 I/SystemServer(  258): Audio Service
02-13 18:40:26.490 D/VoldConnector(  258): RSP <- {110 sdcard /mnt/sdcard 1}
02-13 18:40:26.490 D/VoldConnector(  258): RSP <- {200 Volumes listed.}
02-13 18:40:26.490 D/VoldConnector(  258): List terminated with {200 Volumes listed.}
02-13 18:40:26.490 D/MountService(  258): mount list sdcard /mnt/sdcard 1
02-13 18:40:26.490 D/VoldConnector(  258): SND -> {share status ums} {null}
02-13 18:40:26.490 D/VoldCmdListener(  110): share status ums
02-13 18:40:26.490 D/VoldConnector(  258): RCV <- {210 Share unavailable}
02-13 18:40:26.500 D/VoldConnector(  258): RSP <- {210 Share unavailable}
02-13 18:40:26.540 I/SystemServer(  258): Headset Observer
02-13 18:40:26.540 I/SystemServer(  258): Dock Observer
02-13 18:40:26.540 W/DockObserver(  258): This kernel does not have dock station support
02-13 18:40:26.540 I/SystemServer(  258): USB Service
02-13 18:40:26.560 I/SystemServer(  258): UI Mode Manager Service
02-13 18:40:26.560 I/SystemServer(  258): Backup Service
02-13 18:40:26.841 I/BackupManagerService(  258): Found stale backup journal, scheduling
02-13 18:40:26.841 I/BackupManagerService(  258):   com.android.providers.settings
02-13 18:40:26.861 I/BackupManagerService(  258): Backup enabled => true
02-13 18:40:26.861 I/SystemServer(  258): AppWidget Service
02-13 18:40:26.861 I/SystemServer(  258): Recognition Service
02-13 18:40:26.861 I/SystemServer(  258): DiskStats Service
02-13 18:40:26.861 I/SystemServer(  258): AtCmdFwd Service
02-13 18:40:26.871 I/SystemServer(  258): BT FM Power Management Service
02-13 18:40:26.891 E/SystemServer(  258): Failure starting BT FM Power Management Service
02-13 18:40:26.891 E/SystemServer(  258): java.lang.ExceptionInInitializerError
02-13 18:40:26.891 E/SystemServer(  258): 	at com.android.server.ServerThread.run(SystemServer.java:489)
02-13 18:40:26.891 E/SystemServer(  258): Caused by: java.lang.UnsatisfiedLinkError: classInitNative
02-13 18:40:26.891 E/SystemServer(  258): 	at com.broadcom.bt.service.framework.PowerManagementService.classInitNative(Native Method)
02-13 18:40:26.891 E/SystemServer(  258): 	at com.broadcom.bt.service.framework.PowerManagementService.<clinit>(PowerManagementService.java:58)
02-13 18:40:26.891 E/SystemServer(  258): 	... 1 more
02-13 18:40:26.901 D/PowerManagerService(  258): system ready!
02-13 18:40:26.911 I/ActivityManager(  258): System now ready
02-13 18:40:26.911 I/SystemServer(  258): Making services ready
02-13 18:40:26.911 I/StatusBarManagerService(  258): Starting service: ComponentInfo{com.android.systemui/com.android.systemui.statusbar.StatusBarService}
02-13 18:40:26.921 W/WindowManager(  258): updateFocusedWindowLocked newFocus=Window{4082e058 Keyguard paused=false} mode=1 mCurrentFocus = null
02-13 18:40:26.921 I/ActivityManager(  258): Start proc com.android.systemui for service com.android.systemui/.statusbar.StatusBarService: pid=328 uid=1000 gids={3002, 3001, 3003, 1015}
02-13 18:40:26.931 I/ActivityManager(  258): Config changed: { scale=1.0 imsi=0/0 loc=en_US touch=0 keys=0/0/0 nav=0/0 orien=0 layout=0 uiMode=17 seq=2}
02-13 18:40:26.941 I/ActivityManager(  258): Config changed: { scale=1.0 imsi=0/0 loc=en_US touch=3 keys=1/1/2 nav=1/1 orien=1 layout=18 uiMode=17 seq=3}
02-13 18:40:27.091 I/ActivityManager(  258): Start proc com.android.inputmethod.latin for service com.android.inputmethod.latin/.LatinIME: pid=332 uid=10038 gids={}
02-13 18:40:27.111 D/NetworkManagementService(  258): Registering observer
02-13 18:40:27.141 I/ActivityManager(  258): Start proc com.android.phone for added application com.android.phone: pid=337 uid=1001 gids={3002, 3001, 3003, 1015}
02-13 18:40:27.141 I/ActivityManager(  258): Start proc com.android.systemui for added application com.android.systemui: pid=340 uid=1000 gids={3002, 3001, 3003, 1015}
02-13 18:40:27.161 I/ActivityManager(  258): Start proc com.broadcom.bt.app.system for added application com.broadcom.bt.app.system: pid=342 uid=1002 gids={3001, 3002}
02-13 18:40:27.221 I/ActivityManager(  258): Starting: Intent { act=android.intent.action.MAIN cat=[android.intent.category.HOME] flg=0x10000000 cmp=com.android.launcher/com.android.launcher2.Launcher } from pid 0
02-13 18:40:27.231 I/ActivityManager(  258): Start proc com.android.launcher for activity com.android.launcher/com.android.launcher2.Launcher: pid=351 uid=10037 gids={}
02-13 18:40:27.231 W/ActivityManager(  258): No pending application record for pid 328 (IApplicationThread android.app.ApplicationThreadProxy@40838dd0); dropping process
02-13 18:40:27.641 W/WindowManager(  258): updateFocusedWindowLocked newFocus=Window{4082e058 Keyguard paused=false} mode=0 mCurrentFocus = Window{4082e058 Keyguard paused=false}
02-13 18:40:27.751 D/NetdConnector(  258): RCV <- {600 Iface added wlan0}
02-13 18:40:27.862 D/NetdConnector(  258): SND -> {interface readrxcounter rmnet0} {null}
02-13 18:40:27.862 D/NetdConnector(  258): RCV <- {216 0}
02-13 18:40:27.862 D/NetdConnector(  258): RSP <- {216 0}
02-13 18:40:27.862 D/NetdConnector(  258): SND -> {interface readtxcounter rmnet0} {null}
02-13 18:40:27.862 D/NetdConnector(  258): RCV <- {217 0}
02-13 18:40:27.872 D/NetdConnector(  258): RSP <- {217 0}
02-13 18:40:27.922 D/NetdConnector(  258): SND -> {interface setthrottle rmnet0 -1 -1} {null}
02-13 18:40:27.982 D/NetdConnector(  258): RCV <- {200 Interface throttling set}
02-13 18:40:27.982 D/NetdConnector(  258): RSP <- {200 Interface throttling set}
02-13 18:40:28.012 I/ActivityManager(  258): Start proc android.process.acore for content provider com.android.providers.userdictionary/.UserDictionaryProvider: pid=391 uid=10007 gids={3003, 1015}
02-13 18:40:28.012 I/StatusBarManagerService(  258): registerStatusBar bar=com.android.internal.statusbar.IStatusBar$Stub$Proxy@406ff4d8
02-13 18:40:28.082 D/VoldConnector(  258): SND -> {share status ums} {null}
02-13 18:40:28.082 D/VoldCmdListener(  110): share status ums
02-13 18:40:28.082 D/VoldConnector(  258): RCV <- {210 Share unavailable}
02-13 18:40:28.082 D/VoldConnector(  258): RSP <- {210 Share unavailable}
02-13 18:40:28.082 D/StorageNotification(  340): Startup with UMS connection false (media state unmounted)
02-13 18:40:28.122 I/StorageNotification(  340): UMS connection changed to false (media state unmounted)
02-13 18:40:28.422 I/ActivityManager(  258): Start proc com.google.process.gapps for service com.google.android.gsf/.loginservice.GoogleLoginService: pid=406 uid=10027 gids={3003, 1015, 2001, 1007}
02-13 18:40:28.482 D/ConnectivityService(  258): getMobileDataEnabled returning true
02-13 18:40:28.542 W/WindowManager(  258): updateFocusedWindowLocked newFocus=Window{4082e058 Keyguard paused=false} mode=3 mCurrentFocus = Window{4082e058 Keyguard paused=false}
02-13 18:40:28.552 W/WindowManager(  258): updateFocusedWindowLocked newFocus=Window{4082e058 Keyguard paused=false} mode=3 mCurrentFocus = Window{4082e058 Keyguard paused=false}
02-13 18:40:28.682 I/WifiService(  258): WifiService trying to setNumAllowed to 11 with persist set to true
02-13 18:40:28.692 I/ActivityManager(  258): Config changed: { scale=1.0 imsi=310/120 loc=en_US touch=3 keys=1/1/2 nav=1/1 orien=1 layout=18 uiMode=17 seq=4}
02-13 18:40:28.692 I/TelephonyRegistry(  258): notifyMessageWaitingChanged: false
02-13 18:40:28.792 W/WindowManager(  258): updateFocusedWindowLocked newFocus=Window{4082e058 Keyguard paused=false} mode=3 mCurrentFocus = Window{4082e058 Keyguard paused=false}
02-13 18:40:28.903 D/StatusBarPolicy(  340): updateSimState for subscription :0
02-13 18:40:28.903 D/StatusBarPolicy(  340): updateDataIcon subscription =0
02-13 18:40:29.013 W/WindowManager(  258): updateFocusedWindowLocked newFocus=Window{4082e058 Keyguard paused=false} mode=3 mCurrentFocus = Window{4082e058 Keyguard paused=false}
02-13 18:40:29.133 W/ActivityManager(  258): Unable to start service Intent { act=com.android.ussd.IExtendedNetworkService }: not found
02-13 18:40:29.283 I/TelephonyRegistry(  258): notifyDataConnection: anyState=0,default/INET,apnTypeState=0,iface=null,ip=null,gw=null,isDataConnectivityPossible=false,networkType=0,reason=dataNetworkDetached
02-13 18:40:29.303 I/TelephonyRegistry(  258): notifyDataConnection: anyState=0,default/INET6,apnTypeState=0,iface=null,ip=null,gw=null,isDataConnectivityPossible=false,networkType=0,reason=dataNetworkDetached
02-13 18:40:29.303 I/TelephonyRegistry(  258): notifyDataConnection: anyState=0,mms/INET,apnTypeState=0,iface=null,ip=null,gw=null,isDataConnectivityPossible=false,networkType=0,reason=dataNetworkDetached
02-13 18:40:29.313 I/TelephonyRegistry(  258): notifyDataConnection: anyState=0,mms/INET6,apnTypeState=0,iface=null,ip=null,gw=null,isDataConnectivityPossible=false,networkType=0,reason=dataNetworkDetached
02-13 18:40:29.333 D/WifiService(  258): WifiHandler, MESSAGE_SET_CHANNELS, msg.arg1: 11, msg.arg2: 1
02-13 18:40:29.353 I/TelephonyRegistry(  258): notifyDataConnection: anyState=0,supl/INET,apnTypeState=0,iface=null,ip=null,gw=null,isDataConnectivityPossible=false,networkType=0,reason=dataNetworkDetached
02-13 18:40:29.353 I/TelephonyRegistry(  258): notifyDataConnection: anyState=0,supl/INET6,apnTypeState=0,iface=null,ip=null,gw=null,isDataConnectivityPossible=false,networkType=0,reason=dataNetworkDetached
02-13 18:40:29.363 I/TelephonyRegistry(  258): notifyDataConnection: anyState=0,dun/INET,apnTypeState=0,iface=null,ip=null,gw=null,isDataConnectivityPossible=false,networkType=0,reason=dataNetworkDetached
02-13 18:40:29.363 I/TelephonyRegistry(  258): notifyDataConnection: anyState=0,dun/INET6,apnTypeState=0,iface=null,ip=null,gw=null,isDataConnectivityPossible=false,networkType=0,reason=dataNetworkDetached
02-13 18:40:29.373 I/TelephonyRegistry(  258): notifyDataConnection: anyState=0,hipri/INET,apnTypeState=0,iface=null,ip=null,gw=null,isDataConnectivityPossible=false,networkType=0,reason=dataNetworkDetached
02-13 18:40:29.383 I/TelephonyRegistry(  258): notifyDataConnection: anyState=0,hipri/INET6,apnTypeState=0,iface=null,ip=null,gw=null,isDataConnectivityPossible=false,networkType=0,reason=dataNetworkDetached
02-13 18:40:29.403 I/TelephonyRegistry(  258): notifyServiceState: 3 home null null null  Unknown CSS not supported -1 -1RoamInd: -1RoamStatus(sprint): -1DefRoamInd: -1EmergOnly: false
02-13 18:40:29.403 D/StatusBarPolicy(  340): onServiceStateChanged:3 home null null null  Unknown CSS not supported -1 -1RoamInd: -1RoamStatus(sprint): -1DefRoamInd: -1EmergOnly: falsefor subscription :0
02-13 18:40:29.403 D/StatusBarPolicy(  340): updateSignalStrength on subscription :0
02-13 18:40:29.403 D/StatusBarPolicy(  340): updateDataIcon subscription =0
02-13 18:40:29.463 I/WifiService(  258): WifiService trying to setNumAllowed to 11 with persist set to true
02-13 18:40:29.493 D/WifiService(  258): WifiHandler, MESSAGE_SET_CHANNELS, msg.arg1: 11, msg.arg2: 1
02-13 18:40:29.533 W/WindowManager(  258): updateFocusedWindowLocked newFocus=Window{4082e058 Keyguard paused=false} mode=0 mCurrentFocus = Window{4082e058 Keyguard paused=false}
02-13 18:40:29.964 I/TelephonyRegistry(  258): notifyServiceState: 3 home null null null  Unknown CSS not supported -1 -1RoamInd: -1RoamStatus(sprint): -1DefRoamInd: -1EmergOnly: false
02-13 18:40:29.964 D/StatusBarPolicy(  340): onServiceStateChanged:3 home null null null  Unknown CSS not supported -1 -1RoamInd: -1RoamStatus(sprint): -1DefRoamInd: -1EmergOnly: falsefor subscription :0
02-13 18:40:29.964 D/StatusBarPolicy(  340): updateSignalStrength on subscription :0
02-13 18:40:29.984 D/StatusBarPolicy(  340): updateDataIcon subscription =0
02-13 18:40:30.074 I/TelephonyRegistry(  258): notifyServiceState: 1 home Searching for Service null null  Unknown CSS not supported 0 0RoamInd: 2RoamStatus(sprint): 0DefRoamInd: 0EmergOnly: false
02-13 18:40:30.074 D/StatusBarPolicy(  340): onServiceStateChanged:1 home Searching for Service null null  Unknown CSS not supported 0 0RoamInd: 2RoamStatus(sprint): 0DefRoamInd: 0EmergOnly: falsefor subscription :0
02-13 18:40:30.074 D/StatusBarPolicy(  340): updateSignalStrength on subscription :0
02-13 18:40:30.074 D/StatusBarPolicy(  340): updateDataIcon subscription =0
02-13 18:40:30.104 I/WifiService(  258): WifiService trying to setNumAllowed to 11 with persist set to true
02-13 18:40:30.104 D/WifiService(  258): WifiHandler, MESSAGE_SET_CHANNELS, msg.arg1: 11, msg.arg2: 1
02-13 18:40:30.154 W/WindowManager(  258): updateFocusedWindowLocked newFocus=Window{4082e058 Keyguard paused=false} mode=3 mCurrentFocus = Window{4082e058 Keyguard paused=false}
02-13 18:40:30.580 D/StatusBarPolicy(  340): onSignalStrengthsChanged:SignalStrength: 99 0 -88 -70 -125 -25 8 99 2147483647 2147483647 2147483647 2147483647 cdma for subscription0
02-13 18:40:30.580 D/StatusBarPolicy(  340): updateSignalStrength on subscription :0
02-13 18:40:30.630 I/TelephonyRegistry(  258): notifyServiceState: 0 home Sprint  310099  IS95A CSS not supported 41 4139RoamInd: 1RoamStatus(sprint): 1DefRoamInd: 160EmergOnly: false
02-13 18:40:30.640 D/StatusBarPolicy(  340): onServiceStateChanged:0 home Sprint  310099  IS95A CSS not supported 41 4139RoamInd: 1RoamStatus(sprint): 1DefRoamInd: 160EmergOnly: falsefor subscription :0
02-13 18:40:30.640 D/StatusBarPolicy(  340): updateSignalStrength on subscription :0
02-13 18:40:30.640 D/StatusBarPolicy(  340): StatusBarPolocy::getIconLevel -CDMA
02-13 18:40:30.640 D/StatusBarPolicy(  340): getCdmaLevel_band_six -cdmaDbm:-88
02-13 18:40:30.640 D/StatusBarPolicy(  340): getCdmaLevel_band_six -cdmaEcio:-70
02-13 18:40:30.640 D/StatusBarPolicy(  340): updateDataIcon subscription =0
02-13 18:40:30.660 I/TelephonyRegistry(  258): notifyServiceState: 0 home Sprint  310099  IS95A CSS not supported 41 4139RoamInd: 1RoamStatus(sprint): 1DefRoamInd: 160EmergOnly: false
02-13 18:40:30.660 D/StatusBarPolicy(  340): onServiceStateChanged:0 home Sprint  310099  IS95A CSS not supported 41 4139RoamInd: 1RoamStatus(sprint): 1DefRoamInd: 160EmergOnly: falsefor subscription :0
02-13 18:40:30.660 D/StatusBarPolicy(  340): updateSignalStrength on subscription :0
02-13 18:40:30.660 D/StatusBarPolicy(  340): StatusBarPolocy::getIconLevel -CDMA
02-13 18:40:30.660 D/StatusBarPolicy(  340): getCdmaLevel_band_six -cdmaDbm:-88
02-13 18:40:30.660 D/StatusBarPolicy(  340): getCdmaLevel_band_six -cdmaEcio:-70
02-13 18:40:30.660 D/StatusBarPolicy(  340): updateDataIcon subscription =0
02-13 18:40:30.670 I/TelephonyRegistry(  258): notifyServiceState: 0 home Sprint  310099  IS95A CSS not supported 41 4139RoamInd: 1RoamStatus(sprint): 1DefRoamInd: 160EmergOnly: false
02-13 18:40:30.670 D/StatusBarPolicy(  340): onServiceStateChanged:0 home Sprint  310099  IS95A CSS not supported 41 4139RoamInd: 1RoamStatus(sprint): 1DefRoamInd: 160EmergOnly: falsefor subscription :0
02-13 18:40:30.670 D/StatusBarPolicy(  340): updateSignalStrength on subscription :0
02-13 18:40:30.670 D/StatusBarPolicy(  340): StatusBarPolocy::getIconLevel -CDMA
02-13 18:40:30.670 D/StatusBarPolicy(  340): getCdmaLevel_band_six -cdmaDbm:-88
02-13 18:40:30.670 D/StatusBarPolicy(  340): getCdmaLevel_band_six -cdmaEcio:-70
02-13 18:40:30.670 D/StatusBarPolicy(  340): updateDataIcon subscription =0
02-13 18:40:30.700 I/TelephonyRegistry(  258): notifyDataConnection: anyState=0,default/INET,apnTypeState=0,iface=null,ip=null,gw=null,isDataConnectivityPossible=true,networkType=4,reason=dataNetworkAttached
02-13 18:40:30.700 D/StatusBarPolicy(  340): StatusBarPolicy onDataConnectionStateChanged to 0for nw : 4on subscription : 0
02-13 18:40:30.700 D/StatusBarPolicy(  340): Data network type changed to:4
02-13 18:40:30.700 D/StatusBarPolicy(  340): updateDataIcon subscription =0
02-13 18:40:30.720 I/TelephonyRegistry(  258): notifyDataConnection: anyState=0,default/INET6,apnTypeState=0,iface=null,ip=null,gw=null,isDataConnectivityPossible=true,networkType=4,reason=dataNetworkAttached
02-13 18:40:30.740 I/TelephonyRegistry(  258): notifyDataConnection: anyState=0,mms/INET,apnTypeState=0,iface=null,ip=null,gw=null,isDataConnectivityPossible=true,networkType=4,reason=dataNetworkAttached
02-13 18:40:30.750 I/TelephonyRegistry(  258): notifyDataConnection: anyState=0,mms/INET6,apnTypeState=0,iface=null,ip=null,gw=null,isDataConnectivityPossible=true,networkType=4,reason=dataNetworkAttached
02-13 18:40:30.760 I/TelephonyRegistry(  258): notifyDataConnection: anyState=0,supl/INET,apnTypeState=0,iface=null,ip=null,gw=null,isDataConnectivityPossible=true,networkType=4,reason=dataNetworkAttached
02-13 18:40:30.770 I/TelephonyRegistry(  258): notifyDataConnection: anyState=0,supl/INET6,apnTypeState=0,iface=null,ip=null,gw=null,isDataConnectivityPossible=true,networkType=4,reason=dataNetworkAttached
02-13 18:40:30.780 I/TelephonyRegistry(  258): notifyDataConnection: anyState=0,dun/INET,apnTypeState=0,iface=null,ip=null,gw=null,isDataConnectivityPossible=true,networkType=4,reason=dataNetworkAttached
02-13 18:40:30.780 I/TelephonyRegistry(  258): notifyDataConnection: anyState=0,dun/INET6,apnTypeState=0,iface=null,ip=null,gw=null,isDataConnectivityPossible=true,networkType=4,reason=dataNetworkAttached
02-13 18:40:30.790 I/TelephonyRegistry(  258): notifyDataConnection: anyState=0,hipri/INET,apnTypeState=0,iface=null,ip=null,gw=null,isDataConnectivityPossible=true,networkType=4,reason=dataNetworkAttached
02-13 18:40:30.810 I/TelephonyRegistry(  258): notifyDataConnection: anyState=0,hipri/INET6,apnTypeState=0,iface=null,ip=null,gw=null,isDataConnectivityPossible=true,networkType=4,reason=dataNetworkAttached
02-13 18:40:30.820 I/TelephonyRegistry(  258): notifyDataConnection: anyState=0,default/INET,apnTypeState=0,iface=null,ip=null,gw=null,isDataConnectivityPossible=true,networkType=4,reason=radioTechnologyChanged
02-13 18:40:30.830 I/TelephonyRegistry(  258): notifyDataConnection: anyState=0,default/INET6,apnTypeState=0,iface=null,ip=null,gw=null,isDataConnectivityPossible=true,networkType=4,reason=radioTechnologyChanged
02-13 18:40:30.830 I/TelephonyRegistry(  258): notifyDataConnection: anyState=0,mms/INET,apnTypeState=0,iface=null,ip=null,gw=null,isDataConnectivityPossible=true,networkType=4,reason=radioTechnologyChanged
02-13 18:40:30.860 I/TelephonyRegistry(  258): notifyDataConnection: anyState=0,mms/INET6,apnTypeState=0,iface=null,ip=null,gw=null,isDataConnectivityPossible=true,networkType=4,reason=radioTechnologyChanged
02-13 18:40:30.860 I/TelephonyRegistry(  258): notifyDataConnection: anyState=0,supl/INET,apnTypeState=0,iface=null,ip=null,gw=null,isDataConnectivityPossible=true,networkType=4,reason=radioTechnologyChanged
02-13 18:40:30.870 I/TelephonyRegistry(  258): notifyDataConnection: anyState=0,supl/INET6,apnTypeState=0,iface=null,ip=null,gw=null,isDataConnectivityPossible=true,networkType=4,reason=radioTechnologyChanged
02-13 18:40:30.880 I/TelephonyRegistry(  258): notifyDataConnection: anyState=0,dun/INET,apnTypeState=0,iface=null,ip=null,gw=null,isDataConnectivityPossible=true,networkType=4,reason=radioTechnologyChanged
02-13 18:40:30.890 I/TelephonyRegistry(  258): notifyDataConnection: anyState=0,dun/INET6,apnTypeState=0,iface=null,ip=null,gw=null,isDataConnectivityPossible=true,networkType=4,reason=radioTechnologyChanged
02-13 18:40:30.900 I/TelephonyRegistry(  258): notifyDataConnection: anyState=0,hipri/INET,apnTypeState=0,iface=null,ip=null,gw=null,isDataConnectivityPossible=true,networkType=4,reason=radioTechnologyChanged
02-13 18:40:30.910 I/TelephonyRegistry(  258): notifyDataConnection: anyState=0,hipri/INET6,apnTypeState=0,iface=null,ip=null,gw=null,isDataConnectivityPossible=true,networkType=4,reason=radioTechnologyChanged
02-13 18:40:31.010 I/TelephonyRegistry(  258): notifyDataConnection: anyState=0,default/INET,apnTypeState=1,iface=null,ip=null,gw=null,isDataConnectivityPossible=true,networkType=4,reason=radioTechnologyChanged
02-13 18:40:31.010 D/WifiService(  258): ACTION_BATTERY_CHANGED pluggedType: 1
02-13 18:40:31.010 D/WifiService(  258): WifiHandler, MESSAGE_UPDATE_STATE
02-13 18:40:31.010 D/WifiService(  258): isAirplaneModeOn(): false
02-13 18:40:31.010 D/WifiService(  258): updateWifiState(), wifiEnabled: true, airplaneMode: false, wifiShouldBeEnabled: true, wifiShouldBeStarted: true, strongestLockMode: 1
02-13 18:40:31.010 D/WifiService(  258): WifiHandler, MESSAGE_ENABLE_WIFI, msg.arg1: 0, msg.arg2: 1000
02-13 18:40:31.010 D/WifiService(  258): WifiHandler, MESSAGE_START_WIFI, msg.arg1: 1
02-13 18:40:31.220 I/TelephonyRegistry(  258): notifyServiceState: 0 home Sprint  310099  IS95A CSS not supported 41 4139RoamInd: 1RoamStatus(sprint): 1DefRoamInd: 160EmergOnly: false
02-13 18:40:31.220 D/StatusBarPolicy(  340): onServiceStateChanged:0 home Sprint  310099  IS95A CSS not supported 41 4139RoamInd: 1RoamStatus(sprint): 1DefRoamInd: 160EmergOnly: falsefor subscription :0
02-13 18:40:31.220 D/StatusBarPolicy(  340): updateSignalStrength on subscription :0
02-13 18:40:31.220 D/StatusBarPolicy(  340): StatusBarPolocy::getIconLevel -CDMA
02-13 18:40:31.220 D/StatusBarPolicy(  340): getCdmaLevel_band_six -cdmaDbm:-88
02-13 18:40:31.220 D/StatusBarPolicy(  340): getCdmaLevel_band_six -cdmaEcio:-70
02-13 18:40:31.220 D/StatusBarPolicy(  340): updateDataIcon subscription =0
02-13 18:40:31.260 I/TelephonyRegistry(  258): notifyServiceState: 0 home Sprint  310099  1xRTT CSS not supported 41 4139RoamInd: 1RoamStatus(sprint): 1DefRoamInd: 160EmergOnly: false
02-13 18:40:31.260 D/StatusBarPolicy(  340): onServiceStateChanged:0 home Sprint  310099  1xRTT CSS not supported 41 4139RoamInd: 1RoamStatus(sprint): 1DefRoamInd: 160EmergOnly: falsefor subscription :0
02-13 18:40:31.260 D/StatusBarPolicy(  340): updateSignalStrength on subscription :0
02-13 18:40:31.260 D/StatusBarPolicy(  340): StatusBarPolocy::getIconLevel -CDMA
02-13 18:40:31.260 D/StatusBarPolicy(  340): getCdmaLevel_band_six -cdmaDbm:-88
02-13 18:40:31.260 D/StatusBarPolicy(  340): getCdmaLevel_band_six -cdmaEcio:-70
02-13 18:40:31.260 D/StatusBarPolicy(  340): updateDataIcon subscription =0
02-13 18:40:31.300 I/TelephonyRegistry(  258): notifyDataConnection: anyState=0,default/INET,apnTypeState=1,iface=null,ip=null,gw=null,isDataConnectivityPossible=true,networkType=7,reason=radioTechnologyChanged
02-13 18:40:31.300 D/StatusBarPolicy(  340): StatusBarPolicy onDataConnectionStateChanged to 0for nw : 7on subscription : 0
02-13 18:40:31.300 D/StatusBarPolicy(  340): Data network type changed to:7
02-13 18:40:31.300 D/StatusBarPolicy(  340): updateDataIcon subscription =0
02-13 18:40:31.300 I/TelephonyRegistry(  258): notifyDataConnection: anyState=0,default/INET6,apnTypeState=0,iface=null,ip=null,gw=null,isDataConnectivityPossible=true,networkType=7,reason=radioTechnologyChanged
02-13 18:40:31.310 I/TelephonyRegistry(  258): notifyDataConnection: anyState=0,mms/INET,apnTypeState=0,iface=null,ip=null,gw=null,isDataConnectivityPossible=true,networkType=7,reason=radioTechnologyChanged
02-13 18:40:31.310 I/TelephonyRegistry(  258): notifyDataConnection: anyState=0,mms/INET6,apnTypeState=0,iface=null,ip=null,gw=null,isDataConnectivityPossible=true,networkType=7,reason=radioTechnologyChanged
02-13 18:40:31.320 I/TelephonyRegistry(  258): notifyDataConnection: anyState=0,supl/INET,apnTypeState=0,iface=null,ip=null,gw=null,isDataConnectivityPossible=true,networkType=7,reason=radioTechnologyChanged
02-13 18:40:31.370 I/TelephonyRegistry(  258): notifyDataConnection: anyState=0,supl/INET6,apnTypeState=0,iface=null,ip=null,gw=null,isDataConnectivityPossible=true,networkType=7,reason=radioTechnologyChanged
02-13 18:40:31.380 I/TelephonyRegistry(  258): notifyDataConnection: anyState=0,dun/INET,apnTypeState=0,iface=null,ip=null,gw=null,isDataConnectivityPossible=true,networkType=7,reason=radioTechnologyChanged
02-13 18:40:31.380 I/TelephonyRegistry(  258): notifyDataConnection: anyState=0,dun/INET6,apnTypeState=0,iface=null,ip=null,gw=null,isDataConnectivityPossible=true,networkType=7,reason=radioTechnologyChanged
02-13 18:40:31.390 I/TelephonyRegistry(  258): notifyDataConnection: anyState=0,hipri/INET,apnTypeState=0,iface=null,ip=null,gw=null,isDataConnectivityPossible=true,networkType=7,reason=radioTechnologyChanged
02-13 18:40:31.400 I/TelephonyRegistry(  258): notifyDataConnection: anyState=0,hipri/INET6,apnTypeState=0,iface=null,ip=null,gw=null,isDataConnectivityPossible=true,networkType=7,reason=radioTechnologyChanged
02-13 18:40:31.510 D/PowerManagerService(  258): bootCompleted
02-13 18:40:31.510 D/PowerManagerService(  258): setTimeoutLocked now=28678 timeoutOverride=-1 nextState=3 when=34678
02-13 18:40:31.510 D/NetdConnector(  258): SND -> {interface list} {null}
02-13 18:40:31.520 D/NetdConnector(  258): RCV <- {110 lo}
02-13 18:40:31.520 D/NetdConnector(  258): RCV <- {110 dummy0}
02-13 18:40:31.520 D/NetdConnector(  258): RCV <- {110 rmnet0}
02-13 18:40:31.520 D/NetdConnector(  258): RCV <- {110 rmnet1}
02-13 18:40:31.520 D/NetdConnector(  258): RCV <- {110 rmnet2}
02-13 18:40:31.520 D/NetdConnector(  258): RCV <- {110 rmnet3}
02-13 18:40:31.520 D/NetdConnector(  258): RCV <- {110 rmnet4}
02-13 18:40:31.520 D/NetdConnector(  258): RCV <- {110 rmnet5}
02-13 18:40:31.520 D/NetdConnector(  258): RCV <- {110 rmnet6}
02-13 18:40:31.520 D/NetdConnector(  258): RCV <- {110 rmnet7}
02-13 18:40:31.520 D/NetdConnector(  258): RCV <- {110 tunl0}
02-13 18:40:31.520 D/NetdConnector(  258): RSP <- {110 lo}
02-13 18:40:31.520 D/NetdConnector(  258): RSP <- {110 dummy0}
02-13 18:40:31.520 D/NetdConnector(  258): RSP <- {110 rmnet0}
02-13 18:40:31.520 D/NetdConnector(  258): RSP <- {110 rmnet1}
02-13 18:40:31.520 D/NetdConnector(  258): RSP <- {110 rmnet2}
02-13 18:40:31.520 D/NetdConnector(  258): RSP <- {110 rmnet3}
02-13 18:40:31.520 D/NetdConnector(  258): RSP <- {110 rmnet4}
02-13 18:40:31.520 D/NetdConnector(  258): RSP <- {110 rmnet5}
02-13 18:40:31.530 D/NetdConnector(  258): RCV <- {110 gre0}
02-13 18:40:31.530 D/NetdConnector(  258): RCV <- {110 sit0}
02-13 18:40:31.530 D/NetdConnector(  258): RSP <- {110 rmnet6}
02-13 18:40:31.530 D/NetdConnector(  258): RSP <- {110 rmnet7}
02-13 18:40:31.530 D/NetdConnector(  258): RSP <- {110 tunl0}
02-13 18:40:31.530 D/NetdConnector(  258): RSP <- {110 gre0}
02-13 18:40:31.530 D/NetdConnector(  258): RSP <- {110 sit0}
02-13 18:40:31.530 D/NetdConnector(  258): RCV <- {110 ip6tnl0}
02-13 18:40:31.530 D/NetdConnector(  258): RCV <- {110 usb0}
02-13 18:40:31.530 D/NetdConnector(  258): RSP <- {110 ip6tnl0}
02-13 18:40:31.530 D/NetdConnector(  258): RSP <- {110 usb0}
02-13 18:40:31.530 D/NetdConnector(  258): RCV <- {110 wlan0}
02-13 18:40:31.530 D/NetdConnector(  258): RSP <- {110 wlan0}
02-13 18:40:31.530 D/NetdConnector(  258): RCV <- {200 Interface list completed}
02-13 18:40:31.530 D/NetdConnector(  258): RSP <- {200 Interface list completed}
02-13 18:40:31.540 D/NetdConnector(  258): List terminated with {200 Interface list completed}
02-13 18:40:31.540 D/VoldConnector(  258): SND -> {volume mount /mnt/sdcard} {null}
02-13 18:40:31.540 D/VoldCmdListener(  110): volume mount /mnt/sdcard
02-13 18:40:31.540 E/DirectVolume(  110): getDeviceNodes i 0 j 0 33
02-13 18:40:31.540 I/Vold    (  110): /dev/block/vold/179:33 being considered for volume sdcard
02-13 18:40:31.540 D/Vold    (  110): Volume sdcard state changing 1 (Idle-Unmounted) -> 3 (Checking)
02-13 18:40:31.540 D/VoldConnector(  258): RCV <- {605 Volume sdcard /mnt/sdcard state changed from 1 (Idle-Unmounted) to 3 (Checking)}
02-13 18:40:31.540 I/StorageNotification(  340): Media {/mnt/sdcard} state changed from {unmounted} -> {checking}
02-13 18:40:31.780 I/ActivityManager(  258): Start proc com.google.android.partnersetup for broadcast com.google.android.partnersetup/.PhoneStateReceiver: pid=459 uid=10041 gids={3003}
02-13 18:40:31.950 I/TelephonyRegistry(  258): notifyServiceState: 0 home Sprint  310099  1xRTT CSS not supported 41 4139RoamInd: 1RoamStatus(sprint): 1DefRoamInd: 160EmergOnly: false
02-13 18:40:32.000 W/WindowManager(  258): updateFocusedWindowLocked newFocus=Window{4082e058 Keyguard paused=false} mode=3 mCurrentFocus = Window{4082e058 Keyguard paused=false}
02-13 18:40:32.020 W/WindowManager(  258): updateFocusedWindowLocked newFocus=Window{4082e058 Keyguard paused=false} mode=3 mCurrentFocus = Window{4082e058 Keyguard paused=false}
02-13 18:40:32.101 D/StatusBarPolicy(  340): onServiceStateChanged:0 home Sprint  310099  1xRTT CSS not supported 41 4139RoamInd: 1RoamStatus(sprint): 1DefRoamInd: 160EmergOnly: falsefor subscription :0
02-13 18:40:32.101 D/StatusBarPolicy(  340): updateSignalStrength on subscription :0
02-13 18:40:32.101 D/StatusBarPolicy(  340): StatusBarPolocy::getIconLevel -CDMA
02-13 18:40:32.101 D/StatusBarPolicy(  340): getCdmaLevel_band_six -cdmaDbm:-88
02-13 18:40:32.101 D/StatusBarPolicy(  340): getCdmaLevel_band_six -cdmaEcio:-70
02-13 18:40:32.111 D/StatusBarPolicy(  340): updateDataIcon subscription =0
02-13 18:40:32.651 D/ConnectivityService(  258): ConnectivityChange for mobile: CONNECTING/CONNECTING
02-13 18:40:32.941 D/StatusBarPolicy(  340): onSignalStrengthsChanged:SignalStrength: 99 0 -93 -70 -125 -25 8 99 2147483647 2147483647 2147483647 2147483647 cdma for subscription0
02-13 18:40:32.941 D/StatusBarPolicy(  340): updateSignalStrength on subscription :0
02-13 18:40:32.941 D/StatusBarPolicy(  340): StatusBarPolocy::getIconLevel -CDMA
02-13 18:40:32.941 D/StatusBarPolicy(  340): getCdmaLevel_band_six -cdmaDbm:-93
02-13 18:40:32.941 D/StatusBarPolicy(  340): getCdmaLevel_band_six -cdmaEcio:-70
02-13 18:40:33.232 I/Vold    (  110): Filesystem check completed OK
02-13 18:40:33.252 I/Vold    (  110): Device /dev/block/vold/179:33, target /mnt/sdcard mounted @ /mnt/secure/staging
02-13 18:40:33.252 D/Vold    (  110): Volume sdcard state changing 3 (Checking) -> 4 (Mounted)
02-13 18:40:33.252 D/VoldConnector(  258): RCV <- {605 Volume sdcard /mnt/sdcard state changed from 3 (Checking) to 4 (Mounted)}
02-13 18:40:33.252 I/StorageNotification(  340): Media {/mnt/sdcard} state changed from {checking} -> {mounted}
02-13 18:40:33.262 D/VoldConnector(  258): RCV <- {200 volume operation succeeded}
02-13 18:40:33.262 W/WindowManager(  258): updateFocusedWindowLocked newFocus=Window{4082e058 Keyguard paused=false} mode=3 mCurrentFocus = Window{4082e058 Keyguard paused=false}
02-13 18:40:33.272 D/VoldConnector(  258): RSP <- {200 volume operation succeeded}
02-13 18:40:33.292 I/ActivityManager(  258): Start proc com.android.settings for broadcast com.android.settings/.widget.SettingsAppWidgetProvider: pid=469 uid=1000 gids={3002, 3001, 3003, 1015}
02-13 18:40:33.392 D/VoldConnector(  258): SND -> {asec list} {null}
02-13 18:40:33.392 D/VoldCmdListener(  110): asec list
02-13 18:40:33.392 D/VoldConnector(  258): RCV <- {200 asec operation succeeded}
02-13 18:40:33.402 D/VoldConnector(  258): RSP <- {200 asec operation succeeded}
02-13 18:40:33.412 D/VoldConnector(  258): List terminated with {200 asec operation succeeded}
02-13 18:40:33.442 W/PackageManager(  258): Unknown permission com.android.vending.permission.UPDATE_MARKET_FAILURE in package com.android.vending.updater
02-13 18:40:33.472 W/PackageManager(  258): Unknown permission android.permission.ADD_SYSTEM_SERVICE in package com.android.phone
02-13 18:40:33.472 W/PackageManager(  258): Unknown permission com.google.android.apps.googlevoice.permission.AUTO_SEND in package com.google.android.voicesearch
02-13 18:40:33.482 W/PackageManager(  258): Not granting permission android.permission.SEND_DOWNLOAD_COMPLETED_INTENTS to package com.android.browser (protectionLevel=2 flags=0x9be45)
02-13 18:40:33.482 W/PackageManager(  258): Unknown permission com.android.email.provider.AttachmentProvider in package com.android.music
02-13 18:40:33.482 W/PackageManager(  258): Not granting permission android.permission.SEND_DOWNLOAD_COMPLETED_INTENTS to package com.android.music (protectionLevel=2 flags=0x8be65)
02-13 18:40:33.492 W/PackageManager(  258): Unknown permission android.permission.READ_OWNER_DATA in package com.android.setupwizard
02-13 18:40:33.492 W/PackageManager(  258): Unknown permission android.permission.WRITE_OWNER_DATA in package com.android.setupwizard
02-13 18:40:33.492 W/PackageManager(  258): Not granting permission android.permission.ACCESS_DRM to package com.android.mms (protectionLevel=2 flags=0x8be65)
02-13 18:40:33.492 W/PackageManager(  258): Unknown permission android.permission.RECEIVE_EMERGENCY_BROADCAST in package com.android.mms
02-13 18:40:33.502 W/PackageManager(  258): Not granting permission android.permission.SET_PREFERRED_APPLICATIONS to package com.sprint.w.installer (protectionLevel=2 flags=0x8be45)
02-13 18:40:33.512 W/PackageManager(  258): Unknown permission android.intent.action.REBOOT in package com.redbend.vdmc
02-13 18:40:33.512 W/PackageManager(  258): Not granting permission com.google.android.gm.permission.READ_GMAIL to package com.google.android.apps.uploader (protectionLevel=2 flags=0xbe45)
02-13 18:40:33.512 W/PackageManager(  258): Unknown permission android.permission.READ_PROFILE in package com.google.android.apps.plus
02-13 18:40:33.512 W/PackageManager(  258): Unknown permission android.permission.WRITE_PROFILE in package com.google.android.apps.plus
02-13 18:40:33.512 W/PackageManager(  258): Unknown permission android.permission.READ_SOCIAL_STREAM in package com.google.android.apps.plus
02-13 18:40:33.512 W/PackageManager(  258): Unknown permission android.permission.WRITE_SOCIAL_STREAM in package com.google.android.apps.plus
02-13 18:40:33.512 W/PackageManager(  258): Unknown permission android.permission.READ_EXTERNAL_STORAGE in package com.android.vending
02-13 18:40:33.522 W/PackageManager(  258): Not granting permission android.permission.SEND_DOWNLOAD_COMPLETED_INTENTS to package com.android.vending (protectionLevel=2 flags=0xabec5)
02-13 18:40:33.522 W/PackageManager(  258): Not granting permission android.permission.ACCOUNT_MANAGER to package com.google.android.music (protectionLevel=2 flags=0x8bee5)
02-13 18:40:33.532 W/PackageManager(  258): Unknown permission android.permission.READ_OWNER_DATA in package com.android.email
02-13 18:40:33.532 W/PackageManager(  258): Unknown permission android.intent.action.REBOOT in package com.android.email
02-13 18:40:33.532 W/PackageManager(  258): Not granting permission android.permission.BROADCAST_WAP_PUSH to package com.android.email (protectionLevel=2 flags=0x8be45)
02-13 18:40:33.532 W/PackageManager(  258): Unknown permission com.android.providers.im.permission.READ_ONLY in package com.google.android.apps.maps
02-13 18:40:33.542 W/PackageManager(  258): Unknown permission com.google.android.providers.gmail.permission.READ_GMAIL in package com.dataviz.docstogo
02-13 18:40:33.852 I/ActivityManager(  258): Start proc com.redbend.vdmc for broadcast com.redbend.vdmc/.MyConnectionChangeReceiver: pid=476 uid=1000 gids={3002, 3001, 3003, 1015}
02-13 18:40:33.922 D/PowerManagerService(  258): setTimeoutLocked now=31089 timeoutOverride=-1 nextState=3 when=37089
02-13 18:40:33.922 W/WindowManager(  258): updateFocusedWindowLocked newFocus=null mode=3 mCurrentFocus = Window{4082e058 Keyguard paused=false}
02-13 18:40:33.932 W/WindowManager(  258): updateFocusedWindowLocked newFocus=Window{407be0d0 com.android.launcher/com.android.launcher2.Launcher paused=false} mode=2 mCurrentFocus = null
02-13 18:40:34.022 D/PowerManagerService(  258): setTimeoutLocked now=31192 timeoutOverride=-1 nextState=3 when=37192
02-13 18:40:34.062 I/ActivityManager(  258): Start proc com.qualcomm.privinit for broadcast com.qualcomm.privinit/.BootReciever: pid=484 uid=1000 gids={3002, 3001, 3003, 1015}
02-13 18:40:34.112 I/ActivityManager(  258): Start proc com.cooliris.media for broadcast com.cooliris.media/com.cooliris.cache.BootReceiver: pid=491 uid=10046 gids={1015, 3003}
02-13 18:40:34.393 I/ActivityManager(  258): Start proc zte.com.cn.alarmclock for broadcast zte.com.cn.alarmclock/.AlarmInitReceiver: pid=502 uid=10001 gids={}
02-13 18:40:34.413 D/ConnectivityService(  258): ConnectivityChange for WIFI: DISCONNECTED/IDLE
02-13 18:40:34.413 D/ConnectivityService(  258): Got Network Disconnected from Driver nwtype=1
02-13 18:40:34.413 D/ConnectivityService(  258): getMobileDataEnabled returning true
02-13 18:40:34.413 D/ConnectivityService(  258): Attempting to switch to mobile
02-13 18:40:34.423 D/StatusBarPolicy(  340): updateSignalStrength on subscription :0
02-13 18:40:34.423 D/StatusBarPolicy(  340): StatusBarPolocy::getIconLevel -CDMA
02-13 18:40:34.423 D/StatusBarPolicy(  340): getCdmaLevel_band_six -cdmaDbm:-93
02-13 18:40:34.423 D/StatusBarPolicy(  340): getCdmaLevel_band_six -cdmaEcio:-70
02-13 18:40:34.453 I/BootReceiver(  258): Copying /proc/last_kmsg to DropBox (SYSTEM_LAST_KMSG)
02-13 18:40:34.553 I/ActivityManager(  258): Start proc com.android.email for content provider com.android.email/com.android.exchange.provider.ExchangeProvider: pid=509 uid=10048 gids={3003, 1015}
02-13 18:40:34.583 I/ActivityManager(  258): Start proc android.process.media for content provider com.android.providers.downloads/.DownloadProvider: pid=510 uid=10024 gids={1015, 2001, 3003}
02-13 18:40:34.673 I/ActivityManager(  258): Start proc com.sprint.zone for broadcast com.sprint.zone/.BootCompleteReceiver: pid=523 uid=10002 gids={3003, 3002, 3001}
02-13 18:40:35.023 I/TelephonyRegistry(  258): notifyServiceState: 0 home Sprint  310099  1xRTT CSS not supported 41 4139RoamInd: 1RoamStatus(sprint): 1DefRoamInd: 160EmergOnly: false
02-13 18:40:35.043 D/StatusBarPolicy(  340): onSignalStrengthsChanged:SignalStrength: 99 0 -93 -75 -90 -35 5 99 2147483647 2147483647 2147483647 2147483647 cdma for subscription0
02-13 18:40:35.043 D/StatusBarPolicy(  340): updateSignalStrength on subscription :0
02-13 18:40:35.063 D/StatusBarPolicy(  340): StatusBarPolocy::getIconLevel -CDMA
02-13 18:40:35.063 D/StatusBarPolicy(  340): getCdmaLevel_band_six -cdmaDbm:-93
02-13 18:40:35.063 D/StatusBarPolicy(  340): getCdmaLevel_band_six -cdmaEcio:-75
02-13 18:40:35.083 D/StatusBarPolicy(  340): onServiceStateChanged:0 home Sprint  310099  1xRTT CSS not supported 41 4139RoamInd: 1RoamStatus(sprint): 1DefRoamInd: 160EmergOnly: falsefor subscription :0
02-13 18:40:35.083 D/StatusBarPolicy(  340): updateSignalStrength on subscription :0
02-13 18:40:35.083 D/StatusBarPolicy(  340): StatusBarPolocy::getIconLevel -CDMA
02-13 18:40:35.083 D/StatusBarPolicy(  340): getCdmaLevel_band_six -cdmaDbm:-93
02-13 18:40:35.083 D/StatusBarPolicy(  340): getCdmaLevel_band_six -cdmaEcio:-75
02-13 18:40:35.083 D/StatusBarPolicy(  340): updateDataIcon subscription =0
02-13 18:40:35.424 D/PowerManagerService(  258): setTimeoutLocked now=32593 timeoutOverride=-1 nextState=3 when=38593
02-13 18:40:35.524 D/PowerManagerService(  258): setTimeoutLocked now=32693 timeoutOverride=-1 nextState=3 when=38693
02-13 18:40:35.674 I/ActivityManager(  258): Starting: Intent { act=android.intent.action.MAIN cat=[android.intent.category.LAUNCHER] flg=0x10200000 cmp=com.android.mms/.ui.ConversationList bnds=[163,337][237,416] } from pid 351
02-13 18:40:35.684 W/WindowManager(  258): updateFocusedWindowLocked newFocus=Window{407be0d0 com.android.launcher/com.android.launcher2.Launcher paused=false} mode=3 mCurrentFocus = Window{407be0d0 com.android.launcher/com.android.launcher2.Launcher paused=false}
02-13 18:40:35.714 I/ActivityManager(  258): Start proc com.android.mms for activity com.android.mms/.ui.ConversationList: pid=533 uid=10030 gids={3003, 1015}
02-13 18:40:35.874 I/WindowManager(  258): Setting rotation to 1, animFlags=1
02-13 18:40:35.874 I/ActivityManager(  258): Config changed: { scale=1.0 imsi=310/120 loc=en_US touch=3 keys=1/1/2 nav=1/1 orien=2 layout=18 uiMode=17 seq=5}
02-13 18:40:35.894 W/WindowManager(  258): updateFocusedWindowLocked newFocus=null mode=3 mCurrentFocus = Window{407be0d0 com.android.launcher/com.android.launcher2.Launcher paused=false}
