02-13 18:40:46.444 I/am_destroy_activity(  258): [1080807592,5,com.google.android.apps.maps/com.google.googlenav.login.AndroidLoginActivitySdk5]
02-13 18:40:46.454 I/content_query_sample(  510): [content://downloads/all_downloads,,,,53,,11]
02-13 18:40:46.464 I/am_destroy_service(  258): [1080485360,com.android.providers.downloads/.DownloadService,510]
02-13 18:40:46.464 I/am_destroy_service(  258): [1082491016,com.google.android.gsf/.checkin.CheckinService,406]
02-13 18:40:46.484 I/am_destroy_service(  258): [1082446608,com.google.android.gm/.downloadprovider.DownloadService,606]
02-13 18:40:46.484 I/am_kill (  258): [560,com.swype.android.inputmethod,12,too many background]
02-13 18:40:46.494 I/am_proc_died(  258): [560,com.swype.android.inputmethod]
02-13 18:40:46.655 I/dvm_gc_info(  688): [3346293774832748095,-8995511478848071625,-4004679697885726675,7358131]
02-13 18:40:46.835 I/content_query_sample(  706): [content://com.google.android.music.MusicContent/playlists,count(*),,,1947,,100]
02-13 18:40:46.895 I/dvm_gc_madvise_info(  509): [208896,135168]
02-13 18:40:46.915 I/am_destroy_service(  258): [1082611920,com.android.providers.calendar/.EmptyService,634]
02-13 18:40:46.915 I/am_kill (  258): [594,com.android.zte.HiddenMenu,12,too many background]
02-13 18:40:46.925 I/am_proc_died(  258): [594,com.android.zte.HiddenMenu]
02-13 18:40:47.035 I/am_create_service(  258): [1082885784,com.google.android.music/.store.MediaStoreImportService,act=MediaStoreImportService.import_pending,706]
02-13 18:40:47.045 I/content_query_sample(  688): [content://media/external/fs_id,,,,2,,1]
02-13 18:40:47.065 I/force_gc(  258): Binder
02-13 18:40:47.125 I/dvm_gc_info(  258): [8320808730291857056,-8920917035700131742,-3984694974539270099,8533934]
02-13 18:40:47.195 I/am_destroy_service(  258): [1081715080,com.android.providers.media/.MediaScannerService,510]
02-13 18:40:47.225 I/content_query_sample(  706): [content://media/external/audio/media,_id/album/artist/composer/date_added/duration/mime_type/_size/title/track/year/album_id/album_artist,(is_music=1 OR is_podcast=1)  AND (date_added >=?  OR date_modified >=?  ),date_added,81,,17]
02-13 18:40:47.315 I/dvm_gc_info(  706): [7887337218879096357,-9046176905902958535,-4003835272955594707,7358131]
02-13 18:40:47.345 I/am_destroy_service(  258): [1082885784,com.google.android.music/.store.MediaStoreImportService,706]
02-13 18:40:47.355 I/am_kill (  258): [627,com.android.camera,14,too many background]
02-13 18:40:47.355 I/am_proc_died(  258): [627,com.android.camera]
02-13 18:40:47.566 I/db_sample(  688): [/data/data/com.google.android.apps.plus/databases/picasa.db,SELECT sync_states FROM users WHERE account=? LIMIT 1,0,,1]
02-13 18:40:47.946 I/dvm_gc_madvise_info(  337): [245760,135168]
02-13 18:40:47.986 I/dvm_gc_madvise_info(  533): [135168,135168]
02-13 18:40:48.346 I/dvm_gc_info(  533): [7218827569569809986,-8986504417032308683,-4002146423095330771,7939899]
02-13 18:40:48.466 I/configuration_changed(  258): 128
02-13 18:40:48.777 I/dvm_gc_info(  332): [7809651225003173419,-9021970401603880907,-4003835272955594707,8529954]
02-13 18:40:48.837 I/configuration_changed(  258): 128
02-13 18:40:49.017 I/dvm_gc_madvise_info(  406): [192512,135168]
02-13 18:40:49.167 I/dvm_gc_info(  332): [7809651225003165162,-9037451525322966987,-4003835272955594707,8255454]
02-13 18:40:49.327 I/dvm_gc_info(  332): [7809651225003161014,-9045332824670848970,-4003835272955594707,8304618]
02-13 18:40:49.598 I/dvm_gc_info(  332): [7809651225003226323,-9060532473413228490,-4003835272955594707,8534048]
02-13 18:40:49.768 I/dvm_gc_madvise_info(  476): [372736,135168]
02-13 18:40:50.138 I/dvm_gc_madvise_info(  721): [139264,135168]
02-13 18:40:50.989 I/dvm_gc_madvise_info(  732): [151552,135168]
02-13 18:40:51.630 I/dvm_gc_info(  258): [8320808730291885536,-9032944076430993311,-3984976449515980755,8533934]
02-13 18:40:51.680 I/dvm_gc_madvise_info(  688): [208896,135168]
02-13 18:40:52.100 I/configuration_changed(  258): 128
02-13 18:40:52.340 I/configuration_changed(  258): 128
02-13 18:40:52.520 I/dvm_gc_info(  332): [7809651225003329069,-9017748208233727946,-4003835272955594707,8554536]
02-13 18:40:52.580 I/dvm_gc_madvise_info(  706): [200704,135168]
02-13 18:40:52.761 I/dvm_gc_info(  332): [7809651225003189793,-9034918181813082058,-4003835272955594707,8529954]
02-13 18:40:52.921 I/dvm_gc_info(  332): [7809651225003214264,-9045051280974653386,-4003835272955594707,8529954]
02-13 18:40:53.141 I/dvm_gc_info(  332): [7809651225003173080,-9060250929717028810,-4003835272955594707,8546340]
02-13 18:40:53.391 I/dvm_gc_madvise_info(  533): [188416,135168]
02-13 18:40:55.253 I/dvm_gc_info(  258): [8320808730292147545,-9050395524987053983,-3984976449515980755,8533934]
02-13 18:40:55.854 I/notification_enqueue(  258): [com.android.phone,5,Notification(vibrate=default,sound=default,defaults=0x3,flags=0x20)]
02-13 18:40:55.974 I/configuration_changed(  258): 128
02-13 18:40:56.124 I/configuration_changed(  258): 128
02-13 18:40:56.384 I/dvm_gc_info(  332): [7809651225003099703,-9007896515111266250,-3992576273887168467,8570924]
02-13 18:40:56.434 I/dvm_gc_info(  332): [7809651225003222086,-9131745504863958986,-3992576273887168467,8570919]
02-13 18:40:56.815 I/dvm_gc_info(  332): [7809651225003169320,-9027318288504317899,-3992576273887168467,8538148]
02-13 18:40:56.935 I/dvm_gc_info(  332): [7809651225003148781,-9039140237526157258,-3992576273887168467,8538148]
02-13 18:40:57.095 I/dvm_gc_info(  332): [7809651225003156782,-9054339886268536778,-3992576273887168467,8529952]
02-13 18:40:57.395 I/binder_sample(  340): [com.android.internal.statusbar.IStatusBarService,4,15,com.android.systemui,3]
02-13 18:40:58.376 I/am_destroy_service(  258): [1083161800,com.sprint.ce.updater/.UpdaterService,568]
02-13 18:40:58.376 I/am_kill (  258): [568,com.sprint.ce.updater,14,too many background]
02-13 18:40:58.376 I/am_proc_died(  258): [568,com.sprint.ce.updater]
02-13 18:40:59.157 I/dvm_gc_info(  258): [8320808730292024616,-9052647324800735135,-3984976449515980755,8533934]
02-13 18:41:01.499 I/am_create_service(  258): [1081525448,com.google.android.gsf/.gtalkservice.PushMessagingRegistrar,act=com.google.android.c2dm.intent.REGISTER,406]
02-13 18:41:01.499 I/am_create_service(  258): [1081524680,com.locationlabs.v3client/.AccountService,act=com.locationlabs.action.GET_ACCOUNT pkg=com.locationlabs.v3client,658]
02-13 18:41:01.609 I/dvm_gc_info(  658): [8517260637556983407,-8980593580044281806,-4005805597792569299,7358131]
02-13 18:41:01.649 I/am_create_service(  258): [1081506120,com.locationlabs.v3client/.V3ApiService,act=com.locationlabs.v3client.action.NOTIFICATION pkg=com.locationlabs.v3client,658]
02-13 18:41:01.669 I/am_create_service(  258): [1081476736,com.locationlabs.v3client/.RadioSignalService,pkg=com.locationlabs.v3client,658]
02-13 18:41:01.669 I/am_create_service(  258): [1081470848,com.locationlabs.v3client/.HeartbeatService,act=com.locationlabs.v3client.action.ACTION_UPDATE_HEARTBEAT pkg=com.locationlabs.v3client,658]
02-13 18:41:01.669 I/am_create_service(  258): [1081446824,com.locationlabs.v3client/.GpsStateService,act=com.locationlabs.action.TURN_OFF_GPS_DETECTION pkg=com.locationlabs.v3client,658]
02-13 18:41:01.679 I/am_create_service(  258): [1080902688,com.locationlabs.v3client/.FeatureService,act=com.locationlabs.v3client.action.RESTART pkg=com.locationlabs.v3client,658]
02-13 18:41:01.689 I/am_destroy_service(  258): [1081524680,com.locationlabs.v3client/.AccountService,658]
02-13 18:41:01.709 I/am_destroy_service(  258): [1081446824,com.locationlabs.v3client/.GpsStateService,658]
02-13 18:41:01.719 I/am_destroy_service(  258): [1080902688,com.locationlabs.v3client/.FeatureService,658]
02-13 18:41:01.819 I/am_destroy_service(  258): [1081470848,com.locationlabs.v3client/.HeartbeatService,658]
02-13 18:41:01.950 I/dvm_gc_info(  658): [8517260637557069418,-8955823644621187020,-4005242647839147987,7358131]
02-13 18:41:02.110 I/dvm_gc_madvise_info(  332): [188416,135168]
02-13 18:41:02.780 I/binder_sample(  332): [com.android.internal.view.IInputContext,6,8,com.android.inputmethod.latin,1]
02-13 18:41:02.981 I/dvm_gc_info(  658): [8517260637557106275,-8952164332451411914,-4004679697885726675,7358131]
02-13 18:41:03.231 I/dvm_gc_info(  658): [8517260637557093920,-9037732587932518346,-4004679697885726675,7358131]
02-13 18:41:03.271 I/dvm_gc_info(  658): [8517260637557142060,-9217594960578119624,-4004116747932305363,7358131]
02-13 18:41:03.711 I/am_create_service(  258): [1081432576,com.locationlabs.v3client/.ConfigurationService,act=com.locationlabs.v3client.action.CHECK_CONFIGURATION pkg=com.locationlabs.v3client,658]
02-13 18:41:03.721 I/am_destroy_service(  258): [1081432576,com.locationlabs.v3client/.ConfigurationService,658]
02-13 18:41:04.212 I/dvm_gc_madvise_info(  258): [446464,135168]
02-13 18:41:04.292 I/dvm_gc_info(  658): [8517260637557024406,-8925986884705859530,-4004679697885726675,7358131]
02-13 18:41:04.832 I/am_create_service(  258): [1081604800,com.locationlabs.v3client/.ConfigurationService,act=com.locationlabs.v3client.action.CHECK_CONFIGURATION pkg=com.locationlabs.v3client,658]
02-13 18:41:04.842 I/am_destroy_service(  258): [1081506120,com.locationlabs.v3client/.V3ApiService,658]
02-13 18:41:04.842 I/am_destroy_service(  258): [1081604800,com.locationlabs.v3client/.ConfigurationService,658]
02-13 18:41:06.234 I/dvm_gc_info(  406): [7449358886915647075,-8962297431612987338,-4004679697885726675,7358131]
02-13 18:41:09.317 I/dvm_gc_madvise_info(  658): [221184,135168]
02-13 18:41:09.517 I/configuration_changed(  258): 128
02-13 18:41:09.677 I/dvm_gc_info(  533): [7218827569569748601,-8922327847447586762,-4001864948118620115,7939902]
02-13 18:41:09.687 I/dvm_gc_info(  340): [8320808730291664456,-8989882254258927565,-4004398222909016019,7358200]
02-13 18:41:09.717 I/configuration_changed(  258): 128
02-13 18:41:09.727 I/binder_sample(  533): [android.view.IWindowSession,4,67,com.android.mms,13]
02-13 18:41:09.937 I/dvm_gc_info(  332): [7809651225003161157,-8972430668045727690,-3992576273887168467,8554536]
02-13 18:41:10.128 I/dvm_gc_info(  332): [7809651225003316690,-9039140237526157258,-3992576273887168467,8525815]
02-13 18:41:10.268 I/google_http_request(  406): [8683,200,AndroidC2DM/1.0,1]
02-13 18:41:10.318 I/am_create_service(  258): [1082430976,com.locationlabs.v3client/.V3ApiService,act=com.locationlabs.v3client.action.CHANGE_PUSH_ID pkg=com.locationlabs.v3client,658]
02-13 18:41:10.408 I/binder_sample(  658): [android.app.IActivityManager,61,77,com.locationlabs.v3client,15]
02-13 18:41:10.438 I/dvm_gc_info(  332): [7809651225003214374,-9029288613341284298,-3992576273887168467,8550439]
02-13 18:41:10.588 I/dvm_gc_info(  332): [7809651225003242882,-9048147436780902346,-3992576273887168467,8529953]
02-13 18:41:10.668 I/am_destroy_service(  258): [1082430976,com.locationlabs.v3client/.V3ApiService,658]
02-13 18:41:10.688 I/dvm_gc_info(  658): [8517260637557061235,-8989881704419186634,-4004679697885726675,7358131]
02-13 18:41:11.259 I/dvm_gc_madvise_info(  406): [151552,135168]
02-13 18:41:12.260 I/dvm_gc_info(  258): [8320808730292037189,-8986500705273718687,-3984694974539270099,8533934]
02-13 18:41:14.422 I/configuration_changed(  258): 128
02-13 18:41:14.692 I/dvm_gc_madvise_info(  340): [262144,135168]
02-13 18:41:14.712 I/dvm_gc_info(  332): [7809651225003255351,-9007333565157857226,-3992576273887168467,8554536]
02-13 18:41:14.732 I/dvm_gc_madvise_info(  533): [184320,135168]
02-13 18:41:14.892 I/dvm_gc_info(  332): [7809651225003320804,-9038295812596037579,-3992576273887168467,8267714]
02-13 18:41:15.723 I/dvm_gc_madvise_info(  658): [438272,135168]
02-13 18:41:16.143 I/dvm_gc_info(  258): [8320808730292106575,-9045610450382972831,-3984976449515980755,8533934]
02-13 18:41:16.173 I/configuration_changed(  258): 128
02-13 18:41:16.374 I/dvm_gc_info(  332): [7809651225003292011,-9047303011850774474,-3992576273887168467,8542245]
02-13 18:41:16.644 I/dvm_gc_info(  332): [7809651225003296297,-9029007138364581835,-3992576273887168467,8521760]
02-13 18:41:18.826 I/dvm_gc_info(  258): [8320808730292057233,-9065313698769495967,-3984976449515980755,8533934]
02-13 18:41:21.689 I/dvm_gc_madvise_info(  332): [212992,135168]
02-13 18:41:23.871 I/dvm_gc_madvise_info(  258): [446464,135168]
02-13 18:41:26.253 I/binder_sample(  332): [com.android.internal.view.IInputContext,6,6,com.android.inputmethod.latin,1]
