02-13 18:40:09.594 I/boot_progress_start(  114): 6619
02-13 18:40:11.225 I/boot_progress_preload_start(  114): 8244
02-13 18:40:11.235 I/dvm_gc_info(  114): [8825198673194394824,-9063934019012815298,-4012584086963382722,0]
02-13 18:40:15.079 I/dvm_gc_info(  114): [8825198673194543148,-8859841571167975388,-4012560997233768412,0]
02-13 18:40:15.409 I/dvm_gc_info(  114): [8825198673194526760,-8886300218978715608,-4012560997233706968,0]
02-13 18:40:16.581 I/dvm_gc_info(  114): [8825198673194530813,-8895588893210089427,-4012560997233629139,0]
02-13 18:40:16.611 I/dvm_gc_info(  114): [8825198673194480742,-9066162729096759251,-4012560997233641427,0]
02-13 18:40:16.741 I/dvm_gc_info(  114): [8825198673194480791,-9068696003887138771,-4012560997233625043,6825601]
02-13 18:40:16.801 I/boot_progress_preload_end(  114): 13824
02-13 18:40:16.821 I/dvm_gc_info(  114): [8825198673194484876,-9098813826395170770,-4010027722443220946,7358131]
02-13 18:40:16.851 I/dvm_gc_info(  114): [8825198673194480690,-9133435248530589650,-4010027722443229138,7358131]
02-13 18:40:16.871 I/dvm_gc_info(  114): [8825198673194480199,-9214781516799969234,-4010027722443229138,7358131]
02-13 18:40:17.211 I/boot_progress_system_run(  258): 14235
02-13 18:40:17.501 I/dvm_gc_info(  258): [8320808730291861032,-9039422056318445517,-4005524122815858643,7358131]
02-13 18:40:17.541 I/boot_progress_pms_start(  258): 14561
02-13 18:40:17.752 I/dvm_gc_info(  258): [8320808730291660321,-9032384769483126727,-4003835272955594707,7358131]
02-13 18:40:18.042 I/dvm_gc_info(  258): [8320808730291697309,-8940904989735225288,-4004116747932305363,7358131]
02-13 18:40:18.052 I/boot_progress_pms_system_scan_start(  258): 15078
02-13 18:40:18.863 I/dvm_gc_info(  258): [8320808730291664436,-8996355560096819140,-4002990848025462739,7358131]
02-13 18:40:19.824 I/dvm_gc_info(  258): [8320808730291738175,-9004518128195815360,-4001864948118620115,7358131]
02-13 18:40:20.675 I/dvm_gc_info(  258): [8320808730291668544,-8994384754072340412,-4000457573235066835,7358131]
02-13 18:40:21.465 I/dvm_gc_info(  258): [8320808730291754616,-8924578616217126842,-3999894623281645523,7358131]
02-13 18:40:22.116 I/boot_progress_pms_data_scan_start(  258): 19139
02-13 18:40:22.316 I/dvm_gc_info(  258): [8320808730291680842,-8983969698763372469,-3998205773421381587,7358131]
02-13 18:40:25.109 I/dvm_gc_info(  258): [8320808730291689038,-8986502561119377328,-3996235448584406995,7358131]
02-13 18:40:25.419 I/dvm_gc_info(  258): [8320808730291672703,-8946814108282898348,-3995109548677564371,7358131]
02-13 18:40:25.729 I/dvm_gc_info(  258): [8320808730291680856,-8982279611599923108,-3992294798910457811,7358131]
02-13 18:40:25.900 I/boot_progress_pms_scan_end(  258): 22926
02-13 18:40:26.020 I/boot_progress_pms_ready(  258): 23045
02-13 18:40:26.070 I/dvm_gc_info(  258): [8320808730291807979,-8919791754503669672,-3993702173794011091,7358131]
02-13 18:40:26.260 I/battery_status(  258): [2,2,1,1,Li-ion]
02-13 18:40:26.260 I/battery_level(  258): [7,3697,210]
02-13 18:40:26.280 I/db_sample(  258): [/data/data/com.android.providers.settings/databases/settings.db,SELECT * FROM system WHERE ((name=?) or (name=?) or (name=?) or ,0,,1]
02-13 18:40:26.480 I/free_storage_left(  258): [2715803648,35962880,292564992]
02-13 18:40:26.480 I/free_storage_changed(  258): 2715803648
02-13 18:40:26.700 I/dvm_gc_info(  258): [8320808730291693287,-8919791754503686058,-3994265123747432403,7358131]
02-13 18:40:26.841 I/am_create_service(  258): [1082036744,com.google.android.backup/.BackupTransportService,,258]
02-13 18:40:26.841 I/backup_data_changed(  258): com.android.providers.settings
02-13 18:40:26.901 I/power_screen_state(  258): [1,3,0,0]
02-13 18:40:26.901 I/power_screen_broadcast_send(  258): 1
02-13 18:40:26.911 I/boot_progress_ams_ready(  258): 23932
02-13 18:40:26.921 I/screen_toggled(  258): 1
02-13 18:40:26.921 I/am_proc_start(  258): [328,1000,com.android.systemui,service,com.android.systemui/.statusbar.StatusBarService]
02-13 18:40:26.921 I/configuration_changed(  258): 512
02-13 18:40:26.941 I/configuration_changed(  258): 504
02-13 18:40:27.071 I/am_create_service(  258): [1080776592,android/com.android.internal.service.wallpaper.ImageWallpaper,act=android.service.wallpaper.WallpaperService,258]
02-13 18:40:27.081 I/dvm_gc_madvise_info(  328): [380928,135168]
02-13 18:40:27.091 I/am_proc_start(  258): [332,10038,com.android.inputmethod.latin,service,com.android.inputmethod.latin/.LatinIME]
02-13 18:40:27.131 I/am_proc_start(  258): [337,1001,com.android.phone,added application,com.android.phone]
02-13 18:40:27.141 I/am_proc_start(  258): [340,1000,com.android.systemui,added application,com.android.systemui]
02-13 18:40:27.161 I/am_proc_start(  258): [342,1002,com.broadcom.bt.app.system,added application,com.broadcom.bt.app.system]
02-13 18:40:27.191 I/dvm_gc_madvise_info(  332): [376832,135168]
02-13 18:40:27.211 I/dvm_gc_madvise_info(  342): [376832,135168]
02-13 18:40:27.231 I/am_create_task(  258): 2
02-13 18:40:27.231 I/am_create_activity(  258): [1081305672,2,com.android.launcher/com.android.launcher2.Launcher,android.intent.action.MAIN,NULL,NULL,268435456]
02-13 18:40:27.231 I/am_proc_start(  258): [351,10037,com.android.launcher,activity,com.android.launcher/com.android.launcher2.Launcher]
02-13 18:40:27.231 I/am_drop_process(  258): 328
02-13 18:40:27.271 I/dvm_gc_madvise_info(  337): [376832,135168]
02-13 18:40:27.291 I/dvm_gc_madvise_info(  340): [376832,135168]
02-13 18:40:27.351 I/dvm_gc_madvise_info(  351): [372736,135168]
02-13 18:40:27.411 I/dvm_gc_info(  258): [8320808730291717794,-8936680253072725927,-3991450373980325843,7358211]
02-13 18:40:27.481 I/dvm_gc_info(  258): [8320808730291856578,-9096558039844382631,-3991450373980325843,7358211]
02-13 18:40:27.491 I/am_proc_bound(  258): [337,com.android.phone]
02-13 18:40:27.501 I/am_proc_bound(  258): [340,com.android.systemui]
02-13 18:40:27.501 I/am_create_service(  258): [1081828992,com.android.systemui/.statusbar.StatusBarService,,340]
02-13 18:40:27.501 I/am_proc_bound(  258): [342,com.broadcom.bt.app.system]
02-13 18:40:27.501 I/am_proc_bound(  258): [332,com.android.inputmethod.latin]
02-13 18:40:27.501 I/am_create_service(  258): [1082139144,com.android.inputmethod.latin/.LatinIME,act=android.view.InputMethod,332]
02-13 18:40:27.541 I/am_proc_bound(  258): [351,com.android.launcher]
02-13 18:40:27.551 I/binder_sample(  340): [android.app.IActivityManager,17,185,<pre-initialized>,37]
02-13 18:40:27.561 I/binder_sample(  337): [android.app.IActivityManager,17,215,<pre-initialized>,43]
02-13 18:40:27.621 I/am_restart_activity(  258): [1081305672,2,com.android.launcher/com.android.launcher2.Launcher]
02-13 18:40:27.641 I/binder_sample(  342): [android.content.pm.IPackageManager,1,69,com.broadcom.bt.app.system,13]
02-13 18:40:27.661 I/binder_sample(  351): [android.app.IActivityManager,17,288,<pre-initialized>,57]
02-13 18:40:27.852 I/binder_sample(  332): [android.app.IActivityManager,29,66,com.android.inputmethod.latin,13]
02-13 18:40:27.992 I/notification_cancel(  258): [android,17302240,0]
02-13 18:40:28.012 I/am_proc_start(  258): [391,10007,android.process.acore,content provider,com.android.providers.userdictionary/.UserDictionaryProvider]
02-13 18:40:28.122 I/dvm_gc_madvise_info(  391): [372736,135168]
02-13 18:40:28.222 I/dvm_gc_info(  258): [8320808730291967535,-9020841271109191589,-3991450373980325843,7899015]
02-13 18:40:28.222 I/am_proc_bound(  258): [391,android.process.acore]
02-13 18:40:28.232 I/binder_sample(  351): [android.content.pm.IPackageManager,25,94,com.android.launcher,18]
02-13 18:40:28.262 I/binder_sample(  337): [android.app.IActivityManager,12,107,com.android.phone,21]
02-13 18:40:28.422 I/am_proc_start(  258): [406,10027,com.google.process.gapps,service,com.google.android.gsf/.loginservice.GoogleLoginService]
02-13 18:40:28.562 I/dvm_gc_madvise_info(  406): [372736,135168]
02-13 18:40:28.562 I/dvm_gc_info(  332): [7809651225004291620,-9040829568724879311,-4010027722443229139,7358207]
02-13 18:40:28.662 I/dvm_gc_info(  337): [8099846449757525546,-9027037157343184845,-4005805597792569299,7358131]
02-13 18:40:28.682 I/am_proc_bound(  258): [406,com.google.process.gapps]
02-13 18:40:28.682 I/am_create_service(  258): [1081629248,com.google.android.gsf/.loginservice.GoogleLoginService,act=android.accounts.AccountAuthenticator,406]
02-13 18:40:28.692 I/configuration_changed(  258): 3
02-13 18:40:28.692 I/am_relaunch_resume_activity(  258): [1081305672,2,com.android.launcher/com.android.launcher2.Launcher]
02-13 18:40:28.893 I/dvm_gc_info(  351): [7809652345806267875,-9047022155651475408,-4010027722443229139,7358210]
02-13 18:40:28.953 I/notification_cancel(  258): [com.android.phone,2,0]
02-13 18:40:29.073 I/am_create_service(  258): [1081845968,com.android.phone/.BluetoothHeadsetService,act=android.bluetooth.IBluetoothHeadset,337]
02-13 18:40:29.163 I/dvm_gc_info(  340): [8320808730291660328,-9032948200607160271,-4005242647839147987,7358184]
02-13 18:40:29.393 I/cdma_service_state_change(  337): [1,3]
02-13 18:40:29.453 I/dvm_gc_info(  351): [7809652345805911189,-9068977203834894288,-4010027722443229139,7903112]
02-13 18:40:29.503 I/am_on_resume_called(  351): com.android.launcher2.Launcher
02-13 18:40:29.513 I/am_on_paused_called(  351): com.android.launcher2.Launcher
02-13 18:40:29.513 I/notification_cancel(  258): [com.android.phone,5,0]
02-13 18:40:29.523 I/notification_cancel(  258): [com.android.phone,6,0]
02-13 18:40:29.573 I/db_sample(  391): [/data/data/com.android.providers.contacts/databases/contacts2.db,UPDATE contacts SET in_visible_group=? WHERE in_visible_group=0 ,284,android.process.acore,57]
02-13 18:40:29.573 I/notification_cancel(  258): [com.android.phone,111,0]
02-13 18:40:29.613 I/notification_cancel(  258): [com.android.phone,7,0]
02-13 18:40:29.613 I/notification_cancel(  258): [com.android.phone,7,0]
02-13 18:40:29.613 I/notification_cancel(  258): [com.android.phone,7,0]
02-13 18:40:29.613 I/notification_cancel(  258): [com.android.phone,7,0]
02-13 18:40:29.613 I/notification_cancel(  258): [com.android.phone,7,0]
02-13 18:40:29.613 I/notification_cancel(  258): [com.android.phone,7,0]
02-13 18:40:29.623 I/notification_cancel(  258): [com.android.phone,7,0]
02-13 18:40:29.623 I/notification_cancel(  258): [com.android.phone,7,0]
02-13 18:40:29.623 I/notification_cancel(  258): [com.android.phone,7,0]
02-13 18:40:29.683 I/dvm_gc_info(  391): [7017575181484877355,-9035481544117028815,-4006087072769279955,7358131]
02-13 18:40:29.703 I/notification_cancel(  258): [com.android.phone,7,0]
02-13 18:40:29.803 I/dvm_gc_info(  351): [7809652345805260112,-9054058892630263759,-4010027722443229139,8525856]
02-13 18:40:29.944 I/dvm_gc_info(  337): [8099846449757460035,-8999170791001061322,-4004961172862437331,7358131]
02-13 18:40:29.954 I/am_create_service(  258): [1082395120,com.google.android.location/.NetworkLocationService,act=com.google.android.location.NetworkLocationProvider,406]
02-13 18:40:29.994 I/am_on_resume_called(  351): com.android.launcher2.Launcher
02-13 18:40:30.014 I/cdma_service_state_change(  337): [3,1]
02-13 18:40:30.084 I/notification_cancel(  258): [com.android.phone,111,0]
02-13 18:40:30.094 I/am_create_service(  258): [1081850072,com.google.android.location/.internal.server.NetworkLocationService,act=com.google.android.location.internal.ANDROID_NLP,406]
02-13 18:40:30.114 I/notification_cancel(  258): [com.android.phone,111,0]
02-13 18:40:30.144 I/dvm_gc_info(  351): [7809652345805517951,-9067569691361372111,-3996798398537828307,8558630]
02-13 18:40:30.214 I/boot_progress_enable_screen(  258): 27230
02-13 18:40:30.344 I/dvm_gc_info(  406): [7449358886915606084,-9011556033657669583,-4006087072769279955,7358131]
02-13 18:40:30.464 I/content_query_sample(  332): [content://user_dictionary/words,_id/word/frequency,(locale IS NULL) or (locale=?),,669,,100]
02-13 18:40:30.474 I/content_query_sample(  332): [content://com.android.contacts/contacts,_id/display_name,,,522,,100]
02-13 18:40:30.500 I/dvm_gc_info(  332): [7809651225003136214,-9056873642313439181,-4003835272955594707,7882525]
02-13 18:40:30.510 I/db_sample(  391): [:memory:,INSERT INTO applications ('_id', 'name', 'description', 'package,1,,1]
02-13 18:40:30.580 I/cdma_service_state_change(  337): [1,0]
02-13 18:40:30.680 I/notification_cancel(  258): [com.android.phone,111,0]
02-13 18:40:30.680 I/notification_cancel(  258): [com.android.phone,111,0]
02-13 18:40:30.810 I/notification_cancel(  258): [com.android.phone,111,0]
02-13 18:40:30.890 I/binder_sample(  337): [com.android.internal.telephony.ITelephonyRegistry,14,9,com.android.phone,1]
02-13 18:40:31.010 I/dvm_gc_info(  258): [8320808730291672740,-8923732266587510689,-3988072674259797971,8116029]
02-13 18:40:31.030 I/notification_cancel(  258): [com.android.phone,7,0]
02-13 18:40:31.040 I/notification_cancel(  258): [com.android.phone,7,0]
02-13 18:40:31.040 I/notification_cancel(  258): [com.android.phone,7,0]
02-13 18:40:31.040 I/notification_cancel(  258): [com.android.phone,7,0]
02-13 18:40:31.040 I/notification_cancel(  258): [com.android.phone,7,0]
02-13 18:40:31.040 I/notification_cancel(  258): [com.android.phone,7,0]
02-13 18:40:31.040 I/notification_cancel(  258): [com.android.phone,7,0]
02-13 18:40:31.050 I/notification_cancel(  258): [com.android.phone,7,0]
02-13 18:40:31.050 I/notification_cancel(  258): [com.android.phone,7,0]
02-13 18:40:31.050 I/notification_cancel(  258): [com.android.phone,7,0]
02-13 18:40:31.060 I/notification_cancel(  258): [com.android.phone,7,0]
02-13 18:40:31.060 I/notification_cancel(  258): [com.android.phone,7,0]
02-13 18:40:31.070 I/notification_cancel(  258): [com.android.phone,7,0]
02-13 18:40:31.070 I/notification_cancel(  258): [com.android.phone,7,0]
02-13 18:40:31.070 I/notification_cancel(  258): [com.android.phone,7,0]
02-13 18:40:31.070 I/notification_cancel(  258): [com.android.phone,7,0]
02-13 18:40:31.070 I/notification_cancel(  258): [com.android.phone,7,0]
02-13 18:40:31.070 I/notification_cancel(  258): [com.android.phone,7,0]
02-13 18:40:31.070 I/notification_cancel(  258): [com.android.phone,7,0]
02-13 18:40:31.100 I/notification_cancel(  258): [com.android.phone,7,0]
02-13 18:40:31.110 I/notification_cancel(  258): [com.android.phone,7,0]
02-13 18:40:31.190 I/am_destroy_service(  258): [1081629248,com.google.android.gsf/.loginservice.GoogleLoginService,406]
02-13 18:40:31.240 I/notification_cancel(  258): [com.android.phone,111,0]
02-13 18:40:31.290 I/notification_cancel(  258): [com.android.phone,111,0]
02-13 18:40:31.370 I/binder_sample(  337): [com.android.internal.telephony.ITelephonyRegistry,14,51,com.android.phone,10]
02-13 18:40:31.420 I/notification_cancel(  258): [com.android.phone,7,0]
02-13 18:40:31.420 I/notification_cancel(  258): [com.android.phone,7,0]
02-13 18:40:31.420 I/notification_cancel(  258): [com.android.phone,7,0]
02-13 18:40:31.420 I/notification_cancel(  258): [com.android.phone,7,0]
02-13 18:40:31.420 I/notification_cancel(  258): [com.android.phone,7,0]
02-13 18:40:31.430 I/notification_cancel(  258): [com.android.phone,7,0]
02-13 18:40:31.430 I/notification_cancel(  258): [com.android.phone,7,0]
02-13 18:40:31.550 I/notification_enqueue(  258): [com.android.systemui,17301675,Notification(vibrate=null,sound=null,defaults=0x0,flags=0x2)]
02-13 18:40:31.770 I/power_screen_broadcast_done(  258): [1,4987,1]
02-13 18:40:31.780 I/am_proc_start(  258): [459,10041,com.google.android.partnersetup,broadcast,com.google.android.partnersetup/.PhoneStateReceiver]
02-13 18:40:31.870 I/dvm_gc_madvise_info(  459): [368640,135168]
02-13 18:40:31.880 I/dvm_gc_info(  114): [8825198673194824748,-9140190372892407762,-4006087072769275858,7358131]
02-13 18:40:31.950 I/dvm_gc_info(  258): [8320808730292172453,-8921761873031051169,-3988072674259797971,8116029]
02-13 18:40:32.071 I/dvm_gc_info(  114): [8825198673195073584,-9222662541068629970,-4006087072769275858,7358131]
02-13 18:40:32.251 I/dvm_gc_info(  114): [8825198673195126832,-9222662541068629970,-4006087072769275858,7358131]
02-13 18:40:32.651 I/connectivity_state_changed(  258): 3600
02-13 18:40:32.861 I/dvm_gc_info(  351): [7809652345805063722,-9039421987531843533,-3996798398537828307,8558632]
02-13 18:40:32.901 I/am_proc_bound(  258): [459,com.google.android.partnersetup]
02-13 18:40:32.901 I/binder_sample(  459): [android.app.IActivityManager,17,892,<pre-initialized>,100]
02-13 18:40:32.901 I/binder_sample(  337): [com.android.internal.telephony.ITelephonyRegistry,6,1098,com.android.phone,100]
02-13 18:40:32.941 I/notification_cancel(  258): [com.android.phone,111,0]
02-13 18:40:33.001 I/dvm_gc_info(  337): [8099846449757480559,-8925987090897848266,-4004679697885726675,7358131]
02-13 18:40:33.252 I/notification_cancel(  258): [com.android.systemui,17301675,0]
02-13 18:40:33.282 I/binder_sample(  459): [android.content.IContentProvider,3,92,com.google.android.partnersetup,18]
02-13 18:40:33.292 I/am_proc_start(  258): [469,1000,com.android.settings,broadcast,com.android.settings/.widget.SettingsAppWidgetProvider]
02-13 18:40:33.312 I/am_proc_bound(  258): [469,com.android.settings]
02-13 18:40:33.682 I/dvm_gc_info(  351): [7809652345805145588,-9038577562601723853,-3996798398537828307,8534051]
02-13 18:40:33.852 I/am_proc_start(  258): [476,1000,com.redbend.vdmc,broadcast,com.redbend.vdmc/.MyConnectionChangeReceiver]
02-13 18:40:33.892 I/am_proc_bound(  258): [476,com.redbend.vdmc]
02-13 18:40:33.902 I/screen_toggled(  258): 2
02-13 18:40:34.042 I/binder_sample(  337): [android.os.INetStatService,2,82,com.android.phone,16]
02-13 18:40:34.062 I/am_proc_start(  258): [484,1000,com.qualcomm.privinit,broadcast,com.qualcomm.privinit/.BootReciever]
02-13 18:40:34.082 I/dvm_gc_madvise_info(  340): [135168,135168]
02-13 18:40:34.092 I/am_proc_bound(  258): [484,com.qualcomm.privinit]
02-13 18:40:34.112 I/am_proc_start(  258): [491,10046,com.cooliris.media,broadcast,com.cooliris.media/com.cooliris.cache.BootReceiver]
02-13 18:40:34.142 I/am_proc_bound(  258): [491,com.cooliris.media]
02-13 18:40:34.343 I/activity_launch_time(  258): [1081305672,com.android.launcher/com.android.launcher2.Launcher,7263,7263]
02-13 18:40:34.363 I/dvm_gc_info(  351): [7809652345805141346,-9051243936536934350,-3997361348491249619,8550436]
02-13 18:40:34.383 I/am_create_service(  258): [1083185472,com.redbend.vdmc/.Vdmc,,476]
02-13 18:40:34.393 I/am_proc_start(  258): [502,10001,zte.com.cn.alarmclock,broadcast,zte.com.cn.alarmclock/.AlarmInitReceiver]
02-13 18:40:34.393 I/wifi_supplicant_connection_state_changed(  258): 1
02-13 18:40:34.413 I/connectivity_state_changed(  258): 1
02-13 18:40:34.473 I/am_proc_bound(  258): [502,zte.com.cn.alarmclock]
02-13 18:40:34.543 I/dvm_gc_info(  258): [8320808730291668726,-8915287536165980063,-3984132024585848787,8587219]
02-13 18:40:34.553 I/am_proc_start(  258): [509,10048,com.android.email,content provider,com.android.email/com.android.exchange.provider.ExchangeProvider]
02-13 18:40:34.583 I/am_proc_start(  258): [510,10024,android.process.media,content provider,com.android.providers.downloads/.DownloadProvider]
02-13 18:40:34.613 I/am_proc_bound(  258): [509,com.android.email]
02-13 18:40:34.623 I/am_proc_bound(  258): [510,android.process.media]
02-13 18:40:34.623 I/content_query_sample(  502): [content://zte.com.cn.alarmclock/alarm,_id/hour/minutes/daysofweek/alarmtime/enabled/vibrate/message/alert/snooze/duration/delay/vibrate_only/volume/crescendo/name,,hour,minutes ASC,46,zte.com.cn.alarmclock,10]
02-13 18:40:34.673 I/am_proc_start(  258): [523,10002,com.sprint.zone,broadcast,com.sprint.zone/.BootCompleteReceiver]
02-13 18:40:34.723 I/am_proc_bound(  258): [523,com.sprint.zone]
02-13 18:40:35.093 I/notification_cancel(  258): [com.android.phone,111,0]
02-13 18:40:35.123 I/content_update_sample(  258): [content://downloads/my_downloads,delete,notificationpackage=? AND notificationclass=?,89,,18]
02-13 18:40:35.244 I/dvm_gc_madvise_info(  406): [184320,135168]
02-13 18:40:35.254 I/binder_sample(  502): [android.app.IActivityManager,16,592,zte.com.cn.alarmclock,100]
02-13 18:40:35.334 I/dvm_gc_info(  509): [7308604875703653971,-8980593580027467725,-4005524122815858643,7358131]
02-13 18:40:35.334 I/content_query_sample(  509): [content://com.android.email.provider/account,_id,,,146,,30]
02-13 18:40:35.334 I/content_query_sample(  509): [content://com.android.email.provider/account,_id,,,385,,78]
02-13 18:40:35.344 I/db_sample(  523): [/data/data/com.sprint.zone/databases/zone.db,SELECT value, _id, tag, name FROM branding_tbl,36,com.sprint.zone,8]
02-13 18:40:35.364 I/content_query_sample(  258): [content://com.android.exchange.provider/policy/AllowBluetooth,,,,412,,83]
02-13 18:40:35.434 I/db_sample(  523): [/data/data/com.sprint.zone/databases/zone.db,SELECT icon, enabled, sid, desc, visible, expiration, extra, uri,48,com.sprint.zone,10]
02-13 18:40:35.434 I/content_query_sample(  523): [content://com.sprint.zone.provider.ZoneProvider/features_tbl,,sid IN ( 1,900,2,3,4 ),,50,com.sprint.zone,11]
02-13 18:40:35.474 I/dvm_gc_info(  523): [3349111792835094058,-9045051693325203407,-4006087072769279955,7358172]
02-13 18:40:35.504 I/dvm_gc_madvise_info(  332): [163840,135168]
02-13 18:40:35.554 I/dvm_gc_info(  523): [3349111792835134771,-9068695522649429967,-4006087072769279955,8546268]
02-13 18:40:35.634 I/dvm_gc_info(  523): [3349111792835073613,-9058843692306118607,-4006087072769279955,8624185]
02-13 18:40:35.654 I/dvm_gc_madvise_info(  391): [188416,135168]
02-13 18:40:35.664 I/binder_sample(  351): [android.app.IActivityManager,29,143,com.android.launcher,28]
02-13 18:40:35.674 I/content_query_sample(  258): [content://telephony/carriers/preferapn,apn,,name ASC,1170,,100]
02-13 18:40:35.674 I/am_create_task(  258): 3
02-13 18:40:35.674 I/am_create_activity(  258): [1080828912,3,com.android.mms/.ui.ConversationList,android.intent.action.MAIN,NULL,NULL,270532608]
02-13 18:40:35.674 I/am_pause_activity(  258): [1081305672,com.android.launcher/com.android.launcher2.Launcher]
02-13 18:40:35.704 I/am_on_paused_called(  351): com.android.launcher2.Launcher
02-13 18:40:35.714 I/am_proc_start(  258): [533,10030,com.android.mms,activity,com.android.mms/.ui.ConversationList]
02-13 18:40:35.754 I/am_proc_bound(  258): [533,com.android.mms]
02-13 18:40:35.814 I/dvm_gc_info(  523): [3349111792835225144,-9063628766910187470,-4006087072769279955,8702018]
02-13 18:40:35.874 I/dvm_gc_info(  258): [8320808730292086344,-9022810977319786401,-3985539399469402067,8533934]
02-13 18:40:35.874 I/configuration_changed(  258): 128
02-13 18:40:35.914 I/am_restart_activity(  258): [1080828912,3,com.android.mms/.ui.ConversationList]
02-13 18:40:35.924 I/binder_sample(  533): [android.app.IActivityManager,17,173,<pre-initialized>,34]
02-13 18:40:36.144 I/dvm_gc_info(  523): [3349111792835724849,-9061939917049919438,-4006087072769279955,8812646]
02-13 18:40:36.255 I/content_query_sample(  533): [content://mms-sms/conversations?simple=true,_id/date/message_count/recipient_ids/snippet/snippet_cs/read/error/has_attachment/recipient_cc_ids/recipient_bcc_ids/sticktop_date,,,141,,29]
02-13 18:40:36.375 I/dvm_gc_info(  523): [3349111792835028576,-9048429049028892622,-3968650900866762707,8931447]
02-13 18:40:36.435 I/notification_cancel(  258): [com.android.mms,239,0]
02-13 18:40:36.455 I/am_on_resume_called(  533): com.android.mms.ui.ConversationList
02-13 18:40:36.515 I/notification_cancel(  258): [com.android.mms,789,0]
02-13 18:40:36.525 I/activity_launch_time(  258): [1080828912,com.android.mms/.ui.ConversationList,813,813]
02-13 18:40:36.545 I/notification_cancel(  258): [com.android.mms,531,0]
02-13 18:40:36.545 I/notification_cancel(  258): [com.android.mms,999,0]
02-13 18:40:36.545 I/notification_cancel(  258): [com.android.mms,123,0]
02-13 18:40:36.665 I/dvm_gc_info(  523): [3349111792835241560,-9030696125496129486,-3968650900866762707,8812646]
02-13 18:40:36.795 I/dvm_gc_info(  523): [3349111792835094121,-9045332618126649293,-3968650900866762707,8931447]
02-13 18:40:36.905 I/dvm_gc_info(  523): [3349111792835081807,-9033792144081516494,-3968650900866762707,8812646]
02-13 18:40:37.015 I/dvm_gc_info(  523): [3349111792835085929,-9045332618126649293,-3968650900866762707,8931447]
02-13 18:40:37.125 I/dvm_gc_info(  523): [3349111792835077711,-9033792144081516494,-3968650900866762707,8812646]
02-13 18:40:37.306 I/dvm_gc_madvise_info(  476): [245760,135168]
02-13 18:40:37.306 I/dvm_gc_madvise_info(  533): [139264,135168]
02-13 18:40:37.406 I/content_query_sample(  523): [content://com.sprint.zone.provider.ZoneProvider/dummy_tbl,,,,2,com.sprint.zone,1]
02-13 18:40:37.456 I/db_sample(  523): [/data/data/com.sprint.zone/databases/zone.db,SELECT icon, enabled, sid, desc, visible, expiration, extra, uri,0,com.sprint.zone,1]
02-13 18:40:37.496 I/force_gc(  258): Binder
02-13 18:40:37.556 I/dvm_gc_info(  258): [8320808730291852840,-9015211152948590497,-3985539399469402067,8533934]
02-13 18:40:37.586 I/dvm_gc_madvise_info(  484): [335872,135168]
02-13 18:40:37.636 I/content_query_sample(  523): [content://com.sprint.zone.provider.ZoneProvider/versions_tbl,,,,141,com.sprint.zone,29]
02-13 18:40:37.636 I/dvm_gc_info(  258): [8320808730291897454,-9099372170985084833,-3985820874446112723,8533934]
02-13 18:40:37.656 I/configuration_changed(  258): 128
02-13 18:40:37.866 I/dvm_gc_madvise_info(  502): [278528,135168]
02-13 18:40:37.946 I/dvm_gc_madvise_info(  469): [188416,135168]
02-13 18:40:37.976 I/dvm_gc_madvise_info(  510): [208896,135168]
02-13 18:40:37.976 I/dvm_gc_madvise_info(  491): [184320,135168]
02-13 18:40:37.986 I/am_proc_start(  258): [553,10005,com.android.voicedialer,broadcast,com.android.voicedialer/.VoiceDialerReceiver]
02-13 18:40:38.016 I/dvm_gc_madvise_info(  553): [368640,135168]
02-13 18:40:38.016 I/dvm_gc_madvise_info(  337): [307200,135168]
02-13 18:40:38.026 I/am_proc_bound(  258): [553,com.android.voicedialer]
02-13 18:40:38.046 I/am_proc_start(  258): [560,10010,com.swype.android.inputmethod,broadcast,com.swype.android.inputmethod/.SwypeDataInitializer]
02-13 18:40:38.076 I/dvm_gc_madvise_info(  560): [368640,135168]
02-13 18:40:38.096 I/dvm_gc_info(  114): [8825198673194570800,-9134279398381483986,-4006087072769275858,7358131]
02-13 18:40:38.106 I/am_proc_bound(  258): [560,com.swype.android.inputmethod]
02-13 18:40:38.146 I/dvm_gc_info(  114): [8825198673194610736,-9222662541068629970,-4006087072769275858,7358131]
02-13 18:40:38.266 I/battery_level(  258): [8,3701,210]
02-13 18:40:38.266 I/dvm_gc_info(  114): [8825198673194856504,-9222662541068629970,-4006087072769275858,7358131]
02-13 18:40:38.266 I/am_proc_start(  258): [568,10012,com.sprint.ce.updater,broadcast,com.sprint.ce.updater/.BootCompletedReceiver]
02-13 18:40:38.286 I/am_proc_bound(  258): [568,com.sprint.ce.updater]
02-13 18:40:38.317 I/am_create_service(  258): [1083161800,com.sprint.ce.updater/.UpdaterService,act=com.sprint.action.CLEANUP_FILES,568]
02-13 18:40:38.317 I/am_proc_start(  258): [575,10014,com.sprint.w.installer,broadcast,com.sprint.w.installer/.BootListener]
02-13 18:40:38.337 I/am_proc_bound(  258): [575,com.sprint.w.installer]
02-13 18:40:38.407 I/am_create_service(  258): [1082600208,com.sprint.w.installer/com.sprint.id.updater.UpdaterService,,575]
02-13 18:40:38.457 I/am_create_service(  258): [1082505552,com.sprint.w.installer/.DownloadService,act=com.sprint.action.ACTION_CLEANUP,575]
02-13 18:40:38.487 I/am_create_service(  258): [1082495016,com.android.qualcomm/.DunService,,469]
02-13 18:40:38.497 I/am_proc_start(  258): [583,10024,com.irdeto.providers.drm,broadcast,com.irdeto.providers.drm/.OmaDrmReceiver]
02-13 18:40:38.527 I/am_proc_bound(  258): [583,com.irdeto.providers.drm]
02-13 18:40:38.537 I/am_destroy_service(  258): [1082505552,com.sprint.w.installer/.DownloadService,575]
02-13 18:40:38.547 I/am_create_service(  258): [1082371504,com.irdeto.providers.drm/.OmaDrmService,act=android.intent.action.BOOT_COMPLETED,583]
02-13 18:40:38.577 I/am_create_service(  258): [1082129848,com.android.mms/.transaction.SmsReceiverService,act=android.intent.action.BOOT_COMPLETED,533]
02-13 18:40:38.587 I/am_create_service(  258): [1081778128,com.android.providers.media/.MediaScannerService,,510]
02-13 18:40:38.607 I/notification_cancel(  258): [com.android.mms,123,0]
02-13 18:40:38.617 I/am_proc_start(  258): [594,1000,com.android.zte.HiddenMenu,broadcast,com.android.zte.HiddenMenu/.CommandReceiver]
02-13 18:40:38.637 I/am_proc_bound(  258): [594,com.android.zte.HiddenMenu]
02-13 18:40:38.707 I/am_create_service(  258): [1081525448,com.google.android.gsf/.checkin.CheckinService,,406]
02-13 18:40:38.737 I/am_create_service(  258): [1081506120,com.google.android.gsf/.update.SystemUpdateService,,406]
02-13 18:40:38.797 I/am_create_task(  258): 4
02-13 18:40:38.797 I/am_create_activity(  258): [1081131416,4,com.google.android.gsf/.update.SystemUpdateInstallDialog,NULL,NULL,NULL,276824064]
02-13 18:40:38.797 I/am_pause_activity(  258): [1080828912,com.android.mms/.ui.ConversationList]
02-13 18:40:38.807 I/notification_cancel(  258): [com.google.android.gsf,2130837525,0]
02-13 18:40:38.807 I/notification_cancel(  258): [com.google.android.gsf,2130837526,0]
02-13 18:40:38.807 I/am_destroy_service(  258): [1081506120,com.google.android.gsf/.update.SystemUpdateService,406]
02-13 18:40:38.807 I/system_update(  406): [512,0,-1,NULL]
02-13 18:40:38.817 I/am_on_paused_called(  533): com.android.mms.ui.ConversationList
02-13 18:40:38.817 I/am_restart_activity(  258): [1081131416,4,com.google.android.gsf/.update.SystemUpdateInstallDialog]
02-13 18:40:38.877 I/notification_cancel(  258): [com.android.mms,123,0]
02-13 18:40:38.897 I/am_destroy_service(  258): [1082129848,com.android.mms/.transaction.SmsReceiverService,533]
02-13 18:40:38.947 I/am_finish_activity(  258): [1081131416,4,com.google.android.gsf/.update.SystemUpdateInstallDialog,app-request]
02-13 18:40:38.957 I/am_pause_activity(  258): [1081131416,com.google.android.gsf/.update.SystemUpdateInstallDialog]
02-13 18:40:38.967 I/am_destroy_service(  258): [1081525448,com.google.android.gsf/.checkin.CheckinService,406]
02-13 18:40:38.977 I/am_resume_activity(  258): [1080828912,3,com.android.mms/.ui.ConversationList]
02-13 18:40:38.997 I/am_on_resume_called(  533): com.android.mms.ui.ConversationList
02-13 18:40:38.997 I/am_destroy_activity(  258): [1081131416,4,com.google.android.gsf/.update.SystemUpdateInstallDialog]
02-13 18:40:39.017 I/binder_sample(  459): [android.content.IContentProvider,3,116,com.google.android.partnersetup,23]
02-13 18:40:39.187 I/am_destroy_service(  258): [1081778128,com.android.providers.media/.MediaScannerService,510]
02-13 18:40:39.338 I/binder_sample(  459): [android.content.pm.IPackageManager,10,117,com.google.android.partnersetup,23]
02-13 18:40:39.338 I/am_create_service(  258): [1083242776,com.google.android.partnersetup/.AppHiderService,,459]
02-13 18:40:39.398 I/am_destroy_service(  258): [1083242776,com.google.android.partnersetup/.AppHiderService,459]
02-13 18:40:39.418 I/dvm_gc_madvise_info(  351): [208896,135168]
02-13 18:40:39.438 I/am_create_service(  258): [1082383176,com.google.android.partnersetup/.RlzPingService,,459]
02-13 18:40:39.438 I/am_proc_start(  258): [606,10043,com.google.android.gm,broadcast,com.google.android.gm/.MailIntentReceiver]
02-13 18:40:39.488 I/am_destroy_service(  258): [1082383176,com.google.android.partnersetup/.RlzPingService,459]
02-13 18:40:39.488 I/am_proc_bound(  258): [606,com.google.android.gm]
02-13 18:40:39.598 I/am_create_service(  258): [1082740560,com.google.android.gm/.MailIntentService,act=android.intent.action.BOOT_COMPLETED,606]
02-13 18:40:39.618 I/am_create_service(  258): [1082880968,com.google.android.gm/.downloadprovider.DownloadService,,606]
02-13 18:40:39.638 I/am_create_service(  258): [1082734920,com.android.email/.service.EmailBroadcastProcessorService,,509]
02-13 18:40:39.648 I/am_create_service(  258): [1082297952,com.android.providers.downloads/.DownloadService,,510]
02-13 18:40:39.648 I/notification_cancel_all(  258): [com.android.providers.downloads,0]
02-13 18:40:39.658 I/am_proc_start(  258): [616,10049,com.dataviz.docstogo,broadcast,com.dataviz.docstogo/com.dataviz.dxtg.common.android.DTGPhoneBootReceiver]
02-13 18:40:39.668 I/am_create_service(  258): [1082074440,com.google.android.gsf/.loginservice.GoogleLoginService,act=android.accounts.AccountAuthenticator,406]
02-13 18:40:39.668 I/am_destroy_service(  258): [1082740560,com.google.android.gm/.MailIntentService,606]
02-13 18:40:39.698 I/am_destroy_service(  258): [1082074440,com.google.android.gsf/.loginservice.GoogleLoginService,406]
02-13 18:40:39.718 I/am_proc_bound(  258): [616,com.dataviz.docstogo]
02-13 18:40:39.878 I/dvm_gc_info(  258): [8320808730292110946,-8962856807263623072,-3985257924492691411,8533934]
02-13 18:40:39.958 I/am_proc_died(  258): [616,com.dataviz.docstogo]
02-13 18:40:39.958 I/am_broadcast_discard_app(  258): [1082383712,android.intent.action.BOOT_COMPLETED,27,ResolveInfo{4083d640 com.dataviz.dxtg.common.android.DTGPhoneBootReceiver p=0 o=0 m=0x108000}]
02-13 18:40:40.068 I/dvm_gc_info(  391): [7017575181484877390,-8974682536763500491,-4005242647839147987,7358131]
02-13 18:40:40.138 I/am_create_service(  258): [1083417440,com.android.contacts/.LoadGroupService,,391]
02-13 18:40:40.148 I/am_proc_start(  258): [627,10052,com.android.camera,broadcast,com.android.camera/.BootCamera]
02-13 18:40:40.158 I/am_proc_bound(  258): [627,com.android.camera]
02-13 18:40:40.198 I/am_proc_start(  258): [634,10053,com.android.providers.calendar,broadcast,com.android.providers.calendar/.CalendarReceiver]
02-13 18:40:40.208 I/am_proc_bound(  258): [634,com.android.providers.calendar]
02-13 18:40:40.338 I/am_proc_start(  258): [643,10054,com.android.calendar,broadcast,com.android.calendar/.AlertReceiver]
02-13 18:40:40.359 I/am_proc_bound(  258): [643,com.android.calendar]
02-13 18:40:40.399 I/am_create_service(  258): [1083056248,com.android.calendar/.AlertService,,643]
02-13 18:40:40.409 I/am_proc_start(  258): [650,10033,com.google.android.apps.maps:FriendService,broadcast,com.google.android.apps.maps/com.google.googlenav.friend.android.ServiceReceiver]
02-13 18:40:40.419 I/am_proc_bound(  258): [650,com.google.android.apps.maps:FriendService]
02-13 18:40:40.529 I/am_create_service(  258): [1082611920,com.android.providers.calendar/.EmptyService,,634]
02-13 18:40:40.589 I/configuration_changed(  258): 128
02-13 18:40:40.849 I/dvm_gc_info(  650): [7881704463071807029,-9023377776453912523,-4004961172862437331,7358131]
02-13 18:40:40.909 I/am_proc_start(  258): [658,10016,com.locationlabs.v3client,broadcast,com.locationlabs.v3client/.BootCompletedReceiver]
02-13 18:40:40.919 I/dvm_gc_info(  533): [7218827569569789520,-8986223079561705421,-4004679697885726675,7358182]
02-13 18:40:40.939 I/am_proc_bound(  258): [658,com.locationlabs.v3client]
02-13 18:40:40.959 I/dvm_gc_info(  114): [8825198673194632240,-9134279398381483986,-4006087072769275858,7358131]
02-13 18:40:40.959 I/configuration_changed(  258): 128
02-13 18:40:41.109 I/dvm_gc_info(  114): [8825198673194954808,-9222662541068629970,-4006087072769275858,7358131]
02-13 18:40:41.139 I/dvm_gc_info(  114): [8825198673194487856,-9222662541068629970,-4006087072769275858,7358131]
02-13 18:40:41.279 I/binder_sample(  533): [android.view.IWindowSession,8,106,com.android.mms,21]
02-13 18:40:41.410 I/notification_cancel(  258): [com.android.phone,111,0]
02-13 18:40:41.420 I/notification_cancel(  258): [com.android.phone,111,0]
02-13 18:40:41.460 I/am_proc_start(  258): [665,10040,com.google.android.googlequicksearchbox,broadcast,com.google.android.googlequicksearchbox/.SearchWidgetProvider]
02-13 18:40:41.540 I/am_proc_bound(  258): [665,com.google.android.googlequicksearchbox]
02-13 18:40:41.580 I/binder_sample(  337): [com.android.internal.telephony.ITelephonyRegistry,14,22,com.android.phone,4]
02-13 18:40:41.650 I/binder_sample(  658): [android.app.IActivityManager,16,166,com.locationlabs.v3client,33]
02-13 18:40:41.650 I/notification_cancel(  258): [com.android.phone,7,0]
02-13 18:40:41.670 I/notification_cancel(  258): [com.android.phone,7,0]
02-13 18:40:41.670 I/notification_cancel(  258): [com.android.phone,7,0]
02-13 18:40:41.670 I/notification_cancel(  258): [com.android.phone,7,0]
02-13 18:40:41.670 I/notification_cancel(  258): [com.android.phone,7,0]
02-13 18:40:41.670 I/notification_cancel(  258): [com.android.phone,7,0]
02-13 18:40:41.670 I/notification_cancel(  258): [com.android.phone,7,0]
02-13 18:40:41.670 I/notification_cancel(  258): [com.android.phone,7,0]
02-13 18:40:41.670 I/notification_cancel(  258): [com.android.phone,7,0]
02-13 18:40:41.670 I/notification_cancel(  258): [com.android.phone,7,0]
02-13 18:40:41.790 I/am_proc_start(  258): [677,10031,com.google.android.apps.uploader,broadcast,com.google.android.apps.uploader/.ConnectivityBroadcastReceiver]
02-13 18:40:41.810 I/am_proc_bound(  258): [677,com.google.android.apps.uploader]
02-13 18:40:41.820 I/binder_sample(  650): [android.app.IActivityManager,16,838,com.google.android.apps.maps:FriendServ,100]
02-13 18:40:41.890 I/dvm_gc_info(  509): [7308604875703739980,-9008740871472941001,-4004679697885726675,7358131]
02-13 18:40:41.890 I/content_query_sample(  510): [content://downloads/all_downloads,_id,status >= '200',lastmod,2140,,100]
02-13 18:40:41.950 I/am_create_service(  258): [1082262264,com.android.email/com.android.exchange.SyncManager,,509]
02-13 18:40:41.960 I/am_destroy_service(  258): [1082734920,com.android.email/.service.EmailBroadcastProcessorService,509]
02-13 18:40:42.000 I/am_destroy_service(  258): [1082262264,com.android.email/com.android.exchange.SyncManager,509]
02-13 18:40:42.000 I/content_query_sample(  510): [content://downloads/all_downloads,_data,,,58,,12]
02-13 18:40:42.030 I/am_destroy_service(  258): [1082297952,com.android.providers.downloads/.DownloadService,510]
02-13 18:40:42.030 I/notification_cancel(  258): [com.android.calendar,0,0]
02-13 18:40:42.040 I/am_destroy_service(  258): [1083056248,com.android.calendar/.AlertService,643]
02-13 18:40:42.040 I/content_query_sample(  606): [content://gmail-downloads/download,_id,status >= '200',lastmod,2290,,100]
02-13 18:40:42.060 I/am_destroy_service(  258): [1082880968,com.google.android.gm/.downloadprovider.DownloadService,606]
02-13 18:40:42.060 I/am_kill (  258): [484,com.qualcomm.privinit,12,too many background]
02-13 18:40:42.060 I/am_proc_died(  258): [484,com.qualcomm.privinit]
02-13 18:40:42.150 I/dvm_gc_madvise_info(  523): [163840,135168]
02-13 18:40:42.310 I/am_create_service(  258): [1081715080,com.android.providers.media/.MediaScannerService,,510]
02-13 18:40:42.310 I/am_proc_start(  258): [688,10020,com.google.android.apps.plus,broadcast,com.google.android.apps.plus/.service.PackagesMediaMonitor]
02-13 18:40:42.330 I/am_proc_bound(  258): [688,com.google.android.apps.plus]
02-13 18:40:42.671 I/content_update_sample(  510): [content://media/,insert,,131,,27]
02-13 18:40:42.721 I/am_create_activity(  258): [1082798144,3,com.android.mms/.ui.ComposeMessageActivity,NULL,NULL,content://mms-sms/conversations/1,0]
02-13 18:40:42.721 I/am_pause_activity(  258): [1080828912,com.android.mms/.ui.ConversationList]
02-13 18:40:42.731 I/am_on_paused_called(  533): com.android.mms.ui.ConversationList
02-13 18:40:42.731 I/am_restart_activity(  258): [1082798144,3,com.android.mms/.ui.ComposeMessageActivity]
02-13 18:40:42.841 I/dvm_gc_info(  688): [3346293774832756313,-8978341780213790669,-4005524122815858643,7358131]
02-13 18:40:42.921 I/dvm_gc_info(  337): [8099846449757472346,-8983126511153305545,-4004398222909016019,7358131]
02-13 18:40:42.971 I/dvm_gc_info(  533): [7218827569570305518,-9045051349694232525,-4004679697885726675,7358188]
02-13 18:40:43.171 I/db_sample(  337): [/data/data/com.android.providers.telephony/databases/mmssms.db,DELETE FROM threads WHERE _id = ? AND _id NOT IN          (SELEC,0,,1]
02-13 18:40:43.241 I/dvm_gc_info(  688): [3346293774832895616,-8925142803457038285,-4005524122815858643,7358131]
02-13 18:40:43.311 I/dvm_gc_info(  688): [3346293774832845698,-9194232881175648204,-4005524122815858643,7358131]
02-13 18:40:43.331 I/dvm_gc_info(  258): [8320808730291967605,-8923731785484044191,-3984976449515980755,8533934]
02-13 18:40:43.361 I/am_on_resume_called(  533): com.android.mms.ui.ComposeMessageActivity
02-13 18:40:43.502 I/am_kill (  258): [502,zte.com.cn.alarmclock,12,too many background]
02-13 18:40:43.512 I/am_create_service(  258): [1082423952,com.google.android.gsf/.checkin.CheckinService,,406]
02-13 18:40:43.532 I/am_create_service(  258): [1082414264,com.google.android.gsf/.gtalkservice.service.GTalkService,act=com.google.android.gtalkservice.IGTalkService,406]
02-13 18:40:43.542 I/gtalkservice(  406): 3
02-13 18:40:43.572 I/dvm_gc_madvise_info(  606): [167936,135168]
02-13 18:40:43.622 I/dvm_gc_madvise_info(  575): [155648,135168]
02-13 18:40:43.632 I/am_proc_start(  258): [706,10028,com.google.android.music:main,broadcast,com.google.android.music/.store.MediaStoreImportService$Receiver]
02-13 18:40:43.672 I/am_proc_bound(  258): [706,com.google.android.music:main]
02-13 18:40:43.762 I/am_create_service(  258): [1082410928,com.google.android.gsf/.loginservice.GoogleLoginService,act=android.accounts.AccountAuthenticator,406]
02-13 18:40:43.802 I/am_destroy_service(  258): [1082410928,com.google.android.gsf/.loginservice.GoogleLoginService,406]
02-13 18:40:44.002 I/dvm_gc_info(  406): [7449358886915589719,-8973838111850149836,-4005242647839147987,7358132]
02-13 18:40:44.022 I/db_sample(  406): [/data/data/com.google.android.gsf/databases/talk.db,GETLOCK:SELECT rmq_id FROM outgoingRmqMessages ORDER BY rmq_id D,1,,1]
02-13 18:40:44.052 I/content_query_sample(  406): [content://com.google.android.providers.talk/providers,_id/name,name=?,,2,,1]
02-13 18:40:44.092 I/dvm_gc_madvise_info(  643): [253952,135168]
02-13 18:40:44.182 I/content_update_sample(  406): [content://com.google.android.providers.talk/messagesByAccount/1,delete,is_muc=1,111,,23]
02-13 18:40:44.352 I/activity_launch_time(  258): [1082798144,com.android.mms/.ui.ComposeMessageActivity,1623,5536]
02-13 18:40:44.372 I/db_sample(  406): [/data/data/com.google.android.gsf/databases/talk.db,COMMIT;DELETE FROM messages WHERE is_muc=1 AND thread_id in (sel,152,,31]
02-13 18:40:44.372 I/content_update_sample(  406): [content://com.google.android.providers.talk/messagesByAccount/1,delete,is_muc=1,153,,31]
02-13 18:40:44.422 I/gtalkservice(  406): 0
02-13 18:40:44.422 I/gtalkservice(  406): 1
02-13 18:40:44.432 I/gtalk_connection(  406): 65541
02-13 18:40:44.463 I/content_update_sample(  406): [content://com.google.android.providers.talk/chats/account/1,delete,groupchat=1,91,,19]
02-13 18:40:44.493 I/dvm_gc_info(  706): [7887337218879100466,-9033510875615500234,-4004961172862437331,7358131]
02-13 18:40:44.513 I/dvm_gc_madvise_info(  568): [315392,135168]
02-13 18:40:44.543 I/binder_sample(  510): [android.app.IActivityManager,16,947,android.process.media,100]
02-13 18:40:44.543 I/binder_sample(  688): [android.app.IActivityManager,16,945,com.google.android.apps.plus,100]
02-13 18:40:44.543 I/am_proc_died(  258): [502,zte.com.cn.alarmclock]
02-13 18:40:44.553 I/binder_sample(  606): [android.app.IActivityManager,16,961,com.google.android.gm,100]
02-13 18:40:44.553 I/db_sample(  406): [/data/data/com.google.android.gsf/databases/talk.db,COMMIT;DELETE FROM contacts WHERE account=1 AND type=2,92,,19]
02-13 18:40:44.573 I/dvm_gc_madvise_info(  658): [176128,135168]
02-13 18:40:44.613 I/dvm_gc_madvise_info(  594): [262144,135168]
02-13 18:40:44.623 I/dvm_gc_madvise_info(  634): [217088,135168]
02-13 18:40:44.623 I/dvm_gc_madvise_info(  583): [270336,135168]
02-13 18:40:44.623 I/content_query_sample(  688): [content://com.google.android.apps.plus.content.EsGooglePhotoProvider/settings,auto_upload_enabled,,,106,,22]
02-13 18:40:44.633 I/dvm_gc_madvise_info(  627): [282624,135168]
02-13 18:40:44.653 I/am_create_service(  258): [1082314656,com.sprint.w.installer/.AlarmService,,575]
02-13 18:40:44.713 I/dvm_gc_info(  476): [3347973793971762815,-8956949682034178000,-4006368547745990611,7358131]
02-13 18:40:44.773 I/db_sample(  406): [/data/data/com.google.android.gsf/databases/talk.db,COMMIT;INSERT OR REPLACE  INTO accountStatus(account, connStatus,147,,30]
02-13 18:40:44.773 I/db_sample(  406): [/data/data/com.google.android.gsf/databases/talk.db,GETLOCK:SELECT _id, provider, username, pw FROM accounts WHERE (,144,,29]
02-13 18:40:44.773 I/content_query_sample(  406): [content://com.google.android.providers.talk/accounts,_id/provider/username/pw,last_login_state=1,,218,,44]
02-13 18:40:44.773 I/am_destroy_service(  258): [1082314656,com.sprint.w.installer/.AlarmService,575]
02-13 18:40:44.843 I/content_query_sample(  688): [content://media/external/fs_id,,,,78,,16]
02-13 18:40:44.843 I/am_destroy_service(  258): [1082423952,com.google.android.gsf/.checkin.CheckinService,406]
02-13 18:40:44.873 I/am_proc_start(  258): [721,10033,com.google.android.apps.maps:LocationFriendService,broadcast,com.google.android.apps.maps/com.google.googlenav.friend.reporting.LocationReportingIntentReceiver]
02-13 18:40:44.873 I/am_kill (  258): [523,com.sprint.zone,12,too many background]
02-13 18:40:44.893 I/am_proc_bound(  258): [721,com.google.android.apps.maps:LocationFriendService]
02-13 18:40:44.913 I/am_proc_died(  258): [523,com.sprint.zone]
02-13 18:40:45.063 I/db_sample(  721): [/data/data/com.google.android.apps.maps/databases/webviewCache.db,PRAGMA table_info(cache),1,com.google.android.apps.maps:LocationFriendService,1]
02-13 18:40:45.083 I/dvm_gc_madvise_info(  391): [159744,135168]
02-13 18:40:45.093 I/dvm_gc_info(  721): [7881704463071749677,-9037170050312738763,-4004961172862437331,7358131]
02-13 18:40:45.133 I/content_update_sample(  406): [content://com.android.contacts/status_updates,update,protocol=? AND im_account=? AND im_handle=?,287,,58]
02-13 18:40:45.163 I/am_create_task(  258): 5
02-13 18:40:45.163 I/am_create_activity(  258): [1080807592,5,com.google.android.apps.maps/com.google.googlenav.login.AndroidLoginActivitySdk5,NULL,NULL,NULL,268435456]
02-13 18:40:45.163 I/am_pause_activity(  258): [1082798144,com.android.mms/.ui.ComposeMessageActivity]
02-13 18:40:45.173 I/am_kill (  258): [553,com.android.voicedialer,12,too many background]
02-13 18:40:45.193 I/am_create_service(  258): [1081233400,com.google.android.music/.store.MediaStoreImportService,act=MediaStoreImportService.import_pending,706]
02-13 18:40:45.193 I/am_on_paused_called(  533): com.android.mms.ui.ComposeMessageActivity
02-13 18:40:45.203 I/am_proc_start(  258): [732,10033,com.google.android.apps.maps,activity,com.google.android.apps.maps/com.google.googlenav.login.AndroidLoginActivitySdk5]
02-13 18:40:45.223 I/notification_cancel(  258): [com.android.mms,999,0]
02-13 18:40:45.233 I/notification_cancel(  258): [com.android.mms,789,0]
02-13 18:40:45.263 I/notification_cancel(  258): [com.android.mms,531,0]
02-13 18:40:45.273 I/notification_cancel(  258): [com.android.mms,123,0]
02-13 18:40:45.293 I/am_proc_bound(  258): [732,com.google.android.apps.maps]
02-13 18:40:45.293 I/am_restart_activity(  258): [1080807592,5,com.google.android.apps.maps/com.google.googlenav.login.AndroidLoginActivitySdk5]
02-13 18:40:45.373 I/connectivity_state_changed(  258): 3112
02-13 18:40:45.484 I/binder_sample(  533): [android.view.IWindowSession,8,43,com.android.mms,8]
02-13 18:40:45.524 I/notification_cancel(  258): [com.android.phone,7,0]
02-13 18:40:45.534 I/notification_cancel(  258): [com.android.phone,7,0]
02-13 18:40:45.534 I/notification_cancel(  258): [com.android.phone,7,0]
02-13 18:40:45.534 I/notification_cancel(  258): [com.android.phone,7,0]
02-13 18:40:45.564 I/gtalk_connection(  406): 131077
02-13 18:40:45.644 I/am_create_service(  258): [1082491016,com.google.android.gsf/.checkin.CheckinService,,406]
02-13 18:40:45.674 I/am_create_service(  258): [1082446608,com.google.android.gm/.downloadprovider.DownloadService,,606]
02-13 18:40:45.674 I/am_create_service(  258): [1080485360,com.android.providers.downloads/.DownloadService,,510]
02-13 18:40:45.684 I/notification_cancel_all(  258): [com.android.providers.downloads,0]
02-13 18:40:45.744 I/am_proc_died(  258): [553,com.android.voicedialer]
02-13 18:40:45.904 I/dvm_gc_madvise_info(  650): [151552,135168]
02-13 18:40:45.914 I/dvm_gc_info(  332): [7809651225003300345,-9038858968925997003,-4003835272955594707,7882627]
02-13 18:40:45.944 I/dvm_gc_info(  732): [3345437233799820842,-9038858900173002699,-4004961172862437331,7358131]
02-13 18:40:46.004 I/binder_sample(  721): [android.app.IActivityManager,16,817,com.google.android.apps.maps:LocationFr,100]
02-13 18:40:46.184 I/dvm_gc_info(  332): [7809651225003263434,-9038296018972579787,-4003835272955594707,8370142]
02-13 18:40:46.254 I/dvm_gc_madvise_info(  665): [135168,135168]
02-13 18:40:46.254 I/dvm_gc_madvise_info(  677): [270336,135168]
02-13 18:40:46.264 I/am_destroy_service(  258): [1081233400,com.google.android.music/.store.MediaStoreImportService,706]
02-13 18:40:46.344 I/content_query_sample(  258): [content://telephony/carriers/preferapn,apn,,name ASC,374,,75]
02-13 18:40:46.344 I/content_update_sample(  406): [content://com.google.android.providers.talk/accountStatus,insert,,401,,81]
02-13 18:40:46.404 I/am_finish_activity(  258): [1080807592,5,com.google.android.apps.maps/com.google.googlenav.login.AndroidLoginActivitySdk5,app-request]
02-13 18:40:46.414 I/am_pause_activity(  258): [1080807592,com.google.android.apps.maps/com.google.googlenav.login.AndroidLoginActivitySdk5]
02-13 18:40:46.424 I/am_resume_activity(  258): [1082798144,3,com.android.mms/.ui.ComposeMessageActivity]
02-13 18:40:46.434 I/am_on_resume_called(  533): com.android.mms.ui.ComposeMessageActivity
