02-13 18:47:32.040 I/RILC    (  112): qmi_ril(0/112): [event] qcril_qmi_nas_propagate_known_signal_strength_ind .. subfetch sig strength info 0
02-13 18:47:32.040 I/RILC    (  112): qmi_ril(0/112): [event] qcril_qmi_nas_dump_sign_strength_report qcril_qmi_nas_dump_sign_strength_report entered
02-13 18:47:32.040 I/RILC    (  112): qmi_ril(0/112): [event] qcril_qmi_nas_dump_sign_strength_report ..GW
02-13 18:47:32.040 I/RILC    (  112): qmi_ril(0/112): [event] qcril_qmi_nas_dump_sign_strength_report .. signalStrength 99, bitErrorRate 0
02-13 18:47:32.040 I/RILC    (  112): qmi_ril(0/112): [event] qcril_qmi_nas_dump_sign_strength_report ..CDMA
02-13 18:47:32.040 I/RILC    (  112): qmi_ril(0/112): [event] qcril_qmi_nas_dump_sign_strength_report .. dbm 81, ecio 95 
02-13 18:47:32.040 I/RILC    (  112): qmi_ril(0/112): [event] qcril_qmi_nas_dump_sign_strength_report ..EVDO
02-13 18:47:32.040 I/RILC    (  112): qmi_ril(0/112): [event] qcril_qmi_nas_dump_sign_strength_report .. dbm 105, ecio 10, signalNoiseRatio 8
02-13 18:47:32.040 I/RILC    (  112): qmi_ril(0/112): [event] qcril_qmi_nas_dump_sign_strength_report ..LTE
02-13 18:47:32.040 I/RILC    (  112): qmi_ril(0/112): [event] qcril_qmi_nas_dump_sign_strength_report .. signalStrength 99, rsrp 2147483647, rsrq 2147483647, rsnnr 2147483647
02-13 18:47:32.040 I/RILC    (  112): qmi_ril(0/112): [event] qcril_qmi_nas_dump_sign_strength_report qcril_qmi_nas_dump_sign_strength_report completed
02-13 18:47:32.040 I/RILC    (  112): qmi_ril(0/112): [event] qcril_qmi_nas_propagate_known_signal_strength_ind .. conf res 0
02-13 18:47:32.040 D/RILC    (  112): qmi_ril(0/112): [event] qcril_send_unsol_response UI <--- RIL_UNSOL_SIGNAL_STRENGTH (1009) --- RIL [RID 0, Len 48, (null)]
02-13 18:47:32.040 I/RILC    (  112): qmi_ril(0/112): [event] qcril_qmi_nas_propagate_known_signal_strength_ind qcril_qmi_nas_propagate_known_signal_strength_ind completed 0
02-13 18:47:32.040 I/RILC    (  112): qmi_ril(0/112): [event] qcril_process_event Exit qcril_process_event() : <Unknown event> ?, err_no 0
02-13 18:47:32.040 D/RILC    (  112): qmi_ril(0/112): [event] qcril_event_main qcril_event_main(): Waiting...
02-13 18:47:34.283 I/RILC    (  112): qmi_ril(0/112): [qmi_cb] qcril_qmi_nas_unsolicited_indication_cb invoked msg 0x2
02-13 18:47:34.283 I/RILC    (  112): qmi_ril(0/112): [qmi_cb] qcril_qmi_nas_is_considered_registered qcril_qmi_nas_is_considered_registered entered
02-13 18:47:34.283 I/RILC    (  112): qmi_ril(0/112): [qmi_cb] qcril_qmi_nas_is_considered_registered qcril_qmi_nas_is_considered_registered completed with 1
02-13 18:47:34.283 I/RILC    (  112): qmi_ril(0/112): [qmi_cb] qcril_qmi_nas_event_report_ind_conv_qmi2ril qcril_qmi_nas_event_report_ind_conv_qmi2ril entered
02-13 18:47:34.283 I/RILC    (  112): qmi_ril(0/112): [qmi_cb] qcril_qmi_nas_event_report_ind_conv_qmi2ril .. reg reject valid 0
02-13 18:47:34.283 I/RILC    (  112): qmi_ril(0/112): [qmi_cb] qcril_qmi_nas_event_report_ind_conv_qmi2ril qcril_qmi_nas_event_report_ind_conv_qmi2ril completed
02-13 18:47:34.283 I/RILC    (  112): qmi_ril(0/112): [qmi_cb] qcril_qmi_nas_is_considered_registered qcril_qmi_nas_is_considered_registered entered
02-13 18:47:34.283 I/RILC    (  112): qmi_ril(0/112): [qmi_cb] qcril_qmi_nas_is_considered_registered qcril_qmi_nas_is_considered_registered completed with 1
02-13 18:47:34.283 D/RILC    (  112): qmi_ril(0/112): [qmi_cb] qcril_event_queue Event [<Unknown event> ?, 655370] data was NULL!
02-13 18:47:34.283 D/RILC    (  112): qmi_ril(0/112): [qmi_cb] qcril_event_queue RID 0 MID 0 Queued event <Unknown event> ? (0 bytes)
02-13 18:47:34.283 I/RILC    (  112): qmi_ril(0/112): [qmi_cb] qcril_qmi_nas_unsolicited_indication_cb .. operational state 3
02-13 18:47:34.283 I/RILC    (  112): qmi_ril(0/112): [qmi_cb] qcril_qmi_nas_unsolicited_indication_cb qcril_qmi_nas_unsolicited_indication_cb completed
02-13 18:47:34.283 I/RILC    (  112): qmi_ril(0/112): [qmi_cb] qcril_qmi_nas_unsolicited_indication_cb invoked msg 0x2
02-13 18:47:34.283 I/RILC    (  112): qmi_ril(0/112): [qmi_cb] qcril_qmi_nas_is_considered_registered qcril_qmi_nas_is_considered_registered entered
02-13 18:47:34.283 I/RILC    (  112): qmi_ril(0/112): [qmi_cb] qcril_qmi_nas_is_considered_registered qcril_qmi_nas_is_considered_registered completed with 1
02-13 18:47:34.283 I/RILC    (  112): qmi_ril(0/112): [qmi_cb] qcril_qmi_nas_event_report_ind_conv_qmi2ril qcril_qmi_nas_event_report_ind_conv_qmi2ril entered
02-13 18:47:34.283 I/RILC    (  112): qmi_ril(0/112): [qmi_cb] qcril_qmi_nas_event_report_ind_conv_qmi2ril .. reg reject valid 0
02-13 18:47:34.283 I/RILC    (  112): qmi_ril(0/112): [qmi_cb] qcril_qmi_nas_event_report_ind_conv_qmi2ril qcril_qmi_nas_event_report_ind_conv_qmi2ril completed
02-13 18:47:34.283 I/RILC    (  112): qmi_ril(0/112): [qmi_cb] qcril_qmi_nas_is_considered_registered qcril_qmi_nas_is_considered_registered entered
02-13 18:47:34.283 I/RILC    (  112): qmi_ril(0/112): [qmi_cb] qcril_qmi_nas_is_considered_registered qcril_qmi_nas_is_considered_registered completed with 1
02-13 18:47:34.283 D/RILC    (  112): qmi_ril(0/112): [qmi_cb] qcril_event_queue Event [<Unknown event> ?, 655370] data was NULL!
02-13 18:47:34.283 D/RILC    (  112): qmi_ril(0/112): [qmi_cb] qcril_event_queue RID 0 MID 0 Queued event <Unknown event> ? (0 bytes)
02-13 18:47:34.283 I/RILC    (  112): qmi_ril(0/112): [qmi_cb] qcril_qmi_nas_unsolicited_indication_cb .. operational state 3
02-13 18:47:34.283 I/RILC    (  112): qmi_ril(0/112): [qmi_cb] qcril_qmi_nas_unsolicited_indication_cb qcril_qmi_nas_unsolicited_indication_cb completed
02-13 18:47:34.283 D/RILC    (  112): qmi_ril(0/112): [event] qcril_event_main qcril_event_main(): 2 items on queue
02-13 18:47:34.283 D/RILC    (  112): qmi_ril(0/112): [event] qcril_event_main RID 0 MID 0 De-queued event <Unknown event> ? (655370)
02-13 18:47:34.283 D/RILC    (  112): qmi_ril(0/112): [event] qcril_process_event RIL <--- <Unknown event> ?(655370), RID 0, MID 0 --- AMSS
02-13 18:47:34.283 I/RILC    (  112): qmi_ril(0/112): [event] qcril_qmi_trigger_propagate_known_signal_strength_ind qcril_qmi_trigger_propagate_known_signal_strength_ind received
02-13 18:47:34.283 I/RILC    (  112): qmi_ril(0/112): [event] qcril_qmi_nas_propagate_known_signal_strength_ind qcril_qmi_nas_propagate_known_signal_strength_ind entered
02-13 18:47:34.283 I/RILC    (  112): qmi_ril(0/112): [event] qcril_qmi_nas_fetch_signal_strength_observations qcril_qmi_nas_fetch_signal_strength_observations entered
02-13 18:47:34.283 I/RILC    (  112): qmi_ril(0/112): [event] qcril_qmi_nas_fetch_signal_strength_observations ..req mask 35
02-13 18:47:34.283 I/RILC    (  112): qmi_ril(0/112): [event] qcril_qmi_nas_fetch_signal_strength_observations qcril_qmi_nas_request_signal_strength entered IF 35
02-13 18:47:34.283 I/RILC    (  112): qmi_ril(0/112): [event] qcril_qmi_nas_fetch_signal_strength_observations qcril_qmi_nas_request_signal_strength entered RIL_REQ_RES qmi_request.request__mask = 35
02-13 18:47:34.283 I/RILC    (  112): qmi_ril(0/112): [event] qcril_qmi_nas_fetch_signal_strength_observations qcril_qmi_nas_request_signal_strength entered IF QMI RESPONSE 35
02-13 18:47:34.283 I/RILC    (  112): qmi_ril(0/112): [event] qcril_qmi_util_convert_qmi_response_codes_to_ril_result_ex qcril_qmi_util_convert_qmi_response_codes_to_ril_result_ex ctx check 0
02-13 18:47:34.283 I/RILC    (  112): qmi_ril(0/112): [event] qcril_qmi_nas_fetch_signal_strength_observations qcril_qmi_nas_request_signal_strength entered IF UTIL_RES = SUCCESS 35
02-13 18:47:34.283 I/RILC    (  112): qmi_ril(0/112): [event] qcril_qmi_nas_fetch_signal_strength_observations qcril_qmi_nas_fetch_signal_strength_observations completed 0
02-13 18:47:34.283 I/RILC    (  112): qmi_ril(0/112): [event] qcril_qmi_nas_propagate_known_signal_strength_ind .. subfetch sig strength info 0
02-13 18:47:34.283 I/RILC    (  112): qmi_ril(0/112): [event] qcril_qmi_nas_dump_sign_strength_report qcril_qmi_nas_dump_sign_strength_report entered
02-13 18:47:34.283 I/RILC    (  112): qmi_ril(0/112): [event] qcril_qmi_nas_dump_sign_strength_report ..GW
02-13 18:47:34.283 I/RILC    (  112): qmi_ril(0/112): [event] qcril_qmi_nas_dump_sign_strength_report .. signalStrength 99, bitErrorRate 0
02-13 18:47:34.283 I/RILC    (  112): qmi_ril(0/112): [event] qcril_qmi_nas_dump_sign_strength_report ..CDMA
02-13 18:47:34.283 I/RILC    (  112): qmi_ril(0/112): [event] qcril_qmi_nas_dump_sign_strength_report .. dbm 82, ecio 75 
02-13 18:47:34.283 I/RILC    (  112): qmi_ril(0/112): [event] qcril_qmi_nas_dump_sign_strength_report ..EVDO
02-13 18:47:34.283 I/RILC    (  112): qmi_ril(0/112): [event] qcril_qmi_nas_dump_sign_strength_report .. dbm 99, ecio 10, signalNoiseRatio 8
02-13 18:47:34.283 I/RILC    (  112): qmi_ril(0/112): [event] qcril_qmi_nas_dump_sign_strength_report ..LTE
02-13 18:47:34.283 I/RILC    (  112): qmi_ril(0/112): [event] qcril_qmi_nas_dump_sign_strength_report .. signalStrength 99, rsrp 2147483647, rsrq 2147483647, rsnnr 2147483647
02-13 18:47:34.283 I/RILC    (  112): qmi_ril(0/112): [event] qcril_qmi_nas_dump_sign_strength_report qcril_qmi_nas_dump_sign_strength_report completed
02-13 18:47:34.283 I/RILC    (  112): qmi_ril(0/112): [event] qcril_qmi_nas_propagate_known_signal_strength_ind .. conf res 0
02-13 18:47:34.283 D/RILC    (  112): qmi_ril(0/112): [event] qcril_send_unsol_response UI <--- RIL_UNSOL_SIGNAL_STRENGTH (1009) --- RIL [RID 0, Len 48, (null)]
02-13 18:47:34.283 I/RILC    (  112): qmi_ril(0/112): [event] qcril_qmi_nas_propagate_known_signal_strength_ind qcril_qmi_nas_propagate_known_signal_strength_ind completed 0
02-13 18:47:34.283 I/RILC    (  112): qmi_ril(0/112): [event] qcril_process_event Exit qcril_process_event() : <Unknown event> ?, err_no 0
02-13 18:47:34.283 D/RILC    (  112): qmi_ril(0/112): [event] qcril_event_main RID 0 MID 0 De-queued event <Unknown event> ? (655370)
02-13 18:47:34.283 D/RILC    (  112): qmi_ril(0/112): [event] qcril_process_event RIL <--- <Unknown event> ?(655370), RID 0, MID 0 --- AMSS
02-13 18:47:34.283 I/RILC    (  112): qmi_ril(0/112): [event] qcril_qmi_trigger_propagate_known_signal_strength_ind qcril_qmi_trigger_propagate_known_signal_strength_ind received
02-13 18:47:34.283 I/RILC    (  112): qmi_ril(0/112): [event] qcril_qmi_nas_propagate_known_signal_strength_ind qcril_qmi_nas_propagate_known_signal_strength_ind entered
02-13 18:47:34.283 I/RILC    (  112): qmi_ril(0/112): [event] qcril_qmi_nas_fetch_signal_strength_observations qcril_qmi_nas_fetch_signal_strength_observations entered
02-13 18:47:34.283 I/RILC    (  112): qmi_ril(0/112): [event] qcril_qmi_nas_fetch_signal_strength_observations ..req mask 32
02-13 18:47:34.283 I/RILC    (  112): qmi_ril(0/112): [event] qcril_qmi_nas_fetch_signal_strength_observations qcril_qmi_nas_request_signal_strength entered IF 32
02-13 18:47:34.283 I/RILC    (  112): qmi_ril(0/112): [event] qcril_qmi_nas_fetch_signal_strength_observations qcril_qmi_nas_request_signal_strength entered RIL_REQ_RES qmi_request.request__mask = 32
02-13 18:47:34.283 I/RILC    (  112): qmi_ril(0/112): [event] qcril_qmi_nas_fetch_signal_strength_observations qcril_qmi_nas_request_signal_strength entered IF QMI RESPONSE 32
02-13 18:47:34.293 I/RILC    (  112): qmi_ril(0/112): [event] qcril_qmi_util_convert_qmi_response_codes_to_ril_result_ex qcril_qmi_util_convert_qmi_response_codes_to_ril_result_ex ctx check 0
02-13 18:47:34.293 I/RILC    (  112): qmi_ril(0/112): [event] qcril_qmi_nas_fetch_signal_strength_observations qcril_qmi_nas_request_signal_strength entered IF UTIL_RES = SUCCESS 32
02-13 18:47:34.293 I/RILC    (  112): qmi_ril(0/112): [event] qcril_qmi_nas_fetch_signal_strength_observations qcril_qmi_nas_fetch_signal_strength_observations completed 0
02-13 18:47:34.293 I/RILC    (  112): qmi_ril(0/112): [event] qcril_qmi_nas_propagate_known_signal_strength_ind .. subfetch sig strength info 0
02-13 18:47:34.293 I/RILC    (  112): qmi_ril(0/112): [event] qcril_qmi_nas_dump_sign_strength_report qcril_qmi_nas_dump_sign_strength_report entered
02-13 18:47:34.293 I/RILC    (  112): qmi_ril(0/112): [event] qcril_qmi_nas_dump_sign_strength_report ..GW
02-13 18:47:34.293 I/RILC    (  112): qmi_ril(0/112): [event] qcril_qmi_nas_dump_sign_strength_report .. signalStrength 99, bitErrorRate 0
02-13 18:47:34.293 I/RILC    (  112): qmi_ril(0/112): [event] qcril_qmi_nas_dump_sign_strength_report ..CDMA
02-13 18:47:34.293 I/RILC    (  112): qmi_ril(0/112): [event] qcril_qmi_nas_dump_sign_strength_report .. dbm 82, ecio 75 
02-13 18:47:34.293 I/RILC    (  112): qmi_ril(0/112): [event] qcril_qmi_nas_dump_sign_strength_report ..EVDO
02-13 18:47:34.293 I/RILC    (  112): qmi_ril(0/112): [event] qcril_qmi_nas_dump_sign_strength_report .. dbm 99, ecio 10, signalNoiseRatio 8
02-13 18:47:34.293 I/RILC    (  112): qmi_ril(0/112): [event] qcril_qmi_nas_dump_sign_strength_report ..LTE
02-13 18:47:34.293 I/RILC    (  112): qmi_ril(0/112): [event] qcril_qmi_nas_dump_sign_strength_report .. signalStrength 99, rsrp 2147483647, rsrq 2147483647, rsnnr 2147483647
02-13 18:47:34.293 I/RILC    (  112): qmi_ril(0/112): [event] qcril_qmi_nas_dump_sign_strength_report qcril_qmi_nas_dump_sign_strength_report completed
02-13 18:47:34.293 I/RILC    (  112): qmi_ril(0/112): [event] qcril_qmi_nas_propagate_known_signal_strength_ind .. conf res 0
02-13 18:47:34.293 D/RILC    (  112): qmi_ril(0/112): [event] qcril_send_unsol_response UI <--- RIL_UNSOL_SIGNAL_STRENGTH (1009) --- RIL [RID 0, Len 48, (null)]
02-13 18:47:34.293 I/RILC    (  112): qmi_ril(0/112): [event] qcril_qmi_nas_propagate_known_signal_strength_ind qcril_qmi_nas_propagate_known_signal_strength_ind completed 0
02-13 18:47:34.293 I/RILC    (  112): qmi_ril(0/112): [event] qcril_process_event Exit qcril_process_event() : <Unknown event> ?, err_no 0
02-13 18:47:34.293 D/RILC    (  112): qmi_ril(0/112): [event] qcril_event_main qcril_event_main(): Waiting...
02-13 18:47:34.723 D/RILJ    (  342): [0049]> OEM_HOOK_RAW[5155414c434f4d4d010008000400000051000000]
02-13 18:47:34.723 D/RILC    (  112): qmi_ril(0/112): [main] onRequest UI --- RIL_REQUEST_OEM_HOOK_RAW (59) ---> RIL [RID 0, token id 49, data len 20]
02-13 18:47:34.723 I/RILC    (  112): qmi_ril(0/112): [main] qcril_other_request_oem_hook_nv_read Entered qcril_other_request_oem_hook_nv_read
02-13 18:47:34.723 I/RILC    (  112): qmi_ril(0/112): [main] qcril_other_request_oem_hook_nv_read Received request for Reading nv_item_id = 81
02-13 18:47:34.723 I/RILC    (  112): qmi_ril(0/112): [qmi_cb] qcril_qmi_nas_unsolicited_indication_cb invoked msg 0x2
02-13 18:47:34.723 I/RILC    (  112): qmi_ril(0/112): [qmi_cb] qcril_qmi_nas_is_considered_registered qcril_qmi_nas_is_considered_registered entered
02-13 18:47:34.723 I/RILC    (  112): qmi_ril(0/112): [qmi_cb] qcril_qmi_nas_is_considered_registered qcril_qmi_nas_is_considered_registered completed with 1
02-13 18:47:34.723 I/RILC    (  112): qmi_ril(0/112): [qmi_cb] qcril_qmi_nas_event_report_ind_conv_qmi2ril qcril_qmi_nas_event_report_ind_conv_qmi2ril entered
02-13 18:47:34.723 I/RILC    (  112): qmi_ril(0/112): [qmi_cb] qcril_qmi_nas_event_report_ind_conv_qmi2ril .. reg reject valid 0
02-13 18:47:34.723 I/RILC    (  112): qmi_ril(0/112): [qmi_cb] qcril_qmi_nas_event_report_ind_conv_qmi2ril qcril_qmi_nas_event_report_ind_conv_qmi2ril completed
02-13 18:47:34.723 I/RILC    (  112): qmi_ril(0/112): [qmi_cb] qcril_qmi_nas_is_considered_registered qcril_qmi_nas_is_considered_registered entered
02-13 18:47:34.723 I/RILC    (  112): qmi_ril(0/112): [qmi_cb] qcril_qmi_nas_is_considered_registered qcril_qmi_nas_is_considered_registered completed with 1
02-13 18:47:34.723 D/RILC    (  112): qmi_ril(0/112): [qmi_cb] qcril_event_queue Event [<Unknown event> ?, 655370] data was NULL!
02-13 18:47:34.723 D/RILC    (  112): qmi_ril(0/112): [qmi_cb] qcril_event_queue RID 0 MID 0 Queued event <Unknown event> ? (0 bytes)
02-13 18:47:34.723 I/RILC    (  112): qmi_ril(0/112): [qmi_cb] qcril_qmi_nas_unsolicited_indication_cb .. operational state 3
02-13 18:47:34.723 I/RILC    (  112): qmi_ril(0/112): [qmi_cb] qcril_qmi_nas_unsolicited_indication_cb qcril_qmi_nas_unsolicited_indication_cb completed
02-13 18:47:34.733 D/RILC    (  112): qmi_ril(0/112): [event] qcril_event_main qcril_event_main(): 1 items on queue
02-13 18:47:34.733 D/RILC    (  112): qmi_ril(0/112): [event] qcril_event_main RID 0 MID 0 De-queued event <Unknown event> ? (655370)
02-13 18:47:34.733 D/RILC    (  112): qmi_ril(0/112): [event] qcril_process_event RIL <--- <Unknown event> ?(655370), RID 0, MID 0 --- AMSS
02-13 18:47:34.733 I/RILC    (  112): qmi_ril(0/112): [event] qcril_qmi_trigger_propagate_known_signal_strength_ind qcril_qmi_trigger_propagate_known_signal_strength_ind received
02-13 18:47:34.733 I/RILC    (  112): qmi_ril(0/112): [event] qcril_qmi_nas_propagate_known_signal_strength_ind qcril_qmi_nas_propagate_known_signal_strength_ind entered
02-13 18:47:34.733 I/RILC    (  112): qmi_ril(0/112): [event] qcril_qmi_nas_fetch_signal_strength_observations qcril_qmi_nas_fetch_signal_strength_observations entered
02-13 18:47:34.733 I/RILC    (  112): qmi_ril(0/112): [event] qcril_qmi_nas_fetch_signal_strength_observations ..req mask 48
02-13 18:47:34.733 I/RILC    (  112): qmi_ril(0/112): [event] qcril_qmi_nas_fetch_signal_strength_observations qcril_qmi_nas_request_signal_strength entered IF 48
02-13 18:47:34.733 I/RILC    (  112): qmi_ril(0/112): [event] qcril_qmi_nas_fetch_signal_strength_observations qcril_qmi_nas_request_signal_strength entered RIL_REQ_RES qmi_request.request__mask = 48
02-13 18:47:34.733 I/RILC    (  112): qmi_ril(0/112): [event] qcril_qmi_nas_fetch_signal_strength_observations qcril_qmi_nas_request_signal_strength entered IF QMI RESPONSE 48
02-13 18:47:34.753 I/RILC    (  112): qmi_ril(0/112): [main] qcril_other_zte_request_oem_hook_nv_read NV 81 is not active, so report the default value 0
02-13 18:47:34.753 I/RILC    (  112): qmi_ril(0/112): [main] qcril_reqlist_find [RID 0] Not found ReqList entry : token id 49
02-13 18:47:34.753 D/RILC    (  112): qmi_ril(0/112): [main] qcril_send_request_response UI <--- RIL_REQUEST_OEM_HOOK_RAW(NV_READ) (524289) Complete --- RIL [RID 0, Token 49, Success, Len 1 ]
02-13 18:47:34.753 I/RILC    (  112): qmi_ril(0/112): [event] qcril_qmi_util_convert_qmi_response_codes_to_ril_result_ex qcril_qmi_util_convert_qmi_response_codes_to_ril_result_ex ctx check 0
02-13 18:47:34.753 I/RILC    (  112): qmi_ril(0/112): [event] qcril_qmi_nas_fetch_signal_strength_observations qcril_qmi_nas_request_signal_strength entered IF UTIL_RES = SUCCESS 48
02-13 18:47:34.753 I/RILC    (  112): qmi_ril(0/112): [event] qcril_qmi_nas_fetch_signal_strength_observations qcril_qmi_nas_fetch_signal_strength_observations completed 0
02-13 18:47:34.753 I/RILC    (  112): qmi_ril(0/112): [event] qcril_qmi_nas_propagate_known_signal_strength_ind .. subfetch sig strength info 0
02-13 18:47:34.753 I/RILC    (  112): qmi_ril(0/112): [event] qcril_qmi_nas_dump_sign_strength_report qcril_qmi_nas_dump_sign_strength_report entered
02-13 18:47:34.753 I/RILC    (  112): qmi_ril(0/112): [event] qcril_qmi_nas_dump_sign_strength_report ..GW
02-13 18:47:34.753 I/RILC    (  112): qmi_ril(0/112): [event] qcril_qmi_nas_dump_sign_strength_report .. signalStrength 99, bitErrorRate 0
02-13 18:47:34.753 I/RILC    (  112): qmi_ril(0/112): [event] qcril_qmi_nas_dump_sign_strength_report ..CDMA
02-13 18:47:34.753 I/RILC    (  112): qmi_ril(0/112): [event] qcril_qmi_nas_dump_sign_strength_report .. dbm 82, ecio 75 
02-13 18:47:34.753 I/RILC    (  112): qmi_ril(0/112): [event] qcril_qmi_nas_dump_sign_strength_report ..EVDO
02-13 18:47:34.753 I/RILC    (  112): qmi_ril(0/112): [event] qcril_qmi_nas_dump_sign_strength_report .. dbm 99, ecio 10, signalNoiseRatio 8
02-13 18:47:34.753 I/RILC    (  112): qmi_ril(0/112): [event] qcril_qmi_nas_dump_sign_strength_report ..LTE
02-13 18:47:34.753 I/RILC    (  112): qmi_ril(0/112): [event] qcril_qmi_nas_dump_sign_strength_report .. signalStrength 99, rsrp 2147483647, rsrq 2147483647, rsnnr 2147483647
02-13 18:47:34.753 I/RILC    (  112): qmi_ril(0/112): [event] qcril_qmi_nas_dump_sign_strength_report qcril_qmi_nas_dump_sign_strength_report completed
02-13 18:47:34.753 I/RILC    (  112): qmi_ril(0/112): [event] qcril_qmi_nas_propagate_known_signal_strength_ind .. conf res 0
02-13 18:47:34.753 D/RILC    (  112): qmi_ril(0/112): [event] qcril_send_unsol_response UI <--- RIL_UNSOL_SIGNAL_STRENGTH (1009) --- RIL [RID 0, Len 48, (null)]
02-13 18:47:34.753 I/RILC    (  112): qmi_ril(0/112): [event] qcril_qmi_nas_propagate_known_signal_strength_ind qcril_qmi_nas_propagate_known_signal_strength_ind completed 0
02-13 18:47:34.753 I/RILC    (  112): qmi_ril(0/112): [event] qcril_process_event Exit qcril_process_event() : <Unknown event> ?, err_no 0
02-13 18:47:34.753 D/RILC    (  112): qmi_ril(0/112): [event] qcril_event_main qcril_event_main(): Waiting...
02-13 18:47:34.763 D/RILJ    (  342): [0049]< OEM_HOOK_RAW [B@405cd528
02-13 18:47:34.763 D/RILJ    (  342): [0050]> OEM_HOOK_RAW[5155414c434f4d4d010008000400000097070000]
02-13 18:47:34.763 D/RILC    (  112): qmi_ril(0/112): [main] onRequest UI --- RIL_REQUEST_OEM_HOOK_RAW (59) ---> RIL [RID 0, token id 50, data len 20]
02-13 18:47:34.763 I/RILC    (  112): qmi_ril(0/112): [main] qcril_other_request_oem_hook_nv_read Entered qcril_other_request_oem_hook_nv_read
02-13 18:47:34.763 I/RILC    (  112): qmi_ril(0/112): [main] qcril_other_request_oem_hook_nv_read Received request for Reading nv_item_id = 1943
02-13 18:47:34.763 I/RILC    (  112): qmi_ril(0/112): [main] qcril_other_zte_request_oem_hook_nv_read Read NV 1943 successfully
02-13 18:47:34.773 I/RILC    (  112): qmi_ril(0/112): [main] qcril_reqlist_find [RID 0] Not found ReqList entry : token id 50
02-13 18:47:34.773 D/RILC    (  112): qmi_ril(0/112): [main] qcril_send_request_response UI <--- RIL_REQUEST_OEM_HOOK_RAW(NV_READ) (524289) Complete --- RIL [RID 0, Token 50, Success, Len 8 ]
02-13 18:47:34.773 D/RILJ    (  342): [0050]< OEM_HOOK_RAW [B@405fd8f8
02-13 18:47:34.773 D/RILJ    (  342): [0051]> OEM_HOOK_RAW[5155414c434f4d4d010008000400000097070000]
02-13 18:47:34.773 D/RILC    (  112): qmi_ril(0/112): [main] onRequest UI --- RIL_REQUEST_OEM_HOOK_RAW (59) ---> RIL [RID 0, token id 51, data len 20]
02-13 18:47:34.773 I/RILC    (  112): qmi_ril(0/112): [main] qcril_other_request_oem_hook_nv_read Entered qcril_other_request_oem_hook_nv_read
02-13 18:47:34.773 I/RILC    (  112): qmi_ril(0/112): [main] qcril_other_request_oem_hook_nv_read Received request for Reading nv_item_id = 1943
02-13 18:47:34.773 I/RILC    (  112): qmi_ril(0/112): [main] qcril_other_zte_request_oem_hook_nv_read Read NV 1943 successfully
02-13 18:47:34.773 I/RILC    (  112): qmi_ril(0/112): [main] qcril_reqlist_find [RID 0] Not found ReqList entry : token id 51
02-13 18:47:34.773 D/RILC    (  112): qmi_ril(0/112): [main] qcril_send_request_response UI <--- RIL_REQUEST_OEM_HOOK_RAW(NV_READ) (524289) Complete --- RIL [RID 0, Token 51, Success, Len 8 ]
02-13 18:47:34.773 D/RILJ    (  342): [0051]< OEM_HOOK_RAW [B@405d5558
02-13 18:47:34.783 D/RILJ    (  342): [0052]> OEM_HOOK_RAW[5155414c434f4d4d010008000400000020000000]
02-13 18:47:34.783 D/RILC    (  112): qmi_ril(0/112): [main] onRequest UI --- RIL_REQUEST_OEM_HOOK_RAW (59) ---> RIL [RID 0, token id 52, data len 20]
02-13 18:47:34.783 I/RILC    (  112): qmi_ril(0/112): [main] qcril_other_request_oem_hook_nv_read Entered qcril_other_request_oem_hook_nv_read
02-13 18:47:34.783 I/RILC    (  112): qmi_ril(0/112): [main] qcril_other_request_oem_hook_nv_read Received request for Reading nv_item_id = 32
02-13 18:47:34.783 I/RILC    (  112): qmi_ril(0/112): [main] qcril_other_request_oem_hook_nv_read min1_val: 7068268
02-13 18:47:34.783 I/RILC    (  112): qmi_ril(0/112): [main] qcril_reqlist_find [RID 0] Not found ReqList entry : token id 52
02-13 18:47:34.783 D/RILC    (  112): qmi_ril(0/112): [main] qcril_send_request_response UI <--- RIL_REQUEST_OEM_HOOK_RAW(NV_READ) (524289) Complete --- RIL [RID 0, Token 52, Success, Len 9 ]
02-13 18:47:34.783 D/RILJ    (  342): [0052]< OEM_HOOK_RAW [B@405772f8
02-13 18:47:34.793 D/RILJ    (  342): [0053]> OEM_HOOK_RAW[5155414c434f4d4d010008000400000021000000]
02-13 18:47:34.793 D/RILC    (  112): qmi_ril(0/112): [main] onRequest UI --- RIL_REQUEST_OEM_HOOK_RAW (59) ---> RIL [RID 0, token id 53, data len 20]
02-13 18:47:34.793 I/RILC    (  112): qmi_ril(0/112): [main] qcril_other_request_oem_hook_nv_read Entered qcril_other_request_oem_hook_nv_read
02-13 18:47:34.793 I/RILC    (  112): qmi_ril(0/112): [main] qcril_other_request_oem_hook_nv_read Received request for Reading nv_item_id = 33
02-13 18:47:34.803 I/RILC    (  112): qmi_ril(0/112): [main] qcril_other_request_oem_hook_nv_read min2_val: 913
02-13 18:47:34.803 I/RILC    (  112): qmi_ril(0/112): [main] qcril_reqlist_find [RID 0] Not found ReqList entry : token id 53
02-13 18:47:34.803 D/RILC    (  112): qmi_ril(0/112): [main] qcril_send_request_response UI <--- RIL_REQUEST_OEM_HOOK_RAW(NV_READ) (524289) Complete --- RIL [RID 0, Token 53, Success, Len 5 ]
02-13 18:47:34.803 D/RILJ    (  342): [0053]< OEM_HOOK_RAW [B@40578228
02-13 18:47:34.803 D/RILJ    (  342): [0054]> OEM_HOOK_RAW[5155414c434f4d4d0100080004000000d7000000]
02-13 18:47:34.803 D/RILC    (  112): qmi_ril(0/112): [main] onRequest UI --- RIL_REQUEST_OEM_HOOK_RAW (59) ---> RIL [RID 0, token id 54, data len 20]
02-13 18:47:34.803 I/RILC    (  112): qmi_ril(0/112): [main] qcril_other_request_oem_hook_nv_read Entered qcril_other_request_oem_hook_nv_read
02-13 18:47:34.803 I/RILC    (  112): qmi_ril(0/112): [main] qcril_other_request_oem_hook_nv_read Received request for Reading nv_item_id = 215
02-13 18:47:34.803 I/RILC    (  112): qmi_ril(0/112): [main] qcril_other_zte_request_oem_hook_nv_read Read NV 215 successfully
02-13 18:47:34.803 I/RILC    (  112): qmi_ril(0/112): [main] qcril_reqlist_find [RID 0] Not found ReqList entry : token id 54
02-13 18:47:34.803 D/RILC    (  112): qmi_ril(0/112): [main] qcril_send_request_response UI <--- RIL_REQUEST_OEM_HOOK_RAW(NV_READ) (524289) Complete --- RIL [RID 0, Token 54, Success, Len 17 ]
02-13 18:47:34.803 D/RILJ    (  342): [0054]< OEM_HOOK_RAW [B@40581080
02-13 18:47:34.803 D/RILJ    (  342): [0055]> OEM_HOOK_RAW[5155414c434f4d4d0100080005000000d101000001]
02-13 18:47:34.813 D/RILC    (  112): qmi_ril(0/112): [main] onRequest UI --- RIL_REQUEST_OEM_HOOK_RAW (59) ---> RIL [RID 0, token id 55, data len 21]
02-13 18:47:34.813 I/RILC    (  112): qmi_ril(0/112): [main] qcril_other_request_oem_hook_nv_read Entered qcril_other_request_oem_hook_nv_read
02-13 18:47:34.813 I/RILC    (  112): qmi_ril(0/112): [main] qcril_other_request_oem_hook_nv_read Received request for Reading nv_item_id = 465
02-13 18:47:34.813 I/RILC    (  112): qmi_ril(0/112): [main] qcril_other_zte_request_oem_hook_nv_read Read NV 465 successfully
02-13 18:47:34.813 I/RILC    (  112): qmi_ril(0/112): [main] qcril_reqlist_find [RID 0] Not found ReqList entry : token id 55
02-13 18:47:34.813 D/RILC    (  112): qmi_ril(0/112): [main] qcril_send_request_response UI <--- RIL_REQUEST_OEM_HOOK_RAW(NV_READ) (524289) Complete --- RIL [RID 0, Token 55, Success, Len 97 ]
02-13 18:47:34.813 D/RILJ    (  342): [0055]< OEM_HOOK_RAW [B@40581fd8
02-13 18:47:34.823 D/RILJ    (  342): [0056]> OEM_HOOK_RAW[5155414c434f4d4d020008000e000000ca02000006000000010100000000]
02-13 18:47:34.823 D/RILC    (  112): qmi_ril(0/112): [main] onRequest UI --- RIL_REQUEST_OEM_HOOK_RAW (59) ---> RIL [RID 0, token id 56, data len 30]
02-13 18:47:34.823 I/RILC    (  112): qmi_ril(0/112): [main] qcril_other_request_oem_hook_nv_write Entered qcril_other_request_oem_hook_nv_write
02-13 18:47:34.823 I/RILC    (  112): qmi_ril(0/112): [main] qcril_reqlist_find [RID 0] Not found ReqList entry : token id 56
02-13 18:47:34.823 D/RILC    (  112): qmi_ril(0/112): [main] qcril_send_request_response UI <--- RIL_REQUEST_OEM_HOOK_RAW(NV_WRITE) (524290) Complete --- RIL [RID 0, Token 56, Success, Len 0 ]
02-13 18:47:34.823 D/RILJ    (  342): [0056]< OEM_HOOK_RAW [B@40582f78
02-13 18:47:34.823 D/RILJ    (  342): [0057]> OEM_HOOK_RAW[5155414c434f4d4d0100080004000000d0010000]
02-13 18:47:34.833 D/RILC    (  112): qmi_ril(0/112): [main] onRequest UI --- RIL_REQUEST_OEM_HOOK_RAW (59) ---> RIL [RID 0, token id 57, data len 20]
02-13 18:47:34.833 I/RILC    (  112): qmi_ril(0/112): [main] qcril_other_request_oem_hook_nv_read Entered qcril_other_request_oem_hook_nv_read
02-13 18:47:34.833 I/RILC    (  112): qmi_ril(0/112): [main] qcril_other_request_oem_hook_nv_read Received request for Reading nv_item_id = 464
02-13 18:47:34.833 I/RILC    (  112): qmi_ril(0/112): [main] qcril_other_zte_request_oem_hook_nv_read Read NV 464 successfully
02-13 18:47:34.833 I/RILC    (  112): qmi_ril(0/112): [main] qcril_reqlist_find [RID 0] Not found ReqList entry : token id 57
02-13 18:47:34.833 D/RILC    (  112): qmi_ril(0/112): [main] qcril_send_request_response UI <--- RIL_REQUEST_OEM_HOOK_RAW(NV_READ) (524289) Complete --- RIL [RID 0, Token 57, Success, Len 1 ]
02-13 18:47:34.833 D/RILJ    (  342): [0057]< OEM_HOOK_RAW [B@40596cd0
02-13 18:47:34.833 D/RILJ    (  342): [0058]> OEM_HOOK_RAW[5155414c434f4d4d0100080005000000d101000001]
02-13 18:47:34.833 D/RILC    (  112): qmi_ril(0/112): [main] onRequest UI --- RIL_REQUEST_OEM_HOOK_RAW (59) ---> RIL [RID 0, token id 58, data len 21]
02-13 18:47:34.833 I/RILC    (  112): qmi_ril(0/112): [main] qcril_other_request_oem_hook_nv_read Entered qcril_other_request_oem_hook_nv_read
02-13 18:47:34.833 I/RILC    (  112): qmi_ril(0/112): [main] qcril_other_request_oem_hook_nv_read Received request for Reading nv_item_id = 465
02-13 18:47:34.833 I/RILC    (  112): qmi_ril(0/112): [main] qcril_other_zte_request_oem_hook_nv_read Read NV 465 successfully
02-13 18:47:34.833 I/RILC    (  112): qmi_ril(0/112): [main] qcril_reqlist_find [RID 0] Not found ReqList entry : token id 58
02-13 18:47:34.833 D/RILC    (  112): qmi_ril(0/112): [main] qcril_send_request_response UI <--- RIL_REQUEST_OEM_HOOK_RAW(NV_READ) (524289) Complete --- RIL [RID 0, Token 58, Success, Len 97 ]
02-13 18:47:34.833 D/RILJ    (  342): [0058]< OEM_HOOK_RAW [B@40597c18
02-13 18:47:35.494 I/RILC    (  112): qmi_ril(0/112): [qmi_cb] qcril_qmi_nas_unsolicited_indication_cb invoked msg 0x24
02-13 18:47:35.494 I/RILC    (  112): qmi_ril(0/112): [qmi_cb] qcril_qmi_nas_is_considered_registered qcril_qmi_nas_is_considered_registered entered
02-13 18:47:35.494 I/RILC    (  112): qmi_ril(0/112): [qmi_cb] qcril_qmi_nas_is_considered_registered qcril_qmi_nas_is_considered_registered completed with 1
02-13 18:47:35.494 I/RILC    (  112): qmi_ril(0/112): [qmi_cb] qcril_qmi_nas_serving_system_ind_conv_qmi2ril qcril_qmi_nas_serving_system_ind_conv_qmi2ril entered
02-13 18:47:35.494 I/RILC    (  112): qmi_ril(0/112): [qmi_cb] qcril_qmi_nas_serving_system_ind_conv_qmi2ril .. fundamental change 0
02-13 18:47:35.504 I/RILC    (  112): qmi_ril(0/112): [qmi_cb] qcril_qmi_voice_technology_updated qcril_qmi_voice_technology_updated entered
02-13 18:47:35.504 I/RILC    (  112): qmi_ril(0/112): [qmi_cb] qcril_qmi_voice_technology_updated ..nas_cached_info.serving_system valid 1
02-13 18:47:35.504 I/RILC    (  112): qmi_ril(0/112): [qmi_cb] qcril_qmi_voice_technology_updated .. selected NW 1
02-13 18:47:35.504 I/RILC    (  112): qmi_ril(0/112): [qmi_cb] qcril_qmi_voice_technology_updated .. NW state 1
02-13 18:47:35.504 I/RILC    (  112): qmi_ril(0/112): [qmi_cb] qcril_qmi_mgr_voice_technology_updated qcril_qmi_mgr_voice_technology_updated entered
02-13 18:47:35.504 I/RILC    (  112): qmi_ril(0/112): [qmi_cb] qcril_qmi_mgr_voice_technology_updated qcril_qmi_mgr_voice_technology_updated left 2
02-13 18:47:35.504 I/RILC    (  112): qmi_ril(0/112): [qmi_cb] qcril_qmi_voice_technology_updated qcril_qmi_voice_technology_updated completed for 2
02-13 18:47:35.504 I/RILC    (  112): qmi_ril(0/112): [qmi_cb] qmi_ril_nwr_update_reg_rej_legacy qmi_ril_nwr_update_reg_rej_legacy entered
02-13 18:47:35.504 I/RILC    (  112): qmi_ril(0/112): [qmi_cb] qmi_ril_nwr_update_reg_rej_legacy .. ss srv reg state 1
02-13 18:47:35.504 I/RILC    (  112): qmi_ril(0/112): [qmi_cb] qmi_ril_nwr_update_reg_rej_legacy .. reje CS cs_rejected 0
02-13 18:47:35.504 I/RILC    (  112): qmi_ril(0/112): [qmi_cb] qmi_ril_nwr_update_reg_rej_legacy .. reje CS cs_reject_cause 0
02-13 18:47:35.504 I/RILC    (  112): qmi_ril(0/112): [qmi_cb] qmi_ril_nwr_update_reg_rej_legacy .. reje PS ps_rejected 0
02-13 18:47:35.504 I/RILC    (  112): qmi_ril(0/112): [qmi_cb] qmi_ril_nwr_update_reg_rej_legacy .. reje PS ps_reject_cause 0
02-13 18:47:35.504 I/RILC    (  112): qmi_ril(0/112): [qmi_cb] qmi_ril_nwr_util_log_mccmnc_str .. reje mcc - 
02-13 18:47:35.504 I/RILC    (  112): qmi_ril(0/112): [qmi_cb] qmi_ril_nwr_util_log_mccmnc_str .. reje mnc - 
02-13 18:47:35.504 I/RILC    (  112): qmi_ril(0/112): [qmi_cb] qmi_ril_nwr_update_reg_rej_legacy qmi_ril_nwr_update_reg_rej_legacy completed
02-13 18:47:35.504 I/RILC    (  112): qmi_ril(0/112): [qmi_cb] qcril_qmi_nas_serving_system_ind_conv_qmi2ril qcril_qmi_nas_serving_system_ind_conv_qmi2ril serving_system cached 1
02-13 18:47:35.504 I/RILC    (  112): qmi_ril(0/112): [qmi_cb] qcril_qmi_nas_serving_system_ind_conv_qmi2ril qcril_qmi_nas_serving_system_ind_conv_qmi2ril roaming_indicator cached 1
02-13 18:47:35.504 I/RILC    (  112): qmi_ril(0/112): [qmi_cb] qcril_qmi_nas_serving_system_ind_conv_qmi2ril qcril_qmi_nas_serving_system_ind_conv_qmi2ril data_capabilities cached 1
02-13 18:47:35.504 I/RILC    (  112): qmi_ril(0/112): [qmi_cb] qcril_qmi_nas_serving_system_ind_conv_qmi2ril qcril_qmi_nas_serving_system_ind_conv_qmi2ril current_plmn cached 0
02-13 18:47:35.504 I/RILC    (  112): qmi_ril(0/112): [qmi_cb] qcril_qmi_nas_serving_system_ind_conv_qmi2ril qcril_qmi_nas_serving_system_ind_conv_qmi2ril mnc_includes_pcs_digit cached 0
02-13 18:47:35.504 I/RILC    (  112): qmi_ril(0/112): [qmi_cb] qcril_qmi_nas_serving_system_ind_conv_qmi2ril qcril_qmi_nas_serving_system_ind_conv_qmi2ril completed
02-13 18:47:35.504 I/RILC    (  112): qmi_ril(0/112): [qmi_cb] qcril_qmi_nas_is_considered_registered qcril_qmi_nas_is_considered_registered entered
02-13 18:47:35.504 I/RILC    (  112): qmi_ril(0/112): [qmi_cb] qcril_qmi_nas_is_considered_registered qcril_qmi_nas_is_considered_registered completed with 1
02-13 18:47:35.504 I/RILC    (  112): qmi_ril(0/112): [qmi_cb] qcril_qmi_nas_unsolicited_indication_cb .. operational state 3
02-13 18:47:35.504 D/RILC    (  112): qmi_ril(0/112): [qmi_cb] qcril_send_unsol_response UI <--- RIL_UNSOL_RESPONSE_NETWORK_STATE_CHANGED (1002) --- RIL [RID 0, Len 0, (null)]
02-13 18:47:35.504 I/RILC    (  112): qmi_ril(0/112): [qmi_cb] qcril_qmi_nas_unsolicited_indication_cb posted RIL indication 1002
02-13 18:47:35.504 D/RILC    (  112): qmi_ril(0/112): [qmi_cb] qcril_send_unsol_response UI <--- RIL_UNSOL_RESPONSE_DATA_NETWORK_STATE_CHANGED (1037) --- RIL [RID 0, Len 0, (null)]
02-13 18:47:35.504 I/RILC    (  112): qmi_ril(0/112): [qmi_cb] qcril_qmi_nas_unsolicited_indication_cb posted RIL indication 1037
02-13 18:47:35.504 I/RILC    (  112): qmi_ril(0/112): [qmi_cb] qcril_qmi_nas_unsolicited_indication_cb qcril_qmi_nas_unsolicited_indication_cb completed
02-13 18:47:35.504 I/RILC    (  112): qmi_ril(0/112): [qmi_cb] qcril_qmi_nas_unsolicited_indication_cb invoked msg 0x2
02-13 18:47:35.504 I/RILC    (  112): qmi_ril(0/112): [qmi_cb] qcril_qmi_nas_is_considered_registered qcril_qmi_nas_is_considered_registered entered
02-13 18:47:35.504 I/RILC    (  112): qmi_ril(0/112): [qmi_cb] qcril_qmi_nas_is_considered_registered qcril_qmi_nas_is_considered_registered completed with 1
02-13 18:47:35.504 I/RILC    (  112): qmi_ril(0/112): [qmi_cb] qcril_qmi_nas_event_report_ind_conv_qmi2ril qcril_qmi_nas_event_report_ind_conv_qmi2ril entered
02-13 18:47:35.504 I/RILC    (  112): qmi_ril(0/112): [qmi_cb] qcril_qmi_nas_event_report_ind_conv_qmi2ril .. reg reject valid 0
02-13 18:47:35.504 I/RILC    (  112): qmi_ril(0/112): [qmi_cb] qcril_qmi_nas_event_report_ind_conv_qmi2ril qcril_qmi_nas_event_report_ind_conv_qmi2ril completed
02-13 18:47:35.504 I/RILC    (  112): qmi_ril(0/112): [qmi_cb] qcril_qmi_nas_is_considered_registered qcril_qmi_nas_is_considered_registered entered
02-13 18:47:35.504 I/RILC    (  112): qmi_ril(0/112): [qmi_cb] qcril_qmi_nas_is_considered_registered qcril_qmi_nas_is_considered_registered completed with 1
02-13 18:47:35.504 D/RILC    (  112): qmi_ril(0/112): [qmi_cb] qcril_event_queue Event [<Unknown event> ?, 655370] data was NULL!
02-13 18:47:35.504 D/RILC    (  112): qmi_ril(0/112): [qmi_cb] qcril_event_queue RID 0 MID 0 Queued event <Unknown event> ? (0 bytes)
02-13 18:47:35.504 I/RILC    (  112): qmi_ril(0/112): [qmi_cb] qcril_qmi_nas_unsolicited_indication_cb .. operational state 3
02-13 18:47:35.504 I/RILC    (  112): qmi_ril(0/112): [qmi_cb] qcril_qmi_nas_unsolicited_indication_cb qcril_qmi_nas_unsolicited_indication_cb completed
02-13 18:47:35.504 D/RILJ    (  342): [UNSL]< UNSOL_RESPONSE_NETWORK_STATE_CHANGED
02-13 18:47:35.504 D/RILJ    (  342): [UNSL]< RIL_UNSOL_RESPONSE_DATA_NETWORK_STATE_CHANGED
02-13 18:47:35.504 D/RILC    (  112): qmi_ril(0/112): [event] qcril_event_main qcril_event_main(): 1 items on queue
02-13 18:47:35.504 D/RILC    (  112): qmi_ril(0/112): [event] qcril_event_main RID 0 MID 0 De-queued event <Unknown event> ? (655370)
02-13 18:47:35.504 D/RILC    (  112): qmi_ril(0/112): [event] qcril_process_event RIL <--- <Unknown event> ?(655370), RID 0, MID 0 --- AMSS
02-13 18:47:35.504 I/RILC    (  112): qmi_ril(0/112): [event] qcril_qmi_trigger_propagate_known_signal_strength_ind qcril_qmi_trigger_propagate_known_signal_strength_ind received
02-13 18:47:35.504 I/RILC    (  112): qmi_ril(0/112): [event] qcril_qmi_nas_propagate_known_signal_strength_ind qcril_qmi_nas_propagate_known_signal_strength_ind entered
02-13 18:47:35.504 I/RILC    (  112): qmi_ril(0/112): [event] qcril_qmi_nas_fetch_signal_strength_observations qcril_qmi_nas_fetch_signal_strength_observations entered
02-13 18:47:35.504 I/RILC    (  112): qmi_ril(0/112): [event] qcril_qmi_nas_fetch_signal_strength_observations ..req mask 33
02-13 18:47:35.504 I/RILC    (  112): qmi_ril(0/112): [event] qcril_qmi_nas_fetch_signal_strength_observations qcril_qmi_nas_request_signal_strength entered IF 33
02-13 18:47:35.504 I/RILC    (  112): qmi_ril(0/112): [event] qcril_qmi_nas_fetch_signal_strength_observations qcril_qmi_nas_request_signal_strength entered RIL_REQ_RES qmi_request.request__mask = 33
02-13 18:47:35.504 I/RILC    (  112): qmi_ril(0/112): [event] qcril_qmi_nas_fetch_signal_strength_observations qcril_qmi_nas_request_signal_strength entered IF QMI RESPONSE 33
02-13 18:47:35.504 D/RILJ    (  342): [0059]> OPERATOR
02-13 18:47:35.504 D/RILJ    (  342): [0060]> REGISTRATION_STATE
02-13 18:47:35.504 D/RILC    (  112): qmi_ril(0/112): [main] onRequest UI --- RIL_REQUEST_OPERATOR (22) ---> RIL [RID 0, token id 59, data len 0]
02-13 18:47:35.504 I/RILC    (  112): qmi_ril(0/112): [main] qcril_qmi_nas_request_operator qcril_qmi_nas_request_operator entered
02-13 18:47:35.504 I/RILC    (  112): qmi_ril(0/112): [main] qcril_qmi_nas_is_considered_registered qcril_qmi_nas_is_considered_registered entered
02-13 18:47:35.504 I/RILC    (  112): qmi_ril(0/112): [main] qcril_qmi_nas_is_considered_registered qcril_qmi_nas_is_considered_registered completed with 1
02-13 18:47:35.504 I/RILC    (  112): qmi_ril(0/112): [main] qcril_qmi_nas_is_in_service_of_technology qcril_qmi_nas_is_in_service_of_technology entered
02-13 18:47:35.504 I/RILC    (  112): qmi_ril(0/112): [main] qcril_qmi_nas_is_in_service_of_technology qcril_qmi_nas_is_in_service_of_technology completed with 0
02-13 18:47:35.504 I/RILC    (  112): qmi_ril(0/112): [main] qcril_qmi_nas_request_operator .. everything cached non sys_info 1
02-13 18:47:35.504 I/RILC    (  112): qmi_ril(0/112): [main] qcril_qmi_nas_request_operator ..mcc_mnc_ascii 310099
02-13 18:47:35.504 I/RILC    (  112): qmi_ril(0/112): [main] qcril_qmi_nas_fill_up_3gpp2_operator_name qcril_qmi_nas_fill_up_3gpp2_operator_name mcc 310 mnc 099 sid 4139 nid 41
02-13 18:47:35.504 D/RILC    (  112): qmi_ril(0/112): [main] qcril_qmi_nas2_find_3gpp2_static_operator_name UE Memory List does not contain the specified operator
02-13 18:47:35.504 I/RILC    (  112): qmi_ril(0/112): [main] qcril_qmi_nas_fill_up_3gpp2_operator_name ..will return static , 
02-13 18:47:35.504 I/RILC    (  112): qmi_ril(0/112): [main] qcril_qmi_nas_fill_up_3gpp2_operator_name qcril_qmi_nas_fill_up_3gpp2_operator_name completed with 0
02-13 18:47:35.504 I/RILC    (  112): qmi_ril(0/112): [event] qcril_qmi_util_convert_qmi_response_codes_to_ril_result_ex qcril_qmi_util_convert_qmi_response_codes_to_ril_result_ex ctx check 0
02-13 18:47:35.504 I/RILC    (  112): qmi_ril(0/112): [event] qcril_qmi_nas_fetch_signal_strength_observations qcril_qmi_nas_request_signal_strength entered IF UTIL_RES = SUCCESS 33
02-13 18:47:35.504 I/RILC    (  112): qmi_ril(0/112): [event] qcril_qmi_nas_fetch_signal_strength_observations qcril_qmi_nas_fetch_signal_strength_observations completed 0
02-13 18:47:35.504 I/RILC    (  112): qmi_ril(0/112): [event] qcril_qmi_nas_propagate_known_signal_strength_ind .. subfetch sig strength info 0
02-13 18:47:35.504 I/RILC    (  112): qmi_ril(0/112): [event] qcril_qmi_nas_dump_sign_strength_report qcril_qmi_nas_dump_sign_strength_report entered
02-13 18:47:35.504 I/RILC    (  112): qmi_ril(0/112): [event] qcril_qmi_nas_dump_sign_strength_report ..GW
02-13 18:47:35.504 I/RILC    (  112): qmi_ril(0/112): [event] qcril_qmi_nas_dump_sign_strength_report .. signalStrength 99, bitErrorRate 0
02-13 18:47:35.504 I/RILC    (  112): qmi_ril(0/112): [event] qcril_qmi_nas_dump_sign_strength_report ..CDMA
02-13 18:47:35.504 I/RILC    (  112): qmi_ril(0/112): [event] qcril_qmi_nas_dump_sign_strength_report .. dbm 82, ecio 75 
02-13 18:47:35.504 I/RILC    (  112): qmi_ril(0/112): [event] qcril_qmi_nas_dump_sign_strength_report ..EVDO
02-13 18:47:35.504 I/RILC    (  112): qmi_ril(0/112): [event] qcril_qmi_nas_dump_sign_strength_report .. dbm 96, ecio 10, signalNoiseRatio 8
02-13 18:47:35.504 I/RILC    (  112): qmi_ril(0/112): [event] qcril_qmi_nas_dump_sign_strength_report ..LTE
02-13 18:47:35.504 I/RILC    (  112): qmi_ril(0/112): [event] qcril_qmi_nas_dump_sign_strength_report .. signalStrength 99, rsrp 2147483647, rsrq 2147483647, rsnnr 2147483647
02-13 18:47:35.504 I/RILC    (  112): qmi_ril(0/112): [event] qcril_qmi_nas_dump_sign_strength_report qcril_qmi_nas_dump_sign_strength_report completed
02-13 18:47:35.504 I/RILC    (  112): qmi_ril(0/112): [event] qcril_qmi_nas_propagate_known_signal_strength_ind .. conf res 0
02-13 18:47:35.504 D/RILC    (  112): qmi_ril(0/112): [event] qcril_send_unsol_response UI <--- RIL_UNSOL_SIGNAL_STRENGTH (1009) --- RIL [RID 0, Len 48, (null)]
02-13 18:47:35.504 I/RILC    (  112): qmi_ril(0/112): [event] qcril_qmi_nas_propagate_known_signal_strength_ind qcril_qmi_nas_propagate_known_signal_strength_ind completed 0
02-13 18:47:35.504 I/RILC    (  112): qmi_ril(0/112): [event] qcril_process_event Exit qcril_process_event() : <Unknown event> ?, err_no 0
02-13 18:47:35.504 D/RILC    (  112): qmi_ril(0/112): [event] qcril_event_main qcril_event_main(): Waiting...
02-13 18:47:35.514 I/RILC    (  112): qmi_ril(0/112): [main] qcril_qmi_util_convert_qmi_response_codes_to_ril_result_ex qcril_qmi_util_convert_qmi_response_codes_to_ril_result_ex ctx check 4
02-13 18:47:35.514 I/RILC    (  112): qmi_ril(0/112): [main] qcril_qmi_nas_request_operator 0, 0, 0
02-13 18:47:35.514 I/RILC    (  112): qmi_ril(0/112): [main] qcril_qmi_nas_request_operator nam name valid 1, len 12
02-13 18:47:35.514 I/RILC    (  112): qmi_ril(0/112): [main] qcril_qmi_nas_request_operator .. used_nam_name_len 12
02-13 18:47:35.514 I/RILC    (  112): qmi_ril(0/112): [main] qcril_qmi_nas_request_operator .. nam             
02-13 18:47:35.514 I/RILC    (  112): qmi_ril(0/112): [main] qcril_qmi_nas_request_operator .. res long             
02-13 18:47:35.514 I/RILC    (  112): qmi_ril(0/112): [main] qcril_qmi_nas_request_operator .. res short 
02-13 18:47:35.514 I/RILC    (  112): qmi_ril(0/112): [main] qcril_qmi_nas_request_operator .. res mcc_mnc 310099
02-13 18:47:35.514 I/RILC    (  112): qmi_ril(0/112): [main] qcril_qmi_nas_request_operator qcril_qmi_nas_request_operator long             
02-13 18:47:35.514 I/RILC    (  112): qmi_ril(0/112): [main] qcril_qmi_nas_request_operator qcril_qmi_nas_request_operator short 
02-13 18:47:35.514 I/RILC    (  112): qmi_ril(0/112): [main] qcril_qmi_nas_request_operator qcril_qmi_nas_request_operator mcc_mnc 310099
02-13 18:47:35.514 I/RILC    (  112): qmi_ril(0/112): [main] qcril_reqlist_find [RID 0] Not found ReqList entry : token id 59
02-13 18:47:35.514 D/RILC    (  112): qmi_ril(0/112): [main] qcril_send_request_response UI <--- RIL_REQUEST_OPERATOR (22) Complete --- RIL [RID 0, Token 59, Success, Len 12 ]
02-13 18:47:35.514 I/RILC    (  112): qmi_ril(0/112): [main] qcril_qmi_nas_request_operator qcril_qmi_nas_request_operator complete with 0
02-13 18:47:35.534 D/RILJ    (  342): [0061]> DATA_REGISTRATION_STATE
02-13 18:47:35.534 D/RILJ    (  342): [0059]< OPERATOR {            , , 310099}
02-13 18:47:35.544 D/RILC    (  112): qmi_ril(0/112): [main] onRequest UI --- RIL_REQUEST_REGISTRATION_STATE (20) ---> RIL [RID 0, token id 60, data len 0]
02-13 18:47:35.544 I/RILC    (  112): qmi_ril(0/112): [main] qcril_qmi_nas_request_registration_state qcril_qmi_nas_request_registration_state entered
02-13 18:47:35.544 I/RILC    (  112): qmi_ril(0/112): [main] qcril_qmi_nas_is_in_service_of_technology qcril_qmi_nas_is_in_service_of_technology entered
02-13 18:47:35.544 I/RILC    (  112): qmi_ril(0/112): [main] qcril_qmi_nas_is_in_service_of_technology qcril_qmi_nas_is_in_service_of_technology completed with 0
02-13 18:47:35.544 I/RILC    (  112): qmi_ril(0/112): [main] qcril_qmi_nas_is_in_service_of_technology qcril_qmi_nas_is_in_service_of_technology entered
02-13 18:47:35.544 I/RILC    (  112): qmi_ril(0/112): [main] qcril_qmi_nas_is_in_service_of_technology qcril_qmi_nas_is_in_service_of_technology completed with 1
02-13 18:47:35.544 I/RILC    (  112): qmi_ril(0/112): [main] qcril_qmi_nas_request_registration_state qcril_qmi_nas_request_registration_state cache subrequest need 1
02-13 18:47:35.544 I/RILC    (  112): qmi_ril(0/112): [main] qcril_qmi_util_convert_qmi_response_codes_to_ril_result_ex qcril_qmi_util_convert_qmi_response_codes_to_ril_result_ex ctx check 0
02-13 18:47:35.544 I/RILC    (  112): qmi_ril(0/112): [main] qcril_qmi_voice_technology_updated qcril_qmi_voice_technology_updated entered
02-13 18:47:35.544 I/RILC    (  112): qmi_ril(0/112): [main] qcril_qmi_voice_technology_updated ..nas_cached_info.serving_system valid 1
02-13 18:47:35.544 I/RILC    (  112): qmi_ril(0/112): [main] qcril_qmi_voice_technology_updated .. selected NW 1
02-13 18:47:35.544 I/RILC    (  112): qmi_ril(0/112): [main] qcril_qmi_voice_technology_updated .. NW state 1
02-13 18:47:35.544 I/RILC    (  112): qmi_ril(0/112): [main] qcril_qmi_mgr_voice_technology_updated qcril_qmi_mgr_voice_technology_updated entered
02-13 18:47:35.544 I/RILC    (  112): qmi_ril(0/112): [main] qcril_qmi_mgr_voice_technology_updated qcril_qmi_mgr_voice_technology_updated left 2
02-13 18:47:35.544 I/RILC    (  112): qmi_ril(0/112): [main] qcril_qmi_voice_technology_updated qcril_qmi_voice_technology_updated completed for 2
02-13 18:47:35.544 I/RILC    (  112): qmi_ril(0/112): [main] qmi_ril_nwr_update_reg_rej_legacy qmi_ril_nwr_update_reg_rej_legacy entered
02-13 18:47:35.544 I/RILC    (  112): qmi_ril(0/112): [main] qmi_ril_nwr_update_reg_rej_legacy .. ss srv reg state 1
02-13 18:47:35.544 I/RILC    (  112): qmi_ril(0/112): [main] qmi_ril_nwr_update_reg_rej_legacy .. reje CS cs_rejected 0
02-13 18:47:35.544 I/RILC    (  112): qmi_ril(0/112): [main] qmi_ril_nwr_update_reg_rej_legacy .. reje CS cs_reject_cause 0
02-13 18:47:35.544 I/RILC    (  112): qmi_ril(0/112): [main] qmi_ril_nwr_update_reg_rej_legacy .. reje PS ps_rejected 0
02-13 18:47:35.544 I/RILC    (  112): qmi_ril(0/112): [main] qmi_ril_nwr_update_reg_rej_legacy .. reje PS ps_reject_cause 0
02-13 18:47:35.544 I/RILC    (  112): qmi_ril(0/112): [main] qmi_ril_nwr_util_log_mccmnc_str .. reje mcc - 
02-13 18:47:35.544 I/RILC    (  112): qmi_ril(0/112): [main] qmi_ril_nwr_util_log_mccmnc_str .. reje mnc - 
02-13 18:47:35.544 I/RILC    (  112): qmi_ril(0/112): [main] qmi_ril_nwr_update_reg_rej_legacy qmi_ril_nwr_update_reg_rej_legacy completed
02-13 18:47:35.544 I/RILC    (  112): qmi_ril(0/112): [main] qcril_qmi_nas_fetch_serving_system_info qcril_qmi_nas_fetch_serving_system_info res 0 
02-13 18:47:35.544 I/RILC    (  112): qmi_ril(0/112): [main] qcril_qmi_util_convert_qmi_response_codes_to_ril_result_ex qcril_qmi_util_convert_qmi_response_codes_to_ril_result_ex ctx check 0
02-13 18:47:35.544 I/RILC    (  112): qmi_ril(0/112): [main] qcril_qmi_nas_update_voice_rte qcril_qmi_nas_update_voice_rte entered
02-13 18:47:35.544 I/RILC    (  112): qmi_ril(0/112): [main] qcril_qmi_nas_util_convert_nas_srv_status_to_ril_reg_status  qcril_qmi_nas_util_convert_nas_srv_status_to_ril_reg_status entered
02-13 18:47:35.544 D/RILC    (  112): qmi_ril(0/112): [main] qcril_qmi_util_retrieve_srv_status qcril_qmi_util_retrieve_srv_status completed with 2
02-13 18:47:35.544 I/RILC    (  112): qmi_ril(0/112): [main] qcril_qmi_nas_util_convert_nas_srv_status_to_ril_reg_status ... nas_srv_status 2, is_data 0, is_3gpp 0, is_hdr 0
02-13 18:47:35.544 I/RILC    (  112): qmi_ril(0/112): [main] qcril_qmi_nas_util_convert_nas_srv_status_to_ril_reg_status ... intermediate res 1 5
02-13 18:47:35.544 I/RILC    (  112): qmi_ril(0/112): [main] qcril_qmi_nas_util_convert_nas_srv_status_to_ril_reg_status ... common_sys_info 89008
