02-13 18:47:29.858 I/RILC    (  112): qmi_ril(0/112): [main] qcril_qmi_voice_technology_updated .. NW state 1
02-13 18:47:29.858 I/RILC    (  112): qmi_ril(0/112): [main] qcril_qmi_mgr_voice_technology_updated qcril_qmi_mgr_voice_technology_updated entered
02-13 18:47:29.858 I/RILC    (  112): qmi_ril(0/112): [main] qcril_qmi_mgr_voice_technology_updated qcril_qmi_mgr_voice_technology_updated left 2
02-13 18:47:29.858 I/RILC    (  112): qmi_ril(0/112): [main] qcril_qmi_voice_technology_updated qcril_qmi_voice_technology_updated completed for 2
02-13 18:47:29.858 I/RILC    (  112): qmi_ril(0/112): [main] qmi_ril_nwr_update_reg_rej_from_sys_info qmi_ril_nwr_update_reg_rej_from_sys_info entered
02-13 18:47:29.858 I/RILC    (  112): qmi_ril(0/112): [main] qcril_qmi_nas_util_convert_nas_srv_status_to_ril_reg_status  qcril_qmi_nas_util_convert_nas_srv_status_to_ril_reg_status entered
02-13 18:47:29.858 D/RILC    (  112): qmi_ril(0/112): [main] qcril_qmi_util_retrieve_srv_status qcril_qmi_util_retrieve_srv_status completed with 2
02-13 18:47:29.858 I/RILC    (  112): qmi_ril(0/112): [main] qcril_qmi_nas_util_convert_nas_srv_status_to_ril_reg_status ... nas_srv_status 2, is_data 0, is_3gpp 0, is_hdr 0
02-13 18:47:29.858 I/RILC    (  112): qmi_ril(0/112): [main] qcril_qmi_nas_util_convert_nas_srv_status_to_ril_reg_status ... intermediate res 1 5
02-13 18:47:29.858 I/RILC    (  112): qmi_ril(0/112): [main] qcril_qmi_nas_util_convert_nas_srv_status_to_ril_reg_status ... common_sys_info 87904
02-13 18:47:29.858 I/RILC    (  112): qmi_ril(0/112): [main] qcril_qmi_nas_util_convert_nas_srv_status_to_ril_reg_status ... srv_capability_valid, srv_capability 1, 3
02-13 18:47:29.858 I/RILC    (  112): qmi_ril(0/112): [main] qcril_qmi_nas_util_convert_nas_srv_status_to_ril_reg_status ... srv_domain_valid, srv_domain 1, 3
02-13 18:47:29.858 I/RILC    (  112): qmi_ril(0/112): [main] qcril_qmi_nas_util_convert_nas_srv_status_to_ril_reg_status ... intermediate res 2 5
02-13 18:47:29.858 I/RILC    (  112): qmi_ril(0/112): [main] qcril_qmi_nas_util_convert_nas_srv_status_to_ril_reg_status ... hdr_only_sys_info 0
02-13 18:47:29.858 I/RILC    (  112): qmi_ril(0/112): [main] qcril_qmi_nas_util_convert_nas_srv_status_to_ril_reg_status ... intermediate res 3 5
02-13 18:47:29.858 I/RILC    (  112): qmi_ril(0/112): [main] qcril_qmi_nas_util_convert_nas_srv_status_to_ril_reg_status ... is_sys_forbidden_valid, is_sys_forbidden 1, 0
02-13 18:47:29.858 I/RILC    (  112): qmi_ril(0/112): [main] qcril_qmi_nas_util_convert_nas_srv_status_to_ril_reg_status qcril_qmi_nas_util_convert_nas_srv_status_to_ril_reg_status complete with 5
02-13 18:47:29.858 I/RILC    (  112): qmi_ril(0/112): [main] qcril_qmi_nas_util_convert_nas_srv_status_to_ril_reg_status  qcril_qmi_nas_util_convert_nas_srv_status_to_ril_reg_status entered
02-13 18:47:29.858 D/RILC    (  112): qmi_ril(0/112): [main] qcril_qmi_util_retrieve_srv_status qcril_qmi_util_retrieve_srv_status completed with 2
02-13 18:47:29.858 I/RILC    (  112): qmi_ril(0/112): [main] qcril_qmi_nas_util_convert_nas_srv_status_to_ril_reg_status ... nas_srv_status 2, is_data 0, is_3gpp 0, is_hdr 1
02-13 18:47:29.858 I/RILC    (  112): qmi_ril(0/112): [main] qcril_qmi_nas_util_convert_nas_srv_status_to_ril_reg_status ... intermediate res 1 1
02-13 18:47:29.858 I/RILC    (  112): qmi_ril(0/112): [main] qcril_qmi_nas_util_convert_nas_srv_status_to_ril_reg_status ... common_sys_info 89184
02-13 18:47:29.858 I/RILC    (  112): qmi_ril(0/112): [main] qcril_qmi_nas_util_convert_nas_srv_status_to_ril_reg_status ... srv_capability_valid, srv_capability 1, 2
02-13 18:47:29.858 I/RILC    (  112): qmi_ril(0/112): [main] qcril_qmi_nas_util_convert_nas_srv_status_to_ril_reg_status ... srv_domain_valid, srv_domain 1, 2
02-13 18:47:29.858 I/RILC    (  112): qmi_ril(0/112): [main] qcril_qmi_nas_util_convert_nas_srv_status_to_ril_reg_status ... intermediate res 2 0
02-13 18:47:29.858 I/RILC    (  112): qmi_ril(0/112): [main] qcril_qmi_nas_util_convert_nas_srv_status_to_ril_reg_status ... hdr_only_sys_info 89216
02-13 18:47:29.858 I/RILC    (  112): qmi_ril(0/112): [main] qcril_qmi_nas_util_convert_nas_srv_status_to_ril_reg_status ... intermediate res 3 0
02-13 18:47:29.858 I/RILC    (  112): qmi_ril(0/112): [main] qcril_qmi_nas_util_convert_nas_srv_status_to_ril_reg_status ... is_sys_forbidden_valid, is_sys_forbidden 1, 0
02-13 18:47:29.858 I/RILC    (  112): qmi_ril(0/112): [main] qcril_qmi_nas_util_convert_nas_srv_status_to_ril_reg_status qcril_qmi_nas_util_convert_nas_srv_status_to_ril_reg_status complete with 0
02-13 18:47:29.858 I/RILC    (  112): qmi_ril(0/112): [main] qmi_ril_nwr_update_reg_rej_from_sys_info .. 1x reg 5
02-13 18:47:29.858 I/RILC    (  112): qmi_ril(0/112): [main] qmi_ril_nwr_update_reg_rej_from_sys_info .. gsm reg 0
02-13 18:47:29.858 I/RILC    (  112): qmi_ril(0/112): [main] qmi_ril_nwr_update_reg_rej_from_sys_info .. wcdma reg 0
02-13 18:47:29.858 I/RILC    (  112): qmi_ril(0/112): [main] qmi_ril_nwr_update_reg_rej_from_sys_info .. lte reg 0
02-13 18:47:29.858 I/RILC    (  112): qmi_ril(0/112): [main] qmi_ril_nwr_update_reg_rej_from_sys_info .. hdr reg 0
02-13 18:47:29.858 I/RILC    (  112): qmi_ril(0/112): [main] qmi_ril_nwr_update_reg_rej_from_sys_info .. ext info is_reject_case 0, is_managed_roaming 0, reject_cause 0
02-13 18:47:29.858 I/RILC    (  112): qmi_ril(0/112): [main] qmi_ril_nwr_update_reg_rej_from_sys_info .. rte 1 reje CS cs_rejected 0
02-13 18:47:29.858 I/RILC    (  112): qmi_ril(0/112): [main] qmi_ril_nwr_update_reg_rej_from_sys_info .. rte 1 reje CS cs_reject_cause 0
02-13 18:47:29.858 I/RILC    (  112): qmi_ril(0/112): [main] qmi_ril_nwr_util_log_mccmnc_str .. reje mcc - 
02-13 18:47:29.858 I/RILC    (  112): qmi_ril(0/112): [main] qmi_ril_nwr_util_log_mccmnc_str .. reje mnc - 
02-13 18:47:29.858 I/RILC    (  112): qmi_ril(0/112): [main] qmi_ril_nwr_update_reg_rej_from_sys_info .. ext info is_reject_case 0, is_managed_roaming 0, reject_cause 0
02-13 18:47:29.858 I/RILC    (  112): qmi_ril(0/112): [main] qmi_ril_nwr_update_reg_rej_from_sys_info .. rte 2 reje CS cs_rejected 0
02-13 18:47:29.858 I/RILC    (  112): qmi_ril(0/112): [main] qmi_ril_nwr_update_reg_rej_from_sys_info .. rte 2 reje CS cs_reject_cause 0
02-13 18:47:29.858 I/RILC    (  112): qmi_ril(0/112): [main] qmi_ril_nwr_util_log_mccmnc_str .. reje mcc - 
02-13 18:47:29.858 I/RILC    (  112): qmi_ril(0/112): [main] qmi_ril_nwr_util_log_mccmnc_str .. reje mnc - 
02-13 18:47:29.858 I/RILC    (  112): qmi_ril(0/112): [main] qmi_ril_nwr_update_reg_rej_from_sys_info .. ext info is_reject_case 0, is_managed_roaming 0, reject_cause 0
02-13 18:47:29.858 I/RILC    (  112): qmi_ril(0/112): [main] qmi_ril_nwr_update_reg_rej_from_sys_info .. rte 3 reje CS cs_rejected 0
02-13 18:47:29.858 I/RILC    (  112): qmi_ril(0/112): [main] qmi_ril_nwr_update_reg_rej_from_sys_info .. rte 3 reje CS cs_reject_cause 0
02-13 18:47:29.858 I/RILC    (  112): qmi_ril(0/112): [main] qmi_ril_nwr_util_log_mccmnc_str .. reje mcc - 
02-13 18:47:29.858 I/RILC    (  112): qmi_ril(0/112): [main] qmi_ril_nwr_util_log_mccmnc_str .. reje mnc - 
02-13 18:47:29.858 I/RILC    (  112): qmi_ril(0/112): [main] qmi_ril_nwr_update_reg_rej_from_sys_info .. ext info is_reject_case 0, is_managed_roaming 0, reject_cause 0
02-13 18:47:29.858 I/RILC    (  112): qmi_ril(0/112): [main] qmi_ril_nwr_update_reg_rej_from_sys_info .. rte 4 reje CS cs_rejected 0
02-13 18:47:29.858 I/RILC    (  112): qmi_ril(0/112): [main] qmi_ril_nwr_update_reg_rej_from_sys_info .. rte 4 reje CS cs_reject_cause 0
02-13 18:47:29.858 I/RILC    (  112): qmi_ril(0/112): [main] qmi_ril_nwr_util_log_mccmnc_str .. reje mcc - 
02-13 18:47:29.858 I/RILC    (  112): qmi_ril(0/112): [main] qmi_ril_nwr_util_log_mccmnc_str .. reje mnc - 
02-13 18:47:29.858 I/RILC    (  112): qmi_ril(0/112): [main] qmi_ril_nwr_update_reg_rej_from_sys_info .. ext info is_reject_case 0, is_managed_roaming 0, reject_cause 0
02-13 18:47:29.858 I/RILC    (  112): qmi_ril(0/112): [main] qmi_ril_nwr_update_reg_rej_from_sys_info .. rte 5 reje CS cs_rejected 0
02-13 18:47:29.858 I/RILC    (  112): qmi_ril(0/112): [main] qmi_ril_nwr_update_reg_rej_from_sys_info .. rte 5 reje CS cs_reject_cause 0
02-13 18:47:29.858 I/RILC    (  112): qmi_ril(0/112): [main] qmi_ril_nwr_util_log_mccmnc_str .. reje mcc - 
02-13 18:47:29.858 I/RILC    (  112): qmi_ril(0/112): [main] qmi_ril_nwr_util_log_mccmnc_str .. reje mnc - 
02-13 18:47:29.858 I/RILC    (  112): qmi_ril(0/112): [main] qcril_qmi_nas_util_convert_nas_srv_status_to_ril_reg_status  qcril_qmi_nas_util_convert_nas_srv_status_to_ril_reg_status entered
02-13 18:47:29.858 D/RILC    (  112): qmi_ril(0/112): [main] qcril_qmi_util_retrieve_srv_status qcril_qmi_util_retrieve_srv_status completed with 2
02-13 18:47:29.858 I/RILC    (  112): qmi_ril(0/112): [main] qcril_qmi_nas_util_convert_nas_srv_status_to_ril_reg_status ... nas_srv_status 2, is_data 1, is_3gpp 0, is_hdr 0
02-13 18:47:29.858 I/RILC    (  112): qmi_ril(0/112): [main] qcril_qmi_nas_util_convert_nas_srv_status_to_ril_reg_status ... intermediate res 1 5
02-13 18:47:29.858 I/RILC    (  112): qmi_ril(0/112): [main] qcril_qmi_nas_util_convert_nas_srv_status_to_ril_reg_status ... common_sys_info 87904
02-13 18:47:29.858 I/RILC    (  112): qmi_ril(0/112): [main] qcril_qmi_nas_util_convert_nas_srv_status_to_ril_reg_status ... srv_capability_valid, srv_capability 1, 3
02-13 18:47:29.858 I/RILC    (  112): qmi_ril(0/112): [main] qcril_qmi_nas_util_convert_nas_srv_status_to_ril_reg_status ... srv_domain_valid, srv_domain 1, 3
02-13 18:47:29.858 I/RILC    (  112): qmi_ril(0/112): [main] qcril_qmi_nas_util_convert_nas_srv_status_to_ril_reg_status ... intermediate res 2 5
02-13 18:47:29.858 I/RILC    (  112): qmi_ril(0/112): [main] qcril_qmi_nas_util_convert_nas_srv_status_to_ril_reg_status ... hdr_only_sys_info 0
02-13 18:47:29.858 I/RILC    (  112): qmi_ril(0/112): [main] qcril_qmi_nas_util_convert_nas_srv_status_to_ril_reg_status ... intermediate res 3 5
02-13 18:47:29.858 I/RILC    (  112): qmi_ril(0/112): [main] qcril_qmi_nas_util_convert_nas_srv_status_to_ril_reg_status ... is_sys_forbidden_valid, is_sys_forbidden 1, 0
02-13 18:47:29.858 I/RILC    (  112): qmi_ril(0/112): [main] qcril_qmi_nas_util_convert_nas_srv_status_to_ril_reg_status qcril_qmi_nas_util_convert_nas_srv_status_to_ril_reg_status complete with 5
02-13 18:47:29.858 I/RILC    (  112): qmi_ril(0/112): [main] qcril_qmi_nas_util_convert_nas_srv_status_to_ril_reg_status  qcril_qmi_nas_util_convert_nas_srv_status_to_ril_reg_status entered
02-13 18:47:29.858 D/RILC    (  112): qmi_ril(0/112): [main] qcril_qmi_util_retrieve_srv_status qcril_qmi_util_retrieve_srv_status completed with 2
02-13 18:47:29.858 I/RILC    (  112): qmi_ril(0/112): [main] qcril_qmi_nas_util_convert_nas_srv_status_to_ril_reg_status ... nas_srv_status 2, is_data 1, is_3gpp 0, is_hdr 1
02-13 18:47:29.858 I/RILC    (  112): qmi_ril(0/112): [main] qcril_qmi_nas_util_convert_nas_srv_status_to_ril_reg_status ... intermediate res 1 1
02-13 18:47:29.858 I/RILC    (  112): qmi_ril(0/112): [main] qcril_qmi_nas_util_convert_nas_srv_status_to_ril_reg_status ... common_sys_info 89184
02-13 18:47:29.858 I/RILC    (  112): qmi_ril(0/112): [main] qcril_qmi_nas_util_convert_nas_srv_status_to_ril_reg_status ... srv_capability_valid, srv_capability 1, 2
02-13 18:47:29.858 I/RILC    (  112): qmi_ril(0/112): [main] qcril_qmi_nas_util_convert_nas_srv_status_to_ril_reg_status ... srv_domain_valid, srv_domain 1, 2
02-13 18:47:29.858 I/RILC    (  112): qmi_ril(0/112): [main] qcril_qmi_nas_util_convert_nas_srv_status_to_ril_reg_status ... intermediate res 2 1
02-13 18:47:29.858 I/RILC    (  112): qmi_ril(0/112): [main] qcril_qmi_nas_util_convert_nas_srv_status_to_ril_reg_status ... hdr_only_sys_info 89216
02-13 18:47:29.858 I/RILC    (  112): qmi_ril(0/112): [main] qcril_qmi_nas_util_convert_nas_srv_status_to_ril_reg_status ... hdr_active_prot_valid, hdr_personality_valid 0, 0
02-13 18:47:29.858 I/RILC    (  112): qmi_ril(0/112): [main] qcril_qmi_nas_util_convert_nas_srv_status_to_ril_reg_status ... intermediate res 3 0
02-13 18:47:29.858 I/RILC    (  112): qmi_ril(0/112): [main] qcril_qmi_nas_util_convert_nas_srv_status_to_ril_reg_status ... is_sys_forbidden_valid, is_sys_forbidden 1, 0
02-13 18:47:29.858 I/RILC    (  112): qmi_ril(0/112): [main] qcril_qmi_nas_util_convert_nas_srv_status_to_ril_reg_status qcril_qmi_nas_util_convert_nas_srv_status_to_ril_reg_status complete with 0
02-13 18:47:29.858 I/RILC    (  112): qmi_ril(0/112): [main] qmi_ril_nwr_update_reg_rej_from_sys_info .. 1x reg data 5
02-13 18:47:29.858 I/RILC    (  112): qmi_ril(0/112): [main] qmi_ril_nwr_update_reg_rej_from_sys_info .. gsm reg data 0
02-13 18:47:29.858 I/RILC    (  112): qmi_ril(0/112): [main] qmi_ril_nwr_update_reg_rej_from_sys_info .. wcdma reg data  0
02-13 18:47:29.858 I/RILC    (  112): qmi_ril(0/112): [main] qmi_ril_nwr_update_reg_rej_from_sys_info .. lte reg data 0
02-13 18:47:29.858 I/RILC    (  112): qmi_ril(0/112): [main] qmi_ril_nwr_update_reg_rej_from_sys_info .. hdr reg data 0
02-13 18:47:29.858 I/RILC    (  112): qmi_ril(0/112): [main] qmi_ril_nwr_update_reg_rej_from_sys_info .. rte 1 reje PS ps_rejected 0
02-13 18:47:29.858 I/RILC    (  112): qmi_ril(0/112): [main] qmi_ril_nwr_update_reg_rej_from_sys_info .. rte 1 reje PS ps_reject_cause 0
02-13 18:47:29.858 I/RILC    (  112): qmi_ril(0/112): [main] qmi_ril_nwr_util_log_mccmnc_str .. data reje mcc - 
02-13 18:47:29.858 I/RILC    (  112): qmi_ril(0/112): [main] qmi_ril_nwr_util_log_mccmnc_str .. data reje mnc - 
02-13 18:47:29.858 I/RILC    (  112): qmi_ril(0/112): [main] qmi_ril_nwr_update_reg_rej_from_sys_info .. rte 2 reje PS ps_rejected 0
02-13 18:47:29.858 I/RILC    (  112): qmi_ril(0/112): [main] qmi_ril_nwr_update_reg_rej_from_sys_info .. rte 2 reje PS ps_reject_cause 0
02-13 18:47:29.858 I/RILC    (  112): qmi_ril(0/112): [main] qmi_ril_nwr_util_log_mccmnc_str .. data reje mcc - 
02-13 18:47:29.858 I/RILC    (  112): qmi_ril(0/112): [main] qmi_ril_nwr_util_log_mccmnc_str .. data reje mnc - 
02-13 18:47:29.858 I/RILC    (  112): qmi_ril(0/112): [main] qmi_ril_nwr_update_reg_rej_from_sys_info .. rte 3 reje PS ps_rejected 0
02-13 18:47:29.858 I/RILC    (  112): qmi_ril(0/112): [main] qmi_ril_nwr_update_reg_rej_from_sys_info .. rte 3 reje PS ps_reject_cause 0
02-13 18:47:29.858 I/RILC    (  112): qmi_ril(0/112): [main] qmi_ril_nwr_util_log_mccmnc_str .. data reje mcc - 
02-13 18:47:29.858 I/RILC    (  112): qmi_ril(0/112): [main] qmi_ril_nwr_util_log_mccmnc_str .. data reje mnc - 
02-13 18:47:29.858 I/RILC    (  112): qmi_ril(0/112): [main] qmi_ril_nwr_update_reg_rej_from_sys_info .. rte 4 reje PS ps_rejected 0
02-13 18:47:29.858 I/RILC    (  112): qmi_ril(0/112): [main] qmi_ril_nwr_update_reg_rej_from_sys_info .. rte 4 reje PS ps_reject_cause 0
02-13 18:47:29.858 I/RILC    (  112): qmi_ril(0/112): [main] qmi_ril_nwr_util_log_mccmnc_str .. data reje mcc - 
02-13 18:47:29.858 I/RILC    (  112): qmi_ril(0/112): [main] qmi_ril_nwr_util_log_mccmnc_str .. data reje mnc - 
02-13 18:47:29.858 I/RILC    (  112): qmi_ril(0/112): [main] qmi_ril_nwr_update_reg_rej_from_sys_info .. rte 5 reje PS ps_rejected 0
02-13 18:47:29.858 I/RILC    (  112): qmi_ril(0/112): [main] qmi_ril_nwr_update_reg_rej_from_sys_info .. rte 5 reje PS ps_reject_cause 0
02-13 18:47:29.868 D/RILJ    (  342): [0038]> OEM_HOOK_RAW[5155414c434f4d4d0100080005000000d101000001]
02-13 18:47:29.878 I/RILC    (  112): qmi_ril(0/112): [main] qmi_ril_nwr_util_log_mccmnc_str .. data reje mcc - 
02-13 18:47:29.878 I/RILC    (  112): qmi_ril(0/112): [main] qmi_ril_nwr_util_log_mccmnc_str .. data reje mnc - 
02-13 18:47:29.878 I/RILC    (  112): qmi_ril(0/112): [main] qmi_ril_nwr_update_reg_rej_from_sys_info qmi_ril_nwr_update_reg_rej_from_sys_info completed
02-13 18:47:29.878 I/RILC    (  112): qmi_ril(0/112): [main] qcril_qmi_nas_fetch_sys_info qcril_qmi_nas_fetch_sys_info res 0 
02-13 18:47:29.878 I/RILC    (  112): qmi_ril(0/112): [main] qcril_qmi_nas_request_registration_state qcril_qmi_nas_request_registration_state forming response
02-13 18:47:29.878 I/RILC    (  112): qmi_ril(0/112): [main] qcril_qmi_nas_request_registration_state ***zyj*** qcril_qmi_nas_request_registration_state nas_cached_info.serving_system->registration_state=1
02-13 18:47:29.878 I/RILC    (  112): qmi_ril(0/112): [main] qcril_qmi_nas_request_registration_state pre - cur reg state 1
02-13 18:47:29.878 I/RILC    (  112): qmi_ril(0/112): [main] qcril_qmi_nas_request_registration_state qcril_qmi_nas_request_registration_state cur reg state 1
02-13 18:47:29.878 I/RILC    (  112): qmi_ril(0/112): [main] qcril_qmi_nas_is_in_service_of_technology qcril_qmi_nas_is_in_service_of_technology entered
02-13 18:47:29.878 I/RILC    (  112): qmi_ril(0/112): [main] qcril_qmi_nas_is_in_service_of_technology qcril_qmi_nas_is_in_service_of_technology completed with 0
02-13 18:47:29.878 I/RILC    (  112): qmi_ril(0/112): [main] qcril_qmi_nas_is_in_service_of_technology qcril_qmi_nas_is_in_service_of_technology entered
02-13 18:47:29.878 I/RILC    (  112): qmi_ril(0/112): [main] qcril_qmi_nas_is_in_service_of_technology qcril_qmi_nas_is_in_service_of_technology completed with 0
02-13 18:47:29.878 I/RILC    (  112): qmi_ril(0/112): [main] qcril_qmi_nas_request_registration_state .. cdma p_rev valid 1
02-13 18:47:29.878 I/RILC    (  112): qmi_ril(0/112): [main] qcril_qmi_nas_request_registration_state .. cdma p_rev 6
02-13 18:47:29.878 I/RILC    (  112): qmi_ril(0/112): [main] qcril_qmi_nas_is_in_service_of_technology qcril_qmi_nas_is_in_service_of_technology entered
02-13 18:47:29.878 I/RILC    (  112): qmi_ril(0/112): [main] qcril_qmi_nas_is_in_service_of_technology qcril_qmi_nas_is_in_service_of_technology completed with 1
02-13 18:47:29.878 I/RILC    (  112): qmi_ril(0/112): [main] qcril_qmi_nas_request_registration_state .. rg 0 - 1
02-13 18:47:29.878 I/RILC    (  112): qmi_ril(0/112): [main] qcril_qmi_nas_request_registration_state .. rg 1 - 
02-13 18:47:29.878 I/RILC    (  112): qmi_ril(0/112): [main] qcril_qmi_nas_request_registration_state .. rg 2 - 
02-13 18:47:29.878 I/RILC    (  112): qmi_ril(0/112): [main] qcril_qmi_nas_request_registration_state .. rg 3 - 6
02-13 18:47:29.878 I/RILC    (  112): qmi_ril(0/112): [main] qcril_qmi_nas_request_registration_state .. rg 4 - 2961
02-13 18:47:29.878 I/RILC    (  112): qmi_ril(0/112): [main] qcril_qmi_nas_request_registration_state .. rg 5 - 560020
02-13 18:47:29.878 I/RILC    (  112): qmi_ril(0/112): [main] qcril_qmi_nas_request_registration_state .. rg 6 - -1363633
02-13 18:47:29.878 I/RILC    (  112): qmi_ril(0/112): [main] qcril_qmi_nas_request_registration_state .. rg 7 - 0
02-13 18:47:29.878 I/RILC    (  112): qmi_ril(0/112): [main] qcril_qmi_nas_request_registration_state .. rg 8 - 4139
02-13 18:47:29.878 I/RILC    (  112): qmi_ril(0/112): [main] qcril_qmi_nas_request_registration_state .. rg 9 - 41
02-13 18:47:29.878 I/RILC    (  112): qmi_ril(0/112): [main] qcril_qmi_nas_request_registration_state .. rg 10 - 1
02-13 18:47:29.878 I/RILC    (  112): qmi_ril(0/112): [main] qcril_qmi_nas_request_registration_state .. rg 11 - 1
02-13 18:47:29.878 I/RILC    (  112): qmi_ril(0/112): [main] qcril_qmi_nas_request_registration_state .. rg 12 - 160
02-13 18:47:29.878 I/RILC    (  112): qmi_ril(0/112): [main] qcril_qmi_nas_request_registration_state .. rg 13 - 0
02-13 18:47:29.878 I/RILC    (  112): qmi_ril(0/112): [main] qcril_qmi_nas_request_registration_state .. rg 14 - 0
02-13 18:47:29.878 I/RILC    (  112): qmi_ril(0/112): [main] qcril_reqlist_find [RID 0] Not found ReqList entry : token id 36
02-13 18:47:29.878 D/RILC    (  112): qmi_ril(0/112): [main] qcril_send_request_response UI <--- RIL_REQUEST_REGISTRATION_STATE (20) Complete --- RIL [RID 0, Token 36, Success, Len 60 ]
02-13 18:47:29.878 D/RILJ    (  342): [0036]< REGISTRATION_STATE {1,null,null,6,2961,560020,-1363633,0,4139,41,1,1,160,0,0}
02-13 18:47:29.878 D/CDMA    (  342): [CdmaServiceStateTracker] ***zyj*** roamingstaus:1
02-13 18:47:29.878 D/CDMA    (  342): [CdmaServiceStateTracker] ***zyj*** namMatch && mIsInPrll
02-13 18:47:29.878 D/CDMA    (  342): [CdmaServiceStateTracker] ***zyj*** ind <=2 set ind off
02-13 18:47:29.878 D/CDMA    (  342): [CdmaServiceStateTracker] Set CDMA Roaming Indicator to: 1. mCdmaRoaming = false, isPrlLoaded = true. namMatch = true , mIsInPrl = true, mRoamingIndicator = 1, mDefaultRoamingIndicator= 160
02-13 18:47:29.878 D/CDMA    (  342): [CdmaServiceStateTracker] Poll ServiceState done: oldSS=[0 home Sprint  310099  1xRTT CSS not supported 41 4139RoamInd: 1RoamStatus(sprint): 1DefRoamInd: 160EmergOnly: false] newSS=[0 home null  310099  1xRTT CSS not supported 41 4139RoamInd: 1RoamStatus(sprint): 1DefRoamInd: 160EmergOnly: false]
02-13 18:47:29.888 I/RILC    (  112): qmi_ril(0/112): [main] qcril_qmi_nas_request_registration_state .. need to report cs/ps bar 0
02-13 18:47:29.888 I/RILC    (  112): qmi_ril(0/112): [main] qcril_qmi_nas_request_registration_state qcril_qmi_nas_request_registration_state completed with 0
02-13 18:47:29.888 D/RILC    (  112): qmi_ril(0/112): [main] onRequest UI --- RIL_REQUEST_DATA_REGISTRATION_STATE (21) ---> RIL [RID 0, token id 37, data len 0]
02-13 18:47:29.888 I/RILC    (  112): qmi_ril(0/112): [main] qcril_qmi_nas_request_data_registration_state qcril_qmi_nas_request_data_registration_state entered
02-13 18:47:29.888 I/RILC    (  112): qmi_ril(0/112): [main] qcril_qmi_nas_is_in_service_of_technology qcril_qmi_nas_is_in_service_of_technology entered
02-13 18:47:29.888 I/RILC    (  112): qmi_ril(0/112): [main] qcril_qmi_nas_is_in_service_of_technology qcril_qmi_nas_is_in_service_of_technology completed with 0
02-13 18:47:29.888 I/RILC    (  112): qmi_ril(0/112): [main] qcril_qmi_nas_is_in_service_of_technology qcril_qmi_nas_is_in_service_of_technology entered
02-13 18:47:29.888 I/RILC    (  112): qmi_ril(0/112): [main] qcril_qmi_nas_is_in_service_of_technology qcril_qmi_nas_is_in_service_of_technology completed with 1
02-13 18:47:29.888 I/RILC    (  112): qmi_ril(0/112): [main] qcril_qmi_nas_request_data_registration_state  ... QMI NAS reg_state 1
02-13 18:47:29.888 I/RILC    (  112): qmi_ril(0/112): [main] qcril_qmi_nas_request_data_registration_state  ... cache valid for data_caps 1
02-13 18:47:29.888 I/RILC    (  112): qmi_ril(0/112): [main] qcril_qmi_nas_request_data_registration_state  ... cache valid for data_caps_len 1
02-13 18:47:29.888 I/RILC    (  112): qmi_ril(0/112): [main] qcril_qmi_nas_request_data_registration_state  ... ps attach state 1
02-13 18:47:29.888 I/RILC    (  112): qmi_ril(0/112): [main] qcril_qmi_nas_request_data_registration_state Xinjingqcril_qmi_nas_request_data_registration_state cur reg state 1
02-13 18:47:29.888 I/RILC    (  112): qmi_ril(0/112): [main] qcril_qmi_nas_request_data_registration_state .. pre  cur reg state 1
02-13 18:47:29.888 I/RILC    (  112): qmi_ril(0/112): [main] qcril_qmi_nas_request_data_registration_state qcril_qmi_nas_request_data_registration_state cur reg state 1
02-13 18:47:29.888 I/RILC    (  112): qmi_ril(0/112): [main] qcril_qmi_nas_is_in_service_of_technology qcril_qmi_nas_is_in_service_of_technology entered
02-13 18:47:29.888 I/RILC    (  112): qmi_ril(0/112): [main] qcril_qmi_nas_is_in_service_of_technology qcril_qmi_nas_is_in_service_of_technology completed with 0
02-13 18:47:29.888 I/RILC    (  112): qmi_ril(0/112): [main] qcril_qmi_nas_is_in_service_of_technology qcril_qmi_nas_is_in_service_of_technology entered
02-13 18:47:29.888 I/RILC    (  112): qmi_ril(0/112): [main] qcril_qmi_nas_is_in_service_of_technology qcril_qmi_nas_is_in_service_of_technology completed with 0
02-13 18:47:29.888 I/RILC    (  112): qmi_ril(0/112): [main] qcril_qmi_nas_request_data_registration_state .. data caps 1, 1
02-13 18:47:29.888 I/RILC    (  112): qmi_ril(0/112): [main] qcril_qmi_nas_request_data_registration_state .. detailed info val 1
02-13 18:47:29.888 I/RILC    (  112): qmi_ril(0/112): [main] qcril_qmi_nas_request_data_registration_state .. detailed info srv_cap 3
02-13 18:47:29.888 I/RILC    (  112): qmi_ril(0/112): [main] qcril_qmi_nas_request_data_registration_state .. legacy data cap 6
02-13 18:47:29.888 I/RILC    (  112): qmi_ril(0/112): [main] qcril_qmi_nas_request_data_registration_state .. final legacy data cap 6
02-13 18:47:29.888 I/RILC    (  112): qmi_ril(0/112): [main] qcril_qmi_nas_request_data_registration_state .. cdma p_rev valid 1
02-13 18:47:29.888 I/RILC    (  112): qmi_ril(0/112): [main] qcril_qmi_nas_request_data_registration_state .. cdma p_rev 6
02-13 18:47:29.888 I/RILC    (  112): qmi_ril(0/112): [main] qcril_qmi_nas_request_data_registration_state .. ehrpd adjustment check 6
02-13 18:47:29.888 I/RILC    (  112): qmi_ril(0/112): [main] qcril_qmi_nas_request_data_registration_state .. rg 0 - 1
02-13 18:47:29.888 I/RILC    (  112): qmi_ril(0/112): [main] qcril_qmi_nas_request_data_registration_state .. rg 1 - 
02-13 18:47:29.888 I/RILC    (  112): qmi_ril(0/112): [main] qcril_qmi_nas_request_data_registration_state .. rg 2 - 
02-13 18:47:29.888 I/RILC    (  112): qmi_ril(0/112): [main] qcril_qmi_nas_request_data_registration_state .. rg 3 - 6
02-13 18:47:29.888 I/RILC    (  112): qmi_ril(0/112): [main] qcril_qmi_nas_request_data_registration_state .. rg 4 - 0
02-13 18:47:29.888 I/RILC    (  112): qmi_ril(0/112): [main] qcril_qmi_nas_request_data_registration_state .. rg 5 - 20
02-13 18:47:29.888 I/RILC    (  112): qmi_ril(0/112): [main] qcril_reqlist_find [RID 0] Not found ReqList entry : token id 37
02-13 18:47:29.888 D/RILC    (  112): qmi_ril(0/112): [main] qcril_send_request_response UI <--- RIL_REQUEST_DATA_REGISTRATION_STATE (21) Complete --- RIL [RID 0, Token 37, Success, Len 24 ]
02-13 18:47:29.888 D/RILJ    (  342): [0037]< DATA_REGISTRATION_STATE {1,null,null,6,0,20}
02-13 18:47:29.888 I/RILC    (  112): qmi_ril(0/112): [main] qcril_qmi_nas_request_data_registration_state qcril_qmi_nas_request_data_registration_state complete with 0
02-13 18:47:29.888 D/RILC    (  112): qmi_ril(0/112): [main] onRequest UI --- RIL_REQUEST_OEM_HOOK_RAW (59) ---> RIL [RID 0, token id 38, data len 21]
02-13 18:47:29.888 I/RILC    (  112): qmi_ril(0/112): [main] qcril_other_request_oem_hook_nv_read Entered qcril_other_request_oem_hook_nv_read
02-13 18:47:29.888 I/RILC    (  112): qmi_ril(0/112): [main] qcril_other_request_oem_hook_nv_read Received request for Reading nv_item_id = 465
02-13 18:47:29.898 I/RILC    (  112): qmi_ril(0/112): [main] qcril_other_zte_request_oem_hook_nv_read Read NV 465 successfully
02-13 18:47:29.898 I/RILC    (  112): qmi_ril(0/112): [main] qcril_reqlist_find [RID 0] Not found ReqList entry : token id 38
02-13 18:47:29.898 D/RILC    (  112): qmi_ril(0/112): [main] qcril_send_request_response UI <--- RIL_REQUEST_OEM_HOOK_RAW(NV_READ) (524289) Complete --- RIL [RID 0, Token 38, Success, Len 97 ]
02-13 18:47:29.908 D/RILJ    (  342): [0038]< OEM_HOOK_RAW [B@40593da8
02-13 18:47:29.918 D/RILJ    (  342): [0039]> OEM_HOOK_RAW[5155414c434f4d4d0100080004000000d7000000]
02-13 18:47:29.918 D/RILC    (  112): qmi_ril(0/112): [main] onRequest UI --- RIL_REQUEST_OEM_HOOK_RAW (59) ---> RIL [RID 0, token id 39, data len 20]
02-13 18:47:29.918 I/RILC    (  112): qmi_ril(0/112): [main] qcril_other_request_oem_hook_nv_read Entered qcril_other_request_oem_hook_nv_read
02-13 18:47:29.918 I/RILC    (  112): qmi_ril(0/112): [main] qcril_other_request_oem_hook_nv_read Received request for Reading nv_item_id = 215
02-13 18:47:29.918 I/RILC    (  112): qmi_ril(0/112): [main] qcril_other_zte_request_oem_hook_nv_read Read NV 215 successfully
02-13 18:47:29.918 I/RILC    (  112): qmi_ril(0/112): [main] qcril_reqlist_find [RID 0] Not found ReqList entry : token id 39
02-13 18:47:29.918 D/RILC    (  112): qmi_ril(0/112): [main] qcril_send_request_response UI <--- RIL_REQUEST_OEM_HOOK_RAW(NV_READ) (524289) Complete --- RIL [RID 0, Token 39, Success, Len 17 ]
02-13 18:47:29.918 D/RILJ    (  342): [0039]< OEM_HOOK_RAW [B@405c66d0
02-13 18:47:29.928 D/RILJ    (  342): [0040]> OEM_HOOK_RAW[5155414c434f4d4d0100080005000000d101000001]
02-13 18:47:29.928 D/RILC    (  112): qmi_ril(0/112): [main] onRequest UI --- RIL_REQUEST_OEM_HOOK_RAW (59) ---> RIL [RID 0, token id 40, data len 21]
02-13 18:47:29.928 I/RILC    (  112): qmi_ril(0/112): [main] qcril_other_request_oem_hook_nv_read Entered qcril_other_request_oem_hook_nv_read
02-13 18:47:29.928 I/RILC    (  112): qmi_ril(0/112): [main] qcril_other_request_oem_hook_nv_read Received request for Reading nv_item_id = 465
02-13 18:47:29.928 I/RILC    (  112): qmi_ril(0/112): [main] qcril_other_zte_request_oem_hook_nv_read Read NV 465 successfully
02-13 18:47:29.928 I/RILC    (  112): qmi_ril(0/112): [main] qcril_reqlist_find [RID 0] Not found ReqList entry : token id 40
02-13 18:47:29.928 D/RILC    (  112): qmi_ril(0/112): [main] qcril_send_request_response UI <--- RIL_REQUEST_OEM_HOOK_RAW(NV_READ) (524289) Complete --- RIL [RID 0, Token 40, Success, Len 97 ]
02-13 18:47:29.928 D/RILJ    (  342): [0040]< OEM_HOOK_RAW [B@405ed138
02-13 18:47:29.948 D/RILJ    (  342): [0041]> OEM_HOOK_RAW[5155414c434f4d4d010008000400000020000000]
02-13 18:47:29.948 D/RILC    (  112): qmi_ril(0/112): [main] onRequest UI --- RIL_REQUEST_OEM_HOOK_RAW (59) ---> RIL [RID 0, token id 41, data len 20]
02-13 18:47:29.948 I/RILC    (  112): qmi_ril(0/112): [main] qcril_other_request_oem_hook_nv_read Entered qcril_other_request_oem_hook_nv_read
02-13 18:47:29.948 I/RILC    (  112): qmi_ril(0/112): [main] qcril_other_request_oem_hook_nv_read Received request for Reading nv_item_id = 32
02-13 18:47:29.948 I/RILC    (  112): qmi_ril(0/112): [main] qcril_other_request_oem_hook_nv_read min1_val: 7068268
02-13 18:47:29.948 I/RILC    (  112): qmi_ril(0/112): [main] qcril_reqlist_find [RID 0] Not found ReqList entry : token id 41
02-13 18:47:29.948 D/RILC    (  112): qmi_ril(0/112): [main] qcril_send_request_response UI <--- RIL_REQUEST_OEM_HOOK_RAW(NV_READ) (524289) Complete --- RIL [RID 0, Token 41, Success, Len 9 ]
02-13 18:47:29.958 D/RILJ    (  342): [0041]< OEM_HOOK_RAW [B@405a0ae8
02-13 18:47:29.958 D/RILJ    (  342): [0042]> OEM_HOOK_RAW[5155414c434f4d4d010008000400000021000000]
02-13 18:47:29.958 D/RILC    (  112): qmi_ril(0/112): [main] onRequest UI --- RIL_REQUEST_OEM_HOOK_RAW (59) ---> RIL [RID 0, token id 42, data len 20]
02-13 18:47:29.958 I/RILC    (  112): qmi_ril(0/112): [main] qcril_other_request_oem_hook_nv_read Entered qcril_other_request_oem_hook_nv_read
02-13 18:47:29.958 I/RILC    (  112): qmi_ril(0/112): [main] qcril_other_request_oem_hook_nv_read Received request for Reading nv_item_id = 33
02-13 18:47:29.968 I/RILC    (  112): qmi_ril(0/112): [main] qcril_other_request_oem_hook_nv_read min2_val: 913
02-13 18:47:29.968 I/RILC    (  112): qmi_ril(0/112): [main] qcril_reqlist_find [RID 0] Not found ReqList entry : token id 42
02-13 18:47:29.968 D/RILC    (  112): qmi_ril(0/112): [main] qcril_send_request_response UI <--- RIL_REQUEST_OEM_HOOK_RAW(NV_READ) (524289) Complete --- RIL [RID 0, Token 42, Success, Len 5 ]
02-13 18:47:29.968 D/RILJ    (  342): [0042]< OEM_HOOK_RAW [B@405866d8
02-13 18:47:29.968 D/RILJ    (  342): [0043]> OEM_HOOK_RAW[5155414c434f4d4d0100080005000000d101000001]
02-13 18:47:29.968 D/RILC    (  112): qmi_ril(0/112): [main] onRequest UI --- RIL_REQUEST_OEM_HOOK_RAW (59) ---> RIL [RID 0, token id 43, data len 21]
02-13 18:47:29.968 I/RILC    (  112): qmi_ril(0/112): [main] qcril_other_request_oem_hook_nv_read Entered qcril_other_request_oem_hook_nv_read
02-13 18:47:29.968 I/RILC    (  112): qmi_ril(0/112): [main] qcril_other_request_oem_hook_nv_read Received request for Reading nv_item_id = 465
02-13 18:47:29.968 I/RILC    (  112): qmi_ril(0/112): [main] qcril_other_zte_request_oem_hook_nv_read Read NV 465 successfully
02-13 18:47:29.978 I/RILC    (  112): qmi_ril(0/112): [main] qcril_reqlist_find [RID 0] Not found ReqList entry : token id 43
02-13 18:47:29.978 D/RILC    (  112): qmi_ril(0/112): [main] qcril_send_request_response UI <--- RIL_REQUEST_OEM_HOOK_RAW(NV_READ) (524289) Complete --- RIL [RID 0, Token 43, Success, Len 97 ]
02-13 18:47:29.978 D/RILJ    (  342): [0043]< OEM_HOOK_RAW [B@405901f0
02-13 18:47:29.978 D/RILJ    (  342): [0044]> OEM_HOOK_RAW[5155414c434f4d4d0100080005000000d101000001]
02-13 18:47:29.988 D/RILC    (  112): qmi_ril(0/112): [main] onRequest UI --- RIL_REQUEST_OEM_HOOK_RAW (59) ---> RIL [RID 0, token id 44, data len 21]
02-13 18:47:29.988 I/RILC    (  112): qmi_ril(0/112): [main] qcril_other_request_oem_hook_nv_read Entered qcril_other_request_oem_hook_nv_read
02-13 18:47:29.988 I/RILC    (  112): qmi_ril(0/112): [main] qcril_other_request_oem_hook_nv_read Received request for Reading nv_item_id = 465
02-13 18:47:29.988 I/RILC    (  112): qmi_ril(0/112): [main] qcril_other_zte_request_oem_hook_nv_read Read NV 465 successfully
02-13 18:47:29.988 I/RILC    (  112): qmi_ril(0/112): [main] qcril_reqlist_find [RID 0] Not found ReqList entry : token id 44
02-13 18:47:29.988 D/RILC    (  112): qmi_ril(0/112): [main] qcril_send_request_response UI <--- RIL_REQUEST_OEM_HOOK_RAW(NV_READ) (524289) Complete --- RIL [RID 0, Token 44, Success, Len 97 ]
02-13 18:47:29.988 D/RILJ    (  342): [0044]< OEM_HOOK_RAW [B@405b5d20
02-13 18:47:29.999 D/RILJ    (  342): [0045]> OEM_HOOK_RAW[5155414c434f4d4d010008000400000097070000]
02-13 18:47:29.999 D/RILC    (  112): qmi_ril(0/112): [main] onRequest UI --- RIL_REQUEST_OEM_HOOK_RAW (59) ---> RIL [RID 0, token id 45, data len 20]
02-13 18:47:29.999 I/RILC    (  112): qmi_ril(0/112): [main] qcril_other_request_oem_hook_nv_read Entered qcril_other_request_oem_hook_nv_read
02-13 18:47:29.999 I/RILC    (  112): qmi_ril(0/112): [main] qcril_other_request_oem_hook_nv_read Received request for Reading nv_item_id = 1943
02-13 18:47:29.999 I/RILC    (  112): qmi_ril(0/112): [main] qcril_other_zte_request_oem_hook_nv_read Read NV 1943 successfully
02-13 18:47:29.999 I/RILC    (  112): qmi_ril(0/112): [main] qcril_reqlist_find [RID 0] Not found ReqList entry : token id 45
02-13 18:47:29.999 D/RILC    (  112): qmi_ril(0/112): [main] qcril_send_request_response UI <--- RIL_REQUEST_OEM_HOOK_RAW(NV_READ) (524289) Complete --- RIL [RID 0, Token 45, Success, Len 8 ]
02-13 18:47:29.999 D/RILJ    (  342): [0045]< OEM_HOOK_RAW [B@40591368
02-13 18:47:29.999 D/RILJ    (  342): [0046]> OEM_HOOK_RAW[5155414c434f4d4d010008000400000001010000]
02-13 18:47:29.999 D/RILC    (  112): qmi_ril(0/112): [main] onRequest UI --- RIL_REQUEST_OEM_HOOK_RAW (59) ---> RIL [RID 0, token id 46, data len 20]
02-13 18:47:29.999 I/RILC    (  112): qmi_ril(0/112): [main] qcril_other_request_oem_hook_nv_read Entered qcril_other_request_oem_hook_nv_read
02-13 18:47:29.999 I/RILC    (  112): qmi_ril(0/112): [main] qcril_other_request_oem_hook_nv_read Received request for Reading nv_item_id = 257
02-13 18:47:29.999 I/RILC    (  112): qmi_ril(0/112): [main] qcril_other_zte_request_oem_hook_nv_read Read NV 257 successfully
02-13 18:47:29.999 I/RILC    (  112): qmi_ril(0/112): [main] qcril_reqlist_find [RID 0] Not found ReqList entry : token id 46
02-13 18:47:29.999 D/RILC    (  112): qmi_ril(0/112): [main] qcril_send_request_response UI <--- RIL_REQUEST_OEM_HOOK_RAW(NV_READ) (524289) Complete --- RIL [RID 0, Token 46, Success, Len 16392 ]
02-13 18:47:29.999 D/RILJ    (  342): [0046]< OEM_HOOK_RAW [B@405cfce8
02-13 18:47:30.029 D/RILJ    (  342): [0047]> OEM_HOOK_RAW[5155414c434f4d4d0100080005000000d101000001]
02-13 18:47:30.029 D/RILC    (  112): qmi_ril(0/112): [main] onRequest UI --- RIL_REQUEST_OEM_HOOK_RAW (59) ---> RIL [RID 0, token id 47, data len 21]
02-13 18:47:30.029 I/RILC    (  112): qmi_ril(0/112): [main] qcril_other_request_oem_hook_nv_read Entered qcril_other_request_oem_hook_nv_read
02-13 18:47:30.029 I/RILC    (  112): qmi_ril(0/112): [main] qcril_other_request_oem_hook_nv_read Received request for Reading nv_item_id = 465
02-13 18:47:30.029 I/RILC    (  112): qmi_ril(0/112): [main] qcril_other_zte_request_oem_hook_nv_read Read NV 465 successfully
02-13 18:47:30.029 I/RILC    (  112): qmi_ril(0/112): [main] qcril_reqlist_find [RID 0] Not found ReqList entry : token id 47
02-13 18:47:30.029 D/RILC    (  112): qmi_ril(0/112): [main] qcril_send_request_response UI <--- RIL_REQUEST_OEM_HOOK_RAW(NV_READ) (524289) Complete --- RIL [RID 0, Token 47, Success, Len 97 ]
02-13 18:47:30.029 D/RILJ    (  342): [0047]< OEM_HOOK_RAW [B@405eb3c0
02-13 18:47:30.129 I/RILC    (  112): qmi_ril(0/112): [qmi_cb] qcril_qmi_nas_unsolicited_indication_cb invoked msg 0x2
02-13 18:47:30.129 I/RILC    (  112): qmi_ril(0/112): [qmi_cb] qcril_qmi_nas_is_considered_registered qcril_qmi_nas_is_considered_registered entered
02-13 18:47:30.129 I/RILC    (  112): qmi_ril(0/112): [qmi_cb] qcril_qmi_nas_is_considered_registered qcril_qmi_nas_is_considered_registered completed with 1
02-13 18:47:30.129 I/RILC    (  112): qmi_ril(0/112): [qmi_cb] qcril_qmi_nas_event_report_ind_conv_qmi2ril qcril_qmi_nas_event_report_ind_conv_qmi2ril entered
02-13 18:47:30.129 I/RILC    (  112): qmi_ril(0/112): [qmi_cb] qcril_qmi_nas_event_report_ind_conv_qmi2ril .. reg reject valid 0
02-13 18:47:30.129 I/RILC    (  112): qmi_ril(0/112): [qmi_cb] qcril_qmi_nas_event_report_ind_conv_qmi2ril qcril_qmi_nas_event_report_ind_conv_qmi2ril completed
02-13 18:47:30.129 I/RILC    (  112): qmi_ril(0/112): [qmi_cb] qcril_qmi_nas_is_considered_registered qcril_qmi_nas_is_considered_registered entered
02-13 18:47:30.129 I/RILC    (  112): qmi_ril(0/112): [qmi_cb] qcril_qmi_nas_is_considered_registered qcril_qmi_nas_is_considered_registered completed with 1
02-13 18:47:30.129 D/RILC    (  112): qmi_ril(0/112): [qmi_cb] qcril_event_queue Event [<Unknown event> ?, 655370] data was NULL!
02-13 18:47:30.129 D/RILC    (  112): qmi_ril(0/112): [qmi_cb] qcril_event_queue RID 0 MID 0 Queued event <Unknown event> ? (0 bytes)
02-13 18:47:30.129 I/RILC    (  112): qmi_ril(0/112): [qmi_cb] qcril_qmi_nas_unsolicited_indication_cb .. operational state 3
02-13 18:47:30.129 I/RILC    (  112): qmi_ril(0/112): [qmi_cb] qcril_qmi_nas_unsolicited_indication_cb qcril_qmi_nas_unsolicited_indication_cb completed
02-13 18:47:30.129 I/RILC    (  112): qmi_ril(0/112): [qmi_cb] qcril_qmi_nas_unsolicited_indication_cb invoked msg 0x4c
02-13 18:47:30.129 I/RILC    (  112): qmi_ril(0/112): [qmi_cb] qcril_qmi_nas_is_considered_registered qcril_qmi_nas_is_considered_registered entered
02-13 18:47:30.129 I/RILC    (  112): qmi_ril(0/112): [qmi_cb] qcril_qmi_nas_is_considered_registered qcril_qmi_nas_is_considered_registered completed with 1
02-13 18:47:30.129 I/RILC    (  112): qmi_ril(0/112): [qmi_cb] qcril_qmi_nas_network_time_ind_conv_qmi2ril qcril_qmi_nas_network_time_ind_conv_qmi2ril entry
02-13 18:47:30.129 I/RILC    (  112): qmi_ril(0/112): [qmi_cb] qcril_qmi_nas_network_time_ind_conv_qmi2ril ril_nitz_time_msg is: 12/02/14,00:47:45-24,00
02-13 18:47:30.129 I/RILC    (  112): qmi_ril(0/112): [qmi_cb] qcril_qmi_nas_unsolicited_indication_cb .. operational state 3
02-13 18:47:30.129 D/RILC    (  112): qmi_ril(0/112): [qmi_cb] qcril_send_unsol_response UI <--- RIL_UNSOL_NITZ_TIME_RECEIVED (1008) --- RIL [RID 0, Len 24, (null)]
02-13 18:47:30.129 D/RILC    (  112): qmi_ril(0/112): [event] qcril_event_main qcril_event_main(): 1 items on queue
02-13 18:47:30.129 D/RILC    (  112): qmi_ril(0/112): [event] qcril_event_main RID 0 MID 0 De-queued event <Unknown event> ? (655370)
02-13 18:47:30.129 D/RILC    (  112): qmi_ril(0/112): [event] qcril_process_event RIL <--- <Unknown event> ?(655370), RID 0, MID 0 --- AMSS
02-13 18:47:30.129 I/RILC    (  112): qmi_ril(0/112): [event] qcril_qmi_trigger_propagate_known_signal_strength_ind qcril_qmi_trigger_propagate_known_signal_strength_ind received
02-13 18:47:30.129 I/RILC    (  112): qmi_ril(0/112): [event] qcril_qmi_nas_propagate_known_signal_strength_ind qcril_qmi_nas_propagate_known_signal_strength_ind entered
02-13 18:47:30.129 I/RILC    (  112): qmi_ril(0/112): [event] qcril_qmi_nas_fetch_signal_strength_observations qcril_qmi_nas_fetch_signal_strength_observations entered
02-13 18:47:30.129 I/RILC    (  112): qmi_ril(0/112): [event] qcril_qmi_nas_fetch_signal_strength_observations ..req mask 32
02-13 18:47:30.129 I/RILC    (  112): qmi_ril(0/112): [event] qcril_qmi_nas_fetch_signal_strength_observations qcril_qmi_nas_request_signal_strength entered IF 32
02-13 18:47:30.129 I/RILC    (  112): qmi_ril(0/112): [event] qcril_qmi_nas_fetch_signal_strength_observations qcril_qmi_nas_request_signal_strength entered RIL_REQ_RES qmi_request.request__mask = 32
02-13 18:47:30.129 I/RILC    (  112): qmi_ril(0/112): [event] qcril_qmi_nas_fetch_signal_strength_observations qcril_qmi_nas_request_signal_strength entered IF QMI RESPONSE 32
02-13 18:47:30.129 D/RILJ    (  342): [UNSL]< UNSOL_NITZ_TIME_RECEIVED 12/02/14,00:47:45-24,00
02-13 18:47:30.129 I/CDMA    (  342): NITZ: 12/02/14,00:47:45-24,00,32107 start=32109 delay=2
02-13 18:47:30.129 I/CDMA    (  342):  dst: 0
02-13 18:47:30.129 I/CDMA    (  342):  tzOffset: -21600000
02-13 18:47:30.129 I/CDMA    (  342):  iso: us
02-13 18:47:30.129 I/CDMA    (  342): mGotCountryCode: true
02-13 18:47:30.149 I/RILC    (  112): qmi_ril(0/112): [qmi_cb] qcril_qmi_nas_unsolicited_indication_cb posted RIL indication 1008
02-13 18:47:30.149 I/RILC    (  112): qmi_ril(0/112): [qmi_cb] qcril_qmi_nas_unsolicited_indication_cb qcril_qmi_nas_unsolicited_indication_cb completed
02-13 18:47:30.149 I/RILC    (  112): qmi_ril(0/112): [event] qcril_qmi_util_convert_qmi_response_codes_to_ril_result_ex qcril_qmi_util_convert_qmi_response_codes_to_ril_result_ex ctx check 0
02-13 18:47:30.149 I/RILC    (  112): qmi_ril(0/112): [event] qcril_qmi_nas_fetch_signal_strength_observations qcril_qmi_nas_request_signal_strength entered IF UTIL_RES = SUCCESS 32
02-13 18:47:30.149 I/RILC    (  112): qmi_ril(0/112): [event] qcril_qmi_nas_fetch_signal_strength_observations qcril_qmi_nas_fetch_signal_strength_observations completed 0
02-13 18:47:30.149 I/RILC    (  112): qmi_ril(0/112): [event] qcril_qmi_nas_propagate_known_signal_strength_ind .. subfetch sig strength info 0
02-13 18:47:30.149 I/RILC    (  112): qmi_ril(0/112): [event] qcril_qmi_nas_dump_sign_strength_report qcril_qmi_nas_dump_sign_strength_report entered
02-13 18:47:30.149 I/RILC    (  112): qmi_ril(0/112): [event] qcril_qmi_nas_dump_sign_strength_report ..GW
02-13 18:47:30.149 I/RILC    (  112): qmi_ril(0/112): [event] qcril_qmi_nas_dump_sign_strength_report .. signalStrength 99, bitErrorRate 0
02-13 18:47:30.149 I/RILC    (  112): qmi_ril(0/112): [event] qcril_qmi_nas_dump_sign_strength_report ..CDMA
02-13 18:47:30.149 I/RILC    (  112): qmi_ril(0/112): [event] qcril_qmi_nas_dump_sign_strength_report .. dbm 81, ecio 95 
02-13 18:47:30.149 I/RILC    (  112): qmi_ril(0/112): [event] qcril_qmi_nas_dump_sign_strength_report ..EVDO
02-13 18:47:30.149 I/RILC    (  112): qmi_ril(0/112): [event] qcril_qmi_nas_dump_sign_strength_report .. dbm 110, ecio 10, signalNoiseRatio 8
02-13 18:47:30.149 I/RILC    (  112): qmi_ril(0/112): [event] qcril_qmi_nas_dump_sign_strength_report ..LTE
02-13 18:47:30.149 I/RILC    (  112): qmi_ril(0/112): [event] qcril_qmi_nas_dump_sign_strength_report .. signalStrength 99, rsrp 2147483647, rsrq 2147483647, rsnnr 2147483647
02-13 18:47:30.149 I/RILC    (  112): qmi_ril(0/112): [event] qcril_qmi_nas_dump_sign_strength_report qcril_qmi_nas_dump_sign_strength_report completed
02-13 18:47:30.149 I/RILC    (  112): qmi_ril(0/112): [event] qcril_qmi_nas_propagate_known_signal_strength_ind .. conf res 0
02-13 18:47:30.149 D/RILC    (  112): qmi_ril(0/112): [event] qcril_send_unsol_response UI <--- RIL_UNSOL_SIGNAL_STRENGTH (1009) --- RIL [RID 0, Len 48, (null)]
02-13 18:47:30.149 I/RILC    (  112): qmi_ril(0/112): [event] qcril_qmi_nas_propagate_known_signal_strength_ind qcril_qmi_nas_propagate_known_signal_strength_ind completed 0
02-13 18:47:30.149 I/RILC    (  112): qmi_ril(0/112): [event] qcril_process_event Exit qcril_process_event() : <Unknown event> ?, err_no 0
02-13 18:47:30.149 D/RILC    (  112): qmi_ril(0/112): [event] qcril_event_main qcril_event_main(): Waiting...
02-13 18:47:30.189 I/CDMA    (  342):  zone id : America/Chicago name : Central Standard Time
02-13 18:47:30.189 I/CDMA    (  342): set zone id: America/Chicago
02-13 18:47:30.199 I/CDMA    (  342):  millisSinceNitzReceived: 64
02-13 18:47:30.199 I/CDMA    (  342):  gained=14857
02-13 18:47:30.199 I/CDMA    (  342):  timeSinceLastUpdate=6745
02-13 18:47:30.199 I/CDMA    (  342):  nitzUpdateSpacing=600000  nitzUpdateDiff=2000
02-13 18:47:30.209 I/CDMA    (  342): NITZ: Auto updating time of day to Mon Feb 13 18:47:45 CST 2012 NITZ receive delay=64ms gained=14857ms from 12/02/14,00:47:45-24,00
02-13 18:47:30.209 I/CDMA    (  342): NITZ: update nitz time property
02-13 18:47:30.209 I/CDMA    (  342):  mSavedTime=1329180465064 mSavedAtTime=32190
02-13 18:47:30.209 I/CDMA    (  342): NITZ: end=32190 dur=81
02-13 18:47:30.559 D/RILJ    (  342): [0048]> OEM_HOOK_RAW[5155414c434f4d4d0100080005000000d101000001]
02-13 18:47:30.559 D/RILC    (  112): qmi_ril(0/112): [main] onRequest UI --- RIL_REQUEST_OEM_HOOK_RAW (59) ---> RIL [RID 0, token id 48, data len 21]
02-13 18:47:30.559 I/RILC    (  112): qmi_ril(0/112): [main] qcril_other_request_oem_hook_nv_read Entered qcril_other_request_oem_hook_nv_read
02-13 18:47:30.559 I/RILC    (  112): qmi_ril(0/112): [main] qcril_other_request_oem_hook_nv_read Received request for Reading nv_item_id = 465
02-13 18:47:30.569 I/RILC    (  112): qmi_ril(0/112): [main] qcril_other_zte_request_oem_hook_nv_read Read NV 465 successfully
02-13 18:47:30.569 I/RILC    (  112): qmi_ril(0/112): [main] qcril_reqlist_find [RID 0] Not found ReqList entry : token id 48
02-13 18:47:30.569 D/RILC    (  112): qmi_ril(0/112): [main] qcril_send_request_response UI <--- RIL_REQUEST_OEM_HOOK_RAW(NV_READ) (524289) Complete --- RIL [RID 0, Token 48, Success, Len 97 ]
02-13 18:47:30.569 D/RILJ    (  342): [0048]< OEM_HOOK_RAW [B@405df030
02-13 18:47:32.030 I/RILC    (  112): qmi_ril(0/112): [qmi_cb] qcril_qmi_nas_unsolicited_indication_cb invoked msg 0x2
02-13 18:47:32.030 I/RILC    (  112): qmi_ril(0/112): [qmi_cb] qcril_qmi_nas_is_considered_registered qcril_qmi_nas_is_considered_registered entered
02-13 18:47:32.030 I/RILC    (  112): qmi_ril(0/112): [qmi_cb] qcril_qmi_nas_is_considered_registered qcril_qmi_nas_is_considered_registered completed with 1
02-13 18:47:32.030 I/RILC    (  112): qmi_ril(0/112): [qmi_cb] qcril_qmi_nas_event_report_ind_conv_qmi2ril qcril_qmi_nas_event_report_ind_conv_qmi2ril entered
02-13 18:47:32.030 I/RILC    (  112): qmi_ril(0/112): [qmi_cb] qcril_qmi_nas_event_report_ind_conv_qmi2ril .. reg reject valid 0
02-13 18:47:32.030 I/RILC    (  112): qmi_ril(0/112): [qmi_cb] qcril_qmi_nas_event_report_ind_conv_qmi2ril qcril_qmi_nas_event_report_ind_conv_qmi2ril completed
02-13 18:47:32.030 I/RILC    (  112): qmi_ril(0/112): [qmi_cb] qcril_qmi_nas_is_considered_registered qcril_qmi_nas_is_considered_registered entered
02-13 18:47:32.030 I/RILC    (  112): qmi_ril(0/112): [qmi_cb] qcril_qmi_nas_is_considered_registered qcril_qmi_nas_is_considered_registered completed with 1
02-13 18:47:32.030 D/RILC    (  112): qmi_ril(0/112): [qmi_cb] qcril_event_queue Event [<Unknown event> ?, 655370] data was NULL!
02-13 18:47:32.040 D/RILC    (  112): qmi_ril(0/112): [qmi_cb] qcril_event_queue RID 0 MID 0 Queued event <Unknown event> ? (0 bytes)
02-13 18:47:32.040 I/RILC    (  112): qmi_ril(0/112): [qmi_cb] qcril_qmi_nas_unsolicited_indication_cb .. operational state 3
02-13 18:47:32.040 I/RILC    (  112): qmi_ril(0/112): [qmi_cb] qcril_qmi_nas_unsolicited_indication_cb qcril_qmi_nas_unsolicited_indication_cb completed
02-13 18:47:32.040 D/RILC    (  112): qmi_ril(0/112): [event] qcril_event_main qcril_event_main(): 1 items on queue
02-13 18:47:32.040 D/RILC    (  112): qmi_ril(0/112): [event] qcril_event_main RID 0 MID 0 De-queued event <Unknown event> ? (655370)
02-13 18:47:32.040 D/RILC    (  112): qmi_ril(0/112): [event] qcril_process_event RIL <--- <Unknown event> ?(655370), RID 0, MID 0 --- AMSS
02-13 18:47:32.040 I/RILC    (  112): qmi_ril(0/112): [event] qcril_qmi_trigger_propagate_known_signal_strength_ind qcril_qmi_trigger_propagate_known_signal_strength_ind received
02-13 18:47:32.040 I/RILC    (  112): qmi_ril(0/112): [event] qcril_qmi_nas_propagate_known_signal_strength_ind qcril_qmi_nas_propagate_known_signal_strength_ind entered
02-13 18:47:32.040 I/RILC    (  112): qmi_ril(0/112): [event] qcril_qmi_nas_fetch_signal_strength_observations qcril_qmi_nas_fetch_signal_strength_observations entered
02-13 18:47:32.040 I/RILC    (  112): qmi_ril(0/112): [event] qcril_qmi_nas_fetch_signal_strength_observations ..req mask 33
02-13 18:47:32.040 I/RILC    (  112): qmi_ril(0/112): [event] qcril_qmi_nas_fetch_signal_strength_observations qcril_qmi_nas_request_signal_strength entered IF 33
02-13 18:47:32.040 I/RILC    (  112): qmi_ril(0/112): [event] qcril_qmi_nas_fetch_signal_strength_observations qcril_qmi_nas_request_signal_strength entered RIL_REQ_RES qmi_request.request__mask = 33
02-13 18:47:32.040 I/RILC    (  112): qmi_ril(0/112): [event] qcril_qmi_nas_fetch_signal_strength_observations qcril_qmi_nas_request_signal_strength entered IF QMI RESPONSE 33
02-13 18:47:32.040 I/RILC    (  112): qmi_ril(0/112): [event] qcril_qmi_util_convert_qmi_response_codes_to_ril_result_ex qcril_qmi_util_convert_qmi_response_codes_to_ril_result_ex ctx check 0
02-13 18:47:32.040 I/RILC    (  112): qmi_ril(0/112): [event] qcril_qmi_nas_fetch_signal_strength_observations qcril_qmi_nas_request_signal_strength entered IF UTIL_RES = SUCCESS 33
02-13 18:47:32.040 I/RILC    (  112): qmi_ril(0/112): [event] qcril_qmi_nas_fetch_signal_strength_observations qcril_qmi_nas_fetch_signal_strength_observations completed 0
