02-13 18:47:39.238 D/RILJ    (  342): [UNSL]< UNSOL_KPC_INFO Bundle[{an_aaa=1, pilot_energy=5, hdr_prot_state=0, sinr=8, pilot_pn=0, chan_num=0, mip_error=0, changmask=22151168, sector_id=[I@405b7d18, rx_per=0, mac_index=0, rx_dbm=0, color_code=0, name=1, drc=0}]
02-13 18:47:39.248 D/RILJ    (  342): ***zyj*** External OEM message, to be notified
02-13 18:47:39.788 D/RILC    (  112): qmi_ril(0/112): [qmi_cb] qcril_data_qmi_wds_ind_cb qcril_data_qmi_wds_ind_cb: ENTRY
02-13 18:47:39.788 I/RILC    (  112): qmi_ril(0/112): [qmi_cb] qcril_data_qmi_wds_ind_cb >>>>>> TRY LOCK QCRIL_DATA MUTEX 80211c14
02-13 18:47:39.788 I/RILC    (  112): qmi_ril(0/112): [qmi_cb] qcril_data_qmi_wds_ind_cb TRYLOCK QCRIL_DATA MUTEX 80211c14 result=0
02-13 18:47:39.788 D/RILC    (  112): qmi_ril(0/112): [qmi_cb] qcril_data_process_wds_ind qcril_data_process_wds_ind: entry
02-13 18:47:39.788 D/RILC    (  112): qmi_ril(0/112): [qmi_cb] qcril_data_process_tethered_state_change_ind tethered data call status is received
02-13 18:47:39.788 D/RILC    (  112): qmi_ril(0/112): [qmi_cb] qcril_data_process_tethered_state_change_ind call type[1] not tethered data, ignoring
02-13 18:47:39.788 D/RILC    (  112): qmi_ril(0/112): [qmi_cb] qcril_data_process_tethered_state_change_ind qcril_data_process_tethered_state_change_ind succeeded
02-13 18:47:39.788 D/RILC    (  112): qmi_ril(0/112): [qmi_cb] qcril_data_process_wds_ind qcril_data_process_wds_ind: exit with success
02-13 18:47:39.788 I/RILC    (  112): qmi_ril(0/112): [qmi_cb] qcril_data_qmi_wds_ind_cb <<<<<< UNLOCK QCRIL_DATA MUTEX 80211c14
02-13 18:47:39.788 I/RILC    (  112): qmi_ril(0/112): [qmi_cb] qcril_data_qmi_wds_ind_cb UNLOCK QCRIL_DATA MUTEX 80211c14 result=0
02-13 18:47:39.788 D/RILC    (  112): qmi_ril(0/112): [qmi_cb] qcril_data_qmi_wds_ind_cb qcril_data_qmi_wds_ind_cb: EXIT
02-13 18:47:39.908 D/RILC    (  112): qmi_ril(0/112): qcril_data_net_cb: qcril_data_net_cb: ENTRY
02-13 18:47:39.908 I/RILC    (  112): qmi_ril(0/112): qcril_data_net_cb: >>>>>> LOCK QCRIL_DATA MUTEX 80211c10
02-13 18:47:39.908 I/RILC    (  112): qmi_ril(0/112): qcril_data_net_cb: LOCK QCRIL_DATA MUTEX 80211c10 result=0
02-13 18:47:39.908 D/RILC    (  112): qmi_ril(0/112): qcril_data_post_dsi_netctrl_event: >>>Mem debug>>>
02-13 18:47:39.908 D/RILC    (  112): qmi_ril(0/112): qcril_data_post_dsi_netctrl_event: info_tbl
02-13 18:47:39.908 D/RILC    (  112): qmi_ril(0/112): qcril_data_post_dsi_netctrl_event: [0x8021a650]
02-13 18:47:39.908 D/RILC    (  112): qmi_ril(0/112): qcril_data_post_dsi_netctrl_event: <<<Mem debug<<<
02-13 18:47:39.908 D/RILC    (  112): qmi_ril(0/112): qcril_data_post_dsi_netctrl_event: dsi net evt [1], info_tbl index [0], pend RIL Token [31]
02-13 18:47:39.908 D/RILC    (  112): qmi_ril(0/112): qcril_data_post_dsi_netctrl_event: >>>Mem debug>>>
02-13 18:47:39.908 D/RILC    (  112): qmi_ril(0/112): qcril_data_post_dsi_netctrl_event: event obj alloc
02-13 18:47:39.908 D/RILC    (  112): qmi_ril(0/112): qcril_data_post_dsi_netctrl_event: [0x1b988]
02-13 18:47:39.908 D/RILC    (  112): qmi_ril(0/112): qcril_data_post_dsi_netctrl_event: <<<Mem debug<<<
02-13 18:47:39.908 I/RILC    (  112): qmi_ril(0/112): qcril_data_post_dsi_netctrl_event: queue QCRIL DATA event for RIL Token [31] instance_id [0], and modem_id [0]
02-13 18:47:39.908 D/RILC    (  112): qmi_ril(0/112): [event] qcril_event_main qcril_event_main(): 1 items on queue
02-13 18:47:39.908 D/RILC    (  112): qmi_ril(0/112): [event] qcril_event_main RID 0 MID 0 De-queued event DATA_EVENT_CALLBACK (327682)
02-13 18:47:39.908 D/RILC    (  112): qmi_ril(0/112): [event] qcril_process_event RIL <--- DATA_EVENT_CALLBACK(327682), RID 0, MID 0 --- AMSS
02-13 18:47:39.908 D/RILC    (  112): qmi_ril(0/112): [event] qcril_data_event_hdlr qcril_data_event_hdlr: ENTRY
02-13 18:47:39.908 I/RILC    (  112): qmi_ril(0/112): [event] qcril_data_event_hdlr >>>>>> LOCK QCRIL_DATA MUTEX 80211c14
02-13 18:47:39.908 I/RILC    (  112): qmi_ril(0/112): [event] qcril_data_event_hdlr LOCK QCRIL_DATA MUTEX 80211c14 result=0
02-13 18:47:39.908 D/RILC    (  112): qmi_ril(0/112): [event] qcril_data_event_hdlr >>>Mem debug>>>
02-13 18:47:39.908 D/RILC    (  112): qmi_ril(0/112): [event] qcril_data_event_hdlr event obj
02-13 18:47:39.908 D/RILC    (  112): qmi_ril(0/112): [event] qcril_data_event_hdlr [0x1b988]
02-13 18:47:39.908 D/RILC    (  112): qmi_ril(0/112): [event] qcril_data_event_hdlr <<<Mem debug<<<
02-13 18:47:39.908 D/RILC    (  112): qmi_ril(0/112): [event] qcril_data_event_hdlr >>>Mem debug>>>
02-13 18:47:39.908 D/RILC    (  112): qmi_ril(0/112): [event] qcril_data_event_hdlr info_tbl
02-13 18:47:39.908 D/RILC    (  112): qmi_ril(0/112): [event] qcril_data_event_hdlr [0x8021a650]
02-13 18:47:39.908 D/RILC    (  112): qmi_ril(0/112): [event] qcril_data_event_hdlr <<<Mem debug<<<
02-13 18:47:39.908 I/RILC    (  112): qmi_ril(0/112): [event] qcril_data_event_hdlr RIL REQ pend [RIL_REQUEST_SETUP_DATA_CALL], cid [0], index [0]
02-13 18:47:39.908 I/RILC    (  112): qmi_ril(0/112): [event] qcril_reqlist_find [RID 0] Found ReqList entry : RIL_REQUEST_SETUP_DATA_CALL(27), token id 31
02-13 18:47:39.908 D/RILC    (  112): qmi_ril(0/112): [event] qcril_data_event_hdlr Req list entry found for RIL Token [31]
02-13 18:47:39.908 D/RILC    (  112): qmi_ril(0/112): [event] qcril_data_event_hdlr >>>Mem debug>>>
02-13 18:47:39.908 D/RILC    (  112): qmi_ril(0/112): [event] qcril_data_event_hdlr info_tbl
02-13 18:47:39.908 D/RILC    (  112): qmi_ril(0/112): [event] qcril_data_event_hdlr [0x8021a650]
02-13 18:47:39.908 D/RILC    (  112): qmi_ril(0/112): [event] qcril_data_event_hdlr <<<Mem debug<<<
02-13 18:47:39.908 I/RILC    (  112): qmi_ril(0/112): [event] qcril_data_event_hdlr >>>DSI_EVT_NET_IS_CONN: START>>> cid [0], index [0]
02-13 18:47:39.908 D/RILC    (  112): qmi_ril(0/112): [event] qcril_data_event_hdlr Get device name and fill the value at [0x40208cdc]
02-13 18:47:39.908 I/RILC    (  112): qmi_ril(0/112): [event] qcril_data_stop_response_timer qcril_data_stop_response_timer: ENTRY
02-13 18:47:39.908 I/RILC    (  112): qmi_ril(0/112): [event] qcril_data_stop_response_timer deleting timer [0x80000000]
02-13 18:47:39.928 D/RILC    (  112): qmi_ril(0/112): [event] qcril_data_event_hdlr device [rmnet0] is associated with info tbl indx [0]
02-13 18:47:39.928 D/RILC    (  112): qmi_ril(0/112): qcril_event_queue: RID 0 MID 0 Queued event DATA_EVENT_CALLBACK (16 bytes)
02-13 18:47:39.928 I/RILC    (  112): qmi_ril(0/112): qcril_data_net_cb: <<<<<< UNLOCK QCRIL_DATA MUTEX 80211c10
02-13 18:47:39.928 I/RILC    (  112): qmi_ril(0/112): qcril_data_net_cb: UNLOCK QCRIL_DATA MUTEX 80211c10 result=0
02-13 18:47:39.928 D/RILC    (  112): qmi_ril(0/112): qcril_data_net_cb: qcril_data_net_cb: EXIT with suc
02-13 18:47:39.928 D/RILC    (  112): qmi_ril(0/112): [event] qcril_data_event_hdlr obtained wds srvc clnt id [196864] for info tbl indx [0]
02-13 18:47:39.928 D/RILC    (  112): qmi_ril(0/112): [event] qcril_data_util_fill_call_params qcril_data_util_fill_call_params: ENTRY
02-13 18:47:39.928 D/RILC    (  112): qmi_ril(0/112): [event] qcril_data_util_fill_call_params Get device name and fill the value at [0x40208ba4]
02-13 18:47:39.928 D/RILC    (  112): qmi_ril(0/112): [event] qcril_data_util_fill_call_params dev_name [rmnet0]
02-13 18:47:39.928 D/RILC    (  112): qmi_ril(0/112): [event] qcril_data_util_fill_call_params IPv4 address found. data buf is [126] long
02-13 18:47:39.928 D/RILC    (  112): qmi_ril(0/112): [event] qcril_data_util_fill_call_params IPv4 address [173.155.101.96] populated in info_tbl[0]
02-13 18:47:39.928 D/RILC    (  112): qmi_ril(0/112): [event] qcril_data_util_fill_bearer_tech call [0] bearer is [CDMA_EVDO_REVA]
02-13 18:47:39.928 D/RILC    (  112): qmi_ril(0/112): [event] qcril_data_util_fill_call_params qcril_data_util_fill_call_params: EXIT success
02-13 18:47:39.928 I/RILC    (  112): qmi_ril(0/112): [event] qcril_data_util_update_call_state >>>>>> LOCK QCRIL_DATA MUTEX 80211c0c
02-13 18:47:39.928 I/RILC    (  112): qmi_ril(0/112): [event] qcril_data_util_update_call_state LOCK QCRIL_DATA MUTEX 80211c0c result=0
02-13 18:47:39.928 I/RILC    (  112): qmi_ril(0/112): [event] qcril_data_util_update_call_state <<<<<< UNLOCK QCRIL_DATA MUTEX 80211c0c
02-13 18:47:39.928 I/RILC    (  112): qmi_ril(0/112): [event] qcril_data_util_update_call_state UNLOCK QCRIL_DATA MUTEX 80211c0c result=0
02-13 18:47:39.928 D/RILC    (  112): qmi_ril(0/112): [event] qcril_data_event_hdlr >>>RIL RSP READY>>> cid [-2145278348], dev_name [rmnet0], ip_addr [173.155.101.96]
02-13 18:47:39.928 D/RILC    (  112): qmi_ril(0/112): [event] qcril_data_response_success qcril_data_response_success: ENTRY
02-13 18:47:39.928 I/RILC    (  112): qmi_ril(0/112): [event] qcril_reqlist_find [RID 0] Found ReqList entry : RIL_REQUEST_SETUP_DATA_CALL(27), token id 31
02-13 18:47:39.928 I/RILC    (  112): qmi_ril(0/112): [event] qcril_reqlist_free [RID 0] Deleted ReqList entry : token id 31 [0x1a8b0]
02-13 18:47:39.928 D/RILC    (  112): qmi_ril(0/112): [event] qcril_reqlist_print_all [RID 0] ReqList entries : Empty 
02-13 18:47:39.928 I/RILC    (  112): qmi_ril(0/112): [event] qcril_reqlist_find [RID 0] Not found ReqList entry : token id 31
02-13 18:47:39.928 D/RILC    (  112): qmi_ril(0/112): [event] qcril_send_request_response UI <--- RIL_REQUEST_SETUP_DATA_CALL (27) Complete --- RIL [RID 0, Token 31, Success, Len 12 ]
02-13 18:47:39.928 D/RILJ    (  342): [0031]< SETUP_DATA_CALL {0, rmnet0, 173.155.101.96}
02-13 18:47:39.948 D/RILC    (  112): qmi_ril(0/112): [event] qcril_data_event_hdlr <<<RIL RSP SENT<<<
02-13 18:47:39.948 I/RILC    (  112): qmi_ril(0/112): [event] qcril_data_event_hdlr <<<DSI_EVT_NET_IS_CONN: DONE<<<
02-13 18:47:39.948 D/RILC    (  112): qmi_ril(0/112): [event] qcril_data_event_hdlr Registering for Physlink Events
02-13 18:47:39.948 D/RILC    (  112): qmi_ril(0/112): [event] qcril_data_iface_ioctl setting dormancy event report on wds client [196864]
02-13 18:47:39.948 D/RILC    (  112): qmi_ril(0/112): [event] qcril_data_iface_ioctl getting dormancy status for wds client [196864]
02-13 18:47:39.948 E/RILC    (  112): qmi_ril(0/112): [event] qcril_data_iface_ioctl dormancy status has changed since last registration
02-13 18:47:39.948 I/RILC    (  112): qmi_ril(0/112): [event] qcril_data_event_hdlr <<<[2] processing started<<<
02-13 18:47:39.948 I/RILC    (  112): qmi_ril(0/112): [event] qcril_data_util_update_call_state >>>>>> LOCK QCRIL_DATA MUTEX 80211c0c
02-13 18:47:39.948 I/RILC    (  112): qmi_ril(0/112): [event] qcril_data_util_update_call_state LOCK QCRIL_DATA MUTEX 80211c0c result=0
02-13 18:47:39.948 I/RILC    (  112): qmi_ril(0/112): [event] qcril_data_util_update_call_state <<<<<< UNLOCK QCRIL_DATA MUTEX 80211c0c
02-13 18:47:39.948 I/RILC    (  112): qmi_ril(0/112): [event] qcril_data_util_update_call_state UNLOCK QCRIL_DATA MUTEX 80211c0c result=0
02-13 18:47:39.948 D/RILC    (  112): qmi_ril(0/112): [event] qcril_data_unsol_call_list_changed qcril_data_unsol_call_list_changed: ENTRY
02-13 18:47:39.948 D/RILC    (  112): qmi_ril(0/112): [event] qcril_data_unsol_call_list_changed sending RIL_UNSOL_DATA_CALL_LIST_CHANGED
02-13 18:47:39.948 D/RILC    (  112): qmi_ril(0/112): [event] qcril_send_unsol_response UI <--- RIL_UNSOL_DATA_CALL_LIST_CHANGED (1010) --- RIL [RID 0, Len 560, (null)]
02-13 18:47:39.948 D/RILC    (  112): qmi_ril(0/112): [event] qcril_data_unsol_call_list_changed qcril_data_unsol_call_list_changed: EXIT with succ
02-13 18:47:39.948 I/RILC    (  112): qmi_ril(0/112): [event] qcril_data_event_hdlr try event obj dealloc
02-13 18:47:39.948 D/RILC    (  112): qmi_ril(0/112): [event] qcril_data_event_hdlr qcril_data_event_hdlr: EXIT with suc
02-13 18:47:39.948 I/RILC    (  112): qmi_ril(0/112): [event] qcril_data_event_hdlr <<<<<< UNLOCK QCRIL_DATA MUTEX 80211c14
02-13 18:47:39.948 I/RILC    (  112): qmi_ril(0/112): [event] qcril_data_event_hdlr UNLOCK QCRIL_DATA MUTEX 80211c14 result=0
02-13 18:47:39.948 I/RILC    (  112): qmi_ril(0/112): [event] qcril_process_event Exit qcril_process_event() : DATA_EVENT_CALLBACK, err_no 0
02-13 18:47:39.948 D/RILC    (  112): qmi_ril(0/112): [event] qcril_event_main qcril_event_main(): Waiting...
02-13 18:47:39.948 D/RILJ    (  342): [UNSL]< UNSOL_DATA_CALL_LIST_CHANGED [DataCallState: { cid: 0, active: 2, type: , apn: , address: 173.155.101.96 }, DataCallState: { cid: 1, active: 0, type: null, apn: null, address: null }, DataCallState: { cid: 2, active: 0, type: null, apn: null, address: null }, DataCallState: { cid: 3, active: 0, type: null, apn: null, address: null }, DataCallState: { cid: 4, active: 0, type: null, apn: null, address: null }, DataCallState: { cid: 5, active: 0, type: null, apn: null, address: null }, DataCallState: { cid: 6, active: 0, type: null, apn: null, address: null }, DataCallState: { cid: 7, active: 0, type: null, apn: null, address: null }, DataCallState: { cid: 8, active: 0, type: null, apn: null, address: null }, DataCallState: { cid: 9, active: 0, type: null, apn: null, address: null }, DataCallState: { cid: 10, active: 0, type: null, apn: null, address: null }, DataCallState: { cid: 11, active: 0, type: null, apn: null, address: null }, DataCallState: { cid: 12, active: 0, type: null, apn: null, address: null }, DataCallState: { cid: 13, active: 0, type: null, apn: null, address: null }, DataCallState: { cid: 14, active: 0, type: null, apn: null, address: null }, DataCallState: { cid: 15, active: 0, type: null, apn: null, address: null }, DataCallState: { cid: 16, active: 0, type: null, apn: null, address: null }, DataCallState: { cid: 17, active: 0, type: null, apn: null, address: null }, DataCallState: { cid: 18, active: 0, type: null, apn: null, address: null }, DataCallState: { cid: 19, active: 0, type: null, apn: null, address: null }]
02-13 18:47:41.089 I/RILC    (  112): qmi_ril(0/112): [qmi_cb] qcril_qmi_nas_unsolicited_indication_cb invoked msg 0x2
02-13 18:47:41.089 I/RILC    (  112): qmi_ril(0/112): [qmi_cb] qcril_qmi_nas_is_considered_registered qcril_qmi_nas_is_considered_registered entered
02-13 18:47:41.089 I/RILC    (  112): qmi_ril(0/112): [qmi_cb] qcril_qmi_nas_is_considered_registered qcril_qmi_nas_is_considered_registered completed with 1
02-13 18:47:41.089 I/RILC    (  112): qmi_ril(0/112): [qmi_cb] qcril_qmi_nas_event_report_ind_conv_qmi2ril qcril_qmi_nas_event_report_ind_conv_qmi2ril entered
02-13 18:47:41.089 I/RILC    (  112): qmi_ril(0/112): [qmi_cb] qcril_qmi_nas_event_report_ind_conv_qmi2ril .. reg reject valid 0
02-13 18:47:41.089 I/RILC    (  112): qmi_ril(0/112): [qmi_cb] qcril_qmi_nas_event_report_ind_conv_qmi2ril qcril_qmi_nas_event_report_ind_conv_qmi2ril completed
02-13 18:47:41.089 I/RILC    (  112): qmi_ril(0/112): [qmi_cb] qcril_qmi_nas_is_considered_registered qcril_qmi_nas_is_considered_registered entered
02-13 18:47:41.089 I/RILC    (  112): qmi_ril(0/112): [qmi_cb] qcril_qmi_nas_is_considered_registered qcril_qmi_nas_is_considered_registered completed with 1
02-13 18:47:41.089 D/RILC    (  112): qmi_ril(0/112): [qmi_cb] qcril_event_queue Event [<Unknown event> ?, 655370] data was NULL!
02-13 18:47:41.089 D/RILC    (  112): qmi_ril(0/112): [qmi_cb] qcril_event_queue RID 0 MID 0 Queued event <Unknown event> ? (0 bytes)
02-13 18:47:41.089 I/RILC    (  112): qmi_ril(0/112): [qmi_cb] qcril_qmi_nas_unsolicited_indication_cb .. operational state 3
02-13 18:47:41.089 I/RILC    (  112): qmi_ril(0/112): [qmi_cb] qcril_qmi_nas_unsolicited_indication_cb qcril_qmi_nas_unsolicited_indication_cb completed
02-13 18:47:41.089 D/RILC    (  112): qmi_ril(0/112): [event] qcril_event_main qcril_event_main(): 1 items on queue
02-13 18:47:41.089 D/RILC    (  112): qmi_ril(0/112): [event] qcril_event_main RID 0 MID 0 De-queued event <Unknown event> ? (655370)
02-13 18:47:41.089 D/RILC    (  112): qmi_ril(0/112): [event] qcril_process_event RIL <--- <Unknown event> ?(655370), RID 0, MID 0 --- AMSS
02-13 18:47:41.089 I/RILC    (  112): qmi_ril(0/112): [event] qcril_qmi_trigger_propagate_known_signal_strength_ind qcril_qmi_trigger_propagate_known_signal_strength_ind received
02-13 18:47:41.089 I/RILC    (  112): qmi_ril(0/112): [event] qcril_qmi_nas_propagate_known_signal_strength_ind qcril_qmi_nas_propagate_known_signal_strength_ind entered
02-13 18:47:41.089 I/RILC    (  112): qmi_ril(0/112): [event] qcril_qmi_nas_fetch_signal_strength_observations qcril_qmi_nas_fetch_signal_strength_observations entered
02-13 18:47:41.089 I/RILC    (  112): qmi_ril(0/112): [event] qcril_qmi_nas_fetch_signal_strength_observations ..req mask 48
02-13 18:47:41.089 I/RILC    (  112): qmi_ril(0/112): [event] qcril_qmi_nas_fetch_signal_strength_observations qcril_qmi_nas_request_signal_strength entered IF 48
02-13 18:47:41.089 I/RILC    (  112): qmi_ril(0/112): [event] qcril_qmi_nas_fetch_signal_strength_observations qcril_qmi_nas_request_signal_strength entered RIL_REQ_RES qmi_request.request__mask = 48
02-13 18:47:41.089 I/RILC    (  112): qmi_ril(0/112): [event] qcril_qmi_nas_fetch_signal_strength_observations qcril_qmi_nas_request_signal_strength entered IF QMI RESPONSE 48
02-13 18:47:41.089 I/RILC    (  112): qmi_ril(0/112): [event] qcril_qmi_util_convert_qmi_response_codes_to_ril_result_ex qcril_qmi_util_convert_qmi_response_codes_to_ril_result_ex ctx check 0
02-13 18:47:41.089 I/RILC    (  112): qmi_ril(0/112): [event] qcril_qmi_nas_fetch_signal_strength_observations qcril_qmi_nas_request_signal_strength entered IF UTIL_RES = SUCCESS 48
02-13 18:47:41.089 I/RILC    (  112): qmi_ril(0/112): [event] qcril_qmi_nas_fetch_signal_strength_observations qcril_qmi_nas_fetch_signal_strength_observations completed 0
02-13 18:47:41.089 I/RILC    (  112): qmi_ril(0/112): [event] qcril_qmi_nas_propagate_known_signal_strength_ind .. subfetch sig strength info 0
02-13 18:47:41.089 I/RILC    (  112): qmi_ril(0/112): [event] qcril_qmi_nas_dump_sign_strength_report qcril_qmi_nas_dump_sign_strength_report entered
02-13 18:47:41.089 I/RILC    (  112): qmi_ril(0/112): [event] qcril_qmi_nas_dump_sign_strength_report ..GW
02-13 18:47:41.099 I/RILC    (  112): qmi_ril(0/112): [event] qcril_qmi_nas_dump_sign_strength_report .. signalStrength 99, bitErrorRate 0
02-13 18:47:41.099 I/RILC    (  112): qmi_ril(0/112): [event] qcril_qmi_nas_dump_sign_strength_report ..CDMA
02-13 18:47:41.099 I/RILC    (  112): qmi_ril(0/112): [event] qcril_qmi_nas_dump_sign_strength_report .. dbm 82, ecio 85 
02-13 18:47:41.099 I/RILC    (  112): qmi_ril(0/112): [event] qcril_qmi_nas_dump_sign_strength_report ..EVDO
02-13 18:47:41.099 I/RILC    (  112): qmi_ril(0/112): [event] qcril_qmi_nas_dump_sign_strength_report .. dbm 90, ecio 5, signalNoiseRatio 8
02-13 18:47:41.099 I/RILC    (  112): qmi_ril(0/112): [event] qcril_qmi_nas_dump_sign_strength_report ..LTE
02-13 18:47:41.099 I/RILC    (  112): qmi_ril(0/112): [event] qcril_qmi_nas_dump_sign_strength_report .. signalStrength 99, rsrp 2147483647, rsrq 2147483647, rsnnr 2147483647
02-13 18:47:41.099 I/RILC    (  112): qmi_ril(0/112): [event] qcril_qmi_nas_dump_sign_strength_report qcril_qmi_nas_dump_sign_strength_report completed
02-13 18:47:41.099 I/RILC    (  112): qmi_ril(0/112): [event] qcril_qmi_nas_propagate_known_signal_strength_ind .. conf res 0
02-13 18:47:41.099 D/RILC    (  112): qmi_ril(0/112): [event] qcril_send_unsol_response UI <--- RIL_UNSOL_SIGNAL_STRENGTH (1009) --- RIL [RID 0, Len 48, (null)]
02-13 18:47:41.109 I/RILC    (  112): qmi_ril(0/112): [event] qcril_qmi_nas_propagate_known_signal_strength_ind qcril_qmi_nas_propagate_known_signal_strength_ind completed 0
02-13 18:47:41.109 I/RILC    (  112): qmi_ril(0/112): [event] qcril_process_event Exit qcril_process_event() : <Unknown event> ?, err_no 0
02-13 18:47:41.109 D/RILC    (  112): qmi_ril(0/112): [event] qcril_event_main qcril_event_main(): Waiting...
02-13 18:47:42.791 D/RILJ    (  342): [0062]> SIGNAL_STRENGTH
02-13 18:47:42.791 D/RILC    (  112): qmi_ril(0/112): [main] onRequest UI --- RIL_REQUEST_SIGNAL_STRENGTH (19) ---> RIL [RID 0, token id 62, data len 0]
02-13 18:47:42.791 I/RILC    (  112): qmi_ril(0/112): [main] qcril_qmi_nas_request_signal_strength qcril_qmi_nas_request_signal_strength entered
02-13 18:47:42.791 I/RILC    (  112): qmi_ril(0/112): [main] qcril_qmi_nas_is_considered_registered qcril_qmi_nas_is_considered_registered entered
02-13 18:47:42.791 I/RILC    (  112): qmi_ril(0/112): [main] qcril_qmi_nas_is_considered_registered qcril_qmi_nas_is_considered_registered completed with 1
02-13 18:47:42.791 I/RILC    (  112): qmi_ril(0/112): [main] qcril_qmi_nas_request_signal_strength .. is registered 1
02-13 18:47:42.791 I/RILC    (  112): qmi_ril(0/112): [main] qcril_qmi_nas_fetch_signal_strength_observations qcril_qmi_nas_fetch_signal_strength_observations entered
02-13 18:47:42.791 I/RILC    (  112): qmi_ril(0/112): [main] qcril_qmi_nas_fetch_signal_strength_observations ..req mask 32
02-13 18:47:42.791 I/RILC    (  112): qmi_ril(0/112): [main] qcril_qmi_nas_fetch_signal_strength_observations qcril_qmi_nas_request_signal_strength entered IF 32
02-13 18:47:42.791 I/RILC    (  112): qmi_ril(0/112): [main] qcril_qmi_nas_fetch_signal_strength_observations qcril_qmi_nas_request_signal_strength entered RIL_REQ_RES qmi_request.request__mask = 32
02-13 18:47:42.791 I/RILC    (  112): qmi_ril(0/112): [main] qcril_qmi_nas_fetch_signal_strength_observations qcril_qmi_nas_request_signal_strength entered IF QMI RESPONSE 32
02-13 18:47:42.801 I/RILC    (  112): qmi_ril(0/112): [main] qcril_qmi_util_convert_qmi_response_codes_to_ril_result_ex qcril_qmi_util_convert_qmi_response_codes_to_ril_result_ex ctx check 0
02-13 18:47:42.801 I/RILC    (  112): qmi_ril(0/112): [main] qcril_qmi_nas_fetch_signal_strength_observations qcril_qmi_nas_request_signal_strength entered IF UTIL_RES = SUCCESS 32
02-13 18:47:42.801 I/RILC    (  112): qmi_ril(0/112): [main] qcril_qmi_nas_fetch_signal_strength_observations qcril_qmi_nas_fetch_signal_strength_observations completed 0
02-13 18:47:42.801 I/RILC    (  112): qmi_ril(0/112): [main] qcril_qmi_nas_request_signal_strength .. subfetch sig strength info 0
02-13 18:47:42.801 I/RILC    (  112): qmi_ril(0/112): [main] qcril_qmi_nas_dump_sign_strength_report qcril_qmi_nas_dump_sign_strength_report entered
02-13 18:47:42.801 I/RILC    (  112): qmi_ril(0/112): [main] qcril_qmi_nas_dump_sign_strength_report ..GW
02-13 18:47:42.801 I/RILC    (  112): qmi_ril(0/112): [main] qcril_qmi_nas_dump_sign_strength_report .. signalStrength 99, bitErrorRate 0
02-13 18:47:42.801 I/RILC    (  112): qmi_ril(0/112): [main] qcril_qmi_nas_dump_sign_strength_report ..CDMA
02-13 18:47:42.801 I/RILC    (  112): qmi_ril(0/112): [main] qcril_qmi_nas_dump_sign_strength_report .. dbm 82, ecio 85 
02-13 18:47:42.801 I/RILC    (  112): qmi_ril(0/112): [main] qcril_qmi_nas_dump_sign_strength_report ..EVDO
02-13 18:47:42.801 I/RILC    (  112): qmi_ril(0/112): [main] qcril_qmi_nas_dump_sign_strength_report .. dbm 90, ecio 5, signalNoiseRatio 8
02-13 18:47:42.801 I/RILC    (  112): qmi_ril(0/112): [main] qcril_qmi_nas_dump_sign_strength_report ..LTE
02-13 18:47:42.801 I/RILC    (  112): qmi_ril(0/112): [main] qcril_qmi_nas_dump_sign_strength_report .. signalStrength 99, rsrp 2147483647, rsrq 2147483647, rsnnr 2147483647
02-13 18:47:42.801 I/RILC    (  112): qmi_ril(0/112): [main] qcril_qmi_nas_dump_sign_strength_report qcril_qmi_nas_dump_sign_strength_report completed
02-13 18:47:42.801 I/RILC    (  112): qmi_ril(0/112): [main] qcril_qmi_nas_request_signal_strength qcril_qmi_nas_request_signal_strength responsed with payload
02-13 18:47:42.801 I/RILC    (  112): qmi_ril(0/112): [main] qcril_reqlist_find [RID 0] Not found ReqList entry : token id 62
02-13 18:47:42.801 D/RILC    (  112): qmi_ril(0/112): [main] qcril_send_request_response UI <--- RIL_REQUEST_SIGNAL_STRENGTH (19) Complete --- RIL [RID 0, Token 62, Success, Len 48 ]
02-13 18:47:42.801 D/RILJ    (  342): [0062]< SIGNAL_STRENGTH {99, 0, 82, 85, 90, 5, 8, 99, 2147483647, 2147483647, 2147483647, 2147483647}
02-13 18:47:42.811 I/RILC    (  112): qmi_ril(0/112): [main] qcril_qmi_nas_request_signal_strength qcril_qmi_nas_request_signal_strength completed 0
02-13 18:47:43.241 I/RILC    (  112): qmi_ril(0/112): [qmi_cb] qcril_qmi_nas_unsolicited_indication_cb invoked msg 0x2
02-13 18:47:43.241 I/RILC    (  112): qmi_ril(0/112): [qmi_cb] qcril_qmi_nas_is_considered_registered qcril_qmi_nas_is_considered_registered entered
02-13 18:47:43.241 I/RILC    (  112): qmi_ril(0/112): [qmi_cb] qcril_qmi_nas_is_considered_registered qcril_qmi_nas_is_considered_registered completed with 1
02-13 18:47:43.241 I/RILC    (  112): qmi_ril(0/112): [qmi_cb] qcril_qmi_nas_event_report_ind_conv_qmi2ril qcril_qmi_nas_event_report_ind_conv_qmi2ril entered
02-13 18:47:43.241 I/RILC    (  112): qmi_ril(0/112): [qmi_cb] qcril_qmi_nas_event_report_ind_conv_qmi2ril .. reg reject valid 0
02-13 18:47:43.241 I/RILC    (  112): qmi_ril(0/112): [qmi_cb] qcril_qmi_nas_event_report_ind_conv_qmi2ril qcril_qmi_nas_event_report_ind_conv_qmi2ril completed
02-13 18:47:43.241 I/RILC    (  112): qmi_ril(0/112): [qmi_cb] qcril_qmi_nas_is_considered_registered qcril_qmi_nas_is_considered_registered entered
02-13 18:47:43.241 I/RILC    (  112): qmi_ril(0/112): [qmi_cb] qcril_qmi_nas_is_considered_registered qcril_qmi_nas_is_considered_registered completed with 1
02-13 18:47:43.241 D/RILC    (  112): qmi_ril(0/112): [qmi_cb] qcril_event_queue Event [<Unknown event> ?, 655370] data was NULL!
02-13 18:47:43.241 D/RILC    (  112): qmi_ril(0/112): [event] qcril_event_main qcril_event_main(): 1 items on queue
02-13 18:47:43.241 D/RILC    (  112): qmi_ril(0/112): [event] qcril_event_main RID 0 MID 0 De-queued event <Unknown event> ? (655370)
02-13 18:47:43.241 D/RILC    (  112): qmi_ril(0/112): [event] qcril_process_event RIL <--- <Unknown event> ?(655370), RID 0, MID 0 --- AMSS
02-13 18:47:43.241 I/RILC    (  112): qmi_ril(0/112): [event] qcril_qmi_trigger_propagate_known_signal_strength_ind qcril_qmi_trigger_propagate_known_signal_strength_ind received
02-13 18:47:43.241 I/RILC    (  112): qmi_ril(0/112): [event] qcril_qmi_nas_propagate_known_signal_strength_ind qcril_qmi_nas_propagate_known_signal_strength_ind entered
02-13 18:47:43.241 I/RILC    (  112): qmi_ril(0/112): [event] qcril_qmi_nas_fetch_signal_strength_observations qcril_qmi_nas_fetch_signal_strength_observations entered
02-13 18:47:43.241 I/RILC    (  112): qmi_ril(0/112): [event] qcril_qmi_nas_fetch_signal_strength_observations ..req mask 33
02-13 18:47:43.241 I/RILC    (  112): qmi_ril(0/112): [event] qcril_qmi_nas_fetch_signal_strength_observations qcril_qmi_nas_request_signal_strength entered IF 33
02-13 18:47:43.241 I/RILC    (  112): qmi_ril(0/112): [event] qcril_qmi_nas_fetch_signal_strength_observations qcril_qmi_nas_request_signal_strength entered RIL_REQ_RES qmi_request.request__mask = 33
02-13 18:47:43.241 I/RILC    (  112): qmi_ril(0/112): [event] qcril_qmi_nas_fetch_signal_strength_observations qcril_qmi_nas_request_signal_strength entered IF QMI RESPONSE 33
02-13 18:47:43.241 D/RILC    (  112): qmi_ril(0/112): [qmi_cb] qcril_event_queue RID 0 MID 0 Queued event <Unknown event> ? (0 bytes)
02-13 18:47:43.241 I/RILC    (  112): qmi_ril(0/112): [qmi_cb] qcril_qmi_nas_unsolicited_indication_cb .. operational state 3
02-13 18:47:43.241 I/RILC    (  112): qmi_ril(0/112): [qmi_cb] qcril_qmi_nas_unsolicited_indication_cb qcril_qmi_nas_unsolicited_indication_cb completed
02-13 18:47:43.241 I/RILC    (  112): qmi_ril(0/112): [event] qcril_qmi_util_convert_qmi_response_codes_to_ril_result_ex qcril_qmi_util_convert_qmi_response_codes_to_ril_result_ex ctx check 0
02-13 18:47:43.241 I/RILC    (  112): qmi_ril(0/112): [event] qcril_qmi_nas_fetch_signal_strength_observations qcril_qmi_nas_request_signal_strength entered IF UTIL_RES = SUCCESS 33
02-13 18:47:43.251 I/RILC    (  112): qmi_ril(0/112): [event] qcril_qmi_nas_fetch_signal_strength_observations qcril_qmi_nas_fetch_signal_strength_observations completed 0
02-13 18:47:43.251 I/RILC    (  112): qmi_ril(0/112): [event] qcril_qmi_nas_propagate_known_signal_strength_ind .. subfetch sig strength info 0
02-13 18:47:43.251 I/RILC    (  112): qmi_ril(0/112): [event] qcril_qmi_nas_dump_sign_strength_report qcril_qmi_nas_dump_sign_strength_report entered
02-13 18:47:43.251 I/RILC    (  112): qmi_ril(0/112): [event] qcril_qmi_nas_dump_sign_strength_report ..GW
02-13 18:47:43.251 I/RILC    (  112): qmi_ril(0/112): [event] qcril_qmi_nas_dump_sign_strength_report .. signalStrength 99, bitErrorRate 0
02-13 18:47:43.251 I/RILC    (  112): qmi_ril(0/112): [event] qcril_qmi_nas_dump_sign_strength_report ..CDMA
02-13 18:47:43.251 I/RILC    (  112): qmi_ril(0/112): [event] qcril_qmi_nas_dump_sign_strength_report .. dbm 82, ecio 85 
02-13 18:47:43.251 I/RILC    (  112): qmi_ril(0/112): [event] qcril_qmi_nas_dump_sign_strength_report ..EVDO
02-13 18:47:43.251 I/RILC    (  112): qmi_ril(0/112): [event] qcril_qmi_nas_dump_sign_strength_report .. dbm 86, ecio 5, signalNoiseRatio 8
02-13 18:47:43.251 I/RILC    (  112): qmi_ril(0/112): [event] qcril_qmi_nas_dump_sign_strength_report ..LTE
02-13 18:47:43.251 I/RILC    (  112): qmi_ril(0/112): [event] qcril_qmi_nas_dump_sign_strength_report .. signalStrength 99, rsrp 2147483647, rsrq 2147483647, rsnnr 2147483647
02-13 18:47:43.251 I/RILC    (  112): qmi_ril(0/112): [event] qcril_qmi_nas_dump_sign_strength_report qcril_qmi_nas_dump_sign_strength_report completed
02-13 18:47:43.251 I/RILC    (  112): qmi_ril(0/112): [event] qcril_qmi_nas_propagate_known_signal_strength_ind .. conf res 0
02-13 18:47:43.251 D/RILC    (  112): qmi_ril(0/112): [event] qcril_send_unsol_response UI <--- RIL_UNSOL_SIGNAL_STRENGTH (1009) --- RIL [RID 0, Len 48, (null)]
02-13 18:47:43.281 I/RILC    (  112): qmi_ril(0/112): [event] qcril_qmi_nas_propagate_known_signal_strength_ind qcril_qmi_nas_propagate_known_signal_strength_ind completed 0
02-13 18:47:43.281 I/RILC    (  112): qmi_ril(0/112): [event] qcril_process_event Exit qcril_process_event() : <Unknown event> ?, err_no 0
02-13 18:47:43.281 D/RILC    (  112): qmi_ril(0/112): [event] qcril_event_main qcril_event_main(): Waiting...
02-13 18:47:45.484 I/RILC    (  112): qmi_ril(0/112): [qmi_cb] qcril_qmi_nas_unsolicited_indication_cb invoked msg 0x2
02-13 18:47:45.484 I/RILC    (  112): qmi_ril(0/112): [qmi_cb] qcril_qmi_nas_is_considered_registered qcril_qmi_nas_is_considered_registered entered
02-13 18:47:45.484 I/RILC    (  112): qmi_ril(0/112): [qmi_cb] qcril_qmi_nas_is_considered_registered qcril_qmi_nas_is_considered_registered completed with 1
02-13 18:47:45.484 I/RILC    (  112): qmi_ril(0/112): [qmi_cb] qcril_qmi_nas_event_report_ind_conv_qmi2ril qcril_qmi_nas_event_report_ind_conv_qmi2ril entered
02-13 18:47:45.484 I/RILC    (  112): qmi_ril(0/112): [qmi_cb] qcril_qmi_nas_event_report_ind_conv_qmi2ril .. reg reject valid 0
02-13 18:47:45.484 I/RILC    (  112): qmi_ril(0/112): [qmi_cb] qcril_qmi_nas_event_report_ind_conv_qmi2ril qcril_qmi_nas_event_report_ind_conv_qmi2ril completed
02-13 18:47:45.484 I/RILC    (  112): qmi_ril(0/112): [qmi_cb] qcril_qmi_nas_is_considered_registered qcril_qmi_nas_is_considered_registered entered
02-13 18:47:45.484 I/RILC    (  112): qmi_ril(0/112): [qmi_cb] qcril_qmi_nas_is_considered_registered qcril_qmi_nas_is_considered_registered completed with 1
02-13 18:47:45.484 D/RILC    (  112): qmi_ril(0/112): [qmi_cb] qcril_event_queue Event [<Unknown event> ?, 655370] data was NULL!
02-13 18:47:45.484 D/RILC    (  112): qmi_ril(0/112): [qmi_cb] qcril_event_queue RID 0 MID 0 Queued event <Unknown event> ? (0 bytes)
02-13 18:47:45.484 I/RILC    (  112): qmi_ril(0/112): [qmi_cb] qcril_qmi_nas_unsolicited_indication_cb .. operational state 3
02-13 18:47:45.484 I/RILC    (  112): qmi_ril(0/112): [qmi_cb] qcril_qmi_nas_unsolicited_indication_cb qcril_qmi_nas_unsolicited_indication_cb completed
02-13 18:47:45.484 D/RILC    (  112): qmi_ril(0/112): [event] qcril_event_main qcril_event_main(): 1 items on queue
02-13 18:47:45.484 D/RILC    (  112): qmi_ril(0/112): [event] qcril_event_main RID 0 MID 0 De-queued event <Unknown event> ? (655370)
02-13 18:47:45.484 D/RILC    (  112): qmi_ril(0/112): [event] qcril_process_event RIL <--- <Unknown event> ?(655370), RID 0, MID 0 --- AMSS
02-13 18:47:45.484 I/RILC    (  112): qmi_ril(0/112): [event] qcril_qmi_trigger_propagate_known_signal_strength_ind qcril_qmi_trigger_propagate_known_signal_strength_ind received
02-13 18:47:45.484 I/RILC    (  112): qmi_ril(0/112): [event] qcril_qmi_nas_propagate_known_signal_strength_ind qcril_qmi_nas_propagate_known_signal_strength_ind entered
02-13 18:47:45.484 I/RILC    (  112): qmi_ril(0/112): [event] qcril_qmi_nas_fetch_signal_strength_observations qcril_qmi_nas_fetch_signal_strength_observations entered
02-13 18:47:45.484 I/RILC    (  112): qmi_ril(0/112): [event] qcril_qmi_nas_fetch_signal_strength_observations ..req mask 33
02-13 18:47:45.484 I/RILC    (  112): qmi_ril(0/112): [event] qcril_qmi_nas_fetch_signal_strength_observations qcril_qmi_nas_request_signal_strength entered IF 33
02-13 18:47:45.484 I/RILC    (  112): qmi_ril(0/112): [event] qcril_qmi_nas_fetch_signal_strength_observations qcril_qmi_nas_request_signal_strength entered RIL_REQ_RES qmi_request.request__mask = 33
02-13 18:47:45.484 I/RILC    (  112): qmi_ril(0/112): [event] qcril_qmi_nas_fetch_signal_strength_observations qcril_qmi_nas_request_signal_strength entered IF QMI RESPONSE 33
02-13 18:47:45.484 I/RILC    (  112): qmi_ril(0/112): [event] qcril_qmi_util_convert_qmi_response_codes_to_ril_result_ex qcril_qmi_util_convert_qmi_response_codes_to_ril_result_ex ctx check 0
02-13 18:47:45.484 I/RILC    (  112): qmi_ril(0/112): [event] qcril_qmi_nas_fetch_signal_strength_observations qcril_qmi_nas_request_signal_strength entered IF UTIL_RES = SUCCESS 33
02-13 18:47:45.484 I/RILC    (  112): qmi_ril(0/112): [event] qcril_qmi_nas_fetch_signal_strength_observations qcril_qmi_nas_fetch_signal_strength_observations completed 0
02-13 18:47:45.484 I/RILC    (  112): qmi_ril(0/112): [event] qcril_qmi_nas_propagate_known_signal_strength_ind .. subfetch sig strength info 0
02-13 18:47:45.484 I/RILC    (  112): qmi_ril(0/112): [event] qcril_qmi_nas_dump_sign_strength_report qcril_qmi_nas_dump_sign_strength_report entered
02-13 18:47:45.484 I/RILC    (  112): qmi_ril(0/112): [event] qcril_qmi_nas_dump_sign_strength_report ..GW
02-13 18:47:45.484 I/RILC    (  112): qmi_ril(0/112): [event] qcril_qmi_nas_dump_sign_strength_report .. signalStrength 99, bitErrorRate 0
02-13 18:47:45.484 I/RILC    (  112): qmi_ril(0/112): [event] qcril_qmi_nas_dump_sign_strength_report ..CDMA
02-13 18:47:45.484 I/RILC    (  112): qmi_ril(0/112): [event] qcril_qmi_nas_dump_sign_strength_report .. dbm 82, ecio 85 
02-13 18:47:45.484 I/RILC    (  112): qmi_ril(0/112): [event] qcril_qmi_nas_dump_sign_strength_report ..EVDO
02-13 18:47:45.484 I/RILC    (  112): qmi_ril(0/112): [event] qcril_qmi_nas_dump_sign_strength_report .. dbm 94, ecio 5, signalNoiseRatio 8
02-13 18:47:45.484 I/RILC    (  112): qmi_ril(0/112): [event] qcril_qmi_nas_dump_sign_strength_report ..LTE
02-13 18:47:45.484 I/RILC    (  112): qmi_ril(0/112): [event] qcril_qmi_nas_dump_sign_strength_report .. signalStrength 99, rsrp 2147483647, rsrq 2147483647, rsnnr 2147483647
02-13 18:47:45.484 I/RILC    (  112): qmi_ril(0/112): [event] qcril_qmi_nas_dump_sign_strength_report qcril_qmi_nas_dump_sign_strength_report completed
02-13 18:47:45.484 I/RILC    (  112): qmi_ril(0/112): [event] qcril_qmi_nas_propagate_known_signal_strength_ind .. conf res 0
02-13 18:47:45.484 D/RILC    (  112): qmi_ril(0/112): [event] qcril_send_unsol_response UI <--- RIL_UNSOL_SIGNAL_STRENGTH (1009) --- RIL [RID 0, Len 48, (null)]
02-13 18:47:45.484 I/RILC    (  112): qmi_ril(0/112): [event] qcril_qmi_nas_propagate_known_signal_strength_ind qcril_qmi_nas_propagate_known_signal_strength_ind completed 0
02-13 18:47:45.484 I/RILC    (  112): qmi_ril(0/112): [event] qcril_process_event Exit qcril_process_event() : <Unknown event> ?, err_no 0
02-13 18:47:45.484 D/RILC    (  112): qmi_ril(0/112): [event] qcril_event_main qcril_event_main(): Waiting...
02-13 18:47:47.726 I/RILC    (  112): qmi_ril(0/112): [qmi_cb] qcril_qmi_nas_unsolicited_indication_cb invoked msg 0x2
02-13 18:47:47.726 I/RILC    (  112): qmi_ril(0/112): [qmi_cb] qcril_qmi_nas_is_considered_registered qcril_qmi_nas_is_considered_registered entered
02-13 18:47:47.726 I/RILC    (  112): qmi_ril(0/112): [qmi_cb] qcril_qmi_nas_is_considered_registered qcril_qmi_nas_is_considered_registered completed with 1
02-13 18:47:47.726 I/RILC    (  112): qmi_ril(0/112): [qmi_cb] qcril_qmi_nas_event_report_ind_conv_qmi2ril qcril_qmi_nas_event_report_ind_conv_qmi2ril entered
02-13 18:47:47.726 I/RILC    (  112): qmi_ril(0/112): [qmi_cb] qcril_qmi_nas_event_report_ind_conv_qmi2ril .. reg reject valid 0
02-13 18:47:47.726 I/RILC    (  112): qmi_ril(0/112): [qmi_cb] qcril_qmi_nas_event_report_ind_conv_qmi2ril qcril_qmi_nas_event_report_ind_conv_qmi2ril completed
02-13 18:47:47.726 I/RILC    (  112): qmi_ril(0/112): [qmi_cb] qcril_qmi_nas_is_considered_registered qcril_qmi_nas_is_considered_registered entered
02-13 18:47:47.726 I/RILC    (  112): qmi_ril(0/112): [qmi_cb] qcril_qmi_nas_is_considered_registered qcril_qmi_nas_is_considered_registered completed with 1
02-13 18:47:47.726 D/RILC    (  112): qmi_ril(0/112): [qmi_cb] qcril_event_queue Event [<Unknown event> ?, 655370] data was NULL!
02-13 18:47:47.726 D/RILC    (  112): qmi_ril(0/112): [event] qcril_event_main qcril_event_main(): 1 items on queue
02-13 18:47:47.726 D/RILC    (  112): qmi_ril(0/112): [event] qcril_event_main RID 0 MID 0 De-queued event <Unknown event> ? (655370)
02-13 18:47:47.726 D/RILC    (  112): qmi_ril(0/112): [event] qcril_process_event RIL <--- <Unknown event> ?(655370), RID 0, MID 0 --- AMSS
02-13 18:47:47.726 I/RILC    (  112): qmi_ril(0/112): [event] qcril_qmi_trigger_propagate_known_signal_strength_ind qcril_qmi_trigger_propagate_known_signal_strength_ind received
02-13 18:47:47.726 I/RILC    (  112): qmi_ril(0/112): [event] qcril_qmi_nas_propagate_known_signal_strength_ind qcril_qmi_nas_propagate_known_signal_strength_ind entered
02-13 18:47:47.726 I/RILC    (  112): qmi_ril(0/112): [event] qcril_qmi_nas_fetch_signal_strength_observations qcril_qmi_nas_fetch_signal_strength_observations entered
02-13 18:47:47.726 I/RILC    (  112): qmi_ril(0/112): [event] qcril_qmi_nas_fetch_signal_strength_observations ..req mask 33
02-13 18:47:47.726 I/RILC    (  112): qmi_ril(0/112): [event] qcril_qmi_nas_fetch_signal_strength_observations qcril_qmi_nas_request_signal_strength entered IF 33
02-13 18:47:47.726 I/RILC    (  112): qmi_ril(0/112): [event] qcril_qmi_nas_fetch_signal_strength_observations qcril_qmi_nas_request_signal_strength entered RIL_REQ_RES qmi_request.request__mask = 33
02-13 18:47:47.726 I/RILC    (  112): qmi_ril(0/112): [event] qcril_qmi_nas_fetch_signal_strength_observations qcril_qmi_nas_request_signal_strength entered IF QMI RESPONSE 33
02-13 18:47:47.726 D/RILC    (  112): qmi_ril(0/112): [qmi_cb] qcril_event_queue RID 0 MID 0 Queued event <Unknown event> ? (0 bytes)
02-13 18:47:47.726 I/RILC    (  112): qmi_ril(0/112): [qmi_cb] qcril_qmi_nas_unsolicited_indication_cb .. operational state 3
02-13 18:47:47.726 I/RILC    (  112): qmi_ril(0/112): [qmi_cb] qcril_qmi_nas_unsolicited_indication_cb qcril_qmi_nas_unsolicited_indication_cb completed
02-13 18:47:47.736 I/RILC    (  112): qmi_ril(0/112): [event] qcril_qmi_util_convert_qmi_response_codes_to_ril_result_ex qcril_qmi_util_convert_qmi_response_codes_to_ril_result_ex ctx check 0
02-13 18:47:47.736 I/RILC    (  112): qmi_ril(0/112): [event] qcril_qmi_nas_fetch_signal_strength_observations qcril_qmi_nas_request_signal_strength entered IF UTIL_RES = SUCCESS 33
02-13 18:47:47.736 I/RILC    (  112): qmi_ril(0/112): [event] qcril_qmi_nas_fetch_signal_strength_observations qcril_qmi_nas_fetch_signal_strength_observations completed 0
02-13 18:47:47.736 I/RILC    (  112): qmi_ril(0/112): [event] qcril_qmi_nas_propagate_known_signal_strength_ind .. subfetch sig strength info 0
02-13 18:47:47.736 I/RILC    (  112): qmi_ril(0/112): [event] qcril_qmi_nas_dump_sign_strength_report qcril_qmi_nas_dump_sign_strength_report entered
02-13 18:47:47.736 I/RILC    (  112): qmi_ril(0/112): [event] qcril_qmi_nas_dump_sign_strength_report ..GW
02-13 18:47:47.736 I/RILC    (  112): qmi_ril(0/112): [event] qcril_qmi_nas_dump_sign_strength_report .. signalStrength 99, bitErrorRate 0
02-13 18:47:47.736 I/RILC    (  112): qmi_ril(0/112): [event] qcril_qmi_nas_dump_sign_strength_report ..CDMA
02-13 18:47:47.736 I/RILC    (  112): qmi_ril(0/112): [event] qcril_qmi_nas_dump_sign_strength_report .. dbm 82, ecio 85 
02-13 18:47:47.736 I/RILC    (  112): qmi_ril(0/112): [event] qcril_qmi_nas_dump_sign_strength_report ..EVDO
02-13 18:47:47.736 I/RILC    (  112): qmi_ril(0/112): [event] qcril_qmi_nas_dump_sign_strength_report .. dbm 91, ecio 5, signalNoiseRatio 8
02-13 18:47:47.736 I/RILC    (  112): qmi_ril(0/112): [event] qcril_qmi_nas_dump_sign_strength_report ..LTE
02-13 18:47:47.736 I/RILC    (  112): qmi_ril(0/112): [event] qcril_qmi_nas_dump_sign_strength_report .. signalStrength 99, rsrp 2147483647, rsrq 2147483647, rsnnr 2147483647
02-13 18:47:47.736 I/RILC    (  112): qmi_ril(0/112): [event] qcril_qmi_nas_dump_sign_strength_report qcril_qmi_nas_dump_sign_strength_report completed
02-13 18:47:47.736 I/RILC    (  112): qmi_ril(0/112): [event] qcril_qmi_nas_propagate_known_signal_strength_ind .. conf res 0
02-13 18:47:47.736 D/RILC    (  112): qmi_ril(0/112): [event] qcril_send_unsol_response UI <--- RIL_UNSOL_SIGNAL_STRENGTH (1009) --- RIL [RID 0, Len 48, (null)]
02-13 18:47:47.766 I/RILC    (  112): qmi_ril(0/112): [event] qcril_qmi_nas_propagate_known_signal_strength_ind qcril_qmi_nas_propagate_known_signal_strength_ind completed 0
02-13 18:47:47.766 I/RILC    (  112): qmi_ril(0/112): [event] qcril_process_event Exit qcril_process_event() : <Unknown event> ?, err_no 0
02-13 18:47:47.766 D/RILC    (  112): qmi_ril(0/112): [event] qcril_event_main qcril_event_main(): Waiting...
02-13 18:47:50.358 I/RILC    (  112): qmi_ril(0/112): [qmi_cb] qcril_qmi_nas_unsolicited_indication_cb invoked msg 0x24
02-13 18:47:50.358 I/RILC    (  112): qmi_ril(0/112): [qmi_cb] qcril_qmi_nas_is_considered_registered qcril_qmi_nas_is_considered_registered entered
02-13 18:47:50.358 I/RILC    (  112): qmi_ril(0/112): [qmi_cb] qcril_qmi_nas_is_considered_registered qcril_qmi_nas_is_considered_registered completed with 1
02-13 18:47:50.358 I/RILC    (  112): qmi_ril(0/112): [qmi_cb] qcril_qmi_nas_serving_system_ind_conv_qmi2ril qcril_qmi_nas_serving_system_ind_conv_qmi2ril entered
02-13 18:47:50.358 I/RILC    (  112): qmi_ril(0/112): [qmi_cb] qcril_qmi_nas_serving_system_ind_conv_qmi2ril .. fundamental change 0
02-13 18:47:50.358 I/RILC    (  112): qmi_ril(0/112): [qmi_cb] qcril_qmi_voice_technology_updated qcril_qmi_voice_technology_updated entered
02-13 18:47:50.358 I/RILC    (  112): qmi_ril(0/112): [qmi_cb] qcril_qmi_voice_technology_updated ..nas_cached_info.serving_system valid 1
02-13 18:47:50.358 I/RILC    (  112): qmi_ril(0/112): [qmi_cb] qcril_qmi_voice_technology_updated .. selected NW 1
02-13 18:47:50.358 I/RILC    (  112): qmi_ril(0/112): [qmi_cb] qcril_qmi_voice_technology_updated .. NW state 1
02-13 18:47:50.358 I/RILC    (  112): qmi_ril(0/112): [qmi_cb] qcril_qmi_mgr_voice_technology_updated qcril_qmi_mgr_voice_technology_updated entered
02-13 18:47:50.358 I/RILC    (  112): qmi_ril(0/112): [qmi_cb] qcril_qmi_mgr_voice_technology_updated qcril_qmi_mgr_voice_technology_updated left 2
02-13 18:47:50.358 I/RILC    (  112): qmi_ril(0/112): [qmi_cb] qcril_qmi_voice_technology_updated qcril_qmi_voice_technology_updated completed for 2
02-13 18:47:50.358 I/RILC    (  112): qmi_ril(0/112): [qmi_cb] qmi_ril_nwr_update_reg_rej_legacy qmi_ril_nwr_update_reg_rej_legacy entered
02-13 18:47:50.358 I/RILC    (  112): qmi_ril(0/112): [qmi_cb] qmi_ril_nwr_update_reg_rej_legacy .. ss srv reg state 1
02-13 18:47:50.358 I/RILC    (  112): qmi_ril(0/112): [qmi_cb] qmi_ril_nwr_update_reg_rej_legacy .. reje CS cs_rejected 0
02-13 18:47:50.358 I/RILC    (  112): qmi_ril(0/112): [qmi_cb] qmi_ril_nwr_update_reg_rej_legacy .. reje CS cs_reject_cause 0
02-13 18:47:50.358 I/RILC    (  112): qmi_ril(0/112): [qmi_cb] qmi_ril_nwr_update_reg_rej_legacy .. reje PS ps_rejected 0
02-13 18:47:50.358 I/RILC    (  112): qmi_ril(0/112): [qmi_cb] qmi_ril_nwr_update_reg_rej_legacy .. reje PS ps_reject_cause 0
02-13 18:47:50.358 I/RILC    (  112): qmi_ril(0/112): [qmi_cb] qmi_ril_nwr_util_log_mccmnc_str .. reje mcc - 
02-13 18:47:50.358 I/RILC    (  112): qmi_ril(0/112): [qmi_cb] qmi_ril_nwr_util_log_mccmnc_str .. reje mnc - 
02-13 18:47:50.358 I/RILC    (  112): qmi_ril(0/112): [qmi_cb] qmi_ril_nwr_update_reg_rej_legacy qmi_ril_nwr_update_reg_rej_legacy completed
02-13 18:47:50.358 I/RILC    (  112): qmi_ril(0/112): [qmi_cb] qcril_qmi_nas_serving_system_ind_conv_qmi2ril qcril_qmi_nas_serving_system_ind_conv_qmi2ril serving_system cached 1
02-13 18:47:50.358 I/RILC    (  112): qmi_ril(0/112): [qmi_cb] qcril_qmi_nas_serving_system_ind_conv_qmi2ril qcril_qmi_nas_serving_system_ind_conv_qmi2ril roaming_indicator cached 1
02-13 18:47:50.358 I/RILC    (  112): qmi_ril(0/112): [qmi_cb] qcril_qmi_nas_serving_system_ind_conv_qmi2ril qcril_qmi_nas_serving_system_ind_conv_qmi2ril data_capabilities cached 1
02-13 18:47:50.358 I/RILC    (  112): qmi_ril(0/112): [qmi_cb] qcril_qmi_nas_serving_system_ind_conv_qmi2ril qcril_qmi_nas_serving_system_ind_conv_qmi2ril current_plmn cached 0
02-13 18:47:50.358 I/RILC    (  112): qmi_ril(0/112): [qmi_cb] qcril_qmi_nas_serving_system_ind_conv_qmi2ril qcril_qmi_nas_serving_system_ind_conv_qmi2ril mnc_includes_pcs_digit cached 0
02-13 18:47:50.358 I/RILC    (  112): qmi_ril(0/112): [qmi_cb] qcril_qmi_nas_serving_system_ind_conv_qmi2ril qcril_qmi_nas_serving_system_ind_conv_qmi2ril completed
02-13 18:47:50.358 I/RILC    (  112): qmi_ril(0/112): [qmi_cb] qcril_qmi_nas_is_considered_registered qcril_qmi_nas_is_considered_registered entered
02-13 18:47:50.358 I/RILC    (  112): qmi_ril(0/112): [qmi_cb] qcril_qmi_nas_is_considered_registered qcril_qmi_nas_is_considered_registered completed with 1
02-13 18:47:50.358 I/RILC    (  112): qmi_ril(0/112): [qmi_cb] qcril_qmi_nas_unsolicited_indication_cb .. operational state 3
02-13 18:47:50.358 D/RILC    (  112): qmi_ril(0/112): [qmi_cb] qcril_send_unsol_response UI <--- RIL_UNSOL_RESPONSE_NETWORK_STATE_CHANGED (1002) --- RIL [RID 0, Len 0, (null)]
02-13 18:47:50.378 D/RILJ    (  342): [UNSL]< UNSOL_RESPONSE_NETWORK_STATE_CHANGED
02-13 18:47:50.378 D/RILJ    (  342): [0063]> OPERATOR
02-13 18:47:50.378 D/RILJ    (  342): [0064]> REGISTRATION_STATE
02-13 18:47:50.378 D/RILC    (  112): qmi_ril(0/112): [main] onRequest UI --- RIL_REQUEST_OPERATOR (22) ---> RIL [RID 0, token id 63, data len 0]
02-13 18:47:50.378 I/RILC    (  112): qmi_ril(0/112): [main] qcril_qmi_nas_request_operator qcril_qmi_nas_request_operator entered
02-13 18:47:50.378 I/RILC    (  112): qmi_ril(0/112): [main] qcril_qmi_nas_is_considered_registered qcril_qmi_nas_is_considered_registered entered
02-13 18:47:50.378 I/RILC    (  112): qmi_ril(0/112): [main] qcril_qmi_nas_is_considered_registered qcril_qmi_nas_is_considered_registered completed with 1
02-13 18:47:50.378 I/RILC    (  112): qmi_ril(0/112): [main] qcril_qmi_nas_is_in_service_of_technology qcril_qmi_nas_is_in_service_of_technology entered
02-13 18:47:50.378 I/RILC    (  112): qmi_ril(0/112): [main] qcril_qmi_nas_is_in_service_of_technology qcril_qmi_nas_is_in_service_of_technology completed with 0
02-13 18:47:50.378 I/RILC    (  112): qmi_ril(0/112): [main] qcril_qmi_nas_request_operator .. everything cached non sys_info 1
02-13 18:47:50.378 I/RILC    (  112): qmi_ril(0/112): [main] qcril_qmi_nas_request_operator ..mcc_mnc_ascii 310099
02-13 18:47:50.378 I/RILC    (  112): qmi_ril(0/112): [main] qcril_qmi_nas_fill_up_3gpp2_operator_name qcril_qmi_nas_fill_up_3gpp2_operator_name mcc 310 mnc 099 sid 4139 nid 41
02-13 18:47:50.378 D/RILC    (  112): qmi_ril(0/112): [main] qcril_qmi_nas2_find_3gpp2_static_operator_name UE Memory List does not contain the specified operator
02-13 18:47:50.378 I/RILC    (  112): qmi_ril(0/112): [main] qcril_qmi_nas_fill_up_3gpp2_operator_name ..will return static , 
02-13 18:47:50.378 I/RILC    (  112): qmi_ril(0/112): [main] qcril_qmi_nas_fill_up_3gpp2_operator_name qcril_qmi_nas_fill_up_3gpp2_operator_name completed with 0
02-13 18:47:50.378 I/RILC    (  112): qmi_ril(0/112): [qmi_cb] qcril_qmi_nas_unsolicited_indication_cb posted RIL indication 1002
02-13 18:47:50.378 D/RILC    (  112): qmi_ril(0/112): [qmi_cb] qcril_send_unsol_response UI <--- RIL_UNSOL_RESPONSE_DATA_NETWORK_STATE_CHANGED (1037) --- RIL [RID 0, Len 0, (null)]
02-13 18:47:50.378 D/RILJ    (  342): [UNSL]< RIL_UNSOL_RESPONSE_DATA_NETWORK_STATE_CHANGED
02-13 18:47:50.378 D/RILJ    (  342): [0065]> DATA_REGISTRATION_STATE
02-13 18:47:50.378 I/RILC    (  112): qmi_ril(0/112): [qmi_cb] qcril_qmi_nas_unsolicited_indication_cb posted RIL indication 1037
02-13 18:47:50.378 I/RILC    (  112): qmi_ril(0/112): [qmi_cb] qcril_qmi_nas_unsolicited_indication_cb qcril_qmi_nas_unsolicited_indication_cb completed
02-13 18:47:50.378 I/RILC    (  112): qmi_ril(0/112): [qmi_cb] qcril_qmi_nas_unsolicited_indication_cb invoked msg 0x2
02-13 18:47:50.378 I/RILC    (  112): qmi_ril(0/112): [qmi_cb] qcril_qmi_nas_is_considered_registered qcril_qmi_nas_is_considered_registered entered
02-13 18:47:50.378 I/RILC    (  112): qmi_ril(0/112): [qmi_cb] qcril_qmi_nas_is_considered_registered qcril_qmi_nas_is_considered_registered completed with 1
02-13 18:47:50.378 I/RILC    (  112): qmi_ril(0/112): [qmi_cb] qcril_qmi_nas_event_report_ind_conv_qmi2ril qcril_qmi_nas_event_report_ind_conv_qmi2ril entered
