02-13 18:47:22.701 I/RILC    (  112): qmi_ril(0/112): [main] qcril_qmi_nas_util_convert_nas_srv_status_to_ril_reg_status qcril_qmi_nas_util_convert_nas_srv_status_to_ril_reg_status complete with 2
02-13 18:47:22.701 I/RILC    (  112): qmi_ril(0/112): [main] qcril_qmi_nas_util_convert_nas_srv_status_to_ril_reg_status  qcril_qmi_nas_util_convert_nas_srv_status_to_ril_reg_status entered
02-13 18:47:22.701 D/RILC    (  112): qmi_ril(0/112): [main] qcril_qmi_util_retrieve_srv_status qcril_qmi_util_retrieve_srv_status completed with 0
02-13 18:47:22.701 I/RILC    (  112): qmi_ril(0/112): [main] qcril_qmi_nas_util_convert_nas_srv_status_to_ril_reg_status ... nas_srv_status 0, is_data 1, is_3gpp 0, is_hdr 1
02-13 18:47:22.701 I/RILC    (  112): qmi_ril(0/112): [main] qcril_qmi_nas_util_convert_nas_srv_status_to_ril_reg_status ... intermediate res 1 2
02-13 18:47:22.701 I/RILC    (  112): qmi_ril(0/112): [main] qcril_qmi_nas_util_convert_nas_srv_status_to_ril_reg_status ... common_sys_info 0
02-13 18:47:22.701 I/RILC    (  112): qmi_ril(0/112): [main] qcril_qmi_nas_util_convert_nas_srv_status_to_ril_reg_status ... intermediate res 2 2
02-13 18:47:22.701 I/RILC    (  112): qmi_ril(0/112): [main] qcril_qmi_nas_util_convert_nas_srv_status_to_ril_reg_status ... hdr_only_sys_info 0
02-13 18:47:22.701 I/RILC    (  112): qmi_ril(0/112): [main] qcril_qmi_nas_util_convert_nas_srv_status_to_ril_reg_status ... intermediate res 3 2
02-13 18:47:22.701 I/RILC    (  112): qmi_ril(0/112): [main] qcril_qmi_nas_util_convert_nas_srv_status_to_ril_reg_status qcril_qmi_nas_util_convert_nas_srv_status_to_ril_reg_status complete with 2
02-13 18:47:22.701 I/RILC    (  112): qmi_ril(0/112): [main] qmi_ril_nwr_update_reg_rej_from_sys_info .. 1x reg data 2
02-13 18:47:22.701 I/RILC    (  112): qmi_ril(0/112): [main] qmi_ril_nwr_update_reg_rej_from_sys_info .. gsm reg data 0
02-13 18:47:22.701 I/RILC    (  112): qmi_ril(0/112): [main] qmi_ril_nwr_update_reg_rej_from_sys_info .. wcdma reg data  0
02-13 18:47:22.701 I/RILC    (  112): qmi_ril(0/112): [main] qmi_ril_nwr_update_reg_rej_from_sys_info .. lte reg data 0
02-13 18:47:22.701 I/RILC    (  112): qmi_ril(0/112): [main] qmi_ril_nwr_update_reg_rej_from_sys_info .. hdr reg data 2
02-13 18:47:22.701 I/RILC    (  112): qmi_ril(0/112): [main] qmi_ril_nwr_update_reg_rej_from_sys_info .. rte 1 reje PS ps_rejected 0
02-13 18:47:22.701 I/RILC    (  112): qmi_ril(0/112): [main] qmi_ril_nwr_update_reg_rej_from_sys_info .. rte 1 reje PS ps_reject_cause 0
02-13 18:47:22.701 I/RILC    (  112): qmi_ril(0/112): [main] qmi_ril_nwr_util_log_mccmnc_str .. data reje mcc - 
02-13 18:47:22.701 I/RILC    (  112): qmi_ril(0/112): [main] qmi_ril_nwr_util_log_mccmnc_str .. data reje mnc - 
02-13 18:47:22.701 I/RILC    (  112): qmi_ril(0/112): [main] qmi_ril_nwr_update_reg_rej_from_sys_info .. rte 2 reje PS ps_rejected 0
02-13 18:47:22.701 I/RILC    (  112): qmi_ril(0/112): [main] qmi_ril_nwr_update_reg_rej_from_sys_info .. rte 2 reje PS ps_reject_cause 0
02-13 18:47:22.701 I/RILC    (  112): qmi_ril(0/112): [main] qmi_ril_nwr_util_log_mccmnc_str .. data reje mcc - 
02-13 18:47:22.701 I/RILC    (  112): qmi_ril(0/112): [main] qmi_ril_nwr_util_log_mccmnc_str .. data reje mnc - 
02-13 18:47:22.701 I/RILC    (  112): qmi_ril(0/112): [main] qmi_ril_nwr_update_reg_rej_from_sys_info .. rte 3 reje PS ps_rejected 0
02-13 18:47:22.701 I/RILC    (  112): qmi_ril(0/112): [main] qmi_ril_nwr_update_reg_rej_from_sys_info .. rte 3 reje PS ps_reject_cause 0
02-13 18:47:22.701 I/RILC    (  112): qmi_ril(0/112): [main] qmi_ril_nwr_util_log_mccmnc_str .. data reje mcc - 
02-13 18:47:22.701 I/RILC    (  112): qmi_ril(0/112): [main] qmi_ril_nwr_util_log_mccmnc_str .. data reje mnc - 
02-13 18:47:22.701 I/RILC    (  112): qmi_ril(0/112): [main] qmi_ril_nwr_update_reg_rej_from_sys_info .. rte 4 reje PS ps_rejected 0
02-13 18:47:22.701 I/RILC    (  112): qmi_ril(0/112): [main] qmi_ril_nwr_update_reg_rej_from_sys_info .. rte 4 reje PS ps_reject_cause 0
02-13 18:47:22.701 I/RILC    (  112): qmi_ril(0/112): [main] qmi_ril_nwr_util_log_mccmnc_str .. data reje mcc - 
02-13 18:47:22.701 I/RILC    (  112): qmi_ril(0/112): [main] qmi_ril_nwr_util_log_mccmnc_str .. data reje mnc - 
02-13 18:47:22.701 I/RILC    (  112): qmi_ril(0/112): [main] qmi_ril_nwr_update_reg_rej_from_sys_info .. rte 5 reje PS ps_rejected 0
02-13 18:47:22.701 I/RILC    (  112): qmi_ril(0/112): [main] qmi_ril_nwr_update_reg_rej_from_sys_info .. rte 5 reje PS ps_reject_cause 0
02-13 18:47:22.701 I/RILC    (  112): qmi_ril(0/112): [main] qmi_ril_nwr_util_log_mccmnc_str .. data reje mcc - 
02-13 18:47:22.701 I/RILC    (  112): qmi_ril(0/112): [main] qmi_ril_nwr_util_log_mccmnc_str .. data reje mnc - 
02-13 18:47:22.701 I/RILC    (  112): qmi_ril(0/112): [main] qmi_ril_nwr_update_reg_rej_from_sys_info qmi_ril_nwr_update_reg_rej_from_sys_info completed
02-13 18:47:22.701 I/RILC    (  112): qmi_ril(0/112): [main] qcril_qmi_nas_fetch_sys_info qcril_qmi_nas_fetch_sys_info res 0 
02-13 18:47:22.701 I/RILC    (  112): qmi_ril(0/112): [main] qcril_qmi_nas_request_registration_state qcril_qmi_nas_request_registration_state forming response
02-13 18:47:22.701 I/RILC    (  112): qmi_ril(0/112): [main] qcril_qmi_nas_request_registration_state ***zyj*** qcril_qmi_nas_request_registration_state nas_cached_info.serving_system->registration_state=0
02-13 18:47:22.701 I/RILC    (  112): qmi_ril(0/112): [main] qcril_qmi_nas_request_registration_state pre - cur reg state 2
02-13 18:47:22.701 I/RILC    (  112): qmi_ril(0/112): [main] qcril_qmi_nas_request_registration_state .. adjusting for reg reject 0
02-13 18:47:22.701 I/RILC    (  112): qmi_ril(0/112): [main] qcril_qmi_nas_request_registration_state qcril_qmi_nas_request_registration_state cur reg state 2
02-13 18:47:22.701 I/RILC    (  112): qmi_ril(0/112): [main] qcril_qmi_nas_request_registration_state .. rg 0 - 2
02-13 18:47:22.701 I/RILC    (  112): qmi_ril(0/112): [main] qcril_qmi_nas_request_registration_state .. rg 1 - 
02-13 18:47:22.701 I/RILC    (  112): qmi_ril(0/112): [main] qcril_qmi_nas_request_registration_state .. rg 2 - 
02-13 18:47:22.701 I/RILC    (  112): qmi_ril(0/112): [main] qcril_qmi_nas_request_registration_state .. rg 3 - 0
02-13 18:47:22.701 I/RILC    (  112): qmi_ril(0/112): [main] qcril_qmi_nas_request_registration_state .. rg 4 - 
02-13 18:47:22.701 I/RILC    (  112): qmi_ril(0/112): [main] qcril_qmi_nas_request_registration_state .. rg 5 - 
02-13 18:47:22.701 I/RILC    (  112): qmi_ril(0/112): [main] qcril_qmi_nas_request_registration_state .. rg 6 - 
02-13 18:47:22.701 I/RILC    (  112): qmi_ril(0/112): [main] qcril_qmi_nas_request_registration_state .. rg 7 - 
02-13 18:47:22.701 I/RILC    (  112): qmi_ril(0/112): [main] qcril_qmi_nas_request_registration_state .. rg 8 - 
02-13 18:47:22.701 I/RILC    (  112): qmi_ril(0/112): [main] qcril_qmi_nas_request_registration_state .. rg 9 - 
02-13 18:47:22.701 I/RILC    (  112): qmi_ril(0/112): [main] qcril_qmi_nas_request_registration_state .. rg 10 - 
02-13 18:47:22.701 I/RILC    (  112): qmi_ril(0/112): [main] qcril_qmi_nas_request_registration_state .. rg 11 - 
02-13 18:47:22.701 I/RILC    (  112): qmi_ril(0/112): [main] qcril_qmi_nas_request_registration_state .. rg 12 - 
02-13 18:47:22.701 I/RILC    (  112): qmi_ril(0/112): [main] qcril_qmi_nas_request_registration_state .. rg 13 - 0
02-13 18:47:22.701 I/RILC    (  112): qmi_ril(0/112): [main] qcril_qmi_nas_request_registration_state .. rg 14 - 0
02-13 18:47:22.701 I/RILC    (  112): qmi_ril(0/112): [main] qcril_reqlist_find [RID 0] Not found ReqList entry : token id 7
02-13 18:47:22.701 D/RILC    (  112): qmi_ril(0/112): [main] qcril_send_request_response UI <--- RIL_REQUEST_REGISTRATION_STATE (20) Complete --- RIL [RID 0, Token 7, Success, Len 60 ]
02-13 18:47:22.701 I/RILC    (  112): qmi_ril(0/112): [main] qcril_qmi_nas_request_registration_state .. need to report cs/ps bar 0
02-13 18:47:22.701 I/RILC    (  112): qmi_ril(0/112): [main] qcril_qmi_nas_request_registration_state qcril_qmi_nas_request_registration_state completed with 0
02-13 18:47:22.701 D/RILC    (  112): qmi_ril(0/112): [main] onRequest UI --- RIL_REQUEST_VOICE_RADIO_TECH (105) ---> RIL [RID 0, token id 8, data len 0]
02-13 18:47:22.701 I/RILC    (  112): qmi_ril(0/112): [main] qcril_qmi_nas_request_radio_tech qcril_qmi_nas_request_radio_tech entered
02-13 18:47:22.701 I/RILC    (  112): qmi_ril(0/112): [main] qcril_qmi_nas_request_radio_tech .. domestic radio tech 0
02-13 18:47:22.701 D/RILB    (  342): Notifying: Radio On
02-13 18:47:22.701 D/RILJ    (  342): [UNSL]< UNSOL_RESPONSE_NETWORK_STATE_CHANGED
02-13 18:47:22.701 D/RILJ    (  342): [UNSL]< RIL_UNSOL_RESPONSE_DATA_NETWORK_STATE_CHANGED
02-13 18:47:22.701 D/RILJ    (  342): [0005]< DATA_REGISTRATION_STATE {0,null,null,0,0,20}
02-13 18:47:22.701 D/RILJ    (  342): [0006]< OPERATOR {null, null, null}
02-13 18:47:22.701 D/RILJ    (  342): [0007]< REGISTRATION_STATE {2,null,null,0,null,null,null,null,null,null,null,null,null,0,0}
02-13 18:47:22.701 D/RIL_UiccManager(  342): Radio on -> Forcing sim status update on index : 0
02-13 18:47:22.711 I/RILC    (  112): qmi_ril(0/112): [main] qcril_qmi_util_convert_qmi_response_codes_to_ril_result_ex qcril_qmi_util_convert_qmi_response_codes_to_ril_result_ex ctx check 0
02-13 18:47:22.711 I/RILC    (  112): qmi_ril(0/112): [main] qcril_qmi_fetch_system_selection_preference qcril_qmi_fetch_system_selection_preference res 0 
02-13 18:47:22.711 I/RILC    (  112): qmi_ril(0/112): [main] qcril_qmi_nas_request_radio_tech .. mode_pref 3
02-13 18:47:22.711 I/RILC    (  112): qmi_ril(0/112): [main] qcril_qmi_nas_request_radio_tech .. intermediate answer_generated 1
02-13 18:47:22.711 I/RILC    (  112): qmi_ril(0/112): [main] qcril_reqlist_find [RID 0] Not found ReqList entry : token id 8
02-13 18:47:22.711 D/RILC    (  112): qmi_ril(0/112): [main] qcril_send_request_response UI <--- RIL_REQUEST_VOICE_RADIO_TECH (105) Complete --- RIL [RID 0, Token 8, Success, Len 4 ]
02-13 18:47:22.711 I/RILC    (  112): qmi_ril(0/112): [main] qcril_qmi_nas_request_radio_tech qcril_qmi_nas_request_radio_tech completed with 0, rt 2, gend 1
02-13 18:47:22.721 D/RILJ    (  342): [0008]< RIL_REQUEST_VOICE_RADIO_TECH {2}
02-13 18:47:22.751 D/RILJ    (  342): [0009]> RIL_REQUEST_CDMA_GET_SUBSCRIPTION_SOURCE
02-13 18:47:22.751 D/RILC    (  112): qmi_ril(0/112): [main] onRequest UI --- RIL_REQUEST_CDMA_GET_SUBSCRIPTION_SOURCE (104) ---> RIL [RID 0, token id 9, data len 0]
02-13 18:47:22.751 I/RILC    (  112): qmi_ril(0/112): [main] qcril_qmi_nas_get_subscription_source qcril_qmi_nas_get_subscription_source entered 
02-13 18:47:22.751 I/RILC    (  112): qmi_ril(0/112): [main] qcril_qmi_util_convert_qmi_response_codes_to_ril_result_ex qcril_qmi_util_convert_qmi_response_codes_to_ril_result_ex ctx check 0
02-13 18:47:22.761 I/RILC    (  112): qmi_ril(0/112): [main] qcril_qmi_nas_get_subscription_source qcril_qmi_nas_get_subscription_source qmi 0, 0
02-13 18:47:22.761 I/RILC    (  112): qmi_ril(0/112): [main] qcril_qmi_nas_get_subscription_source qcril_qmi_nas_get_subscription_source rtre_cfg = 1
02-13 18:47:22.761 I/RILC    (  112): qmi_ril(0/112): [main] qcril_reqlist_find [RID 0] Not found ReqList entry : token id 9
02-13 18:47:22.761 D/RILC    (  112): qmi_ril(0/112): [main] qcril_send_request_response UI <--- RIL_REQUEST_CDMA_GET_SUBSCRIPTION_SOURCE (104) Complete --- RIL [RID 0, Token 9, Success, Len 4 ]
02-13 18:47:22.761 I/RILC    (  112): qmi_ril(0/112): [main] qcril_qmi_nas_get_subscription_source qcril_qmi_nas_get_subscription_source completed with 0
02-13 18:47:22.761 D/RILJ    (  342): [0009]< RIL_REQUEST_CDMA_GET_SUBSCRIPTION_SOURCE {1}
02-13 18:47:22.761 D/CDMA    (  342): [CdmaCallTracker] handleMessage msg.id = 9
02-13 18:47:22.761 D/RILJ    (  342): [0010]> GET_CURRENT_CALLS
02-13 18:47:22.761 D/RILC    (  112): qmi_ril(0/112): [main] onRequest UI --- RIL_REQUEST_GET_CURRENT_CALLS (9) ---> RIL [RID 0, token id 10, data len 0]
02-13 18:47:22.761 D/RILJ    (  342): [0011]> OPERATOR
02-13 18:47:22.761 I/RILC    (  112): qmi_ril(0/112): [main] qcril_qmi_voice_request_get_current_calls qcril_qmi_voice_request_get_current_calls entered
02-13 18:47:22.761 I/RILC    (  112): qmi_ril(0/112): [main] qcril_qmi_voice_request_get_current_calls Reply to RIL --> Number of calls : 0
02-13 18:47:22.761 I/RILC    (  112): qmi_ril(0/112): [main] qcril_reqlist_find [RID 0] Not found ReqList entry : token id 10
02-13 18:47:22.761 D/RILC    (  112): qmi_ril(0/112): [main] qcril_send_request_response UI <--- RIL_REQUEST_GET_CURRENT_CALLS (9) Complete --- RIL [RID 0, Token 10, Success, Len 0 ]
02-13 18:47:22.761 I/RILC    (  112): qmi_ril(0/112): [main] qcril_qmi_voice_request_get_current_calls qcril_qmi_voice_request_get_current_calls completed
02-13 18:47:22.761 D/RILJ    (  342): [0010]< GET_CURRENT_CALLS  
02-13 18:47:22.771 D/RILC    (  112): qmi_ril(0/112): [main] onRequest UI --- RIL_REQUEST_OPERATOR (22) ---> RIL [RID 0, token id 11, data len 0]
02-13 18:47:22.771 I/RILC    (  112): qmi_ril(0/112): [main] qcril_qmi_nas_request_operator qcril_qmi_nas_request_operator entered
02-13 18:47:22.771 I/RILC    (  112): qmi_ril(0/112): [main] qcril_qmi_nas_is_considered_registered qcril_qmi_nas_is_considered_registered entered
02-13 18:47:22.771 I/RILC    (  112): qmi_ril(0/112): [main] qcril_qmi_nas_is_considered_registered qcril_qmi_nas_is_considered_registered completed with 0
02-13 18:47:22.771 I/RILC    (  112): qmi_ril(0/112): [main] qcril_qmi_nas_request_operator .. res empty as not in full service
02-13 18:47:22.771 I/RILC    (  112): qmi_ril(0/112): [main] qcril_qmi_nas_request_operator qcril_qmi_nas_request_operator long 
02-13 18:47:22.771 I/RILC    (  112): qmi_ril(0/112): [main] qcril_qmi_nas_request_operator qcril_qmi_nas_request_operator short 
02-13 18:47:22.771 I/RILC    (  112): qmi_ril(0/112): [main] qcril_qmi_nas_request_operator qcril_qmi_nas_request_operator mcc_mnc 
02-13 18:47:22.771 I/RILC    (  112): qmi_ril(0/112): [main] qcril_reqlist_find [RID 0] Not found ReqList entry : token id 11
02-13 18:47:22.771 D/RILC    (  112): qmi_ril(0/112): [main] qcril_send_request_response UI <--- RIL_REQUEST_OPERATOR (22) Complete --- RIL [RID 0, Token 11, Success, Len 12 ]
02-13 18:47:22.771 I/RILC    (  112): qmi_ril(0/112): [main] qcril_qmi_nas_request_operator qcril_qmi_nas_request_operator complete with 0
02-13 18:47:22.771 D/RILJ    (  342): [0011]< OPERATOR {null, null, null}
02-13 18:47:22.771 D/RILJ    (  342): [0012]> REGISTRATION_STATE
02-13 18:47:22.771 D/RILC    (  112): qmi_ril(0/112): [main] onRequest UI --- RIL_REQUEST_REGISTRATION_STATE (20) ---> RIL [RID 0, token id 12, data len 0]
02-13 18:47:22.771 I/RILC    (  112): qmi_ril(0/112): [main] qcril_qmi_nas_request_registration_state qcril_qmi_nas_request_registration_state entered
02-13 18:47:22.771 I/RILC    (  112): qmi_ril(0/112): [main] qcril_qmi_nas_is_in_service_of_technology qcril_qmi_nas_is_in_service_of_technology entered
02-13 18:47:22.771 I/RILC    (  112): qmi_ril(0/112): [main] qcril_qmi_nas_is_in_service_of_technology qcril_qmi_nas_is_in_service_of_technology completed with 0
02-13 18:47:22.771 I/RILC    (  112): qmi_ril(0/112): [main] qcril_qmi_nas_is_in_service_of_technology qcril_qmi_nas_is_in_service_of_technology entered
02-13 18:47:22.771 I/RILC    (  112): qmi_ril(0/112): [main] qcril_qmi_nas_is_in_service_of_technology qcril_qmi_nas_is_in_service_of_technology completed with 0
02-13 18:47:22.771 I/RILC    (  112): qmi_ril(0/112): [main] qcril_qmi_nas_request_registration_state qcril_qmi_nas_request_registration_state cache subrequest need 1
02-13 18:47:22.781 I/RILC    (  112): qmi_ril(0/112): [main] qcril_qmi_util_convert_qmi_response_codes_to_ril_result_ex qcril_qmi_util_convert_qmi_response_codes_to_ril_result_ex ctx check 0
02-13 18:47:22.781 I/RILC    (  112): qmi_ril(0/112): [main] qcril_qmi_voice_technology_updated qcril_qmi_voice_technology_updated entered
02-13 18:47:22.781 I/RILC    (  112): qmi_ril(0/112): [main] qcril_qmi_voice_technology_updated ..nas_cached_info.serving_system valid 1
02-13 18:47:22.781 I/RILC    (  112): qmi_ril(0/112): [main] qcril_qmi_voice_technology_updated .. selected NW 0
02-13 18:47:22.781 I/RILC    (  112): qmi_ril(0/112): [main] qcril_qmi_voice_technology_updated .. NW state 0
02-13 18:47:22.781 I/RILC    (  112): qmi_ril(0/112): [main] qcril_qmi_mgr_voice_technology_updated qcril_qmi_mgr_voice_technology_updated entered
02-13 18:47:22.781 I/RILC    (  112): qmi_ril(0/112): [main] qcril_qmi_mgr_voice_technology_updated qcril_qmi_mgr_voice_technology_updated left 0
02-13 18:47:22.781 I/RILC    (  112): qmi_ril(0/112): [main] qcril_qmi_voice_technology_updated qcril_qmi_voice_technology_updated completed for 0
02-13 18:47:22.781 I/RILC    (  112): qmi_ril(0/112): [main] qmi_ril_nwr_update_reg_rej_legacy qmi_ril_nwr_update_reg_rej_legacy entered
02-13 18:47:22.781 I/RILC    (  112): qmi_ril(0/112): [main] qmi_ril_nwr_update_reg_rej_legacy .. ss srv reg state 0
02-13 18:47:22.781 I/RILC    (  112): qmi_ril(0/112): [main] qmi_ril_nwr_update_reg_rej_legacy .. reje CS cs_rejected 0
02-13 18:47:22.781 I/RILC    (  112): qmi_ril(0/112): [main] qmi_ril_nwr_update_reg_rej_legacy .. reje CS cs_reject_cause 0
02-13 18:47:22.781 I/RILC    (  112): qmi_ril(0/112): [main] qmi_ril_nwr_update_reg_rej_legacy .. reje PS ps_rejected 0
02-13 18:47:22.781 I/RILC    (  112): qmi_ril(0/112): [main] qmi_ril_nwr_update_reg_rej_legacy .. reje PS ps_reject_cause 0
02-13 18:47:22.781 I/RILC    (  112): qmi_ril(0/112): [main] qmi_ril_nwr_util_log_mccmnc_str .. reje mcc - 
02-13 18:47:22.781 I/RILC    (  112): qmi_ril(0/112): [main] qmi_ril_nwr_util_log_mccmnc_str .. reje mnc - 
02-13 18:47:22.781 I/RILC    (  112): qmi_ril(0/112): [main] qmi_ril_nwr_update_reg_rej_legacy qmi_ril_nwr_update_reg_rej_legacy completed
02-13 18:47:22.781 I/RILC    (  112): qmi_ril(0/112): [main] qcril_qmi_nas_fetch_serving_system_info qcril_qmi_nas_fetch_serving_system_info res 0 
02-13 18:47:22.781 I/RILC    (  112): qmi_ril(0/112): [main] qcril_qmi_util_convert_qmi_response_codes_to_ril_result_ex qcril_qmi_util_convert_qmi_response_codes_to_ril_result_ex ctx check 0
02-13 18:47:22.781 I/RILC    (  112): qmi_ril(0/112): [main] qcril_qmi_nas_update_voice_rte qcril_qmi_nas_update_voice_rte entered
02-13 18:47:22.781 I/RILC    (  112): qmi_ril(0/112): [main] qcril_qmi_nas_util_convert_nas_srv_status_to_ril_reg_status  qcril_qmi_nas_util_convert_nas_srv_status_to_ril_reg_status entered
02-13 18:47:22.781 D/RILC    (  112): qmi_ril(0/112): [main] qcril_qmi_util_retrieve_srv_status qcril_qmi_util_retrieve_srv_status completed with 0
02-13 18:47:22.781 I/RILC    (  112): qmi_ril(0/112): [main] qcril_qmi_nas_util_convert_nas_srv_status_to_ril_reg_status ... nas_srv_status 0, is_data 0, is_3gpp 0, is_hdr 0
02-13 18:47:22.781 I/RILC    (  112): qmi_ril(0/112): [main] qcril_qmi_nas_util_convert_nas_srv_status_to_ril_reg_status ... intermediate res 1 2
02-13 18:47:22.781 I/RILC    (  112): qmi_ril(0/112): [main] qcril_qmi_nas_util_convert_nas_srv_status_to_ril_reg_status ... common_sys_info 0
02-13 18:47:22.781 I/RILC    (  112): qmi_ril(0/112): [main] qcril_qmi_nas_util_convert_nas_srv_status_to_ril_reg_status ... intermediate res 2 2
02-13 18:47:22.781 I/RILC    (  112): qmi_ril(0/112): [main] qcril_qmi_nas_util_convert_nas_srv_status_to_ril_reg_status ... hdr_only_sys_info 0
02-13 18:47:22.781 I/RILC    (  112): qmi_ril(0/112): [main] qcril_qmi_nas_util_convert_nas_srv_status_to_ril_reg_status ... intermediate res 3 2
02-13 18:47:22.781 I/RILC    (  112): qmi_ril(0/112): [main] qcril_qmi_nas_util_convert_nas_srv_status_to_ril_reg_status qcril_qmi_nas_util_convert_nas_srv_status_to_ril_reg_status complete with 2
02-13 18:47:22.781 I/RILC    (  112): qmi_ril(0/112): [main] qcril_qmi_nas_util_convert_nas_srv_status_to_ril_reg_status  qcril_qmi_nas_util_convert_nas_srv_status_to_ril_reg_status entered
02-13 18:47:22.781 D/RILC    (  112): qmi_ril(0/112): [main] qcril_qmi_util_retrieve_srv_status qcril_qmi_util_retrieve_srv_status completed with 0
02-13 18:47:22.781 I/RILC    (  112): qmi_ril(0/112): [main] qcril_qmi_nas_util_convert_nas_srv_status_to_ril_reg_status ... nas_srv_status 0, is_data 1, is_3gpp 0, is_hdr 1
02-13 18:47:22.781 I/RILC    (  112): qmi_ril(0/112): [main] qcril_qmi_nas_util_convert_nas_srv_status_to_ril_reg_status ... intermediate res 1 2
02-13 18:47:22.781 I/RILC    (  112): qmi_ril(0/112): [main] qcril_qmi_nas_util_convert_nas_srv_status_to_ril_reg_status ... common_sys_info 0
02-13 18:47:22.781 I/RILC    (  112): qmi_ril(0/112): [main] qcril_qmi_nas_util_convert_nas_srv_status_to_ril_reg_status ... intermediate res 2 2
02-13 18:47:22.781 I/RILC    (  112): qmi_ril(0/112): [main] qcril_qmi_nas_util_convert_nas_srv_status_to_ril_reg_status ... hdr_only_sys_info 0
02-13 18:47:22.781 I/RILC    (  112): qmi_ril(0/112): [main] qcril_qmi_nas_util_convert_nas_srv_status_to_ril_reg_status ... intermediate res 3 2
02-13 18:47:22.781 I/RILC    (  112): qmi_ril(0/112): [main] qcril_qmi_nas_util_convert_nas_srv_status_to_ril_reg_status qcril_qmi_nas_util_convert_nas_srv_status_to_ril_reg_status complete with 2
02-13 18:47:22.781 I/RILC    (  112): qmi_ril(0/112): [main] qcril_qmi_nas_update_voice_rte .. 1x reg 2
02-13 18:47:22.781 I/RILC    (  112): qmi_ril(0/112): [main] qcril_qmi_nas_update_voice_rte .. gsm reg 0
02-13 18:47:22.781 I/RILC    (  112): qmi_ril(0/112): [main] qcril_qmi_nas_update_voice_rte .. wcdma reg 0
02-13 18:47:22.781 I/RILC    (  112): qmi_ril(0/112): [main] qcril_qmi_nas_update_voice_rte .. lte reg 0
02-13 18:47:22.781 I/RILC    (  112): qmi_ril(0/112): [main] qcril_qmi_nas_update_voice_rte .. hdr reg 2
02-13 18:47:22.781 I/RILC    (  112): qmi_ril(0/112): [main] qcril_qmi_nas_update_voice_rte qcril_qmi_nas_update_voice_rte completed, new vrte 0
02-13 18:47:22.781 I/RILC    (  112): qmi_ril(0/112): [main] qcril_qmi_voice_technology_updated qcril_qmi_voice_technology_updated entered
02-13 18:47:22.781 I/RILC    (  112): qmi_ril(0/112): [main] qcril_qmi_voice_technology_updated ..nas_cached_info.serving_system valid 1
02-13 18:47:22.781 I/RILC    (  112): qmi_ril(0/112): [main] qcril_qmi_voice_technology_updated .. selected NW 0
02-13 18:47:22.781 I/RILC    (  112): qmi_ril(0/112): [main] qcril_qmi_voice_technology_updated .. NW state 0
02-13 18:47:22.781 I/RILC    (  112): qmi_ril(0/112): [main] qcril_qmi_mgr_voice_technology_updated qcril_qmi_mgr_voice_technology_updated entered
02-13 18:47:22.781 I/RILC    (  112): qmi_ril(0/112): [main] qcril_qmi_mgr_voice_technology_updated qcril_qmi_mgr_voice_technology_updated left 0
02-13 18:47:22.781 I/RILC    (  112): qmi_ril(0/112): [main] qcril_qmi_voice_technology_updated qcril_qmi_voice_technology_updated completed for 0
02-13 18:47:22.781 I/RILC    (  112): qmi_ril(0/112): [main] qmi_ril_nwr_update_reg_rej_from_sys_info qmi_ril_nwr_update_reg_rej_from_sys_info entered
02-13 18:47:22.781 I/RILC    (  112): qmi_ril(0/112): [main] qcril_qmi_nas_util_convert_nas_srv_status_to_ril_reg_status  qcril_qmi_nas_util_convert_nas_srv_status_to_ril_reg_status entered
02-13 18:47:22.781 D/RILC    (  112): qmi_ril(0/112): [main] qcril_qmi_util_retrieve_srv_status qcril_qmi_util_retrieve_srv_status completed with 0
02-13 18:47:22.781 I/RILC    (  112): qmi_ril(0/112): [main] qcril_qmi_nas_util_convert_nas_srv_status_to_ril_reg_status ... nas_srv_status 0, is_data 0, is_3gpp 0, is_hdr 0
02-13 18:47:22.781 I/RILC    (  112): qmi_ril(0/112): [main] qcril_qmi_nas_util_convert_nas_srv_status_to_ril_reg_status ... intermediate res 1 2
02-13 18:47:22.781 I/RILC    (  112): qmi_ril(0/112): [main] qcril_qmi_nas_util_convert_nas_srv_status_to_ril_reg_status ... common_sys_info 0
02-13 18:47:22.781 I/RILC    (  112): qmi_ril(0/112): [main] qcril_qmi_nas_util_convert_nas_srv_status_to_ril_reg_status ... intermediate res 2 2
02-13 18:47:22.781 I/RILC    (  112): qmi_ril(0/112): [main] qcril_qmi_nas_util_convert_nas_srv_status_to_ril_reg_status ... hdr_only_sys_info 0
02-13 18:47:22.781 I/RILC    (  112): qmi_ril(0/112): [main] qcril_qmi_nas_util_convert_nas_srv_status_to_ril_reg_status ... intermediate res 3 2
02-13 18:47:22.781 I/RILC    (  112): qmi_ril(0/112): [main] qcril_qmi_nas_util_convert_nas_srv_status_to_ril_reg_status qcril_qmi_nas_util_convert_nas_srv_status_to_ril_reg_status complete with 2
02-13 18:47:22.781 I/RILC    (  112): qmi_ril(0/112): [main] qcril_qmi_nas_util_convert_nas_srv_status_to_ril_reg_status  qcril_qmi_nas_util_convert_nas_srv_status_to_ril_reg_status entered
02-13 18:47:22.781 D/RILC    (  112): qmi_ril(0/112): [main] qcril_qmi_util_retrieve_srv_status qcril_qmi_util_retrieve_srv_status completed with 0
02-13 18:47:22.781 I/RILC    (  112): qmi_ril(0/112): [main] qcril_qmi_nas_util_convert_nas_srv_status_to_ril_reg_status ... nas_srv_status 0, is_data 0, is_3gpp 0, is_hdr 1
02-13 18:47:22.781 I/RILC    (  112): qmi_ril(0/112): [main] qcril_qmi_nas_util_convert_nas_srv_status_to_ril_reg_status ... intermediate res 1 2
02-13 18:47:22.781 I/RILC    (  112): qmi_ril(0/112): [main] qcril_qmi_nas_util_convert_nas_srv_status_to_ril_reg_status ... common_sys_info 0
02-13 18:47:22.781 I/RILC    (  112): qmi_ril(0/112): [main] qcril_qmi_nas_util_convert_nas_srv_status_to_ril_reg_status ... intermediate res 2 2
02-13 18:47:22.781 I/RILC    (  112): qmi_ril(0/112): [main] qcril_qmi_nas_util_convert_nas_srv_status_to_ril_reg_status ... hdr_only_sys_info 0
02-13 18:47:22.781 I/RILC    (  112): qmi_ril(0/112): [main] qcril_qmi_nas_util_convert_nas_srv_status_to_ril_reg_status ... intermediate res 3 2
02-13 18:47:22.781 I/RILC    (  112): qmi_ril(0/112): [main] qcril_qmi_nas_util_convert_nas_srv_status_to_ril_reg_status qcril_qmi_nas_util_convert_nas_srv_status_to_ril_reg_status complete with 2
02-13 18:47:22.781 I/RILC    (  112): qmi_ril(0/112): [main] qmi_ril_nwr_update_reg_rej_from_sys_info .. 1x reg 2
02-13 18:47:22.781 I/RILC    (  112): qmi_ril(0/112): [main] qmi_ril_nwr_update_reg_rej_from_sys_info .. gsm reg 0
02-13 18:47:22.781 I/RILC    (  112): qmi_ril(0/112): [main] qmi_ril_nwr_update_reg_rej_from_sys_info .. wcdma reg 0
02-13 18:47:22.781 I/RILC    (  112): qmi_ril(0/112): [main] qmi_ril_nwr_update_reg_rej_from_sys_info .. lte reg 0
02-13 18:47:22.781 I/RILC    (  112): qmi_ril(0/112): [main] qmi_ril_nwr_update_reg_rej_from_sys_info .. hdr reg 2
02-13 18:47:22.781 I/RILC    (  112): qmi_ril(0/112): [main] qmi_ril_nwr_update_reg_rej_from_sys_info .. ext info is_reject_case 0, is_managed_roaming 0, reject_cause 0
02-13 18:47:22.781 I/RILC    (  112): qmi_ril(0/112): [main] qmi_ril_nwr_update_reg_rej_from_sys_info .. rte 1 reje CS cs_rejected 0
02-13 18:47:22.781 I/RILC    (  112): qmi_ril(0/112): [main] qmi_ril_nwr_update_reg_rej_from_sys_info .. rte 1 reje CS cs_reject_cause 0
02-13 18:47:22.781 I/RILC    (  112): qmi_ril(0/112): [main] qmi_ril_nwr_util_log_mccmnc_str .. reje mcc - 
02-13 18:47:22.781 I/RILC    (  112): qmi_ril(0/112): [main] qmi_ril_nwr_util_log_mccmnc_str .. reje mnc - 
02-13 18:47:22.781 I/RILC    (  112): qmi_ril(0/112): [main] qmi_ril_nwr_update_reg_rej_from_sys_info .. ext info is_reject_case 0, is_managed_roaming 0, reject_cause 0
02-13 18:47:22.781 I/RILC    (  112): qmi_ril(0/112): [main] qmi_ril_nwr_update_reg_rej_from_sys_info .. rte 2 reje CS cs_rejected 0
02-13 18:47:22.781 I/RILC    (  112): qmi_ril(0/112): [main] qmi_ril_nwr_update_reg_rej_from_sys_info .. rte 2 reje CS cs_reject_cause 0
02-13 18:47:22.781 I/RILC    (  112): qmi_ril(0/112): [main] qmi_ril_nwr_util_log_mccmnc_str .. reje mcc - 
02-13 18:47:22.781 I/RILC    (  112): qmi_ril(0/112): [main] qmi_ril_nwr_util_log_mccmnc_str .. reje mnc - 
02-13 18:47:22.781 I/RILC    (  112): qmi_ril(0/112): [main] qmi_ril_nwr_update_reg_rej_from_sys_info .. ext info is_reject_case 0, is_managed_roaming 0, reject_cause 0
02-13 18:47:22.781 I/RILC    (  112): qmi_ril(0/112): [main] qmi_ril_nwr_update_reg_rej_from_sys_info .. rte 3 reje CS cs_rejected 0
02-13 18:47:22.781 I/RILC    (  112): qmi_ril(0/112): [main] qmi_ril_nwr_update_reg_rej_from_sys_info .. rte 3 reje CS cs_reject_cause 0
02-13 18:47:22.781 I/RILC    (  112): qmi_ril(0/112): [main] qmi_ril_nwr_util_log_mccmnc_str .. reje mcc - 
02-13 18:47:22.781 I/RILC    (  112): qmi_ril(0/112): [main] qmi_ril_nwr_util_log_mccmnc_str .. reje mnc - 
02-13 18:47:22.781 I/RILC    (  112): qmi_ril(0/112): [main] qmi_ril_nwr_update_reg_rej_from_sys_info .. ext info is_reject_case 0, is_managed_roaming 0, reject_cause 0
02-13 18:47:22.781 I/RILC    (  112): qmi_ril(0/112): [main] qmi_ril_nwr_update_reg_rej_from_sys_info .. rte 4 reje CS cs_rejected 0
02-13 18:47:22.781 I/RILC    (  112): qmi_ril(0/112): [main] qmi_ril_nwr_update_reg_rej_from_sys_info .. rte 4 reje CS cs_reject_cause 0
02-13 18:47:22.781 I/RILC    (  112): qmi_ril(0/112): [main] qmi_ril_nwr_util_log_mccmnc_str .. reje mcc - 
02-13 18:47:22.781 I/RILC    (  112): qmi_ril(0/112): [main] qmi_ril_nwr_util_log_mccmnc_str .. reje mnc - 
02-13 18:47:22.781 I/RILC    (  112): qmi_ril(0/112): [main] qmi_ril_nwr_update_reg_rej_from_sys_info .. ext info is_reject_case 0, is_managed_roaming 0, reject_cause 0
02-13 18:47:22.781 I/RILC    (  112): qmi_ril(0/112): [main] qmi_ril_nwr_update_reg_rej_from_sys_info .. rte 5 reje CS cs_rejected 0
02-13 18:47:22.781 I/RILC    (  112): qmi_ril(0/112): [main] qmi_ril_nwr_update_reg_rej_from_sys_info .. rte 5 reje CS cs_reject_cause 0
02-13 18:47:22.781 I/RILC    (  112): qmi_ril(0/112): [main] qmi_ril_nwr_util_log_mccmnc_str .. reje mcc - 
02-13 18:47:22.781 I/RILC    (  112): qmi_ril(0/112): [main] qmi_ril_nwr_util_log_mccmnc_str .. reje mnc - 
02-13 18:47:22.781 I/RILC    (  112): qmi_ril(0/112): [main] qcril_qmi_nas_util_convert_nas_srv_status_to_ril_reg_status  qcril_qmi_nas_util_convert_nas_srv_status_to_ril_reg_status entered
02-13 18:47:22.781 D/RILC    (  112): qmi_ril(0/112): [main] qcril_qmi_util_retrieve_srv_status qcril_qmi_util_retrieve_srv_status completed with 0
02-13 18:47:22.781 I/RILC    (  112): qmi_ril(0/112): [main] qcril_qmi_nas_util_convert_nas_srv_status_to_ril_reg_status ... nas_srv_status 0, is_data 1, is_3gpp 0, is_hdr 0
02-13 18:47:22.781 I/RILC    (  112): qmi_ril(0/112): [main] qcril_qmi_nas_util_convert_nas_srv_status_to_ril_reg_status ... intermediate res 1 2
02-13 18:47:22.781 I/RILC    (  112): qmi_ril(0/112): [main] qcril_qmi_nas_util_convert_nas_srv_status_to_ril_reg_status ... common_sys_info 0
02-13 18:47:22.781 I/RILC    (  112): qmi_ril(0/112): [main] qcril_qmi_nas_util_convert_nas_srv_status_to_ril_reg_status ... intermediate res 2 2
02-13 18:47:22.781 I/RILC    (  112): qmi_ril(0/112): [main] qcril_qmi_nas_util_convert_nas_srv_status_to_ril_reg_status ... hdr_only_sys_info 0
02-13 18:47:22.781 I/RILC    (  112): qmi_ril(0/112): [main] qcril_qmi_nas_util_convert_nas_srv_status_to_ril_reg_status ... intermediate res 3 2
02-13 18:47:22.781 I/RILC    (  112): qmi_ril(0/112): [main] qcril_qmi_nas_util_convert_nas_srv_status_to_ril_reg_status qcril_qmi_nas_util_convert_nas_srv_status_to_ril_reg_status complete with 2
02-13 18:47:22.781 I/RILC    (  112): qmi_ril(0/112): [main] qcril_qmi_nas_util_convert_nas_srv_status_to_ril_reg_status  qcril_qmi_nas_util_convert_nas_srv_status_to_ril_reg_status entered
02-13 18:47:22.781 D/RILC    (  112): qmi_ril(0/112): [main] qcril_qmi_util_retrieve_srv_status qcril_qmi_util_retrieve_srv_status completed with 0
02-13 18:47:22.781 I/RILC    (  112): qmi_ril(0/112): [main] qcril_qmi_nas_util_convert_nas_srv_status_to_ril_reg_status ... nas_srv_status 0, is_data 1, is_3gpp 0, is_hdr 1
02-13 18:47:22.781 I/RILC    (  112): qmi_ril(0/112): [main] qcril_qmi_nas_util_convert_nas_srv_status_to_ril_reg_status ... intermediate res 1 2
02-13 18:47:22.781 I/RILC    (  112): qmi_ril(0/112): [main] qcril_qmi_nas_util_convert_nas_srv_status_to_ril_reg_status ... common_sys_info 0
02-13 18:47:22.781 I/RILC    (  112): qmi_ril(0/112): [main] qcril_qmi_nas_util_convert_nas_srv_status_to_ril_reg_status ... intermediate res 2 2
02-13 18:47:22.781 I/RILC    (  112): qmi_ril(0/112): [main] qcril_qmi_nas_util_convert_nas_srv_status_to_ril_reg_status ... hdr_only_sys_info 0
02-13 18:47:22.781 I/RILC    (  112): qmi_ril(0/112): [main] qcril_qmi_nas_util_convert_nas_srv_status_to_ril_reg_status ... intermediate res 3 2
02-13 18:47:22.781 I/RILC    (  112): qmi_ril(0/112): [main] qcril_qmi_nas_util_convert_nas_srv_status_to_ril_reg_status qcril_qmi_nas_util_convert_nas_srv_status_to_ril_reg_status complete with 2
02-13 18:47:22.781 I/RILC    (  112): qmi_ril(0/112): [main] qmi_ril_nwr_update_reg_rej_from_sys_info .. 1x reg data 2
02-13 18:47:22.781 I/RILC    (  112): qmi_ril(0/112): [main] qmi_ril_nwr_update_reg_rej_from_sys_info .. gsm reg data 0
02-13 18:47:22.781 I/RILC    (  112): qmi_ril(0/112): [main] qmi_ril_nwr_update_reg_rej_from_sys_info .. wcdma reg data  0
02-13 18:47:22.781 I/RILC    (  112): qmi_ril(0/112): [main] qmi_ril_nwr_update_reg_rej_from_sys_info .. lte reg data 0
02-13 18:47:22.781 I/RILC    (  112): qmi_ril(0/112): [main] qmi_ril_nwr_update_reg_rej_from_sys_info .. hdr reg data 2
02-13 18:47:22.781 I/RILC    (  112): qmi_ril(0/112): [main] qmi_ril_nwr_update_reg_rej_from_sys_info .. rte 1 reje PS ps_rejected 0
02-13 18:47:22.781 I/RILC    (  112): qmi_ril(0/112): [main] qmi_ril_nwr_update_reg_rej_from_sys_info .. rte 1 reje PS ps_reject_cause 0
02-13 18:47:22.781 I/RILC    (  112): qmi_ril(0/112): [main] qmi_ril_nwr_util_log_mccmnc_str .. data reje mcc - 
02-13 18:47:22.781 I/RILC    (  112): qmi_ril(0/112): [main] qmi_ril_nwr_util_log_mccmnc_str .. data reje mnc - 
02-13 18:47:22.781 I/RILC    (  112): qmi_ril(0/112): [main] qmi_ril_nwr_update_reg_rej_from_sys_info .. rte 2 reje PS ps_rejected 0
02-13 18:47:22.781 I/RILC    (  112): qmi_ril(0/112): [main] qmi_ril_nwr_update_reg_rej_from_sys_info .. rte 2 reje PS ps_reject_cause 0
02-13 18:47:22.781 I/RILC    (  112): qmi_ril(0/112): [main] qmi_ril_nwr_util_log_mccmnc_str .. data reje mcc - 
02-13 18:47:22.781 I/RILC    (  112): qmi_ril(0/112): [main] qmi_ril_nwr_util_log_mccmnc_str .. data reje mnc - 
02-13 18:47:22.781 I/RILC    (  112): qmi_ril(0/112): [main] qmi_ril_nwr_update_reg_rej_from_sys_info .. rte 3 reje PS ps_rejected 0
02-13 18:47:22.781 I/RILC    (  112): qmi_ril(0/112): [main] qmi_ril_nwr_update_reg_rej_from_sys_info .. rte 3 reje PS ps_reject_cause 0
02-13 18:47:22.781 I/RILC    (  112): qmi_ril(0/112): [main] qmi_ril_nwr_util_log_mccmnc_str .. data reje mcc - 
02-13 18:47:22.781 I/RILC    (  112): qmi_ril(0/112): [main] qmi_ril_nwr_util_log_mccmnc_str .. data reje mnc - 
02-13 18:47:22.781 I/RILC    (  112): qmi_ril(0/112): [main] qmi_ril_nwr_update_reg_rej_from_sys_info .. rte 4 reje PS ps_rejected 0
02-13 18:47:22.781 I/RILC    (  112): qmi_ril(0/112): [main] qmi_ril_nwr_update_reg_rej_from_sys_info .. rte 4 reje PS ps_reject_cause 0
02-13 18:47:22.781 I/RILC    (  112): qmi_ril(0/112): [main] qmi_ril_nwr_util_log_mccmnc_str .. data reje mcc - 
02-13 18:47:22.781 I/RILC    (  112): qmi_ril(0/112): [main] qmi_ril_nwr_util_log_mccmnc_str .. data reje mnc - 
02-13 18:47:22.781 I/RILC    (  112): qmi_ril(0/112): [main] qmi_ril_nwr_update_reg_rej_from_sys_info .. rte 5 reje PS ps_rejected 0
02-13 18:47:22.781 I/RILC    (  112): qmi_ril(0/112): [main] qmi_ril_nwr_update_reg_rej_from_sys_info .. rte 5 reje PS ps_reject_cause 0
02-13 18:47:22.781 I/RILC    (  112): qmi_ril(0/112): [main] qmi_ril_nwr_util_log_mccmnc_str .. data reje mcc - 
02-13 18:47:22.781 I/RILC    (  112): qmi_ril(0/112): [main] qmi_ril_nwr_util_log_mccmnc_str .. data reje mnc - 
02-13 18:47:22.781 I/RILC    (  112): qmi_ril(0/112): [main] qmi_ril_nwr_update_reg_rej_from_sys_info qmi_ril_nwr_update_reg_rej_from_sys_info completed
02-13 18:47:22.781 I/RILC    (  112): qmi_ril(0/112): [main] qcril_qmi_nas_fetch_sys_info qcril_qmi_nas_fetch_sys_info res 0 
02-13 18:47:22.781 I/RILC    (  112): qmi_ril(0/112): [main] qcril_qmi_nas_request_registration_state qcril_qmi_nas_request_registration_state forming response
02-13 18:47:22.781 I/RILC    (  112): qmi_ril(0/112): [main] qcril_qmi_nas_request_registration_state ***zyj*** qcril_qmi_nas_request_registration_state nas_cached_info.serving_system->registration_state=0
02-13 18:47:22.781 I/RILC    (  112): qmi_ril(0/112): [main] qcril_qmi_nas_request_registration_state pre - cur reg state 2
02-13 18:47:22.781 I/RILC    (  112): qmi_ril(0/112): [main] qcril_qmi_nas_request_registration_state .. adjusting for reg reject 0
02-13 18:47:22.781 I/RILC    (  112): qmi_ril(0/112): [main] qcril_qmi_nas_request_registration_state qcril_qmi_nas_request_registration_state cur reg state 2
02-13 18:47:22.781 I/RILC    (  112): qmi_ril(0/112): [main] qcril_qmi_nas_request_registration_state .. rg 0 - 2
02-13 18:47:22.781 I/RILC    (  112): qmi_ril(0/112): [main] qcril_qmi_nas_request_registration_state .. rg 1 - 
02-13 18:47:22.781 I/RILC    (  112): qmi_ril(0/112): [main] qcril_qmi_nas_request_registration_state .. rg 2 - 
02-13 18:47:22.781 I/RILC    (  112): qmi_ril(0/112): [main] qcril_qmi_nas_request_registration_state .. rg 3 - 0
02-13 18:47:22.781 I/RILC    (  112): qmi_ril(0/112): [main] qcril_qmi_nas_request_registration_state .. rg 4 - 
02-13 18:47:22.781 I/RILC    (  112): qmi_ril(0/112): [main] qcril_qmi_nas_request_registration_state .. rg 5 - 
02-13 18:47:22.781 I/RILC    (  112): qmi_ril(0/112): [main] qcril_qmi_nas_request_registration_state .. rg 6 - 
02-13 18:47:22.781 I/RILC    (  112): qmi_ril(0/112): [main] qcril_qmi_nas_request_registration_state .. rg 7 - 
02-13 18:47:22.781 I/RILC    (  112): qmi_ril(0/112): [main] qcril_qmi_nas_request_registration_state .. rg 8 - 
02-13 18:47:22.781 I/RILC    (  112): qmi_ril(0/112): [main] qcril_qmi_nas_request_registration_state .. rg 9 - 
02-13 18:47:22.781 I/RILC    (  112): qmi_ril(0/112): [main] qcril_qmi_nas_request_registration_state .. rg 10 - 
02-13 18:47:22.781 I/RILC    (  112): qmi_ril(0/112): [main] qcril_qmi_nas_request_registration_state .. rg 11 - 
02-13 18:47:22.781 I/RILC    (  112): qmi_ril(0/112): [main] qcril_qmi_nas_request_registration_state .. rg 12 - 
02-13 18:47:22.781 I/RILC    (  112): qmi_ril(0/112): [main] qcril_qmi_nas_request_registration_state .. rg 13 - 0
02-13 18:47:22.781 I/RILC    (  112): qmi_ril(0/112): [main] qcril_qmi_nas_request_registration_state .. rg 14 - 0
02-13 18:47:22.781 I/RILC    (  112): qmi_ril(0/112): [main] qcril_reqlist_find [RID 0] Not found ReqList entry : token id 12
02-13 18:47:22.781 D/RILC    (  112): qmi_ril(0/112): [main] qcril_send_request_response UI <--- RIL_REQUEST_REGISTRATION_STATE (20) Complete --- RIL [RID 0, Token 12, Success, Len 60 ]
02-13 18:47:22.781 D/RILJ    (  342): [0012]< REGISTRATION_STATE {2,null,null,0,null,null,null,null,null,null,null,null,null,0,0}
02-13 18:47:22.781 I/RILC    (  112): qmi_ril(0/112): [main] qcril_qmi_nas_request_registration_state .. need to report cs/ps bar 0
02-13 18:47:22.781 I/RILC    (  112): qmi_ril(0/112): [main] qcril_qmi_nas_request_registration_state qcril_qmi_nas_request_registration_state completed with 0
02-13 18:47:22.781 D/RILJ    (  342): [0013]> RIL_REQUEST_CDMA_SUBSCRIPTION
02-13 18:47:22.781 D/CDMA    (  342): Event EVENT_RADIO_ON Received
02-13 18:47:22.781 D/RILC    (  112): qmi_ril(0/112): [main] onRequest UI --- RIL_REQUEST_CDMA_SUBSCRIPTION (95) ---> RIL [RID 0, token id 13, data len 0]
02-13 18:47:22.781 I/RILC    (  112): qmi_ril(0/112): [main] qcril_qmi_nas_request_cdma_subscription qcril_qmi_nas_request_cdma_subscription entered
02-13 18:47:22.791 D/CDMA    (  342): getOperatorNumeric: mCdmaSubscriptionSource = 1 operatorNumeric = 310120
02-13 18:47:22.791 D/PHONE   (  342): updateCurrentCarrierInProvider: mSubscription = 0 currentDds = 0 operatorNumeric = 310120
02-13 18:47:22.791 I/RILC    (  112): qmi_ril(0/112): [main] qcril_qmi_util_convert_qmi_response_codes_to_ril_result_ex qcril_qmi_util_convert_qmi_response_codes_to_ril_result_ex ctx check 0
02-13 18:47:22.791 I/RILC    (  112): qmi_ril(0/112): [main] qcril_qmi_nas_dms_fetch_cur_prl_version ***zyj*** qmi_current_prl_info_response.resp.result=0, error=0
02-13 18:47:22.791 I/RILC    (  112): qmi_ril(0/112): [main] qcril_qmi_nas_dms_fetch_cur_prl_version qcril_qmi_nas_dms_fetch_cur_prl_version completed with 0
02-13 18:47:22.791 I/RILC    (  112): qmi_ril(0/112): [main] qcril_qmi_nas_request_cdma_subscription qmi PRL version 60678
02-13 18:47:22.791 I/RILC    (  112): qmi_ril(0/112): [main] qcril_qmi_util_convert_qmi_response_codes_to_ril_result_ex qcril_qmi_util_convert_qmi_response_codes_to_ril_result_ex ctx check 4
02-13 18:47:22.791 I/RILC    (  112): qmi_ril(0/112): [main] qcril_qmi_nas_request_cdma_subscription 3gpp2_sub  0, 0, 0
02-13 18:47:22.791 I/RILC    (  112): qmi_ril(0/112): [main] qcril_qmi_nas_request_cdma_subscription qmi MDN 9132005928
02-13 18:47:22.791 I/RILC    (  112): qmi_ril(0/112): [main] qcril_qmi_nas_request_cdma_subscription qmi SID 4139,0,0,0,0,0,0,0,0,0,0,0,0,0,0,0,0,0,0,0
02-13 18:47:22.791 I/RILC    (  112): qmi_ril(0/112): [main] qcril_qmi_nas_request_cdma_subscription qmi NID 65535,65535,65535,65535,65535,65535,65535,65535,65535,65535,65535,65535,65535,65535,65535,65535,65535,65535,65535,65535
02-13 18:47:22.791 I/RILC    (  112): qmi_ril(0/112): [main] qcril_qmi_nas_request_cdma_subscription qmi MIN 9137068268
02-13 18:47:22.791 I/RILC    (  112): qmi_ril(0/112): [main] qcril_qmi_nas_request_cdma_subscription qcril_qmi_nas_request_cdma_subscription qmi IMSI_MCC 310
02-13 18:47:22.791 I/RILC    (  112): qmi_ril(0/112): [main] qcril_qmi_nas_request_cdma_subscription qcril_qmi_nas_request_cdma_subscription qmi IMSI_11_12 00
02-13 18:47:22.791 I/RILC    (  112): qmi_ril(0/112): [main] qcril_qmi_util_convert_qmi_response_codes_to_ril_result_ex qcril_qmi_util_convert_qmi_response_codes_to_ril_result_ex ctx check 0
02-13 18:47:22.791 I/RILC    (  112): qmi_ril(0/112): [main] qcril_qmi_nas_request_cdma_subscription qcril_qmi_nas_request_cdma_subscription mdn psc length 10
02-13 18:47:22.791 I/RILC    (  112): qmi_ril(0/112): [main] qcril_reqlist_find [RID 0] Not found ReqList entry : token id 13
02-13 18:47:22.791 D/RILC    (  112): qmi_ril(0/112): [main] qcril_send_request_response UI <--- RIL_REQUEST_CDMA_SUBSCRIPTION (95) Complete --- RIL [RID 0, Token 13, Success, Len 28 ]
02-13 18:47:22.791 I/RILC    (  112): qmi_ril(0/112): [main] qcril_qmi_nas_request_cdma_subscription completed with 0
02-13 18:47:22.791 D/RILJ    (  342): [0013]< RIL_REQUEST_CDMA_SUBSCRIPTION {9132005928, 4139,0,0,0,0,0,0,0,0,0,0,0,0,0,0,0,0,0,0,0, 65535,65535,65535,65535,65535,65535,65535,65535,65535,65535,65535,65535,65535,65535,65535,65535,65535,65535,65535,65535, 9137068268, 60678, 310, 00}
02-13 18:47:22.811 D/CDMA    (  342): getOperatorNumeric: mCdmaSubscriptionSource = 1 operatorNumeric = 310120
02-13 18:47:22.811 D/PHONE   (  342): updateCurrentCarrierInProvider: mSubscription = 0 currentDds = 0 operatorNumeric = 310120
02-13 18:47:22.822 D/RILJ    (  342): [0014]> RIL_REQUEST_IMS_REGISTRATION_STATE
02-13 18:47:22.822 D/RILJ    (  342): [0015]> OPERATOR
02-13 18:47:22.822 D/RILC    (  112): qmi_ril(0/112): [main] onRequest UI --- RIL_REQUEST_IMS_REGISTRATION_STATE (106) ---> RIL [RID 0, token id 14, data len 0]
02-13 18:47:22.822 I/RILC    (  112): qmi_ril(0/112): [main] qcril_reqlist_find [RID 0] Not found ReqList entry : token id 14
02-13 18:47:22.832 I/RILC    (  112): qmi_ril(0/112): [main] qcril_reqlist_new_all [RID 0] Event RIL_REQUEST_IMS_REGISTRATION_STATE(106), token id 14 [ 0x15ba0], req id 1 : 
02-13 18:47:22.832 I/RILC    (  112): qmi_ril(0/112): [main] qcril_reqlist_new_all                        MID 0, pending receipt of <none>, state QCRIL_REQ_AWAITING_CALLBACK(2)
02-13 18:47:22.832 D/RILC    (  112): qmi_ril(0/112): [main] qcril_reqlist_print_all [RID 0] ReqList entries :
02-13 18:47:22.832 D/RILC    (  112): qmi_ril(0/112): [main] qcril_reqlist_print_all     RIL_REQUEST_IMS_REGISTRATION_STATE (106), token id 14
02-13 18:47:22.832 I/RILC    (  112): qmi_ril(0/112): [qmi_cb] qcril_qmi_sms_command_cb qcril_qmi_sms_command_cb for msg_id 72 (QMI_WMS_GET_TRANSPORT_LAYER_INFO_REQ)
02-13 18:47:22.832 I/RILC    (  112): qmi_ril(0/112): [qmi_cb] qcril_reqlist_find_by_req_id [RID 0] Found ReqList entry : RIL_REQUEST_IMS_REGISTRATION_STATE(106), token id 14
02-13 18:47:22.832 I/RILC    (  112): qmi_ril(0/112): [qmi_cb] qcril_get_transport_layer_info_cb QMI_WMS_GET_TRANSPORT_LAYER_INFO_RESP received with error 25
02-13 18:47:22.832 I/RILC    (  112): qmi_ril(0/112): [qmi_cb] qcril_reqlist_find [RID 0] Found ReqList entry : RIL_REQUEST_IMS_REGISTRATION_STATE(106), token id 14
02-13 18:47:22.832 I/RILC    (  112): qmi_ril(0/112): [qmi_cb] qcril_reqlist_free [RID 0] Deleted ReqList entry : token id 14 [0x15ba0]
02-13 18:47:22.832 D/RILC    (  112): qmi_ril(0/112): [qmi_cb] qcril_reqlist_print_all [RID 0] ReqList entries : Empty 
02-13 18:47:22.832 D/RILC    (  112): qmi_ril(0/112): [qmi_cb] qcril_send_request_response UI <--- RIL_REQUEST_IMS_REGISTRATION_STATE (106) Complete --- RIL [RID 0, Token 14, Generic Failure, Len 0 ]
02-13 18:47:22.832 D/RILJ    (  342): [0014]< RIL_REQUEST_IMS_REGISTRATION_STATE error: com.android.internal.telephony.CommandException: GENERIC_FAILURE
02-13 18:47:22.832 D/RILJ    (  342): [0016]> REGISTRATION_STATE
02-13 18:47:22.832 D/RILJ    (  342): [0017]> DATA_REGISTRATION_STATE
02-13 18:47:22.832 D/RIL_UiccManager(  342): Received EVENT_ICC_STATUS_CHANGED, calling getIccCardStatus on index0
02-13 18:47:22.832 D/RILJ    (  342): [0018]> GET_SIM_STATUS
02-13 18:47:22.832 D/CDMA    (  342): EVENT_GET_CDMA_SUBSCRIPTION_SOURCE
02-13 18:47:22.832 D/RILC    (  112): qmi_ril(0/112): [main] onRequest UI --- RIL_REQUEST_OPERATOR (22) ---> RIL [RID 0, token id 15, data len 0]
02-13 18:47:22.832 I/RILC    (  112): qmi_ril(0/112): [main] qcril_qmi_nas_request_operator qcril_qmi_nas_request_operator entered
02-13 18:47:22.832 I/RILC    (  112): qmi_ril(0/112): [main] qcril_qmi_nas_is_considered_registered qcril_qmi_nas_is_considered_registered entered
02-13 18:47:22.832 I/RILC    (  112): qmi_ril(0/112): [main] qcril_qmi_nas_is_considered_registered qcril_qmi_nas_is_considered_registered completed with 0
02-13 18:47:22.832 I/RILC    (  112): qmi_ril(0/112): [main] qcril_qmi_nas_request_operator .. res empty as not in full service
02-13 18:47:22.832 I/RILC    (  112): qmi_ril(0/112): [main] qcril_qmi_nas_request_operator qcril_qmi_nas_request_operator long 
02-13 18:47:22.832 I/RILC    (  112): qmi_ril(0/112): [main] qcril_qmi_nas_request_operator qcril_qmi_nas_request_operator short 
02-13 18:47:22.832 I/RILC    (  112): qmi_ril(0/112): [main] qcril_qmi_nas_request_operator qcril_qmi_nas_request_operator mcc_mnc 
02-13 18:47:22.832 I/RILC    (  112): qmi_ril(0/112): [main] qcril_reqlist_find [RID 0] Not found ReqList entry : token id 15
02-13 18:47:22.832 D/RILC    (  112): qmi_ril(0/112): [main] qcril_send_request_response UI <--- RIL_REQUEST_OPERATOR (22) Complete --- RIL [RID 0, Token 15, Success, Len 12 ]
02-13 18:47:22.832 I/RILC    (  112): qmi_ril(0/112): [main] qcril_qmi_nas_request_operator qcril_qmi_nas_request_operator complete with 0
02-13 18:47:22.832 D/RILC    (  112): qmi_ril(0/112): [main] onRequest UI --- RIL_REQUEST_REGISTRATION_STATE (20) ---> RIL [RID 0, token id 16, data len 0]
02-13 18:47:22.832 I/RILC    (  112): qmi_ril(0/112): [main] qcril_qmi_nas_request_registration_state qcril_qmi_nas_request_registration_state entered
02-13 18:47:22.832 I/RILC    (  112): qmi_ril(0/112): [main] qcril_qmi_nas_is_in_service_of_technology qcril_qmi_nas_is_in_service_of_technology entered
02-13 18:47:22.832 I/RILC    (  112): qmi_ril(0/112): [main] qcril_qmi_nas_is_in_service_of_technology qcril_qmi_nas_is_in_service_of_technology completed with 0
02-13 18:47:22.832 I/RILC    (  112): qmi_ril(0/112): [main] qcril_qmi_nas_is_in_service_of_technology qcril_qmi_nas_is_in_service_of_technology entered
02-13 18:47:22.832 I/RILC    (  112): qmi_ril(0/112): [main] qcril_qmi_nas_is_in_service_of_technology qcril_qmi_nas_is_in_service_of_technology completed with 0
02-13 18:47:22.832 I/RILC    (  112): qmi_ril(0/112): [main] qcril_qmi_nas_request_registration_state qcril_qmi_nas_request_registration_state cache subrequest need 1
02-13 18:47:22.832 D/RILJ    (  342): [0015]< OPERATOR {null, null, null}
02-13 18:47:22.832 I/RILC    (  112): qmi_ril(0/112): [main] qcril_qmi_util_convert_qmi_response_codes_to_ril_result_ex qcril_qmi_util_convert_qmi_response_codes_to_ril_result_ex ctx check 0
02-13 18:47:22.832 I/RILC    (  112): qmi_ril(0/112): [main] qcril_qmi_voice_technology_updated qcril_qmi_voice_technology_updated entered
02-13 18:47:22.832 I/RILC    (  112): qmi_ril(0/112): [main] qcril_qmi_voice_technology_updated ..nas_cached_info.serving_system valid 1
02-13 18:47:22.832 I/RILC    (  112): qmi_ril(0/112): [main] qcril_qmi_voice_technology_updated .. selected NW 0
02-13 18:47:22.832 I/RILC    (  112): qmi_ril(0/112): [main] qcril_qmi_voice_technology_updated .. NW state 0
02-13 18:47:22.832 I/RILC    (  112): qmi_ril(0/112): [main] qcril_qmi_mgr_voice_technology_updated qcril_qmi_mgr_voice_technology_updated entered
02-13 18:47:22.832 I/RILC    (  112): qmi_ril(0/112): [main] qcril_qmi_mgr_voice_technology_updated qcril_qmi_mgr_voice_technology_updated left 0
02-13 18:47:22.832 I/RILC    (  112): qmi_ril(0/112): [main] qcril_qmi_voice_technology_updated qcril_qmi_voice_technology_updated completed for 0
02-13 18:47:22.832 I/RILC    (  112): qmi_ril(0/112): [main] qmi_ril_nwr_update_reg_rej_legacy qmi_ril_nwr_update_reg_rej_legacy entered
02-13 18:47:22.832 I/RILC    (  112): qmi_ril(0/112): [main] qmi_ril_nwr_update_reg_rej_legacy .. ss srv reg state 0
02-13 18:47:22.832 I/RILC    (  112): qmi_ril(0/112): [main] qmi_ril_nwr_update_reg_rej_legacy .. reje CS cs_rejected 0
