02-13 18:47:23.002 I/RILC    (  112): qmi_ril(0/112): [main] qmi_ril_nwr_util_log_mccmnc_str .. reje mcc - 
02-13 18:47:23.002 I/RILC    (  112): qmi_ril(0/112): [main] qmi_ril_nwr_util_log_mccmnc_str .. reje mnc - 
02-13 18:47:23.002 I/RILC    (  112): qmi_ril(0/112): [main] qmi_ril_nwr_update_reg_rej_from_sys_info .. ext info is_reject_case 0, is_managed_roaming 0, reject_cause 0
02-13 18:47:23.002 I/RILC    (  112): qmi_ril(0/112): [main] qmi_ril_nwr_update_reg_rej_from_sys_info .. rte 4 reje CS cs_rejected 0
02-13 18:47:23.002 I/RILC    (  112): qmi_ril(0/112): [main] qmi_ril_nwr_update_reg_rej_from_sys_info .. rte 4 reje CS cs_reject_cause 0
02-13 18:47:23.002 I/RILC    (  112): qmi_ril(0/112): [main] qmi_ril_nwr_util_log_mccmnc_str .. reje mcc - 
02-13 18:47:23.002 I/RILC    (  112): qmi_ril(0/112): [main] qmi_ril_nwr_util_log_mccmnc_str .. reje mnc - 
02-13 18:47:23.002 I/RILC    (  112): qmi_ril(0/112): [main] qmi_ril_nwr_update_reg_rej_from_sys_info .. ext info is_reject_case 0, is_managed_roaming 0, reject_cause 0
02-13 18:47:23.002 I/RILC    (  112): qmi_ril(0/112): [main] qmi_ril_nwr_update_reg_rej_from_sys_info .. rte 5 reje CS cs_rejected 0
02-13 18:47:23.002 I/RILC    (  112): qmi_ril(0/112): [main] qmi_ril_nwr_update_reg_rej_from_sys_info .. rte 5 reje CS cs_reject_cause 0
02-13 18:47:23.002 I/RILC    (  112): qmi_ril(0/112): [main] qmi_ril_nwr_util_log_mccmnc_str .. reje mcc - 
02-13 18:47:23.002 I/RILC    (  112): qmi_ril(0/112): [main] qmi_ril_nwr_util_log_mccmnc_str .. reje mnc - 
02-13 18:47:23.002 I/RILC    (  112): qmi_ril(0/112): [main] qcril_qmi_nas_util_convert_nas_srv_status_to_ril_reg_status  qcril_qmi_nas_util_convert_nas_srv_status_to_ril_reg_status entered
02-13 18:47:23.002 D/RILC    (  112): qmi_ril(0/112): [main] qcril_qmi_util_retrieve_srv_status qcril_qmi_util_retrieve_srv_status completed with 0
02-13 18:47:23.002 I/RILC    (  112): qmi_ril(0/112): [main] qcril_qmi_nas_util_convert_nas_srv_status_to_ril_reg_status ... nas_srv_status 0, is_data 1, is_3gpp 0, is_hdr 0
02-13 18:47:23.002 I/RILC    (  112): qmi_ril(0/112): [main] qcril_qmi_nas_util_convert_nas_srv_status_to_ril_reg_status ... intermediate res 1 2
02-13 18:47:23.002 I/RILC    (  112): qmi_ril(0/112): [main] qcril_qmi_nas_util_convert_nas_srv_status_to_ril_reg_status ... common_sys_info 0
02-13 18:47:23.002 I/RILC    (  112): qmi_ril(0/112): [main] qcril_qmi_nas_util_convert_nas_srv_status_to_ril_reg_status ... intermediate res 2 2
02-13 18:47:23.002 I/RILC    (  112): qmi_ril(0/112): [main] qcril_qmi_nas_util_convert_nas_srv_status_to_ril_reg_status ... hdr_only_sys_info 0
02-13 18:47:23.002 I/RILC    (  112): qmi_ril(0/112): [main] qcril_qmi_nas_util_convert_nas_srv_status_to_ril_reg_status ... intermediate res 3 2
02-13 18:47:23.002 I/RILC    (  112): qmi_ril(0/112): [main] qcril_qmi_nas_util_convert_nas_srv_status_to_ril_reg_status qcril_qmi_nas_util_convert_nas_srv_status_to_ril_reg_status complete with 2
02-13 18:47:23.002 I/RILC    (  112): qmi_ril(0/112): [main] qcril_qmi_nas_util_convert_nas_srv_status_to_ril_reg_status  qcril_qmi_nas_util_convert_nas_srv_status_to_ril_reg_status entered
02-13 18:47:23.002 D/RILC    (  112): qmi_ril(0/112): [main] qcril_qmi_util_retrieve_srv_status qcril_qmi_util_retrieve_srv_status completed with 0
02-13 18:47:23.002 I/RILC    (  112): qmi_ril(0/112): [main] qcril_qmi_nas_util_convert_nas_srv_status_to_ril_reg_status ... nas_srv_status 0, is_data 1, is_3gpp 0, is_hdr 1
02-13 18:47:23.002 I/RILC    (  112): qmi_ril(0/112): [main] qcril_qmi_nas_util_convert_nas_srv_status_to_ril_reg_status ... intermediate res 1 2
02-13 18:47:23.002 I/RILC    (  112): qmi_ril(0/112): [main] qcril_qmi_nas_util_convert_nas_srv_status_to_ril_reg_status ... common_sys_info 0
02-13 18:47:23.002 I/RILC    (  112): qmi_ril(0/112): [main] qcril_qmi_nas_util_convert_nas_srv_status_to_ril_reg_status ... intermediate res 2 2
02-13 18:47:23.002 I/RILC    (  112): qmi_ril(0/112): [main] qcril_qmi_nas_util_convert_nas_srv_status_to_ril_reg_status ... hdr_only_sys_info 0
02-13 18:47:23.002 I/RILC    (  112): qmi_ril(0/112): [main] qcril_qmi_nas_util_convert_nas_srv_status_to_ril_reg_status ... intermediate res 3 2
02-13 18:47:23.002 I/RILC    (  112): qmi_ril(0/112): [main] qcril_qmi_nas_util_convert_nas_srv_status_to_ril_reg_status qcril_qmi_nas_util_convert_nas_srv_status_to_ril_reg_status complete with 2
02-13 18:47:23.002 I/RILC    (  112): qmi_ril(0/112): [main] qmi_ril_nwr_update_reg_rej_from_sys_info .. 1x reg data 2
02-13 18:47:23.002 I/RILC    (  112): qmi_ril(0/112): [main] qmi_ril_nwr_update_reg_rej_from_sys_info .. gsm reg data 0
02-13 18:47:23.002 I/RILC    (  112): qmi_ril(0/112): [main] qmi_ril_nwr_update_reg_rej_from_sys_info .. wcdma reg data  0
02-13 18:47:23.002 I/RILC    (  112): qmi_ril(0/112): [main] qmi_ril_nwr_update_reg_rej_from_sys_info .. lte reg data 0
02-13 18:47:23.002 I/RILC    (  112): qmi_ril(0/112): [main] qmi_ril_nwr_update_reg_rej_from_sys_info .. hdr reg data 2
02-13 18:47:23.002 I/RILC    (  112): qmi_ril(0/112): [main] qmi_ril_nwr_update_reg_rej_from_sys_info .. rte 1 reje PS ps_rejected 0
02-13 18:47:23.002 I/RILC    (  112): qmi_ril(0/112): [main] qmi_ril_nwr_update_reg_rej_from_sys_info .. rte 1 reje PS ps_reject_cause 0
02-13 18:47:23.002 I/RILC    (  112): qmi_ril(0/112): [main] qmi_ril_nwr_util_log_mccmnc_str .. data reje mcc - 
02-13 18:47:23.002 I/RILC    (  112): qmi_ril(0/112): [main] qmi_ril_nwr_util_log_mccmnc_str .. data reje mnc - 
02-13 18:47:23.002 I/RILC    (  112): qmi_ril(0/112): [main] qmi_ril_nwr_update_reg_rej_from_sys_info .. rte 2 reje PS ps_rejected 0
02-13 18:47:23.002 I/RILC    (  112): qmi_ril(0/112): [main] qmi_ril_nwr_update_reg_rej_from_sys_info .. rte 2 reje PS ps_reject_cause 0
02-13 18:47:23.002 I/RILC    (  112): qmi_ril(0/112): [main] qmi_ril_nwr_util_log_mccmnc_str .. data reje mcc - 
02-13 18:47:23.002 I/RILC    (  112): qmi_ril(0/112): [main] qmi_ril_nwr_util_log_mccmnc_str .. data reje mnc - 
02-13 18:47:23.002 I/RILC    (  112): qmi_ril(0/112): [main] qmi_ril_nwr_update_reg_rej_from_sys_info .. rte 3 reje PS ps_rejected 0
02-13 18:47:23.002 I/RILC    (  112): qmi_ril(0/112): [main] qmi_ril_nwr_update_reg_rej_from_sys_info .. rte 3 reje PS ps_reject_cause 0
02-13 18:47:23.002 I/RILC    (  112): qmi_ril(0/112): [main] qmi_ril_nwr_util_log_mccmnc_str .. data reje mcc - 
02-13 18:47:23.002 I/RILC    (  112): qmi_ril(0/112): [main] qmi_ril_nwr_util_log_mccmnc_str .. data reje mnc - 
02-13 18:47:23.002 I/RILC    (  112): qmi_ril(0/112): [main] qmi_ril_nwr_update_reg_rej_from_sys_info .. rte 4 reje PS ps_rejected 0
02-13 18:47:23.002 I/RILC    (  112): qmi_ril(0/112): [main] qmi_ril_nwr_update_reg_rej_from_sys_info .. rte 4 reje PS ps_reject_cause 0
02-13 18:47:23.002 I/RILC    (  112): qmi_ril(0/112): [main] qmi_ril_nwr_util_log_mccmnc_str .. data reje mcc - 
02-13 18:47:23.002 I/RILC    (  112): qmi_ril(0/112): [main] qmi_ril_nwr_util_log_mccmnc_str .. data reje mnc - 
02-13 18:47:23.002 I/RILC    (  112): qmi_ril(0/112): [main] qmi_ril_nwr_update_reg_rej_from_sys_info .. rte 5 reje PS ps_rejected 0
02-13 18:47:23.002 I/RILC    (  112): qmi_ril(0/112): [main] qmi_ril_nwr_update_reg_rej_from_sys_info .. rte 5 reje PS ps_reject_cause 0
02-13 18:47:23.002 I/RILC    (  112): qmi_ril(0/112): [main] qmi_ril_nwr_util_log_mccmnc_str .. data reje mcc - 
02-13 18:47:23.002 I/RILC    (  112): qmi_ril(0/112): [main] qmi_ril_nwr_util_log_mccmnc_str .. data reje mnc - 
02-13 18:47:23.002 I/RILC    (  112): qmi_ril(0/112): [main] qmi_ril_nwr_update_reg_rej_from_sys_info qmi_ril_nwr_update_reg_rej_from_sys_info completed
02-13 18:47:23.002 I/RILC    (  112): qmi_ril(0/112): [main] qcril_qmi_nas_fetch_sys_info qcril_qmi_nas_fetch_sys_info res 0 
02-13 18:47:23.002 I/RILC    (  112): qmi_ril(0/112): [main] qcril_qmi_nas_request_registration_state qcril_qmi_nas_request_registration_state forming response
02-13 18:47:23.002 I/RILC    (  112): qmi_ril(0/112): [main] qcril_qmi_nas_request_registration_state ***zyj*** qcril_qmi_nas_request_registration_state nas_cached_info.serving_system->registration_state=0
02-13 18:47:23.002 I/RILC    (  112): qmi_ril(0/112): [main] qcril_qmi_nas_request_registration_state pre - cur reg state 2
02-13 18:47:23.002 I/RILC    (  112): qmi_ril(0/112): [main] qcril_qmi_nas_request_registration_state .. adjusting for reg reject 0
02-13 18:47:23.002 I/RILC    (  112): qmi_ril(0/112): [main] qcril_qmi_nas_request_registration_state qcril_qmi_nas_request_registration_state cur reg state 2
02-13 18:47:23.002 I/RILC    (  112): qmi_ril(0/112): [main] qcril_qmi_nas_request_registration_state .. rg 0 - 2
02-13 18:47:23.002 I/RILC    (  112): qmi_ril(0/112): [main] qcril_qmi_nas_request_registration_state .. rg 1 - 
02-13 18:47:23.002 I/RILC    (  112): qmi_ril(0/112): [main] qcril_qmi_nas_request_registration_state .. rg 2 - 
02-13 18:47:23.002 I/RILC    (  112): qmi_ril(0/112): [main] qcril_qmi_nas_request_registration_state .. rg 3 - 0
02-13 18:47:23.002 I/RILC    (  112): qmi_ril(0/112): [main] qcril_qmi_nas_request_registration_state .. rg 4 - 
02-13 18:47:23.002 I/RILC    (  112): qmi_ril(0/112): [main] qcril_qmi_nas_request_registration_state .. rg 5 - 
02-13 18:47:23.002 I/RILC    (  112): qmi_ril(0/112): [main] qcril_qmi_nas_request_registration_state .. rg 6 - 
02-13 18:47:23.002 I/RILC    (  112): qmi_ril(0/112): [main] qcril_qmi_nas_request_registration_state .. rg 7 - 
02-13 18:47:23.002 I/RILC    (  112): qmi_ril(0/112): [main] qcril_qmi_nas_request_registration_state .. rg 8 - 
02-13 18:47:23.002 I/RILC    (  112): qmi_ril(0/112): [main] qcril_qmi_nas_request_registration_state .. rg 9 - 
02-13 18:47:23.002 I/RILC    (  112): qmi_ril(0/112): [main] qcril_qmi_nas_request_registration_state .. rg 10 - 
02-13 18:47:23.002 I/RILC    (  112): qmi_ril(0/112): [main] qcril_qmi_nas_request_registration_state .. rg 11 - 
02-13 18:47:23.002 I/RILC    (  112): qmi_ril(0/112): [main] qcril_qmi_nas_request_registration_state .. rg 12 - 
02-13 18:47:23.002 I/RILC    (  112): qmi_ril(0/112): [main] qcril_qmi_nas_request_registration_state .. rg 13 - 0
02-13 18:47:23.002 I/RILC    (  112): qmi_ril(0/112): [main] qcril_qmi_nas_request_registration_state .. rg 14 - 0
02-13 18:47:23.002 I/RILC    (  112): qmi_ril(0/112): [main] qcril_reqlist_find [RID 0] Not found ReqList entry : token id 20
02-13 18:47:23.002 D/RILC    (  112): qmi_ril(0/112): [main] qcril_send_request_response UI <--- RIL_REQUEST_REGISTRATION_STATE (20) Complete --- RIL [RID 0, Token 20, Success, Len 60 ]
02-13 18:47:23.002 D/RILJ    (  342): [0020]< REGISTRATION_STATE {2,null,null,0,null,null,null,null,null,null,null,null,null,0,0}
02-13 18:47:23.002 I/RILC    (  112): qmi_ril(0/112): [main] qcril_qmi_nas_request_registration_state .. need to report cs/ps bar 0
02-13 18:47:23.002 I/RILC    (  112): qmi_ril(0/112): [main] qcril_qmi_nas_request_registration_state qcril_qmi_nas_request_registration_state completed with 0
02-13 18:47:23.012 D/RILJ    (  342): [0021]> DATA_REGISTRATION_STATE
02-13 18:47:23.012 D/RILC    (  112): qmi_ril(0/112): [main] onRequest UI --- RIL_REQUEST_DATA_REGISTRATION_STATE (21) ---> RIL [RID 0, token id 21, data len 0]
02-13 18:47:23.012 I/RILC    (  112): qmi_ril(0/112): [main] qcril_qmi_nas_request_data_registration_state qcril_qmi_nas_request_data_registration_state entered
02-13 18:47:23.012 I/RILC    (  112): qmi_ril(0/112): [main] qcril_qmi_nas_is_in_service_of_technology qcril_qmi_nas_is_in_service_of_technology entered
02-13 18:47:23.012 I/RILC    (  112): qmi_ril(0/112): [main] qcril_qmi_nas_is_in_service_of_technology qcril_qmi_nas_is_in_service_of_technology completed with 0
02-13 18:47:23.012 I/RILC    (  112): qmi_ril(0/112): [main] qcril_qmi_nas_is_in_service_of_technology qcril_qmi_nas_is_in_service_of_technology entered
02-13 18:47:23.012 I/RILC    (  112): qmi_ril(0/112): [main] qcril_qmi_nas_is_in_service_of_technology qcril_qmi_nas_is_in_service_of_technology completed with 0
02-13 18:47:23.012 D/RIL_IccCardProxy(  342): Card State = ABSENTCard Index = 0
02-13 18:47:23.012 D/PHONE   (  342): [PhoneProxy]setSubscriptionInfo sub= Subscription = { slotId = 0, 3gppIndex = -1, 3gpp2Index = -1, subId = 0, subStatus = 4, appId = null, appLabel = null, appType = null, iccId = null }
02-13 18:47:23.012 I/RILC    (  112): qmi_ril(0/112): [main] qcril_qmi_util_convert_qmi_response_codes_to_ril_result_ex qcril_qmi_util_convert_qmi_response_codes_to_ril_result_ex ctx check 0
02-13 18:47:23.012 I/RILC    (  112): qmi_ril(0/112): [main] qcril_qmi_voice_technology_updated qcril_qmi_voice_technology_updated entered
02-13 18:47:23.012 I/RILC    (  112): qmi_ril(0/112): [main] qcril_qmi_voice_technology_updated ..nas_cached_info.serving_system valid 1
02-13 18:47:23.012 I/RILC    (  112): qmi_ril(0/112): [main] qcril_qmi_voice_technology_updated .. selected NW 0
02-13 18:47:23.012 I/RILC    (  112): qmi_ril(0/112): [main] qcril_qmi_voice_technology_updated .. NW state 0
02-13 18:47:23.012 I/RILC    (  112): qmi_ril(0/112): [main] qcril_qmi_mgr_voice_technology_updated qcril_qmi_mgr_voice_technology_updated entered
02-13 18:47:23.012 I/RILC    (  112): qmi_ril(0/112): [main] qcril_qmi_mgr_voice_technology_updated qcril_qmi_mgr_voice_technology_updated left 0
02-13 18:47:23.012 I/RILC    (  112): qmi_ril(0/112): [main] qcril_qmi_voice_technology_updated qcril_qmi_voice_technology_updated completed for 0
02-13 18:47:23.012 I/RILC    (  112): qmi_ril(0/112): [main] qmi_ril_nwr_update_reg_rej_legacy qmi_ril_nwr_update_reg_rej_legacy entered
02-13 18:47:23.012 I/RILC    (  112): qmi_ril(0/112): [main] qmi_ril_nwr_update_reg_rej_legacy .. ss srv reg state 0
02-13 18:47:23.012 I/RILC    (  112): qmi_ril(0/112): [main] qmi_ril_nwr_update_reg_rej_legacy .. reje CS cs_rejected 0
02-13 18:47:23.012 I/RILC    (  112): qmi_ril(0/112): [main] qmi_ril_nwr_update_reg_rej_legacy .. reje CS cs_reject_cause 0
02-13 18:47:23.012 I/RILC    (  112): qmi_ril(0/112): [main] qmi_ril_nwr_update_reg_rej_legacy .. reje PS ps_rejected 0
02-13 18:47:23.012 I/RILC    (  112): qmi_ril(0/112): [main] qmi_ril_nwr_update_reg_rej_legacy .. reje PS ps_reject_cause 0
02-13 18:47:23.012 I/RILC    (  112): qmi_ril(0/112): [main] qmi_ril_nwr_util_log_mccmnc_str .. reje mcc - 
02-13 18:47:23.012 I/RILC    (  112): qmi_ril(0/112): [main] qmi_ril_nwr_util_log_mccmnc_str .. reje mnc - 
02-13 18:47:23.012 I/RILC    (  112): qmi_ril(0/112): [main] qmi_ril_nwr_update_reg_rej_legacy qmi_ril_nwr_update_reg_rej_legacy completed
02-13 18:47:23.012 I/RILC    (  112): qmi_ril(0/112): [main] qcril_qmi_nas_fetch_serving_system_info qcril_qmi_nas_fetch_serving_system_info res 0 
02-13 18:47:23.012 I/RILC    (  112): qmi_ril(0/112): [main] qcril_qmi_nas_request_data_registration_state  ... QMI NAS reg_state 0
02-13 18:47:23.012 I/RILC    (  112): qmi_ril(0/112): [main] qcril_qmi_nas_request_data_registration_state  ... cache valid for data_caps 1
02-13 18:47:23.012 I/RILC    (  112): qmi_ril(0/112): [main] qcril_qmi_nas_request_data_registration_state  ... cache valid for data_caps_len 0
02-13 18:47:23.012 I/RILC    (  112): qmi_ril(0/112): [main] qcril_qmi_nas_request_data_registration_state  ... ps attach state 2
02-13 18:47:23.012 I/RILC    (  112): qmi_ril(0/112): [main] qcril_qmi_nas_request_data_registration_state Xinjingqcril_qmi_nas_request_data_registration_state cur reg state 0
02-13 18:47:23.012 I/RILC    (  112): qmi_ril(0/112): [main] qcril_qmi_nas_request_data_registration_state .. pre  cur reg state 0
02-13 18:47:23.012 I/RILC    (  112): qmi_ril(0/112): [main] qcril_qmi_nas_request_data_registration_state qcril_qmi_nas_request_data_registration_state cur reg state 0
02-13 18:47:23.012 I/RILC    (  112): qmi_ril(0/112): [main] qcril_qmi_nas_is_in_service_of_technology qcril_qmi_nas_is_in_service_of_technology entered
02-13 18:47:23.012 I/RILC    (  112): qmi_ril(0/112): [main] qcril_qmi_nas_is_in_service_of_technology qcril_qmi_nas_is_in_service_of_technology completed with 0
02-13 18:47:23.012 I/RILC    (  112): qmi_ril(0/112): [main] qcril_qmi_nas_is_in_service_of_technology qcril_qmi_nas_is_in_service_of_technology entered
02-13 18:47:23.012 I/RILC    (  112): qmi_ril(0/112): [main] qcril_qmi_nas_is_in_service_of_technology qcril_qmi_nas_is_in_service_of_technology completed with 0
02-13 18:47:23.012 I/RILC    (  112): qmi_ril(0/112): [main] qcril_qmi_nas_request_data_registration_state .. data caps 1, 0
02-13 18:47:23.012 I/RILC    (  112): qmi_ril(0/112): [main] qcril_qmi_nas_request_data_registration_state .. detailed info val 1
02-13 18:47:23.012 I/RILC    (  112): qmi_ril(0/112): [main] qcril_qmi_nas_request_data_registration_state .. detailed info srv_cap 0
02-13 18:47:23.012 I/RILC    (  112): qmi_ril(0/112): [main] qcril_qmi_nas_request_data_registration_state .. ehrpd adjustment check 0
02-13 18:47:23.012 I/RILC    (  112): qmi_ril(0/112): [main] qcril_qmi_nas_request_data_registration_state .. rg 0 - 0
02-13 18:47:23.012 I/RILC    (  112): qmi_ril(0/112): [main] qcril_qmi_nas_request_data_registration_state .. rg 1 - 
02-13 18:47:23.012 I/RILC    (  112): qmi_ril(0/112): [main] qcril_qmi_nas_request_data_registration_state .. rg 2 - 
02-13 18:47:23.012 I/RILC    (  112): qmi_ril(0/112): [main] qcril_qmi_nas_request_data_registration_state .. rg 3 - 0
02-13 18:47:23.012 I/RILC    (  112): qmi_ril(0/112): [main] qcril_qmi_nas_request_data_registration_state .. rg 4 - 0
02-13 18:47:23.012 I/RILC    (  112): qmi_ril(0/112): [main] qcril_qmi_nas_request_data_registration_state .. rg 5 - 20
02-13 18:47:23.012 I/RILC    (  112): qmi_ril(0/112): [main] qcril_reqlist_find [RID 0] Not found ReqList entry : token id 21
02-13 18:47:23.012 D/RILC    (  112): qmi_ril(0/112): [main] qcril_send_request_response UI <--- RIL_REQUEST_DATA_REGISTRATION_STATE (21) Complete --- RIL [RID 0, Token 21, Success, Len 24 ]
02-13 18:47:23.012 D/RILJ    (  342): [0021]< DATA_REGISTRATION_STATE {0,null,null,0,0,20}
02-13 18:47:23.022 I/RILC    (  112): qmi_ril(0/112): [main] qcril_qmi_nas_request_data_registration_state qcril_qmi_nas_request_data_registration_state complete with 0
02-13 18:47:23.022 D/CDMA    (  342): slotId:0appId:-1subId:0subStatus:4
02-13 18:47:23.022 D/RIL_IccCardProxy(  342): Card State = ABSENTCard Index = 0
02-13 18:47:23.022 D/RIL_IMS (  342): In IMS updateRecords 
02-13 18:47:23.032 D/CDMA    (  342): [CdmaServiceStateTracker] ***zyj*** roamingstaus:0
02-13 18:47:23.032 D/CDMA    (  342): [CdmaServiceStateTracker] ***zyj*** sid not all zero and nam match and sys not in prl set flash
02-13 18:47:23.032 D/CDMA    (  342): [CdmaServiceStateTracker] Set CDMA Roaming Indicator to: 2. mCdmaRoaming = false, isPrlLoaded = true. namMatch = true , mIsInPrl = false, mRoamingIndicator = -1, mDefaultRoamingIndicator= 0
02-13 18:47:23.032 D/CDMA    (  342): [CdmaServiceStateTracker] Poll ServiceState done: oldSS=[1 home Searching for Service null null  Unknown CSS not supported 0 0RoamInd: 2RoamStatus(sprint): 0DefRoamInd: 0EmergOnly: false] newSS=[1 home null null null  Unknown CSS not supported 0 0RoamInd: 2RoamStatus(sprint): 0DefRoamInd: 0EmergOnly: false]
02-13 18:47:23.042 D/RILJ    (  342): [0022]> RIL_REQUEST_SET_TTY_MODE : 0
02-13 18:47:23.042 D/RILC    (  112): qmi_ril(0/112): [main] onRequest UI --- RIL_REQUEST_SET_TTY_MODE (80) ---> RIL [RID 0, token id 22, data len 4]
02-13 18:47:23.042 I/RILC    (  112): qmi_ril(0/112): [main] qcril_qmi_voice_request_set_tty_mode qcril_qmi_voice_request_set_tty_mode entry
02-13 18:47:23.042 I/RILC    (  112): qmi_ril(0/112): [main] qcril_qmi_voice_request_set_tty_mode .. tty val  3
02-13 18:47:23.052 I/RILC    (  112): qmi_ril(0/112): [main] qcril_qmi_util_convert_qmi_response_codes_to_ril_result_ex qcril_qmi_util_convert_qmi_response_codes_to_ril_result_ex ctx check 0
02-13 18:47:23.052 I/RILC    (  112): qmi_ril(0/112): [main] qcril_qmi_voice_request_set_tty_mode .. qmi req got  0
02-13 18:47:23.052 I/RILC    (  112): qmi_ril(0/112): [main] qcril_qmi_voice_request_set_tty_mode .. outcome  1, 0
02-13 18:47:23.052 I/RILC    (  112): qmi_ril(0/112): [main] qcril_reqlist_find [RID 0] Not found ReqList entry : token id 22
02-13 18:47:23.052 D/RILC    (  112): qmi_ril(0/112): [main] qcril_send_request_response UI <--- RIL_REQUEST_SET_TTY_MODE (80) Complete --- RIL [RID 0, Token 22, Success, Len 0 ]
02-13 18:47:23.052 I/RILC    (  112): qmi_ril(0/112): [main] qcril_qmi_voice_request_set_tty_mode qcril_qmi_voice_request_set_tty_mode complete with 0
02-13 18:47:23.052 D/RILJ    (  342): [0022]< RIL_REQUEST_SET_TTY_MODE 
02-13 18:47:23.052 D/RILJ    (  342): [0023]> RIL_REQUEST_QUERY_TTY_MODE
02-13 18:47:23.052 D/RILC    (  112): qmi_ril(0/112): [main] onRequest UI --- RIL_REQUEST_QUERY_TTY_MODE (81) ---> RIL [RID 0, token id 23, data len 0]
02-13 18:47:23.052 I/RILC    (  112): qmi_ril(0/112): [main] qcril_voice_query_tty_mode qcril_voice_query_tty_mode entry
02-13 18:47:23.052 I/RILC    (  112): qmi_ril(0/112): [main] qcril_qmi_util_convert_qmi_response_codes_to_ril_result_ex qcril_qmi_util_convert_qmi_response_codes_to_ril_result_ex ctx check 0
02-13 18:47:23.052 I/RILC    (  112): qmi_ril(0/112): [main] qcril_voice_query_tty_mode .. qmi req 0
02-13 18:47:23.052 I/RILC    (  112): qmi_ril(0/112): [main] qcril_reqlist_find [RID 0] Not found ReqList entry : token id 23
02-13 18:47:23.052 D/RILC    (  112): qmi_ril(0/112): [main] qcril_send_request_response UI <--- RIL_REQUEST_QUERY_TTY_MODE (81) Complete --- RIL [RID 0, Token 23, Success, Len 4 ]
02-13 18:47:23.052 I/RILC    (  112): qmi_ril(0/112): [main] qcril_voice_query_tty_mode qcril_voice_query_tty_mode complete with 0
02-13 18:47:23.052 D/RILJ    (  342): [0023]< RIL_REQUEST_QUERY_TTY_MODE {0}
02-13 18:47:23.402 I/RILC    (  112): qmi_ril(0/112): [qmi_cb] qcril_qmi_nas_unsolicited_indication_cb invoked msg 0x24
02-13 18:47:23.402 I/RILC    (  112): qmi_ril(0/112): [qmi_cb] qcril_qmi_nas_is_considered_registered qcril_qmi_nas_is_considered_registered entered
02-13 18:47:23.402 I/RILC    (  112): qmi_ril(0/112): [qmi_cb] qcril_qmi_nas_is_considered_registered qcril_qmi_nas_is_considered_registered completed with 0
02-13 18:47:23.402 I/RILC    (  112): qmi_ril(0/112): [qmi_cb] qcril_qmi_nas_serving_system_ind_conv_qmi2ril qcril_qmi_nas_serving_system_ind_conv_qmi2ril entered
02-13 18:47:23.402 I/RILC    (  112): qmi_ril(0/112): [qmi_cb] qcril_qmi_nas_serving_system_ind_conv_qmi2ril .. fundamental change 1
02-13 18:47:23.402 I/RILC    (  112): qmi_ril(0/112): [qmi_cb] qcril_qmi_nas_drop_nw_info_cache  qcril_qmi_nas_drop_nw_info_cache entry 
02-13 18:47:23.402 I/RILC    (  112): qmi_ril(0/112): [qmi_cb] qcril_qmi_nas_drop_nw_info_cache qcril_qmi_nas_drop_nw_info_cache complete 
02-13 18:47:23.402 I/RILC    (  112): qmi_ril(0/112): [qmi_cb] qcril_qmi_voice_technology_updated qcril_qmi_voice_technology_updated entered
02-13 18:47:23.402 I/RILC    (  112): qmi_ril(0/112): [qmi_cb] qcril_qmi_voice_technology_updated ..nas_cached_info.serving_system valid 1
02-13 18:47:23.402 I/RILC    (  112): qmi_ril(0/112): [qmi_cb] qcril_qmi_voice_technology_updated .. selected NW 1
02-13 18:47:23.402 I/RILC    (  112): qmi_ril(0/112): [qmi_cb] qcril_qmi_voice_technology_updated .. NW state 1
02-13 18:47:23.402 I/RILC    (  112): qmi_ril(0/112): [qmi_cb] qcril_qmi_mgr_voice_technology_updated qcril_qmi_mgr_voice_technology_updated entered
02-13 18:47:23.402 I/RILC    (  112): qmi_ril(0/112): [qmi_cb] qcril_qmi_mgr_voice_technology_updated qcril_qmi_mgr_voice_technology_updated left 2
02-13 18:47:23.402 I/RILC    (  112): qmi_ril(0/112): [qmi_cb] qcril_qmi_voice_technology_updated qcril_qmi_voice_technology_updated completed for 2
02-13 18:47:23.402 I/RILC    (  112): qmi_ril(0/112): [qmi_cb] qmi_ril_nwr_update_reg_rej_legacy qmi_ril_nwr_update_reg_rej_legacy entered
02-13 18:47:23.402 I/RILC    (  112): qmi_ril(0/112): [qmi_cb] qmi_ril_nwr_update_reg_rej_legacy .. ss srv reg state 1
02-13 18:47:23.402 I/RILC    (  112): qmi_ril(0/112): [qmi_cb] qmi_ril_nwr_update_reg_rej_legacy .. reje CS cs_rejected 0
02-13 18:47:23.402 I/RILC    (  112): qmi_ril(0/112): [qmi_cb] qmi_ril_nwr_update_reg_rej_legacy .. reje CS cs_reject_cause 0
02-13 18:47:23.402 I/RILC    (  112): qmi_ril(0/112): [qmi_cb] qmi_ril_nwr_update_reg_rej_legacy .. reje PS ps_rejected 0
02-13 18:47:23.402 I/RILC    (  112): qmi_ril(0/112): [qmi_cb] qmi_ril_nwr_update_reg_rej_legacy .. reje PS ps_reject_cause 0
02-13 18:47:23.402 I/RILC    (  112): qmi_ril(0/112): [qmi_cb] qmi_ril_nwr_util_log_mccmnc_str .. reje mcc - 
02-13 18:47:23.402 I/RILC    (  112): qmi_ril(0/112): [qmi_cb] qmi_ril_nwr_util_log_mccmnc_str .. reje mnc - 
02-13 18:47:23.402 I/RILC    (  112): qmi_ril(0/112): [qmi_cb] qmi_ril_nwr_update_reg_rej_legacy qmi_ril_nwr_update_reg_rej_legacy completed
02-13 18:47:23.402 I/RILC    (  112): qmi_ril(0/112): [qmi_cb] qcril_qmi_nas_serving_system_ind_conv_qmi2ril qcril_qmi_nas_serving_system_ind_conv_qmi2ril serving_system cached 1
02-13 18:47:23.402 I/RILC    (  112): qmi_ril(0/112): [qmi_cb] qcril_qmi_nas_serving_system_ind_conv_qmi2ril qcril_qmi_nas_serving_system_ind_conv_qmi2ril roaming_indicator cached 1
02-13 18:47:23.402 I/RILC    (  112): qmi_ril(0/112): [qmi_cb] qcril_qmi_nas_serving_system_ind_conv_qmi2ril qcril_qmi_nas_serving_system_ind_conv_qmi2ril data_capabilities cached 1
02-13 18:47:23.402 I/RILC    (  112): qmi_ril(0/112): [qmi_cb] qcril_qmi_nas_serving_system_ind_conv_qmi2ril qcril_qmi_nas_serving_system_ind_conv_qmi2ril current_plmn cached 0
02-13 18:47:23.402 I/RILC    (  112): qmi_ril(0/112): [qmi_cb] qcril_qmi_nas_serving_system_ind_conv_qmi2ril qcril_qmi_nas_serving_system_ind_conv_qmi2ril mnc_includes_pcs_digit cached 0
02-13 18:47:23.402 I/RILC    (  112): qmi_ril(0/112): [qmi_cb] qcril_qmi_nas_serving_system_ind_conv_qmi2ril qcril_qmi_nas_serving_system_ind_conv_qmi2ril completed
02-13 18:47:23.402 I/RILC    (  112): qmi_ril(0/112): [qmi_cb] qcril_qmi_nas_is_considered_registered qcril_qmi_nas_is_considered_registered entered
02-13 18:47:23.402 I/RILC    (  112): qmi_ril(0/112): [qmi_cb] qcril_qmi_nas_is_considered_registered qcril_qmi_nas_is_considered_registered completed with 1
02-13 18:47:23.402 D/RILC    (  112): qmi_ril(0/112): [qmi_cb] qcril_event_queue Event [<Unknown event> ?, 655370] data was NULL!
02-13 18:47:23.402 D/RILC    (  112): qmi_ril(0/112): [qmi_cb] qcril_event_queue RID 0 MID 0 Queued event <Unknown event> ? (0 bytes)
02-13 18:47:23.402 I/RILC    (  112): qmi_ril(0/112): [qmi_cb] qcril_qmi_nas_unsolicited_indication_cb .. operational state 3
02-13 18:47:23.402 D/RILC    (  112): qmi_ril(0/112): [qmi_cb] qcril_send_unsol_response UI <--- RIL_UNSOL_RESPONSE_NETWORK_STATE_CHANGED (1002) --- RIL [RID 0, Len 0, (null)]
02-13 18:47:23.402 I/RILC    (  112): qmi_ril(0/112): [qmi_cb] qcril_qmi_nas_unsolicited_indication_cb posted RIL indication 1002
02-13 18:47:23.402 D/RILC    (  112): qmi_ril(0/112): [qmi_cb] qcril_send_unsol_response UI <--- RIL_UNSOL_VOICE_RADIO_TECH_CHANGED (1034) --- RIL [RID 0, Len 0, (null)]
02-13 18:47:23.402 I/RILC    (  112): qmi_ril(0/112): [qmi_cb] qcril_qmi_nas_unsolicited_indication_cb posted RIL indication 1034
02-13 18:47:23.402 D/RILC    (  112): qmi_ril(0/112): [qmi_cb] qcril_send_unsol_response UI <--- RIL_UNSOL_RESPONSE_DATA_NETWORK_STATE_CHANGED (1037) --- RIL [RID 0, Len 0, (null)]
02-13 18:47:23.402 I/RILC    (  112): qmi_ril(0/112): [qmi_cb] qcril_qmi_nas_unsolicited_indication_cb posted RIL indication 1037
02-13 18:47:23.402 I/RILC    (  112): qmi_ril(0/112): [qmi_cb] qcril_qmi_nas_unsolicited_indication_cb qcril_qmi_nas_unsolicited_indication_cb completed
02-13 18:47:23.402 D/RILC    (  112): qmi_ril(0/112): [event] qcril_event_main qcril_event_main(): 1 items on queue
02-13 18:47:23.402 D/RILC    (  112): qmi_ril(0/112): [event] qcril_event_main RID 0 MID 0 De-queued event <Unknown event> ? (655370)
02-13 18:47:23.402 D/RILC    (  112): qmi_ril(0/112): [event] qcril_process_event RIL <--- <Unknown event> ?(655370), RID 0, MID 0 --- AMSS
02-13 18:47:23.402 I/RILC    (  112): qmi_ril(0/112): [event] qcril_qmi_trigger_propagate_known_signal_strength_ind qcril_qmi_trigger_propagate_known_signal_strength_ind received
02-13 18:47:23.402 I/RILC    (  112): qmi_ril(0/112): [event] qcril_qmi_nas_propagate_known_signal_strength_ind qcril_qmi_nas_propagate_known_signal_strength_ind entered
02-13 18:47:23.402 I/RILC    (  112): qmi_ril(0/112): [event] qcril_qmi_nas_fetch_signal_strength_observations qcril_qmi_nas_fetch_signal_strength_observations entered
02-13 18:47:23.402 I/RILC    (  112): qmi_ril(0/112): [event] qcril_qmi_nas_fetch_signal_strength_observations ..req mask 115
02-13 18:47:23.402 I/RILC    (  112): qmi_ril(0/112): [event] qcril_qmi_nas_fetch_signal_strength_observations qcril_qmi_nas_request_signal_strength entered IF 115
02-13 18:47:23.402 I/RILC    (  112): qmi_ril(0/112): [event] qcril_qmi_nas_fetch_signal_strength_observations qcril_qmi_nas_request_signal_strength entered RIL_REQ_RES qmi_request.request__mask = 51
02-13 18:47:23.402 I/RILC    (  112): qmi_ril(0/112): [event] qcril_qmi_nas_fetch_signal_strength_observations qcril_qmi_nas_request_signal_strength entered IF QMI RESPONSE 115
02-13 18:47:23.402 D/RILJ    (  342): [UNSL]< UNSOL_RESPONSE_NETWORK_STATE_CHANGED
02-13 18:47:23.402 D/RILJ    (  342): [UNSL]< UNSOL_VOICE_RADIO_TECH_CHANGED
02-13 18:47:23.402 D/RILJ    (  342): [UNSL]< RIL_UNSOL_RESPONSE_DATA_NETWORK_STATE_CHANGED
02-13 18:47:23.402 D/RILJ    (  342): [0024]> OPERATOR
02-13 18:47:23.402 D/RILJ    (  342): [0025]> REGISTRATION_STATE
02-13 18:47:23.402 D/RILC    (  112): qmi_ril(0/112): [main] onRequest UI --- RIL_REQUEST_OPERATOR (22) ---> RIL [RID 0, token id 24, data len 0]
02-13 18:47:23.402 I/RILC    (  112): qmi_ril(0/112): [main] qcril_qmi_nas_request_operator qcril_qmi_nas_request_operator entered
02-13 18:47:23.402 I/RILC    (  112): qmi_ril(0/112): [main] qcril_qmi_nas_is_considered_registered qcril_qmi_nas_is_considered_registered entered
02-13 18:47:23.402 I/RILC    (  112): qmi_ril(0/112): [main] qcril_qmi_nas_is_considered_registered qcril_qmi_nas_is_considered_registered completed with 1
02-13 18:47:23.402 I/RILC    (  112): qmi_ril(0/112): [main] qcril_qmi_nas_is_in_service_of_technology qcril_qmi_nas_is_in_service_of_technology entered
02-13 18:47:23.402 I/RILC    (  112): qmi_ril(0/112): [main] qcril_qmi_nas_is_in_service_of_technology qcril_qmi_nas_is_in_service_of_technology completed with 0
02-13 18:47:23.402 I/RILC    (  112): qmi_ril(0/112): [main] qcril_qmi_nas_request_operator .. everything cached non sys_info 1
02-13 18:47:23.402 I/RILC    (  112): qmi_ril(0/112): [main] qcril_qmi_nas_request_operator ..mcc_mnc_ascii 310099
02-13 18:47:23.402 I/RILC    (  112): qmi_ril(0/112): [main] qcril_qmi_nas_fill_up_3gpp2_operator_name qcril_qmi_nas_fill_up_3gpp2_operator_name mcc 310 mnc 099 sid 4139 nid 41
02-13 18:47:23.402 D/RILC    (  112): qmi_ril(0/112): [main] qcril_qmi_nas2_find_3gpp2_static_operator_name UE Memory List does not contain the specified operator
02-13 18:47:23.402 I/RILC    (  112): qmi_ril(0/112): [main] qcril_qmi_nas_fill_up_3gpp2_operator_name ..will return static , 
02-13 18:47:23.402 I/RILC    (  112): qmi_ril(0/112): [main] qcril_qmi_nas_fill_up_3gpp2_operator_name qcril_qmi_nas_fill_up_3gpp2_operator_name completed with 0
02-13 18:47:23.412 D/RILJ    (  342): [0026]> RIL_REQUEST_VOICE_RADIO_TECH
02-13 18:47:23.412 D/RILJ    (  342): [0027]> DATA_REGISTRATION_STATE
02-13 18:47:23.412 I/RILC    (  112): qmi_ril(0/112): [qmi_cb] qcril_qmi_nas_unsolicited_indication_cb invoked msg 0x2
02-13 18:47:23.412 I/RILC    (  112): qmi_ril(0/112): [qmi_cb] qcril_qmi_nas_is_considered_registered qcril_qmi_nas_is_considered_registered entered
02-13 18:47:23.412 I/RILC    (  112): qmi_ril(0/112): [qmi_cb] qcril_qmi_nas_is_considered_registered qcril_qmi_nas_is_considered_registered completed with 1
02-13 18:47:23.412 I/RILC    (  112): qmi_ril(0/112): [qmi_cb] qcril_qmi_nas_event_report_ind_conv_qmi2ril qcril_qmi_nas_event_report_ind_conv_qmi2ril entered
02-13 18:47:23.412 I/RILC    (  112): qmi_ril(0/112): [qmi_cb] qcril_qmi_nas_event_report_ind_conv_qmi2ril .. reg reject valid 0
02-13 18:47:23.412 I/RILC    (  112): qmi_ril(0/112): [qmi_cb] qcril_qmi_nas_event_report_ind_conv_qmi2ril qcril_qmi_nas_event_report_ind_conv_qmi2ril completed
02-13 18:47:23.412 I/RILC    (  112): qmi_ril(0/112): [qmi_cb] qcril_qmi_nas_is_considered_registered qcril_qmi_nas_is_considered_registered entered
02-13 18:47:23.412 I/RILC    (  112): qmi_ril(0/112): [qmi_cb] qcril_qmi_nas_is_considered_registered qcril_qmi_nas_is_considered_registered completed with 1
02-13 18:47:23.412 D/RILC    (  112): qmi_ril(0/112): [qmi_cb] qcril_event_queue Event [<Unknown event> ?, 655370] data was NULL!
02-13 18:47:23.412 D/RILC    (  112): qmi_ril(0/112): [qmi_cb] qcril_event_queue RID 0 MID 0 Queued event <Unknown event> ? (0 bytes)
02-13 18:47:23.412 I/RILC    (  112): qmi_ril(0/112): [qmi_cb] qcril_qmi_nas_unsolicited_indication_cb .. operational state 3
02-13 18:47:23.412 I/RILC    (  112): qmi_ril(0/112): [qmi_cb] qcril_qmi_nas_unsolicited_indication_cb qcril_qmi_nas_unsolicited_indication_cb completed
02-13 18:47:23.412 I/RILC    (  112): qmi_ril(0/112): [qmi_cb] qcril_qmi_nas_unsolicited_indication_cb invoked msg 0x2
02-13 18:47:23.412 I/RILC    (  112): qmi_ril(0/112): [qmi_cb] qcril_qmi_nas_is_considered_registered qcril_qmi_nas_is_considered_registered entered
02-13 18:47:23.412 I/RILC    (  112): qmi_ril(0/112): [qmi_cb] qcril_qmi_nas_is_considered_registered qcril_qmi_nas_is_considered_registered completed with 1
02-13 18:47:23.412 I/RILC    (  112): qmi_ril(0/112): [qmi_cb] qcril_qmi_nas_event_report_ind_conv_qmi2ril qcril_qmi_nas_event_report_ind_conv_qmi2ril entered
02-13 18:47:23.412 I/RILC    (  112): qmi_ril(0/112): [qmi_cb] qcril_qmi_nas_event_report_ind_conv_qmi2ril .. reg reject valid 0
02-13 18:47:23.412 I/RILC    (  112): qmi_ril(0/112): [qmi_cb] qcril_qmi_nas_event_report_ind_conv_qmi2ril qcril_qmi_nas_event_report_ind_conv_qmi2ril completed
02-13 18:47:23.412 I/RILC    (  112): qmi_ril(0/112): [qmi_cb] qcril_qmi_nas_is_considered_registered qcril_qmi_nas_is_considered_registered entered
02-13 18:47:23.412 I/RILC    (  112): qmi_ril(0/112): [qmi_cb] qcril_qmi_nas_is_considered_registered qcril_qmi_nas_is_considered_registered completed with 1
02-13 18:47:23.412 D/RILC    (  112): qmi_ril(0/112): [qmi_cb] qcril_event_queue Event [<Unknown event> ?, 655370] data was NULL!
02-13 18:47:23.412 D/RILC    (  112): qmi_ril(0/112): [qmi_cb] qcril_event_queue RID 0 MID 0 Queued event <Unknown event> ? (0 bytes)
02-13 18:47:23.412 I/RILC    (  112): qmi_ril(0/112): [qmi_cb] qcril_qmi_nas_unsolicited_indication_cb .. operational state 3
02-13 18:47:23.412 I/RILC    (  112): qmi_ril(0/112): [qmi_cb] qcril_qmi_nas_unsolicited_indication_cb qcril_qmi_nas_unsolicited_indication_cb completed
02-13 18:47:23.412 I/RILC    (  112): qmi_ril(0/112): [qmi_cb] qcril_qmi_nas_unsolicited_indication_cb invoked msg 0x4c
02-13 18:47:23.412 I/RILC    (  112): qmi_ril(0/112): [qmi_cb] qcril_qmi_nas_is_considered_registered qcril_qmi_nas_is_considered_registered entered
02-13 18:47:23.412 I/RILC    (  112): qmi_ril(0/112): [qmi_cb] qcril_qmi_nas_is_considered_registered qcril_qmi_nas_is_considered_registered completed with 1
02-13 18:47:23.412 I/RILC    (  112): qmi_ril(0/112): [qmi_cb] qcril_qmi_nas_network_time_ind_conv_qmi2ril qcril_qmi_nas_network_time_ind_conv_qmi2ril entry
02-13 18:47:23.412 I/RILC    (  112): qmi_ril(0/112): [qmi_cb] qcril_qmi_nas_network_time_ind_conv_qmi2ril ril_nitz_time_msg is: 12/02/14,00:47:38-24,00
02-13 18:47:23.412 I/RILC    (  112): qmi_ril(0/112): [qmi_cb] qcril_qmi_nas_unsolicited_indication_cb .. operational state 3
02-13 18:47:23.412 D/RILC    (  112): qmi_ril(0/112): [qmi_cb] qcril_send_unsol_response UI <--- RIL_UNSOL_NITZ_TIME_RECEIVED (1008) --- RIL [RID 0, Len 24, (null)]
02-13 18:47:23.412 D/RILJ    (  342): [UNSL]< UNSOL_NITZ_TIME_RECEIVED 12/02/14,00:47:38-24,00
02-13 18:47:23.412 I/RILC    (  112): qmi_ril(0/112): [qmi_cb] qcril_qmi_nas_unsolicited_indication_cb posted RIL indication 1008
02-13 18:47:23.412 I/RILC    (  112): qmi_ril(0/112): [qmi_cb] qcril_qmi_nas_unsolicited_indication_cb qcril_qmi_nas_unsolicited_indication_cb completed
02-13 18:47:23.412 I/RILC    (  112): qmi_ril(0/112): [event] qcril_qmi_util_convert_qmi_response_codes_to_ril_result_ex qcril_qmi_util_convert_qmi_response_codes_to_ril_result_ex ctx check 0
02-13 18:47:23.412 I/RILC    (  112): qmi_ril(0/112): [event] qcril_qmi_nas_fetch_signal_strength_observations qcril_qmi_nas_request_signal_strength entered IF UTIL_RES = SUCCESS 115
02-13 18:47:23.412 I/RILC    (  112): qmi_ril(0/112): [event] qcril_qmi_nas_fetch_signal_strength_observations qcril_qmi_nas_fetch_signal_strength_observations completed 0
02-13 18:47:23.412 I/RILC    (  112): qmi_ril(0/112): [event] qcril_qmi_nas_propagate_known_signal_strength_ind .. subfetch sig strength info 0
02-13 18:47:23.412 I/RILC    (  112): qmi_ril(0/112): [event] qcril_qmi_nas_dump_sign_strength_report qcril_qmi_nas_dump_sign_strength_report entered
02-13 18:47:23.412 I/RILC    (  112): qmi_ril(0/112): [event] qcril_qmi_nas_dump_sign_strength_report ..GW
02-13 18:47:23.412 I/RILC    (  112): qmi_ril(0/112): [event] qcril_qmi_nas_dump_sign_strength_report .. signalStrength 99, bitErrorRate 0
02-13 18:47:23.412 I/RILC    (  112): qmi_ril(0/112): [event] qcril_qmi_nas_dump_sign_strength_report ..CDMA
02-13 18:47:23.412 I/RILC    (  112): qmi_ril(0/112): [event] qcril_qmi_nas_dump_sign_strength_report .. dbm 79, ecio 70 
02-13 18:47:23.412 I/RILC    (  112): qmi_ril(0/112): [event] qcril_qmi_nas_dump_sign_strength_report ..EVDO
02-13 18:47:23.412 I/RILC    (  112): qmi_ril(0/112): [event] qcril_qmi_nas_dump_sign_strength_report .. dbm 125, ecio 25, signalNoiseRatio 8
02-13 18:47:23.412 I/RILC    (  112): qmi_ril(0/112): [event] qcril_qmi_nas_dump_sign_strength_report ..LTE
02-13 18:47:23.412 I/RILC    (  112): qmi_ril(0/112): [event] qcril_qmi_nas_dump_sign_strength_report .. signalStrength 99, rsrp 2147483647, rsrq 2147483647, rsnnr 2147483647
02-13 18:47:23.412 I/RILC    (  112): qmi_ril(0/112): [event] qcril_qmi_nas_dump_sign_strength_report qcril_qmi_nas_dump_sign_strength_report completed
02-13 18:47:23.412 I/RILC    (  112): qmi_ril(0/112): [event] qcril_qmi_nas_propagate_known_signal_strength_ind .. conf res 0
02-13 18:47:23.412 D/RILC    (  112): qmi_ril(0/112): [event] qcril_send_unsol_response UI <--- RIL_UNSOL_SIGNAL_STRENGTH (1009) --- RIL [RID 0, Len 48, (null)]
02-13 18:47:23.412 I/RILC    (  112): qmi_ril(0/112): [event] qcril_qmi_nas_propagate_known_signal_strength_ind qcril_qmi_nas_propagate_known_signal_strength_ind completed 0
02-13 18:47:23.412 I/RILC    (  112): qmi_ril(0/112): [event] qcril_process_event Exit qcril_process_event() : <Unknown event> ?, err_no 0
02-13 18:47:23.412 D/RILC    (  112): qmi_ril(0/112): [event] qcril_event_main RID 0 MID 0 De-queued event <Unknown event> ? (655370)
02-13 18:47:23.412 D/RILC    (  112): qmi_ril(0/112): [event] qcril_process_event RIL <--- <Unknown event> ?(655370), RID 0, MID 0 --- AMSS
02-13 18:47:23.412 I/RILC    (  112): qmi_ril(0/112): [event] qcril_qmi_trigger_propagate_known_signal_strength_ind qcril_qmi_trigger_propagate_known_signal_strength_ind received
02-13 18:47:23.412 I/RILC    (  112): qmi_ril(0/112): [event] qcril_qmi_nas_propagate_known_signal_strength_ind qcril_qmi_nas_propagate_known_signal_strength_ind entered
02-13 18:47:23.412 I/RILC    (  112): qmi_ril(0/112): [event] qcril_qmi_nas_fetch_signal_strength_observations qcril_qmi_nas_fetch_signal_strength_observations entered
02-13 18:47:23.412 I/RILC    (  112): qmi_ril(0/112): [event] qcril_qmi_nas_fetch_signal_strength_observations ..req mask 32
02-13 18:47:23.412 I/RILC    (  112): qmi_ril(0/112): [event] qcril_qmi_nas_fetch_signal_strength_observations qcril_qmi_nas_request_signal_strength entered IF 32
02-13 18:47:23.412 I/RILC    (  112): qmi_ril(0/112): [event] qcril_qmi_nas_fetch_signal_strength_observations qcril_qmi_nas_request_signal_strength entered RIL_REQ_RES qmi_request.request__mask = 32
02-13 18:47:23.412 I/RILC    (  112): qmi_ril(0/112): [event] qcril_qmi_nas_fetch_signal_strength_observations qcril_qmi_nas_request_signal_strength entered IF QMI RESPONSE 32
02-13 18:47:23.412 I/CDMA    (  342): NITZ: 12/02/14,00:47:38-24,00,25384 start=25386 delay=2
02-13 18:47:23.412 I/CDMA    (  342):  dst: 0
02-13 18:47:23.412 I/CDMA    (  342):  tzOffset: -21600000
02-13 18:47:23.412 I/CDMA    (  342):  iso: 
02-13 18:47:23.412 I/CDMA    (  342): mGotCountryCode: false
02-13 18:47:23.412 I/RILC    (  112): qmi_ril(0/112): [main] qcril_qmi_util_convert_qmi_response_codes_to_ril_result_ex qcril_qmi_util_convert_qmi_response_codes_to_ril_result_ex ctx check 4
02-13 18:47:23.412 I/RILC    (  112): qmi_ril(0/112): [main] qcril_qmi_nas_request_operator 0, 0, 0
02-13 18:47:23.412 I/RILC    (  112): qmi_ril(0/112): [main] qcril_qmi_nas_request_operator nam name valid 1, len 12
02-13 18:47:23.412 I/RILC    (  112): qmi_ril(0/112): [main] qcril_qmi_nas_request_operator .. used_nam_name_len 12
02-13 18:47:23.412 I/RILC    (  112): qmi_ril(0/112): [main] qcril_qmi_nas_request_operator .. nam             
02-13 18:47:23.412 I/RILC    (  112): qmi_ril(0/112): [main] qcril_qmi_nas_request_operator .. res long             
02-13 18:47:23.412 I/RILC    (  112): qmi_ril(0/112): [main] qcril_qmi_nas_request_operator .. res short 
02-13 18:47:23.412 I/RILC    (  112): qmi_ril(0/112): [main] qcril_qmi_nas_request_operator .. res mcc_mnc 310099
02-13 18:47:23.412 I/RILC    (  112): qmi_ril(0/112): [main] qcril_qmi_nas_request_operator qcril_qmi_nas_request_operator long             
02-13 18:47:23.412 I/RILC    (  112): qmi_ril(0/112): [main] qcril_qmi_nas_request_operator qcril_qmi_nas_request_operator short 
02-13 18:47:23.412 I/RILC    (  112): qmi_ril(0/112): [main] qcril_qmi_nas_request_operator qcril_qmi_nas_request_operator mcc_mnc 310099
02-13 18:47:23.412 I/RILC    (  112): qmi_ril(0/112): [main] qcril_reqlist_find [RID 0] Not found ReqList entry : token id 24
02-13 18:47:23.412 D/RILC    (  112): qmi_ril(0/112): [main] qcril_send_request_response UI <--- RIL_REQUEST_OPERATOR (22) Complete --- RIL [RID 0, Token 24, Success, Len 12 ]
02-13 18:47:23.412 I/RILC    (  112): qmi_ril(0/112): [main] qcril_qmi_nas_request_operator qcril_qmi_nas_request_operator complete with 0
02-13 18:47:23.412 D/RILC    (  112): qmi_ril(0/112): [main] onRequest UI --- RIL_REQUEST_REGISTRATION_STATE (20) ---> RIL [RID 0, token id 25, data len 0]
02-13 18:47:23.412 I/RILC    (  112): qmi_ril(0/112): [main] qcril_qmi_nas_request_registration_state qcril_qmi_nas_request_registration_state entered
02-13 18:47:23.412 I/RILC    (  112): qmi_ril(0/112): [main] qcril_qmi_nas_is_in_service_of_technology qcril_qmi_nas_is_in_service_of_technology entered
02-13 18:47:23.412 I/RILC    (  112): qmi_ril(0/112): [main] qcril_qmi_nas_is_in_service_of_technology qcril_qmi_nas_is_in_service_of_technology completed with 0
02-13 18:47:23.412 I/RILC    (  112): qmi_ril(0/112): [main] qcril_qmi_nas_is_in_service_of_technology qcril_qmi_nas_is_in_service_of_technology entered
02-13 18:47:23.412 I/RILC    (  112): qmi_ril(0/112): [main] qcril_qmi_nas_is_in_service_of_technology qcril_qmi_nas_is_in_service_of_technology completed with 1
02-13 18:47:23.412 I/RILC    (  112): qmi_ril(0/112): [main] qcril_qmi_nas_request_registration_state qcril_qmi_nas_request_registration_state cache subrequest need 1
02-13 18:47:23.412 I/RILC    (  112): qmi_ril(0/112): [event] qcril_qmi_util_convert_qmi_response_codes_to_ril_result_ex qcril_qmi_util_convert_qmi_response_codes_to_ril_result_ex ctx check 0
02-13 18:47:23.412 I/RILC    (  112): qmi_ril(0/112): [event] qcril_qmi_nas_fetch_signal_strength_observations qcril_qmi_nas_request_signal_strength entered IF UTIL_RES = SUCCESS 32
02-13 18:47:23.412 I/RILC    (  112): qmi_ril(0/112): [event] qcril_qmi_nas_fetch_signal_strength_observations qcril_qmi_nas_fetch_signal_strength_observations completed 0
02-13 18:47:23.412 I/RILC    (  112): qmi_ril(0/112): [event] qcril_qmi_nas_propagate_known_signal_strength_ind .. subfetch sig strength info 0
02-13 18:47:23.412 I/RILC    (  112): qmi_ril(0/112): [event] qcril_qmi_nas_dump_sign_strength_report qcril_qmi_nas_dump_sign_strength_report entered
02-13 18:47:23.412 I/RILC    (  112): qmi_ril(0/112): [event] qcril_qmi_nas_dump_sign_strength_report ..GW
02-13 18:47:23.412 I/RILC    (  112): qmi_ril(0/112): [event] qcril_qmi_nas_dump_sign_strength_report .. signalStrength 99, bitErrorRate 0
02-13 18:47:23.412 I/RILC    (  112): qmi_ril(0/112): [event] qcril_qmi_nas_dump_sign_strength_report ..CDMA
02-13 18:47:23.412 I/RILC    (  112): qmi_ril(0/112): [event] qcril_qmi_nas_dump_sign_strength_report .. dbm 79, ecio 70 
02-13 18:47:23.412 I/RILC    (  112): qmi_ril(0/112): [event] qcril_qmi_nas_dump_sign_strength_report ..EVDO
02-13 18:47:23.412 I/RILC    (  112): qmi_ril(0/112): [event] qcril_qmi_nas_dump_sign_strength_report .. dbm 125, ecio 25, signalNoiseRatio 8
02-13 18:47:23.412 I/RILC    (  112): qmi_ril(0/112): [event] qcril_qmi_nas_dump_sign_strength_report ..LTE
02-13 18:47:23.412 I/RILC    (  112): qmi_ril(0/112): [event] qcril_qmi_nas_dump_sign_strength_report .. signalStrength 99, rsrp 2147483647, rsrq 2147483647, rsnnr 2147483647
02-13 18:47:23.412 I/RILC    (  112): qmi_ril(0/112): [event] qcril_qmi_nas_dump_sign_strength_report qcril_qmi_nas_dump_sign_strength_report completed
02-13 18:47:23.412 I/RILC    (  112): qmi_ril(0/112): [event] qcril_qmi_nas_propagate_known_signal_strength_ind .. conf res 0
02-13 18:47:23.412 D/RILC    (  112): qmi_ril(0/112): [event] qcril_send_unsol_response UI <--- RIL_UNSOL_SIGNAL_STRENGTH (1009) --- RIL [RID 0, Len 48, (null)]
02-13 18:47:23.412 I/RILC    (  112): qmi_ril(0/112): [event] qcril_qmi_nas_propagate_known_signal_strength_ind qcril_qmi_nas_propagate_known_signal_strength_ind completed 0
02-13 18:47:23.412 I/RILC    (  112): qmi_ril(0/112): [event] qcril_process_event Exit qcril_process_event() : <Unknown event> ?, err_no 0
02-13 18:47:23.412 D/RILC    (  112): qmi_ril(0/112): [event] qcril_event_main RID 0 MID 0 De-queued event <Unknown event> ? (655370)
02-13 18:47:23.412 D/RILC    (  112): qmi_ril(0/112): [event] qcril_process_event RIL <--- <Unknown event> ?(655370), RID 0, MID 0 --- AMSS
02-13 18:47:23.412 I/RILC    (  112): qmi_ril(0/112): [event] qcril_qmi_trigger_propagate_known_signal_strength_ind qcril_qmi_trigger_propagate_known_signal_strength_ind received
02-13 18:47:23.412 I/RILC    (  112): qmi_ril(0/112): [event] qcril_qmi_nas_propagate_known_signal_strength_ind qcril_qmi_nas_propagate_known_signal_strength_ind entered
02-13 18:47:23.412 I/RILC    (  112): qmi_ril(0/112): [event] qcril_qmi_nas_fetch_signal_strength_observations qcril_qmi_nas_fetch_signal_strength_observations entered
02-13 18:47:23.412 I/RILC    (  112): qmi_ril(0/112): [event] qcril_qmi_nas_fetch_signal_strength_observations ..req mask 32
02-13 18:47:23.412 I/RILC    (  112): qmi_ril(0/112): [event] qcril_qmi_nas_fetch_signal_strength_observations qcril_qmi_nas_request_signal_strength entered IF 32
02-13 18:47:23.412 I/RILC    (  112): qmi_ril(0/112): [event] qcril_qmi_nas_fetch_signal_strength_observations qcril_qmi_nas_request_signal_strength entered RIL_REQ_RES qmi_request.request__mask = 32
02-13 18:47:23.412 I/RILC    (  112): qmi_ril(0/112): [event] qcril_qmi_nas_fetch_signal_strength_observations qcril_qmi_nas_request_signal_strength entered IF QMI RESPONSE 32
02-13 18:47:23.412 I/RILC    (  112): qmi_ril(0/112): [main] qcril_qmi_util_convert_qmi_response_codes_to_ril_result_ex qcril_qmi_util_convert_qmi_response_codes_to_ril_result_ex ctx check 0
02-13 18:47:23.412 I/RILC    (  112): qmi_ril(0/112): [main] qcril_qmi_voice_technology_updated qcril_qmi_voice_technology_updated entered
02-13 18:47:23.412 I/RILC    (  112): qmi_ril(0/112): [main] qcril_qmi_voice_technology_updated ..nas_cached_info.serving_system valid 1
02-13 18:47:23.412 I/RILC    (  112): qmi_ril(0/112): [main] qcril_qmi_voice_technology_updated .. selected NW 1
02-13 18:47:23.412 I/RILC    (  112): qmi_ril(0/112): [main] qcril_qmi_voice_technology_updated .. NW state 1
02-13 18:47:23.412 I/RILC    (  112): qmi_ril(0/112): [main] qcril_qmi_mgr_voice_technology_updated qcril_qmi_mgr_voice_technology_updated entered
02-13 18:47:23.412 I/RILC    (  112): qmi_ril(0/112): [main] qcril_qmi_mgr_voice_technology_updated qcril_qmi_mgr_voice_technology_updated left 2
02-13 18:47:23.412 I/RILC    (  112): qmi_ril(0/112): [main] qcril_qmi_voice_technology_updated qcril_qmi_voice_technology_updated completed for 2
02-13 18:47:23.412 I/RILC    (  112): qmi_ril(0/112): [main] qmi_ril_nwr_update_reg_rej_legacy qmi_ril_nwr_update_reg_rej_legacy entered
02-13 18:47:23.412 I/RILC    (  112): qmi_ril(0/112): [main] qmi_ril_nwr_update_reg_rej_legacy .. ss srv reg state 1
02-13 18:47:23.422 I/RILC    (  112): qmi_ril(0/112): [main] qmi_ril_nwr_update_reg_rej_legacy .. reje CS cs_rejected 0
02-13 18:47:23.422 I/RILC    (  112): qmi_ril(0/112): [main] qmi_ril_nwr_update_reg_rej_legacy .. reje CS cs_reject_cause 0
02-13 18:47:23.422 I/RILC    (  112): qmi_ril(0/112): [main] qmi_ril_nwr_update_reg_rej_legacy .. reje PS ps_rejected 0
02-13 18:47:23.422 I/RILC    (  112): qmi_ril(0/112): [main] qmi_ril_nwr_update_reg_rej_legacy .. reje PS ps_reject_cause 0
02-13 18:47:23.422 I/RILC    (  112): qmi_ril(0/112): [main] qmi_ril_nwr_util_log_mccmnc_str .. reje mcc - 
02-13 18:47:23.422 I/RILC    (  112): qmi_ril(0/112): [main] qmi_ril_nwr_util_log_mccmnc_str .. reje mnc - 
02-13 18:47:23.422 I/RILC    (  112): qmi_ril(0/112): [main] qmi_ril_nwr_update_reg_rej_legacy qmi_ril_nwr_update_reg_rej_legacy completed
