02-13 18:47:01.791 E/RILD    (  112): **RIL Daemon Started**
02-13 18:47:01.791 E/RILD    (  112): **RILd param count=1**
02-13 18:47:01.971 E/RILD    (  112): RIL_Init argc = 5 client = 0
02-13 18:47:01.981 D/RILC    (  112): qmi_ril(0/112): [rild] qcril_log_init qcril_log_init() 2
02-13 18:47:01.981 D/RILC    (  112): qmi_ril(0/112): [rild] qcril_log_init adb_log_on = 1
02-13 18:47:01.981 I/RILC    (  112): qmi_ril(0/112): [rild] RIL_Init RIL client opt: 100 not handled intreseted only -c option
02-13 18:47:01.981 I/RILC    (  112): qmi_ril(0/112): [rild] RIL_Init RIL client opt: 0, running RIL_Init()
02-13 18:47:01.981 I/RILC    (  112): qmi_ril(0/112): [rild] RIL_Init RIL client : 0, running RIL_Init()
02-13 18:47:01.981 D/RILC    (  112): qmi_ril(0/112): [rild] RIL_Init RIL 0, running RIL_Init()
02-13 18:47:01.991 I/RILC    (  112): qmi_ril(0/112): [event] qcril_event_main Event thread waiting for started == 2 (1)
02-13 18:47:01.991 I/RILC    (  112): qmi_ril(0/112): [rild] qcril_event_init qcril_event_init(): event thread started
02-13 18:47:01.991 D/RILC    (  112): qmi_ril(0/112): [rild] qcril_log_init qcril_log_init() 1
02-13 18:47:01.991 D/RILC    (  112): qmi_ril(0/112): [rild] qcril_log_init qcril_log_init() 2
02-13 18:47:01.991 D/RILC    (  112): qmi_ril(0/112): [rild] qcril_log_init adb_log_on = 1
02-13 18:47:01.991 D/RILC    (  112): qmi_ril(0/112): [rild] qcril_arb_init qcril_arb_init()
02-13 18:47:01.991 D/RILC    (  112): qmi_ril(0/112): [rild] qcril_setup_timed_callback Set timer with ID 0
02-13 18:47:01.991 D/RILC    (  112): qmi_ril(0/112): [rild] qcril_reqlist_init qcril_reqlist_init()
02-13 18:47:01.991 D/RILC    (  112): qmi_ril(0/112): [rild] qcril_setup_timed_callback Set timer with ID 1
02-13 18:47:01.991 E/RILC    (  112): RIL_register: RIL version 6
02-13 18:47:01.991 E/RILC    (  112): s_registerCalled = 1, s_started = 1, RIL_getMaxNumClients = 1
02-13 18:47:01.991 I/RILC    (  112): qmi_ril(0/112): [main] qmi_ril_bootup_perform_core_or_start_polling qmi_ril_bootup_perform_core_or_start_polling entered
02-13 18:47:01.991 D/RILC    (  112): qmi_ril(0/112): [event] qcril_event_main qcril_event_main(): Waiting...
02-13 18:47:01.991 D/RILC    (  112): qmi_ril(0/112): [main] qcril_send_unsol_response UI <--- RIL_UNSOL_RESPONSE_RADIO_STATE_CHANGED (1000) --- RIL [RID 0, Len 0, (null)]
02-13 18:47:02.001 D/RILC    (  112): qmi_ril(0/112): [main] currentState currentState() -> Radio Unavailable(1)
02-13 18:47:02.001 I/RILC    (  112): qmi_ril(0/112): [main] qmi_ril_set_operational_status qmi_ril_set_operational_status 1
02-13 18:47:02.001 I/RILC    (  112): qmi_ril(0/112): [main] qmi_ril_set_operational_status qmi_ril_set_operational_status 2
02-13 18:47:02.001 I/RILC    (  112): qmi_ril(0/112): [main] qmi_ril_core_init qmi_ril_core_init entered
02-13 18:47:02.001 I/RILC    (  112): qmi_ril(0/112): [main] qcril_qmi_client_init qcril_qmi_client_init entered 
02-13 18:47:02.001 I/RILC    (  112): qmi_ril(0/112): [main] qcril_qmi_client_init Trying qmi_init() for (0-referenced) try # 0 
02-13 18:47:02.001 I/RILC    (  112): qmi_ril(0/112): [main] qcril_qmi_init_core_client_handles qcril_qmi_init_core_client_handles entered
02-13 18:47:02.011 I/RILC    (  112): qmi_ril(0/112): [main] qmi_ril_set_sms_svc_status qmi_ril_set_sms_svc_status 0
02-13 18:47:02.011 I/RILC    (  112): qmi_ril(0/112): [main] qcril_qmi_init_core_client_handles Trying qmi_client_init() for (0-referenced) try # 0 
02-13 18:47:02.021 I/RILC    (  112): qmi_ril(0/112): [main] qcril_qmi_nas_dms_commmon_pre_init qcril_qmi_nas_dms_commmon_pre_init completed
02-13 18:47:02.071 I/RILC    (  112): qmi_ril(0/112): [main] qcril_qmi_init_core_client_handles qmi_client_init returned failure(31) for RF SAR 
02-13 18:47:02.081 I/RILC    (  112): qmi_ril(0/112): [main] qcril_qmi_init_core_client_handles qmi_client_get_service_version returned failure(-18) for RF SAR 
02-13 18:47:02.121 I/RILC    (  112): qmi_ril(0/112): [main] qmi_ril_set_sms_svc_status qmi_ril_set_sms_svc_status 1
02-13 18:47:02.121 I/RILC    (  112): qmi_ril(0/112): [main] qcril_qmi_voice_init qcril_qmi_voice_init:Indication register successful
02-13 18:47:02.121 D/RILC    (  112): qmi_ril(0/112): [main] qcril_qmi_voice_init QCRIL QMI VOICE CLIR at qcril_qmi_voice_init=0
02-13 18:47:02.131 I/RILC    (  112): qmi_ril(0/112): [main] qcril_qmi_util_convert_qmi_response_codes_to_ril_result_ex qcril_qmi_util_convert_qmi_response_codes_to_ril_result_ex ctx check 0
02-13 18:47:02.131 I/RILC    (  112): qmi_ril(0/112): [main] qcril_qmi_dms_init qcril_qmi_dms_init requested dms indication reports 0, 0
02-13 18:47:02.131 I/RILC    (  112): qmi_ril(0/112): [main] qcril_qmi_nas_init qcril_qmi_nas_init entered
02-13 18:47:02.131 D/RILC    (  112): qmi_ril(0/112): [main] qcril_qmi_nas_init APM_SIM_NOT_PWDN=0
02-13 18:47:02.131 D/RILC    (  112): qmi_ril(0/112): [main] qcril_qmi_nas_init ADD_POWER_SAVE=0
02-13 18:47:02.131 I/RILC    (  112): qmi_ril(0/112): [main] qcril_qmi_util_enable_networking_indications qcril_qmi_util_enable_networking_indications, param 1 
02-13 18:47:02.141 I/RILC    (  112): qmi_ril(0/112): [main] qcril_qmi_util_convert_qmi_response_codes_to_ril_result_ex qcril_qmi_util_convert_qmi_response_codes_to_ril_result_ex ctx check 0
02-13 18:47:02.141 I/RILC    (  112): qmi_ril(0/112): [main] qcril_qmi_util_enable_networking_indications .. requested nas event report 0, 0
02-13 18:47:02.141 I/RILC    (  112): qmi_ril(0/112): [main] qcril_qmi_util_convert_qmi_response_codes_to_ril_result_ex qcril_qmi_util_convert_qmi_response_codes_to_ril_result_ex ctx check 0
02-13 18:47:02.141 I/RILC    (  112): qmi_ril(0/112): [main] qcril_qmi_util_enable_networking_indications .. requested nas indication reports 0, 0
02-13 18:47:02.141 I/RILC    (  112): qmi_ril(0/112): [main] qcril_qmi_nas_drop_nw_info_cache  qcril_qmi_nas_drop_nw_info_cache entry 
02-13 18:47:02.141 I/RILC    (  112): qmi_ril(0/112): [main] qcril_qmi_nas_drop_nw_info_cache qcril_qmi_nas_drop_nw_info_cache complete 
02-13 18:47:02.151 I/RILC    (  112): qmi_ril(0/112): [main] qcril_qmi_util_convert_qmi_response_codes_to_ril_result_ex qcril_qmi_util_convert_qmi_response_codes_to_ril_result_ex ctx check 0
02-13 18:47:02.151 I/RILC    (  112): qmi_ril(0/112): [main] qcril_qmi_voice_technology_updated qcril_qmi_voice_technology_updated entered
02-13 18:47:02.151 I/RILC    (  112): qmi_ril(0/112): [main] qcril_qmi_voice_technology_updated ..nas_cached_info.serving_system valid 1
02-13 18:47:02.151 I/RILC    (  112): qmi_ril(0/112): [main] qcril_qmi_voice_technology_updated .. selected NW 0
02-13 18:47:02.151 I/RILC    (  112): qmi_ril(0/112): [main] qcril_qmi_voice_technology_updated .. NW state 2
02-13 18:47:02.151 I/RILC    (  112): qmi_ril(0/112): [main] qcril_qmi_mgr_voice_technology_updated qcril_qmi_mgr_voice_technology_updated entered
02-13 18:47:02.151 I/RILC    (  112): qmi_ril(0/112): [main] qcril_qmi_mgr_voice_technology_updated qcril_qmi_mgr_voice_technology_updated left 0
02-13 18:47:02.151 I/RILC    (  112): qmi_ril(0/112): [main] qcril_qmi_voice_technology_updated qcril_qmi_voice_technology_updated completed for 0
02-13 18:47:02.151 I/RILC    (  112): qmi_ril(0/112): [main] qmi_ril_nwr_update_reg_rej_legacy qmi_ril_nwr_update_reg_rej_legacy entered
02-13 18:47:02.151 I/RILC    (  112): qmi_ril(0/112): [main] qmi_ril_nwr_update_reg_rej_legacy .. ss srv reg state 2
02-13 18:47:02.151 I/RILC    (  112): qmi_ril(0/112): [main] qmi_ril_nwr_update_reg_rej_legacy .. reje CS cs_rejected 0
02-13 18:47:02.151 I/RILC    (  112): qmi_ril(0/112): [main] qmi_ril_nwr_update_reg_rej_legacy .. reje CS cs_reject_cause 0
02-13 18:47:02.151 I/RILC    (  112): qmi_ril(0/112): [main] qmi_ril_nwr_update_reg_rej_legacy .. reje PS ps_rejected 0
02-13 18:47:02.151 I/RILC    (  112): qmi_ril(0/112): [main] qmi_ril_nwr_update_reg_rej_legacy .. reje PS ps_reject_cause 0
02-13 18:47:02.151 I/RILC    (  112): qmi_ril(0/112): [main] qmi_ril_nwr_util_log_mccmnc_str .. reje mcc - 
02-13 18:47:02.151 I/RILC    (  112): qmi_ril(0/112): [main] qmi_ril_nwr_util_log_mccmnc_str .. reje mnc - 
02-13 18:47:02.151 I/RILC    (  112): qmi_ril(0/112): [main] qmi_ril_nwr_update_reg_rej_legacy qmi_ril_nwr_update_reg_rej_legacy completed
02-13 18:47:02.151 I/RILC    (  112): qmi_ril(0/112): [main] qcril_qmi_nas_fetch_serving_system_info qcril_qmi_nas_fetch_serving_system_info res 0 
02-13 18:47:02.151 I/RILC    (  112): qmi_ril(0/112): [main] qcril_qmi_nas_fetch_signal_strength_observations qcril_qmi_nas_fetch_signal_strength_observations entered
02-13 18:47:02.151 I/RILC    (  112): qmi_ril(0/112): [main] qcril_qmi_nas_fetch_signal_strength_observations ..req mask 127
02-13 18:47:02.151 I/RILC    (  112): qmi_ril(0/112): [main] qcril_qmi_nas_fetch_signal_strength_observations qcril_qmi_nas_request_signal_strength entered IF 127
02-13 18:47:02.151 I/RILC    (  112): qmi_ril(0/112): [main] qcril_qmi_nas_fetch_signal_strength_observations qcril_qmi_nas_request_signal_strength entered RIL_REQ_RES qmi_request.request__mask = 63
02-13 18:47:02.151 I/RILC    (  112): qmi_ril(0/112): [main] qcril_qmi_nas_fetch_signal_strength_observations qcril_qmi_nas_request_signal_strength entered IF QMI RESPONSE 127
02-13 18:47:02.151 I/RILC    (  112): qmi_ril(0/112): [main] qcril_qmi_util_convert_qmi_response_codes_to_ril_result_ex qcril_qmi_util_convert_qmi_response_codes_to_ril_result_ex ctx check 0
02-13 18:47:02.151 I/RILC    (  112): qmi_ril(0/112): [main] qcril_qmi_nas_fetch_signal_strength_observations qcril_qmi_nas_request_signal_strength entered IF UTIL_RES = SUCCESS 127
02-13 18:47:02.151 I/RILC    (  112): qmi_ril(0/112): [main] qcril_qmi_nas_fetch_signal_strength_observations qcril_qmi_nas_fetch_signal_strength_observations completed 0
02-13 18:47:02.151 I/RILC    (  112): qmi_ril(0/112): [main] qcril_qmi_util_enable_networking_indications .. new / old rte 0 / 0
02-13 18:47:02.151 I/RILC    (  112): qmi_ril(0/112): [main] qcril_qmi_util_enable_networking_indications qcril_qmi_util_enable_networking_indications completed with 0
02-13 18:47:02.151 I/RILC    (  112): qmi_ril(0/112): [main] qcril_qmi_nas_nitz_persistent_cache_fetch_to_shadow qcril_qmi_nas_nitz_persistent_cache_fetch_to_shadow entry 0 - 0
02-13 18:47:02.151 I/RILC    (  112): qmi_ril(0/112): [main] qcril_qmi_nas_nitz_persistent_cache_fetch_to_shadow .. load from prop - 0
02-13 18:47:02.151 I/RILC    (  112): qmi_ril(0/112): [main] qcril_qmi_nas_nitz_persistent_cache_fetch_to_shadow .. master mccmnc prop get 0, persist.radio.nitz_plmn_0 - 
02-13 18:47:02.151 I/RILC    (  112): qmi_ril(0/112): [main] qcril_qmi_nas_nitz_persistent_cache_fetch_to_shadow .. prop fetch res 1
02-13 18:47:02.151 I/RILC    (  112): qmi_ril(0/112): [main] qcril_qmi_nas_nitz_persistent_cache_fetch_to_shadow qcril_qmi_nas_nitz_persistent_cache_fetch_to_shadow completed
02-13 18:47:02.151 I/RILC    (  112): qmi_ril(0/112): [main] qcril_qmi_nas_dsds_persistent_cache_fetch_to_shadow qcril_qmi_nas_dsds_persistent_cache_fetch_to_shadow entry tune_away = 0, priority_paging = 0
02-13 18:47:02.151 I/RILC    (  112): qmi_ril(0/112): [main] qcril_qmi_nas_dsds_persistent_cache_fetch_to_shadow .. load from prop - 0
02-13 18:47:02.151 I/RILC    (  112): qmi_ril(0/112): [main] qcril_qmi_nas_dsds_persistent_cache_fetch_to_shadow .. master tuneaway prop get 0, persist.radio.tuneaway_0 - 
02-13 18:47:02.151 I/RILC    (  112): qmi_ril(0/112): [main] qcril_qmi_nas_dsds_persistent_cache_fetch_to_shadow ..  tuneaway value after reading from property 255
02-13 18:47:02.151 I/RILC    (  112): qmi_ril(0/112): [main] qcril_qmi_nas_dsds_persistent_cache_fetch_to_shadow .. master priority paging prop get 0, persist.radio.paging_priority_0 - 
02-13 18:47:02.151 I/RILC    (  112): qmi_ril(0/112): [main] qcril_qmi_nas_dsds_persistent_cache_fetch_to_shadow ..  paging priority value after reading from property 255
02-13 18:47:02.151 I/RILC    (  112): qmi_ril(0/112): [main] qmi_ril_nwr_set_eme_cbm qmi_ril_nwr_set_eme_cbm entered, mode requested 1
02-13 18:47:02.151 I/RILC    (  112): qmi_ril(0/112): [main] qmi_ril_nwr_set_eme_cbm .. cur 0
02-13 18:47:02.151 I/RILC    (  112): qmi_ril(0/112): [main] qmi_ril_nwr_set_eme_cbm .. go_on, rule 1, 1
02-13 18:47:02.151 I/RILC    (  112): qmi_ril(0/112): [main] qmi_ril_nwr_set_eme_cbm qmi_ril_nwr_set_eme_cbm completed, new mode 1
02-13 18:47:02.151 I/RILC    (  112): qmi_ril(0/112): [main] qcril_qmi_util_convert_qmi_response_codes_to_ril_result_ex qcril_qmi_util_convert_qmi_response_codes_to_ril_result_ex ctx check 0
02-13 18:47:02.151 I/RILC    (  112): qmi_ril(0/112): [main] qcril_qmi_fetch_system_selection_preference qcril_qmi_fetch_system_selection_preference res 0 
02-13 18:47:02.151 I/RILC    (  112): qmi_ril(0/112): [main] qcril_qmi_nas_dms_initiate_prl_ver_fetch_attenpt_if_needed qcril_qmi_nas_dms_initiate_prl_ver_fetch_attenpt_if_needed is set 0
02-13 18:47:02.151 D/RILC    (  112): qmi_ril(0/112): [main] qcril_event_queue Event [<Unknown event> ?, 655395] data was NULL!
02-13 18:47:02.151 D/RILC    (  112): qmi_ril(0/112): [main] qcril_event_queue RID 0 MID 0 Queued event <Unknown event> ? (0 bytes)
02-13 18:47:02.151 I/RILC    (  112): qmi_ril(0/112): [main] qcril_qmi_nas_init qcril_qmi_nas_init complete
02-13 18:47:02.161 D/RILC    (  112): qmi_ril(0/112): [event] qcril_event_main qcril_event_main(): 1 items on queue
02-13 18:47:02.161 D/RILC    (  112): qmi_ril(0/112): [event] qcril_event_main RID 0 MID 0 De-queued event <Unknown event> ? (655395)
02-13 18:47:02.161 D/RILC    (  112): qmi_ril(0/112): [event] qcril_process_event RIL <--- <Unknown event> ?(655395), RID 0, MID 0 --- AMSS
02-13 18:47:02.161 I/RILC    (  112): qmi_ril(0/112): [main] qcril_qmi_pbm_init qcril_qmi_voice_init:Indication register successful with mask 4
02-13 18:47:02.161 I/RILC    (  112): qmi_ril(0/112): [main] qcril_qmi_util_convert_qmi_response_codes_to_ril_result_ex qcril_qmi_util_convert_qmi_response_codes_to_ril_result_ex ctx check 0
02-13 18:47:02.161 I/RILC    (  112): qmi_ril(0/112): [main] qcril_qmi_cb_thread_name_init qcril_qmi_cb_thread_name_init posted req 0, 0
02-13 18:47:02.161 I/RILC    (  112): qmi_ril(0/112): [main] qcril_qmi_init_core_client_handles qcril_qmi_init_core_client_handles completed with %d
02-13 18:47:02.161 I/RILC    (  112): qmi_ril(0/112): [main] qcril_qmi_client_init qcril_qmi_client_init completed with 0
02-13 18:47:02.171 I/RILC    (  112): qmi_ril(0/112): [main] qcril_uim_init qcril_uim_init
02-13 18:47:02.171 I/RILC    (  112): qmi_ril(0/112): qcril_qmi_pbm_emergency_list_ind_hdlr: qcril_qmi_pbm_emergency_list_ind_hdlr
02-13 18:47:02.171 I/RILC    (  112): qmi_ril(0/112): qcril_qmi_pbm_emergency_list_ind_hdlr: Update emergency number from emer_num. prop_val is : 911,*911,#911
02-13 18:47:02.181 I/RILC    (  112): qmi_ril(0/112): [main] qcril_uim_find_modem_port Baseband property value read: msm
02-13 18:47:02.181 I/RILC    (  112): qmi_ril(0/112): [main] qcril_uim_find_modem_port QMI port found for modem: rmnet1
02-13 18:47:02.181 I/RILC    (  112): qmi_ril(0/112): [main] qcril_uim_find_modem_port Baseband property value read: msm
02-13 18:47:02.181 I/RILC    (  112): qmi_ril(0/112): [main] qcril_uim_find_modem_port QMI port found for modem: rmnet1
02-13 18:47:02.602 I/RILC    (  112): qmi_ril(0/112): [qmi_cb] qcril_qmi_qmi_thread_name_init_cb qcril_qmi_qmi_thread_name_init_cb entered 0
02-13 18:47:02.602 I/RILC    (  112): qmi_ril(0/112): [qmi_cb] qcril_qmi_util_convert_qmi_response_codes_to_ril_result_ex qcril_qmi_util_convert_qmi_response_codes_to_ril_result_ex ctx check 0
02-13 18:47:02.602 I/RILC    (  112): qmi_ril(0/112): [qmi_cb] qcril_qmi_qmi_thread_name_init_cb Device Manufacturer : QUALCOMM INCORPORATED
02-13 18:47:02.602 I/RILC    (  112): qmi_ril(0/112): [qmi_cb] qcril_qmi_qmi_thread_name_init_cb qcril_qmi_qmi_thread_name_init_cb completed
02-13 18:47:02.612 I/RILC    (  112): qmi_ril(0/112): [qmi_cb] qmi_uim_card_init_callback qmi_uim_card_init_callback
02-13 18:47:02.612 I/RILC    (  112): qmi_ril(0/112): [qmi_cb] qcril_uim_indication_cb qcril_uim_indication_cb: ind = 0x1
02-13 18:47:02.612 I/RILC    (  112): qmi_ril(0/112): [qmi_cb] qcril_uim_indication_cb qcril_uim_indication_cb qcril_event_queue
02-13 18:47:02.612 D/RILC    (  112): qmi_ril(0/112): [qmi_cb] qcril_event_queue RID 0 MID 0 Queued event UIM_QMI_INDICATION (1160 bytes)
02-13 18:47:02.692 D/RILC    (  112): qmi_ril(0/112): [main] qcril_gstk_qmi_init qcril_gstk_qmi_init
02-13 18:47:02.692 I/RILC    (  112): qmi_ril(0/112): [main] qcril_gstk_find_slot_mask slot_mask found: 0x1
02-13 18:47:02.692 I/RILC    (  112): qmi_ril(0/112): [main] qcril_gstk_find_primary_modem_port Baseband property value read: msm
02-13 18:47:02.692 I/RILC    (  112): qmi_ril(0/112): [main] qcril_gstk_find_primary_modem_port QMI port found for modem: rmnet1
02-13 18:47:02.692 D/RILC    (  112): qmi_ril(0/112): [main] qcril_scws_initalize qcril_scws initalized
02-13 18:47:02.692 I/RILC    (  112): qmi_ril(0/112): [main] qcril_gstk_qmi_init QCRIL_GSTK_QMI_INIT success
02-13 18:47:02.692 D/RILC    (  112): qmi_ril(0/112): [main] qcril_data_init qcril_data_init: ENTRY
02-13 18:47:02.702 D/RILC    (  112): qmi_ril(0/112): [main] qcril_data_set_default_port qcril_data_set_default_port: ENTRY
02-13 18:47:02.702 D/RILC    (  112): qmi_ril(0/112): [main] qcril_data_set_default_port ro.baseband property has msm value set on it
02-13 18:47:02.702 D/RILC    (  112): qmi_ril(0/112): [main] qcril_data_set_default_port default_qmi_port set to rmnet1
02-13 18:47:02.702 D/RILC    (  112): qmi_ril(0/112): [main] qcril_data_set_default_port qcril_data_set_default_port: EXIT
02-13 18:47:02.702 D/RILC    (  112): qmi_ril(0/112): [main] qcril_data_qmi_wds_init qcril_data_qmi_wds_init: entry
02-13 18:47:02.702 D/RILC    (  112): qmi_ril(0/112): [main] qcril_data_qmi_wds_init global qmi_wds_hndl [16908544] initialized. qmi_err_code is set to [0]
02-13 18:47:02.702 D/RILC    (  112): qmi_ril(0/112): [main] qcril_data_qmi_wds_init qcril_data_qmi_wds_init: exit with success
02-13 18:47:02.742 I/RILC    (  112): qmi_ril(0/112): [main] qcril_data_init info_tbl[0].index = 0
02-13 18:47:02.742 I/RILC    (  112): qmi_ril(0/112): [main] qcril_data_init info_tbl[1].index = 1
02-13 18:47:02.742 I/RILC    (  112): qmi_ril(0/112): [main] qcril_data_init info_tbl[2].index = 2
02-13 18:47:02.742 I/RILC    (  112): qmi_ril(0/112): [main] qcril_data_init info_tbl[3].index = 3
02-13 18:47:02.742 I/RILC    (  112): qmi_ril(0/112): [main] qcril_data_init info_tbl[4].index = 4
02-13 18:47:02.742 I/RILC    (  112): qmi_ril(0/112): [main] qcril_data_init info_tbl[5].index = 5
02-13 18:47:02.742 I/RILC    (  112): qmi_ril(0/112): [main] qcril_data_init info_tbl[6].index = 6
02-13 18:47:02.742 I/RILC    (  112): qmi_ril(0/112): [main] qcril_data_init info_tbl[7].index = 7
02-13 18:47:02.742 I/RILC    (  112): qmi_ril(0/112): [main] qcril_data_init info_tbl[8].index = 8
02-13 18:47:02.742 I/RILC    (  112): qmi_ril(0/112): [main] qcril_data_init info_tbl[9].index = 9
02-13 18:47:02.742 I/RILC    (  112): qmi_ril(0/112): [main] qcril_data_init info_tbl[10].index = 10
02-13 18:47:02.742 I/RILC    (  112): qmi_ril(0/112): [main] qcril_data_init info_tbl[11].index = 11
02-13 18:47:02.742 I/RILC    (  112): qmi_ril(0/112): [main] qcril_data_init info_tbl[12].index = 12
02-13 18:47:02.742 I/RILC    (  112): qmi_ril(0/112): [main] qcril_data_init info_tbl[13].index = 13
02-13 18:47:02.742 I/RILC    (  112): qmi_ril(0/112): [main] qcril_data_init info_tbl[14].index = 14
02-13 18:47:02.742 I/RILC    (  112): qmi_ril(0/112): [main] qcril_data_init info_tbl[15].index = 15
02-13 18:47:02.742 I/RILC    (  112): qmi_ril(0/112): [main] qcril_data_init info_tbl[16].index = 16
02-13 18:47:02.742 I/RILC    (  112): qmi_ril(0/112): [main] qcril_data_init info_tbl[17].index = 17
02-13 18:47:02.742 I/RILC    (  112): qmi_ril(0/112): [main] qcril_data_init info_tbl[18].index = 18
02-13 18:47:02.742 I/RILC    (  112): qmi_ril(0/112): [main] qcril_data_init info_tbl[19].index = 19
02-13 18:47:02.742 D/RILC    (  112): qmi_ril(0/112): [main] qcril_data_init qcril_data_init: EXIT
02-13 18:47:02.742 I/RILC    (  112): qmi_ril(0/112): [event] qcril_qmi_nas_dms_handle_fetch_prl_request qcril_qmi_nas_dms_handle_fetch_prl_request entered
02-13 18:47:02.742 I/RILC    (  112): qmi_ril(0/112): [event] qcril_qmi_util_convert_qmi_response_codes_to_ril_result_ex qcril_qmi_util_convert_qmi_response_codes_to_ril_result_ex ctx check 0
02-13 18:47:02.742 I/RILC    (  112): qmi_ril(0/112): [event] qcril_qmi_nas_dms_fetch_cur_prl_version ***zyj*** qmi_current_prl_info_response.resp.result=0, error=0
02-13 18:47:02.742 I/RILC    (  112): qmi_ril(0/112): [event] qcril_qmi_nas_dms_fetch_cur_prl_version qcril_qmi_nas_dms_fetch_cur_prl_version completed with 0
02-13 18:47:02.742 I/RILC    (  112): qmi_ril(0/112): [event] qcril_qmi_nas_dms_handle_fetch_prl_request qcril_qmi_nas_dms_handle_fetch_prl_request completed
02-13 18:47:02.742 I/RILC    (  112): qmi_ril(0/112): [event] qcril_process_event Exit qcril_process_event() : <Unknown event> ?, err_no 0
02-13 18:47:02.742 D/RILC    (  112): qmi_ril(0/112): [event] qcril_event_main RID 0 MID 0 De-queued event UIM_QMI_INDICATION (196610)
02-13 18:47:02.742 D/RILC    (  112): qmi_ril(0/112): [event] qcril_process_event RIL <--- UIM_QMI_INDICATION(196610), RID 0, MID 0 --- AMSS
02-13 18:47:02.742 I/RILC    (  112): qmi_ril(0/112): [event] qcril_uim_process_qmi_indication qcril_uim_process_qmi_indication
02-13 18:47:02.742 I/RILC    (  112): qmi_ril(0/112): [event] qcril_uim_process_status_change_ind qcril_uim_process_status_change_ind
02-13 18:47:02.742 I/RILC    (  112): qmi_ril(0/112): [event] qcril_uim_process_status_change_ind curr modem state 0x8020fae0, curr pri GW sim state 0x1, curr pri CDMA sim state 0x1, curr sec GW sim state 0x1 curr sec CDMA sim state 0x1
02-13 18:47:02.742 D/RILC    (  112): qmi_ril(0/112): [event] qcril_uim_has_card_status_changed card state changed: 0x0 -> 0x2
02-13 18:47:02.742 D/RILC    (  112): qmi_ril(0/112): [event] qcril_uim_handle_card_state_change Card status: 0x0 -> 0x2
02-13 18:47:02.742 D/RILC    (  112): qmi_ril(0/112): [event] qcril_process_event RIL --- <Unknown event> ?(397315), RID 0, MID 0 ---> RIL
02-13 18:47:02.742 E/RILC    (  112): qmi_ril(0/112): [event] qcril_uim_update_pbm_card_event PBM_HANDLE_CARD 397315 processing Failed!
02-13 18:47:02.742 D/RILC    (  112): qmi_ril(0/112): [event] qcril_process_event RIL <--- CM_CARD_STATUS_UPDATED(94209), RID 0, MID 0 --- AMSS
02-13 18:47:02.742 I/RILC    (  112): qmi_ril(0/112): [event] qcril_qmi_nas_dms_event_card_status_updated qcril_qmi_nas_dms_event_card_status_updated entered slot 0
02-13 18:47:02.742 I/RILC    (  112): qmi_ril(0/112): [event] qcril_qmi_nas_dms_event_card_status_updated Slot 0 Card status: UNKNOWN --> NOT ACCESSIBLE
02-13 18:47:02.742 I/RILC    (  112): qmi_ril(0/112): [event] qcril_qmi_nas_dms_update_card_status_initiate_prl_fetch qcril_qmi_nas_dms_update_card_status_initiate_prl_fetch in action
02-13 18:47:02.742 I/RILC    (  112): qmi_ril(0/112): [event] qcril_qmi_nas_dms_update_card_status qcril_qmi_nas_dms_update_card_status in action
02-13 18:47:02.742 I/RILC    (  112): qmi_ril(0/112): [event] qcril_qmi_nas_dms_update_card_status  qmi_ril: RID 0 Slot 0, Pwr oprt in progress 0, Card status NOT ACCESSIBLE[4]
02-13 18:47:02.742 I/RILC    (  112): qmi_ril(0/112): [event] qcril_qmi_nas_dms_update_card_status qcril_qmi_nas_dms_update_card_status completed
02-13 18:47:02.742 I/RILC    (  112): qmi_ril(0/112): [event] qcril_qmi_nas_dms_initiate_prl_ver_fetch_attenpt_if_needed qcril_qmi_nas_dms_initiate_prl_ver_fetch_attenpt_if_needed is set 1
02-13 18:47:02.742 I/RILC    (  112): qmi_ril(0/112): [event] qcril_qmi_nas_dms_update_card_status_initiate_prl_fetch qcril_qmi_nas_dms_update_card_status_initiate_prl_fetch completed
02-13 18:47:02.742 I/RILC    (  112): qmi_ril(0/112): [event] qcril_qmi_dms_get_radio_pwr_state qcril_qmi_dms_get_radio_pwr_state - current state NONE
02-13 18:47:02.742 I/RILC    (  112): qmi_ril(0/112): [event] qcril_qmi_nas_dms_event_card_status_updated card status changed 1
02-13 18:47:02.742 I/RILC    (  112): qmi_ril(0/112): [event] qcril_reqlist_find_by_event [RID 0] Not found ReqList entry waiting for REQUEST_POWER_RADIO (786435)
02-13 18:47:02.742 I/RILC    (  112): qmi_ril(0/112): [event] qcril_qmi_nas_dms_event_card_status_updated .. found pending QCRIL_EVT_QMI_REQUEST_POWER_RADIO - 1 
02-13 18:47:02.742 I/RILC    (  112): qmi_ril(0/112): [event] qcril_qmi_nas_dms_event_card_status_updated qcril_qmi_nas_dms_event_card_status_updated completed
02-13 18:47:02.742 I/RILC    (  112): qmi_ril(0/112): [event] qcril_process_event Exit qcril_process_event() : CM_CARD_STATUS_UPDATED, err_no 0
02-13 18:47:02.752 I/RILC    (  112): qmi_ril(0/112): [main] qmi_ril_core_init qmi_ril_core_init completed with 0
02-13 18:47:02.752 I/RILC    (  112): qmi_ril(0/112): [main] qmi_ril_bootup_perform_core_or_start_polling qmi_ril_bootup_perform_core_or_start_polling sees 0 from qmi_ril_core_init()
02-13 18:47:02.752 I/RILC    (  112): qmi_ril(0/112): [main] qmi_ril_core_init_enter_warp qmi_ril_core_init_enter_warp entered
02-13 18:47:02.752 I/RILC    (  112): qmi_ril(0/112): [main] qmi_ril_core_init_enter_warp !QMI RIL! 2nd phase init for NON - DSDS
02-13 18:47:02.752 I/RILC    (  112): qmi_ril(0/112): [main] qmi_ril_set_operational_status qmi_ril_set_operational_status 3
02-13 18:47:02.762 I/RILC    (  112): qmi_ril(0/112): [main] qcril_qmi_util_convert_qmi_response_codes_to_ril_result_ex qcril_qmi_util_convert_qmi_response_codes_to_ril_result_ex ctx check 0
02-13 18:47:02.792 I/RILC    (  112): qmi_ril(0/112): [main] qcril_qmi_util_convert_qmi_response_codes_to_ril_result_ex qcril_qmi_util_convert_qmi_response_codes_to_ril_result_ex ctx check 0
02-13 18:47:02.792 I/RILC    (  112): qmi_ril(0/112): [main] qcril_qmi_util_convert_qmi_response_codes_to_ril_result_ex qcril_qmi_util_convert_qmi_response_codes_to_ril_result_ex ctx check 0
02-13 18:47:02.792 I/RILC    (  112): qmi_ril(0/112): [main] qcril_qmi_util_convert_qmi_response_codes_to_ril_result_ex qcril_qmi_util_convert_qmi_response_codes_to_ril_result_ex ctx check 0
02-13 18:47:02.792 I/RILC    (  112): qmi_ril(0/112): [main] qmi_ril_set_sms_svc_status qmi_ril_set_sms_svc_status 2
02-13 18:47:02.792 I/RILC    (  112): qmi_ril(0/112): [main] qmi_ril_core_init_enter_warp !QMI RIL! 2nd phase SMS init for NON - DSDS
02-13 18:47:02.792 I/RILC    (  112): qmi_ril(0/112): [main] qmi_ril_core_init_enter_warp qmi_ril_core_init_enter_warp completed
02-13 18:47:02.792 D/RILC    (  112): qmi_ril(0/112): [main] qcril_send_unsol_response UI <--- RIL_UNSOL_RESPONSE_RADIO_STATE_CHANGED (1000) --- RIL [RID 0, Len 0, (null)]
02-13 18:47:02.802 I/RILC    (  112): qmi_ril(0/112): [event] qcril_scws_card_error qcril_scws_card_error, slot_id: 0x0 
02-13 18:47:02.802 I/RILC    (  112): qmi_ril(0/112): [event] qcril_uim_handle_card_state_change Setting QMI_UIM_CARD_STATE_ABSENT, card_error: 3, Slot: 0 
02-13 18:47:02.802 I/RILC    (  112): qmi_ril(0/112): [event] qcril_uim_refresh_register Session type not valid for refresh registration: 0x0
02-13 18:47:02.802 I/RILC    (  112): qmi_ril(0/112): [event] qcril_uim_refresh_register Session type not valid for refresh registration: 0x1
02-13 18:47:02.802 D/RILC    (  112): qmi_ril(0/112): [event] qcril_send_unsol_response UI <--- RIL_UNSOL_RESPONSE_SIM_STATUS_CHANGED (1019) --- RIL [RID 0, Len 0, (null)]
02-13 18:47:02.802 I/RILC    (  112): qmi_ril(0/112): [event] qcril_uim_print_card_status qcril_uim_print_card_status
02-13 18:47:02.802 D/RILC    (  112): qmi_ril(0/112): [event] qcril_uim_print_card_status Index of GW primary prov: 0Xffff 
02-13 18:47:02.802 D/RILC    (  112): qmi_ril(0/112): [event] qcril_uim_print_card_status Index of 1X primary prov: 0Xffff 
02-13 18:47:02.802 D/RILC    (  112): qmi_ril(0/112): [event] qcril_uim_print_card_status Index of GW secondary prov: 0Xffff 
02-13 18:47:02.802 D/RILC    (  112): qmi_ril(0/112): [event] qcril_uim_print_card_status Index of 1X secondary prov: 0Xffff 
02-13 18:47:02.802 D/RILC    (  112): qmi_ril(0/112): [event] qcril_uim_print_card_status Number of slots: 1 
02-13 18:47:02.802 D/RILC    (  112): qmi_ril(0/112): [event] qcril_uim_print_card_status card[0].card_state: 2 
02-13 18:47:02.802 D/RILC    (  112): qmi_ril(0/112): [event] qcril_uim_print_card_status card[0].upin_state: 0 
02-13 18:47:02.802 D/RILC    (  112): qmi_ril(0/112): [event] qcril_uim_print_card_status card[0].upin_num_retries: 0 
02-13 18:47:02.802 D/RILC    (  112): qmi_ril(0/112): [event] qcril_uim_print_card_status card[0].upuk_num_retries: 0 
02-13 18:47:02.802 D/RILC    (  112): qmi_ril(0/112): [event] qcril_uim_print_card_status card[0].card_error: 3 
02-13 18:47:02.802 D/RILC    (  112): qmi_ril(0/112): [event] qcril_uim_print_card_status Number of apps: 0 
02-13 18:47:02.802 I/RILC    (  112): qmi_ril(0/112): [event] qcril_uim_process_status_change_ind  new modem state 0x8020fae0, new pri GW sim state 0x0, new pri CDMA sim state 0x0, new sec GW sim state 0x0 curr sec CDMA sim state 0x0
02-13 18:47:02.802 D/RILC    (  112): qmi_ril(0/112): [event] qcril_state_transition [UIM_QMI_INDICATION(196610)] GW SIM(pri): Not ready --> Absent, CDMA SIM(pri): Not ready --> Absent, GW SIM(sec): Not ready --> Absent, CDMA SIM(sec): Not ready --> Absent
02-13 18:47:02.802 I/RILC    (  112): qmi_ril(0/112): [event] qcril_process_event Exit qcril_process_event() : UIM_QMI_INDICATION, err_no 0
02-13 18:47:02.802 D/RILC    (  112): qmi_ril(0/112): [event] qcril_event_main qcril_event_main(): Waiting...
02-13 18:47:02.802 D/RILC    (  112): qmi_ril(0/112): [event] qcril_event_main qcril_event_main(): 1 items on queue
02-13 18:47:02.802 D/RILC    (  112): qmi_ril(0/112): [event] qcril_event_main qcril_event_main(): Waiting...
02-13 18:47:02.812 I/RILC    (  112): qmi_ril(0/112): [main] qcril_qmi_nas_dms_get_current_power_state qcril_qmi_nas_dms_get_current_power_state entered
02-13 18:47:02.812 I/RILC    (  112): qmi_ril(0/112): [main] qcril_qmi_nas_dms_get_current_power_state .. client available
02-13 18:47:02.812 I/RILC    (  112): qmi_ril(0/112): [main] qcril_qmi_nas_query_cur_power_state qcril_qmi_nas_query_cur_power_state entered
02-13 18:47:02.812 I/RILC    (  112): qmi_ril(0/112): [main] qcril_qmi_util_convert_qmi_response_codes_to_ril_result_ex qcril_qmi_util_convert_qmi_response_codes_to_ril_result_ex ctx check 0
02-13 18:47:02.812 I/RILC    (  112): qmi_ril(0/112): [main] qcril_qmi_nas_query_cur_power_state qcril_qmi_nas_query_cur_power_state msg send error code 0
02-13 18:47:02.812 I/RILC    (  112): qmi_ril(0/112): [main] qcril_qmi_nas_query_cur_power_state .. known modem operating mode 5 
02-13 18:47:02.812 I/RILC    (  112): qmi_ril(0/112): [main] qcril_qmi_mgr_modem_state_updated qcril_qmi_mgr_modem_state_updated entered
02-13 18:47:02.812 I/RILC    (  112): qmi_ril(0/112): [main] qcril_qmi_mgr_modem_state_updated qcril_qmi_mgr_modem_state_updated left 1
02-13 18:47:02.812 I/RILC    (  112): qmi_ril(0/112): [main] qcril_qmi_nas_query_cur_power_state qcril_qmi_nas_query_cur_power_state completed
02-13 18:47:02.812 I/RILC    (  112): qmi_ril(0/112): [main] qcril_qmi_nas_dms_get_current_power_state qcril_qmi_nas_dms_get_current_power_state subfetched
02-13 18:47:02.812 I/RILC    (  112): qmi_ril(0/112): [main] qcril_qmi_nas_dms_get_current_power_state .. known modem operating mode 5 
02-13 18:47:02.812 I/RILC    (  112): qmi_ril(0/112): [main] qcril_qmi_nas_dms_get_current_power_state qcril_qmi_nas_dms_get_current_power_state compled with 0
02-13 18:47:02.812 D/RILC    (  112): qmi_ril(0/112): [main] currentState currentState() -> Radio Off(0)
02-13 18:47:02.812 I/RILC    (  112): qmi_ril(0/112): [main] qmi_ril_bootup_perform_core_or_start_polling qmi_ril_bootup_perform_core_or_start_polling completed
02-13 18:47:02.992 D/RILC    (  112): qmi_ril(0/112): [main] qcril_delay_timed_cb Delay Timer expired with ID 0
02-13 18:47:20.549 I/PHONE   (  342): Cdma Subscription set to 1
02-13 18:47:20.649 I/PHONE   (  342): Network Mode set to 4
02-13 18:47:20.689 I/RILJ    (  342): Connected to 'rild' socket
02-13 18:47:20.699 I/RILC    (  112): qmi_ril(0/112): [main] qcril_qmi_nas_dms_get_current_power_state qcril_qmi_nas_dms_get_current_power_state entered
02-13 18:47:20.699 I/RILC    (  112): qmi_ril(0/112): [main] qcril_qmi_nas_dms_get_current_power_state .. client available
02-13 18:47:20.699 I/RILC    (  112): qmi_ril(0/112): [main] qcril_qmi_nas_dms_get_current_power_state .. known modem operating mode 5 
02-13 18:47:20.699 I/RILC    (  112): qmi_ril(0/112): [main] qcril_qmi_nas_dms_get_current_power_state qcril_qmi_nas_dms_get_current_power_state compled with 0
02-13 18:47:20.699 D/RILC    (  112): qmi_ril(0/112): [main] currentState currentState() -> Radio Off(0)
02-13 18:47:20.699 D/RILJ    (  342): [UNSL]< UNSOL_RESPONSE_RADIO_STATE_CHANGED RADIO_OFF
02-13 18:47:20.699 D/RILB    (  342): Notifying: radio available
02-13 18:47:20.699 D/RILJ    (  342): [0000]> SCREEN_STATE: true
02-13 18:47:20.699 D/RILC    (  112): qmi_ril(0/112): [main] getVersion getVersion() -> Qualcomm RIL 1.0
02-13 18:47:20.699 D/RIL_UiccManager(  342): Creating UiccManager
02-13 18:47:20.729 D/RILC    (  112): qmi_ril(0/112): [main] onRequest UI --- RIL_REQUEST_SCREEN_STATE (61) ---> RIL [RID 0, token id 0, data len 4]
02-13 18:47:20.729 I/RILC    (  112): qmi_ril(0/112): [main] qcril_qmi_nas_request_screen_state qcril_qmi_nas_request_screen_state entered 
02-13 18:47:20.729 I/RILC    (  112): qmi_ril(0/112): [main] qcril_qmi_util_enable_networking_indications qcril_qmi_util_enable_networking_indications, param 1 
02-13 18:47:20.739 I/RILC    (  112): qmi_ril(0/112): [main] qcril_qmi_util_convert_qmi_response_codes_to_ril_result_ex qcril_qmi_util_convert_qmi_response_codes_to_ril_result_ex ctx check 0
02-13 18:47:20.739 I/RILC    (  112): qmi_ril(0/112): [main] qcril_qmi_util_enable_networking_indications .. requested nas event report 0, 0
02-13 18:47:20.739 I/RILC    (  112): qmi_ril(0/112): [main] qcril_qmi_util_convert_qmi_response_codes_to_ril_result_ex qcril_qmi_util_convert_qmi_response_codes_to_ril_result_ex ctx check 0
02-13 18:47:20.739 I/RILC    (  112): qmi_ril(0/112): [main] qcril_qmi_util_enable_networking_indications .. requested nas indication reports 0, 0
02-13 18:47:20.739 I/RILC    (  112): qmi_ril(0/112): [main] qcril_qmi_nas_drop_nw_info_cache  qcril_qmi_nas_drop_nw_info_cache entry 
02-13 18:47:20.739 I/RILC    (  112): qmi_ril(0/112): [main] qcril_qmi_nas_drop_nw_info_cache qcril_qmi_nas_drop_nw_info_cache complete 
02-13 18:47:20.739 I/RILC    (  112): qmi_ril(0/112): [main] qcril_qmi_util_convert_qmi_response_codes_to_ril_result_ex qcril_qmi_util_convert_qmi_response_codes_to_ril_result_ex ctx check 0
02-13 18:47:20.739 I/RILC    (  112): qmi_ril(0/112): [main] qcril_qmi_voice_technology_updated qcril_qmi_voice_technology_updated entered
02-13 18:47:20.739 I/RILC    (  112): qmi_ril(0/112): [main] qcril_qmi_voice_technology_updated ..nas_cached_info.serving_system valid 1
02-13 18:47:20.739 I/RILC    (  112): qmi_ril(0/112): [main] qcril_qmi_voice_technology_updated .. selected NW 0
02-13 18:47:20.739 I/RILC    (  112): qmi_ril(0/112): [main] qcril_qmi_voice_technology_updated .. NW state 2
02-13 18:47:20.739 I/RILC    (  112): qmi_ril(0/112): [main] qcril_qmi_mgr_voice_technology_updated qcril_qmi_mgr_voice_technology_updated entered
02-13 18:47:20.739 I/RILC    (  112): qmi_ril(0/112): [main] qcril_qmi_mgr_voice_technology_updated qcril_qmi_mgr_voice_technology_updated left 0
02-13 18:47:20.739 I/RILC    (  112): qmi_ril(0/112): [main] qcril_qmi_voice_technology_updated qcril_qmi_voice_technology_updated completed for 0
02-13 18:47:20.739 I/RILC    (  112): qmi_ril(0/112): [main] qmi_ril_nwr_update_reg_rej_legacy qmi_ril_nwr_update_reg_rej_legacy entered
02-13 18:47:20.739 I/RILC    (  112): qmi_ril(0/112): [main] qmi_ril_nwr_update_reg_rej_legacy .. ss srv reg state 2
02-13 18:47:20.739 I/RILC    (  112): qmi_ril(0/112): [main] qmi_ril_nwr_update_reg_rej_legacy .. reje CS cs_rejected 0
02-13 18:47:20.739 I/RILC    (  112): qmi_ril(0/112): [main] qmi_ril_nwr_update_reg_rej_legacy .. reje CS cs_reject_cause 0
02-13 18:47:20.739 I/RILC    (  112): qmi_ril(0/112): [main] qmi_ril_nwr_update_reg_rej_legacy .. reje PS ps_rejected 0
02-13 18:47:20.739 I/RILC    (  112): qmi_ril(0/112): [main] qmi_ril_nwr_update_reg_rej_legacy .. reje PS ps_reject_cause 0
02-13 18:47:20.739 I/RILC    (  112): qmi_ril(0/112): [main] qmi_ril_nwr_util_log_mccmnc_str .. reje mcc - 
02-13 18:47:20.739 I/RILC    (  112): qmi_ril(0/112): [main] qmi_ril_nwr_util_log_mccmnc_str .. reje mnc - 
02-13 18:47:20.739 I/RILC    (  112): qmi_ril(0/112): [main] qmi_ril_nwr_update_reg_rej_legacy qmi_ril_nwr_update_reg_rej_legacy completed
02-13 18:47:20.739 I/RILC    (  112): qmi_ril(0/112): [main] qcril_qmi_nas_fetch_serving_system_info qcril_qmi_nas_fetch_serving_system_info res 0 
02-13 18:47:20.739 I/RILC    (  112): qmi_ril(0/112): [main] qcril_qmi_nas_fetch_signal_strength_observations qcril_qmi_nas_fetch_signal_strength_observations entered
02-13 18:47:20.739 I/RILC    (  112): qmi_ril(0/112): [main] qcril_qmi_nas_fetch_signal_strength_observations ..req mask 115
02-13 18:47:20.739 I/RILC    (  112): qmi_ril(0/112): [main] qcril_qmi_nas_fetch_signal_strength_observations qcril_qmi_nas_request_signal_strength entered IF 115
02-13 18:47:20.739 I/RILC    (  112): qmi_ril(0/112): [main] qcril_qmi_nas_fetch_signal_strength_observations qcril_qmi_nas_request_signal_strength entered RIL_REQ_RES qmi_request.request__mask = 51
02-13 18:47:20.749 I/RILC    (  112): qmi_ril(0/112): [main] qcril_qmi_nas_fetch_signal_strength_observations qcril_qmi_nas_request_signal_strength entered IF QMI RESPONSE 115
02-13 18:47:20.749 I/RILC    (  112): qmi_ril(0/112): [main] qcril_qmi_util_convert_qmi_response_codes_to_ril_result_ex qcril_qmi_util_convert_qmi_response_codes_to_ril_result_ex ctx check 0
02-13 18:47:20.749 I/RILC    (  112): qmi_ril(0/112): [main] qcril_qmi_nas_fetch_signal_strength_observations qcril_qmi_nas_request_signal_strength entered IF UTIL_RES = SUCCESS 115
02-13 18:47:20.749 I/RILC    (  112): qmi_ril(0/112): [main] qcril_qmi_nas_fetch_signal_strength_observations qcril_qmi_nas_fetch_signal_strength_observations completed 0
02-13 18:47:20.749 I/RILC    (  112): qmi_ril(0/112): [main] qcril_qmi_util_enable_networking_indications .. new / old rte 0 / 0
02-13 18:47:20.749 D/RILC    (  112): qmi_ril(0/112): [main] qcril_send_unsol_response UI <--- RIL_UNSOL_RESPONSE_NETWORK_STATE_CHANGED (1002) --- RIL [RID 0, Len 0, (null)]
02-13 18:47:20.749 D/RILJ    (  342): [UNSL]< UNSOL_RESPONSE_NETWORK_STATE_CHANGED
02-13 18:47:20.749 D/RILC    (  112): qmi_ril(0/112): [main] qcril_send_unsol_response UI <--- RIL_UNSOL_RESPONSE_DATA_NETWORK_STATE_CHANGED (1037) --- RIL [RID 0, Len 0, (null)]
02-13 18:47:20.749 D/RILJ    (  342): [UNSL]< RIL_UNSOL_RESPONSE_DATA_NETWORK_STATE_CHANGED
02-13 18:47:20.749 I/RILC    (  112): qmi_ril(0/112): [main] qcril_qmi_util_enable_networking_indications .. restrict status info 0
02-13 18:47:20.749 I/RILC    (  112): qmi_ril(0/112): [main] qcril_qmi_nas_fill_up_restricted_state_details  .. restricted_state_changed_local, restricted_state_details_local 0, 0
02-13 18:47:20.749 D/RILC    (  112): qmi_ril(0/112): [main] qcril_event_queue Event [<Unknown event> ?, 655370] data was NULL!
02-13 18:47:20.749 D/RILC    (  112): qmi_ril(0/112): [event] qcril_event_main qcril_event_main(): 1 items on queue
02-13 18:47:20.749 D/RILC    (  112): qmi_ril(0/112): [event] qcril_event_main RID 0 MID 0 De-queued event <Unknown event> ? (655370)
02-13 18:47:20.749 D/RILC    (  112): qmi_ril(0/112): [event] qcril_process_event RIL <--- <Unknown event> ?(655370), RID 0, MID 0 --- AMSS
02-13 18:47:20.749 I/RILC    (  112): qmi_ril(0/112): [event] qcril_qmi_trigger_propagate_known_signal_strength_ind qcril_qmi_trigger_propagate_known_signal_strength_ind received
02-13 18:47:20.749 I/RILC    (  112): qmi_ril(0/112): [event] qcril_qmi_nas_propagate_known_signal_strength_ind qcril_qmi_nas_propagate_known_signal_strength_ind entered
02-13 18:47:20.749 I/RILC    (  112): qmi_ril(0/112): [event] qcril_qmi_nas_fetch_signal_strength_observations qcril_qmi_nas_fetch_signal_strength_observations entered
02-13 18:47:20.749 I/RILC    (  112): qmi_ril(0/112): [event] qcril_qmi_nas_fetch_signal_strength_observations ..req mask 96
02-13 18:47:20.749 I/RILC    (  112): qmi_ril(0/112): [event] qcril_qmi_nas_fetch_signal_strength_observations qcril_qmi_nas_request_signal_strength entered IF 96
02-13 18:47:20.749 I/RILC    (  112): qmi_ril(0/112): [event] qcril_qmi_nas_fetch_signal_strength_observations qcril_qmi_nas_request_signal_strength entered RIL_REQ_RES qmi_request.request__mask = 32
02-13 18:47:20.749 I/RILC    (  112): qmi_ril(0/112): [event] qcril_qmi_nas_fetch_signal_strength_observations qcril_qmi_nas_request_signal_strength entered IF QMI RESPONSE 96
02-13 18:47:20.749 I/RILC    (  112): qmi_ril(0/112): [event] qcril_qmi_util_convert_qmi_response_codes_to_ril_result_ex qcril_qmi_util_convert_qmi_response_codes_to_ril_result_ex ctx check 0
02-13 18:47:20.749 I/RILC    (  112): qmi_ril(0/112): [event] qcril_qmi_nas_fetch_signal_strength_observations qcril_qmi_nas_request_signal_strength entered IF UTIL_RES = SUCCESS 96
02-13 18:47:20.749 I/RILC    (  112): qmi_ril(0/112): [event] qcril_qmi_nas_fetch_signal_strength_observations qcril_qmi_nas_fetch_signal_strength_observations completed 0
02-13 18:47:20.749 I/RILC    (  112): qmi_ril(0/112): [event] qcril_qmi_nas_propagate_known_signal_strength_ind .. subfetch sig strength info 0
02-13 18:47:20.749 I/RILC    (  112): qmi_ril(0/112): [event] qcril_qmi_nas_dump_sign_strength_report qcril_qmi_nas_dump_sign_strength_report entered
02-13 18:47:20.749 I/RILC    (  112): qmi_ril(0/112): [event] qcril_qmi_nas_dump_sign_strength_report ..GW
02-13 18:47:20.749 I/RILC    (  112): qmi_ril(0/112): [event] qcril_qmi_nas_dump_sign_strength_report .. signalStrength 99, bitErrorRate 0
02-13 18:47:20.749 I/RILC    (  112): qmi_ril(0/112): [event] qcril_qmi_nas_dump_sign_strength_report ..CDMA
02-13 18:47:20.749 I/RILC    (  112): qmi_ril(0/112): [event] qcril_qmi_nas_dump_sign_strength_report .. dbm -1, ecio -1 
02-13 18:47:20.749 I/RILC    (  112): qmi_ril(0/112): [event] qcril_qmi_nas_dump_sign_strength_report ..EVDO
02-13 18:47:20.749 I/RILC    (  112): qmi_ril(0/112): [event] qcril_qmi_nas_dump_sign_strength_report .. dbm -1, ecio -1, signalNoiseRatio 8
02-13 18:47:20.749 I/RILC    (  112): qmi_ril(0/112): [event] qcril_qmi_nas_dump_sign_strength_report ..LTE
02-13 18:47:20.749 I/RILC    (  112): qmi_ril(0/112): [event] qcril_qmi_nas_dump_sign_strength_report .. signalStrength 99, rsrp 2147483647, rsrq 2147483647, rsnnr 2147483647
02-13 18:47:20.749 I/RILC    (  112): qmi_ril(0/112): [event] qcril_qmi_nas_dump_sign_strength_report qcril_qmi_nas_dump_sign_strength_report completed
02-13 18:47:20.749 I/RILC    (  112): qmi_ril(0/112): [event] qcril_qmi_nas_propagate_known_signal_strength_ind .. conf res 0
02-13 18:47:20.749 D/RILC    (  112): qmi_ril(0/112): [event] qcril_send_unsol_response UI <--- RIL_UNSOL_SIGNAL_STRENGTH (1009) --- RIL [RID 0, Len 48, (null)]
02-13 18:47:20.749 I/RILC    (  112): qmi_ril(0/112): [event] qcril_qmi_nas_propagate_known_signal_strength_ind qcril_qmi_nas_propagate_known_signal_strength_ind completed 0
02-13 18:47:20.749 I/RILC    (  112): qmi_ril(0/112): [event] qcril_process_event Exit qcril_process_event() : <Unknown event> ?, err_no 0
02-13 18:47:20.749 D/RILC    (  112): qmi_ril(0/112): [event] qcril_event_main qcril_event_main(): Waiting...
02-13 18:47:20.759 D/RILC    (  112): qmi_ril(0/112): [main] qcril_event_queue RID 0 MID 0 Queued event <Unknown event> ? (0 bytes)
02-13 18:47:20.759 I/RILC    (  112): qmi_ril(0/112): [main] qcril_qmi_util_enable_networking_indications qcril_qmi_util_enable_networking_indications completed with 0
02-13 18:47:20.759 I/RILC    (  112): qmi_ril(0/112): [main] qcril_qmi_util_convert_qmi_response_codes_to_ril_result_ex qcril_qmi_util_convert_qmi_response_codes_to_ril_result_ex ctx check 0
02-13 18:47:20.759 I/RILC    (  112): qmi_ril(0/112): [main] qcril_qmi_voice_technology_updated qcril_qmi_voice_technology_updated entered
02-13 18:47:20.759 I/RILC    (  112): qmi_ril(0/112): [main] qcril_qmi_voice_technology_updated ..nas_cached_info.serving_system valid 1
02-13 18:47:20.759 I/RILC    (  112): qmi_ril(0/112): [main] qcril_qmi_voice_technology_updated .. selected NW 0
02-13 18:47:20.759 I/RILC    (  112): qmi_ril(0/112): [main] qcril_qmi_voice_technology_updated .. NW state 2
02-13 18:47:20.759 I/RILC    (  112): qmi_ril(0/112): [main] qcril_qmi_mgr_voice_technology_updated qcril_qmi_mgr_voice_technology_updated entered
02-13 18:47:20.759 I/RILC    (  112): qmi_ril(0/112): [main] qcril_qmi_mgr_voice_technology_updated qcril_qmi_mgr_voice_technology_updated left 0
02-13 18:47:20.759 I/RILC    (  112): qmi_ril(0/112): [main] qcril_qmi_voice_technology_updated qcril_qmi_voice_technology_updated completed for 0
02-13 18:47:20.759 I/RILC    (  112): qmi_ril(0/112): [main] qmi_ril_nwr_update_reg_rej_legacy qmi_ril_nwr_update_reg_rej_legacy entered
02-13 18:47:20.759 I/RILC    (  112): qmi_ril(0/112): [main] qmi_ril_nwr_update_reg_rej_legacy .. ss srv reg state 2
02-13 18:47:20.759 I/RILC    (  112): qmi_ril(0/112): [main] qmi_ril_nwr_update_reg_rej_legacy .. reje CS cs_rejected 0
02-13 18:47:20.759 I/RILC    (  112): qmi_ril(0/112): [main] qmi_ril_nwr_update_reg_rej_legacy .. reje CS cs_reject_cause 0
02-13 18:47:20.759 I/RILC    (  112): qmi_ril(0/112): [main] qmi_ril_nwr_update_reg_rej_legacy .. reje PS ps_rejected 0
02-13 18:47:20.759 I/RILC    (  112): qmi_ril(0/112): [main] qmi_ril_nwr_update_reg_rej_legacy .. reje PS ps_reject_cause 0
02-13 18:47:20.759 I/RILC    (  112): qmi_ril(0/112): [main] qmi_ril_nwr_util_log_mccmnc_str .. reje mcc - 
02-13 18:47:20.759 I/RILC    (  112): qmi_ril(0/112): [main] qmi_ril_nwr_util_log_mccmnc_str .. reje mnc - 
02-13 18:47:20.759 I/RILC    (  112): qmi_ril(0/112): [main] qmi_ril_nwr_update_reg_rej_legacy qmi_ril_nwr_update_reg_rej_legacy completed
02-13 18:47:20.759 I/RILC    (  112): qmi_ril(0/112): [main] qcril_qmi_nas_fetch_serving_system_info qcril_qmi_nas_fetch_serving_system_info res 0 
02-13 18:47:20.780 I/RILC    (  112): qmi_ril(0/112): [main] qcril_data_toggle_dormancy_indications >>>>>> LOCK QCRIL_DATA MUTEX 80211c14
02-13 18:47:20.780 I/RILC    (  112): qmi_ril(0/112): [main] qcril_data_toggle_dormancy_indications LOCK QCRIL_DATA MUTEX 80211c14 result=0
02-13 18:47:20.780 D/RILC    (  112): qmi_ril(0/112): [main] qcril_data_toggle_dormancy_indications Switch ON/OFF dormancy indications on all active interfaces
02-13 18:47:20.780 I/RILC    (  112): qmi_ril(0/112): [main] qcril_data_toggle_dormancy_indications <<<<<< UNLOCK QCRIL_DATA MUTEX 80211c14
02-13 18:47:20.780 I/RILC    (  112): qmi_ril(0/112): [main] qcril_data_toggle_dormancy_indications UNLOCK QCRIL_DATA MUTEX 80211c14 result=0
02-13 18:47:20.780 I/RILC    (  112): qmi_ril(0/112): [main] qcril_data_toggle_dormancy_indications qcril_data_toggle_dormancy_indications: EXIT with SUCCESS
02-13 18:47:20.780 I/RILC    (  112): qmi_ril(0/112): [main] qcril_qmi_nas_request_screen_state .. data dormancy req 2, 0
02-13 18:47:20.780 I/RILC    (  112): qmi_ril(0/112): [main] qcril_reqlist_find [RID 0] Not found ReqList entry : token id 0
02-13 18:47:20.780 D/RILC    (  112): qmi_ril(0/112): [main] qcril_send_request_response UI <--- RIL_REQUEST_SCREEN_STATE (61) Complete --- RIL [RID 0, Token 0, Success, Len 0 ]
02-13 18:47:20.780 D/RILJ    (  342): [0000]< SCREEN_STATE 
02-13 18:47:20.780 I/RILC    (  112): qmi_ril(0/112): [main] qcril_qmi_nas_request_screen_state qcril_qmi_nas_request_screen_state complete with 0
02-13 18:47:21.310 D/RILJ    (  342): [0001]> RIL_REQUEST_REPORT_STK_SERVICE_IS_RUNNING
02-13 18:47:21.380 D/RILC    (  112): qmi_ril(0/112): [main] onRequest UI --- RIL_REQUEST_REPORT_STK_SERVICE_IS_RUNNING (103) ---> RIL [RID 0, token id 1, data len 0]
02-13 18:47:21.380 I/RILC    (  112): qmi_ril(0/112): [main] qcril_gstk_qmi_request_stk_service_is_running qcril_gstk_qmi_request_stk_service_is_running
02-13 18:47:21.380 D/RILC    (  112): qmi_ril(0/112): [main] qcril_event_queue Event [QCRIL_EVT_GSTK_QMI_NOTIFY_RIL_IS_READY, 266241] data was NULL!
02-13 18:47:21.380 D/RILC    (  112): qmi_ril(0/112): [main] qcril_event_queue RID 0 MID 0 Queued event QCRIL_EVT_GSTK_QMI_NOTIFY_RIL_IS_READY (0 bytes)
02-13 18:47:21.380 I/RILC    (  112): qmi_ril(0/112): [main] qcril_reqlist_find [RID 0] Not found ReqList entry : token id 1
02-13 18:47:21.380 D/RILC    (  112): qmi_ril(0/112): [main] qcril_send_request_response UI <--- RIL_REQUEST_REPORT_STK_SERVICE_IS_RUNNING (103) Complete --- RIL [RID 0, Token 1, Success, Len 0 ]
02-13 18:47:21.380 D/RILJ    (  342): [0001]< RIL_REQUEST_REPORT_STK_SERVICE_IS_RUNNING 
02-13 18:47:21.380 D/RILC    (  112): qmi_ril(0/112): [event] qcril_event_main qcril_event_main(): 1 items on queue
02-13 18:47:21.380 D/RILC    (  112): qmi_ril(0/112): [event] qcril_event_main RID 0 MID 0 De-queued event QCRIL_EVT_GSTK_QMI_NOTIFY_RIL_IS_READY (266241)
02-13 18:47:21.380 D/RILC    (  112): qmi_ril(0/112): [event] qcril_process_event RIL --- QCRIL_EVT_GSTK_QMI_NOTIFY_RIL_IS_READY(266241), RID 0, MID 0 ---> RIL
02-13 18:47:21.380 D/RILC    (  112): qmi_ril(0/112): [event] qcril_gstk_qmi_convert_instance_to_slot_index Slot index found: 0x0
02-13 18:47:21.380 I/RILC    (  112): qmi_ril(0/112): [event] qcril_gstk_qmi_process_notify_ril_is_ready qcril_gstk_process_notify_ril_is_ready
02-13 18:47:21.380 D/RILC    (  112): qmi_ril(0/112): [event] qcril_setup_timed_callback Set timer with ID 2
