02-13 18:47:21.380 I/RILC    (  112): qmi_ril(0/112): [event] qcril_process_event Exit qcril_process_event() : QCRIL_EVT_GSTK_QMI_NOTIFY_RIL_IS_READY, err_no 0
02-13 18:47:21.380 D/RILC    (  112): qmi_ril(0/112): [event] qcril_event_main qcril_event_main(): Waiting...
02-13 18:47:21.390 I/PHONE   (  342): Creating MMDataConnectionTracker for dataSub = 0
02-13 18:47:21.520 I/PHONE   (  342): get Phone Type:2
02-13 18:47:21.540 D/PHONE   (  342): mDoesRilSendMultipleCallRing=false
02-13 18:47:21.580 D/PHONE   (  342): mCallRingDelay=3000
02-13 18:47:21.650 D/CDMA    (  342): Register for EVENT_NEW_SMS
02-13 18:47:21.650 D/GSM     (  342): Register for EVENT_NEW_SMS
02-13 18:47:21.660 D/RIL_IccCardProxy(  342): Setting radio tech RADIO_TECH_3GPP2
02-13 18:47:21.660 D/RIL_IccCardProxy(  342): Updating quite mode
02-13 18:47:21.660 D/RIL_IccCardProxy(  342): Switching to QuiteMode.
02-13 18:47:21.660 E/RIL_IccCardProxy(  342): Broadcasting intent ACTION_SIM_STATE_CHANGED READY reason null for subscription : 0
02-13 18:47:21.670 D/RIL_IccCardProxy(  342): QuiteMode is true (app_type: APP_FAM_3GPP2 nv: true multimode: false)
02-13 18:47:21.670 I/PHONE   (  342): Creating CDMAPhone
02-13 18:47:21.760 D/RIL_UiccManager(  342): EVENT_RADIO_OFF_OR_UNAVAILABLE: index = 0
02-13 18:47:22.281 D/CDMA    (  342): [CdmaServiceStateTracker] Poll ServiceState done: oldSS=[1 home null null null  Unknown CSS not supported 0 0RoamInd: 0RoamStatus(sprint): 0DefRoamInd: 0EmergOnly: false] newSS=[3 home null null null  Unknown CSS not supported -1 -1RoamInd: -1RoamStatus(sprint): -1DefRoamInd: -1EmergOnly: false]
02-13 18:47:22.291 D/CDMA    (  342): [CdmaServiceStateTracker] ***zyj*** this plmn should false flash
02-13 18:47:22.311 D/RILJ    (  342): [0002]> BASEBAND_VERSION
02-13 18:47:22.311 D/RILC    (  112): qmi_ril(0/112): [main] onRequest UI --- RIL_REQUEST_BASEBAND_VERSION (51) ---> RIL [RID 0, token id 2, data len 0]
02-13 18:47:22.311 I/RILC    (  112): qmi_ril(0/112): [main] qcril_qmi_nas_dms_request_baseband_version qcril_qmi_nas_dms_request_baseband_version entered
02-13 18:47:22.311 D/RILJ    (  342): [0003]> RIL_REQUEST_DEVICE_IDENTITY
02-13 18:47:22.311 I/RILC    (  112): qmi_ril(0/112): [main] qcril_qmi_util_convert_qmi_response_codes_to_ril_result_ex qcril_qmi_util_convert_qmi_response_codes_to_ril_result_ex ctx check 0
02-13 18:47:22.311 I/RILC    (  112): qmi_ril(0/112): [main] qcril_qmi_nas_dms_request_baseband_version qcril_qmi_nas_dms_request_baseband_version qmi 0, 0
02-13 18:47:22.311 I/RILC    (  112): qmi_ril(0/112): [main] qcril_reqlist_find [RID 0] Not found ReqList entry : token id 2
02-13 18:47:22.311 D/RILC    (  112): qmi_ril(0/112): [main] qcril_send_request_response UI <--- RIL_REQUEST_BASEBAND_VERSION (51) Complete --- RIL [RID 0, Token 2, Success, Len 257 ]
02-13 18:47:22.311 I/RILC    (  112): qmi_ril(0/112): [main] qcril_qmi_nas_dms_request_baseband_version qcril_qmi_nas_dms_request_baseband_version completed with 0
02-13 18:47:22.311 D/RILJ    (  342): [0002]< BASEBAND_VERSION M7630A-ABBQMAZM-4.1.4003  1  [Nov 14 2011 22:00:00]
02-13 18:47:22.311 D/RILC    (  112): qmi_ril(0/112): [main] onRequest UI --- RIL_REQUEST_DEVICE_IDENTITY (98) ---> RIL [RID 0, token id 3, data len 0]
02-13 18:47:22.311 I/RILC    (  112): qmi_ril(0/112): [main] qcril_qmi_nas_dms_request_device_identity qcril_qmi_nas_dms_request_device_identity entered
02-13 18:47:22.311 D/CDMA    (  342): Event EVENT_RADIO_OFF_OR_NOT_AVAILABLE Received
02-13 18:47:22.311 I/RILC    (  112): qmi_ril(0/112): [main] qcril_qmi_util_convert_qmi_response_codes_to_ril_result_ex qcril_qmi_util_convert_qmi_response_codes_to_ril_result_ex ctx check 0
02-13 18:47:22.311 I/RILC    (  112): qmi_ril(0/112): [main] qcril_qmi_nas_dms_request_device_identity qcril_qmi_nas_dms_request_device_identity qmi 0, 0
02-13 18:47:22.311 I/RILC    (  112): qmi_ril(0/112): [main] qcril_reqlist_find [RID 0] Not found ReqList entry : token id 3
02-13 18:47:22.311 D/RILC    (  112): qmi_ril(0/112): [main] qcril_send_request_response UI <--- RIL_REQUEST_DEVICE_IDENTITY (98) Complete --- RIL [RID 0, Token 3, Success, Len 16 ]
02-13 18:47:22.311 I/RILC    (  112): qmi_ril(0/112): [main] qcril_qmi_nas_dms_request_device_identity qcril_qmi_nas_dms_request_device_identity completed with 0
02-13 18:47:22.321 D/RILJ    (  342): [0004]> RADIO_POWER
02-13 18:47:22.321 D/RILC    (  112): qmi_ril(0/112): [main] onRequest UI --- RIL_REQUEST_RADIO_POWER (23) ---> RIL [RID 0, token id 4, data len 4]
02-13 18:47:22.321 I/RILC    (  112): qmi_ril(0/112): [main] qcril_qmi_nas_request_power qcril_qmi_nas_request_power entered
02-13 18:47:22.321 I/RILC    (  112): qmi_ril(0/112): [main] qcril_qmi_dms_get_radio_pwr_state qcril_qmi_dms_get_radio_pwr_state - current state NONE
02-13 18:47:22.321 I/RILC    (  112): qmi_ril(0/112): [main] qcril_qmi_nas_flow_control_add_request qcril_qmi_nas_flow_control_add_request entered : token 4, event_id 23, event RIL_REQUEST_RADIO_POWER 
02-13 18:47:22.321 I/RILC    (  112): qmi_ril(0/112): [main] qcril_qmi_nas_flow_control_add_request qcril_qmi_nas_flow_control_add_request completed with 1 
02-13 18:47:22.321 I/RILC    (  112): qmi_ril(0/112): [main] qcril_qmi_nas_radio_power_helper qcril_qmi_nas_radio_power_helper entered
02-13 18:47:22.321 I/RILC    (  112): qmi_ril(0/112): [main] qcril_qmi_dms_set_radio_pwr_state qcril_qmi_nas_set_radio_pwr_state entry - expected final state INIT_DONE
02-13 18:47:22.321 I/RILC    (  112): qmi_ril(0/112): [main] qcril_qmi_dms_set_radio_pwr_state qcril_qmi_nas_set_radio_pwr_state - current state NONE
02-13 18:47:22.321 I/RILC    (  112): qmi_ril(0/112): [main] qcril_qmi_dms_set_radio_pwr_state qcril_qmi_nas_set_radio_pwr_state - radio request UNKNOWN
02-13 18:47:22.321 I/RILC    (  112): qmi_ril(0/112): [main] qcril_qmi_dms_set_radio_pwr_state qcril_qmi_nas_set_radio_pwr_state - current card state UNKNOWN
02-13 18:47:22.321 D/RILC    (  112): qmi_ril(0/112): [main] qcril_setup_timed_callback Set timer with ID 3
02-13 18:47:22.321 I/RILC    (  112): qmi_ril(0/112): [main] qcril_qmi_dms_set_radio_pwr_state .. set timeout cb res 0 
02-13 18:47:22.321 I/RILC    (  112): qmi_ril(0/112): [main] qcril_qmi_dms_set_radio_pwr_state qcril_qmi_nas_set_radio_pwr_state - actual final state INIT_DONE
02-13 18:47:22.321 I/RILC    (  112): qmi_ril(0/112): [main] qcril_qmi_dms_set_radio_pwr_state qcril_qmi_dms_set_radio_pwr_state completed with SUCCESS
02-13 18:47:22.321 I/RILC    (  112): qmi_ril(0/112): [main] qcril_qmi_nas_radio_power_helper qcril_qmi_nas_radio_power_helper - radio request ONLINE
02-13 18:47:22.321 I/RILC    (  112): qmi_ril(0/112): [main] qcril_qmi_nas_radio_power_helper qcril_qmi_nas_radio_power_helper - card state NOT ACCESSIBLE
02-13 18:47:22.321 I/RILC    (  112): qmi_ril(0/112): [main] qcril_reqlist_find [RID 0] Not found ReqList entry : token id 4
02-13 18:47:22.321 I/RILC    (  112): qmi_ril(0/112): [main] qcril_reqlist_new_all [RID 0] Event RIL_REQUEST_RADIO_POWER(23), token id 4 [ 0x15b68], req id 0 : 
02-13 18:47:22.321 I/RILC    (  112): qmi_ril(0/112): [main] qcril_reqlist_new_all                        MID 0, pending receipt of REQUEST_POWER_RADIO, state QCRIL_REQ_AWAITING_MORE_AMSS_EVENTS(4)
02-13 18:47:22.321 D/RILC    (  112): qmi_ril(0/112): [main] qcril_reqlist_print_all [RID 0] ReqList entries :
02-13 18:47:22.321 D/RILC    (  112): qmi_ril(0/112): [main] qcril_reqlist_print_all     RIL_REQUEST_RADIO_POWER (23), token id 4
02-13 18:47:22.321 I/RILC    (  112): qmi_ril(0/112): [main] qcril_qmi_nas_radio_power_helper .. request power (1) 0 hex, fffff hex
02-13 18:47:22.321 I/RILC    (  112): qmi_ril(0/112): [main] qcril_qmi_nas_dms_do_post_oprt_request qcril_qmi_nas_dms_do_post_oprt_request / request power (2) 0
02-13 18:47:22.321 I/RILC    (  112): qmi_ril(0/112): [main] qcril_qmi_util_convert_qmi_response_codes_to_ril_result_ex qcril_qmi_util_convert_qmi_response_codes_to_ril_result_ex ctx check 0
02-13 18:47:22.321 I/RILC    (  112): qmi_ril(0/112): [main] qcril_qmi_nas_dms_do_post_oprt_request qcril_qmi_nas_dms_do_post_oprt_request posted req 0, 0
02-13 18:47:22.321 I/RILC    (  112): qmi_ril(0/112): [main] qcril_qmi_nas_radio_power_helper .. qmi req postage res 0
02-13 18:47:22.321 I/RILC    (  112): qmi_ril(0/112): [main] qcril_qmi_dms_set_radio_pwr_state qcril_qmi_nas_set_radio_pwr_state entry - expected final state SETTING_OP_MODE
02-13 18:47:22.321 I/RILC    (  112): qmi_ril(0/112): [main] qcril_qmi_dms_set_radio_pwr_state qcril_qmi_nas_set_radio_pwr_state - current state INIT_DONE
02-13 18:47:22.321 I/RILC    (  112): qmi_ril(0/112): [main] qcril_qmi_dms_set_radio_pwr_state qcril_qmi_nas_set_radio_pwr_state - radio request ONLINE
02-13 18:47:22.321 I/RILC    (  112): qmi_ril(0/112): [main] qcril_qmi_dms_set_radio_pwr_state qcril_qmi_nas_set_radio_pwr_state - current card state UNKNOWN
02-13 18:47:22.321 I/RILC    (  112): qmi_ril(0/112): [main] qcril_qmi_dms_set_radio_pwr_state qcril_qmi_nas_set_radio_pwr_state - actual final state SETTING_OP_MODE
02-13 18:47:22.321 I/RILC    (  112): qmi_ril(0/112): [main] qcril_qmi_dms_set_radio_pwr_state qcril_qmi_dms_set_radio_pwr_state completed with SUCCESS
02-13 18:47:22.321 I/RILC    (  112): qmi_ril(0/112): [main] qcril_qmi_nas_radio_power_helper qcril_qmi_nas_radio_power_helper completed with 0
02-13 18:47:22.321 I/RILC    (  112): qmi_ril(0/112): [main] qcril_qmi_nas_request_power qcril_qmi_nas_request_power completed with 0
02-13 18:47:22.321 E/RIL_IccCardProxy(  342): QuiteMode: NOT Broadcasting intent ACTION_SIM_STATE_CHANGED ABSENT reason null
02-13 18:47:22.321 D/PHONE   (  342): [PhoneProxy]setSubscriptionInfo sub= Subscription = { slotId = 0, 3gppIndex = 99999, 3gpp2Index = 99999, subId = 0, subStatus = 4, appId = null, appLabel = null, appType = null, iccId = null }
02-13 18:47:22.341 D/CDMA    (  342): slotId:0appId:99999subId:0subStatus:4
02-13 18:47:22.341 D/RIL_IMS (  342): In IMS updateRecords 
02-13 18:47:22.391 I/RILC    (  112): qmi_ril(0/112): [qmi_cb] qcril_qmi_nas_dms_set_oprt_command_cb qcril_qmi_nas_dms_set_oprt_command_cb entered 0
02-13 18:47:22.391 I/RILC    (  112): qmi_ril(0/112): [qmi_cb] qcril_qmi_dms_set_radio_pwr_state qcril_qmi_nas_set_radio_pwr_state entry - expected final state OP_MODE_CALLBACK_RECVD
02-13 18:47:22.391 I/RILC    (  112): qmi_ril(0/112): [qmi_cb] qcril_qmi_dms_set_radio_pwr_state qcril_qmi_nas_set_radio_pwr_state - current state SETTING_OP_MODE
02-13 18:47:22.391 I/RILC    (  112): qmi_ril(0/112): [qmi_cb] qcril_qmi_dms_set_radio_pwr_state qcril_qmi_nas_set_radio_pwr_state - radio request ONLINE
02-13 18:47:22.391 I/RILC    (  112): qmi_ril(0/112): [qmi_cb] qcril_qmi_dms_set_radio_pwr_state qcril_qmi_nas_set_radio_pwr_state - current card state UNKNOWN
02-13 18:47:22.391 I/RILC    (  112): qmi_ril(0/112): [qmi_cb] qcril_qmi_dms_set_radio_pwr_state qcril_qmi_nas_set_radio_pwr_state - actual final state OP_MODE_CALLBACK_RECVD
02-13 18:47:22.391 I/RILC    (  112): qmi_ril(0/112): [qmi_cb] qcril_qmi_dms_set_radio_pwr_state qcril_qmi_dms_set_radio_pwr_state completed with SUCCESS
02-13 18:47:22.391 I/RILC    (  112): qmi_ril(0/112): [qmi_cb] qcril_qmi_util_convert_qmi_response_codes_to_ril_result_ex qcril_qmi_util_convert_qmi_response_codes_to_ril_result_ex ctx check 0
02-13 18:47:22.391 I/RILC    (  112): qmi_ril(0/112): [qmi_cb] qcril_reqlist_find_by_event [RID 0] Found ReqList entry : RIL_REQUEST_RADIO_POWER(23), token id 4, pending REQUEST_POWER_RADIO (786435)
02-13 18:47:22.391 I/RILC    (  112): qmi_ril(0/112): [qmi_cb] qcril_qmi_nas_dms_set_oprt_command_cb qcril_qmi_nas_dms_set_oprt_command_cb res 0, fnd 0 
02-13 18:47:22.391 I/RILC    (  112): qmi_ril(0/112): [qmi_cb] qcril_qmi_nas_dms_set_oprt_command_cb qcril_qmi_nas_dms_set_oprt_command_cb completed
02-13 18:47:22.391 I/RILC    (  112): qmi_ril(0/112): [qmi_cb] qcril_qmi_dms_unsolicited_indication_cb invoked msg 0x1
02-13 18:47:22.391 I/RILC    (  112): qmi_ril(0/112): [qmi_cb] qcril_qmi_nas_dms_event_report_qmi2ril qcril_qmi_nas_dms_event_report_qmi2ril entered
02-13 18:47:22.391 I/RILC    (  112): qmi_ril(0/112): [qmi_cb] qcril_qmi_nas_dms_event_report_qmi2ril oprt val / da 1 / 0
02-13 18:47:22.391 I/RILC    (  112): qmi_ril(0/112): [qmi_cb] qcril_qmi_nas_dms_event_report_qmi2ril prl_init val / da 0 / 0
02-13 18:47:22.391 I/RILC    (  112): qmi_ril(0/112): [qmi_cb] qcril_qmi_nas_dms_op_state_update_handler qcril_qmi_nas_dms_op_state_update_handler entered
02-13 18:47:22.391 I/RILC    (  112): qmi_ril(0/112): [qmi_cb] qcril_reqlist_find_by_event [RID 0] Found ReqList entry : RIL_REQUEST_RADIO_POWER(23), token id 4, pending REQUEST_POWER_RADIO (786435)
02-13 18:47:22.391 I/RILC    (  112): qmi_ril(0/112): [qmi_cb] qcril_qmi_nas_dms_op_state_update_handler qcril_qmi_nas_dms_op_state_update_handler found qcril request 0
02-13 18:47:22.391 I/RILC    (  112): qmi_ril(0/112): [qmi_cb] qcril_qmi_nas_dms_op_state_update_handler qcril_qmi_nas_dms_op_state_update_handler expected op mode ONLINE
02-13 18:47:22.391 I/RILC    (  112): qmi_ril(0/112): [qmi_cb] qcril_qmi_nas_dms_op_state_update_handler qcril_qmi_nas_dms_op_state_update_handler reported op mode ONLINE
02-13 18:47:22.391 I/RILC    (  112): qmi_ril(0/112): [qmi_cb] qcril_qmi_dms_get_radio_pwr_state qcril_qmi_dms_get_radio_pwr_state - current state OP_MODE_CALLBACK_RECVD
02-13 18:47:22.391 I/RILC    (  112): qmi_ril(0/112): [qmi_cb] qcril_qmi_dms_set_radio_pwr_state qcril_qmi_nas_set_radio_pwr_state entry - expected final state OP_MODE_SET
02-13 18:47:22.391 I/RILC    (  112): qmi_ril(0/112): [qmi_cb] qcril_qmi_dms_set_radio_pwr_state qcril_qmi_nas_set_radio_pwr_state - current state OP_MODE_CALLBACK_RECVD
02-13 18:47:22.391 I/RILC    (  112): qmi_ril(0/112): [qmi_cb] qcril_qmi_dms_set_radio_pwr_state qcril_qmi_nas_set_radio_pwr_state - radio request ONLINE
02-13 18:47:22.391 I/RILC    (  112): qmi_ril(0/112): [qmi_cb] qcril_qmi_dms_set_radio_pwr_state qcril_qmi_nas_set_radio_pwr_state - current card state UNKNOWN
02-13 18:47:22.391 I/RILC    (  112): qmi_ril(0/112): [qmi_cb] qcril_qmi_dms_set_radio_pwr_state qcril_qmi_nas_set_radio_pwr_state - actual final state OP_MODE_SET
02-13 18:47:22.391 I/RILC    (  112): qmi_ril(0/112): [qmi_cb] qcril_qmi_dms_set_radio_pwr_state qcril_qmi_dms_set_radio_pwr_state completed with SUCCESS
02-13 18:47:22.391 I/RILC    (  112): qmi_ril(0/112): [qmi_cb] qcril_qmi_dms_set_radio_pwr_state qcril_qmi_nas_set_radio_pwr_state entry - expected final state DONE
02-13 18:47:22.391 I/RILC    (  112): qmi_ril(0/112): [qmi_cb] qcril_qmi_dms_set_radio_pwr_state qcril_qmi_nas_set_radio_pwr_state - current state OP_MODE_SET
02-13 18:47:22.391 I/RILC    (  112): qmi_ril(0/112): [qmi_cb] qcril_qmi_dms_set_radio_pwr_state qcril_qmi_nas_set_radio_pwr_state - radio request ONLINE
02-13 18:47:22.391 I/RILC    (  112): qmi_ril(0/112): [qmi_cb] qcril_qmi_dms_set_radio_pwr_state qcril_qmi_nas_set_radio_pwr_state - current card state UNKNOWN
02-13 18:47:22.391 I/RILC    (  112): qmi_ril(0/112): [qmi_cb] qcril_qmi_dms_radio_pwr_total_cleanup qcril_qmi_dms_radio_pwr_total_cleanup entered
02-13 18:47:22.391 D/RILC    (  112): qmi_ril(0/112): [qmi_cb] qcril_cancel_timed_callback Cancel timer with ID 3
02-13 18:47:22.391 I/RILC    (  112): qmi_ril(0/112): [qmi_cb] qcril_qmi_dms_radio_pwr_total_cleanup qcril_qmi_dms_radio_pwr_total_cleanup completed
02-13 18:47:22.391 I/RILC    (  112): qmi_ril(0/112): [qmi_cb] qcril_qmi_dms_set_radio_pwr_state qcril_qmi_nas_set_radio_pwr_state - actual final state NONE
02-13 18:47:22.391 I/RILC    (  112): qmi_ril(0/112): [qmi_cb] qcril_qmi_dms_set_radio_pwr_state qcril_qmi_dms_set_radio_pwr_state completed with SUCCESS
02-13 18:47:22.391 I/RILC    (  112): qmi_ril(0/112): [qmi_cb] qcril_reqlist_find [RID 0] Found ReqList entry : RIL_REQUEST_RADIO_POWER(23), token id 4
02-13 18:47:22.391 I/RILC    (  112): qmi_ril(0/112): [qmi_cb] qcril_reqlist_free [RID 0] Deleted ReqList entry : token id 4 [0x15b68]
02-13 18:47:22.391 D/RILC    (  112): qmi_ril(0/112): [qmi_cb] qcril_reqlist_print_all [RID 0] ReqList entries : Empty 
02-13 18:47:22.391 D/RILC    (  112): qmi_ril(0/112): [qmi_cb] qcril_send_request_response UI <--- RIL_REQUEST_RADIO_POWER (23) Complete --- RIL [RID 0, Token 4, Success, Len 0 ]
02-13 18:47:22.391 I/RILC    (  112): qmi_ril(0/112): [qmi_cb] qcril_qmi_nas_flow_control_process_request qcril_qmi_nas_flow_control_process_request entered : event_id 23, event RIL_REQUEST_RADIO_POWER res 0
02-13 18:47:22.391 I/RILC    (  112): qmi_ril(0/112): [qmi_cb] qcril_qmi_nas_flow_control_process_request qcril_qmi_nas_flow_control_process_request completed after processing 0 duplicate request(s)
02-13 18:47:22.391 I/RILC    (  112): qmi_ril(0/112): [qmi_cb] qcril_qmi_nas_dms_op_state_update_handler qcril_qmi_nas_dms_op_state_update_handler completed
02-13 18:47:22.391 I/RILC    (  112): qmi_ril(0/112): [qmi_cb] qcril_qmi_nas_dms_event_report_qmi2ril qcril_qmi_nas_dms_event_report_qmi2ril completed
02-13 18:47:22.391 I/RILC    (  112): qmi_ril(0/112): [qmi_cb] qcril_qmi_nas_initiate_radio_state_changed_ind qcril_qmi_nas_initiate_radio_state_changed_ind entered
02-13 18:47:22.391 D/RILC    (  112): qmi_ril(0/112): [qmi_cb] qcril_event_queue Event [<Unknown event> ?, 655392] data was NULL!
02-13 18:47:22.391 D/RILC    (  112): qmi_ril(0/112): [qmi_cb] qcril_event_queue RID 0 MID 0 Queued event <Unknown event> ? (0 bytes)
02-13 18:47:22.391 I/RILC    (  112): qmi_ril(0/112): [qmi_cb] qcril_qmi_nas_initiate_radio_state_changed_ind qcril_qmi_nas_initiate_radio_state_changed_ind completed
02-13 18:47:22.391 D/RILC    (  112): qmi_ril(0/112): [event] qcril_event_main qcril_event_main(): 1 items on queue
02-13 18:47:22.391 D/RILC    (  112): qmi_ril(0/112): [event] qcril_event_main RID 0 MID 0 De-queued event <Unknown event> ? (655392)
02-13 18:47:22.391 D/RILC    (  112): qmi_ril(0/112): [event] qcril_process_event RIL <--- <Unknown event> ?(655392), RID 0, MID 0 --- AMSS
02-13 18:47:22.391 I/RILC    (  112): qmi_ril(0/112): [event] qcril_qmi_nas_send_unsol_radio_state_changed qcril_qmi_nas_send_unsol_radio_state_changed entered
02-13 18:47:22.391 D/RILC    (  112): qmi_ril(0/112): [event] qcril_send_unsol_response UI <--- RIL_UNSOL_RESPONSE_RADIO_STATE_CHANGED (1000) --- RIL [RID 0, Len 0, (null)]
02-13 18:47:22.391 I/RILC    (  112): qmi_ril(0/112): [event] qcril_qmi_nas_dms_get_current_power_state qcril_qmi_nas_dms_get_current_power_state entered
02-13 18:47:22.391 I/RILC    (  112): qmi_ril(0/112): [event] qcril_qmi_nas_dms_get_current_power_state .. client available
02-13 18:47:22.391 I/RILC    (  112): qmi_ril(0/112): [event] qcril_qmi_nas_dms_get_current_power_state .. known modem operating mode 0 
02-13 18:47:22.391 I/RILC    (  112): qmi_ril(0/112): [event] qcril_qmi_nas_dms_get_current_power_state qcril_qmi_nas_dms_get_current_power_state compled with 2
02-13 18:47:22.391 D/RILC    (  112): qmi_ril(0/112): [event] currentState currentState() -> Radio On(2)
02-13 18:47:22.391 I/RILC    (  112): qmi_ril(0/112): [event] qcril_qmi_nas_send_unsol_radio_state_changed qcril_qmi_nas_send_unsol_radio_state_changed completed
02-13 18:47:22.391 I/RILC    (  112): qmi_ril(0/112): [event] qcril_process_event Exit qcril_process_event() : <Unknown event> ?, err_no 0
02-13 18:47:22.391 D/RILC    (  112): qmi_ril(0/112): [event] qcril_event_main qcril_event_main(): Waiting...
02-13 18:47:22.401 I/RILC    (  112): qmi_ril(0/112): [qmi_cb] qcril_qmi_nas_unsolicited_indication_cb invoked msg 0x24
02-13 18:47:22.401 I/RILC    (  112): qmi_ril(0/112): [qmi_cb] qcril_qmi_nas_is_considered_registered qcril_qmi_nas_is_considered_registered entered
02-13 18:47:22.401 I/RILC    (  112): qmi_ril(0/112): [qmi_cb] qcril_qmi_nas_is_considered_registered qcril_qmi_nas_is_considered_registered completed with 0
02-13 18:47:22.401 I/RILC    (  112): qmi_ril(0/112): [qmi_cb] qcril_qmi_nas_serving_system_ind_conv_qmi2ril qcril_qmi_nas_serving_system_ind_conv_qmi2ril entered
02-13 18:47:22.401 I/RILC    (  112): qmi_ril(0/112): [qmi_cb] qcril_qmi_nas_serving_system_ind_conv_qmi2ril .. fundamental change 1
02-13 18:47:22.401 I/RILC    (  112): qmi_ril(0/112): [qmi_cb] qcril_qmi_nas_drop_nw_info_cache  qcril_qmi_nas_drop_nw_info_cache entry 
02-13 18:47:22.401 I/RILC    (  112): qmi_ril(0/112): [qmi_cb] qcril_qmi_nas_drop_nw_info_cache qcril_qmi_nas_drop_nw_info_cache complete 
02-13 18:47:22.401 I/RILC    (  112): qmi_ril(0/112): [qmi_cb] qcril_qmi_voice_technology_updated qcril_qmi_voice_technology_updated entered
02-13 18:47:22.401 I/RILC    (  112): qmi_ril(0/112): [qmi_cb] qcril_qmi_voice_technology_updated ..nas_cached_info.serving_system valid 1
02-13 18:47:22.401 I/RILC    (  112): qmi_ril(0/112): [qmi_cb] qcril_qmi_voice_technology_updated .. selected NW 0
02-13 18:47:22.401 I/RILC    (  112): qmi_ril(0/112): [qmi_cb] qcril_qmi_voice_technology_updated .. NW state 0
02-13 18:47:22.401 I/RILC    (  112): qmi_ril(0/112): [qmi_cb] qcril_qmi_mgr_voice_technology_updated qcril_qmi_mgr_voice_technology_updated entered
02-13 18:47:22.401 I/RILC    (  112): qmi_ril(0/112): [qmi_cb] qcril_qmi_mgr_voice_technology_updated qcril_qmi_mgr_voice_technology_updated left 0
02-13 18:47:22.401 I/RILC    (  112): qmi_ril(0/112): [qmi_cb] qcril_qmi_voice_technology_updated qcril_qmi_voice_technology_updated completed for 0
02-13 18:47:22.401 I/RILC    (  112): qmi_ril(0/112): [qmi_cb] qmi_ril_nwr_update_reg_rej_legacy qmi_ril_nwr_update_reg_rej_legacy entered
02-13 18:47:22.401 I/RILC    (  112): qmi_ril(0/112): [qmi_cb] qmi_ril_nwr_update_reg_rej_legacy .. ss srv reg state 0
02-13 18:47:22.401 I/RILC    (  112): qmi_ril(0/112): [qmi_cb] qmi_ril_nwr_update_reg_rej_legacy .. reje CS cs_rejected 0
02-13 18:47:22.401 I/RILC    (  112): qmi_ril(0/112): [qmi_cb] qmi_ril_nwr_update_reg_rej_legacy .. reje CS cs_reject_cause 0
02-13 18:47:22.401 I/RILC    (  112): qmi_ril(0/112): [qmi_cb] qmi_ril_nwr_update_reg_rej_legacy .. reje PS ps_rejected 0
02-13 18:47:22.401 I/RILC    (  112): qmi_ril(0/112): [qmi_cb] qmi_ril_nwr_update_reg_rej_legacy .. reje PS ps_reject_cause 0
02-13 18:47:22.401 I/RILC    (  112): qmi_ril(0/112): [qmi_cb] qmi_ril_nwr_util_log_mccmnc_str .. reje mcc - 
02-13 18:47:22.401 I/RILC    (  112): qmi_ril(0/112): [qmi_cb] qmi_ril_nwr_util_log_mccmnc_str .. reje mnc - 
02-13 18:47:22.401 I/RILC    (  112): qmi_ril(0/112): [qmi_cb] qmi_ril_nwr_update_reg_rej_legacy qmi_ril_nwr_update_reg_rej_legacy completed
02-13 18:47:22.401 I/RILC    (  112): qmi_ril(0/112): [qmi_cb] qcril_qmi_nas_serving_system_ind_conv_qmi2ril qcril_qmi_nas_serving_system_ind_conv_qmi2ril serving_system cached 1
02-13 18:47:22.401 I/RILC    (  112): qmi_ril(0/112): [qmi_cb] qcril_qmi_nas_serving_system_ind_conv_qmi2ril qcril_qmi_nas_serving_system_ind_conv_qmi2ril roaming_indicator cached 0
02-13 18:47:22.401 I/RILC    (  112): qmi_ril(0/112): [qmi_cb] qcril_qmi_nas_serving_system_ind_conv_qmi2ril qcril_qmi_nas_serving_system_ind_conv_qmi2ril data_capabilities cached 1
02-13 18:47:22.401 I/RILC    (  112): qmi_ril(0/112): [qmi_cb] qcril_qmi_nas_serving_system_ind_conv_qmi2ril qcril_qmi_nas_serving_system_ind_conv_qmi2ril current_plmn cached 0
02-13 18:47:22.401 I/RILC    (  112): qmi_ril(0/112): [qmi_cb] qcril_qmi_nas_serving_system_ind_conv_qmi2ril qcril_qmi_nas_serving_system_ind_conv_qmi2ril mnc_includes_pcs_digit cached 0
02-13 18:47:22.401 I/RILC    (  112): qmi_ril(0/112): [qmi_cb] qcril_qmi_nas_serving_system_ind_conv_qmi2ril qcril_qmi_nas_serving_system_ind_conv_qmi2ril completed
02-13 18:47:22.401 I/RILC    (  112): qmi_ril(0/112): [qmi_cb] qcril_qmi_nas_is_considered_registered qcril_qmi_nas_is_considered_registered entered
02-13 18:47:22.401 I/RILC    (  112): qmi_ril(0/112): [qmi_cb] qcril_qmi_nas_is_considered_registered qcril_qmi_nas_is_considered_registered completed with 0
02-13 18:47:22.401 I/RILC    (  112): qmi_ril(0/112): [qmi_cb] qcril_qmi_nas_unsolicited_indication_cb .. operational state 3
02-13 18:47:22.401 D/RILC    (  112): qmi_ril(0/112): [qmi_cb] qcril_send_unsol_response UI <--- RIL_UNSOL_RESPONSE_NETWORK_STATE_CHANGED (1002) --- RIL [RID 0, Len 0, (null)]
02-13 18:47:22.401 I/RILC    (  112): qmi_ril(0/112): [qmi_cb] qcril_qmi_nas_unsolicited_indication_cb posted RIL indication 1002
02-13 18:47:22.401 D/RILC    (  112): qmi_ril(0/112): [qmi_cb] qcril_send_unsol_response UI <--- RIL_UNSOL_RESPONSE_DATA_NETWORK_STATE_CHANGED (1037) --- RIL [RID 0, Len 0, (null)]
02-13 18:47:22.401 I/RILC    (  112): qmi_ril(0/112): [qmi_cb] qcril_qmi_nas_unsolicited_indication_cb posted RIL indication 1037
02-13 18:47:22.401 I/RILC    (  112): qmi_ril(0/112): [qmi_cb] qcril_qmi_nas_unsolicited_indication_cb qcril_qmi_nas_unsolicited_indication_cb completed
02-13 18:47:22.661 D/RILJ    (  342): [0003]< RIL_REQUEST_DEVICE_IDENTITY {351602000709090, 00, 805ACA29, A10000207D94BB}
02-13 18:47:22.661 D/RILJ    (  342): [0004]< RADIO_POWER 
02-13 18:47:22.691 D/RILJ    (  342): [UNSL]< UNSOL_RESPONSE_RADIO_STATE_CHANGED RADIO_ON
02-13 18:47:22.691 D/RILJ    (  342): [0005]> DATA_REGISTRATION_STATE
02-13 18:47:22.691 D/RILC    (  112): qmi_ril(0/112): [main] onRequest UI --- RIL_REQUEST_DATA_REGISTRATION_STATE (21) ---> RIL [RID 0, token id 5, data len 0]
02-13 18:47:22.691 I/RILC    (  112): qmi_ril(0/112): [main] qcril_qmi_nas_request_data_registration_state qcril_qmi_nas_request_data_registration_state entered
02-13 18:47:22.691 I/RILC    (  112): qmi_ril(0/112): [main] qcril_qmi_nas_is_in_service_of_technology qcril_qmi_nas_is_in_service_of_technology entered
02-13 18:47:22.691 I/RILC    (  112): qmi_ril(0/112): [main] qcril_qmi_nas_is_in_service_of_technology qcril_qmi_nas_is_in_service_of_technology completed with 0
02-13 18:47:22.691 I/RILC    (  112): qmi_ril(0/112): [main] qcril_qmi_nas_is_in_service_of_technology qcril_qmi_nas_is_in_service_of_technology entered
02-13 18:47:22.691 I/RILC    (  112): qmi_ril(0/112): [main] qcril_qmi_nas_is_in_service_of_technology qcril_qmi_nas_is_in_service_of_technology completed with 0
02-13 18:47:22.691 I/RILC    (  112): qmi_ril(0/112): [main] qcril_qmi_util_convert_qmi_response_codes_to_ril_result_ex qcril_qmi_util_convert_qmi_response_codes_to_ril_result_ex ctx check 0
02-13 18:47:22.691 I/RILC    (  112): qmi_ril(0/112): [main] qcril_qmi_voice_technology_updated qcril_qmi_voice_technology_updated entered
02-13 18:47:22.691 I/RILC    (  112): qmi_ril(0/112): [main] qcril_qmi_voice_technology_updated ..nas_cached_info.serving_system valid 1
02-13 18:47:22.691 I/RILC    (  112): qmi_ril(0/112): [main] qcril_qmi_voice_technology_updated .. selected NW 0
02-13 18:47:22.691 I/RILC    (  112): qmi_ril(0/112): [main] qcril_qmi_voice_technology_updated .. NW state 0
02-13 18:47:22.691 I/RILC    (  112): qmi_ril(0/112): [main] qcril_qmi_mgr_voice_technology_updated qcril_qmi_mgr_voice_technology_updated entered
02-13 18:47:22.691 I/RILC    (  112): qmi_ril(0/112): [main] qcril_qmi_mgr_voice_technology_updated qcril_qmi_mgr_voice_technology_updated left 0
02-13 18:47:22.691 I/RILC    (  112): qmi_ril(0/112): [main] qcril_qmi_voice_technology_updated qcril_qmi_voice_technology_updated completed for 0
02-13 18:47:22.691 I/RILC    (  112): qmi_ril(0/112): [main] qmi_ril_nwr_update_reg_rej_legacy qmi_ril_nwr_update_reg_rej_legacy entered
02-13 18:47:22.691 I/RILC    (  112): qmi_ril(0/112): [main] qmi_ril_nwr_update_reg_rej_legacy .. ss srv reg state 0
02-13 18:47:22.691 I/RILC    (  112): qmi_ril(0/112): [main] qmi_ril_nwr_update_reg_rej_legacy .. reje CS cs_rejected 0
02-13 18:47:22.691 I/RILC    (  112): qmi_ril(0/112): [main] qmi_ril_nwr_update_reg_rej_legacy .. reje CS cs_reject_cause 0
02-13 18:47:22.691 I/RILC    (  112): qmi_ril(0/112): [main] qmi_ril_nwr_update_reg_rej_legacy .. reje PS ps_rejected 0
02-13 18:47:22.691 I/RILC    (  112): qmi_ril(0/112): [main] qmi_ril_nwr_update_reg_rej_legacy .. reje PS ps_reject_cause 0
02-13 18:47:22.691 I/RILC    (  112): qmi_ril(0/112): [main] qmi_ril_nwr_util_log_mccmnc_str .. reje mcc - 
02-13 18:47:22.691 I/RILC    (  112): qmi_ril(0/112): [main] qmi_ril_nwr_util_log_mccmnc_str .. reje mnc - 
02-13 18:47:22.691 I/RILC    (  112): qmi_ril(0/112): [main] qmi_ril_nwr_update_reg_rej_legacy qmi_ril_nwr_update_reg_rej_legacy completed
02-13 18:47:22.691 I/RILC    (  112): qmi_ril(0/112): [main] qcril_qmi_nas_fetch_serving_system_info qcril_qmi_nas_fetch_serving_system_info res 0 
02-13 18:47:22.691 I/RILC    (  112): qmi_ril(0/112): [main] qcril_qmi_nas_request_data_registration_state  ... QMI NAS reg_state 0
02-13 18:47:22.691 I/RILC    (  112): qmi_ril(0/112): [main] qcril_qmi_nas_request_data_registration_state  ... cache valid for data_caps 1
02-13 18:47:22.691 I/RILC    (  112): qmi_ril(0/112): [main] qcril_qmi_nas_request_data_registration_state  ... cache valid for data_caps_len 0
02-13 18:47:22.691 I/RILC    (  112): qmi_ril(0/112): [main] qcril_qmi_nas_request_data_registration_state  ... ps attach state 2
02-13 18:47:22.691 I/RILC    (  112): qmi_ril(0/112): [main] qcril_qmi_nas_request_data_registration_state Xinjingqcril_qmi_nas_request_data_registration_state cur reg state 0
02-13 18:47:22.691 I/RILC    (  112): qmi_ril(0/112): [main] qcril_qmi_nas_request_data_registration_state .. pre  cur reg state 0
02-13 18:47:22.691 I/RILC    (  112): qmi_ril(0/112): [main] qcril_qmi_nas_request_data_registration_state qcril_qmi_nas_request_data_registration_state cur reg state 0
02-13 18:47:22.691 I/RILC    (  112): qmi_ril(0/112): [main] qcril_qmi_nas_is_in_service_of_technology qcril_qmi_nas_is_in_service_of_technology entered
02-13 18:47:22.691 I/RILC    (  112): qmi_ril(0/112): [main] qcril_qmi_nas_is_in_service_of_technology qcril_qmi_nas_is_in_service_of_technology completed with 0
02-13 18:47:22.691 I/RILC    (  112): qmi_ril(0/112): [main] qcril_qmi_nas_is_in_service_of_technology qcril_qmi_nas_is_in_service_of_technology entered
02-13 18:47:22.691 I/RILC    (  112): qmi_ril(0/112): [main] qcril_qmi_nas_is_in_service_of_technology qcril_qmi_nas_is_in_service_of_technology completed with 0
02-13 18:47:22.691 I/RILC    (  112): qmi_ril(0/112): [main] qcril_qmi_nas_request_data_registration_state .. data caps 1, 0
02-13 18:47:22.691 I/RILC    (  112): qmi_ril(0/112): [main] qcril_qmi_nas_request_data_registration_state .. detailed info val 1
02-13 18:47:22.691 I/RILC    (  112): qmi_ril(0/112): [main] qcril_qmi_nas_request_data_registration_state .. detailed info srv_cap 0
02-13 18:47:22.691 I/RILC    (  112): qmi_ril(0/112): [main] qcril_qmi_nas_request_data_registration_state .. ehrpd adjustment check 0
02-13 18:47:22.691 I/RILC    (  112): qmi_ril(0/112): [main] qcril_qmi_nas_request_data_registration_state .. rg 0 - 0
02-13 18:47:22.691 I/RILC    (  112): qmi_ril(0/112): [main] qcril_qmi_nas_request_data_registration_state .. rg 1 - 
02-13 18:47:22.691 I/RILC    (  112): qmi_ril(0/112): [main] qcril_qmi_nas_request_data_registration_state .. rg 2 - 
02-13 18:47:22.691 I/RILC    (  112): qmi_ril(0/112): [main] qcril_qmi_nas_request_data_registration_state .. rg 3 - 0
02-13 18:47:22.691 I/RILC    (  112): qmi_ril(0/112): [main] qcril_qmi_nas_request_data_registration_state .. rg 4 - 0
02-13 18:47:22.691 I/RILC    (  112): qmi_ril(0/112): [main] qcril_qmi_nas_request_data_registration_state .. rg 5 - 20
02-13 18:47:22.691 I/RILC    (  112): qmi_ril(0/112): [main] qcril_reqlist_find [RID 0] Not found ReqList entry : token id 5
02-13 18:47:22.691 D/RILC    (  112): qmi_ril(0/112): [main] qcril_send_request_response UI <--- RIL_REQUEST_DATA_REGISTRATION_STATE (21) Complete --- RIL [RID 0, Token 5, Success, Len 24 ]
02-13 18:47:22.691 I/RILC    (  112): qmi_ril(0/112): [main] qcril_qmi_nas_request_data_registration_state qcril_qmi_nas_request_data_registration_state complete with 0
02-13 18:47:22.691 D/RILJ    (  342): [0006]> OPERATOR
02-13 18:47:22.701 D/RILJ    (  342): [0007]> REGISTRATION_STATE
02-13 18:47:22.701 D/RILC    (  112): qmi_ril(0/112): [main] onRequest UI --- RIL_REQUEST_OPERATOR (22) ---> RIL [RID 0, token id 6, data len 0]
02-13 18:47:22.701 I/RILC    (  112): qmi_ril(0/112): [main] qcril_qmi_nas_request_operator qcril_qmi_nas_request_operator entered
02-13 18:47:22.701 I/RILC    (  112): qmi_ril(0/112): [main] qcril_qmi_nas_is_considered_registered qcril_qmi_nas_is_considered_registered entered
02-13 18:47:22.701 I/RILC    (  112): qmi_ril(0/112): [main] qcril_qmi_nas_is_considered_registered qcril_qmi_nas_is_considered_registered completed with 0
02-13 18:47:22.701 I/RILC    (  112): qmi_ril(0/112): [main] qcril_qmi_nas_request_operator .. res empty as not in full service
02-13 18:47:22.701 I/RILC    (  112): qmi_ril(0/112): [main] qcril_qmi_nas_request_operator qcril_qmi_nas_request_operator long 
02-13 18:47:22.701 I/RILC    (  112): qmi_ril(0/112): [main] qcril_qmi_nas_request_operator qcril_qmi_nas_request_operator short 
02-13 18:47:22.701 I/RILC    (  112): qmi_ril(0/112): [main] qcril_qmi_nas_request_operator qcril_qmi_nas_request_operator mcc_mnc 
02-13 18:47:22.701 I/RILC    (  112): qmi_ril(0/112): [main] qcril_reqlist_find [RID 0] Not found ReqList entry : token id 6
02-13 18:47:22.701 D/RILC    (  112): qmi_ril(0/112): [main] qcril_send_request_response UI <--- RIL_REQUEST_OPERATOR (22) Complete --- RIL [RID 0, Token 6, Success, Len 12 ]
02-13 18:47:22.701 I/RILC    (  112): qmi_ril(0/112): [main] qcril_qmi_nas_request_operator qcril_qmi_nas_request_operator complete with 0
02-13 18:47:22.701 D/RILC    (  112): qmi_ril(0/112): [main] onRequest UI --- RIL_REQUEST_REGISTRATION_STATE (20) ---> RIL [RID 0, token id 7, data len 0]
02-13 18:47:22.701 I/RILC    (  112): qmi_ril(0/112): [main] qcril_qmi_nas_request_registration_state qcril_qmi_nas_request_registration_state entered
02-13 18:47:22.701 I/RILC    (  112): qmi_ril(0/112): [main] qcril_qmi_nas_is_in_service_of_technology qcril_qmi_nas_is_in_service_of_technology entered
02-13 18:47:22.701 I/RILC    (  112): qmi_ril(0/112): [main] qcril_qmi_nas_is_in_service_of_technology qcril_qmi_nas_is_in_service_of_technology completed with 0
02-13 18:47:22.701 I/RILC    (  112): qmi_ril(0/112): [main] qcril_qmi_nas_is_in_service_of_technology qcril_qmi_nas_is_in_service_of_technology entered
02-13 18:47:22.701 I/RILC    (  112): qmi_ril(0/112): [main] qcril_qmi_nas_is_in_service_of_technology qcril_qmi_nas_is_in_service_of_technology completed with 0
02-13 18:47:22.701 I/RILC    (  112): qmi_ril(0/112): [main] qcril_qmi_nas_request_registration_state qcril_qmi_nas_request_registration_state cache subrequest need 1
02-13 18:47:22.701 D/RILJ    (  342): [0008]> RIL_REQUEST_VOICE_RADIO_TECH
02-13 18:47:22.701 I/RILC    (  112): qmi_ril(0/112): [main] qcril_qmi_util_convert_qmi_response_codes_to_ril_result_ex qcril_qmi_util_convert_qmi_response_codes_to_ril_result_ex ctx check 0
02-13 18:47:22.701 I/RILC    (  112): qmi_ril(0/112): [main] qcril_qmi_voice_technology_updated qcril_qmi_voice_technology_updated entered
02-13 18:47:22.701 I/RILC    (  112): qmi_ril(0/112): [main] qcril_qmi_voice_technology_updated ..nas_cached_info.serving_system valid 1
02-13 18:47:22.701 I/RILC    (  112): qmi_ril(0/112): [main] qcril_qmi_voice_technology_updated .. selected NW 0
02-13 18:47:22.701 I/RILC    (  112): qmi_ril(0/112): [main] qcril_qmi_voice_technology_updated .. NW state 0
02-13 18:47:22.701 I/RILC    (  112): qmi_ril(0/112): [main] qcril_qmi_mgr_voice_technology_updated qcril_qmi_mgr_voice_technology_updated entered
02-13 18:47:22.701 I/RILC    (  112): qmi_ril(0/112): [main] qcril_qmi_mgr_voice_technology_updated qcril_qmi_mgr_voice_technology_updated left 0
02-13 18:47:22.701 I/RILC    (  112): qmi_ril(0/112): [main] qcril_qmi_voice_technology_updated qcril_qmi_voice_technology_updated completed for 0
02-13 18:47:22.701 I/RILC    (  112): qmi_ril(0/112): [main] qmi_ril_nwr_update_reg_rej_legacy qmi_ril_nwr_update_reg_rej_legacy entered
02-13 18:47:22.701 I/RILC    (  112): qmi_ril(0/112): [main] qmi_ril_nwr_update_reg_rej_legacy .. ss srv reg state 0
02-13 18:47:22.701 I/RILC    (  112): qmi_ril(0/112): [main] qmi_ril_nwr_update_reg_rej_legacy .. reje CS cs_rejected 0
02-13 18:47:22.701 I/RILC    (  112): qmi_ril(0/112): [main] qmi_ril_nwr_update_reg_rej_legacy .. reje CS cs_reject_cause 0
02-13 18:47:22.701 I/RILC    (  112): qmi_ril(0/112): [main] qmi_ril_nwr_update_reg_rej_legacy .. reje PS ps_rejected 0
02-13 18:47:22.701 I/RILC    (  112): qmi_ril(0/112): [main] qmi_ril_nwr_update_reg_rej_legacy .. reje PS ps_reject_cause 0
02-13 18:47:22.701 I/RILC    (  112): qmi_ril(0/112): [main] qmi_ril_nwr_util_log_mccmnc_str .. reje mcc - 
02-13 18:47:22.701 I/RILC    (  112): qmi_ril(0/112): [main] qmi_ril_nwr_util_log_mccmnc_str .. reje mnc - 
02-13 18:47:22.701 I/RILC    (  112): qmi_ril(0/112): [main] qmi_ril_nwr_update_reg_rej_legacy qmi_ril_nwr_update_reg_rej_legacy completed
02-13 18:47:22.701 I/RILC    (  112): qmi_ril(0/112): [main] qcril_qmi_nas_fetch_serving_system_info qcril_qmi_nas_fetch_serving_system_info res 0 
02-13 18:47:22.701 I/RILC    (  112): qmi_ril(0/112): [main] qcril_qmi_util_convert_qmi_response_codes_to_ril_result_ex qcril_qmi_util_convert_qmi_response_codes_to_ril_result_ex ctx check 0
02-13 18:47:22.701 I/RILC    (  112): qmi_ril(0/112): [main] qcril_qmi_nas_update_voice_rte qcril_qmi_nas_update_voice_rte entered
02-13 18:47:22.701 I/RILC    (  112): qmi_ril(0/112): [main] qcril_qmi_nas_util_convert_nas_srv_status_to_ril_reg_status  qcril_qmi_nas_util_convert_nas_srv_status_to_ril_reg_status entered
02-13 18:47:22.701 D/RILC    (  112): qmi_ril(0/112): [main] qcril_qmi_util_retrieve_srv_status qcril_qmi_util_retrieve_srv_status completed with 0
02-13 18:47:22.701 I/RILC    (  112): qmi_ril(0/112): [main] qcril_qmi_nas_util_convert_nas_srv_status_to_ril_reg_status ... nas_srv_status 0, is_data 0, is_3gpp 0, is_hdr 0
02-13 18:47:22.701 I/RILC    (  112): qmi_ril(0/112): [main] qcril_qmi_nas_util_convert_nas_srv_status_to_ril_reg_status ... intermediate res 1 2
02-13 18:47:22.701 I/RILC    (  112): qmi_ril(0/112): [main] qcril_qmi_nas_util_convert_nas_srv_status_to_ril_reg_status ... common_sys_info 0
02-13 18:47:22.701 I/RILC    (  112): qmi_ril(0/112): [main] qcril_qmi_nas_util_convert_nas_srv_status_to_ril_reg_status ... intermediate res 2 2
02-13 18:47:22.701 I/RILC    (  112): qmi_ril(0/112): [main] qcril_qmi_nas_util_convert_nas_srv_status_to_ril_reg_status ... hdr_only_sys_info 0
02-13 18:47:22.701 I/RILC    (  112): qmi_ril(0/112): [main] qcril_qmi_nas_util_convert_nas_srv_status_to_ril_reg_status ... intermediate res 3 2
02-13 18:47:22.701 I/RILC    (  112): qmi_ril(0/112): [main] qcril_qmi_nas_util_convert_nas_srv_status_to_ril_reg_status qcril_qmi_nas_util_convert_nas_srv_status_to_ril_reg_status complete with 2
02-13 18:47:22.701 I/RILC    (  112): qmi_ril(0/112): [main] qcril_qmi_nas_util_convert_nas_srv_status_to_ril_reg_status  qcril_qmi_nas_util_convert_nas_srv_status_to_ril_reg_status entered
02-13 18:47:22.701 D/RILC    (  112): qmi_ril(0/112): [main] qcril_qmi_util_retrieve_srv_status qcril_qmi_util_retrieve_srv_status completed with 0
02-13 18:47:22.701 I/RILC    (  112): qmi_ril(0/112): [main] qcril_qmi_nas_util_convert_nas_srv_status_to_ril_reg_status ... nas_srv_status 0, is_data 1, is_3gpp 0, is_hdr 1
02-13 18:47:22.701 I/RILC    (  112): qmi_ril(0/112): [main] qcril_qmi_nas_util_convert_nas_srv_status_to_ril_reg_status ... intermediate res 1 2
02-13 18:47:22.701 I/RILC    (  112): qmi_ril(0/112): [main] qcril_qmi_nas_util_convert_nas_srv_status_to_ril_reg_status ... common_sys_info 0
02-13 18:47:22.701 I/RILC    (  112): qmi_ril(0/112): [main] qcril_qmi_nas_util_convert_nas_srv_status_to_ril_reg_status ... intermediate res 2 2
02-13 18:47:22.701 I/RILC    (  112): qmi_ril(0/112): [main] qcril_qmi_nas_util_convert_nas_srv_status_to_ril_reg_status ... hdr_only_sys_info 0
02-13 18:47:22.701 I/RILC    (  112): qmi_ril(0/112): [main] qcril_qmi_nas_util_convert_nas_srv_status_to_ril_reg_status ... intermediate res 3 2
02-13 18:47:22.701 I/RILC    (  112): qmi_ril(0/112): [main] qcril_qmi_nas_util_convert_nas_srv_status_to_ril_reg_status qcril_qmi_nas_util_convert_nas_srv_status_to_ril_reg_status complete with 2
02-13 18:47:22.701 I/RILC    (  112): qmi_ril(0/112): [main] qcril_qmi_nas_update_voice_rte .. 1x reg 2
02-13 18:47:22.701 I/RILC    (  112): qmi_ril(0/112): [main] qcril_qmi_nas_update_voice_rte .. gsm reg 0
02-13 18:47:22.701 I/RILC    (  112): qmi_ril(0/112): [main] qcril_qmi_nas_update_voice_rte .. wcdma reg 0
02-13 18:47:22.701 I/RILC    (  112): qmi_ril(0/112): [main] qcril_qmi_nas_update_voice_rte .. lte reg 0
02-13 18:47:22.701 I/RILC    (  112): qmi_ril(0/112): [main] qcril_qmi_nas_update_voice_rte .. hdr reg 2
02-13 18:47:22.701 I/RILC    (  112): qmi_ril(0/112): [main] qcril_qmi_nas_update_voice_rte qcril_qmi_nas_update_voice_rte completed, new vrte 0
02-13 18:47:22.701 I/RILC    (  112): qmi_ril(0/112): [main] qcril_qmi_voice_technology_updated qcril_qmi_voice_technology_updated entered
02-13 18:47:22.701 I/RILC    (  112): qmi_ril(0/112): [main] qcril_qmi_voice_technology_updated ..nas_cached_info.serving_system valid 1
02-13 18:47:22.701 I/RILC    (  112): qmi_ril(0/112): [main] qcril_qmi_voice_technology_updated .. selected NW 0
02-13 18:47:22.701 I/RILC    (  112): qmi_ril(0/112): [main] qcril_qmi_voice_technology_updated .. NW state 0
02-13 18:47:22.701 I/RILC    (  112): qmi_ril(0/112): [main] qcril_qmi_mgr_voice_technology_updated qcril_qmi_mgr_voice_technology_updated entered
02-13 18:47:22.701 I/RILC    (  112): qmi_ril(0/112): [main] qcril_qmi_mgr_voice_technology_updated qcril_qmi_mgr_voice_technology_updated left 0
02-13 18:47:22.701 I/RILC    (  112): qmi_ril(0/112): [main] qcril_qmi_voice_technology_updated qcril_qmi_voice_technology_updated completed for 0
02-13 18:47:22.701 I/RILC    (  112): qmi_ril(0/112): [main] qmi_ril_nwr_update_reg_rej_from_sys_info qmi_ril_nwr_update_reg_rej_from_sys_info entered
02-13 18:47:22.701 I/RILC    (  112): qmi_ril(0/112): [main] qcril_qmi_nas_util_convert_nas_srv_status_to_ril_reg_status  qcril_qmi_nas_util_convert_nas_srv_status_to_ril_reg_status entered
02-13 18:47:22.701 D/RILC    (  112): qmi_ril(0/112): [main] qcril_qmi_util_retrieve_srv_status qcril_qmi_util_retrieve_srv_status completed with 0
02-13 18:47:22.701 I/RILC    (  112): qmi_ril(0/112): [main] qcril_qmi_nas_util_convert_nas_srv_status_to_ril_reg_status ... nas_srv_status 0, is_data 0, is_3gpp 0, is_hdr 0
02-13 18:47:22.701 I/RILC    (  112): qmi_ril(0/112): [main] qcril_qmi_nas_util_convert_nas_srv_status_to_ril_reg_status ... intermediate res 1 2
02-13 18:47:22.701 I/RILC    (  112): qmi_ril(0/112): [main] qcril_qmi_nas_util_convert_nas_srv_status_to_ril_reg_status ... common_sys_info 0
02-13 18:47:22.701 I/RILC    (  112): qmi_ril(0/112): [main] qcril_qmi_nas_util_convert_nas_srv_status_to_ril_reg_status ... intermediate res 2 2
02-13 18:47:22.701 I/RILC    (  112): qmi_ril(0/112): [main] qcril_qmi_nas_util_convert_nas_srv_status_to_ril_reg_status ... hdr_only_sys_info 0
02-13 18:47:22.701 I/RILC    (  112): qmi_ril(0/112): [main] qcril_qmi_nas_util_convert_nas_srv_status_to_ril_reg_status ... intermediate res 3 2
02-13 18:47:22.701 I/RILC    (  112): qmi_ril(0/112): [main] qcril_qmi_nas_util_convert_nas_srv_status_to_ril_reg_status qcril_qmi_nas_util_convert_nas_srv_status_to_ril_reg_status complete with 2
02-13 18:47:22.701 I/RILC    (  112): qmi_ril(0/112): [main] qcril_qmi_nas_util_convert_nas_srv_status_to_ril_reg_status  qcril_qmi_nas_util_convert_nas_srv_status_to_ril_reg_status entered
02-13 18:47:22.701 D/RILC    (  112): qmi_ril(0/112): [main] qcril_qmi_util_retrieve_srv_status qcril_qmi_util_retrieve_srv_status completed with 0
02-13 18:47:22.701 I/RILC    (  112): qmi_ril(0/112): [main] qcril_qmi_nas_util_convert_nas_srv_status_to_ril_reg_status ... nas_srv_status 0, is_data 0, is_3gpp 0, is_hdr 1
02-13 18:47:22.701 I/RILC    (  112): qmi_ril(0/112): [main] qcril_qmi_nas_util_convert_nas_srv_status_to_ril_reg_status ... intermediate res 1 2
02-13 18:47:22.701 I/RILC    (  112): qmi_ril(0/112): [main] qcril_qmi_nas_util_convert_nas_srv_status_to_ril_reg_status ... common_sys_info 0
02-13 18:47:22.701 I/RILC    (  112): qmi_ril(0/112): [main] qcril_qmi_nas_util_convert_nas_srv_status_to_ril_reg_status ... intermediate res 2 2
02-13 18:47:22.701 I/RILC    (  112): qmi_ril(0/112): [main] qcril_qmi_nas_util_convert_nas_srv_status_to_ril_reg_status ... hdr_only_sys_info 0
02-13 18:47:22.701 I/RILC    (  112): qmi_ril(0/112): [main] qcril_qmi_nas_util_convert_nas_srv_status_to_ril_reg_status ... intermediate res 3 2
02-13 18:47:22.701 I/RILC    (  112): qmi_ril(0/112): [main] qcril_qmi_nas_util_convert_nas_srv_status_to_ril_reg_status qcril_qmi_nas_util_convert_nas_srv_status_to_ril_reg_status complete with 2
02-13 18:47:22.701 I/RILC    (  112): qmi_ril(0/112): [main] qmi_ril_nwr_update_reg_rej_from_sys_info .. 1x reg 2
02-13 18:47:22.701 I/RILC    (  112): qmi_ril(0/112): [main] qmi_ril_nwr_update_reg_rej_from_sys_info .. gsm reg 0
02-13 18:47:22.701 I/RILC    (  112): qmi_ril(0/112): [main] qmi_ril_nwr_update_reg_rej_from_sys_info .. wcdma reg 0
02-13 18:47:22.701 I/RILC    (  112): qmi_ril(0/112): [main] qmi_ril_nwr_update_reg_rej_from_sys_info .. lte reg 0
02-13 18:47:22.701 I/RILC    (  112): qmi_ril(0/112): [main] qmi_ril_nwr_update_reg_rej_from_sys_info .. hdr reg 2
02-13 18:47:22.701 I/RILC    (  112): qmi_ril(0/112): [main] qmi_ril_nwr_update_reg_rej_from_sys_info .. ext info is_reject_case 0, is_managed_roaming 0, reject_cause 0
02-13 18:47:22.701 I/RILC    (  112): qmi_ril(0/112): [main] qmi_ril_nwr_update_reg_rej_from_sys_info .. rte 1 reje CS cs_rejected 0
02-13 18:47:22.701 I/RILC    (  112): qmi_ril(0/112): [main] qmi_ril_nwr_update_reg_rej_from_sys_info .. rte 1 reje CS cs_reject_cause 0
02-13 18:47:22.701 I/RILC    (  112): qmi_ril(0/112): [main] qmi_ril_nwr_util_log_mccmnc_str .. reje mcc - 
02-13 18:47:22.701 I/RILC    (  112): qmi_ril(0/112): [main] qmi_ril_nwr_util_log_mccmnc_str .. reje mnc - 
02-13 18:47:22.701 I/RILC    (  112): qmi_ril(0/112): [main] qmi_ril_nwr_update_reg_rej_from_sys_info .. ext info is_reject_case 0, is_managed_roaming 0, reject_cause 0
02-13 18:47:22.701 I/RILC    (  112): qmi_ril(0/112): [main] qmi_ril_nwr_update_reg_rej_from_sys_info .. rte 2 reje CS cs_rejected 0
02-13 18:47:22.701 I/RILC    (  112): qmi_ril(0/112): [main] qmi_ril_nwr_update_reg_rej_from_sys_info .. rte 2 reje CS cs_reject_cause 0
02-13 18:47:22.701 I/RILC    (  112): qmi_ril(0/112): [main] qmi_ril_nwr_util_log_mccmnc_str .. reje mcc - 
02-13 18:47:22.701 I/RILC    (  112): qmi_ril(0/112): [main] qmi_ril_nwr_util_log_mccmnc_str .. reje mnc - 
02-13 18:47:22.701 I/RILC    (  112): qmi_ril(0/112): [main] qmi_ril_nwr_update_reg_rej_from_sys_info .. ext info is_reject_case 0, is_managed_roaming 0, reject_cause 0
02-13 18:47:22.701 I/RILC    (  112): qmi_ril(0/112): [main] qmi_ril_nwr_update_reg_rej_from_sys_info .. rte 3 reje CS cs_rejected 0
02-13 18:47:22.701 I/RILC    (  112): qmi_ril(0/112): [main] qmi_ril_nwr_update_reg_rej_from_sys_info .. rte 3 reje CS cs_reject_cause 0
02-13 18:47:22.701 I/RILC    (  112): qmi_ril(0/112): [main] qmi_ril_nwr_util_log_mccmnc_str .. reje mcc - 
02-13 18:47:22.701 I/RILC    (  112): qmi_ril(0/112): [main] qmi_ril_nwr_util_log_mccmnc_str .. reje mnc - 
02-13 18:47:22.701 I/RILC    (  112): qmi_ril(0/112): [main] qmi_ril_nwr_update_reg_rej_from_sys_info .. ext info is_reject_case 0, is_managed_roaming 0, reject_cause 0
02-13 18:47:22.701 I/RILC    (  112): qmi_ril(0/112): [main] qmi_ril_nwr_update_reg_rej_from_sys_info .. rte 4 reje CS cs_rejected 0
02-13 18:47:22.701 I/RILC    (  112): qmi_ril(0/112): [main] qmi_ril_nwr_update_reg_rej_from_sys_info .. rte 4 reje CS cs_reject_cause 0
02-13 18:47:22.701 I/RILC    (  112): qmi_ril(0/112): [main] qmi_ril_nwr_util_log_mccmnc_str .. reje mcc - 
02-13 18:47:22.701 I/RILC    (  112): qmi_ril(0/112): [main] qmi_ril_nwr_util_log_mccmnc_str .. reje mnc - 
02-13 18:47:22.701 I/RILC    (  112): qmi_ril(0/112): [main] qmi_ril_nwr_update_reg_rej_from_sys_info .. ext info is_reject_case 0, is_managed_roaming 0, reject_cause 0
02-13 18:47:22.701 I/RILC    (  112): qmi_ril(0/112): [main] qmi_ril_nwr_update_reg_rej_from_sys_info .. rte 5 reje CS cs_rejected 0
02-13 18:47:22.701 I/RILC    (  112): qmi_ril(0/112): [main] qmi_ril_nwr_update_reg_rej_from_sys_info .. rte 5 reje CS cs_reject_cause 0
02-13 18:47:22.701 I/RILC    (  112): qmi_ril(0/112): [main] qmi_ril_nwr_util_log_mccmnc_str .. reje mcc - 
02-13 18:47:22.701 I/RILC    (  112): qmi_ril(0/112): [main] qmi_ril_nwr_util_log_mccmnc_str .. reje mnc - 
02-13 18:47:22.701 I/RILC    (  112): qmi_ril(0/112): [main] qcril_qmi_nas_util_convert_nas_srv_status_to_ril_reg_status  qcril_qmi_nas_util_convert_nas_srv_status_to_ril_reg_status entered
02-13 18:47:22.701 D/RILC    (  112): qmi_ril(0/112): [main] qcril_qmi_util_retrieve_srv_status qcril_qmi_util_retrieve_srv_status completed with 0
02-13 18:47:22.701 I/RILC    (  112): qmi_ril(0/112): [main] qcril_qmi_nas_util_convert_nas_srv_status_to_ril_reg_status ... nas_srv_status 0, is_data 1, is_3gpp 0, is_hdr 0
02-13 18:47:22.701 I/RILC    (  112): qmi_ril(0/112): [main] qcril_qmi_nas_util_convert_nas_srv_status_to_ril_reg_status ... intermediate res 1 2
02-13 18:47:22.701 I/RILC    (  112): qmi_ril(0/112): [main] qcril_qmi_nas_util_convert_nas_srv_status_to_ril_reg_status ... common_sys_info 0
02-13 18:47:22.701 I/RILC    (  112): qmi_ril(0/112): [main] qcril_qmi_nas_util_convert_nas_srv_status_to_ril_reg_status ... intermediate res 2 2
02-13 18:47:22.701 I/RILC    (  112): qmi_ril(0/112): [main] qcril_qmi_nas_util_convert_nas_srv_status_to_ril_reg_status ... hdr_only_sys_info 0
02-13 18:47:22.701 I/RILC    (  112): qmi_ril(0/112): [main] qcril_qmi_nas_util_convert_nas_srv_status_to_ril_reg_status ... intermediate res 3 2
