02-03 16:56:30.375 I/dvm_gc_info(27507): [7453298398305785687,-8911620250674186072,-3963302876309260243,7882573]
02-03 16:56:30.955 I/dvm_gc_info(27507): [7453298398305781750,-8909086975883786071,-3963021401332549587,7882573]
02-03 16:56:31.456 I/dvm_gc_info(27507): [7453298398306138148,-8883754227979843424,-3965554676122945491,7882573]
02-03 16:56:31.486 I/notification_cancel(26892): [com.google.android.apps.googlevoice,1001,0]
02-03 16:56:31.486 I/notification_enqueue(26892): [com.google.android.apps.googlevoice,1001,Notification(vibrate=default,sound=,defaults=0x2,flags=0x1)]
02-03 16:56:31.616 I/dvm_gc_info(26949): [8320808730291701343,-8951319563873552329,-4001301998165198803,7878472]
02-03 16:56:31.886 I/dvm_gc_info(27507): [7453298398306191251,-8920627449928939363,-3966399101053077459,7882573]
02-03 16:56:32.377 I/dvm_gc_info(27507): [7453298398306113415,-8902894526396168031,-3965273201146234835,7882573]
02-03 16:56:32.757 I/dvm_gc_info(27507): [7453298398306121650,-8910775825744066402,-3965836151099656147,7882573]
02-03 16:56:33.308 I/dvm_gc_info(27507): [7453298398305781793,-8904583376256427875,-3966399101053077459,7882573]
02-03 16:56:33.868 I/dvm_gc_info(27507): [7453298398305781661,-8897265026861954910,-3964991726169524179,7882573]
02-03 16:56:36.661 I/dvm_gc_madvise_info(26949): [413696,126976]
02-03 16:56:38.943 I/dvm_gc_madvise_info(27507): [1253376,126976]
02-03 16:57:02.436 I/dvm_gc_info(27104): [8315180330336143071,-8920355529292736453,-3995672498630985683,8546297]
02-03 16:57:07.491 I/dvm_gc_madvise_info(27104): [1392640,126976]
02-03 16:57:15.749 I/force_gc(27015): bg
02-03 16:57:15.819 I/dvm_gc_info(27015): [7017575181485114516,-9068413566535608265,-4003553797978884051,7739105]
02-03 16:57:20.854 I/dvm_gc_madvise_info(27015): [143360,126976]
02-03 16:57:47.260 I/battery_level(26892): [100,4197,340]
02-03 16:57:47.300 I/binder_sample(26949): [com.android.internal.statusbar.IStatusBarService,4,14,com.android.systemui,2]
02-03 16:58:05.277 I/dvm_gc_info(27104): [8315180330336143054,-8921481429199579077,-3995672498630985683,8546298]
02-03 16:58:10.322 I/dvm_gc_madvise_info(27104): [1392640,126976]
02-03 16:58:52.484 I/am_pause_activity(26892): [1084083056,com.android.settings/.vpn.VpnEditor]
02-03 16:58:52.484 I/am_on_paused_called(27104): com.android.settings.vpn.VpnEditor
02-03 16:58:52.494 I/am_task_to_front(26892): 2
02-03 16:58:52.494 I/am_new_intent(26892): [1083723840,2,com.android.launcher/com.android.launcher2.Launcher,android.intent.action.MAIN,NULL,NULL,274726912]
02-03 16:58:52.504 I/am_resume_activity(26892): [1081107272,2,com.android.launcher/com.android.launcher2.Launcher]
02-03 16:58:52.554 I/am_on_resume_called(26987): com.android.launcher2.Launcher
02-03 16:58:52.714 I/dvm_gc_info(26892): [8320808730291681187,-8903460638217328526,-3975406300307818451,8570917]
02-03 16:58:53.014 I/menu_opened(26987): 0
02-03 16:58:53.224 I/c2dm    (26998): [3,0:1328309932988923%62cfc3ee62cfc3ee,78,-1]
02-03 16:58:53.835 I/dvm_gc_info(27507): [7453298398305781794,-8897265026861954912,-3965273201146234835,7882573]
02-03 16:58:54.265 I/menu_item_selected(26987): [0,Settings]
02-03 16:58:54.265 I/am_pause_activity(26892): [1081107272,com.android.launcher/com.android.launcher2.Launcher]
02-03 16:58:54.275 I/am_task_to_front(26892): 15
02-03 16:58:54.275 I/am_finish_activity(26892): [1082765008,15,com.android.settings/.vpn.VpnSettings,reset]
02-03 16:58:54.275 I/am_destroy_activity(26892): [1082765008,15,com.android.settings/.vpn.VpnSettings]
02-03 16:58:54.275 I/am_finish_activity(26892): [1084083056,15,com.android.settings/.vpn.VpnEditor,reset]
02-03 16:58:54.275 I/am_destroy_activity(26892): [1084083056,15,com.android.settings/.vpn.VpnEditor]
02-03 16:58:54.275 I/am_finish_activity(26892): [1081786936,15,com.android.settings/.WirelessSettings,reset]
02-03 16:58:54.275 I/am_destroy_activity(26892): [1081786936,15,com.android.settings/.WirelessSettings]
02-03 16:58:54.295 I/am_on_paused_called(26987): com.android.launcher2.Launcher
02-03 16:58:54.305 I/am_resume_activity(26892): [1083234616,15,com.android.settings/.Settings]
02-03 16:58:54.365 I/am_on_resume_called(27104): com.android.settings.Settings
02-03 16:58:56.017 I/am_create_activity(26892): [1081689344,15,com.android.settings/.WirelessSettings,android.intent.action.MAIN,NULL,NULL,0]
02-03 16:58:56.027 I/am_pause_activity(26892): [1083234616,com.android.settings/.Settings]
02-03 16:58:56.037 I/am_on_paused_called(27104): com.android.settings.Settings
02-03 16:58:56.077 I/am_restart_activity(26892): [1081689344,15,com.android.settings/.WirelessSettings]
02-03 16:58:56.087 I/binder_sample(27104): [android.app.IActivityManager,19,43,com.android.settings,8]
02-03 16:58:56.107 I/am_on_resume_called(27104): com.android.settings.WirelessSettings
02-03 16:58:56.347 I/activity_launch_time(26892): [1081689344,com.android.settings/.WirelessSettings,305,305]
02-03 16:58:57.388 I/am_finish_activity(26892): [1081689344,15,com.android.settings/.WirelessSettings,app-request]
02-03 16:58:57.388 I/am_pause_activity(26892): [1081689344,com.android.settings/.WirelessSettings]
02-03 16:58:57.408 I/am_on_paused_called(27104): com.android.settings.WirelessSettings
02-03 16:58:57.408 I/am_resume_activity(26892): [1083234616,15,com.android.settings/.Settings]
02-03 16:58:57.418 I/am_on_resume_called(27104): com.android.settings.Settings
02-03 16:58:57.639 I/am_destroy_activity(26892): [1081689344,15,com.android.settings/.WirelessSettings]
02-03 16:58:57.779 I/dvm_gc_madvise_info(26892): [2826240,126976]
02-03 16:58:58.920 I/dvm_gc_madvise_info(27507): [983040,126976]
02-03 16:59:00.051 I/am_create_activity(26892): [1082531392,15,com.android.settings/.DisplaySettings,android.intent.action.MAIN,NULL,NULL,0]
02-03 16:59:00.051 I/am_pause_activity(26892): [1083234616,com.android.settings/.Settings]
02-03 16:59:00.061 I/am_on_paused_called(27104): com.android.settings.Settings
02-03 16:59:00.061 I/am_restart_activity(26892): [1082531392,15,com.android.settings/.DisplaySettings]
02-03 16:59:00.101 I/am_on_resume_called(27104): com.android.settings.DisplaySettings
02-03 16:59:00.181 I/dvm_gc_info(27104): [8315180330336192215,-8920637004269434821,-3995672498630985683,8546287]
02-03 16:59:00.391 I/activity_launch_time(26892): [1082531392,com.android.settings/.DisplaySettings,330,330]
02-03 16:59:05.226 I/dvm_gc_madvise_info(27104): [1327104,126976]
02-03 16:59:05.396 I/force_gc(26987): bg
02-03 16:59:05.466 I/dvm_gc_info(26987): [7809652345805247754,-9058280535976085452,-3992857748863879123,8624174]
02-03 16:59:06.787 I/am_create_activity(26892): [1082692744,15,com.android.settings/.ScalibrationWnd,android.intent.action.MAIN,NULL,NULL,0]
02-03 16:59:06.787 I/am_pause_activity(26892): [1082531392,com.android.settings/.DisplaySettings]
02-03 16:59:06.797 I/binder_sample(27104): [android.app.IActivityManager,3,20,com.android.settings,4]
02-03 16:59:06.807 I/am_on_paused_called(27104): com.android.settings.DisplaySettings
02-03 16:59:06.817 I/am_restart_activity(26892): [1082692744,15,com.android.settings/.ScalibrationWnd]
02-03 16:59:06.868 I/dvm_gc_info(27104): [8315180330336261703,-9003953597375829959,-3995672498630985683,8546276]
02-03 16:59:06.908 I/am_on_resume_called(27104): com.android.settings.ScalibrationWnd
02-03 16:59:07.128 I/activity_launch_time(26892): [1082692744,com.android.settings/.ScalibrationWnd,312,312]
02-03 16:59:10.511 I/dvm_gc_madvise_info(26987): [278528,126976]
02-03 16:59:11.892 I/dvm_gc_madvise_info(27104): [1445888,126976]
02-03 16:59:12.133 I/force_gc(27507): bg
02-03 16:59:12.273 I/dvm_gc_info(27507): [7453298398306309858,-8957500671878035300,-3966680576029788115,7882573]
02-03 16:59:17.138 I/force_gc(27015): bg
02-03 16:59:17.218 I/dvm_gc_info(27015): [7017575181485138823,-9203240080380012489,-4003553797978884051,7739105]
02-03 16:59:17.318 I/dvm_gc_madvise_info(27507): [1650688,126976]
02-03 16:59:22.253 I/dvm_gc_madvise_info(27015): [143360,126976]
02-03 16:59:22.903 I/binder_sample(26963): [com.android.internal.telephony.ITelephonyRegistry,8,21,com.android.phone,4]
02-03 16:59:58.368 I/dvm_gc_info(27104): [8315180330336225004,-8919229629385914311,-3993983648770721747,8579109]
02-03 17:00:00.049 I/binder_sample(26949): [android.app.IActivityManager,16,17,com.android.systemui,3]
02-03 17:00:03.423 I/dvm_gc_madvise_info(27104): [1437696,126976]
02-03 17:00:46.164 I/am_pause_activity(26892): [1082692744,com.android.settings/.ScalibrationWnd]
02-03 17:00:46.164 I/am_on_paused_called(27104): com.android.settings.ScalibrationWnd
02-03 17:00:46.164 I/am_task_to_front(26892): 2
02-03 17:00:46.164 I/am_new_intent(26892): [1082909656,2,com.android.launcher/com.android.launcher2.Launcher,android.intent.action.MAIN,NULL,NULL,274726912]
02-03 17:00:46.174 I/am_resume_activity(26892): [1081107272,2,com.android.launcher/com.android.launcher2.Launcher]
02-03 17:00:46.194 I/am_on_resume_called(26987): com.android.launcher2.Launcher
02-03 17:00:47.366 I/menu_opened(26987): 0
02-03 17:00:48.036 I/menu_item_selected(26987): [0,Settings]
02-03 17:00:48.036 I/am_pause_activity(26892): [1081107272,com.android.launcher/com.android.launcher2.Launcher]
02-03 17:00:48.036 I/am_task_to_front(26892): 15
02-03 17:00:48.036 I/am_finish_activity(26892): [1082692744,15,com.android.settings/.ScalibrationWnd,reset]
02-03 17:00:48.036 I/am_destroy_activity(26892): [1082692744,15,com.android.settings/.ScalibrationWnd]
02-03 17:00:48.036 I/am_finish_activity(26892): [1082531392,15,com.android.settings/.DisplaySettings,reset]
02-03 17:00:48.036 I/am_destroy_activity(26892): [1082531392,15,com.android.settings/.DisplaySettings]
02-03 17:00:48.046 I/am_on_paused_called(26987): com.android.launcher2.Launcher
02-03 17:00:48.066 I/am_resume_activity(26892): [1083234616,15,com.android.settings/.Settings]
02-03 17:00:48.096 I/am_on_resume_called(27104): com.android.settings.Settings
02-03 17:00:49.548 I/am_create_activity(26892): [1083845952,15,com.android.settings/.DisplaySettings,android.intent.action.MAIN,NULL,NULL,0]
02-03 17:00:49.548 I/am_pause_activity(26892): [1083234616,com.android.settings/.Settings]
02-03 17:00:49.578 I/am_on_paused_called(27104): com.android.settings.Settings
02-03 17:00:49.588 I/am_restart_activity(26892): [1083845952,15,com.android.settings/.DisplaySettings]
02-03 17:00:49.628 I/am_on_resume_called(27104): com.android.settings.DisplaySettings
02-03 17:00:49.918 I/activity_launch_time(26892): [1083845952,com.android.settings/.DisplaySettings,335,335]
02-03 17:00:50.769 I/am_create_activity(26892): [1084237040,15,com.android.settings/.ScalibrationWnd,android.intent.action.MAIN,NULL,NULL,0]
02-03 17:00:50.779 I/am_pause_activity(26892): [1083845952,com.android.settings/.DisplaySettings]
02-03 17:00:50.779 I/am_on_paused_called(27104): com.android.settings.DisplaySettings
02-03 17:00:50.799 I/am_restart_activity(26892): [1084237040,15,com.android.settings/.ScalibrationWnd]
02-03 17:00:50.869 I/dvm_gc_info(27104): [8315180330336270024,-8921199954222868421,-3993983648770721747,8579113]
02-03 17:00:50.919 I/am_on_resume_called(27104): com.android.settings.ScalibrationWnd
02-03 17:00:51.129 I/activity_launch_time(26892): [1084237040,com.android.settings/.ScalibrationWnd,341,341]
02-03 17:00:55.914 I/dvm_gc_madvise_info(27104): [1368064,126976]
02-03 17:00:59.247 I/binder_sample(26963): [com.android.internal.telephony.ITelephonyRegistry,8,37,com.android.phone,7]
02-03 17:01:21.879 I/dvm_gc_info(27104): [8315180330336192221,-8920355529292744646,-3990887424026904531,8620077]
02-03 17:01:22.850 I/free_storage_changed(26892): 2612879360
02-03 17:01:26.934 I/dvm_gc_madvise_info(27104): [1396736,126976]
02-03 17:01:40.097 I/force_gc(26987): bg
02-03 17:01:40.197 I/dvm_gc_info(26987): [7809652345805329569,-9067006260254115788,-3992857748863879123,8624174]
02-03 17:01:45.252 I/dvm_gc_madvise_info(26987): [278528,126976]
02-03 17:01:47.254 I/battery_level(26892): [100,4200,330]
02-03 17:02:08.685 I/binder_sample(26963): [com.android.internal.telephony.ITelephonyRegistry,8,36,com.android.phone,7]
02-03 17:02:19.826 I/dvm_gc_info(27104): [8315180330336225056,-8916133404642092998,-3990887424026904531,8620077]
02-03 17:02:24.881 I/dvm_gc_madvise_info(27104): [1343488,126976]
02-03 17:03:18.283 I/dvm_gc_info(27104): [8315180330336225043,-8916977829572224966,-3990887424026904531,8620077]
02-03 17:03:23.348 I/dvm_gc_madvise_info(27104): [1372160,126976]
02-03 17:03:47.251 I/battery_level(26892): [100,4199,320]
02-03 17:04:18.462 I/dvm_gc_info(27104): [8315180330336225043,-8916977829572224966,-3990887424026904531,8620077]
02-03 17:04:23.526 I/dvm_gc_madvise_info(27104): [1359872,126976]
02-03 17:04:47.260 I/battery_level(26892): [100,4198,310]
02-03 17:05:21.623 I/dvm_gc_info(27104): [8315180330336225042,-8916977829572224966,-3990887424026904531,8620077]
02-03 17:05:26.688 I/dvm_gc_madvise_info(27104): [1359872,126976]
02-03 17:05:47.258 I/battery_level(26892): [100,4196,320]
02-03 17:06:24.665 I/dvm_gc_info(27104): [8315180330336225043,-8916977829572224966,-3990887424026904531,8620077]
02-03 17:06:29.730 I/dvm_gc_madvise_info(27104): [1323008,126976]
02-03 17:06:36.246 I/binder_sample(26963): [android.os.INetStatService,2,5,com.android.phone,1]
02-03 17:07:12.702 I/binder_sample(26963): [android.os.INetStatService,2,5,com.android.phone,1]
02-03 17:07:21.840 I/binder_sample(26963): [com.android.internal.telephony.ITelephonyRegistry,13,8,com.android.phone,1]
02-03 17:07:27.826 I/dvm_gc_info(27104): [8315180330336200466,-8916977829572224966,-3990887424026904531,8620077]
02-03 17:07:32.891 I/dvm_gc_madvise_info(27104): [1368064,126976]
02-03 17:08:30.117 I/dvm_gc_info(27104): [8315180330336225043,-8916977829572224966,-3990887424026904531,8620077]
02-03 17:08:34.762 I/binder_sample(26949): [com.android.internal.statusbar.IStatusBarService,4,5,com.android.systemui,1]
02-03 17:08:35.172 I/dvm_gc_madvise_info(27104): [1331200,126976]
02-03 17:09:33.809 I/dvm_gc_info(27104): [8315180330336229139,-8916977829572224966,-3990887424026904531,8620077]
02-03 17:09:38.864 I/dvm_gc_madvise_info(27104): [1351680,126976]
02-03 17:10:00.085 I/dvm_gc_info(26949): [8320808730291619483,-8921764691318970315,-4002709373048752083,7878445]
02-03 17:10:05.110 I/dvm_gc_madvise_info(26949): [385024,126976]
02-03 17:10:08.083 I/binder_sample(26963): [com.android.internal.telephony.ITelephonyRegistry,8,20,com.android.phone,4]
02-03 17:10:36.440 I/dvm_gc_info(27104): [8315180330336225043,-8916977829572224966,-3990887424026904531,8620077]
02-03 17:10:41.495 I/dvm_gc_madvise_info(27104): [1339392,126976]
02-03 17:11:22.035 I/binder_sample(26949): [com.android.internal.statusbar.IStatusBarService,5,27,com.android.systemui,5]
02-03 17:11:30.994 I/binder_sample(26949): [com.android.internal.telephony.ITelephony,70,10,com.android.systemui,2]
02-03 17:11:39.612 I/dvm_gc_info(27104): [8315180330336225043,-8916977829572224966,-3990887424026904531,8620077]
02-03 17:11:44.677 I/dvm_gc_madvise_info(27104): [1372160,126976]
02-03 17:12:43.254 I/dvm_gc_info(27104): [8315180330336225043,-8916977829572224966,-3990887424026904531,8620077]
02-03 17:12:47.258 I/battery_level(26892): [100,4201,330]
02-03 17:12:47.939 I/binder_sample(26963): [android.os.INetStatService,2,5,com.android.phone,1]
02-03 17:12:48.309 I/dvm_gc_madvise_info(27104): [1351680,126976]
02-03 17:13:25.796 I/am_create_service(26892): [1082871664,com.google.android.gsf/.checkin.EventLogService,,26998]
02-03 17:13:25.806 I/aggregation(26998): 1328310805820
02-03 17:13:25.846 I/am_destroy_service(26892): [1082871664,com.google.android.gsf/.checkin.EventLogService,26998]
02-03 17:13:45.455 I/c2dm    (26998): [3,0:1328310824908086%62cfc3ee62cfc3ee,79,-1]
02-03 17:13:46.065 I/dvm_gc_info(27507): [7453298398305777541,-8898672401745504092,-3964428776216102867,7882573]
02-03 17:13:46.506 I/dvm_gc_info(27104): [8315180330336163603,-8916977829572224966,-3990887424026904531,8620077]
02-03 17:13:46.506 I/dvm_gc_info(27507): [7453298398306265056,-8908524025930377059,-3966117626076366803,7882573]
02-03 17:13:46.956 I/dvm_gc_info(27507): [7453298398305789986,-8901768626489325413,-3966680576029788115,7882573]
02-03 17:13:47.527 I/dvm_gc_info(27507): [7453298398305781642,-8898953876722218846,-3964710251192813523,7882573]
02-03 17:13:48.207 I/dvm_gc_info(27507): [7453298398305785703,-8908805500907075412,-3961895501425706963,7882573]
02-03 17:13:48.678 I/dvm_gc_info(27507): [7453298398306121680,-8907398126023522134,-3962739926355838931,7882573]
02-03 17:13:49.048 I/dvm_gc_info(27507): [7453298398306105158,-8910212875790628690,-3961614026448996307,7882573]
02-03 17:13:49.058 I/notification_cancel(26892): [com.google.android.apps.googlevoice,1001,0]
02-03 17:13:49.078 I/notification_enqueue(26892): [com.google.android.apps.googlevoice,1001,Notification(vibrate=default,sound=,defaults=0x2,flags=0x1)]
02-03 17:13:49.328 I/db_sample(27507): [/data/data/com.google.android.apps.googlevoice/databases/model.db,COMMIT;INSERT INTO labels(data, label) VALUES(?, ?);,977,,100]
02-03 17:13:49.389 I/db_sample(27507): [/data/data/com.google.android.apps.googlevoice/databases/model.actions.db,COMMIT;DELETE FROM actions,28,,6]
02-03 17:13:49.709 I/dvm_gc_info(27507): [7453298398306170923,-8891072577374316385,-3965836151099656147,7882573]
02-03 17:13:50.169 I/dvm_gc_info(27507): [7453298398305785889,-8907116651046823779,-3966117626076366803,7882573]
02-03 17:13:50.670 I/dvm_gc_info(27507): [7453298398306125690,-8901205676535900000,-3965273201146234835,7882573]
02-03 17:13:50.930 I/dvm_gc_info(27507): [7453298398306072470,-8920908924905645923,-3966117626076366803,7882573]
02-03 17:13:51.380 I/dvm_gc_info(27507): [7453298398306097034,-8903738951326295902,-3964991726169524179,7882573]
02-03 17:13:51.521 I/dvm_gc_madvise_info(27104): [1392640,126976]
02-03 17:13:56.465 I/dvm_gc_madvise_info(27507): [901120,126976]
02-03 17:13:59.388 I/force_gc(27507): bg
02-03 17:13:59.548 I/dvm_gc_info(27507): [7453298398306281170,-9041661689914517348,-3966399101053077459,7882573]
02-03 17:14:04.613 I/dvm_gc_madvise_info(27507): [1650688,126976]
02-03 17:14:05.064 I/force_gc(27015): bg
02-03 17:14:05.094 I/dvm_gc_info(27015): [7017575181484938388,-9068413566535608265,-4003553797978884051,7739105]
02-03 17:14:10.249 I/dvm_gc_madvise_info(27015): [143360,126976]
02-03 17:14:29.157 I/binder_sample(26963): [com.android.internal.telephony.ITelephonyRegistry,13,10,com.android.phone,2]
02-03 17:14:39.537 I/dvm_gc_info(27104): [8315180330336225042,-8916977829572224966,-3990887424026904531,8620077]
02-03 17:14:44.582 I/dvm_gc_madvise_info(27104): [1335296,126976]
02-03 17:15:11.098 I/db_sample(26998): [/data/data/com.google.android.gsf/databases/talk.db,COMMIT;INSERT INTO s2dRmqIds(rmq_id) VALUES(?);,57,,12]
02-03 17:15:11.098 I/c2dm    (26998): [3,0:1328310910589685%62cfc3ee62cfc3ee,80,-1]
02-03 17:15:11.709 I/dvm_gc_info(27507): [7453298398306170781,-8896702076908529504,-3965554676122945491,7882573]
02-03 17:15:11.979 I/dvm_gc_info(26892): [8320808730291689344,-8897549663706404749,-3975124825331107795,8570917]
02-03 17:15:12.199 I/dvm_gc_info(27507): [7453298398306097115,-8910775825744062306,-3966117626076366803,7882573]
02-03 17:15:12.640 I/dvm_gc_info(27507): [7453298398305781657,-8907116651046823774,-3964710251192813523,7882573]
02-03 17:15:17.044 I/dvm_gc_madvise_info(26892): [2846720,126976]
02-03 17:15:17.705 I/dvm_gc_madvise_info(27507): [1253376,126976]
02-03 17:15:22.279 I/force_gc(27507): bg
02-03 17:15:22.419 I/dvm_gc_info(27507): [7453298398306289248,-9215050275568281444,-3966399101053077459,7882573]
02-03 17:15:27.484 I/dvm_gc_madvise_info(27507): [1650688,126976]
02-03 17:15:37.434 I/binder_sample(26963): [com.android.internal.telephony.ITelephonyRegistry,8,41,com.android.phone,8]
02-03 17:15:39.126 I/dvm_gc_info(27104): [8315180330336225043,-8916977829572224966,-3990887424026904531,8620077]
02-03 17:15:44.171 I/dvm_gc_madvise_info(27104): [1388544,126976]
02-03 17:15:56.222 I/binder_sample(26963): [android.os.INetStatService,2,5,com.android.phone,1]
02-03 17:16:00.276 I/binder_sample(26963): [com.android.internal.telephony.ITelephonyRegistry,13,7,com.android.phone,1]
02-03 17:16:05.091 I/force_gc(27015): bg
02-03 17:16:05.121 I/dvm_gc_info(27015): [7017575181484938116,-9203240080380012489,-4003553797978884051,7739105]
02-03 17:16:06.542 I/binder_sample(26963): [com.android.internal.telephony.ITelephonyRegistry,8,20,com.android.phone,4]
02-03 17:16:10.156 I/dvm_gc_madvise_info(27015): [143360,126976]
02-03 17:16:11.417 I/binder_sample(26963): [android.os.INetStatService,1,14,com.android.phone,2]
02-03 17:16:32.778 I/dvm_gc_info(26949): [8320808730291680857,-8969896912336463818,-4002146423095330771,7878446]
02-03 17:16:37.813 I/dvm_gc_madvise_info(26949): [409600,126976]
02-03 17:16:38.383 I/dvm_gc_info(27104): [8315180330336225052,-8916414879618807751,-3993983648770721747,8583206]
02-03 17:16:40.826 I/binder_sample(26949): [com.android.internal.statusbar.IStatusBarService,4,5,com.android.systemui,1]
02-03 17:16:43.448 I/dvm_gc_madvise_info(27104): [1376256,126976]
02-03 17:16:44.880 I/binder_sample(26963): [android.os.INetStatService,1,5,com.android.phone,1]
02-03 17:16:46.882 I/c2dm    (26998): [3,0:1328311006793652%62cfc3ee62cfc3ee,81,-1]
02-03 17:16:47.532 I/dvm_gc_info(27507): [7453298398305781690,-8897827976815372127,-3965273201146234835,7882573]
02-03 17:16:47.733 I/db_sample(27507): [/data/data/com.google.android.apps.googlevoice/databases/model.db,INSERT INTO conversations(data, conversation_id) VALUES(?, ?);,0,,1]
02-03 17:16:48.073 I/dvm_gc_info(27507): [7453298398305781793,-8896139126955112288,-3965554676122945491,7882573]
02-03 17:16:48.683 I/dvm_gc_info(27507): [7453298398306187076,-8911338775697475415,-3962739926355838931,7882573]
02-03 17:16:48.994 I/db_sample(27507): [/data/data/com.google.android.apps.googlevoice/databases/model.db,INSERT INTO conversation_labels(label, conversation_id) VALUES(?,0,,1]
02-03 17:16:49.154 I/dvm_gc_info(27507): [7453298398306264964,-8917249750208390994,-3961332551472285651,7882573]
02-03 17:16:49.744 I/dvm_gc_info(27507): [7453298398305781795,-8892761427234568020,-3962176976402417619,7882573]
02-03 17:16:49.825 I/notification_cancel(26892): [com.google.android.apps.googlevoice,1001,0]
02-03 17:16:49.845 I/notification_enqueue(26892): [com.google.android.apps.googlevoice,1001,Notification(vibrate=default,sound=,defaults=0x2,flags=0x1)]
02-03 17:16:50.265 I/dvm_gc_info(27507): [7453298398306236367,-8911901725650892630,-3962739926355838931,7882573]
02-03 17:16:50.765 I/dvm_gc_info(27507): [7453298398305781682,-8904301901279704914,-3961332551472285651,7882573]
02-03 17:16:51.206 I/dvm_gc_info(27507): [7453298398306178980,-8904864851233126229,-3962176976402417619,7882573]
02-03 17:16:51.416 I/db_sample(27507): [/data/data/com.google.android.apps.googlevoice/databases/model.db,COMMIT;INSERT INTO labels(data, label) VALUES(?, ?);,2420,,100]
02-03 17:16:51.736 I/dvm_gc_info(27507): [7453298398305777708,-8889102252537341794,-3966117626076366803,7882573]
02-03 17:16:52.267 I/dvm_gc_info(27507): [7453298398305740726,-8905146326209849181,-3964710251192813523,7882573]
02-03 17:16:52.757 I/dvm_gc_info(27507): [7453298398306138047,-8902613051419453281,-3965554676122945491,7882573]
02-03 17:16:57.822 I/dvm_gc_madvise_info(27507): [782336,126976]
02-03 17:16:58.613 I/force_gc(27507): bg
02-03 17:16:58.773 I/dvm_gc_info(27507): [7453298398306391871,-8922597774765909860,-3966399101053077459,7882573]
02-03 17:17:03.868 I/dvm_gc_madvise_info(27507): [1650688,126976]
02-03 17:17:04.109 I/binder_sample(26963): [android.os.INetStatService,1,5,com.android.phone,1]
02-03 17:17:08.973 I/c2dm    (26998): [3,0:1328311028860621%62cfc3ee62cfc3ee,82,-1]
02-03 17:17:09.664 I/dvm_gc_info(27507): [7453298398305781701,-8893887327141422944,-3965554676122945491,7882573]
02-03 17:17:14.759 I/dvm_gc_madvise_info(27507): [663552,126976]
02-03 17:17:15.219 I/c2dm    (26998): [3,0:1328311035010900%62cfc3ee62cfc3ee,83,-1]
02-03 17:17:15.550 I/dvm_gc_info(27507): [7453298398306092977,-8916686800254986082,-3966117626076366803,7882573]
02-03 17:17:15.990 I/dvm_gc_info(27507): [7453298398306101138,-8904301901279717214,-3964710251192813523,7882573]
02-03 17:17:17.411 I/dvm_gc_info(27104): [8315180330336184041,-8919792579339335623,-3993983648770721747,8583206]
02-03 17:17:21.065 I/dvm_gc_madvise_info(27507): [864256,126976]
02-03 17:17:22.446 I/dvm_gc_madvise_info(27104): [1437696,126976]
02-03 17:17:47.261 I/battery_level(26892): [100,4200,340]
02-03 17:17:54.117 I/binder_sample(26963): [com.android.internal.telephony.ITelephonyRegistry,8,48,com.android.phone,9]
02-03 17:18:09.072 I/dvm_gc_info(27104): [8315180330336225003,-8919511104362624967,-3993983648770721747,8583206]
02-03 17:18:10.323 I/force_gc(27015): bg
02-03 17:18:10.393 I/dvm_gc_info(27015): [7017575181485134996,-9068413566535608265,-4003553797978884051,7739105]
02-03 17:18:14.097 I/dvm_gc_madvise_info(27104): [1429504,126976]
02-03 17:18:15.438 I/dvm_gc_madvise_info(27015): [143360,126976]
02-03 17:19:01.493 I/dvm_gc_info(27104): [8315180330336175849,-8919792579339335623,-3993983648770721747,8583206]
02-03 17:19:06.558 I/dvm_gc_madvise_info(27104): [1429504,126976]
02-03 17:19:10.372 I/db_sample(26998): [/data/data/com.google.android.gsf/databases/talk.db,COMMIT;INSERT INTO s2dRmqIds(rmq_id) VALUES(?);,99,,20]
02-03 17:19:10.372 I/c2dm    (26998): [3,0:1328311149480443%62cfc3ee62cfc3ee,84,-1]
02-03 17:19:10.822 I/dvm_gc_info(27507): [7453298398306178983,-8913309100534458210,-3965836151099656147,7882573]
02-03 17:19:11.333 I/dvm_gc_info(27507): [7453298398305781792,-8902331576442742626,-3966117626076366803,7882573]
02-03 17:19:11.873 I/dvm_gc_info(27507): [7453298398305785787,-8899235351698925406,-3964991726169524179,7882573]
02-03 17:19:12.344 I/dvm_gc_info(27507): [7453298398305781754,-8900924201559193438,-3964710251192813523,7882573]
02-03 17:19:12.984 I/dvm_gc_info(27507): [7453298398306219845,-8911620250674186070,-3962458451379128275,7882573]
02-03 17:19:13.555 I/dvm_gc_info(27507): [7453298398305777696,-8907398126023522134,-3962458451379128275,7882573]
02-03 17:19:13.555 I/db_sample(27507): [/data/data/com.google.android.apps.googlevoice/databases/model.db,COMMIT;INSERT INTO labels(data, label) VALUES(?, ?);,215,,44]
02-03 17:19:14.115 I/dvm_gc_info(27507): [7453298398305785895,-8884035702956549982,-3964710251192813523,7882573]
02-03 17:19:14.125 I/notification_cancel(26892): [com.google.android.apps.googlevoice,1001,0]
02-03 17:19:14.145 I/notification_enqueue(26892): [com.google.android.apps.googlevoice,1001,Notification(vibrate=default,sound=,defaults=0x2,flags=0x1)]
02-03 17:19:14.706 I/dvm_gc_info(27507): [7453298398306191345,-8906835176070113121,-3965554676122945491,7882573]
02-03 17:19:15.146 I/dvm_gc_info(27507): [7453298398306154488,-8909649925837219683,-3966117626076366803,7882573]
02-03 17:19:15.687 I/dvm_gc_info(27507): [7453298398305781679,-8898390926768793439,-3964991726169524179,7882573]
02-03 17:19:16.187 I/dvm_gc_info(27507): [7453298398305781794,-8901487151512610656,-3965554676122945491,7882573]
02-03 17:19:16.388 I/binder_sample(27507): [android.net.IConnectivityManager,12,19,com.google.android.apps.googlevoice,3]
02-03 17:19:16.738 I/dvm_gc_info(27507): [7453298398305781758,-8904301901279717216,-3965554676122945491,7882573]
02-03 17:19:21.803 I/dvm_gc_madvise_info(27507): [614400,126976]
02-03 17:19:24.836 I/binder_sample(26963): [com.android.internal.telephony.ITelephonyRegistry,13,11,com.android.phone,2]
02-03 17:19:26.437 I/force_gc(27507): bg
02-03 17:19:26.608 I/dvm_gc_info(27507): [7453298398306412521,-8906553701093402467,-3966399101053077459,7882573]
02-03 17:19:31.682 I/dvm_gc_madvise_info(27507): [1654784,126976]
02-03 17:19:38.079 I/dvm_gc_info(27104): [8315180330336225001,-8919792579339335623,-3993983648770721747,8583206]
02-03 17:19:43.124 I/dvm_gc_madvise_info(27104): [1425408,126976]
02-03 17:19:47.118 I/binder_sample(26892): [com.android.internal.telephony.IPhoneStateListener,8,6,system_server,1]
02-03 17:20:05.075 I/force_gc(27015): bg
02-03 17:20:05.105 I/dvm_gc_info(27015): [7017575181484942507,-9067287666628765641,-4003553797978884051,7739105]
02-03 17:20:10.150 I/dvm_gc_madvise_info(27015): [143360,126976]
02-03 17:20:30.980 I/dvm_gc_info(27104): [8315180330336225004,-8919511104362624967,-3993983648770721747,8583206]
02-03 17:20:36.025 I/dvm_gc_madvise_info(27104): [1421312,126976]
02-03 17:21:00.039 I/binder_sample(26963): [com.android.internal.telephony.ITelephonyRegistry,13,12,com.android.phone,2]
02-03 17:21:23.702 I/dvm_gc_info(27104): [8315180330336188137,-8919792579339335623,-3993983648770721747,8583206]
02-03 17:21:28.757 I/dvm_gc_madvise_info(27104): [1425408,126976]
02-03 17:21:35.143 I/am_create_service(26892): [1086488304,com.google.android.apps.maps/com.google.googlenav.prefetch.android.PrefetcherService,,28405]
02-03 17:21:40.258 I/force_gc(28405): bg
02-03 17:21:40.288 I/dvm_gc_info(28405): [3345437233799910492,-9098249432929888196,-4002990848025462739,7358131]
02-03 17:21:45.203 I/am_destroy_service(26892): [1086488304,com.google.android.apps.maps/com.google.googlenav.prefetch.android.PrefetcherService,28405]
02-03 17:21:45.323 I/dvm_gc_madvise_info(28405): [245760,126976]
02-03 17:21:51.689 I/binder_sample(26963): [com.android.internal.telephony.ITelephonyRegistry,13,14,com.android.phone,2]
02-03 17:22:17.064 I/dvm_gc_info(27104): [8315180330336229096,-8919792579339335623,-3993983648770721747,8583206]
02-03 17:22:21.058 I/binder_sample(26949): [com.android.internal.statusbar.IStatusBarService,4,5,com.android.systemui,1]
02-03 17:22:22.129 I/dvm_gc_madvise_info(27104): [1421312,126976]
02-03 17:22:47.263 I/battery_level(26892): [100,4201,350]
02-03 17:23:09.435 I/dvm_gc_info(27104): [8315180330336220905,-8919792579339335623,-3993983648770721747,8583206]
02-03 17:23:14.500 I/dvm_gc_madvise_info(27104): [1437696,126976]
02-03 17:23:45.210 I/binder_sample(26963): [com.android.internal.telephony.ITelephonyRegistry,13,7,com.android.phone,1]
02-03 17:24:00.044 I/binder_sample(26949): [android.app.IActivityManager,16,5,com.android.systemui,1]
02-03 17:24:03.768 I/dvm_gc_info(27104): [8315180330336225001,-8919792579339335623,-3993983648770721747,8583206]
02-03 17:24:04.449 I/binder_sample(26963): [android.os.INetStatService,2,5,com.android.phone,1]
02-03 17:24:08.823 I/dvm_gc_madvise_info(27104): [1425408,126976]
02-03 17:24:09.463 I/c2dm    (26998): [3,0:1328311448970695%62cfc3ee62cfc3ee,85,-1]
02-03 17:24:10.134 I/dvm_gc_info(27507): [7453298398305789882,-8894731752071554912,-3965273201146234835,7882573]
02-03 17:24:15.209 I/dvm_gc_madvise_info(27507): [667648,126976]
02-03 17:24:15.219 I/force_gc(27507): bg
02-03 17:24:15.319 I/dvm_gc_info(27507): [7453298398306125594,-8997188643594233699,-3966399101053077459,7882573]
02-03 17:24:20.384 I/dvm_gc_madvise_info(27507): [1654784,126976]
02-03 17:24:27.741 I/binder_sample(26963): [com.android.internal.telephony.ITelephonyRegistry,13,8,com.android.phone,1]
02-03 17:24:44.948 I/binder_sample(26963): [android.os.INetStatService,1,5,com.android.phone,1]
02-03 17:24:53.506 I/dvm_gc_info(27104): [8315180330336225003,-8919511104362624967,-3993983648770721747,8583206]
02-03 17:24:58.561 I/dvm_gc_madvise_info(27104): [1417216,126976]
02-03 17:25:05.068 I/force_gc(27015): bg
02-03 17:25:05.098 I/dvm_gc_info(27015): [7017575181484934021,-9203240080380012489,-4003553797978884051,7739105]
02-03 17:25:10.153 I/dvm_gc_madvise_info(27015): [143360,126976]
02-03 17:25:40.662 I/binder_sample(26963): [com.android.internal.telephony.ITelephonyRegistry,13,22,com.android.phone,4]
02-03 17:25:43.465 I/dvm_gc_info(27104): [8315180330336225001,-8919792579339335623,-3993983648770721747,8583206]
02-03 17:25:44.646 I/c2dm    (26998): [3,0:1328311543722743%62cfc3ee62cfc3ee,86,-1]
02-03 17:25:44.666 I/c2dm    (26998): [-4,NULL,16,86]
02-03 17:25:45.247 I/dvm_gc_info(27507): [7453298398306133901,-8898390926768793440,-3965273201146234835,7882573]
02-03 17:25:45.627 I/dvm_gc_info(27507): [7453298398306097107,-8911057300720772962,-3965836151099656147,7882573]
02-03 17:25:46.118 I/dvm_gc_info(27507): [7453298398305785796,-8900079776629061470,-3964991726169524179,7882573]
02-03 17:25:46.688 I/dvm_gc_info(27507): [7453298398305785888,-8898390926768797534,-3964991726169524179,7882573]
02-03 17:25:46.889 I/db_sample(27507): [/data/data/com.google.android.apps.googlevoice/databases/model.db,INSERT INTO conversations(data, conversation_id) VALUES(?, ?);,0,,1]
02-03 17:25:47.399 I/dvm_gc_info(27507): [7453298398305785685,-8908524025930364755,-3961895501425706963,7882573]
02-03 17:25:47.479 I/db_sample(27507): [/data/data/com.google.android.apps.googlevoice/databases/model.db,INSERT INTO conversation_labels(label, conversation_id) VALUES(?,0,,1]
02-03 17:25:47.769 I/dvm_gc_info(27507): [7453298398306187190,-8918657125091948374,-3962739926355838931,7882573]
02-03 17:25:47.769 I/db_sample(27507): [/data/data/com.google.android.apps.googlevoice/databases/model.db,COMMIT;INSERT INTO labels(data, label) VALUES(?, ?);,237,,48]
02-03 17:25:48.290 I/dvm_gc_info(27507): [7453298398305781795,-8884880127886681946,-3963584351285970899,7882573]
02-03 17:25:48.310 I/notification_cancel(26892): [com.google.android.apps.googlevoice,1001,0]
02-03 17:25:48.330 I/notification_enqueue(26892): [com.google.android.apps.googlevoice,1001,Notification(vibrate=default,sound=,defaults=0x2,flags=0x1)]
02-03 17:25:48.500 I/dvm_gc_madvise_info(27104): [1433600,126976]
02-03 17:25:48.760 I/dvm_gc_info(27507): [7453298398306211770,-8917249750208407394,-3965836151099656147,7882573]
02-03 17:25:49.271 I/dvm_gc_info(27507): [7453298398305781683,-8904020426303006557,-3964428776216102867,7882573]
02-03 17:25:49.681 I/dvm_gc_info(27507): [7453298398306150271,-8908524025930377057,-3965554676122945491,7882573]
02-03 17:25:50.042 I/dvm_gc_info(27507): [7453298398306097142,-8911620250674194275,-3966117626076366803,7882573]
02-03 17:25:50.562 I/dvm_gc_info(27507): [7453298398306125734,-8896983551885240159,-3965273201146234835,7882573]
02-03 17:25:51.523 I/dvm_gc_info(26949): [8320808730291705459,-8924860916062754762,-4001864948118620115,7878454]
02-03 17:25:55.657 I/dvm_gc_madvise_info(27507): [983040,126976]
02-03 17:25:56.568 I/dvm_gc_madvise_info(26949): [376832,126976]
02-03 17:26:05.196 I/force_gc(31276): bg
02-03 17:26:05.266 I/dvm_gc_info(31276): [8534442491167134286,-9213936679401973714,-4006931497699411923,7358131]
02-03 17:26:10.201 I/force_gc(27507): bg
02-03 17:26:10.281 I/dvm_gc_madvise_info(31276): [438272,126976]
02-03 17:26:10.361 I/dvm_gc_info(27507): [7453298398306395839,-9041661689914517347,-3966399101053077459,7882573]
02-03 17:26:15.446 I/dvm_gc_madvise_info(27507): [1654784,126976]
02-03 17:26:23.434 I/dvm_gc_info(27104): [8315180330336225003,-8919511104362624967,-3993983648770721747,8583206]
02-03 17:26:28.489 I/dvm_gc_madvise_info(27104): [1413120,126976]
02-03 17:27:16.166 I/dvm_gc_info(27104): [8315180330336225004,-8919511104362624967,-3993983648770721747,8583206]
02-03 17:27:21.231 I/dvm_gc_madvise_info(27104): [1437696,126976]
02-03 17:27:47.266 I/battery_level(26892): [100,4203,360]
02-03 17:28:08.146 I/dvm_gc_info(27104): [8315180330336229097,-8919792579339335623,-3993983648770721747,8583206]
02-03 17:28:13.201 I/dvm_gc_madvise_info(27104): [1433600,126976]
02-03 17:29:00.608 I/dvm_gc_info(27104): [8315180330336225003,-8919511104362624967,-3993983648770721747,8583206]
02-03 17:29:05.652 I/dvm_gc_madvise_info(27104): [1417216,126976]
02-03 17:29:15.322 I/binder_sample(26963): [android.os.INetStatService,1,5,com.android.phone,1]
02-03 17:29:52.408 I/dvm_gc_info(27104): [8315180330336229097,-8919792579339335623,-3993983648770721747,8583206]
02-03 17:29:57.463 I/dvm_gc_madvise_info(27104): [1429504,126976]
02-03 17:30:44.269 I/dvm_gc_info(27104): [8315180330336184044,-8919511104362624967,-3993983648770721747,8583206]
02-03 17:30:49.324 I/dvm_gc_madvise_info(27104): [1413120,126976]
02-03 17:31:12.847 I/binder_sample(26963): [android.os.INetStatService,1,5,com.android.phone,1]
02-03 17:31:31.765 I/binder_sample(26963): [com.android.internal.telephony.ITelephonyRegistry,8,38,com.android.phone,7]
02-03 17:31:37.090 I/dvm_gc_info(27104): [8315180330336225001,-8919792579339335623,-3993983648770721747,8583206]
02-03 17:31:40.183 I/binder_sample(26963): [com.android.internal.telephony.ITelephonyRegistry,13,7,com.android.phone,1]
02-03 17:31:42.135 I/dvm_gc_madvise_info(27104): [1445888,126976]
02-03 17:32:15.688 I/binder_sample(26963): [android.os.INetStatService,1,15,com.android.phone,3]
02-03 17:32:27.780 I/dvm_gc_info(27104): [8315180330336233193,-8919792579339335623,-3993983648770721747,8583206]
02-03 17:32:32.825 I/dvm_gc_madvise_info(27104): [1400832,126976]
02-03 17:32:54.458 I/binder_sample(26963): [com.android.internal.telephony.ITelephonyRegistry,8,39,com.android.phone,7]
02-03 17:33:18.322 I/dvm_gc_info(27104): [8315180330336265964,-8919511104362624967,-3993983648770721747,8583206]
02-03 17:33:21.355 I/binder_sample(26963): [com.android.internal.telephony.ITelephonyRegistry,8,44,com.android.phone,8]
02-03 17:33:23.367 I/dvm_gc_madvise_info(27104): [1441792,126976]
02-03 17:34:09.612 I/dvm_gc_info(27104): [8315180330336286441,-8919792579339335623,-3993983648770721747,8583206]
02-03 17:34:14.677 I/dvm_gc_madvise_info(27104): [1417216,126976]
02-03 17:34:46.478 I/binder_sample(26963): [com.android.internal.telephony.ITelephonyRegistry,8,45,com.android.phone,9]
02-03 17:35:03.334 I/dvm_gc_info(27104): [8315180330336225004,-8919511104362624967,-3993983648770721747,8583206]
02-03 17:35:08.379 I/dvm_gc_madvise_info(27104): [1409024,126976]
02-03 17:35:55.515 I/dvm_gc_info(27104): [8315180330336188137,-8919792579339335623,-3993983648770721747,8583206]
02-03 17:36:00.570 I/dvm_gc_madvise_info(27104): [1437696,126976]
02-03 17:36:31.080 I/battery_level(26892): [100,4204,370]
02-03 17:36:46.855 I/dvm_gc_info(27104): [8315180330336225001,-8919792579339335623,-3993983648770721747,8583206]
02-03 17:36:51.900 I/dvm_gc_madvise_info(27104): [1437696,126976]
02-03 17:36:56.024 I/binder_sample(26963): [android.os.INetStatService,1,5,com.android.phone,1]
02-03 17:37:32.339 I/dvm_gc_info(26892): [8320808730291685252,-8894171963985876877,-3973717450447554515,8570921]
02-03 17:37:34.512 I/binder_sample(26963): [android.os.INetStatService,1,5,com.android.phone,1]
02-03 17:37:36.924 I/dvm_gc_info(27104): [8315180330336188137,-8919792579339335623,-3993983648770721747,8583206]
02-03 17:37:37.404 I/dvm_gc_madvise_info(26892): [2850816,126976]
02-03 17:37:41.979 I/dvm_gc_madvise_info(27104): [1417216,126976]
02-03 17:38:12.629 I/dvm_gc_info(26949): [8320808730291762828,-8923172066202523595,-4002709373048752083,7878445]
02-03 17:38:17.674 I/dvm_gc_madvise_info(26949): [385024,126976]
02-03 17:38:29.886 I/dvm_gc_info(27104): [8315180330336229100,-8919511104362624967,-3993983648770721747,8583206]
02-03 17:38:34.931 I/dvm_gc_madvise_info(27104): [1421312,126976]
02-03 17:39:21.346 I/dvm_gc_info(27104): [8315180330336188137,-8919792579339335623,-3993983648770721747,8583206]
02-03 17:39:26.391 I/dvm_gc_madvise_info(27104): [1429504,126976]
02-03 17:40:12.786 I/dvm_gc_info(27104): [8315180330336225003,-8919511104362624967,-3993983648770721747,8583206]
02-03 17:40:17.831 I/dvm_gc_madvise_info(27104): [1417216,126976]
02-03 17:40:22.485 I/binder_sample(26949): [com.android.internal.statusbar.IStatusBarService,5,15,com.android.systemui,3]
02-03 17:40:38.191 I/binder_sample(26963): [com.android.internal.telephony.ITelephonyRegistry,8,54,com.android.phone,10]
02-03 17:41:04.086 I/dvm_gc_info(27104): [8315180330336225001,-8919792579339335623,-3993983648770721747,8583206]
02-03 17:41:09.141 I/dvm_gc_madvise_info(27104): [1437696,126976]
02-03 17:41:55.096 I/dvm_gc_info(27104): [8315180330336184042,-8919792579339335623,-3993983648770721747,8583206]
02-03 17:42:00.111 I/dvm_gc_madvise_info(27104): [1429504,126976]
02-03 17:42:47.837 I/dvm_gc_info(27104): [8315180330336192233,-8919792579339335623,-3993983648770721747,8583206]
02-03 17:42:52.892 I/dvm_gc_madvise_info(27104): [1425408,126976]
02-03 17:43:25.894 I/am_create_service(26892): [1085433648,com.google.android.gsf/.checkin.EventLogService,,26998]
02-03 17:43:25.914 I/aggregation(26998): 1328312605924
02-03 17:43:26.035 I/am_destroy_service(26892): [1085433648,com.google.android.gsf/.checkin.EventLogService,26998]
02-03 17:43:31.410 I/c2dm    (26998): [3,0:1328312611375933%62cfc3ee62cfc3ee,87,16]
02-03 17:43:32.090 I/dvm_gc_info(27507): [7453298398305785795,-8893887327141422943,-3965273201146234835,7882573]
02-03 17:43:32.501 I/dvm_gc_info(27507): [7453298398305781795,-8900642726582486882,-3965836151099656147,7882573]
02-03 17:43:33.151 I/dvm_gc_info(27507): [7453298398305777501,-8911057300720768856,-3963021401332549587,7882573]
02-03 17:43:33.452 I/db_sample(27507): [/data/data/com.google.android.apps.googlevoice/databases/model.db,INSERT INTO conversation_labels(label, conversation_id) VALUES(?,0,,1]
02-03 17:43:33.462 I/db_sample(27507): [/data/data/com.google.android.apps.googlevoice/databases/model.db,INSERT INTO conversation_labels(label, conversation_id) VALUES(?,0,,1]
02-03 17:43:33.712 I/db_sample(27507): [/data/data/com.google.android.apps.googlevoice/databases/model.db,COMMIT;INSERT INTO labels(data, label) VALUES(?, ?);,201,,41]
02-03 17:43:33.752 I/db_sample(27507): [/data/data/com.google.android.apps.googlevoice/databases/model.actions.db,COMMIT;DELETE FROM actions,20,,5]
02-03 17:43:33.752 I/dvm_gc_info(27507): [7453298398305781743,-8910494350767339351,-3962739926355838931,7882573]
02-03 17:43:34.323 I/dvm_gc_info(27104): [8315180330336225004,-8919511104362624967,-3993983648770721747,8583206]
02-03 17:43:34.403 I/dvm_gc_info(27507): [7453298398305785896,-8878124728445626207,-3964991726169524179,7882573]
02-03 17:43:34.413 I/notification_cancel(26892): [com.google.android.apps.googlevoice,1001,0]
02-03 17:43:34.433 I/notification_enqueue(26892): [com.google.android.apps.googlevoice,1001,Notification(vibrate=default,sound=,defaults=0x2,flags=0x1)]
02-03 17:43:34.733 I/dvm_gc_info(27507): [7453298398306183012,-8925975474486437730,-3966117626076366803,7882573]
02-03 17:43:35.324 I/dvm_gc_info(27507): [7453298398305781624,-8900361251605768026,-3963584351285970899,7882573]
02-03 17:43:35.584 I/dvm_gc_info(27507): [7453298398306072472,-8920064499975513954,-3965836151099656147,7882573]
02-03 17:43:36.044 I/dvm_gc_info(27507): [7453298398306109332,-8903176001372874589,-3964710251192813523,7882573]
02-03 17:43:36.445 I/dvm_gc_info(27507): [7453298398306093005,-8910494350767351649,-3965554676122945491,7882573]
02-03 17:43:36.955 I/dvm_gc_info(27507): [7453298398305785888,-8905709276163270498,-3965836151099656147,7882573]
02-03 17:43:37.506 I/dvm_gc_info(27507): [7453298398305781684,-8897265026861950815,-3964991726169524179,7882573]
02-03 17:43:39.358 I/dvm_gc_madvise_info(27104): [1425408,126976]
02-03 17:43:42.571 I/dvm_gc_madvise_info(27507): [958464,126976]
02-03 17:43:46.855 I/force_gc(27507): bg
02-03 17:43:47.005 I/dvm_gc_info(27507): [7453298398306326194,-9066712962841765731,-3966117626076366803,7882573]
02-03 17:43:52.070 I/dvm_gc_madvise_info(27507): [1654784,126976]
02-03 17:43:54.222 I/binder_sample(26963): [android.os.INetStatService,1,5,com.android.phone,1]
02-03 17:44:05.073 I/force_gc(27015): bg
02-03 17:44:05.103 I/dvm_gc_info(27015): [7017575181484942630,-9057717517420603337,-4003553797978884051,7739105]
02-03 17:44:10.158 I/dvm_gc_madvise_info(27015): [143360,126976]
02-03 17:44:17.525 I/dvm_gc_info(27104): [8315180330336188136,-8919792579339335623,-3993983648770721747,8583206]
02-03 17:44:22.580 I/dvm_gc_madvise_info(27104): [1441792,126976]
02-03 17:44:28.125 I/c2dm    (26998): [3,0:1328312667899845%62cfc3ee62cfc3ee,88,-1]
02-03 17:44:28.796 I/dvm_gc_info(27507): [7453298398305785790,-8896420601931818847,-3964991726169524179,7882573]
02-03 17:44:33.390 I/binder_sample(26963): [com.android.internal.telephony.ITelephonyRegistry,8,30,com.android.phone,6]
02-03 17:44:33.861 I/dvm_gc_madvise_info(27507): [983040,126976]
02-03 17:44:55.011 I/binder_sample(26963): [com.android.internal.telephony.ITelephonyRegistry,13,8,com.android.phone,1]
02-03 17:44:58.044 I/binder_sample(26963): [com.android.internal.telephony.ITelephonyRegistry,8,40,com.android.phone,8]
02-03 17:45:04.150 I/dvm_gc_info(27104): [8315180330336229097,-8919792579339335623,-3993983648770721747,8583206]
02-03 17:45:09.225 I/dvm_gc_madvise_info(27104): [1429504,126976]
02-03 17:45:55.891 I/dvm_gc_info(27104): [8315180330336188137,-8919792579339335623,-3993983648770721747,8583206]
02-03 17:45:56.281 I/binder_sample(26949): [com.android.internal.statusbar.IStatusBarService,4,21,com.android.systemui,4]
02-03 17:46:00.946 I/dvm_gc_madvise_info(27104): [1433600,126976]
02-03 17:46:18.072 I/dvm_gc_info(26949): [8320808730291697249,-8954415788617385930,-4002427898072041427,7878444]
02-03 17:46:23.117 I/dvm_gc_madvise_info(26949): [405504,126976]
02-03 17:46:25.420 I/binder_sample(26963): [com.android.internal.telephony.ITelephonyRegistry,8,62,com.android.phone,12]
02-03 17:46:31.085 I/battery_level(26892): [100,4203,380]
02-03 17:46:46.780 I/dvm_gc_info(27104): [8315180330336225003,-8919511104362624967,-3993983648770721747,8583206]
02-03 17:46:51.695 I/db_sample(26998): [/data/data/com.google.android.gsf/databases/talk.db,COMMIT;INSERT INTO s2dRmqIds(rmq_id) VALUES(?);,2969,,100]
02-03 17:46:51.705 I/content_update_sample(26998): [content://com.google.android.providers.talk/s2dids,insert,,2980,,100]
02-03 17:46:51.705 I/c2dm    (26998): [3,0:1328312803701855%e7a71353002eb0e3,89,-1]
02-03 17:46:51.775 I/am_create_service(26892): [1082675752,com.google.android.gsf/.subscribedfeeds.SubscribedFeedsIntentService,act=com.google.android.c2dm.intent.RECEIVE cat=[com.google.android.gsf.subscribedfeeds],26998]
02-03 17:46:51.805 I/binder_sample(26998): [android.app.IActivityManager,16,12,com.google.process.gapps,2]
02-03 17:46:51.805 I/tickle  (26998): com.android.contacts
02-03 17:46:51.815 I/am_destroy_service(26892): [1082675752,com.google.android.gsf/.subscribedfeeds.SubscribedFeedsIntentService,26998]
02-03 17:46:51.825 I/dvm_gc_madvise_info(27104): [1413120,126976]
02-03 17:46:51.845 I/sync    (26892): [com.android.contacts,0,0,-1565529355]
02-03 17:46:51.845 I/am_create_service(26892): [1086159376,com.google.android.syncadapters.contacts/.ContactsSyncAdapterService,act=android.content.SyncAdapter,26998]
02-03 17:46:51.935 I/dvm_gc_info(26998): [7449358886915606148,-8969614612524619715,-4002427898072041427,7358131]
02-03 17:46:53.147 I/google_http_request(26998): [1094,200,Android-GData-Contacts/1.3,1]
02-03 17:46:53.267 I/dvm_gc_info(26998): [7449358886915647070,-8954414963782227905,-4001864948118620115,7358131]
02-03 17:46:53.427 I/db_sample(27015): [/data/data/com.android.providers.contacts/databases/contacts2.db,UPDATE raw_contacts SET contact_in_visible_group=(SELECT in_visi,3,,1]
02-03 17:46:53.577 I/dvm_gc_info(27015): [7017575181484877390,-8982563492446840775,-4002990848025462739,7739105]
02-03 17:46:54.047 I/google_http_request(26998): [212,200,Android-GData-Contacts/1.3,1]
02-03 17:46:54.228 I/sync_details(26998): [com.android.contacts,1552,7664,u1n1P1]
02-03 17:46:54.238 I/sync    (26892): [com.android.contacts,1,0,-1565529355]
02-03 17:46:54.238 I/am_destroy_service(26892): [1086159376,com.google.android.syncadapters.contacts/.ContactsSyncAdapterService,26998]
02-03 17:46:54.238 I/notification_cancel(26892): [android,707653501,0]
02-03 17:46:58.302 I/dvm_gc_madvise_info(26998): [417792,126976]
02-03 17:46:58.622 I/dvm_gc_madvise_info(27015): [208896,126976]
02-03 17:47:31.114 I/battery_level(26892): [100,4203,370]
02-03 17:47:36.159 I/dvm_gc_info(27104): [8315180330336225004,-8919511104362624967,-3993983648770721747,8583206]
02-03 17:47:41.223 I/dvm_gc_madvise_info(27104): [1433600,126976]
02-03 17:48:27.048 I/dvm_gc_info(27104): [8315180330336229097,-8919792579339335623,-3993983648770721747,8583206]
02-03 17:48:32.103 I/dvm_gc_madvise_info(27104): [1433600,126976]
02-03 17:49:17.778 I/dvm_gc_info(27104): [8315180330336225004,-8919511104362624967,-3993983648770721747,8583206]
02-03 17:49:22.382 I/binder_sample(26963): [com.android.internal.telephony.ITelephonyRegistry,8,38,com.android.phone,7]
02-03 17:49:22.833 I/dvm_gc_madvise_info(27104): [1417216,126976]
02-03 17:49:31.081 I/battery_level(26892): [100,4203,380]
02-03 17:50:08.968 I/dvm_gc_info(27104): [8315180330336225001,-8919792579339335623,-3993983648770721747,8583206]
02-03 17:50:14.033 I/dvm_gc_madvise_info(27104): [1441792,126976]
02-03 17:50:33.291 I/binder_sample(26963): [com.android.internal.telephony.ITelephonyRegistry,13,7,com.android.phone,1]
02-03 17:50:53.521 I/binder_sample(26963): [com.android.internal.telephony.ITelephonyRegistry,13,7,com.android.phone,1]
02-03 17:51:00.668 I/dvm_gc_info(27104): [8315180330336225002,-8919792579339335623,-3993983648770721747,8583206]
02-03 17:51:05.733 I/dvm_gc_madvise_info(27104): [1429504,126976]
02-03 17:51:31.088 I/battery_level(26892): [100,4204,370]
02-03 17:51:34.591 I/dvm_gc_info(26963): [8099846449757464239,-8919230041803339713,-3999613148304934867,7857929]
02-03 17:51:34.962 I/am_create_service(26892): [1084410600,com.google.android.apps.maps/com.google.googlenav.prefetch.android.PrefetcherService,,28405]
02-03 17:51:39.636 I/dvm_gc_madvise_info(26963): [565248,126976]
02-03 17:51:40.087 I/force_gc(28405): bg
02-03 17:51:40.127 I/dvm_gc_info(28405): [3345437233799914588,-9097405007999756228,-4002990848025462739,7358131]
02-03 17:51:45.021 I/am_destroy_service(26892): [1084410600,com.google.android.apps.maps/com.google.googlenav.prefetch.android.PrefetcherService,28405]
02-03 17:51:45.151 I/dvm_gc_madvise_info(28405): [245760,126976]
02-03 17:51:50.236 I/dvm_gc_info(27104): [8315180330336225001,-8919792579339335623,-3993983648770721747,8583206]
02-03 17:51:55.301 I/dvm_gc_madvise_info(27104): [1429504,126976]
