02-03 17:52:10.947 I/am_create_service(26892): [1084160072,com.facebook.katana/.service.FacebookService,act=com.facebook.katana.service.16,29475]
02-03 17:52:13.039 I/db_sample(29475): [/data/data/com.facebook.katana/databases/fb.db,UPDATE user_values SET value=? WHERE name='last_seen_id_MOST_REC,88,,18]
02-03 17:52:13.119 I/am_destroy_service(26892): [1084160072,com.facebook.katana/.service.FacebookService,29475]
02-03 17:52:15.571 I/binder_sample(26949): [com.android.internal.telephony.ITelephony,83,7,com.android.systemui,1]
02-03 17:52:16.052 I/force_gc(29475): bg
02-03 17:52:16.092 I/dvm_gc_info(29475): [7737593596605535831,-8976931587193927614,-4000739048211777491,7358136]
02-03 17:52:21.197 I/dvm_gc_madvise_info(29475): [1224704,126976]
02-03 17:52:31.086 I/battery_level(26892): [100,4204,360]
02-03 17:52:42.517 I/dvm_gc_info(27104): [8315180330336225004,-8919511104362624967,-3993983648770721747,8583206]
02-03 17:52:47.562 I/dvm_gc_madvise_info(27104): [1404928,126976]
02-03 17:52:56.751 I/notification_cancel(26892): [com.android.systemui,17302205,0]
02-03 17:52:56.811 I/notification_cancel(26892): [android,17040268,0]
02-03 17:52:56.851 I/battery_status(26892): [3,2,1,0,Li-ion]
02-03 17:52:56.891 I/power_screen_state(26892): [1,2,0,0]
02-03 17:52:56.891 I/power_screen_broadcast_send(26892): 1
02-03 17:52:56.901 I/screen_toggled(26892): 1
02-03 17:52:56.932 I/power_screen_broadcast_done(26892): [1,35,1]
02-03 17:52:56.982 I/notification_cancel(26892): [com.android.phone,111,0]
02-03 17:53:01.876 I/am_pause_activity(26892): [1084237040,com.android.settings/.ScalibrationWnd]
02-03 17:53:01.876 I/am_on_paused_called(27104): com.android.settings.ScalibrationWnd
02-03 17:53:01.876 I/am_task_to_front(26892): 2
02-03 17:53:01.876 I/am_new_intent(26892): [1084780464,2,com.android.launcher/com.android.launcher2.Launcher,android.intent.action.MAIN,NULL,NULL,274726912]
02-03 17:53:01.896 I/am_resume_activity(26892): [1081107272,2,com.android.launcher/com.android.launcher2.Launcher]
02-03 17:53:01.906 I/am_on_resume_called(26987): com.android.launcher2.Launcher
02-03 17:53:01.956 I/am_kill (26892): [28415,com.google.android.apps.maps:FriendService,14,too many background]
02-03 17:53:01.986 I/am_proc_died(26892): [28415,com.google.android.apps.maps:FriendService]
02-03 17:53:03.218 I/dvm_gc_info(26892): [8320808730291660710,-8896423763799562125,-3975124825331107795,8570917]
02-03 17:53:04.339 I/am_create_service(26892): [1087328912,com.google.android.apps.googlevoice/.system.AndroidNotifier$ClearUnreadNotificationListenerService,,27507]
02-03 17:53:05.079 I/dvm_gc_info(27507): [7453298398305798180,-8897265026861954914,-3966117626076366803,7882573]
02-03 17:53:05.210 I/power_sleep_requested(26892): 0
02-03 17:53:05.440 I/power_screen_state(26892): [0,2,0,0]
02-03 17:53:05.450 I/power_screen_broadcast_send(26892): 1
02-03 17:53:05.450 I/screen_toggled(26892): 0
02-03 17:53:05.450 I/am_pause_activity(26892): [1081107272,com.android.launcher/com.android.launcher2.Launcher]
02-03 17:53:05.450 I/am_on_paused_called(26987): com.android.launcher2.Launcher
02-03 17:53:05.490 I/power_screen_broadcast_done(26892): [0,42,1]
02-03 17:53:05.530 I/dvm_gc_info(27507): [7453298398306457437,-8914997950394726241,-3965554676122945491,7882573]
02-03 17:53:05.540 I/notification_cancel(26892): [com.google.android.apps.googlevoice,1001,0]
02-03 17:53:05.540 I/am_destroy_service(26892): [1087328912,com.google.android.apps.googlevoice/.system.AndroidNotifier$ClearUnreadNotificationListenerService,27507]
02-03 17:53:05.590 I/am_create_service(26892): [1086499912,com.google.android.gsf/.loginservice.GoogleLoginService,act=android.accounts.AccountAuthenticator,26998]
02-03 17:53:05.660 I/am_destroy_service(26892): [1086499912,com.google.android.gsf/.loginservice.GoogleLoginService,26998]
02-03 17:53:35.429 I/battery_level(26892): [100,4201,370]
02-03 17:53:35.949 I/dvm_gc_madvise_info(26892): [2867200,126976]
02-03 17:54:05.949 I/dvm_gc_madvise_info(27507): [1245184,126976]
02-03 17:54:10.429 I/c2dm    (26998): [-4,NULL,17,89]
02-03 17:54:10.479 I/c2dm    (26998): [3,0:1328313250517776%62cfc3ee62cfc3ee,90,-1]
02-03 17:54:11.019 I/dvm_gc_info(27507): [7453298398305777644,-8898953876722218850,-3965836151099656147,7882573]
02-03 17:54:11.379 I/dvm_gc_info(27507): [7453298398306076628,-8911338775697487716,-3966399101053077459,7882573]
02-03 17:54:11.820 I/dvm_gc_info(27507): [7453298398305781695,-8900924201559193439,-3965273201146234835,7882573]
02-03 17:54:12.360 I/dvm_gc_info(27507): [7453298398305785837,-8900079776629061470,-3964991726169524179,7882573]
02-03 17:54:12.991 I/dvm_gc_info(27507): [7453298398305781582,-8909086975883786067,-3961895501425706963,7882573]
02-03 17:54:13.051 I/db_sample(27507): [/data/data/com.google.android.apps.googlevoice/databases/model.db,INSERT INTO conversation_labels(label, conversation_id) VALUES(?,0,,1]
02-03 17:54:13.341 I/dvm_gc_info(27507): [7453298398306195374,-8919783024998790998,-3962739926355838931,7882573]
02-03 17:54:13.341 I/db_sample(27507): [/data/data/com.google.android.apps.googlevoice/databases/model.db,COMMIT;INSERT INTO labels(data, label) VALUES(?, ?);,215,,44]
02-03 17:54:13.861 I/dvm_gc_info(27507): [7453298398305777703,-8881783903142864734,-3964991726169524179,7882573]
02-03 17:54:13.871 I/notification_cancel(26892): [com.google.android.apps.googlevoice,1001,0]
02-03 17:54:13.871 I/notification_enqueue(26892): [com.google.android.apps.googlevoice,1001,Notification(vibrate=default,sound=,defaults=0x2,flags=0x1)]
02-03 17:54:14.322 I/dvm_gc_info(27507): [7453298398306138038,-8911338775697483617,-3965554676122945491,7882573]
02-03 17:54:14.782 I/dvm_gc_info(27507): [7453298398305781793,-8903738951326295906,-3965836151099656147,7882573]
02-03 17:54:15.253 I/dvm_gc_info(27507): [7453298398306101139,-8899516826675636063,-3964991726169524179,7882573]
02-03 17:54:15.673 I/dvm_gc_info(27507): [7453298398306093028,-8906272226116691808,-3965554676122945491,7882573]
02-03 17:54:15.943 I/dvm_gc_info(27507): [7453298398306076488,-8918657125091960671,-3964991726169524179,7882573]
02-03 17:54:36.429 I/battery_level(26892): [100,4186,360]
02-03 17:55:06.489 I/dvm_gc_info(26949): [8320808730291619423,-8949630714013280201,-4001583473141909459,7878465]
02-03 17:55:14.429 I/power_screen_state(26892): [1,3,0,0]
02-03 17:55:14.429 I/power_screen_broadcast_send(26892): 1
02-03 17:55:14.429 I/screen_toggled(26892): 1
02-03 17:55:14.439 I/am_resume_activity(26892): [1081107272,2,com.android.launcher/com.android.launcher2.Launcher]
02-03 17:55:14.449 I/am_on_resume_called(26987): com.android.launcher2.Launcher
02-03 17:55:14.529 I/power_screen_broadcast_done(26892): [1,97,1]
02-03 17:55:14.569 I/notification_cancel(26892): [com.android.phone,111,0]
02-03 17:55:15.139 I/dvm_gc_madvise_info(27507): [1249280,126976]
02-03 17:55:16.991 I/screen_toggled(26892): 2
02-03 17:55:17.051 I/c2dm    (26998): [-4,NULL,18,90]
02-03 17:55:18.552 I/am_create_task(26892): 17
02-03 17:55:18.552 I/am_create_activity(26892): [1083765720,17,com.google.android.apps.googlevoice/.PhoneCallListActivity,NULL,NULL,googlevoice://conversations/a2681d1c17255fe01da46b5be944fbe70803c9ec,67108864]
02-03 17:55:18.552 I/am_pause_activity(26892): [1081107272,com.android.launcher/com.android.launcher2.Launcher]
02-03 17:55:18.572 I/am_on_paused_called(26987): com.android.launcher2.Launcher
02-03 17:55:18.592 I/notification_cancel(26892): [com.google.android.apps.googlevoice,1001,16]
02-03 17:55:18.602 I/am_restart_activity(26892): [1083765720,17,com.google.android.apps.googlevoice/.PhoneCallListActivity]
02-03 17:55:18.702 I/dvm_gc_madvise_info(26949): [405504,126976]
02-03 17:55:19.353 I/dvm_gc_info(27507): [7453298398305785842,-8898953876722218846,-3964710251192813523,7882577]
02-03 17:55:19.663 I/dvm_gc_info(27507): [7453298398306096962,-8916968275231700832,-3965273201146234835,7882576]
02-03 17:55:19.673 I/notification_cancel(26892): [com.google.android.apps.googlevoice,1001,0]
02-03 17:55:20.174 I/dvm_gc_info(27507): [7453298398306133960,-8902331576442746721,-3965554676122945491,7882576]
02-03 17:55:20.344 I/am_on_resume_called(27507): com.google.android.apps.googlevoice.PhoneCallListActivity
02-03 17:55:20.614 I/dvm_gc_info(27015): [7017575181484840585,-8923735016155887559,-4002990848025462739,7739105]
02-03 17:55:21.115 I/dvm_gc_info(27507): [7453298398305835005,-8906553701093402466,-3965836151099656147,7882587]
02-03 17:55:21.595 I/dvm_gc_info(27507): [7453298398305777564,-8903176001372878686,-3964710251192813523,7882573]
02-03 17:55:21.835 I/activity_launch_time(26892): [1083765720,com.google.android.apps.googlevoice/.PhoneCallListActivity,3246,3246]
02-03 17:55:23.467 I/dvm_gc_info(27104): [8315180330336204523,-8919511104362624967,-3993983648770721747,8583206]
02-03 17:55:23.827 I/power_sleep_requested(26892): 0
02-03 17:55:24.057 I/power_screen_state(26892): [0,2,0,0]
02-03 17:55:24.077 I/power_screen_broadcast_send(26892): 1
02-03 17:55:24.077 I/screen_toggled(26892): 0
02-03 17:55:24.107 I/am_pause_activity(26892): [1083765720,com.google.android.apps.googlevoice/.PhoneCallListActivity]
02-03 17:55:24.158 I/power_screen_broadcast_done(26892): [0,83,1]
02-03 17:55:24.168 I/am_on_paused_called(27507): com.google.android.apps.googlevoice.PhoneCallListActivity
02-03 17:55:24.228 I/am_create_service(26892): [1085096592,com.google.android.gsf/.loginservice.GoogleLoginService,act=android.accounts.AccountAuthenticator,26998]
02-03 17:55:24.288 I/am_destroy_service(26892): [1085096592,com.google.android.gsf/.loginservice.GoogleLoginService,26998]
02-03 17:55:24.378 I/dvm_gc_info(26998): [7449358886915606137,-8969333137547888577,-4001864948118620115,7358131]
02-03 17:55:25.659 I/dvm_gc_madvise_info(27015): [225280,126976]
02-03 17:55:26.660 I/dvm_gc_madvise_info(27507): [851968,126976]
02-03 17:55:28.522 I/dvm_gc_madvise_info(27104): [1445888,126976]
02-03 17:55:29.293 I/force_gc(27104): bg
02-03 17:55:29.373 I/dvm_gc_info(27104): [8315180330336437322,-9145816985637996487,-3993983648770721747,8583206]
02-03 17:55:29.393 I/dvm_gc_madvise_info(26998): [409600,126976]
02-03 17:56:00.512 I/dvm_gc_madvise_info(27104): [1445888,126976]
02-03 17:56:07.459 I/c2dm    (26998): [-4,NULL,19,91]
02-03 17:56:07.599 I/c2dm    (26998): [3,0:1328313367662619%62cfc3ee62cfc3ee,91,18]
02-03 17:56:07.999 I/dvm_gc_info(27507): [7453298398306080702,-8912746150581036897,-3965554676122945491,7882576]
02-03 17:56:08.359 I/dvm_gc_info(27507): [7453298398306084698,-8908805500907087709,-3964428776216102867,7882576]
02-03 17:56:29.201 I/power_screen_state(26892): [1,3,0,0]
02-03 17:56:29.201 I/power_screen_broadcast_send(26892): 1
02-03 17:56:29.201 I/screen_toggled(26892): 1
02-03 17:56:29.201 I/am_resume_activity(26892): [1083765720,17,com.google.android.apps.googlevoice/.PhoneCallListActivity]
02-03 17:56:29.211 I/am_on_resume_called(27507): com.google.android.apps.googlevoice.PhoneCallListActivity
02-03 17:56:29.311 I/notification_cancel(26892): [com.android.phone,111,0]
02-03 17:56:29.341 I/power_screen_broadcast_done(26892): [1,135,1]
02-03 17:56:31.853 I/dvm_gc_madvise_info(27507): [864256,126976]
02-03 17:56:32.113 I/screen_toggled(26892): 2
02-03 17:56:32.183 I/c2dm    (26998): [-4,NULL,20,-1]
02-03 17:56:32.554 I/battery_level(26892): [100,4146,370]
02-03 17:56:33.545 I/am_pause_activity(26892): [1083765720,com.google.android.apps.googlevoice/.PhoneCallListActivity]
02-03 17:56:33.545 I/am_task_to_front(26892): 2
02-03 17:56:33.545 I/am_new_intent(26892): [1084577928,2,com.android.launcher/com.android.launcher2.Launcher,android.intent.action.MAIN,NULL,NULL,274726912]
02-03 17:56:33.545 I/am_on_paused_called(27507): com.google.android.apps.googlevoice.PhoneCallListActivity
02-03 17:56:33.565 I/am_resume_activity(26892): [1081107272,2,com.android.launcher/com.android.launcher2.Launcher]
02-03 17:56:33.575 I/am_on_resume_called(26987): com.android.launcher2.Launcher
02-03 17:56:34.916 I/am_create_task(26892): 18
02-03 17:56:34.916 I/am_create_activity(26892): [1085895840,18,com.google.android.gm/.ConversationListActivityGmail,android.intent.action.MAIN,NULL,NULL,270532608]
02-03 17:56:34.926 I/am_pause_activity(26892): [1081107272,com.android.launcher/com.android.launcher2.Launcher]
02-03 17:56:34.956 I/am_on_paused_called(26987): com.android.launcher2.Launcher
02-03 17:56:34.956 I/am_proc_start(26892): [32706,10046,com.google.android.gm,activity,com.google.android.gm/.ConversationListActivityGmail]
02-03 17:56:34.976 I/dvm_gc_madvise_info(32706): [368640,126976]
02-03 17:56:34.986 I/am_proc_bound(26892): [32706,com.google.android.gm]
02-03 17:56:34.996 I/am_restart_activity(26892): [1085895840,18,com.google.android.gm/.ConversationListActivityGmail]
02-03 17:56:35.046 I/binder_sample(26987): [android.view.IWindowSession,4,32,com.android.launcher,6]
02-03 17:56:35.176 I/am_create_activity(26892): [1082973080,18,com.google.android.gm/.ConversationListActivity,android.intent.action.MAIN,NULL,NULL,33554432]
02-03 17:56:35.196 I/am_pause_activity(26892): [1085895840,com.google.android.gm/.ConversationListActivityGmail]
02-03 17:56:35.196 I/am_finish_activity(26892): [1085895840,18,com.google.android.gm/.ConversationListActivityGmail,app-request]
02-03 17:56:35.196 I/am_restart_activity(26892): [1082973080,18,com.google.android.gm/.ConversationListActivity]
02-03 17:56:35.266 I/dvm_gc_info(32706): [7594245893398828661,-8976089980433704911,-4006087072769279955,7358131]
02-03 17:56:35.336 I/[206002](32706): [CLA.setContentView,34,68,1]
02-03 17:56:35.366 I/db_sample(32706): [/data/data/com.google.android.gm/databases/XX@YY,COMMIT;PRAGMA user_version;,0,com.google.android.gm,1]
02-03 17:56:35.366 I/[206002](32706): [ME.openDatabase,8,9,1]
02-03 17:56:35.386 I/[206002](32706): [ME.initialize,26,26,1]
02-03 17:56:35.416 I/[206002](32706): [ME.constructor,48,63,1]
02-03 17:56:35.416 I/[206002](32706): [WA.waitIfNeeded,53,85,1]
02-03 17:56:35.426 I/[206002](32706): [CLA.onCreate,96,164,1]
02-03 17:56:35.456 I/am_create_service(26892): [1083811832,com.google.android.gsf/.loginservice.GoogleLoginService,act=android.accounts.AccountAuthenticator,26998]
02-03 17:56:35.497 I/[206002](32706): [ME.conversationQuery,12,56,1]
02-03 17:56:35.507 I/[206002](32706): [CLA.onResume,10,74,1]
02-03 17:56:35.517 I/am_on_resume_called(32706): com.google.android.gm.ConversationListActivity
02-03 17:56:35.557 I/am_destroy_service(26892): [1083811832,com.google.android.gsf/.loginservice.GoogleLoginService,26998]
02-03 17:56:35.597 I/dvm_gc_info(32706): [7594245893398787657,-9005926259195164620,-4004116747932305363,7358193]
02-03 17:56:35.707 I/activity_launch_time(26892): [1082973080,com.google.android.gm/.ConversationListActivity,509,752]
02-03 17:56:35.737 I/am_destroy_activity(26892): [1085895840,18,com.google.android.gm/.ConversationListActivityGmail]
02-03 17:56:37.909 I/menu_opened(32706): 0
02-03 17:56:37.989 I/binder_sample(32706): [android.view.IWindowSession,4,13,com.google.android.gm,2]
02-03 17:56:39.340 I/menu_item_selected(32706): [0,Go to labels]
02-03 17:56:39.350 I/am_create_activity(26892): [1087032656,18,com.google.android.gm/.LabelsActivity,NULL,NULL,NULL,0]
02-03 17:56:39.350 I/am_pause_activity(26892): [1082973080,com.google.android.gm/.ConversationListActivity]
02-03 17:56:39.360 I/am_on_paused_called(32706): com.google.android.gm.ConversationListActivity
02-03 17:56:39.370 I/am_restart_activity(26892): [1087032656,18,com.google.android.gm/.LabelsActivity]
02-03 17:56:39.400 I/binder_sample(32706): [android.app.IActivityManager,19,35,com.google.android.gm,7]
02-03 17:56:39.420 I/[206002](32706): [WA.waitIfNeeded,3,9,1]
02-03 17:56:39.480 I/dvm_gc_info(32706): [7594245893398963753,-9039703256400431051,-4004116747932305363,7358210]
02-03 17:56:39.550 I/[206002](32706): [WA.waitIfNeeded,3,17,1]
02-03 17:56:39.601 I/dvm_gc_info(26892): [8320808730291726205,-8903179163240617868,-3972591550540711891,8570923]
02-03 17:56:39.611 I/am_on_resume_called(32706): com.google.android.gm.LabelsActivity
02-03 17:56:39.661 I/[206002](32706): [WA.waitIfNeeded,4,10,1]
02-03 17:56:39.681 I/[206002](32706): [WA.waitIfNeeded,4,9,1]
02-03 17:56:39.681 I/[206002](32706): [WA.waitIfNeeded,0,2,1]
02-03 17:56:39.711 I/[206002](32706): [WA.waitIfNeeded,4,19,1]
02-03 17:56:39.721 I/[206002](32706): [WA.waitIfNeeded,0,2,1]
02-03 17:56:39.731 I/[206002](32706): [WA.waitIfNeeded,0,2,1]
02-03 17:56:39.771 I/dvm_gc_info(32706): [7594245893398783586,-8998607703575119818,-4002146423095330771,7890732]
02-03 17:56:39.771 I/[206002](32706): [WA.waitIfNeeded,4,37,1]
02-03 17:56:39.981 I/activity_launch_time(26892): [1087032656,com.google.android.gm/.LabelsActivity,619,619]
02-03 17:56:41.022 I/am_create_activity(26892): [1081594408,18,com.google.android.gm/.ConversationListActivityGmail,NULL,NULL,NULL,0]
02-03 17:56:41.022 I/am_pause_activity(26892): [1087032656,com.google.android.gm/.LabelsActivity]
02-03 17:56:41.042 I/am_on_paused_called(32706): com.google.android.gm.LabelsActivity
02-03 17:56:41.042 I/am_restart_activity(26892): [1081594408,18,com.google.android.gm/.ConversationListActivityGmail]
02-03 17:56:41.062 I/am_create_activity(26892): [1081650040,18,com.google.android.gm/.ConversationListActivity,NULL,NULL,NULL,33554432]
02-03 17:56:41.062 I/am_pause_activity(26892): [1081594408,com.google.android.gm/.ConversationListActivityGmail]
02-03 17:56:41.062 I/am_finish_activity(26892): [1081594408,18,com.google.android.gm/.ConversationListActivityGmail,app-request]
02-03 17:56:41.082 I/am_restart_activity(26892): [1081650040,18,com.google.android.gm/.ConversationListActivity]
02-03 17:56:41.142 I/[206002](32706): [CLA.setContentView,19,38,1]
02-03 17:56:41.152 I/[206002](32706): [WA.waitIfNeeded,2,7,1]
02-03 17:56:41.152 I/[206002](32706): [CLA.onCreate,26,53,1]
02-03 17:56:41.162 I/[206002](32706): [ME.conversationQuery,3,5,1]
02-03 17:56:41.262 I/am_create_service(26892): [1083055744,com.google.android.gsf/.loginservice.GoogleLoginService,act=android.accounts.AccountAuthenticator,26998]
02-03 17:56:41.282 I/[206002](32706): [CLA.onResume,8,121,1]
02-03 17:56:41.282 I/am_on_resume_called(32706): com.google.android.gm.ConversationListActivity
02-03 17:56:41.372 I/am_destroy_service(26892): [1083055744,com.google.android.gsf/.loginservice.GoogleLoginService,26998]
02-03 17:56:41.382 I/binder_sample(26998): [android.app.IActivityManager,38,22,com.google.process.gapps,4]
02-03 17:56:41.472 I/am_destroy_activity(26892): [1081594408,18,com.google.android.gm/.ConversationListActivityGmail]
02-03 17:56:41.592 I/activity_launch_time(26892): [1081650040,com.google.android.gm/.ConversationListActivity,515,548]
02-03 17:56:42.283 I/dvm_gc_info(32706): [7594245893398787712,-8948786357769050056,-4001020523188488147,7890752]
02-03 17:56:43.054 I/google_http_request(32706): [1608,200,Android-GmailProvider/171,1]
02-03 17:56:43.264 I/db_sample(32706): [/data/data/com.google.android.gm/databases/XX@YY,INSERT INTO conversation_labels ('labels_id', 'queryId', 'isZomb,1,,1]
02-03 17:56:43.414 I/[206002](32706): [MS.handleQueryResponse,130,228,20]
02-03 17:56:43.424 I/[206002](32706): [ME.conversationQuery,4,7,1]
02-03 17:56:44.655 I/dvm_gc_madvise_info(26892): [2740224,126976]
02-03 17:56:46.317 I/dvm_gc_info(32706): [7594245893398787701,-8923171997382293446,-3998768723374802899,7890818]
02-03 17:56:46.357 I/dvm_gc_info(32706): [7594245893398893624,-9155107378191873990,-3998768723374802899,7890809]
02-03 17:56:46.427 I/dvm_gc_info(32706): [7594245893398853160,-9028725113648797638,-3998768723374802899,7890818]
02-03 17:56:46.677 I/[206002](32706): [ME.conversationQuery,3,5,1]
02-03 17:56:47.108 I/google_http_request(32706): [414,200,Android-GmailProvider/171,1]
02-03 17:56:47.278 I/[206002](32706): [MS.handleQueryResponse,34,117,5]
02-03 17:56:47.288 I/[206002](32706): [ME.conversationQuery,3,5,1]
02-03 17:56:49.200 I/am_create_activity(26892): [1083515736,18,com.google.android.gm/.HtmlConversationActivity,NULL,NULL,NULL,0]
02-03 17:56:49.210 I/am_pause_activity(26892): [1081650040,com.google.android.gm/.ConversationListActivity]
02-03 17:56:49.220 I/binder_sample(32706): [android.app.IActivityManager,3,24,com.google.android.gm,4]
02-03 17:56:49.280 I/am_on_paused_called(32706): com.google.android.gm.ConversationListActivity
02-03 17:56:49.280 I/am_restart_activity(26892): [1083515736,18,com.google.android.gm/.HtmlConversationActivity]
02-03 17:56:49.320 I/[206002](32706): [ME.messageConversationIdQuery,4,13,1]
02-03 17:56:49.390 I/db_sample(32706): [/data/data/com.google.android.gm/databases/webview.db,PRAGMA user_version;,0,,1]
02-03 17:56:49.480 I/am_on_resume_called(32706): com.google.android.gm.HtmlConversationActivity
02-03 17:56:49.500 I/[206002](32706): [ME.conversationQuery,4,6,1]
02-03 17:56:49.620 I/binder_sample(32706): [android.view.IWindowSession,8,34,com.google.android.gm,6]
02-03 17:56:49.760 I/activity_launch_time(26892): [1083515736,com.google.android.gm/.HtmlConversationActivity,477,477]
02-03 17:56:49.790 I/dvm_gc_info(32706): [7594245893398791808,-8923734672407414722,-3998768723374802899,8173387]
02-03 17:56:50.031 I/google_http_request(32706): [671,200,Android-GmailProvider/171,1]
02-03 17:56:50.141 I/db_sample(32706): [/data/data/com.google.android.gm/databases/XX@YY,COMMIT;INSERT OR REPLACE  INTO server_preferences(value, _id, na,28,,6]
02-03 17:56:50.511 I/dvm_gc_info(32706): [7594245893398931014,-8974400168248907716,-3999331673328224211,8173387]
02-03 17:56:50.511 I/db_sample(32706): [/data/data/com.google.android.gm/databases/XX@YY,SELECT * FROM
02-03 17:56:50.511 I/db_sample(32706):   conversation_labels
02-03 17:56:50.511 I/db_sample(32706):   INNER JOIN conversations
02-03 17:56:50.511 I/db_sample(32706):  ,52,,11]
02-03 17:56:50.511 I/[206002](32706): [ME.conversationQuery,5,59,1]
02-03 17:56:50.511 I/content_query_sample(32706): [content://gmail-ls/conversations/decidel@gmail.com,_id/subject/snippet/fromAddress/date/personalLevel/labelIds/numMessages/maxMessageId/hasAttachments/hasMessagesWithErrors/forceAllUnread,label:^t,,61,,13]
02-03 17:56:51.112 I/google_http_request(32706): [575,200,Android-GmailProvider/171,1]
02-03 17:56:51.392 I/[206002](32706): [ME.messageMessageIdQuery,1,1,1]
02-03 17:56:51.402 I/db_sample(32706): [/data/data/com.google.android.gm/databases/XX@YY,INSERT INTO messages ('_id', 'messageId', 'conversation', 'fromA,0,,1]
02-03 17:56:51.422 I/[206002](32706): [ME.messageMessageIdQuery,0,1,1]
02-03 17:56:51.432 I/[206002](32706): [ME.messageMessageIdQuery,0,1,1]
02-03 17:56:52.283 I/db_sample(32706): [/data/data/com.google.android.gm/databases/XX@YY,COMMIT;DELETE FROM conversations_to_fetch WHERE _id in (SELECT m,829,,100]
02-03 17:56:52.293 I/[206002](32706): [MS.handleConversation,91,971,3]
02-03 17:56:52.353 I/db_sample(32706): [/data/data/com.google.android.gm/databases/XX@YY,SELECT * FROM
02-03 17:56:52.353 I/db_sample(32706):   conversation_labels
02-03 17:56:52.353 I/db_sample(32706):   INNER JOIN conversations
02-03 17:56:52.353 I/db_sample(32706):  ,16,,4]
02-03 17:56:52.353 I/[206002](32706): [ME.conversationQuery,23,1030,1]
02-03 17:56:52.353 I/content_query_sample(32706): [content://gmail-ls/conversations/decidel@gmail.com,_id/subject/snippet/fromAddress/date/personalLevel/labelIds/numMessages/maxMessageId/hasAttachments/hasMessagesWithErrors/forceAllUnread,label:^t,,1032,,100]
02-03 17:56:52.363 I/[206002](32706): [ME.messageConversationIdQuery,3,3,1]
02-03 17:56:52.383 I/[206002](32706): [ME.conversationQuery,4,15,1]
02-03 17:56:52.443 I/dvm_gc_info(32706): [7594245893398861424,-9015776852352845762,-3998768723374802899,8165193]
02-03 17:56:52.443 I/[206002](32706): [HCA.messageIteration,47,72,3]
02-03 17:56:52.463 I/[206002](32706): [HCA.conversationBuilder,9,18,3]
02-03 17:56:52.473 I/[206002](32706): [HCA.buildConv,61,103,1]
02-03 17:56:52.653 I/dvm_gc_info(32706): [7594245893398832766,-9021687689408038850,-3998487248398092243,8165193]
02-03 17:56:52.803 I/dvm_gc_info(27015): [7017575181484881505,-8951601038833461191,-4002709373048752083,7739105]
02-03 17:56:52.883 I/[206002](32706): [HCA.webviewRender,33,418,1]
02-03 17:56:52.883 I/content_query_sample(32706): [content://com.android.contacts/data,_id/data1/contact_presence/contact_id/photo_id,mimetype='vnd.android.cursor.item/email_v2' AND data1 IN (?,?),,221,,45]
02-03 17:56:54.765 I/force_gc(31152): bg
02-03 17:56:54.815 I/dvm_gc_info(31152): [3346293774832837958,-9050399030587168713,-4004398222909016019,7358131]
02-03 17:56:56.327 I/browser_double_tap_duration(32706): [685,90782124]
02-03 17:56:56.947 I/dvm_gc_info(27104): [8315180330336200425,-8919792579339339719,-3993983648770721747,8583206]
02-03 17:56:57.658 I/dvm_gc_madvise_info(32706): [360448,126976]
02-03 17:56:57.818 I/dvm_gc_madvise_info(27015): [253952,126976]
02-03 17:56:59.870 I/dvm_gc_madvise_info(31152): [241664,126976]
02-03 17:57:02.012 I/dvm_gc_madvise_info(27104): [1437696,126976]
02-03 17:57:02.563 I/battery_level(26892): [99,4133,370]
02-03 17:57:03.434 I/power_sleep_requested(26892): 0
02-03 17:57:03.674 I/power_screen_state(26892): [0,2,0,0]
02-03 17:57:03.704 I/power_screen_broadcast_send(26892): 1
02-03 17:57:03.704 I/screen_toggled(26892): 0
02-03 17:57:03.704 I/am_pause_activity(26892): [1083515736,com.google.android.gm/.HtmlConversationActivity]
02-03 17:57:03.704 I/am_on_paused_called(32706): com.google.android.gm.HtmlConversationActivity
02-03 17:57:03.784 I/power_screen_broadcast_done(26892): [0,79,1]
02-03 17:57:03.834 I/am_create_service(26892): [1086135336,com.google.android.gsf/.loginservice.GoogleLoginService,act=android.accounts.AccountAuthenticator,26998]
02-03 17:57:03.964 I/dvm_gc_info(26998): [7449358886915634832,-8956385288619190208,-4001583473141909459,7358131]
02-03 17:57:03.984 I/am_destroy_service(26892): [1086135336,com.google.android.gsf/.loginservice.GoogleLoginService,26998]
02-03 17:57:32.429 I/battery_level(26892): [99,4120,360]
02-03 17:57:32.559 I/db_sample(26998): [/data/data/com.google.android.gsf/databases/talk.db,COMMIT;INSERT INTO s2dRmqIds(rmq_id) VALUES(?);,111,,23]
02-03 17:57:32.619 I/c2dm    (26998): [3,0:1328313452166358%62cfc3ee62cfc3ee,92,20]
02-03 17:57:33.059 I/dvm_gc_info(27507): [7453298398306088941,-8907679601000245088,-3965554676122945491,7882576]
02-03 17:57:33.649 I/dvm_gc_info(27507): [7453298398305822758,-8894450277094860646,-3967243525983209427,7882576]
02-03 17:57:34.280 I/dvm_gc_info(27507): [7453298398305781576,-8909649925837219675,-3963865826262681555,7882576]
02-03 17:57:34.650 I/dvm_gc_madvise_info(26998): [401408,126976]
02-03 17:57:34.830 I/dvm_gc_info(27507): [7453298398306121532,-8913309100534445904,-3961051076495574995,7882576]
02-03 17:57:34.900 I/db_sample(27507): [/data/data/com.google.android.apps.googlevoice/databases/model.db,INSERT INTO conversation_labels(label, conversation_id) VALUES(?,0,,1]
02-03 17:57:35.111 I/dvm_gc_info(27507): [7453298398305822366,-8925131049556289353,-3958799276681889747,7882576]
02-03 17:57:35.371 I/dvm_gc_info(27507): [7453298398306105170,-8918375650115233619,-3961614026448996307,7882576]
02-03 17:57:35.611 I/notification_cancel(26892): [com.google.android.apps.googlevoice,1001,0]
02-03 17:57:35.611 I/notification_enqueue(26892): [com.google.android.apps.googlevoice,1001,Notification(vibrate=default,sound=,defaults=0x2,flags=0x1)]
02-03 17:57:35.941 I/dvm_gc_info(27507): [7453298398305785889,-8904583376256411475,-3961895501425706963,7882576]
02-03 17:57:35.951 I/db_sample(27507): [/data/data/com.google.android.apps.googlevoice/databases/model.db,COMMIT;INSERT INTO labels(data, label) VALUES(?, ?);,933,,100]
02-03 17:57:36.442 I/dvm_gc_info(27507): [7453298398306134053,-8883754227979839324,-3964147301239392211,7882576]
02-03 17:57:36.852 I/dvm_gc_info(27507): [7453298398306097134,-8905990751139981150,-3964710251192813523,7882576]
02-03 17:57:37.113 I/dvm_gc_info(27507): [7453298398306088781,-8918938600068671324,-3964428776216102867,7882576]
02-03 17:57:37.653 I/dvm_gc_info(27507): [7453298398305781792,-8896983551885240157,-3964428776216102867,7882576]
02-03 17:57:37.793 I/content_query_sample(27507): [content://com.android.contacts/phone_lookup/+19137446943,_id/lookup,,,20,,5]
02-03 17:57:38.094 I/dvm_gc_info(27507): [7453298398306093049,-8909931400813930336,-3965273201146234835,7882576]
02-03 17:57:38.574 I/dvm_gc_info(27507): [7453298398305781679,-8904864851233138523,-3963865826262681555,7882576]
02-03 17:57:50.429 I/battery_level(26892): [98,4115,360]
02-03 17:58:40.429 I/battery_level(26892): [97,4101,350]
02-03 17:58:40.489 I/dvm_gc_madvise_info(27507): [1241088,126976]
02-03 17:59:21.429 I/battery_level(26892): [96,4097,350]
02-03 17:59:22.360 I/c2dm    (26998): [-4,NULL,21,92]
02-03 17:59:23.581 I/db_sample(26998): [/data/data/com.google.android.gsf/databases/talk.db,COMMIT;INSERT INTO s2dRmqIds(rmq_id) VALUES(?);,1218,,100]
02-03 17:59:23.581 I/content_update_sample(26998): [content://com.google.android.providers.talk/s2dids,insert,,1226,,100]
02-03 17:59:23.581 I/c2dm    (26998): [3,0:1328313557351057%e7a71353bf887fab,93,-1]
02-03 17:59:23.641 I/am_create_service(26892): [1083679952,com.google.android.gsf/.subscribedfeeds.SubscribedFeedsIntentService,act=com.google.android.c2dm.intent.RECEIVE cat=[com.google.android.gsf.subscribedfeeds],26998]
02-03 17:59:23.651 I/tickle  (26998): gmail-ls
02-03 17:59:23.661 I/am_destroy_service(26892): [1083679952,com.google.android.gsf/.subscribedfeeds.SubscribedFeedsIntentService,26998]
02-03 17:59:23.671 I/sync    (26892): [gmail-ls,0,0,-1565529355]
02-03 17:59:23.681 I/am_create_service(26892): [1086228528,com.google.android.gm/.provider.MailSyncAdapterService,act=android.content.SyncAdapter,32706]
02-03 17:59:23.731 I/db_sample(32706): [/data/data/com.google.android.gm/databases/XX@YY,COMMIT;INSERT OR REPLACE  INTO sync_settings(value, name) VALUES,33,,7]
02-03 17:59:24.112 I/google_http_request(32706): [369,200,Android-GmailProvider/171,1]
02-03 17:59:24.202 I/db_sample(32706): [/data/data/com.google.android.gm/databases/XX@YY,BEGIN EXCLUSIVE;,1,,1]
02-03 17:59:24.602 I/db_sample(32706): [/data/data/com.google.android.gm/databases/XX@YY,SELECT COUNT(*) FROM messages WHERE messageId = ?,0,,1]
02-03 17:59:24.852 I/dvm_gc_info(32706): [7594245893398939254,-8923734397512730562,-3998487248398092243,8165193]
02-03 17:59:24.852 I/[206002](32706): [ME.conversationQuery,12,80,1]
02-03 17:59:25.303 I/google_http_request(32706): [403,200,Android-GmailProvider/171,1]
02-03 17:59:25.433 I/[206002](32706): [ME.messageMessageIdQuery,2,3,1]
02-03 17:59:25.603 I/[206002](32706): [MS.handleConversation,89,214,1]
02-03 17:59:25.703 I/dvm_gc_info(32706): [7594245893398930980,-9030131938709354434,-3998487248398092243,8165193]
02-03 17:59:25.703 I/[206002](32706): [ME.conversationQuery,4,5,1]
02-03 17:59:25.753 I/am_create_service(26892): [1082997448,com.google.android.gm/.MailIntentService,act=android.intent.action.PROVIDER_CHANGED dat=content://gmail-ls/unread/^i,32706]
02-03 17:59:25.773 I/notification_enqueue(26892): [com.google.android.gm,-1565531841,Notification(vibrate=null,sound=content://settings/system/notification_sound,defaults=0x4,flags=0x1)]
02-03 17:59:25.783 I/am_destroy_service(26892): [1082997448,com.google.android.gm/.MailIntentService,32706]
02-03 17:59:25.863 I/db_sample(32706): [/data/data/com.google.android.gm/databases/XX@YY,INSERT OR REPLACE  INTO engine_settings(value, name) VALUES(?, ?,103,,21]
02-03 17:59:25.873 I/am_create_service(26892): [1082891016,com.google.android.gm/.MailIntentService,act=android.intent.action.PROVIDER_CHANGED dat=content://gmail-ls/unread/^iim,32706]
02-03 17:59:25.883 I/am_destroy_service(26892): [1082891016,com.google.android.gm/.MailIntentService,32706]
02-03 17:59:25.983 I/[206002](32706): [ME.conversationQuery,5,10,1]
02-03 17:59:25.993 I/sync_details(32706): [Gmail,1318,1570,M1L2C1A1S2]
02-03 17:59:25.993 I/sync    (26892): [gmail-ls,1,0,-1565529355]
02-03 17:59:25.993 I/am_destroy_service(26892): [1086228528,com.google.android.gm/.provider.MailSyncAdapterService,32706]
02-03 17:59:26.003 I/notification_cancel(26892): [android,447577556,0]
02-03 17:59:30.738 I/dvm_gc_madvise_info(32706): [466944,126976]
02-03 17:59:30.888 I/force_gc(26987): bg
02-03 17:59:31.459 I/dvm_gc_info(26987): [7809652345806017779,-9061095285743192011,-3992857748863879123,8624174]
02-03 17:59:35.429 I/battery_level(26892): [96,4094,360]
02-03 17:59:35.609 I/c2dm    (26998): [3,0:1328313575048791%62cfc3ee62cfc3ee,94,21]
02-03 17:59:36.099 I/dvm_gc_info(27507): [7453298398306105299,-8902050101466031966,-3964710251192813523,7882576]
02-03 17:59:53.750 I/dvm_gc_madvise_info(26987): [278528,126976]
02-03 18:00:02.029 I/battery_level(26892): [95,4088,360]
02-03 18:00:11.449 I/dvm_gc_madvise_info(27507): [774144,126976]
02-03 18:00:42.429 I/battery_level(26892): [95,4080,370]
02-03 18:00:52.429 I/battery_level(26892): [94,4076,370]
02-03 18:00:59.831 I/force_gc(27507): bg
02-03 18:01:00.052 I/dvm_gc_info(27507): [7453298398306662223,-8920908924905645921,-3965554676122945491,7882576]
02-03 18:01:05.036 I/force_gc(27015): bg
02-03 18:01:05.127 I/dvm_gc_info(27015): [7017575181485184554,-9028725182468982728,-4003272323002173395,7739105]
02-03 18:01:05.137 I/dvm_gc_madvise_info(27507): [1654784,126976]
02-03 18:01:15.469 I/dvm_gc_madvise_info(27015): [417792,126976]
02-03 18:01:32.429 I/battery_level(26892): [93,4066,380]
02-03 18:02:23.429 I/battery_level(26892): [92,4062,380]
02-03 18:02:33.429 I/battery_level(26892): [92,4058,390]
02-03 18:03:04.429 I/battery_level(26892): [91,4051,390]
02-03 18:03:23.549 I/db_sample(26998): [/data/data/com.google.android.gsf/databases/talk.db,COMMIT;INSERT INTO s2dRmqIds(rmq_id) VALUES(?);,111,,23]
02-03 18:03:23.549 I/c2dm    (26998): [3,0:1328313803397753%62cfc3ee62cfc3ee,95,-1]
02-03 18:03:24.099 I/dvm_gc_info(27507): [7453298398306109321,-8899235351698925405,-3964710251192813523,7882576]
02-03 18:03:24.389 I/dvm_gc_info(26892): [8320808730291677087,-8905993913007724427,-3973154500494133203,8570920]
02-03 18:03:24.639 I/dvm_gc_info(27507): [7453298398306097110,-8911338775697483615,-3965273201146234835,7882576]
02-03 18:03:25.330 I/dvm_gc_info(27507): [7453298398305781665,-8904301901279717210,-3963865826262681555,7882576]
02-03 18:03:55.429 I/battery_level(26892): [90,4039,390]
02-03 18:04:17.382 I/dvm_gc_madvise_info(26892): [2846720,126976]
02-03 18:04:18.413 I/dvm_gc_madvise_info(27507): [1249280,126976]
02-03 18:04:20.549 I/db_sample(26998): [/data/data/com.google.android.gsf/databases/talk.db,COMMIT;INSERT INTO s2dRmqIds(rmq_id) VALUES(?);,97,,20]
02-03 18:04:20.559 I/c2dm    (26998): [3,0:1328313860265835%62cfc3ee62cfc3ee,96,-1]
02-03 18:04:20.989 I/dvm_gc_info(27507): [7453298398306097039,-8907961075976955742,-3964710251192813523,7882576]
02-03 18:04:21.349 I/dvm_gc_info(27507): [7453298398305789990,-8894450277094856548,-3966680576029788115,7882576]
02-03 18:04:21.950 I/dvm_gc_info(27507): [7453298398305785641,-8912183200627611479,-3962739926355838931,7882576]
02-03 18:04:22.530 I/dvm_gc_info(27507): [7453298398306158437,-8909931400813913936,-3961051076495574995,7882576]
02-03 18:04:23.051 I/dvm_gc_info(27507): [7453298398305781805,-8887976352630499166,-3964710251192813523,7882576]
02-03 18:04:23.271 I/notification_cancel(26892): [com.google.android.apps.googlevoice,1001,0]
02-03 18:04:23.281 I/notification_enqueue(26892): [com.google.android.apps.googlevoice,1001,Notification(vibrate=default,sound=,defaults=0x2,flags=0x1)]
02-03 18:04:23.631 I/dvm_gc_info(27507): [7453298398305781792,-8902331576442742622,-3964710251192813523,7882576]
02-03 18:04:24.102 I/dvm_gc_info(27507): [7453298398305781644,-8903738951326295895,-3962739926355838931,7882576]
02-03 18:04:24.472 I/dvm_gc_info(27507): [7453298398306101203,-8910212875790640990,-3964991726169524179,7882576]
02-03 18:04:24.902 I/dvm_gc_info(27507): [7453298398305785889,-8906272226116691807,-3965273201146234835,7882576]
02-03 18:04:25.383 I/dvm_gc_info(27507): [7453298398306109345,-8898672401745504092,-3964147301239392211,7882576]
02-03 18:04:25.853 I/dvm_gc_info(27507): [7453298398305781793,-8903457476349585245,-3964710251192813523,7882576]
02-03 18:04:35.429 I/battery_level(26892): [89,4029,400]
02-03 18:05:26.429 I/battery_level(26892): [88,4025,400]
02-03 18:05:26.979 I/dvm_gc_madvise_info(27507): [770048,126976]
02-03 18:05:36.429 I/battery_level(26892): [88,4027,380]
02-03 18:05:40.479 I/db_sample(26998): [/data/data/com.google.android.gsf/databases/talk.db,COMMIT;INSERT INTO s2dRmqIds(rmq_id) VALUES(?);,42,,9]
02-03 18:05:40.479 I/c2dm    (26998): [3,0:1328313939771200%62cfc3ee62cfc3ee,97,-1]
02-03 18:05:40.779 I/dvm_gc_info(27507): [7453298398305740833,-8904020426303006559,-3964991726169524179,7882576]
02-03 18:05:41.189 I/dvm_gc_info(27507): [7453298398306101081,-8904020426303006556,-3964428776216102867,7882576]
02-03 18:05:46.609 I/dvm_gc_info(27507): [7453298398306084764,-8921753349835777887,-3965273201146234835,7882576]
02-03 18:05:56.549 I/dvm_gc_info(27507): [7453298398305781660,-8901768626489321307,-3963865826262681555,7882576]
02-03 18:06:06.439 I/battery_level(26892): [87,4031,380]
02-03 18:06:14.469 I/db_sample(26998): [/data/data/com.google.android.gsf/databases/talk.db,COMMIT;INSERT INTO s2dRmqIds(rmq_id) VALUES(?);,31,,7]
02-03 18:06:14.469 I/c2dm    (26998): [3,0:1328313974237514%62cfc3ee62cfc3ee,98,-1]
02-03 18:06:14.849 I/dvm_gc_info(27507): [7453298398306097097,-8911057300720772958,-3964710251192813523,7882576]
02-03 18:06:15.249 I/dvm_gc_info(27507): [7453298398305794086,-8893605852164724580,-3966399101053077459,7882576]
02-03 18:06:15.589 I/db_sample(27507): [/data/data/com.google.android.apps.googlevoice/databases/model.db,INSERT INTO conversations(data, conversation_id) VALUES(?, ?);,0,,1]
02-03 18:06:15.649 I/db_sample(27507): [/data/data/com.google.android.apps.googlevoice/databases/model.db,INSERT INTO conversations(data, conversation_id) VALUES(?, ?);,0,,1]
02-03 18:06:15.870 I/dvm_gc_info(27507): [7453298398305789749,-8911057300720764759,-3962739926355838931,7882576]
02-03 18:06:16.490 I/dvm_gc_info(27507): [7453298398305781595,-8908524025930360653,-3959925176588732371,7882576]
02-03 18:06:16.760 I/db_sample(27507): [/data/data/com.google.android.apps.googlevoice/databases/model.db,COMMIT;INSERT INTO labels(data, label) VALUES(?, ?);,224,,45]
02-03 18:06:16.961 I/dvm_gc_info(27507): [7453298398306121774,-8887131927700367198,-3964710251192813523,7882576]
02-03 18:06:17.161 I/notification_cancel(26892): [com.google.android.apps.googlevoice,1001,0]
02-03 18:06:17.181 I/notification_enqueue(26892): [com.google.android.apps.googlevoice,1001,Notification(vibrate=default,sound=,defaults=0x2,flags=0x1)]
02-03 18:06:17.441 I/dvm_gc_info(27507): [7453298398305785888,-8910775825744062304,-3965273201146234835,7882576]
02-03 18:06:18.002 I/dvm_gc_info(27507): [7453298398305777584,-8895857651978397532,-3964147301239392211,7882576]
02-03 18:06:18.372 I/dvm_gc_info(27507): [7453298398306092986,-8909931400813930334,-3964710251192813523,7882576]
02-03 18:06:18.802 I/dvm_gc_info(27507): [7453298398305785888,-8908242550953666399,-3965273201146234835,7882576]
02-03 18:06:19.323 I/dvm_gc_info(27507): [7453298398305781690,-8896702076908529499,-3964147301239392211,7882576]
02-03 18:06:24.729 I/db_sample(26998): [/data/data/com.google.android.gsf/databases/talk.db,COMMIT;INSERT INTO s2dRmqIds(rmq_id) VALUES(?);,101,,21]
02-03 18:06:24.739 I/dvm_gc_info(27507): [7453298398306125756,-8911338775697483615,-3964991726169524179,7882576]
02-03 18:06:24.749 I/c2dm    (26998): [3,0:1328313984389801%62cfc3ee62cfc3ee,99,-1]
02-03 18:06:25.359 I/dvm_gc_info(27507): [7453298398305785888,-8905427801186559839,-3965273201146234835,7882576]
02-03 18:06:25.890 I/dvm_gc_info(27507): [7453298398305777592,-8895294702024976220,-3964147301239392211,7882576]
02-03 18:06:48.609 I/battery_level(26892): [86,4035,380]
02-03 18:07:29.459 I/dvm_gc_madvise_info(27507): [585728,126976]
02-03 18:07:42.410 I/force_gc(27150): bg
02-03 18:07:42.440 I/dvm_gc_info(27150): [7882817126543758398,-9128086192929195983,-4006087072769279955,7358131]
02-03 18:08:07.469 I/c2dm    (26998): [3,0:1328314087082447%62cfc3ee62cfc3ee,100,-1]
02-03 18:08:07.679 I/dvm_gc_info(27507): [7453298398306072430,-8925412524533016415,-3965273201146234835,7882576]
02-03 18:08:08.169 I/dvm_gc_info(27507): [7453298398305785724,-8899516826675636055,-3962739926355838931,7882576]
02-03 18:08:09.439 I/dvm_gc_madvise_info(27150): [339968,126976]
02-03 18:09:11.489 I/dvm_gc_madvise_info(27507): [651264,126976]
02-03 18:09:18.609 I/c2dm    (26998): [3,0:1328314157941918%62cfc3ee62cfc3ee,101,-1]
02-03 18:09:18.919 I/dvm_gc_info(27507): [7453298398306088881,-8917531225185118046,-3964991726169524179,7882576]
02-03 18:09:19.229 I/c2dm    (26998): [3,0:1328314158650860%62cfc3ee62cfc3ee,102,-1]
02-03 18:09:19.249 I/c2dm    (26998): [-4,NULL,22,102]
02-03 18:09:19.389 I/dvm_gc_info(27507): [7453298398305781684,-8905146326209849178,-3963584351285970899,7882576]
02-03 18:09:19.809 I/dvm_gc_info(27507): [7453298398306105283,-8903176001372874589,-3964428776216102867,7882576]
02-03 18:09:20.050 I/db_sample(27507): [/data/data/com.google.android.apps.googlevoice/databases/model.db,INSERT INTO conversations(data, conversation_id) VALUES(?, ?);,0,,1]
02-03 18:09:20.350 I/dvm_gc_info(27507): [7453298398305843234,-8896139126955112287,-3964991726169524179,7882576]
02-03 18:09:20.860 I/db_sample(27507): [/data/data/com.google.android.apps.googlevoice/databases/model.db,INSERT INTO conversations(data, conversation_id) VALUES(?, ?);,5,,2]
02-03 18:09:20.991 I/dvm_gc_info(27507): [7453298398305781578,-8911620250674186068,-3961895501425706963,7882576]
02-03 18:09:21.191 I/db_sample(27507): [/data/data/com.google.android.apps.googlevoice/databases/model.db,INSERT INTO conversations(data, conversation_id) VALUES(?, ?);,0,,1]
02-03 18:09:21.431 I/db_sample(27507): [/data/data/com.google.android.apps.googlevoice/databases/model.db,INSERT INTO conversation_labels(label, conversation_id) VALUES(?,0,,1]
02-03 18:09:21.711 I/dvm_gc_info(27507): [7453298398305822596,-8911057300720756556,-3959643701612021715,7882576]
02-03 18:09:22.292 I/dvm_gc_info(27507): [7453298398305781795,-8892761427234563920,-3961051076495574995,7882576]
02-03 18:09:22.382 I/notification_cancel(26892): [com.google.android.apps.googlevoice,1001,0]
02-03 18:09:22.402 I/notification_enqueue(26892): [com.google.android.apps.googlevoice,1001,Notification(vibrate=default,sound=,defaults=0x2,flags=0x1)]
02-03 18:09:22.402 I/binder_sample(26949): [android.view.IWindowSession,4,13,com.android.systemui,2]
02-03 18:09:22.422 I/db_sample(27507): [/data/data/com.google.android.apps.googlevoice/databases/model.db,COMMIT;INSERT INTO labels(data, label) VALUES(?, ?);,938,,100]
02-03 18:09:22.722 I/dvm_gc_info(27507): [7453298398306162726,-8902894526396163935,-3964991726169524179,7882576]
02-03 18:09:23.203 I/dvm_gc_info(27507): [7453298398306113432,-8900924201559189339,-3963865826262681555,7882576]
02-03 18:09:23.543 I/dvm_gc_info(27507): [7453298398306092971,-8912746150581036894,-3964710251192813523,7882576]
02-03 18:09:24.003 I/dvm_gc_info(27507): [7453298398305777697,-8904301901279717215,-3964991726169524179,7882576]
02-03 18:09:24.484 I/dvm_gc_info(27507): [7453298398306113436,-8898109451792082780,-3964147301239392211,7882576]
02-03 18:09:24.564 I/content_query_sample(27507): [content://com.android.contacts/phone_lookup/+19137446943,_id/lookup,,,18,,4]
02-03 18:09:24.954 I/dvm_gc_info(27507): [7453298398306105322,-8907116651046823774,-3964991726169524179,7882576]
02-03 18:09:25.375 I/dvm_gc_info(27507): [7453298398305785889,-8907961075976955744,-3965273201146234835,7882573]
02-03 18:09:25.935 I/dvm_gc_info(27507): [7453298398305781689,-8898109451792082780,-3964147301239392211,7882573]
02-03 18:10:56.429 I/battery_level(26892): [86,4049,370]
02-03 18:10:56.469 I/dvm_gc_madvise_info(27507): [913408,126976]
02-03 18:11:36.429 I/battery_level(26892): [86,4045,360]
02-03 18:12:35.429 I/battery_level(26892): [86,4042,350]
02-03 18:12:35.499 I/content_update_sample(26998): [content://com.google.android.providers.talk/s2dids,insert,,56,,12]
02-03 18:12:35.509 I/db_sample(26998): [/data/data/com.google.android.gsf/databases/talk.db,BEGIN EXCLUSIVE;,0,,1]
02-03 18:12:35.539 I/c2dm    (26998): [3,0:1328314355104084%62cfc3ee62cfc3ee,103,22]
02-03 18:12:35.959 I/dvm_gc_info(27507): [7453298398306101206,-8908805500907087709,-3964710251192813523,7882576]
02-03 18:12:37.609 I/dvm_gc_info(27507): [7453298398305785889,-8905146326209849183,-3964991726169524179,7882576]
02-03 18:12:47.559 I/dvm_gc_info(27507): [7453298398306166685,-8897546501838661468,-3964147301239392211,7882576]
02-03 18:13:08.972 I/db_sample(26998): [/data/data/com.google.android.gsf/databases/talk.db,INSERT INTO s2dRmqIds(rmq_id) VALUES(?);,1,,1]
02-03 18:13:09.632 I/db_sample(26998): [/data/data/com.google.android.gsf/databases/talk.db,COMMIT;INSERT INTO s2dRmqIds(rmq_id) VALUES(?);,648,,100]
02-03 18:13:09.632 I/content_update_sample(26998): [content://com.google.android.providers.talk/s2dids,insert,,660,,100]
02-03 18:13:09.632 I/c2dm    (26998): [3,0:1328314389028523%62cfc3ee62cfc3ee,104,-1]
02-03 18:13:10.062 I/dvm_gc_info(27507): [7453298398306097097,-8909368450860509021,-3964710251192813523,7882576]
02-03 18:13:10.363 I/dvm_gc_info(27507): [7453298398306092879,-8915560900348143452,-3964147301239392211,7882576]
02-03 18:13:10.903 I/dvm_gc_info(27507): [7453298398305785832,-8895576177001686874,-3963865826262681555,7882576]
02-03 18:13:11.454 I/dvm_gc_info(27507): [7453298398305785657,-8913027625557735246,-3960206651565443027,7882576]
02-03 18:13:11.584 I/db_sample(27507): [/data/data/com.google.android.apps.googlevoice/databases/model.db,INSERT INTO conversation_labels(label, conversation_id) VALUES(?,0,,1]
02-03 18:13:12.024 I/dvm_gc_info(27507): [7453298398305781807,-8890228152444180318,-3964710251192813523,7882576]
02-03 18:13:12.375 I/notification_cancel(26892): [com.google.android.apps.googlevoice,1001,0]
02-03 18:13:12.395 I/notification_enqueue(26892): [com.google.android.apps.googlevoice,1001,Notification(vibrate=default,sound=,defaults=0x2,flags=0x1)]
02-03 18:13:12.555 I/dvm_gc_info(27507): [7453298398305785779,-8903457476349585241,-3963584351285970899,7882576]
02-03 18:13:13.005 I/dvm_gc_info(27507): [7453298398306097069,-8904864851233138525,-3964428776216102867,7882576]
02-03 18:13:13.476 I/dvm_gc_info(27507): [7453298398305781793,-8903176001372874590,-3964710251192813523,7882576]
02-03 18:13:13.856 I/dvm_gc_info(27507): [7453298398306096993,-8907961075976955738,-3963584351285970899,7882576]
02-03 18:13:14.236 I/dvm_gc_info(27507): [7453298398306097120,-8908805500907087709,-3964710251192813523,7882576]
02-03 18:13:14.647 I/dvm_gc_info(27507): [7453298398305777696,-8908524025930377055,-3964991726169524179,7882576]
02-03 18:13:15.177 I/dvm_gc_info(27507): [7453298398305781686,-8897546501838661467,-3963865826262681555,7882576]
02-03 18:13:15.338 I/dvm_gc_info(26892): [8320808730291922679,-8910497512635094924,-3973154500494133203,8570923]
02-03 18:13:26.429 I/am_create_service(26892): [1087459240,com.google.android.gsf/.checkin.EventLogService,,26998]
02-03 18:13:26.449 I/aggregation(26998): 1328314406463
02-03 18:13:26.529 I/am_destroy_service(26892): [1087459240,com.google.android.gsf/.checkin.EventLogService,26998]
02-03 18:14:00.119 I/dvm_gc_madvise_info(27507): [933888,126976]
02-03 18:14:09.449 I/dvm_gc_madvise_info(26892): [2854912,126976]
02-03 18:14:40.429 I/battery_level(26892): [86,4035,360]
02-03 18:15:40.429 I/battery_level(26892): [85,4022,370]
02-03 18:16:41.429 I/battery_level(26892): [84,4019,360]
02-03 18:17:16.489 I/dvm_gc_info(26949): [8320808730291627638,-8923453541179176905,-4001301998165198803,7878465]
02-03 18:17:45.859 I/dvm_gc_madvise_info(26949): [299008,126976]
02-03 18:18:36.429 I/battery_level(26892): [84,4015,350]
02-03 18:18:50.074 I/force_gc(27507): bg
02-03 18:18:50.234 I/dvm_gc_info(27507): [7453298398306363112,-9010980917453051743,-3965273201146234835,7882576]
02-03 18:19:43.419 I/dvm_gc_madvise_info(27507): [1658880,126976]
02-03 18:21:35.200 I/am_create_service(26892): [1079209072,com.google.android.apps.maps/com.google.googlenav.prefetch.android.PrefetcherService,,28405]
02-03 18:22:35.315 I/c2dm    (26998): [3,0:1328314940358469%62cfc3ee62cfc3ee,105,-1]
02-03 18:22:35.905 I/dvm_gc_info(27507): [7453298398305785788,-8897546501838657371,-3963865826262681555,7882576]
02-03 18:22:44.789 I/dvm_gc_info(27507): [7453298398305785890,-8900361251605763933,-3964428776216102867,7882576]
02-03 18:22:55.539 I/dvm_gc_info(27507): [7453298398306142052,-8916405325278275419,-3964147301239392211,7882576]
02-03 18:23:15.429 I/am_destroy_service(26892): [1079209072,com.google.android.apps.maps/com.google.googlenav.prefetch.android.PrefetcherService,28405]
02-03 18:23:35.569 I/dvm_gc_madvise_info(27507): [1253376,126976]
02-03 18:23:45.619 I/force_gc(28405): bg
02-03 18:23:45.649 I/dvm_gc_info(28405): [3345437233799877698,-9121611855996872644,-4002990848025462739,7358131]
02-03 18:23:55.429 I/battery_level(26892): [84,4032,340]
02-03 18:24:46.811 I/battery_level(26892): [84,4031,350]
02-03 18:24:46.831 I/dvm_gc_madvise_info(28405): [245760,126976]
02-03 18:25:00.064 I/binder_sample(26949): [android.app.IActivityManager,16,6,com.android.systemui,1]
02-03 18:25:47.811 I/battery_level(26892): [84,4022,360]
02-03 18:26:49.271 I/force_gc(27015): bg
02-03 18:26:49.301 I/dvm_gc_info(27015): [7017575181484947001,-9012681108796471240,-4003272323002173395,7739105]
02-03 18:27:49.811 I/battery_level(26892): [83,4008,360]
02-03 18:27:59.971 I/dvm_gc_madvise_info(27015): [446464,126976]
02-03 18:29:50.811 I/battery_level(26892): [82,4003,360]
02-03 18:31:42.811 I/battery_level(26892): [82,4005,350]
02-03 18:32:34.811 I/battery_level(26892): [82,4007,340]
02-03 18:34:26.811 I/battery_level(26892): [82,3997,330]
