02-03 18:36:08.831 I/binder_sample(26949): [android.app.IActivityManager,16,14,com.android.systemui,2]
02-03 18:38:30.811 I/battery_level(26892): [82,3999,320]
02-03 18:39:31.811 I/battery_level(26892): [82,4003,330]
02-03 18:43:14.811 I/battery_level(26892): [81,3989,330]
02-03 18:43:26.572 I/am_create_service(26892): [1085888040,com.google.android.gsf/.checkin.EventLogService,,26998]
02-03 18:43:26.592 I/aggregation(26998): 1328316206600
02-03 18:43:26.622 I/db_sample(26998): [/data/data/com.google.android.gsf/databases/gservices.db,SELECT name, value FROM main WHERE name LIKE ?,1,,1]
02-03 18:43:26.632 I/am_destroy_service(26892): [1085888040,com.google.android.gsf/.checkin.EventLogService,26998]
02-03 18:44:16.811 I/battery_level(26892): [80,3981,330]
02-03 18:45:27.811 I/battery_level(26892): [79,3970,330]
02-03 18:46:18.811 I/battery_level(26892): [78,3964,330]
02-03 18:46:28.811 I/battery_level(26892): [78,3961,340]
02-03 18:47:00.811 I/battery_level(26892): [77,3956,340]
02-03 18:47:51.811 I/battery_level(26892): [76,3952,340]
02-03 18:48:01.931 I/dvm_gc_info(26892): [8320808730291681196,-8892483114125612940,-3973717450447554515,8587303]
02-03 18:48:32.811 I/battery_level(26892): [76,3948,350]
02-03 18:49:02.811 I/battery_level(26892): [75,3943,350]
02-03 18:49:03.351 I/dvm_gc_madvise_info(26892): [2740224,126976]
02-03 18:49:44.811 I/battery_level(26892): [74,3939,350]
02-03 18:50:35.271 I/c2dm    (26998): [-7,NULL,23,105]
02-03 18:50:35.811 I/c2dm    (26998): [8,NULL,106,-1]
02-03 18:50:56.811 I/battery_level(26892): [73,3933,350]
02-03 18:51:35.202 I/am_create_service(26892): [1087328912,com.google.android.apps.maps/com.google.googlenav.prefetch.android.PrefetcherService,,28405]
02-03 18:52:12.845 I/force_gc(28405): bg
02-03 18:52:12.925 I/dvm_gc_info(28405): [3345437233800066110,-9129774630321481668,-4002990848025462739,7358131]
02-03 18:52:13.115 I/am_create_service(26892): [1086911232,com.facebook.katana/.service.FacebookService,act=com.facebook.katana.service.18,29475]
02-03 18:52:14.557 I/content_update_sample(29475): [content://com.facebook.katana.provider.CacheProvider/cache/name/notifications_history,update,,40,,9]
02-03 18:52:14.807 I/am_destroy_service(26892): [1086911232,com.facebook.katana/.service.FacebookService,29475]
02-03 18:52:15.107 I/am_destroy_service(26892): [1087328912,com.google.android.apps.maps/com.google.googlenav.prefetch.android.PrefetcherService,28405]
02-03 18:52:47.821 I/dvm_gc_madvise_info(28405): [245760,126976]
02-03 18:52:48.001 I/force_gc(29475): bg
02-03 18:52:48.031 I/dvm_gc_info(29475): [7737593596605511255,-8976931587193919422,-4000457573235066835,7358133]
02-03 18:53:37.831 I/dvm_gc_madvise_info(29475): [1224704,126976]
02-03 18:53:37.881 I/c2dm    (26998): [3,0:1328316812465968%62cfc3ee62cfc3ee,107,-1]
02-03 18:53:38.471 I/dvm_gc_info(27507): [7453298398305789984,-8897827976815368028,-3964147301239392211,7882576]
02-03 18:54:27.851 I/c2dm    (26998): [3,0:1328316862284801%62cfc3ee62cfc3ee,108,-1]
02-03 18:54:28.101 I/dvm_gc_info(27507): [7453298398306084787,-8915560900348139358,-3964991726169524179,7882576]
02-03 18:54:28.541 I/dvm_gc_info(27507): [7453298398306101136,-8901205676535895898,-3963865826262681555,7882576]
02-03 18:54:28.881 I/dvm_gc_info(27507): [7453298398306088868,-8912746150581032797,-3964710251192813523,7882576]
02-03 18:54:29.292 I/dvm_gc_info(27507): [7453298398305794086,-8891635527327745891,-3966117626076366803,7882576]
02-03 18:54:29.472 I/db_sample(27507): [/data/data/com.google.android.apps.googlevoice/databases/model.db,INSERT INTO conversations(data, conversation_id) VALUES(?, ?);,15,,4]
02-03 18:54:29.902 I/dvm_gc_info(27507): [7453298398305785675,-8909649925837215576,-3963021401332549587,7882576]
02-03 18:54:30.072 I/db_sample(27507): [/data/data/com.google.android.apps.googlevoice/databases/model.db,INSERT INTO conversations(data, conversation_id) VALUES(?, ?);,3,,1]
02-03 18:54:30.423 I/db_sample(27507): [/data/data/com.google.android.apps.googlevoice/databases/model.db,INSERT INTO conversation_labels(label, conversation_id) VALUES(?,0,,1]
02-03 18:54:30.533 I/dvm_gc_info(27507): [7453298398305785717,-8907961075976939343,-3960769601518864339,7882576]
02-03 18:54:30.833 I/dvm_gc_info(27507): [7453298398306154390,-8921190399882340179,-3961614026448996307,7882576]
02-03 18:54:30.833 I/db_sample(27507): [/data/data/com.google.android.apps.googlevoice/databases/model.db,COMMIT;INSERT INTO labels(data, label) VALUES(?, ?);,289,,58]
02-03 18:54:31.293 I/dvm_gc_info(27507): [7453298398306121765,-8885724552816809818,-3963584351285970899,7882576]
02-03 18:54:31.303 I/notification_cancel(26892): [com.google.android.apps.googlevoice,1001,0]
02-03 18:54:31.324 I/notification_enqueue(26892): [com.google.android.apps.googlevoice,1001,Notification(vibrate=default,sound=,defaults=0x2,flags=0x1)]
02-03 18:54:31.374 I/binder_sample(26949): [android.app.IActivityManager,12,8,com.android.systemui,1]
02-03 18:54:31.824 I/dvm_gc_info(27507): [7453298398306142206,-8905990751139977053,-3964428776216102867,7882576]
02-03 18:54:32.094 I/dvm_gc_info(27507): [7453298398306084685,-8918657125091956571,-3964147301239392211,7882576]
02-03 18:54:32.625 I/dvm_gc_info(27507): [7453298398305785888,-8896983551885236060,-3964147301239392211,7882576]
02-03 18:54:32.975 I/dvm_gc_info(27507): [7453298398306088924,-8911901725650900830,-3964710251192813523,7882576]
02-03 18:54:33.335 I/db_sample(27015): [/data/data/com.android.providers.contacts/databases/contacts2.db,SELECT contacts_view._id AS _id, contacts_view.lookup AS lookup ,0,,1]
02-03 18:54:33.335 I/content_query_sample(27507): [content://com.android.contacts/phone_lookup/+19137446943,_id/lookup,,,22,,5]
02-03 18:54:33.355 I/db_sample(27015): [/data/data/com.android.providers.contacts/databases/contacts2.db,SELECT contacts_view._id AS _id, contacts_view.lookup AS lookup ,1,,1]
02-03 18:54:33.496 I/dvm_gc_info(27507): [7453298398305781693,-8904583376256423770,-3963584351285970899,7882576]
02-03 18:54:41.211 I/dvm_gc_info(27507): [7453298398306101201,-8901487151512610653,-3964710251192813523,7882573]
02-03 18:55:04.777 I/dvm_gc_madvise_info(27507): [761856,126976]
02-03 18:55:21.811 I/force_gc(27507): bg
02-03 18:55:21.931 I/dvm_gc_info(27507): [7453298398306203481,-8920345974952220511,-3965273201146234835,7882576]
02-03 18:56:17.811 I/power_screen_state(26892): [1,3,0,0]
02-03 18:56:17.811 I/power_screen_broadcast_send(26892): 1
02-03 18:56:17.811 I/screen_toggled(26892): 1
02-03 18:56:17.831 I/am_resume_activity(26892): [1083515736,18,com.google.android.gm/.HtmlConversationActivity]
02-03 18:56:17.831 I/am_on_resume_called(32706): com.google.android.gm.HtmlConversationActivity
02-03 18:56:17.941 I/power_screen_broadcast_done(26892): [1,127,1]
02-03 18:56:17.941 I/notification_cancel(26892): [com.android.phone,111,0]
02-03 18:56:18.511 I/dvm_gc_madvise_info(27507): [1654784,126976]
02-03 18:56:23.055 I/power_screen_state(26892): [0,3,0,0]
02-03 18:56:23.065 I/power_screen_broadcast_send(26892): 1
02-03 18:56:23.065 I/screen_toggled(26892): 0
02-03 18:56:23.065 I/am_pause_activity(26892): [1083515736,com.google.android.gm/.HtmlConversationActivity]
02-03 18:56:23.065 I/am_on_paused_called(32706): com.google.android.gm.HtmlConversationActivity
02-03 18:56:23.115 I/power_screen_broadcast_done(26892): [0,52,1]
02-03 18:57:45.271 I/force_gc(27015): bg
02-03 18:57:45.331 I/dvm_gc_info(27015): [7017575181485081966,-9055465305256499144,-4003272323002173395,7739105]
02-03 18:58:27.811 I/battery_level(26892): [72,3920,360]
02-03 18:58:40.503 I/dvm_gc_madvise_info(27015): [462848,126976]
02-03 18:59:19.811 I/battery_level(26892): [71,3901,360]
02-03 18:59:30.811 I/battery_level(26892): [71,3894,370]
02-03 19:00:00.821 I/battery_level(26892): [70,3881,370]
02-03 19:00:30.811 I/battery_level(26892): [70,3874,360]
02-03 19:00:51.811 I/battery_level(26892): [69,3874,360]
02-03 19:01:31.811 I/battery_level(26892): [68,3874,350]
02-03 19:02:12.811 I/battery_level(26892): [67,3875,350]
02-03 19:03:03.811 I/battery_level(26892): [66,3882,350]
02-03 19:04:34.811 I/battery_level(26892): [66,3896,360]
02-03 19:05:26.811 I/battery_level(26892): [66,3896,370]
02-03 19:06:27.811 I/battery_level(26892): [66,3884,360]
02-03 19:07:18.811 I/battery_level(26892): [65,3876,360]
02-03 19:07:59.811 I/battery_level(26892): [64,3873,360]
02-03 19:13:26.831 I/am_create_service(26892): [1083110672,com.google.android.gsf/.checkin.EventLogService,,26998]
02-03 19:13:26.841 I/aggregation(26998): 1328318006857
02-03 19:13:26.891 I/am_destroy_service(26892): [1083110672,com.google.android.gsf/.checkin.EventLogService,26998]
02-03 19:15:09.931 I/dvm_gc_info(26892): [8320808730291656607,-8895297863892719500,-3973998925424265171,8583207]
02-03 19:15:29.811 I/battery_level(26892): [64,3879,370]
02-03 19:15:40.231 I/dvm_gc_madvise_info(26892): [2777088,126976]
02-03 19:18:03.811 I/battery_level(26892): [63,3867,370]
02-03 19:21:28.811 I/battery_level(26892): [63,3862,380]
02-03 19:21:29.881 I/am_create_service(26892): [1085291272,com.google.android.apps.maps/com.google.googlenav.prefetch.android.PrefetcherService,,28405]
02-03 19:21:49.811 I/battery_level(26892): [62,3861,380]
02-03 19:22:22.523 I/c2dm    (26998): [-7,NULL,24,108]
02-03 19:22:22.663 I/c2dm    (26998): [8,NULL,109,-1]
02-03 19:23:01.101 I/am_destroy_service(26892): [1085291272,com.google.android.apps.maps/com.google.googlenav.prefetch.android.PrefetcherService,28405]
02-03 19:23:51.811 I/force_gc(28405): bg
02-03 19:23:51.851 I/dvm_gc_info(28405): [3345437233799935035,-9134278229948852164,-4002990848025462739,7358131]
02-03 19:24:42.811 I/battery_level(26892): [61,3854,380]
02-03 19:24:53.241 I/dvm_gc_madvise_info(28405): [245760,126976]
02-03 19:26:34.811 I/power_screen_state(26892): [1,3,0,0]
02-03 19:26:34.811 I/power_screen_broadcast_send(26892): 1
02-03 19:26:34.811 I/screen_toggled(26892): 1
02-03 19:26:34.821 I/am_resume_activity(26892): [1083515736,18,com.google.android.gm/.HtmlConversationActivity]
02-03 19:26:34.821 I/am_on_resume_called(32706): com.google.android.gm.HtmlConversationActivity
02-03 19:26:34.931 I/notification_cancel(26892): [com.android.phone,111,0]
02-03 19:26:34.941 I/power_screen_broadcast_done(26892): [1,126,1]
02-03 19:26:40.716 I/notification_cancel(26892): [com.android.phone,111,0]
02-03 19:26:40.916 I/screen_toggled(26892): 2
02-03 19:26:40.996 I/c2dm    (26998): [-4,NULL,25,109]
02-03 19:26:45.250 I/am_pause_activity(26892): [1083515736,com.google.android.gm/.HtmlConversationActivity]
02-03 19:26:45.250 I/am_on_paused_called(32706): com.google.android.gm.HtmlConversationActivity
02-03 19:26:46.091 I/connectivity_state_changed(26892): 3136
02-03 19:26:46.301 I/notification_cancel(26892): [com.android.phone,7,0]
02-03 19:26:46.311 I/notification_cancel(26892): [com.android.phone,7,0]
02-03 19:26:46.311 I/notification_cancel(26892): [com.android.phone,7,0]
02-03 19:26:46.311 I/notification_cancel(26892): [com.android.phone,7,0]
02-03 19:26:46.311 I/notification_cancel(26892): [com.android.phone,7,0]
02-03 19:26:46.311 I/notification_cancel(26892): [com.android.phone,7,0]
02-03 19:26:46.321 I/am_proc_start(26892): [504,10034,com.google.android.apps.uploader,broadcast,com.google.android.apps.uploader/.ConnectivityBroadcastReceiver]
02-03 19:26:46.331 I/notification_cancel(26892): [com.android.phone,7,0]
02-03 19:26:46.331 I/notification_cancel(26892): [com.android.phone,7,0]
02-03 19:26:46.421 I/dvm_gc_madvise_info(  504): [364544,126976]
02-03 19:26:46.552 I/binder_sample(28405): [android.net.IConnectivityManager,3,36,com.google.android.apps.maps,7]
02-03 19:26:46.562 I/notification_cancel(26892): [com.android.phone,111,0]
02-03 19:26:46.582 I/notification_cancel(26892): [com.android.phone,111,0]
02-03 19:26:46.582 I/am_proc_bound(26892): [504,com.google.android.apps.uploader]
02-03 19:26:46.742 I/dvm_gc_info(26963): [8099846449757517506,-8919230041803364291,-4000739048211777491,7857918]
02-03 19:26:46.832 I/notification_cancel(26892): [com.android.phone,7,0]
02-03 19:26:46.842 I/notification_cancel(26892): [com.android.phone,7,0]
02-03 19:26:46.842 I/notification_cancel(26892): [com.android.phone,7,0]
02-03 19:26:46.842 I/notification_cancel(26892): [com.android.phone,7,0]
02-03 19:26:46.842 I/notification_cancel(26892): [com.android.phone,7,0]
02-03 19:26:46.852 I/notification_cancel(26892): [com.android.phone,7,0]
02-03 19:26:46.852 I/notification_cancel(26892): [com.android.phone,7,0]
02-03 19:26:46.852 I/notification_cancel(26892): [com.android.phone,7,0]
02-03 19:26:46.862 I/notification_cancel(26892): [com.android.phone,7,0]
02-03 19:26:46.862 I/notification_cancel(26892): [com.android.phone,7,0]
02-03 19:26:47.032 I/dvm_gc_info(26892): [8320808730291681163,-8902334738310485898,-3972873025517422547,8583209]
02-03 19:26:47.062 I/am_kill (26892): [28706,com.google.android.googlequicksearchbox,14,too many background]
02-03 19:26:47.072 I/am_create_service(26892): [1087456184,com.google.android.gsf/.checkin.CheckinService,,26998]
02-03 19:26:47.242 I/cdma_service_state_change(26963): [0,3]
02-03 19:26:47.292 I/notification_cancel(26892): [com.android.phone,111,0]
02-03 19:26:47.482 I/notification_cancel(26892): [com.android.phone,111,0]
02-03 19:26:47.522 I/notification_cancel(26892): [com.android.phone,7,0]
02-03 19:26:47.532 I/notification_cancel(26892): [com.android.phone,7,0]
02-03 19:26:47.532 I/notification_cancel(26892): [com.android.phone,7,0]
02-03 19:26:47.532 I/notification_cancel(26892): [com.android.phone,7,0]
02-03 19:26:47.532 I/notification_cancel(26892): [com.android.phone,7,0]
02-03 19:26:47.532 I/notification_cancel(26892): [com.android.phone,7,0]
02-03 19:26:47.532 I/notification_cancel(26892): [com.android.phone,7,0]
02-03 19:26:47.532 I/notification_cancel(26892): [com.android.phone,7,0]
02-03 19:26:47.542 I/notification_cancel(26892): [com.android.phone,7,0]
02-03 19:26:47.542 I/notification_cancel(26892): [com.android.phone,7,0]
02-03 19:26:47.603 I/binder_sample(27150): [android.app.IActivityManager,16,390,android.process.media,78]
02-03 19:26:47.643 I/am_proc_died(26892): [28706,com.google.android.googlequicksearchbox]
02-03 19:26:47.673 I/content_query_sample(26892): [content://telephony/carriers/preferapn,apn,,name ASC,761,,100]
02-03 19:26:47.673 I/gtalk_conn_close(26998): [1,20082]
02-03 19:26:47.673 I/gtalk_connection(26998): 65796
02-03 19:26:47.683 I/am_destroy_service(26892): [1087456184,com.google.android.gsf/.checkin.CheckinService,26998]
02-03 19:26:47.903 I/dvm_gc_info(26998): [7449358886915638923,-8971021987408144321,-4001864948118620115,7358131]
02-03 19:26:47.943 I/db_sample(27015): [/data/data/com.android.providers.contacts/databases/contacts2.db,COMMIT;UPDATE presence SET mode=? WHERE protocol=? AND im_accoun,31,,7]
02-03 19:26:48.103 I/binder_sample(27104): [com.android.internal.telephony.ITelephony,56,515,com.android.settings,100]
02-03 19:26:51.827 I/dvm_gc_madvise_info(26963): [577536,126976]
02-03 19:26:52.107 I/dvm_gc_madvise_info(26892): [2752512,126976]
02-03 19:26:52.958 I/dvm_gc_madvise_info(26998): [421888,126976]
02-03 19:26:56.401 I/dvm_gc_info(27104): [8315180330336233189,-8920355529292756934,-3993702173794011091,8583206]
02-03 19:26:58.393 I/am_kill (26892): [28405,com.google.android.apps.maps,10,unmount media]
02-03 19:26:58.613 I/dvm_gc_info(26892): [8320808730291934894,-8922319461656942475,-3973998925424265171,8583206]
02-03 19:26:58.633 I/am_proc_died(26892): [28405,com.google.android.apps.maps]
02-03 19:26:58.693 I/am_proc_start(26892): [515,10049,com.cooliris.media,broadcast,com.cooliris.media/com.cooliris.cache.BootReceiver]
02-03 19:26:58.703 I/dvm_gc_madvise_info(  515): [364544,126976]
02-03 19:26:58.723 I/am_proc_bound(26892): [515,com.cooliris.media]
02-03 19:26:58.823 I/dvm_gc_info(  515): [7882817126543754901,-8925143009665882065,-4006650022722697170,7358131]
02-03 19:26:58.874 I/dvm_gc_info(  515): [7882817126543709369,-9066724922951342033,-4006650022722701267,7358131]
02-03 19:27:00.755 I/notification_enqueue(26892): [com.android.systemui,17301626,Notification(vibrate=null,sound=null,defaults=0x0,flags=0x10)]
02-03 19:27:00.775 I/notification_cancel(26892): [com.android.systemui,17302205,0]
02-03 19:27:01.446 I/dvm_gc_madvise_info(27104): [1449984,126976]
02-03 19:27:03.678 I/dvm_gc_madvise_info(26892): [2801664,126976]
02-03 19:27:03.888 I/dvm_gc_madvise_info(  515): [413696,126976]
