02-03 16:28:40.536 I/am_destroy_service(26892): [1085514696,com.google.android.apps.googlevoice/.system.AndroidNotifier$ClearUnreadNotificationListenerService,27507]
02-03 16:28:44.019 I/dvm_gc_madvise_info(27507): [512000,126976]
02-03 16:28:44.390 I/force_gc(27507): bg
02-03 16:28:44.540 I/dvm_gc_info(27507): [7453298398306318150,-8910495450547418983,-3967243525983209427,7882573]
02-03 16:28:47.352 I/dvm_gc_info(27104): [8315180330336200342,-8925140603896870857,-3999613148304934867,8521607]
02-03 16:28:49.605 I/dvm_gc_madvise_info(27507): [606208,126976]
02-03 16:28:52.397 I/dvm_gc_madvise_info(27104): [1572864,126976]
02-03 16:28:52.838 I/binder_sample(26949): [android.content.pm.IPackageManager,10,12,com.android.systemui,2]
02-03 16:28:59.494 I/binder_sample(26963): [android.os.INetStatService,1,5,com.android.phone,1]
02-03 16:29:20.265 I/force_gc(27015): bg
02-03 16:29:20.335 I/dvm_gc_info(27015): [7017575181485118609,-9068695041512318921,-4003553797978884051,7739105]
02-03 16:29:25.390 I/dvm_gc_madvise_info(27015): [143360,126976]
02-03 16:29:25.540 I/c2dm    (26998): [3,0:1328308164960796%62cfc3ee62cfc3ee,71,-1]
02-03 16:29:43.067 I/binder_sample(26963): [com.android.internal.telephony.ITelephonyRegistry,13,13,com.android.phone,2]
02-03 16:29:45.169 I/menu_opened(26987): 0
02-03 16:29:46.340 I/menu_item_selected(26987): [0,Settings]
02-03 16:29:46.340 I/am_create_task(26892): 15
02-03 16:29:46.340 I/am_create_activity(26892): [1083234616,15,com.android.settings/.Settings,android.settings.SETTINGS,NULL,NULL,270532608]
02-03 16:29:46.340 I/am_pause_activity(26892): [1081107272,com.android.launcher/com.android.launcher2.Launcher]
02-03 16:29:46.380 I/am_on_paused_called(26987): com.android.launcher2.Launcher
02-03 16:29:46.390 I/am_restart_activity(26892): [1083234616,15,com.android.settings/.Settings]
02-03 16:29:46.480 I/am_on_resume_called(27104): com.android.settings.Settings
02-03 16:29:46.620 I/notification_cancel(26892): [com.android.phone,111,0]
02-03 16:29:46.630 I/binder_sample(26987): [android.view.IWindowSession,4,132,com.android.launcher,26]
02-03 16:29:46.740 I/activity_launch_time(26892): [1083234616,com.android.settings/.Settings,361,361]
02-03 16:29:46.750 I/dvm_gc_info(26949): [8320808730291693161,-8949630714013308874,-4001020523188488147,7878506]
02-03 16:29:49.413 I/battery_level(26892): [100,4150,370]
02-03 16:29:51.745 I/notification_cancel(26892): [com.android.phone,111,0]
02-03 16:29:51.775 I/dvm_gc_madvise_info(26949): [475136,126976]
02-03 16:29:53.847 I/dvm_gc_info(27104): [8315180330336228998,-8938932877755676616,-3999050198351513555,8521625]
02-03 16:29:58.342 I/force_gc(26987): bg
02-03 16:29:58.422 I/dvm_gc_info(26987): [7809652345805268053,-9085865083727288268,-3995109548677564371,8579112]
02-03 16:29:58.912 I/dvm_gc_madvise_info(27104): [1581056,126976]
02-03 16:30:03.447 I/dvm_gc_madvise_info(26987): [278528,126976]
02-03 16:30:05.809 I/am_create_activity(26892): [1083831392,15,com.android.settings/.WirelessSettings,android.intent.action.MAIN,NULL,NULL,0]
02-03 16:30:05.809 I/am_pause_activity(26892): [1083234616,com.android.settings/.Settings]
02-03 16:30:05.829 I/am_on_paused_called(27104): com.android.settings.Settings
02-03 16:30:05.849 I/am_restart_activity(26892): [1083831392,15,com.android.settings/.WirelessSettings]
02-03 16:30:05.889 I/am_on_resume_called(27104): com.android.settings.WirelessSettings
02-03 16:30:06.139 I/activity_launch_time(26892): [1083831392,com.android.settings/.WirelessSettings,300,300]
02-03 16:30:14.477 I/am_create_activity(26892): [1085102848,15,com.android.settings/.vpn.VpnSettings,android.intent.action.MAIN,NULL,NULL,0]
02-03 16:30:14.477 I/am_pause_activity(26892): [1083831392,com.android.settings/.WirelessSettings]
02-03 16:30:14.497 I/am_on_paused_called(27104): com.android.settings.WirelessSettings
02-03 16:30:14.497 I/am_restart_activity(26892): [1085102848,15,com.android.settings/.vpn.VpnSettings]
02-03 16:30:14.537 I/am_on_resume_called(27104): com.android.settings.vpn.VpnSettings
02-03 16:30:14.557 I/am_proc_start(26892): [31276,1000,com.android.server.vpn:remote,service,com.android.server.vpn/.VpnServiceBinder]
02-03 16:30:14.567 I/dvm_gc_madvise_info(31276): [368640,126976]
02-03 16:30:14.628 I/am_proc_bound(26892): [31276,com.android.server.vpn:remote]
02-03 16:30:14.628 I/am_create_service(26892): [1084303016,com.android.server.vpn/.VpnServiceBinder,act=android.net.vpn.SERVICE,31276]
02-03 16:30:14.798 I/activity_launch_time(26892): [1085102848,com.android.settings/.vpn.VpnSettings,303,303]
02-03 16:30:19.883 I/dvm_gc_info(26892): [8320808730291738497,-8899801463520089998,-3974561875377686483,8579111]
02-03 16:30:24.247 I/dvm_gc_info(27104): [8315180330336224916,-8924577653943420871,-3999613148304934867,8251250]
02-03 16:30:24.577 I/am_create_activity(26892): [1079253232,15,com.android.settings/.vpn.VpnTypeSelection,NULL,NULL,NULL,0]
02-03 16:30:24.587 I/am_pause_activity(26892): [1085102848,com.android.settings/.vpn.VpnSettings]
02-03 16:30:24.597 I/am_on_paused_called(27104): com.android.settings.vpn.VpnSettings
02-03 16:30:24.627 I/am_restart_activity(26892): [1079253232,15,com.android.settings/.vpn.VpnTypeSelection]
02-03 16:30:24.667 I/am_on_resume_called(27104): com.android.settings.vpn.VpnTypeSelection
02-03 16:30:24.908 I/dvm_gc_madvise_info(26892): [2957312,126976]
02-03 16:30:24.908 I/activity_launch_time(26892): [1079253232,com.android.settings/.vpn.VpnTypeSelection,303,303]
02-03 16:30:29.312 I/dvm_gc_madvise_info(27104): [1605632,126976]
02-03 16:30:49.401 I/battery_level(26892): [100,4170,360]
02-03 16:30:49.482 I/am_finish_activity(26892): [1079253232,15,com.android.settings/.vpn.VpnTypeSelection,app-request]
02-03 16:30:49.482 I/am_pause_activity(26892): [1079253232,com.android.settings/.vpn.VpnTypeSelection]
02-03 16:30:49.482 I/am_on_paused_called(27104): com.android.settings.vpn.VpnTypeSelection
02-03 16:30:49.482 I/am_resume_activity(26892): [1085102848,15,com.android.settings/.vpn.VpnSettings]
02-03 16:30:49.492 I/am_on_resume_called(27104): com.android.settings.vpn.VpnSettings
02-03 16:30:49.702 I/am_destroy_activity(26892): [1079253232,15,com.android.settings/.vpn.VpnTypeSelection]
02-03 16:30:50.563 I/am_create_activity(26892): [1081594408,15,com.android.settings/.vpn.VpnTypeSelection,NULL,NULL,NULL,0]
02-03 16:30:50.573 I/am_pause_activity(26892): [1085102848,com.android.settings/.vpn.VpnSettings]
02-03 16:30:50.583 I/am_on_paused_called(27104): com.android.settings.vpn.VpnSettings
02-03 16:30:50.593 I/am_restart_activity(26892): [1081594408,15,com.android.settings/.vpn.VpnTypeSelection]
02-03 16:30:50.603 I/am_on_resume_called(27104): com.android.settings.vpn.VpnTypeSelection
02-03 16:30:50.823 I/activity_launch_time(26892): [1081594408,com.android.settings/.vpn.VpnTypeSelection,235,235]
02-03 16:30:51.353 I/am_finish_activity(26892): [1081594408,15,com.android.settings/.vpn.VpnTypeSelection,app-request]
02-03 16:30:51.363 I/am_pause_activity(26892): [1081594408,com.android.settings/.vpn.VpnTypeSelection]
02-03 16:30:51.373 I/am_on_paused_called(27104): com.android.settings.vpn.VpnTypeSelection
02-03 16:30:51.383 I/am_resume_activity(26892): [1085102848,15,com.android.settings/.vpn.VpnSettings]
02-03 16:30:51.393 I/binder_sample(27104): [android.app.IActivityManager,19,16,com.android.settings,3]
02-03 16:30:51.393 I/am_create_activity(26892): [1081786936,15,com.android.settings/.vpn.VpnEditor,NULL,NULL,NULL,0]
02-03 16:30:51.393 I/am_pause_activity(26892): [1085102848,com.android.settings/.vpn.VpnSettings]
02-03 16:30:51.393 I/am_on_resume_called(27104): com.android.settings.vpn.VpnSettings
02-03 16:30:51.403 I/am_on_paused_called(27104): com.android.settings.vpn.VpnSettings
02-03 16:30:51.413 I/am_restart_activity(26892): [1081786936,15,com.android.settings/.vpn.VpnEditor]
02-03 16:30:51.453 I/am_on_resume_called(27104): com.android.settings.vpn.VpnEditor
02-03 16:30:51.714 I/activity_launch_time(26892): [1081786936,com.android.settings/.vpn.VpnEditor,305,305]
02-03 16:30:51.714 I/am_destroy_activity(26892): [1081594408,15,com.android.settings/.vpn.VpnTypeSelection]
02-03 16:31:10.722 I/dvm_gc_info(27104): [8315180330336188037,-8925985028826949573,-3998487248398092243,8251264]
02-03 16:31:15.747 I/dvm_gc_madvise_info(27104): [1605632,126976]
02-03 16:31:49.420 I/battery_level(26892): [100,4183,370]
02-03 16:31:52.123 I/dvm_gc_info(26963): [8099846449757488777,-8923733641430734787,-4000739048211777491,7857918]
02-03 16:31:57.168 I/dvm_gc_madvise_info(26963): [536576,126976]
02-03 16:32:20.230 I/notification_cancel(26892): [com.android.phone,111,0]
02-03 16:32:30.170 I/binder_sample(26963): [com.android.internal.telephony.ITelephonyRegistry,8,40,com.android.phone,8]
02-03 16:32:30.450 I/notification_cancel(26892): [com.android.phone,111,0]
02-03 16:32:35.525 I/notification_cancel(26892): [com.android.phone,111,0]
02-03 16:32:38.428 I/dvm_gc_info(27104): [8315180330336183991,-8922888804083148743,-3999050198351513555,8251264]
02-03 16:32:40.690 I/notification_cancel(26892): [com.android.phone,111,0]
02-03 16:32:43.493 I/dvm_gc_madvise_info(27104): [1613824,126976]
02-03 16:32:47.507 I/notification_cancel(26892): [com.android.phone,111,0]
02-03 16:33:06.285 I/notification_cancel(26892): [com.android.phone,111,0]
02-03 16:33:31.890 I/notification_cancel(26892): [com.android.phone,111,0]
02-03 16:33:42.150 I/notification_cancel(26892): [com.android.phone,111,0]
02-03 16:33:57.505 I/binder_sample(26892): [com.android.internal.telephony.IPhoneStateListener,9,14,system_server,2]
02-03 16:34:06.474 I/binder_sample(26949): [com.android.internal.statusbar.IStatusBarService,4,17,com.android.systemui,3]
02-03 16:34:07.735 I/notification_cancel(26892): [com.android.phone,111,0]
02-03 16:34:10.017 I/dvm_gc_info(27104): [8315180330336188066,-8924296178966702023,-3999050198351513555,8251262]
02-03 16:34:15.062 I/dvm_gc_madvise_info(27104): [1613824,126976]
02-03 16:34:17.935 I/notification_cancel(26892): [com.android.phone,111,0]
02-03 16:34:24.641 I/c2dm    (26998): [3,0:1328308463842457%62cfc3ee62cfc3ee,72,-1]
02-03 16:34:24.842 I/notification_cancel(26892): [com.google.android.apps.googlevoice,1001,0]
02-03 16:34:24.842 I/notification_enqueue(26892): [com.google.android.apps.googlevoice,1001,Notification(vibrate=default,sound=,defaults=0x2,flags=0x1)]
02-03 16:34:25.062 I/dvm_gc_info(26949): [8320808730291713685,-8924297966109341642,-4001583473141909459,7878473]
02-03 16:34:25.462 I/dvm_gc_info(27507): [7453298398306174791,-8907117750826887007,-3964991726169524179,7882573]
02-03 16:34:25.612 I/db_sample(27507): [/data/data/com.google.android.apps.googlevoice/databases/model.db,INSERT INTO conversations(data, conversation_id) VALUES(?, ?);,0,,1]
02-03 16:34:25.783 I/dvm_gc_info(27507): [7453298398306129476,-9052358838809573209,-3963302876309260243,7882573]
02-03 16:34:25.823 I/db_sample(27507): [/data/data/com.google.android.apps.googlevoice/databases/model.db,INSERT INTO conversation_labels(label, conversation_id) VALUES(?,0,,1]
02-03 16:34:25.853 I/db_sample(27507): [/data/data/com.google.android.apps.googlevoice/databases/model.db,INSERT INTO labels(data, label) VALUES(?, ?);,0,,1]
02-03 16:34:30.097 I/dvm_gc_madvise_info(26949): [376832,126976]
02-03 16:34:30.848 I/dvm_gc_madvise_info(27507): [512000,126976]
02-03 16:34:31.118 I/binder_sample(26963): [com.android.internal.telephony.ITelephonyRegistry,8,36,com.android.phone,7]
02-03 16:34:38.475 I/notification_cancel(26892): [com.android.phone,111,0]
02-03 16:34:43.530 I/notification_cancel(26892): [com.android.phone,111,0]
02-03 16:34:44.571 I/binder_sample(26963): [com.android.internal.telephony.ITelephonyRegistry,8,43,com.android.phone,8]
02-03 16:34:48.685 I/notification_cancel(26892): [com.android.phone,111,0]
02-03 16:34:51.808 I/notification_cancel(26892): [com.android.phone,111,0]
02-03 16:34:53.790 I/notification_cancel(26892): [com.android.phone,111,0]
02-03 16:35:07.493 I/force_gc(27507): bg
02-03 16:35:07.643 I/dvm_gc_info(27507): [7453298398306342648,-8916687900035053412,-3966680576029788115,7882573]
02-03 16:35:12.728 I/dvm_gc_madvise_info(27507): [606208,126976]
02-03 16:35:14.230 I/force_gc(27015): bg
02-03 16:35:14.300 I/dvm_gc_info(27015): [7017575181485110444,-9067287666628765641,-4003553797978884051,7739105]
02-03 16:35:19.335 I/dvm_gc_madvise_info(27015): [143360,126976]
02-03 16:35:20.406 I/binder_sample(26963): [com.android.internal.telephony.ITelephonyRegistry,8,42,com.android.phone,8]
02-03 16:35:27.603 I/c2dm    (26998): [3,0:1328308526983704%62cfc3ee62cfc3ee,73,-1]
02-03 16:35:33.138 I/binder_sample(26963): [com.android.internal.telephony.ITelephonyRegistry,13,12,com.android.phone,2]
02-03 16:35:34.239 I/dvm_gc_info(26963): [8099846449757533833,-8924296591384160195,-4000739048211777491,7857918]
02-03 16:35:39.274 I/dvm_gc_madvise_info(26963): [536576,126976]
02-03 16:35:40.986 I/dvm_gc_info(27104): [8315180330336183967,-8924577653943412679,-3999050198351513555,8251262]
02-03 16:35:45.030 I/notification_cancel(26892): [com.android.phone,111,0]
02-03 16:35:46.041 I/dvm_gc_madvise_info(27104): [1613824,126976]
02-03 16:35:50.095 I/notification_cancel(26892): [com.android.phone,111,0]
02-03 16:35:54.009 I/binder_sample(26963): [com.android.internal.telephony.ITelephonyRegistry,6,21,com.android.phone,4]
02-03 16:35:54.019 I/notification_cancel(26892): [com.android.phone,111,0]
02-03 16:36:03.538 I/binder_sample(26963): [com.android.internal.telephony.ITelephonyRegistry,13,15,com.android.phone,3]
02-03 16:36:05.520 I/notification_cancel(26892): [com.android.phone,111,0]
02-03 16:36:11.616 I/binder_sample(26963): [android.os.INetStatService,2,5,com.android.phone,1]
02-03 16:36:20.885 I/binder_sample(26963): [com.android.internal.telephony.ITelephonyRegistry,8,42,com.android.phone,8]
02-03 16:36:37.291 I/dvm_gc_info(26892): [8320808730291742602,-8896986713752983437,-3975406300307818451,8570916]
02-03 16:36:37.341 I/c2dm    (26998): [3,0:1328308596429790%62cfc3ee62cfc3ee,74,-1]
02-03 16:36:37.511 I/notification_cancel(26892): [com.google.android.apps.googlevoice,1001,0]
02-03 16:36:37.531 I/binder_sample(27507): [android.app.INotificationManager,7,25,com.google.android.apps.googlevoice,5]
02-03 16:36:37.531 I/notification_enqueue(26892): [com.google.android.apps.googlevoice,1001,Notification(vibrate=default,sound=,defaults=0x2,flags=0x1)]
02-03 16:36:37.982 I/dvm_gc_info(27507): [7453298398306273120,-8901488251292677986,-3965836151099656147,7882573]
02-03 16:36:38.082 I/dvm_gc_info(27507): [7453298398306149274,-9182118665600694112,-3965554676122945491,7882573]
02-03 16:36:38.422 I/dvm_gc_info(27507): [7453298398306117235,-8956094259302033246,-3964710251192813523,7882573]
02-03 16:36:38.622 I/dvm_gc_info(27507): [7453298398306104888,-9018018754178377565,-3964428776216102867,7882573]
02-03 16:36:38.892 I/dvm_gc_info(27507): [7453298398306117220,-8955249834371893081,-3963302876309260243,7882573]
02-03 16:36:39.003 I/dvm_gc_info(27507): [7453298398306161252,-9211673331946538838,-3962739926355838931,7882573]
02-03 16:36:39.223 I/db_sample(27507): [/data/data/com.google.android.apps.googlevoice/databases/model.db,INSERT INTO conversation_labels(label, conversation_id) VALUES(?,0,,1]
02-03 16:36:39.323 I/dvm_gc_info(27507): [7453298398306088615,-8922880005841401686,-3962458451379128275,7882573]
02-03 16:36:39.413 I/dvm_gc_info(27507): [7453298398306128468,-9216458062869346129,-3961332551472285651,7882573]
02-03 16:36:39.703 I/dvm_gc_info(27507): [7453298398306178720,-8921753762253289300,-3962176976402417619,7882573]
02-03 16:36:39.963 I/dvm_gc_info(27507): [7453298398306113322,-8921472287276578648,-3963021401332549587,7882573]
02-03 16:36:39.963 I/db_sample(27507): [/data/data/com.google.android.apps.googlevoice/databases/model.db,COMMIT;INSERT INTO labels(data, label) VALUES(?, ?);,490,,99]
02-03 16:36:40.344 I/dvm_gc_info(27507): [7453298398306125778,-8894169214535661409,-3965554676122945491,7882573]
02-03 16:36:40.504 I/dvm_gc_info(27507): [7453298398306059882,-8975234007828330335,-3965273201146234835,7882573]
02-03 16:36:41.865 I/db_sample(27507): [/data/data/com.google.android.apps.googlevoice/databases/model.actions.db,COMMIT;DELETE FROM actions,1880,,100]
02-03 16:36:41.975 I/dvm_gc_info(27507): [7453298398306092869,-8920627862346463075,-3966399101053077459,7882573]
02-03 16:36:42.336 I/dvm_gc_madvise_info(26892): [2932736,126976]
02-03 16:36:42.466 I/dvm_gc_info(27507): [7453298398306113405,-8902613463836981088,-3965273201146234835,7882573]
02-03 16:36:47.561 I/dvm_gc_madvise_info(27507): [573440,126976]
02-03 16:36:49.413 I/battery_level(26892): [100,4186,380]
02-03 16:36:54.498 I/force_gc(27507): bg
02-03 16:36:54.588 I/dvm_gc_info(27507): [7453298398306105009,-9065306000375740260,-3966680576029788115,7882573]
02-03 16:36:59.663 I/dvm_gc_madvise_info(27507): [1261568,126976]
02-03 16:37:09.522 I/dvm_gc_info(27104): [8315180330336224928,-8924577653943412679,-3999050198351513555,8251262]
02-03 16:37:12.946 I/force_gc(27015): bg
02-03 16:37:13.016 I/dvm_gc_info(27015): [7017575181485114540,-9067287666628765641,-4003553797978884051,7739105]
02-03 16:37:14.577 I/dvm_gc_madvise_info(27104): [1609728,126976]
02-03 16:37:16.880 I/binder_sample(26892): [com.android.internal.telephony.IPhoneStateListener,9,13,system_server,2]
02-03 16:37:18.061 I/dvm_gc_madvise_info(27015): [143360,126976]
02-03 16:37:19.142 I/binder_sample(26963): [com.android.internal.telephony.ITelephonyRegistry,8,42,com.android.phone,8]
02-03 16:37:54.977 I/binder_sample(26963): [com.android.internal.telephony.ITelephonyRegistry,8,41,com.android.phone,8]
02-03 16:38:15.146 I/binder_sample(26963): [com.android.internal.telephony.ITelephonyRegistry,8,47,com.android.phone,9]
02-03 16:38:23.254 I/binder_sample(26963): [android.os.INetStatService,2,5,com.android.phone,1]
02-03 16:38:24.105 I/binder_sample(26963): [com.android.internal.telephony.ITelephonyRegistry,8,44,com.android.phone,8]
02-03 16:38:48.609 I/dvm_gc_info(27104): [8315180330336188063,-8924577653943412679,-3999050198351513555,8251262]
02-03 16:38:53.664 I/dvm_gc_madvise_info(27104): [1613824,126976]
02-03 16:39:11.992 I/dvm_gc_info(26949): [8320808730291721854,-8925986815969605578,-4002427898072041427,7878447]
02-03 16:39:17.027 I/dvm_gc_madvise_info(26949): [380928,126976]
02-03 16:39:29.058 I/binder_sample(26949): [com.android.internal.statusbar.IStatusBarService,4,16,com.android.systemui,3]
02-03 16:40:29.527 I/dvm_gc_info(27104): [8315180330336224927,-8924577653943412679,-3999050198351513555,8251262]
02-03 16:40:31.790 I/binder_sample(26949): [com.android.internal.statusbar.IStatusBarService,4,20,com.android.systemui,4]
02-03 16:40:34.582 I/dvm_gc_madvise_info(27104): [1609728,126976]
02-03 16:40:58.676 I/binder_sample(26963): [com.android.internal.telephony.ITelephonyRegistry,8,46,com.android.phone,9]
02-03 16:41:12.109 I/binder_sample(26963): [com.android.internal.telephony.ITelephonyRegistry,8,30,com.android.phone,6]
02-03 16:41:14.451 I/binder_sample(26963): [android.os.INetStatService,2,5,com.android.phone,1]
02-03 16:41:36.723 I/binder_sample(26963): [android.os.INetStatService,1,18,com.android.phone,3]
02-03 16:41:47.954 I/binder_sample(26949): [com.android.internal.statusbar.IStatusBarService,4,24,com.android.systemui,4]
02-03 16:42:05.331 I/dvm_gc_info(27104): [8315180330336171680,-8924577653943412679,-3999050198351513555,8251262]
02-03 16:42:10.386 I/dvm_gc_madvise_info(27104): [1613824,126976]
02-03 16:42:41.917 I/c2dm    (26998): [3,0:1328308961192862%62cfc3ee62cfc3ee,75,-1]
02-03 16:42:42.567 I/dvm_gc_info(27507): [7453298398305781694,-8895858064395925344,-3965554676122945491,7882573]
02-03 16:42:46.201 I/binder_sample(26963): [com.android.internal.telephony.ITelephonyRegistry,8,45,com.android.phone,9]
02-03 16:42:47.652 I/dvm_gc_madvise_info(27507): [610304,126976]
02-03 16:43:18.392 I/am_pause_activity(26892): [1081786936,com.android.settings/.vpn.VpnEditor]
02-03 16:43:18.392 I/am_task_to_front(26892): 2
02-03 16:43:18.392 I/am_new_intent(26892): [1082891352,2,com.android.launcher/com.android.launcher2.Launcher,android.intent.action.MAIN,NULL,NULL,274726912]
02-03 16:43:18.402 I/am_on_paused_called(27104): com.android.settings.vpn.VpnEditor
02-03 16:43:18.412 I/am_resume_activity(26892): [1081107272,2,com.android.launcher/com.android.launcher2.Launcher]
02-03 16:43:18.422 I/am_on_resume_called(26987): com.android.launcher2.Launcher
02-03 16:43:18.823 I/menu_opened(26987): 0
02-03 16:43:18.883 I/binder_sample(26987): [android.view.IWindowSession,4,30,com.android.launcher,6]
02-03 16:43:19.734 I/menu_item_selected(26987): [0,Settings]
02-03 16:43:19.734 I/am_pause_activity(26892): [1081107272,com.android.launcher/com.android.launcher2.Launcher]
02-03 16:43:19.734 I/am_task_to_front(26892): 15
02-03 16:43:19.734 I/am_finish_activity(26892): [1085102848,15,com.android.settings/.vpn.VpnSettings,reset]
02-03 16:43:19.734 I/am_destroy_activity(26892): [1085102848,15,com.android.settings/.vpn.VpnSettings]
02-03 16:43:19.734 I/am_finish_activity(26892): [1081786936,15,com.android.settings/.vpn.VpnEditor,reset]
02-03 16:43:19.744 I/am_destroy_activity(26892): [1081786936,15,com.android.settings/.vpn.VpnEditor]
02-03 16:43:19.744 I/am_finish_activity(26892): [1083831392,15,com.android.settings/.WirelessSettings,reset]
02-03 16:43:19.744 I/am_destroy_activity(26892): [1083831392,15,com.android.settings/.WirelessSettings]
02-03 16:43:19.764 I/am_on_paused_called(26987): com.android.launcher2.Launcher
02-03 16:43:19.774 I/am_resume_activity(26892): [1083234616,15,com.android.settings/.Settings]
02-03 16:43:19.834 I/am_on_resume_called(27104): com.android.settings.Settings
02-03 16:43:23.117 I/am_create_activity(26892): [1079242912,15,com.android.phone/.CallFeaturesSetting,android.intent.action.MAIN,NULL,NULL,0]
02-03 16:43:23.117 I/am_pause_activity(26892): [1083234616,com.android.settings/.Settings]
02-03 16:43:23.127 I/am_on_paused_called(27104): com.android.settings.Settings
02-03 16:43:23.157 I/am_restart_activity(26892): [1079242912,15,com.android.phone/.CallFeaturesSetting]
02-03 16:43:23.207 I/am_on_resume_called(26963): com.android.phone.CallFeaturesSetting
02-03 16:43:23.457 I/activity_launch_time(26892): [1079242912,com.android.phone/.CallFeaturesSetting,318,318]
02-03 16:43:24.798 I/am_create_activity(26892): [1087097560,15,com.android.phone/.CdmaCallForwardOptions,android.intent.action.MAIN,NULL,NULL,0]
02-03 16:43:24.798 I/am_pause_activity(26892): [1079242912,com.android.phone/.CallFeaturesSetting]
02-03 16:43:24.808 I/am_on_paused_called(26963): com.android.phone.CallFeaturesSetting
02-03 16:43:24.818 I/am_restart_activity(26892): [1087097560,15,com.android.phone/.CdmaCallForwardOptions]
02-03 16:43:24.889 I/am_on_resume_called(26963): com.android.phone.CdmaCallForwardOptions
02-03 16:43:24.939 I/dvm_gc_info(26963): [8099846449757488740,-8941185089986754496,-3999050198351513555,7857942]
02-03 16:43:25.149 I/activity_launch_time(26892): [1087097560,com.android.phone/.CdmaCallForwardOptions,332,332]
02-03 16:43:25.589 I/am_create_service(26892): [1084306976,com.google.android.gsf/.checkin.EventLogService,,26998]
02-03 16:43:25.599 I/aggregation(26998): 1328309005613
02-03 16:43:25.629 I/dvm_gc_info(27104): [8315180330336233123,-8924296178966706119,-3999331673328224211,8251254]
02-03 16:43:25.759 I/am_destroy_service(26892): [1084306976,com.google.android.gsf/.checkin.EventLogService,26998]
02-03 16:43:26.520 I/binder_sample(26963): [com.android.internal.telephony.ITelephonyRegistry,8,38,com.android.phone,7]
02-03 16:43:29.984 I/dvm_gc_madvise_info(26963): [540672,126976]
02-03 16:43:30.154 I/am_finish_activity(26892): [1087097560,15,com.android.phone/.CdmaCallForwardOptions,app-request]
02-03 16:43:30.164 I/am_pause_activity(26892): [1087097560,com.android.phone/.CdmaCallForwardOptions]
02-03 16:43:30.164 I/am_on_paused_called(26963): com.android.phone.CdmaCallForwardOptions
02-03 16:43:30.164 I/am_resume_activity(26892): [1079242912,15,com.android.phone/.CallFeaturesSetting]
02-03 16:43:30.174 I/am_on_resume_called(26963): com.android.phone.CallFeaturesSetting
02-03 16:43:30.374 I/am_destroy_activity(26892): [1087097560,15,com.android.phone/.CdmaCallForwardOptions]
02-03 16:43:30.684 I/dvm_gc_madvise_info(27104): [1605632,126976]
02-03 16:43:32.336 I/am_create_activity(26892): [1083499384,15,com.android.phone/.CdmaCallForwardOptions,android.intent.action.MAIN,NULL,NULL,0]
02-03 16:43:32.336 I/am_pause_activity(26892): [1079242912,com.android.phone/.CallFeaturesSetting]
02-03 16:43:32.356 I/am_on_paused_called(26963): com.android.phone.CallFeaturesSetting
02-03 16:43:32.376 I/am_restart_activity(26892): [1083499384,15,com.android.phone/.CdmaCallForwardOptions]
02-03 16:43:32.396 I/am_on_resume_called(26963): com.android.phone.CdmaCallForwardOptions
02-03 16:43:32.636 I/activity_launch_time(26892): [1083499384,com.android.phone/.CdmaCallForwardOptions,259,259]
02-03 16:43:33.437 I/dvm_gc_info(26958): [7809651225003333047,-9039984044048111562,-3997361348491249619,8534049]
02-03 16:43:38.482 I/dvm_gc_madvise_info(26958): [557056,126976]
02-03 16:43:42.245 I/am_finish_activity(26892): [1083499384,15,com.android.phone/.CdmaCallForwardOptions,app-request]
02-03 16:43:42.245 I/am_pause_activity(26892): [1083499384,com.android.phone/.CdmaCallForwardOptions]
02-03 16:43:42.245 I/am_on_paused_called(26963): com.android.phone.CdmaCallForwardOptions
02-03 16:43:42.255 I/am_resume_activity(26892): [1079242912,15,com.android.phone/.CallFeaturesSetting]
02-03 16:43:42.255 I/am_on_resume_called(26963): com.android.phone.CallFeaturesSetting
02-03 16:43:42.306 I/am_destroy_activity(26892): [1083499384,15,com.android.phone/.CdmaCallForwardOptions]
02-03 16:43:49.953 I/am_pause_activity(26892): [1079242912,com.android.phone/.CallFeaturesSetting]
02-03 16:43:49.953 I/am_task_to_front(26892): 2
02-03 16:43:49.953 I/am_on_paused_called(26963): com.android.phone.CallFeaturesSetting
02-03 16:43:49.953 I/am_new_intent(26892): [1084441296,2,com.android.launcher/com.android.launcher2.Launcher,android.intent.action.MAIN,NULL,NULL,274726912]
02-03 16:43:49.963 I/am_resume_activity(26892): [1081107272,2,com.android.launcher/com.android.launcher2.Launcher]
02-03 16:43:49.983 I/am_on_resume_called(26987): com.android.launcher2.Launcher
02-03 16:43:53.296 I/binder_sample(26963): [android.os.INetStatService,1,8,com.android.phone,1]
02-03 16:43:55.348 I/force_gc(27104): bg
02-03 16:43:55.418 I/dvm_gc_info(27104): [8315180330336306796,-8969050700263737289,-4001020523188488147,8251230]
02-03 16:44:00.463 I/dvm_gc_madvise_info(27104): [1613824,126976]
02-03 16:44:05.078 I/force_gc(27507): bg
02-03 16:44:05.178 I/dvm_gc_info(27507): [7453298398306133713,-8979456132478990180,-3966680576029788115,7882573]
02-03 16:44:08.611 I/power_sleep_requested(26892): 1
02-03 16:44:08.841 I/power_screen_state(26892): [0,2,0,0]
02-03 16:44:08.861 I/power_screen_broadcast_send(26892): 1
02-03 16:44:08.861 I/screen_toggled(26892): 0
02-03 16:44:08.891 I/am_pause_activity(26892): [1081107272,com.android.launcher/com.android.launcher2.Launcher]
02-03 16:44:08.901 I/am_on_paused_called(26987): com.android.launcher2.Launcher
02-03 16:44:08.952 I/power_screen_broadcast_done(26892): [0,89,1]
02-03 16:44:09.022 I/am_create_service(26892): [1086507184,com.google.android.gsf/.loginservice.GoogleLoginService,act=android.accounts.AccountAuthenticator,26998]
02-03 16:44:09.112 I/am_destroy_service(26892): [1086507184,com.google.android.gsf/.loginservice.GoogleLoginService,26998]
02-03 16:44:09.212 I/dvm_gc_info(26892): [8320808730291685257,-8896986713752983436,-3973717450447554515,8570920]
02-03 16:44:10.253 I/dvm_gc_madvise_info(27507): [1261568,126976]
02-03 16:44:14.077 I/force_gc(27015): bg
02-03 16:44:14.157 I/dvm_gc_info(27015): [7017575181485130633,-9202677130426591177,-4003553797978884051,7739105]
02-03 16:44:14.247 I/dvm_gc_madvise_info(26892): [2867200,126976]
02-03 16:44:19.182 I/dvm_gc_madvise_info(27015): [143360,126976]
02-03 16:44:49.411 I/battery_level(26892): [100,4200,370]
02-03 16:46:47.326 I/c2dm    (26998): [-4,NULL,13,75]
02-03 16:46:47.386 I/c2dm    (26998): [3,0:1328309205102827%62cfc3ee62cfc3ee,76,-1]
02-03 16:46:47.937 I/dvm_gc_info(27507): [7453298398305785740,-8896983964302767965,-3964710251192813523,7882573]
02-03 16:46:48.097 I/dvm_gc_info(27507): [7453298398306059947,-8969604508294117216,-3965554676122945491,7882573]
02-03 16:46:48.457 I/dvm_gc_info(27507): [7453298398306080618,-8910213288208168802,-3966117626076366803,7882573]
02-03 16:46:48.757 I/dvm_gc_info(27507): [7453298398306072312,-8914716887835539296,-3965273201146234835,7882573]
02-03 16:46:49.128 I/dvm_gc_info(27507): [7453298398306138098,-8900924613976721251,-3966399101053077459,7882573]
02-03 16:46:49.748 I/dvm_gc_info(27507): [7453298398305789785,-8910213288208160601,-3963302876309260243,7882573]
02-03 16:46:50.139 I/dvm_gc_info(27507): [7453298398306137825,-8918376062532761428,-3961895501425706963,7882573]
02-03 16:46:50.439 I/dvm_gc_info(27507): [7453298398306101051,-8920346387369736023,-3963021401332549587,7882573]
02-03 16:46:50.839 I/dvm_gc_info(27507): [7453298398306109431,-8891072989791844192,-3965554676122945491,7882573]
02-03 16:46:50.930 I/dvm_gc_info(27507): [7453298398306087555,-9212517000777889627,-3963865826262681555,7882573]
02-03 16:46:50.970 I/notification_cancel(26892): [com.google.android.apps.googlevoice,1001,0]
02-03 16:46:50.990 I/notification_enqueue(26892): [com.google.android.apps.googlevoice,1001,Notification(vibrate=default,sound=,defaults=0x2,flags=0x1)]
02-03 16:46:51.150 I/dvm_gc_info(26949): [8320808730291684987,-8925705340992907211,-4002146423095330771,7878456]
02-03 16:46:51.360 I/dvm_gc_info(27507): [7453298398306121637,-8918094175138543459,-3966399101053077459,7882573]
02-03 16:46:51.790 I/dvm_gc_info(27507): [7453298398306097033,-8904301901279721311,-3964991726169524179,7882573]
02-03 16:46:52.191 I/dvm_gc_info(27507): [7453298398306088929,-8907398126023538530,-3965836151099656147,7882573]
02-03 16:46:52.621 I/dvm_gc_info(27507): [7453298398305777696,-8907116651046827875,-3966117626076366803,7882573]
02-03 16:46:53.102 I/dvm_gc_info(27507): [7453298398305781638,-8900361251605772124,-3964428776216102867,7882573]
02-03 16:46:54.683 I/power_screen_state(26892): [1,3,0,0]
02-03 16:46:54.683 I/power_screen_broadcast_send(26892): 1
02-03 16:46:54.683 I/screen_toggled(26892): 1
02-03 16:46:54.693 I/am_resume_activity(26892): [1081107272,2,com.android.launcher/com.android.launcher2.Launcher]
02-03 16:46:54.703 I/am_on_resume_called(26987): com.android.launcher2.Launcher
02-03 16:46:54.793 I/power_screen_broadcast_done(26892): [1,103,1]
02-03 16:46:54.813 I/notification_cancel(26892): [com.android.phone,111,0]
02-03 16:46:55.814 I/screen_toggled(26892): 2
02-03 16:46:55.834 I/c2dm    (26998): [-4,NULL,14,76]
02-03 16:46:56.165 I/dvm_gc_madvise_info(26949): [450560,126976]
02-03 16:46:57.556 I/dvm_gc_info(26987): [7809652345805100272,-9057717586056214475,-3995109548677564371,8579112]
02-03 16:46:58.267 I/dvm_gc_madvise_info(27507): [1003520,126976]
02-03 16:47:00.559 I/menu_opened(26987): 0
02-03 16:47:02.571 I/dvm_gc_madvise_info(26987): [278528,126976]
02-03 16:47:05.484 I/am_new_intent(26892): [1081330392,2,com.android.launcher/com.android.launcher2.Launcher,android.intent.action.MAIN,NULL,NULL,270532608]
02-03 16:47:06.855 I/am_new_intent(26892): [1081594408,2,com.android.launcher/com.android.launcher2.Launcher,android.intent.action.MAIN,NULL,NULL,270532608]
02-03 16:47:08.026 I/menu_opened(26987): 0
02-03 16:47:08.567 I/menu_item_selected(26987): [0,Settings]
02-03 16:47:08.567 I/am_pause_activity(26892): [1081107272,com.android.launcher/com.android.launcher2.Launcher]
02-03 16:47:08.567 I/am_task_to_front(26892): 15
02-03 16:47:08.567 I/am_finish_activity(26892): [1079242912,15,com.android.phone/.CallFeaturesSetting,reset]
02-03 16:47:08.567 I/am_destroy_activity(26892): [1079242912,15,com.android.phone/.CallFeaturesSetting]
02-03 16:47:08.587 I/am_on_paused_called(26987): com.android.launcher2.Launcher
02-03 16:47:08.607 I/am_resume_activity(26892): [1083234616,15,com.android.settings/.Settings]
02-03 16:47:08.617 I/am_on_resume_called(27104): com.android.settings.Settings
02-03 16:47:09.778 I/dvm_gc_info(27104): [8315180330336196213,-8941184677569349575,-3997642823467960275,8251330]
02-03 16:47:11.420 I/am_create_activity(26892): [1082655000,15,com.android.settings/.DisplaySettings,android.intent.action.MAIN,NULL,NULL,0]
02-03 16:47:11.420 I/am_pause_activity(26892): [1083234616,com.android.settings/.Settings]
02-03 16:47:11.440 I/am_on_paused_called(27104): com.android.settings.Settings
02-03 16:47:11.440 I/am_restart_activity(26892): [1082655000,15,com.android.settings/.DisplaySettings]
02-03 16:47:11.480 I/am_on_resume_called(27104): com.android.settings.DisplaySettings
02-03 16:47:11.790 I/activity_launch_time(26892): [1082655000,com.android.settings/.DisplaySettings,348,348]
02-03 16:47:13.191 I/am_create_activity(26892): [1082721000,15,com.android.settings/.ScalibrationWnd,android.intent.action.MAIN,NULL,NULL,0]
02-03 16:47:13.191 I/am_pause_activity(26892): [1082655000,com.android.settings/.DisplaySettings]
02-03 16:47:13.211 I/am_on_paused_called(27104): com.android.settings.DisplaySettings
02-03 16:47:13.221 I/am_restart_activity(26892): [1082721000,15,com.android.settings/.ScalibrationWnd]
02-03 16:47:13.271 I/dvm_gc_info(27104): [8315180330336265813,-8974117249844488134,-3997642823467960275,8251314]
02-03 16:47:13.321 I/am_on_resume_called(27104): com.android.settings.ScalibrationWnd
02-03 16:47:13.542 I/activity_launch_time(26892): [1082721000,com.android.settings/.ScalibrationWnd,320,320]
02-03 16:47:15.373 I/power_sleep_requested(26892): 1
02-03 16:47:15.604 I/power_screen_state(26892): [0,2,0,0]
02-03 16:47:15.614 I/power_screen_broadcast_send(26892): 1
02-03 16:47:15.614 I/screen_toggled(26892): 0
02-03 16:47:15.644 I/am_pause_activity(26892): [1082721000,com.android.settings/.ScalibrationWnd]
02-03 16:47:15.654 I/am_on_paused_called(27104): com.android.settings.ScalibrationWnd
02-03 16:47:15.734 I/power_screen_broadcast_done(26892): [0,113,1]
02-03 16:47:15.784 I/am_create_service(26892): [1083336400,com.google.android.gsf/.loginservice.GoogleLoginService,act=android.accounts.AccountAuthenticator,26998]
02-03 16:47:15.864 I/am_destroy_service(26892): [1083336400,com.google.android.gsf/.loginservice.GoogleLoginService,26998]
02-03 16:47:15.914 I/dvm_gc_info(26998): [7449358886915606140,-8976651486942398403,-4002427898072041427,7358131]
02-03 16:47:18.316 I/dvm_gc_madvise_info(27104): [1617920,126976]
02-03 16:47:20.819 I/force_gc(26987): bg
02-03 16:47:20.899 I/dvm_gc_info(26987): [7809652345805256240,-9016059289469495244,-3992013323933747155,8624176]
02-03 16:47:20.939 I/dvm_gc_madvise_info(26998): [446464,126976]
02-03 16:47:25.824 I/force_gc(27507): bg
02-03 16:47:25.914 I/dvm_gc_madvise_info(26987): [278528,126976]
02-03 16:47:25.964 I/dvm_gc_info(27507): [7453298398306318004,-9050105939215841124,-3966680576029788115,7882573]
02-03 16:47:30.838 I/force_gc(27015): bg
02-03 16:47:30.909 I/dvm_gc_info(27015): [7017575181485114516,-9068413566535608265,-4003553797978884051,7739105]
02-03 16:47:31.019 I/dvm_gc_madvise_info(27507): [1654784,126976]
02-03 16:47:35.943 I/dvm_gc_madvise_info(27015): [143360,126976]
02-03 16:49:49.264 I/battery_level(26892): [100,4200,360]
02-03 16:50:49.252 I/battery_level(26892): [100,4199,370]
02-03 16:51:35.147 I/am_create_service(26892): [1082663288,com.google.android.apps.maps/com.google.googlenav.prefetch.android.PrefetcherService,,28405]
02-03 16:51:40.232 I/force_gc(28405): bg
02-03 16:51:40.262 I/dvm_gc_info(28405): [3345437233799885916,-9098530907923376068,-4002990848025462739,7358131]
02-03 16:51:45.207 I/am_destroy_service(26892): [1082663288,com.google.android.apps.maps/com.google.googlenav.prefetch.android.PrefetcherService,28405]
02-03 16:51:45.307 I/dvm_gc_madvise_info(28405): [245760,126976]
02-03 16:51:49.261 I/battery_level(26892): [100,4199,360]
02-03 16:52:07.058 I/am_create_service(26892): [1084555008,com.facebook.katana/.service.FacebookService,act=com.facebook.katana.service.14,29475]
02-03 16:52:10.942 I/am_destroy_service(26892): [1084555008,com.facebook.katana/.service.FacebookService,29475]
02-03 16:52:12.143 I/force_gc(29475): bg
02-03 16:52:12.183 I/dvm_gc_info(29475): [7737593596605507159,-8976087162263803839,-4000739048211777491,7358139]
02-03 16:52:17.208 I/dvm_gc_madvise_info(29475): [1224704,126976]
02-03 16:53:49.258 I/battery_level(26892): [100,4201,350]
02-03 16:54:43.651 I/power_screen_state(26892): [1,3,0,0]
02-03 16:54:43.651 I/power_screen_broadcast_send(26892): 1
02-03 16:54:43.651 I/screen_toggled(26892): 1
02-03 16:54:43.651 I/am_resume_activity(26892): [1082721000,15,com.android.settings/.ScalibrationWnd]
02-03 16:54:43.651 I/am_on_resume_called(27104): com.android.settings.ScalibrationWnd
02-03 16:54:43.731 I/power_screen_broadcast_done(26892): [1,77,1]
02-03 16:54:43.771 I/notification_cancel(26892): [com.android.phone,111,0]
02-03 16:54:45.322 I/screen_toggled(26892): 2
02-03 16:54:45.342 I/c2dm    (26998): [-4,NULL,15,-1]
02-03 16:54:46.453 I/binder_sample(26949): [android.view.IWindowSession,4,8,com.android.systemui,1]
02-03 16:54:47.615 I/am_create_service(26892): [1083804064,com.google.android.apps.googlevoice/.system.AndroidNotifier$ClearUnreadNotificationListenerService,,27507]
02-03 16:54:47.805 I/binder_sample(26949): [android.view.IWindowSession,4,5,com.android.systemui,1]
02-03 16:54:48.455 I/dvm_gc_info(27507): [7453298398305781736,-8891072577374320483,-3966117626076366803,7882573]
02-03 16:54:48.536 I/notification_cancel(26892): [com.google.android.apps.googlevoice,1001,0]
02-03 16:54:48.836 I/dvm_gc_info(27507): [7453298398306101207,-8911057300720777061,-3966680576029788115,7882573]
02-03 16:54:49.156 I/am_destroy_service(26892): [1083804064,com.google.android.apps.googlevoice/.system.AndroidNotifier$ClearUnreadNotificationListenerService,27507]
02-03 16:54:50.738 I/am_finish_activity(26892): [1082721000,15,com.android.settings/.ScalibrationWnd,app-request]
02-03 16:54:50.738 I/am_pause_activity(26892): [1082721000,com.android.settings/.ScalibrationWnd]
02-03 16:54:50.738 I/am_on_paused_called(27104): com.android.settings.ScalibrationWnd
02-03 16:54:50.748 I/am_resume_activity(26892): [1082655000,15,com.android.settings/.DisplaySettings]
02-03 16:54:50.758 I/am_on_resume_called(27104): com.android.settings.DisplaySettings
02-03 16:54:50.948 I/am_destroy_activity(26892): [1082721000,15,com.android.settings/.ScalibrationWnd]
02-03 16:54:53.911 I/dvm_gc_madvise_info(27507): [524288,126976]
02-03 16:55:00.827 I/am_finish_activity(26892): [1082655000,15,com.android.settings/.DisplaySettings,app-request]
02-03 16:55:00.827 I/am_pause_activity(26892): [1082655000,com.android.settings/.DisplaySettings]
02-03 16:55:00.838 I/am_on_paused_called(27104): com.android.settings.DisplaySettings
02-03 16:55:00.838 I/am_resume_activity(26892): [1083234616,15,com.android.settings/.Settings]
02-03 16:55:00.848 I/am_on_resume_called(27104): com.android.settings.Settings
02-03 16:55:01.058 I/am_destroy_activity(26892): [1082655000,15,com.android.settings/.DisplaySettings]
02-03 16:55:01.208 I/dvm_gc_info(26892): [8320808730291697582,-8898394088636536718,-3973435975470843859,8570922]
02-03 16:55:03.680 I/am_create_activity(26892): [1079253232,15,com.android.settings/.SoundSettings,android.intent.action.MAIN,NULL,NULL,0]
02-03 16:55:03.690 I/am_pause_activity(26892): [1083234616,com.android.settings/.Settings]
02-03 16:55:03.700 I/am_on_paused_called(27104): com.android.settings.Settings
02-03 16:55:03.720 I/am_restart_activity(26892): [1079253232,15,com.android.settings/.SoundSettings]
02-03 16:55:03.760 I/am_on_resume_called(27104): com.android.settings.SoundSettings
02-03 16:55:03.850 I/dvm_gc_info(27104): [8315180330336192164,-8923451754036553669,-3995953973607696339,8550382]
02-03 16:55:04.061 I/activity_launch_time(26892): [1079253232,com.android.settings/.SoundSettings,350,350]
02-03 16:55:04.691 I/am_finish_activity(26892): [1079253232,15,com.android.settings/.SoundSettings,app-request]
02-03 16:55:04.691 I/am_pause_activity(26892): [1079253232,com.android.settings/.SoundSettings]
02-03 16:55:04.691 I/am_on_paused_called(27104): com.android.settings.SoundSettings
02-03 16:55:04.711 I/am_resume_activity(26892): [1083234616,15,com.android.settings/.Settings]
02-03 16:55:04.711 I/am_on_resume_called(27104): com.android.settings.Settings
02-03 16:55:04.901 I/am_destroy_activity(26892): [1079253232,15,com.android.settings/.SoundSettings]
02-03 16:55:06.233 I/dvm_gc_madvise_info(26892): [2830336,126976]
02-03 16:55:06.233 I/am_create_activity(26892): [1079253544,15,com.android.settings/.DisplaySettings,android.intent.action.MAIN,NULL,NULL,0]
02-03 16:55:06.233 I/am_pause_activity(26892): [1083234616,com.android.settings/.Settings]
02-03 16:55:06.243 I/am_on_paused_called(27104): com.android.settings.Settings
02-03 16:55:06.243 I/am_restart_activity(26892): [1079253544,15,com.android.settings/.DisplaySettings]
02-03 16:55:06.263 I/am_on_resume_called(27104): com.android.settings.DisplaySettings
02-03 16:55:06.523 I/activity_launch_time(26892): [1079253544,com.android.settings/.DisplaySettings,279,279]
02-03 16:55:06.863 I/am_finish_activity(26892): [1079253544,15,com.android.settings/.DisplaySettings,app-request]
02-03 16:55:06.863 I/am_pause_activity(26892): [1079253544,com.android.settings/.DisplaySettings]
02-03 16:55:06.873 I/am_on_paused_called(27104): com.android.settings.DisplaySettings
02-03 16:55:06.873 I/am_resume_activity(26892): [1083234616,15,com.android.settings/.Settings]
02-03 16:55:06.883 I/am_on_resume_called(27104): com.android.settings.Settings
02-03 16:55:07.084 I/am_destroy_activity(26892): [1079253544,15,com.android.settings/.DisplaySettings]
02-03 16:55:08.905 I/dvm_gc_madvise_info(27104): [1552384,126976]
02-03 16:55:11.128 I/am_create_activity(26892): [1081786936,15,com.android.settings/.WirelessSettings,android.intent.action.MAIN,NULL,NULL,0]
02-03 16:55:11.128 I/am_pause_activity(26892): [1083234616,com.android.settings/.Settings]
02-03 16:55:11.148 I/am_on_paused_called(27104): com.android.settings.Settings
02-03 16:55:11.148 I/am_restart_activity(26892): [1081786936,15,com.android.settings/.WirelessSettings]
02-03 16:55:11.198 I/am_on_resume_called(27104): com.android.settings.WirelessSettings
02-03 16:55:11.498 I/activity_launch_time(26892): [1081786936,com.android.settings/.WirelessSettings,350,350]
02-03 16:55:13.170 I/am_create_activity(26892): [1082765008,15,com.android.settings/.vpn.VpnSettings,android.intent.action.MAIN,NULL,NULL,0]
02-03 16:55:13.170 I/am_pause_activity(26892): [1081786936,com.android.settings/.WirelessSettings]
02-03 16:55:13.190 I/am_on_paused_called(27104): com.android.settings.WirelessSettings
02-03 16:55:13.200 I/am_restart_activity(26892): [1082765008,15,com.android.settings/.vpn.VpnSettings]
02-03 16:55:13.220 I/am_on_resume_called(27104): com.android.settings.vpn.VpnSettings
02-03 16:55:13.430 I/activity_launch_time(26892): [1082765008,com.android.settings/.vpn.VpnSettings,233,233]
02-03 16:55:13.450 I/binder_sample(27104): [android.view.IWindowSession,4,16,com.android.settings,3]
02-03 16:55:14.481 I/am_create_activity(26892): [1083515736,15,com.android.settings/.vpn.VpnTypeSelection,NULL,NULL,NULL,0]
02-03 16:55:14.481 I/am_pause_activity(26892): [1082765008,com.android.settings/.vpn.VpnSettings]
02-03 16:55:14.491 I/am_on_paused_called(27104): com.android.settings.vpn.VpnSettings
02-03 16:55:14.491 I/am_restart_activity(26892): [1083515736,15,com.android.settings/.vpn.VpnTypeSelection]
02-03 16:55:14.531 I/am_on_resume_called(27104): com.android.settings.vpn.VpnTypeSelection
02-03 16:55:14.591 I/dvm_gc_info(27104): [8315180330336188089,-8921481429199550403,-3995109548677564371,8546296]
02-03 16:55:14.781 I/activity_launch_time(26892): [1083515736,com.android.settings/.vpn.VpnTypeSelection,295,295]
02-03 16:55:14.801 I/binder_sample(27104): [android.view.IWindowSession,4,11,com.android.settings,2]
02-03 16:55:15.382 I/am_finish_activity(26892): [1083515736,15,com.android.settings/.vpn.VpnTypeSelection,app-request]
02-03 16:55:15.392 I/am_pause_activity(26892): [1083515736,com.android.settings/.vpn.VpnTypeSelection]
02-03 16:55:15.402 I/am_on_paused_called(27104): com.android.settings.vpn.VpnTypeSelection
02-03 16:55:15.412 I/am_resume_activity(26892): [1082765008,15,com.android.settings/.vpn.VpnSettings]
02-03 16:55:15.422 I/am_create_activity(26892): [1084083056,15,com.android.settings/.vpn.VpnEditor,NULL,NULL,NULL,0]
02-03 16:55:15.422 I/am_pause_activity(26892): [1082765008,com.android.settings/.vpn.VpnSettings]
02-03 16:55:15.422 I/am_on_resume_called(27104): com.android.settings.vpn.VpnSettings
02-03 16:55:15.432 I/am_on_paused_called(27104): com.android.settings.vpn.VpnSettings
02-03 16:55:15.432 I/am_restart_activity(26892): [1084083056,15,com.android.settings/.vpn.VpnEditor]
02-03 16:55:15.472 I/am_on_resume_called(27104): com.android.settings.vpn.VpnEditor
02-03 16:55:15.482 I/binder_sample(27104): [android.view.IWindowSession,4,11,com.android.settings,2]
02-03 16:55:15.722 I/activity_launch_time(26892): [1084083056,com.android.settings/.vpn.VpnEditor,289,289]
02-03 16:55:15.722 I/am_destroy_activity(26892): [1083515736,15,com.android.settings/.vpn.VpnTypeSelection]
02-03 16:55:15.732 I/binder_sample(27104): [android.view.IWindowSession,4,8,com.android.settings,1]
02-03 16:55:19.646 I/dvm_gc_madvise_info(27104): [1372160,126976]
02-03 16:55:22.609 I/force_gc(31276): bg
02-03 16:55:22.689 I/dvm_gc_info(31276): [8534442491167172182,-9012400596077144018,-4006931497699411923,7358131]
02-03 16:55:27.614 I/force_gc(27507): bg
02-03 16:55:27.704 I/dvm_gc_madvise_info(31276): [438272,126976]
02-03 16:55:27.774 I/dvm_gc_info(27507): [7453298398306375670,-8906835176070117222,-3967243525983209427,7882573]
02-03 16:55:32.619 I/force_gc(27015): bg
02-03 16:55:32.689 I/dvm_gc_info(27015): [7017575181485097860,-9203240080380012489,-4003553797978884051,7739105]
02-03 16:55:32.839 I/dvm_gc_madvise_info(27507): [1654784,126976]
02-03 16:55:34.420 I/binder_sample(26949): [com.android.internal.statusbar.IStatusBarService,4,12,com.android.systemui,2]
02-03 16:55:36.682 I/notification_cancel(26892): [com.android.systemui,17302205,0]
02-03 16:55:36.743 I/notification_cancel(26892): [android,17040268,0]
02-03 16:55:36.803 I/battery_status(26892): [3,2,1,0,Li-ion]
02-03 16:55:36.803 I/battery_level(26892): [100,4200,350]
02-03 16:55:37.723 I/dvm_gc_madvise_info(27015): [143360,126976]
02-03 16:55:43.469 I/battery_status(26892): [2,2,1,1,Li-ion]
02-03 16:55:43.809 I/notification_enqueue(26892): [android,17040268,Notification(vibrate=null,sound=null,defaults=0x0,flags=0x2)]
02-03 16:55:44.020 I/notification_enqueue(26892): [com.android.systemui,17302205,Notification(vibrate=null,sound=null,defaults=0x0,flags=0x2)]
02-03 16:55:44.040 I/am_create_task(26892): 16
02-03 16:55:44.040 I/am_create_activity(26892): [1084311192,16,com.android.systemui/.usb.UsbStorageActivity,NULL,NULL,NULL,276824064]
02-03 16:55:44.040 I/am_pause_activity(26892): [1084083056,com.android.settings/.vpn.VpnEditor]
02-03 16:55:44.050 I/am_on_paused_called(27104): com.android.settings.vpn.VpnEditor
02-03 16:55:44.070 I/am_restart_activity(26892): [1084311192,16,com.android.systemui/.usb.UsbStorageActivity]
02-03 16:55:44.150 I/am_on_resume_called(26949): com.android.systemui.usb.UsbStorageActivity
02-03 16:55:44.260 I/activity_launch_time(26892): [1084311192,com.android.systemui/.usb.UsbStorageActivity,198,198]
02-03 16:55:45.261 I/battery_status(26892): [2,2,1,2,Li-ion]
02-03 16:55:45.721 I/am_finish_activity(26892): [1084311192,16,com.android.systemui/.usb.UsbStorageActivity,app-request]
02-03 16:55:45.731 I/am_pause_activity(26892): [1084311192,com.android.systemui/.usb.UsbStorageActivity]
02-03 16:55:45.731 I/am_on_paused_called(26949): com.android.systemui.usb.UsbStorageActivity
02-03 16:55:45.731 I/am_resume_activity(26892): [1084083056,15,com.android.settings/.vpn.VpnEditor]
02-03 16:55:45.731 I/am_on_resume_called(27104): com.android.settings.vpn.VpnEditor
02-03 16:55:45.942 I/am_destroy_activity(26892): [1084311192,16,com.android.systemui/.usb.UsbStorageActivity]
02-03 16:55:47.243 I/battery_status(26892): [5,2,1,2,Li-ion]
02-03 16:55:47.253 I/battery_level(26892): [100,4198,350]
02-03 16:55:47.943 I/dvm_gc_info(31735): [7021235374273861179,-9017772128485939634,-4121233433627367858,0]
02-03 16:55:50.446 I/backup_start(26892): com.android.internal.backup.LocalTransport
02-03 16:55:50.586 I/backup_package(26892): [@pm@,0]
02-03 16:55:50.616 I/backup_package(26892): [com.android.providers.settings,0]
02-03 16:55:50.616 I/backup_success(26892): [1,167]
02-03 16:55:55.521 I/force_gc(31152): bg
02-03 16:55:55.551 I/dvm_gc_info(31152): [3346293774832751940,-9052932305360771016,-4004398222909016019,7358131]
02-03 16:56:00.556 I/dvm_gc_madvise_info(31152): [241664,126976]
02-03 16:56:02.458 I/dvm_gc_info(27104): [8315180330336188145,-8918948154409170885,-3995391023654275027,8546298]
02-03 16:56:07.513 I/dvm_gc_madvise_info(27104): [1347584,126976]
02-03 16:56:10.786 I/force_gc(28405): bg
02-03 16:56:10.866 I/dvm_gc_info(28405): [3345437233800078072,-9201832224359409604,-4002990848025462739,7358131]
02-03 16:56:15.901 I/dvm_gc_madvise_info(28405): [245760,126976]
02-03 16:56:28.483 I/c2dm    (26998): [3,0:1328309788129839%62cfc3ee62cfc3ee,77,15]
02-03 16:56:29.104 I/dvm_gc_info(27507): [7453298398305781690,-8897265026861954914,-3965836151099656147,7882573]
02-03 16:56:29.614 I/dvm_gc_info(27507): [7453298398305785889,-8896139126955116387,-3966117626076366803,7882573]
02-03 16:56:29.734 I/db_sample(27507): [/data/data/com.google.android.apps.googlevoice/databases/model.db,INSERT INTO conversations(data, conversation_id) VALUES(?, ?);,0,,1]
