02-03 22:21:31.414 I/boot_progress_start(  114): 6406
02-03 22:21:33.235 I/boot_progress_preload_start(  114): 8224
02-03 22:21:33.255 I/dvm_gc_info(  114): [8825198673194407113,-9063934019012811202,-4012584086963378626,0]
02-03 22:21:36.769 I/dvm_gc_info(  114): [8825198673194706988,-8859841571167975388,-4012560997233768412,0]
02-03 22:21:37.509 I/dvm_gc_info(  114): [8825198673194661928,-8885174319071872984,-4012560997233706968,0]
02-03 22:21:40.022 I/dvm_gc_info(  114): [8825198673194727421,-8896151843163510739,-4012560997233629139,0]
02-03 22:21:40.082 I/dvm_gc_info(  114): [8825198673194595430,-9066162729096759251,-4012560997233641427,0]
02-03 22:21:40.522 I/dvm_gc_info(  114): [8825198673194566806,-9068696003887138771,-4012560997233625043,6825601]
02-03 22:21:40.783 I/boot_progress_preload_end(  114): 15779
02-03 22:21:40.813 I/dvm_gc_info(  114): [8825198673194488973,-9098813826395170770,-4010027722443220946,7358131]
02-03 22:21:40.833 I/dvm_gc_info(  114): [8825198673194484786,-9133435248530589650,-4010027722443229138,7358131]
02-03 22:21:40.863 I/dvm_gc_info(  114): [8825198673194484295,-9214781516799969234,-4010027722443229138,7358131]
02-03 22:21:41.293 I/boot_progress_system_run(  257): 16280
02-03 22:21:41.463 I/boot_progress_pms_start(  257): 16452
02-03 22:21:41.634 I/dvm_gc_info(  257): [8320808730291668521,-9026755682366486477,-4005524122815858643,7358131]
02-03 22:21:41.944 I/dvm_gc_info(  257): [8320808730291734086,-9004800221799032777,-4004398222909016019,7358131]
02-03 22:21:42.084 I/boot_progress_pms_system_scan_start(  257): 17077
02-03 22:21:42.454 I/dvm_gc_info(  257): [8320808730291672707,-8925705478465370057,-4004398222909016019,7358131]
02-03 22:21:43.405 I/dvm_gc_info(  257): [8320808730291668527,-9020844020509583300,-4002990848025462739,7358131]
02-03 22:21:44.236 I/dvm_gc_info(  257): [8320808730291656264,-8984814879826057152,-4001864948118620115,7358131]
02-03 22:21:44.877 I/dvm_gc_info(  257): [8320808730291668535,-9007895552937654203,-4000457573235066835,7358131]
02-03 22:21:46.769 I/dvm_gc_info(  257): [8320808730291713651,-8924860022457563065,-3999613148304934867,7358131]
02-03 22:21:47.149 I/boot_progress_pms_data_scan_start(  257): 22146
02-03 22:21:47.459 I/dvm_gc_info(  257): [8320808730291713618,-8975525380742576053,-3998205773421381587,7358131]
02-03 22:21:47.850 I/dvm_gc_info(  257): [8320808730291680830,-9010146459146282927,-3995953973607696339,7358131]
02-03 22:21:48.290 I/dvm_gc_info(  257): [8320808730291676819,-8924859060133037997,-3995391023654275027,7358131]
02-03 22:21:50.422 I/dvm_gc_info(  257): [8320808730291680916,-8925140328884156330,-3994265123747432403,7358131]
02-03 22:21:50.792 I/dvm_gc_info(  257): [8320808730291680926,-8924014154032228263,-3993139223840589779,7358131]
02-03 22:21:50.863 I/boot_progress_pms_scan_end(  257): 25850
02-03 22:21:50.993 I/boot_progress_pms_ready(  257): 25985
02-03 22:21:51.043 I/dvm_gc_info(  257): [8320808730291807964,-8920636316906346410,-3994546598724143059,7358131]
02-03 22:21:51.393 I/battery_status(  257): [3,2,1,0,Li-ion]
02-03 22:21:51.403 I/battery_level(  257): [68,3898,280]
02-03 22:21:51.453 I/content_query_sample(  257): [content://settings/bookmarks,shortcut/intent,,,1,,1]
02-03 22:21:51.573 I/free_storage_left(  257): [2628370432,68120576,283312128]
02-03 22:21:51.573 I/free_storage_changed(  257): 2628370432
02-03 22:21:51.693 I/dvm_gc_info(  257): [8320808730291668679,-8922325166766589866,-3994265123747432403,7358131]
02-03 22:21:51.954 I/am_create_service(  257): [1082253664,com.google.android.backup/.BackupTransportService,,257]
02-03 22:21:51.994 I/power_screen_state(  257): [1,3,0,0]
02-03 22:21:51.994 I/power_screen_broadcast_send(  257): 1
02-03 22:21:52.004 I/boot_progress_ams_ready(  257): 26992
02-03 22:21:52.014 I/screen_toggled(  257): 1
02-03 22:21:52.014 I/am_proc_start(  257): [329,1000,com.android.systemui,service,com.android.systemui/.statusbar.StatusBarService]
02-03 22:21:52.014 I/configuration_changed(  257): 504
02-03 22:21:52.024 I/configuration_changed(  257): 512
02-03 22:21:52.064 I/dvm_gc_madvise_info(  329): [372736,126976]
02-03 22:21:52.144 I/am_proc_bound(  257): [329,com.android.systemui]
02-03 22:21:52.174 I/am_create_service(  257): [1082117472,com.android.systemui/.statusbar.StatusBarService,,329]
02-03 22:21:52.184 I/binder_sample(  329): [android.app.IActivityManager,17,48,<pre-initialized>,9]
02-03 22:21:52.194 I/am_create_service(  257): [1082362152,android/com.android.internal.service.wallpaper.ImageWallpaper,act=android.service.wallpaper.WallpaperService,257]
02-03 22:21:52.204 I/am_proc_start(  257): [338,10041,com.android.inputmethod.latin,service,com.android.inputmethod.latin/.LatinIME]
02-03 22:21:52.254 I/am_proc_start(  257): [343,1001,com.android.phone,added application,com.android.phone]
02-03 22:21:52.254 I/am_proc_start(  257): [344,1002,com.broadcom.bt.app.system,added application,com.broadcom.bt.app.system]
02-03 22:21:52.274 I/dvm_gc_madvise_info(  338): [368640,126976]
02-03 22:21:52.334 I/am_create_task(  257): 2
02-03 22:21:52.334 I/am_create_activity(  257): [1081257064,2,com.android.launcher/com.android.launcher2.Launcher,android.intent.action.MAIN,NULL,NULL,268435456]
02-03 22:21:52.334 I/am_proc_start(  257): [350,10040,com.android.launcher,activity,com.android.launcher/com.android.launcher2.Launcher]
02-03 22:21:52.354 I/dvm_gc_madvise_info(  343): [368640,126976]
02-03 22:21:52.354 I/dvm_gc_madvise_info(  344): [368640,126976]
02-03 22:21:52.444 I/binder_sample(  338): [,1,30,<pre-initialized>,6]
02-03 22:21:52.444 I/dvm_gc_madvise_info(  350): [368640,126976]
02-03 22:21:52.464 I/binder_sample(  343): [,1,21,<pre-initialized>,4]
02-03 22:21:52.494 I/dvm_gc_info(  329): [8320808730291676771,-8996919334902306769,-4006650022722701267,7358131]
02-03 22:21:52.514 I/dvm_gc_info(  257): [8320808730291668644,-8938087765412005799,-3991731848957036499,7358206]
02-03 22:21:52.584 I/dvm_gc_info(  257): [8320808730291844404,-9059966430327723943,-3991731848957036499,7358211]
02-03 22:21:52.584 I/am_proc_bound(  257): [338,com.android.inputmethod.latin]
02-03 22:21:52.604 I/am_create_service(  257): [1081745736,com.android.inputmethod.latin/.LatinIME,act=android.view.InputMethod,338]
02-03 22:21:52.634 I/am_proc_bound(  257): [343,com.android.phone]
02-03 22:21:52.674 I/am_proc_bound(  257): [344,com.broadcom.bt.app.system]
02-03 22:21:52.684 I/am_proc_bound(  257): [350,com.android.launcher]
02-03 22:21:52.694 I/am_restart_activity(  257): [1081257064,2,com.android.launcher/com.android.launcher2.Launcher]
02-03 22:21:52.804 I/notification_cancel(  257): [android,17302240,0]
02-03 22:21:53.095 I/dvm_gc_info(  338): [7809651225003177571,-8996637859925596113,-4006650022722701267,7358131]
02-03 22:21:53.135 I/dvm_gc_info(  350): [7809652345805133415,-8990163935461251025,-4006650022722701267,7358136]
02-03 22:21:53.165 I/am_proc_start(  257): [383,10029,com.google.process.gapps,service,com.google.android.gsf/.loginservice.GoogleLoginService]
02-03 22:21:53.205 I/dvm_gc_info(  343): [8099846449757587045,-8993260160205072337,-4006650022722701267,7358131]
02-03 22:21:53.275 I/dvm_gc_madvise_info(  383): [364544,126976]
02-03 22:21:53.425 I/binder_sample(  383): [,1,21,<pre-initialized>,4]
02-03 22:21:53.435 I/am_proc_bound(  257): [383,com.google.process.gapps]
02-03 22:21:53.455 I/am_create_service(  257): [1082448224,com.google.android.gsf/.loginservice.GoogleLoginService,act=android.accounts.AccountAuthenticator,383]
02-03 22:21:53.675 I/dvm_gc_info(  383): [7449358886915802705,-9010711677480617937,-4006931497699411923,7358131]
02-03 22:21:53.685 I/dvm_gc_info(  257): [8320808730292160141,-8951317020597888931,-3991731848957036499,7899012]
02-03 22:21:53.705 I/binder_sample(  350): [android.content.pm.IPackageManager,25,135,com.android.launcher,27]
02-03 22:21:53.715 I/am_proc_start(  257): [400,10007,android.process.acore,content provider,com.android.providers.contacts/.ContactsProvider2]
02-03 22:21:53.875 I/dvm_gc_madvise_info(  400): [364544,126976]
02-03 22:21:53.956 I/am_proc_bound(  257): [400,android.process.acore]
02-03 22:21:54.266 I/dvm_gc_info(  350): [7809652345805804802,-9060814154615613392,-4006650022722701267,7358210]
02-03 22:21:54.476 I/dvm_gc_info(  400): [7017575181485065834,-8992978685228361681,-4006650022722701267,7358131]
02-03 22:21:54.836 I/configuration_changed(  257): 3
02-03 22:21:54.846 I/am_relaunch_resume_activity(  257): [1081257064,2,com.android.launcher/com.android.launcher2.Launcher]
02-03 22:21:54.876 I/dvm_gc_info(  338): [7809651225005426075,-9048147780663625679,-4006650022722701267,7358207]
02-03 22:21:54.987 I/dvm_gc_info(  350): [7809652345805599888,-9069821353870342095,-4006650022722701267,7903112]
02-03 22:21:55.047 I/dvm_gc_info(  343): [8099846449757697572,-9028162988513761228,-4005242647839147987,7358131]
02-03 22:21:55.047 I/notification_cancel(  257): [com.android.phone,2,0]
02-03 22:21:55.057 I/am_on_resume_called(  350): com.android.launcher2.Launcher
02-03 22:21:55.077 I/am_on_paused_called(  350): com.android.launcher2.Launcher
02-03 22:21:55.127 I/am_create_service(  257): [1081613440,com.android.phone/.BluetoothHeadsetService,act=android.bluetooth.IBluetoothHeadset,343]
02-03 22:21:55.377 I/dvm_gc_info(  350): [7809652345805518150,-9054340230151239630,-4006650022722701267,8525856]
02-03 22:21:55.517 I/dvm_gc_info(  257): [8320808730291750540,-8977775599521413026,-3984976449515980755,8386517]
02-03 22:21:55.547 I/am_create_service(  257): [1082329408,com.google.android.location/.NetworkLocationService,act=com.google.android.location.NetworkLocationProvider,383]
02-03 22:21:55.687 I/dvm_gc_info(  383): [7449358886915597942,-8987349048238393296,-4006368547745990611,7358131]
02-03 22:21:55.717 I/am_on_resume_called(  350): com.android.launcher2.Launcher
02-03 22:21:55.727 I/binder_sample(  343): [com.android.internal.telephony.ITelephonyRegistry,14,330,com.android.phone,66]
02-03 22:21:55.797 I/am_create_service(  257): [1082565104,com.google.android.location/.internal.server.NetworkLocationService,act=com.google.android.location.internal.ANDROID_NLP,383]
02-03 22:21:55.847 I/cdma_service_state_change(  343): [1,3]
02-03 22:21:55.847 I/db_sample(  383): [/data/data/com.google.android.gsf/databases/googlesettings.db,SELECT value FROM partner WHERE (name='maps_client_id'),0,com.google.process.gapps,1]
02-03 22:21:55.927 I/dvm_gc_info(  350): [7809652345805604288,-9058280879657408462,-3996235448584406995,8558631]
02-03 22:21:55.937 I/notification_cancel(  257): [com.android.phone,5,0]
02-03 22:21:55.937 I/notification_cancel(  257): [com.android.phone,6,0]
02-03 22:21:56.118 I/boot_progress_enable_screen(  257): 31103
02-03 22:21:56.268 I/am_destroy_service(  257): [1082448224,com.google.android.gsf/.loginservice.GoogleLoginService,383]
02-03 22:21:56.408 I/notification_cancel(  257): [com.android.phone,111,0]
02-03 22:21:56.628 I/binder_sample(  343): [android.os.IPowerManager,1,14,com.android.phone,2]
02-03 22:21:56.638 I/notification_cancel(  257): [com.android.phone,7,0]
02-03 22:21:56.638 I/notification_cancel(  257): [com.android.phone,7,0]
02-03 22:21:56.658 I/notification_cancel(  257): [com.android.phone,7,0]
02-03 22:21:56.658 I/notification_cancel(  257): [com.android.phone,7,0]
02-03 22:21:56.658 I/notification_cancel(  257): [com.android.phone,7,0]
02-03 22:21:56.658 I/notification_cancel(  257): [com.android.phone,7,0]
02-03 22:21:56.658 I/notification_cancel(  257): [com.android.phone,7,0]
02-03 22:21:56.658 I/notification_cancel(  257): [com.android.phone,7,0]
02-03 22:21:56.668 I/notification_cancel(  257): [com.android.phone,7,0]
02-03 22:21:56.668 I/notification_cancel(  257): [com.android.phone,7,0]
02-03 22:21:56.858 I/notification_enqueue(  257): [com.android.systemui,17301675,Notification(vibrate=null,sound=null,defaults=0x0,flags=0x2)]
02-03 22:21:40.500 I/cdma_service_state_change(  343): [3,1]
02-03 22:21:40.530 I/power_screen_broadcast_done(  257): [1,4927,1]
02-03 22:21:40.530 I/am_proc_start(  257): [446,10044,com.google.android.partnersetup,broadcast,com.google.android.partnersetup/.PhoneStateReceiver]
02-03 22:21:40.680 I/dvm_gc_madvise_info(  446): [364544,126976]
02-03 22:21:40.740 I/notification_cancel(  257): [com.android.phone,111,0]
02-03 22:21:40.750 I/notification_cancel(  257): [com.android.phone,111,0]
02-03 22:21:40.800 I/am_proc_bound(  257): [446,com.google.android.partnersetup]
02-03 22:21:40.820 I/cdma_service_state_change(  343): [1,0]
02-03 22:21:40.960 I/dvm_gc_info(  343): [8099846449757517387,-8987630248219654089,-4004398222909016019,7358131]
02-03 22:21:40.970 I/dvm_gc_info(  329): [8320808730291668537,-9021689064066193357,-4004398222909016019,7358195]
02-03 22:21:41.070 I/dvm_gc_info(  400): [7017575181487146549,-9033511013104826318,-4005805597792569299,7358131]
02-03 22:21:41.140 I/dvm_gc_info(  446): [8097879449376183893,-9009867252550485969,-4006931497699411923,7358131]
02-03 22:21:41.170 I/dvm_gc_info(  257): [8320808730291762947,-8919228117137237919,-3985257924492691411,8386466]
02-03 22:21:41.250 I/dvm_gc_info(  257): [8320808730291872895,-9067002479910340512,-3985257924492691411,8386466]
02-03 22:21:41.250 I/binder_sample(  446): [android.app.IActivityManager,29,103,com.google.android.partnersetup,20]
02-03 22:21:41.390 I/binder_sample(  343): [com.android.internal.telephony.ITelephonyRegistry,6,304,com.android.phone,60]
02-03 22:21:41.400 I/dvm_gc_info(  383): [7449358886915606106,-9006770821614634959,-4006087072769279955,7358131]
02-03 22:21:41.450 I/binder_sample(  446): [android.content.IContentProvider,3,181,com.google.android.partnersetup,36]
02-03 22:21:41.450 I/content_update_sample(  446): [content://com.google.settings/partner,insert,,200,com.google.android.partnersetup,41]
02-03 22:21:41.460 I/db_sample(  383): [/data/data/com.google.android.gsf/databases/googlesettings.db,SELECT value FROM partner WHERE (name=?),0,,1]
02-03 22:21:41.570 I/notification_cancel(  257): [com.android.phone,111,0]
02-03 22:21:41.620 I/notification_cancel(  257): [com.android.phone,111,0]
02-03 22:21:41.620 I/binder_sample(  446): [android.content.IContentProvider,3,140,com.google.android.partnersetup,28]
02-03 22:21:41.670 I/binder_sample(  329): [com.android.internal.telephony.ITelephony,70,69,com.android.systemui,13]
02-03 22:21:41.840 I/content_update_sample(  446): [content://com.google.settings/partner,insert,,67,com.google.android.partnersetup,14]
02-03 22:21:41.870 I/binder_sample(  343): [com.android.internal.telephony.ITelephonyRegistry,14,16,com.android.phone,3]
02-03 22:21:41.880 I/db_sample(  383): [/data/data/com.google.android.gsf/databases/googlesettings.db,SELECT * FROM partner WHERE ((name=?)),0,,1]
02-03 22:21:41.990 I/am_proc_start(  257): [462,1000,com.redbend.vdmc,broadcast,com.redbend.vdmc/.MyConnectionChangeReceiver]
02-03 22:21:42.101 I/dvm_gc_madvise_info(  462): [360448,126976]
02-03 22:21:42.131 I/dvm_gc_info(  114): [8825198673194996780,-9140190372892407762,-4006087072769275858,7358131]
02-03 22:21:42.261 I/binder_sample(  462): [,1,39,<pre-initialized>,7]
02-03 22:21:42.261 I/am_proc_bound(  257): [462,com.redbend.vdmc]
02-03 22:21:42.301 I/notification_cancel(  257): [com.android.phone,111,0]
02-03 22:21:42.451 I/dvm_gc_info(  114): [8825198673195618352,-9222662541068629970,-4006087072769275858,7358131]
02-03 22:21:42.531 I/notification_cancel(  257): [com.android.phone,111,0]
02-03 22:21:42.531 I/notification_cancel(  257): [com.android.phone,111,0]
02-03 22:21:42.621 I/binder_sample(  446): [android.app.IActivityManager,16,642,com.google.android.partnersetup,100]
02-03 22:21:42.671 I/dvm_gc_info(  114): [8825198673195278384,-9222662541068629970,-4006087072769275858,7358131]
02-03 22:21:42.671 I/am_proc_start(  257): [470,1000,com.android.settings,broadcast,com.android.settings/.widget.SettingsAppWidgetProvider]
02-03 22:21:42.681 I/binder_sample(  343): [com.android.internal.telephony.ITelephonyRegistry,14,80,com.android.phone,16]
02-03 22:21:42.761 I/notification_cancel(  257): [com.android.phone,7,0]
02-03 22:21:42.761 I/notification_cancel(  257): [com.android.phone,7,0]
02-03 22:21:42.771 I/notification_cancel(  257): [com.android.phone,7,0]
02-03 22:21:42.771 I/notification_cancel(  257): [com.android.phone,7,0]
02-03 22:21:42.771 I/notification_cancel(  257): [com.android.phone,7,0]
02-03 22:21:42.771 I/notification_cancel(  257): [com.android.phone,7,0]
02-03 22:21:42.771 I/notification_cancel(  257): [com.android.phone,7,0]
02-03 22:21:42.781 I/notification_cancel(  257): [com.android.phone,7,0]
02-03 22:21:42.781 I/notification_cancel(  257): [com.android.phone,7,0]
02-03 22:21:42.781 I/notification_cancel(  257): [com.android.phone,7,0]
02-03 22:21:42.781 I/notification_cancel(  257): [com.android.phone,7,0]
02-03 22:21:42.781 I/binder_sample(  470): [,1,36,<pre-initialized>,7]
02-03 22:21:42.781 I/am_proc_bound(  257): [470,com.android.settings]
02-03 22:21:42.791 I/notification_cancel(  257): [com.android.phone,7,0]
02-03 22:21:42.791 I/notification_cancel(  257): [com.android.phone,7,0]
02-03 22:21:42.791 I/notification_cancel(  257): [com.android.phone,7,0]
02-03 22:21:42.801 I/notification_cancel(  257): [com.android.phone,7,0]
02-03 22:21:42.801 I/notification_cancel(  257): [com.android.phone,7,0]
02-03 22:21:42.801 I/notification_cancel(  257): [com.android.phone,7,0]
02-03 22:21:42.801 I/notification_cancel(  257): [com.android.phone,7,0]
02-03 22:21:42.811 I/notification_cancel(  257): [com.android.phone,7,0]
02-03 22:21:42.811 I/notification_cancel(  257): [com.android.phone,7,0]
02-03 22:21:42.911 I/notification_cancel(  257): [com.android.phone,7,0]
02-03 22:21:42.951 I/notification_cancel(  257): [com.android.phone,7,0]
02-03 22:21:43.011 I/connectivity_state_changed(  257): 3600
02-03 22:21:43.021 I/binder_sample(  462): [android.app.IActivityManager,110,204,com.redbend.vdmc,40]
02-03 22:21:43.021 I/notification_cancel(  257): [com.android.phone,7,0]
02-03 22:21:43.021 I/notification_cancel(  257): [com.android.phone,7,0]
02-03 22:21:43.021 I/notification_cancel(  257): [com.android.phone,7,0]
02-03 22:21:43.021 I/notification_cancel(  257): [com.android.phone,7,0]
02-03 22:21:43.021 I/notification_cancel(  257): [com.android.phone,7,0]
02-03 22:21:43.021 I/notification_cancel(  257): [com.android.phone,7,0]
02-03 22:21:43.031 I/notification_cancel(  257): [com.android.phone,7,0]
02-03 22:21:43.031 I/notification_cancel(  257): [com.android.phone,7,0]
02-03 22:21:43.031 I/notification_cancel(  257): [com.android.phone,7,0]
02-03 22:21:43.031 I/notification_cancel(  257): [com.android.phone,111,0]
02-03 22:21:43.061 I/content_query_sample(  338): [content://user_dictionary/words,_id/word/frequency,(locale IS NULL) or (locale=?),,3703,,100]
02-03 22:21:43.182 I/binder_sample(  446): [android.app.IActivityManager,110,134,com.google.android.partnersetup,26]
02-03 22:21:43.212 I/dvm_gc_info(  462): [3347973793972242021,-8996074909972187089,-4006931497699411923,7358131]
02-03 22:21:43.302 I/dvm_gc_info(  257): [8320808730292049693,-8916694704840722334,-3981598749795452883,8611875]
02-03 22:21:43.312 I/am_proc_start(  257): [480,1000,com.qualcomm.privinit,broadcast,com.qualcomm.privinit/.BootReciever]
02-03 22:21:43.342 I/binder_sample(  462): [android.app.IActivityManager,110,151,com.redbend.vdmc,30]
02-03 22:21:43.342 I/binder_sample(  446): [android.app.IActivityManager,110,152,com.google.android.partnersetup,30]
02-03 22:21:43.372 I/am_proc_bound(  257): [480,com.qualcomm.privinit]
02-03 22:21:43.472 I/dvm_gc_madvise_info(  338): [282624,126976]
02-03 22:21:43.482 I/binder_sample(  462): [android.app.IActivityManager,110,144,com.redbend.vdmc,28]
02-03 22:21:43.502 I/am_proc_start(  257): [488,10049,com.cooliris.media,broadcast,com.cooliris.media/com.cooliris.cache.BootReceiver]
02-03 22:21:43.522 I/am_proc_bound(  257): [488,com.cooliris.media]
02-03 22:21:43.602 I/am_proc_start(  257): [496,10051,com.android.email,content provider,com.android.email/com.android.exchange.provider.ExchangeProvider]
02-03 22:21:43.702 I/dvm_gc_info(  257): [8320808730292020797,-9006485222445000608,-3982161699748874195,8611875]
02-03 22:21:43.742 I/binder_sample(  496): [,1,124,<pre-initialized>,24]
02-03 22:21:43.742 I/am_proc_bound(  257): [496,com.android.email]
02-03 22:21:43.922 I/dvm_gc_info(  488): [7882817126543718039,-8925143009665882065,-4006650022722701267,7358131]
02-03 22:21:43.952 I/notification_cancel(  257): [com.android.systemui,17301675,0]
02-03 22:21:43.982 I/binder_sample(  480): [android.app.IActivityManager,16,246,com.qualcomm.privinit,49]
02-03 22:21:44.172 I/dvm_gc_info(  496): [7308604875703645807,-8986786029548713935,-4006087072769279955,7358131]
02-03 22:21:44.172 I/content_query_sample(  338): [content://com.android.contacts/contacts,_id/display_name,,,5091,,100]
02-03 22:21:44.182 I/binder_sample(  329): [android.app.IActivityManager,13,97,com.android.systemui,19]
02-03 22:21:44.243 I/notification_cancel(  257): [com.android.phone,111,0]
02-03 22:21:44.523 I/dvm_gc_madvise_info(  350): [131072,126976]
02-03 22:21:44.563 I/db_sample(  400): [:memory:,INSERT INTO applications ('_id', 'name', 'description', 'package,0,,1]
02-03 22:21:44.583 I/db_sample(  400): [:memory:,INSERT INTO applications ('_id', 'name', 'description', 'package,0,,1]
02-03 22:21:44.983 I/dvm_gc_info(  350): [7809652345805067771,-9040266412428416972,-3996235448584406995,8558633]
02-03 22:21:45.314 I/binder_sample(  343): [com.android.internal.telephony.ITelephonyRegistry,8,440,com.android.phone,88]
02-03 22:21:45.314 I/binder_sample(  496): [android.app.IActivityManager,30,483,com.android.email,96]
02-03 22:21:45.324 I/binder_sample(  338): [android.app.IActivityManager,69,758,com.android.inputmethod.latin,100]
02-03 22:21:45.324 I/binder_sample(  446): [android.app.IActivityManager,110,977,com.google.android.partnersetup,100]
02-03 22:21:45.544 I/dvm_gc_info(  350): [7809652345805252076,-9039984937451718605,-3996235448584406995,8534051]
02-03 22:21:45.544 I/dvm_gc_info(  496): [7308604875703682656,-8989882185522677708,-4005524122815858643,7358131]
02-03 22:21:45.554 I/content_query_sample(  496): [content://com.android.email.provider/account,_id,,,219,,44]
02-03 22:21:45.584 I/am_create_service(  257): [1082760040,com.redbend.vdmc/.Vdmc,,462]
02-03 22:21:45.594 I/binder_sample(  462): [android.app.IActivityManager,34,8,com.redbend.vdmc,1]
02-03 22:21:45.594 I/am_proc_start(  257): [511,10001,zte.com.cn.alarmclock,broadcast,zte.com.cn.alarmclock/.AlarmInitReceiver]
02-03 22:21:45.664 I/am_proc_start(  257): [519,10026,android.process.media,content provider,com.android.providers.downloads/.DownloadProvider]
02-03 22:21:45.674 I/am_proc_bound(  257): [511,zte.com.cn.alarmclock]
02-03 22:21:45.734 I/am_proc_bound(  257): [519,android.process.media]
02-03 22:21:45.834 I/am_proc_start(  257): [527,10002,com.sprint.zone,broadcast,com.sprint.zone/.BootCompleteReceiver]
02-03 22:21:45.884 I/am_proc_bound(  257): [527,com.sprint.zone]
02-03 22:21:45.954 I/binder_sample(  511): [android.app.IActivityManager,16,122,zte.com.cn.alarmclock,24]
02-03 22:21:45.984 I/dvm_gc_madvise_info(  329): [139264,126976]
02-03 22:21:46.064 I/dvm_gc_madvise_info(  343): [131072,126976]
02-03 22:21:46.204 I/dvm_gc_info(  343): [8099846449757435517,-8925705547201660874,-4004679697885726675,7358131]
02-03 22:21:46.244 I/dvm_gc_madvise_info(  446): [126976,126976]
02-03 22:21:46.255 I/dvm_gc_info(  527): [3349111792835024518,-8968208681102616528,-4006650022722701267,7358131]
02-03 22:21:46.285 I/dvm_gc_info(  527): [3349111792835044717,-9068132297834899408,-4006650022722701267,7358131]
02-03 22:21:46.295 I/dvm_gc_madvise_info(  400): [233472,126976]
02-03 22:21:46.325 I/dvm_gc_info(  527): [3349111792835084288,-9223224872529962959,-4006368547745990611,7358131]
02-03 22:21:46.395 I/am_proc_start(  257): [536,10005,com.android.voicedialer,broadcast,com.android.voicedialer/.VoiceDialerReceiver]
02-03 22:21:46.415 I/dvm_gc_madvise_info(  383): [212992,126976]
02-03 22:21:46.425 I/am_proc_bound(  257): [536,com.android.voicedialer]
02-03 22:21:46.475 I/am_proc_start(  257): [544,10011,com.swype.android.inputmethod,broadcast,com.swype.android.inputmethod/.SwypeDataInitializer]
02-03 22:21:46.485 I/am_proc_bound(  257): [544,com.swype.android.inputmethod]
02-03 22:21:46.665 I/am_proc_start(  257): [553,10013,com.sprint.ce.updater,broadcast,com.sprint.ce.updater/.BootCompletedReceiver]
02-03 22:21:46.685 I/am_proc_bound(  257): [553,com.sprint.ce.updater]
02-03 22:21:46.755 I/am_create_service(  257): [1082520632,com.sprint.ce.updater/.UpdaterService,act=com.sprint.action.CLEANUP_FILES,553]
02-03 22:21:46.765 I/am_proc_start(  257): [561,10015,com.sprint.w.installer,broadcast,com.sprint.w.installer/.BootListener]
02-03 22:21:46.835 I/am_proc_bound(  257): [561,com.sprint.w.installer]
02-03 22:21:46.855 I/dvm_gc_info(  114): [8825198673194734639,-9135405298288326610,-4006087072769275858,7358131]
02-03 22:21:46.925 I/dvm_gc_info(  114): [8825198673194672176,-9222662541068629970,-4006087072769275858,7358131]
02-03 22:21:46.935 I/dvm_gc_info(  257): [8320808730291754774,-8925420222926768029,-3981035799842031571,8611876]
02-03 22:21:46.995 I/dvm_gc_info(  114): [8825198673194672184,-9222662541068629970,-4006087072769275858,7358131]
02-03 22:21:47.015 I/binder_sample(  553): [android.app.IActivityManager,110,204,com.sprint.ce.updater,40]
02-03 22:21:47.025 I/am_create_service(  257): [1083517192,com.sprint.w.installer/com.sprint.id.updater.UpdaterService,,561]
02-03 22:21:47.085 I/dvm_gc_info(  496): [7308604875705067094,-9002829896995592139,-4004961172862437331,7358131]
02-03 22:21:47.095 I/am_create_service(  257): [1083384568,com.sprint.w.installer/.DownloadService,act=com.sprint.action.ACTION_CLEANUP,561]
02-03 22:21:47.105 I/am_proc_start(  257): [570,10017,com.locationlabs.v3client,broadcast,com.locationlabs.v3client/.BootCompletedReceiver]
02-03 22:21:47.155 I/am_proc_bound(  257): [570,com.locationlabs.v3client]
02-03 22:21:47.195 I/dvm_gc_info(  561): [7597136565101557374,-8972993755689904079,-4006368547745990611,7358131]
02-03 22:21:47.286 I/am_destroy_service(  257): [1083384568,com.sprint.w.installer/.DownloadService,561]
02-03 22:21:47.376 I/dvm_gc_info(  570): [8517260637557024390,-8975245555520362448,-4006368547745990611,7358131]
02-03 22:21:47.596 I/dvm_gc_info(  470): [8315180330336208519,-8974964080543651792,-4006368547745986514,7358131]
02-03 22:21:47.696 I/am_create_service(  257): [1083237896,com.android.qualcomm/.DunService,,470]
02-03 22:21:47.706 I/dvm_gc_info(  470): [8315180330336228940,-9022533351590967247,-4006087072769279955,7358131]
02-03 22:21:47.716 I/am_proc_start(  257): [578,10026,com.irdeto.providers.drm,broadcast,com.irdeto.providers.drm/.OmaDrmReceiver]
02-03 22:21:47.756 I/am_proc_bound(  257): [578,com.irdeto.providers.drm]
02-03 22:21:47.756 I/dvm_gc_info(  350): [7809652345805247889,-9047866236816402382,-3996798398537828307,8554533]
02-03 22:21:47.806 I/am_create_service(  257): [1083069328,com.irdeto.providers.drm/.OmaDrmService,act=android.intent.action.BOOT_COMPLETED,578]
02-03 22:21:47.806 I/am_proc_start(  257): [587,10033,com.android.mms,broadcast,com.android.mms/.transaction.MmsSystemEventReceiver]
02-03 22:21:47.826 I/am_proc_bound(  257): [587,com.android.mms]
02-03 22:21:47.856 I/dvm_gc_madvise_info(  480): [184320,126976]
02-03 22:21:47.966 I/dvm_gc_madvise_info(  544): [159744,126976]
02-03 22:21:47.996 I/dvm_gc_madvise_info(  511): [135168,126976]
02-03 22:21:48.006 I/binder_sample(  578): [android.app.IActivityManager,61,190,com.irdeto.providers.drm,38]
02-03 22:21:48.026 I/dvm_gc_madvise_info(  519): [131072,126976]
02-03 22:21:48.026 I/dvm_gc_madvise_info(  553): [151552,126976]
02-03 22:21:48.026 I/dvm_gc_madvise_info(  536): [163840,126976]
02-03 22:21:48.086 I/binder_sample(  343): [android.os.IPowerManager,1,161,com.android.phone,32]
02-03 22:21:48.186 I/notification_cancel(  257): [com.android.phone,111,0]
02-03 22:21:48.206 I/notification_cancel(  257): [com.android.phone,111,0]
02-03 22:21:48.296 I/dvm_gc_madvise_info(  462): [393216,126976]
02-03 22:21:48.417 I/notification_cancel(  257): [com.android.phone,7,0]
02-03 22:21:48.417 I/notification_cancel(  257): [com.android.phone,7,0]
02-03 22:21:48.427 I/notification_cancel(  257): [com.android.phone,7,0]
02-03 22:21:48.437 I/notification_cancel(  257): [com.android.phone,7,0]
02-03 22:21:48.437 I/notification_cancel(  257): [com.android.phone,7,0]
02-03 22:21:48.437 I/notification_cancel(  257): [com.android.phone,7,0]
02-03 22:21:48.437 I/notification_cancel(  257): [com.android.phone,7,0]
02-03 22:21:48.437 I/notification_cancel(  257): [com.android.phone,7,0]
02-03 22:21:48.447 I/notification_cancel(  257): [com.android.phone,7,0]
02-03 22:21:48.447 I/notification_cancel(  257): [com.android.phone,7,0]
02-03 22:21:48.457 I/content_query_sample(  587): [content://mms-sms/draft,thread_id,,,112,,23]
02-03 22:21:48.507 I/dvm_gc_info(  587): [7218827569569830519,-8977215880340559823,-4006087072769279955,7358131]
02-03 22:21:48.537 I/binder_sample(  587): [android.content.IContentProvider,4,171,com.android.mms,34]
02-03 22:21:48.627 I/notification_cancel(  257): [com.android.mms,123,0]
02-03 22:21:48.637 I/am_create_service(  257): [1081827296,com.android.mms/.transaction.SmsReceiverService,act=android.intent.action.BOOT_COMPLETED,587]
02-03 22:21:48.657 I/am_create_service(  257): [1082151824,com.android.providers.media/.MediaScannerService,,519]
02-03 22:21:48.667 I/am_proc_start(  257): [605,1000,com.android.zte.HiddenMenu,broadcast,com.android.zte.HiddenMenu/.CommandReceiver]
02-03 22:21:48.687 I/am_proc_bound(  257): [605,com.android.zte.HiddenMenu]
02-03 22:21:48.807 I/am_create_service(  257): [1082900688,com.google.android.gsf/.checkin.CheckinService,,383]
02-03 22:21:48.887 I/am_create_service(  257): [1083078368,com.google.android.gsf/.checkin.EventLogService,,383]
02-03 22:21:48.917 I/am_create_service(  257): [1083084296,com.google.android.gsf/.update.SystemUpdateService,,383]
02-03 22:21:48.917 I/dvm_gc_info(  383): [7449358886915647087,-8986504485835728846,-4005805597792569299,7358131]
02-03 22:21:48.937 I/dvm_gc_madvise_info(  488): [405504,126976]
02-03 22:21:48.997 I/am_create_task(  257): 3
02-03 22:21:48.997 I/am_create_activity(  257): [1083094512,3,com.google.android.gsf/.update.SystemUpdateInstallDialog,NULL,NULL,NULL,276824064]
02-03 22:21:48.997 I/am_pause_activity(  257): [1081257064,com.android.launcher/com.android.launcher2.Launcher]
02-03 22:21:49.007 I/am_on_paused_called(  350): com.android.launcher2.Launcher
02-03 22:21:49.007 I/am_restart_activity(  257): [1083094512,3,com.google.android.gsf/.update.SystemUpdateInstallDialog]
02-03 22:21:49.017 I/binder_sample(  383): [android.app.IActivityManager,3,16,com.google.process.gapps,3]
02-03 22:21:49.017 I/notification_cancel(  257): [com.google.android.gsf,2130837525,0]
02-03 22:21:49.017 I/notification_cancel(  257): [com.google.android.gsf,2130837526,0]
02-03 22:21:49.017 I/am_destroy_service(  257): [1083084296,com.google.android.gsf/.update.SystemUpdateService,383]
02-03 22:21:49.027 I/system_update(  383): [512,0,-1,NULL]
02-03 22:21:49.057 I/dvm_gc_info(  519): [7882817126543750795,-8965956881288923089,-4006650022722701267,7358131]
02-03 22:21:49.117 I/am_finish_activity(  257): [1083094512,3,com.google.android.gsf/.update.SystemUpdateInstallDialog,app-request]
02-03 22:21:49.117 I/am_pause_activity(  257): [1083094512,com.google.android.gsf/.update.SystemUpdateInstallDialog]
02-03 22:21:49.127 I/am_resume_activity(  257): [1081257064,2,com.android.launcher/com.android.launcher2.Launcher]
02-03 22:21:49.127 I/am_on_resume_called(  350): com.android.launcher2.Launcher
02-03 22:21:49.147 I/activity_launch_time(  257): [1081257064,com.android.launcher/com.android.launcher2.Launcher,13227,13227]
02-03 22:21:49.147 I/am_destroy_activity(  257): [1083094512,3,com.google.android.gsf/.update.SystemUpdateInstallDialog]
02-03 22:21:49.197 I/am_destroy_service(  257): [1082900688,com.google.android.gsf/.checkin.CheckinService,383]
02-03 22:21:49.197 I/notification_cancel(  257): [com.android.mms,123,0]
02-03 22:21:49.247 I/am_destroy_service(  257): [1081827296,com.android.mms/.transaction.SmsReceiverService,587]
02-03 22:21:49.317 I/dvm_gc_info(  446): [8097879449376192116,-9016622514569365458,-4006931497699411923,7358131]
02-03 22:21:49.317 I/binder_sample(  446): [android.content.IContentProvider,3,62,com.google.android.partnersetup,12]
02-03 22:21:49.348 I/binder_sample(  343): [com.android.internal.telephony.ITelephonyRegistry,8,5,com.android.phone,1]
02-03 22:21:49.368 I/dvm_gc_info(  383): [7449358886915602034,-8998889316074731469,-4005805597792569299,7358132]
02-03 22:21:49.428 I/db_sample(  383): [/data/data/com.google.android.gsf/databases/googlesettings.db,INSERT INTO partner(value, name) VALUES(?, ?);,102,,21]
02-03 22:21:49.438 I/binder_sample(  446): [android.content.IContentProvider,3,114,com.google.android.partnersetup,22]
02-03 22:21:49.448 I/content_update_sample(  446): [content://com.google.settings/partner,insert,,117,com.google.android.partnersetup,24]
02-03 22:21:49.458 I/aggregation(  383): 1328329309469
02-03 22:21:49.538 I/am_destroy_service(  257): [1083078368,com.google.android.gsf/.checkin.EventLogService,383]
02-03 22:21:49.578 I/binder_sample(  446): [android.content.IContentProvider,3,54,com.google.android.partnersetup,10]
02-03 22:21:49.638 I/am_create_service(  257): [1083911096,com.google.android.partnersetup/.AppHiderService,,446]
02-03 22:21:49.768 I/dvm_gc_info(  257): [8320808730291672908,-8921479367094372252,-3981035799842031571,8570915]
02-03 22:21:49.848 I/am_create_service(  257): [1083183760,com.google.android.partnersetup/.RlzPingService,,446]
02-03 22:21:49.858 I/am_proc_start(  257): [621,10046,com.google.android.gm,broadcast,com.google.android.gm/.MailIntentReceiver]
02-03 22:21:50.018 I/binder_sample(  621): [,1,34,<pre-initialized>,6]
02-03 22:21:50.018 I/am_proc_bound(  257): [621,com.google.android.gm]
02-03 22:21:50.018 I/dvm_gc_info(  446): [8097879449376196181,-9026192663743961040,-4006368547745990611,7358131]
02-03 22:21:50.108 I/am_destroy_service(  257): [1082151824,com.android.providers.media/.MediaScannerService,519]
02-03 22:21:50.108 I/am_destroy_service(  257): [1083183760,com.google.android.partnersetup/.RlzPingService,446]
02-03 22:21:50.278 I/am_destroy_service(  257): [1083911096,com.google.android.partnersetup/.AppHiderService,446]
02-03 22:21:50.389 I/dvm_gc_info(  621): [7594245893398824564,-8979467680154245071,-4006368547745990611,7358131]
02-03 22:21:50.389 I/am_create_service(  257): [1082466088,com.google.android.gm/.MailIntentService,act=android.intent.action.BOOT_COMPLETED,621]
02-03 22:21:50.419 I/am_create_service(  257): [1083242208,com.google.android.gm/.downloadprovider.DownloadService,,621]
02-03 22:21:50.429 I/am_create_service(  257): [1083075088,com.android.email/.service.EmailBroadcastProcessorService,,496]
02-03 22:21:50.439 I/am_create_service(  257): [1083398280,com.google.android.gsf/.loginservice.GoogleLoginService,act=android.accounts.AccountAuthenticator,383]
02-03 22:21:50.449 I/am_create_service(  257): [1083075672,com.android.providers.downloads/.DownloadService,,519]
02-03 22:21:50.449 I/notification_cancel_all(  257): [com.android.providers.downloads,0]
02-03 22:21:50.449 I/am_destroy_service(  257): [1082466088,com.google.android.gm/.MailIntentService,621]
02-03 22:21:50.459 I/am_proc_start(  257): [635,10052,com.dataviz.docstogo,broadcast,com.dataviz.docstogo/com.dataviz.dxtg.common.android.DTGPhoneBootReceiver]
02-03 22:21:50.519 I/am_proc_bound(  257): [635,com.dataviz.docstogo]
02-03 22:21:50.559 I/binder_sample(  383): [,1,7,com.google.process.gapps,1]
02-03 22:21:50.569 I/am_destroy_service(  257): [1083398280,com.google.android.gsf/.loginservice.GoogleLoginService,383]
02-03 22:21:50.639 I/dvm_gc_info(  383): [7449358886915679855,-8992978272827520972,-4005242647839147987,7358131]
02-03 22:21:50.689 I/dvm_gc_info(  257): [8320808730292029088,-8967641263258134428,-3980754324865320915,8570915]
02-03 22:21:50.749 I/dvm_gc_info(  257): [8320808730291835998,-9112600670072145818,-3979909899935188947,8570915]
02-03 22:21:50.779 I/binder_sample(  383): [android.app.IActivityManager,110,190,com.google.process.gapps,38]
02-03 22:21:50.779 I/binder_sample(  621): [android.app.IActivityManager,110,219,com.google.android.gm,43]
02-03 22:21:50.909 I/am_create_service(  257): [1083582072,com.android.email/com.android.exchange.SyncManager,,496]
02-03 22:21:50.939 I/am_destroy_service(  257): [1083075088,com.android.email/.service.EmailBroadcastProcessorService,496]
02-03 22:21:50.999 I/dvm_gc_info(  635): [7237112473726305911,-8963705081458431951,-4006087072769279955,7358131]
02-03 22:21:51.049 I/am_proc_died(  257): [635,com.dataviz.docstogo]
02-03 22:21:51.049 I/am_broadcast_discard_app(  257): [1082200832,android.intent.action.BOOT_COMPLETED,29,ResolveInfo{40863330 com.dataviz.dxtg.common.android.DTGPhoneBootReceiver p=0 o=0 m=0x108000}]
02-03 22:21:51.119 I/dvm_gc_info(  496): [7308604875703653983,-8996918784995346376,-4004398222909016019,7358131]
02-03 22:21:51.129 I/am_destroy_service(  257): [1083582072,com.android.email/com.android.exchange.SyncManager,496]
02-03 22:21:51.179 I/dvm_gc_info(  400): [7017575181484877432,-8961734619148916685,-4005524122815858643,7358131]
02-03 22:21:51.239 I/dvm_gc_madvise_info(  343): [253952,126976]
02-03 22:21:51.279 I/binder_sample(  496): [android.app.IActivityManager,61,112,com.android.email,22]
02-03 22:21:51.309 I/am_create_service(  257): [1082735704,com.android.contacts/.LoadGroupService,,400]
02-03 22:21:51.319 I/am_proc_start(  257): [646,10055,com.android.camera,broadcast,com.android.camera/.BootCamera]
02-03 22:21:51.339 I/am_proc_bound(  257): [646,com.android.camera]
02-03 22:21:51.410 I/am_proc_start(  257): [654,10056,com.android.providers.calendar,broadcast,com.android.providers.calendar/.CalendarReceiver]
02-03 22:21:51.430 I/am_proc_bound(  257): [654,com.android.providers.calendar]
02-03 22:21:51.600 I/dvm_gc_madvise_info(  527): [475136,126976]
02-03 22:21:51.610 I/binder_sample(  343): [com.android.internal.telephony.ITelephonyRegistry,8,25,com.android.phone,5]
02-03 22:21:51.620 I/am_proc_start(  257): [666,10057,com.android.calendar,broadcast,com.android.calendar/.AlertReceiver]
02-03 22:21:51.620 I/am_create_service(  257): [1082639960,com.android.providers.calendar/.EmptyService,,654]
02-03 22:21:51.640 I/content_query_sample(  519): [content://downloads/all_downloads,_data,,,735,,100]
02-03 22:21:51.640 I/content_query_sample(  621): [content://gmail-downloads/download,_id,status >= '200',lastmod,1154,,100]
02-03 22:21:51.650 I/am_proc_bound(  257): [666,com.android.calendar]
02-03 22:21:51.730 I/am_create_service(  257): [1082626816,com.android.calendar/.AlertService,,666]
02-03 22:21:51.740 I/am_proc_start(  257): [674,1000,com.qualcomm.cabl,broadcast,com.qualcomm.cabl/.CABLReceiver]
02-03 22:21:51.760 I/am_proc_bound(  257): [674,com.qualcomm.cabl]
02-03 22:21:51.800 I/am_create_service(  257): [1082498792,com.qualcomm.cabl/.CABLService,act=com.qualcomm.cabl.intent.action.BOOT_COMPLETED,674]
02-03 22:21:51.800 I/am_proc_start(  257): [683,10067,com.google.android.apps.googlevoice,broadcast,com.google.android.apps.googlevoice/.BootUpReceiver]
02-03 22:21:51.810 I/am_destroy_service(  257): [1082498792,com.qualcomm.cabl/.CABLService,674]
02-03 22:21:51.820 I/binder_sample(  666): [android.app.IActivityManager,110,24,com.android.calendar,4]
02-03 22:21:51.850 I/dvm_gc_info(  114): [8825198673194558512,-9133153498474641362,-4006087072769275858,7358131]
02-03 22:21:51.850 I/am_proc_bound(  257): [683,com.google.android.apps.googlevoice]
02-03 22:21:51.910 I/binder_sample(  666): [android.app.IActivityManager,110,87,com.android.calendar,17]
02-03 22:21:51.910 I/dvm_gc_info(  114): [8825198673194655800,-9222662541068629970,-4006087072769275858,7358131]
02-03 22:21:51.940 I/dvm_gc_info(  114): [8825198673194487856,-9222662541068629970,-4006087072769275858,7358131]
02-03 22:21:51.980 I/binder_sample(  666): [android.app.IActivityManager,110,50,com.android.calendar,10]
02-03 22:21:52.050 I/dvm_gc_madvise_info(  683): [188416,126976]
02-03 22:21:52.170 I/dvm_gc_info(  683): [7453298398305773124,-9012681727355701196,-4005242647839147987,7358131]
02-03 22:21:52.210 I/am_create_service(  257): [1082489816,com.google.android.apps.googlevoice/.BootUpService,act=android.intent.action.BOOT_COMPLETED,683]
02-03 22:21:52.220 I/am_proc_start(  257): [691,10036,com.google.android.apps.maps:FriendService,broadcast,com.google.android.apps.maps/com.google.googlenav.friend.android.ServiceReceiver]
02-03 22:21:52.270 I/am_proc_bound(  257): [691,com.google.android.apps.maps:FriendService]
02-03 22:21:52.310 I/dvm_gc_madvise_info(  561): [466944,126976]
02-03 22:21:52.360 I/dvm_gc_madvise_info(  654): [126976,126976]
02-03 22:21:52.360 I/dvm_gc_madvise_info(  605): [126976,126976]
02-03 22:21:52.370 I/dvm_gc_madvise_info(  646): [135168,126976]
02-03 22:21:52.380 I/dvm_gc_madvise_info(  570): [299008,126976]
02-03 22:21:52.390 I/dvm_gc_madvise_info(  666): [126976,126976]
02-03 22:21:52.390 I/dvm_gc_madvise_info(  674): [172032,126976]
02-03 22:21:52.400 I/dvm_gc_madvise_info(  578): [147456,126976]
02-03 22:21:52.491 I/binder_sample(  691): [android.app.IActivityManager,17,203,<pre-initialized>,40]
02-03 22:21:52.671 I/dvm_gc_info(  691): [7881704463071905391,-8984534229718243278,-4005805597792569299,7358131]
02-03 22:21:52.711 I/dvm_gc_madvise_info(  470): [462848,126976]
02-03 22:21:52.751 I/dvm_gc_madvise_info(  350): [180224,126976]
02-03 22:21:52.761 I/binder_sample(  683): [android.app.IActivityManager,29,148,com.google.android.apps.googlevoice,29]
02-03 22:21:52.981 I/connectivity_state_changed(  257): 3112
02-03 22:21:53.051 I/notification_cancel(  257): [com.android.phone,7,0]
02-03 22:21:53.061 I/notification_cancel(  257): [com.android.phone,7,0]
02-03 22:21:53.061 I/notification_cancel(  257): [com.android.phone,7,0]
02-03 22:21:53.071 I/notification_cancel(  257): [com.android.phone,7,0]
02-03 22:21:53.231 I/am_proc_start(  257): [710,10043,com.google.android.googlequicksearchbox,broadcast,com.google.android.googlequicksearchbox/.SearchWidgetProvider]
02-03 22:21:53.241 I/am_destroy_service(  257): [1083242208,com.google.android.gm/.downloadprovider.DownloadService,621]
02-03 22:21:53.301 I/binder_sample(  710): [,1,21,<pre-initialized>,4]
02-03 22:21:53.311 I/dvm_gc_info(  683): [7453298398305789564,-8968208406157510604,-4005242647839147987,7358131]
02-03 22:21:53.321 I/binder_sample(  691): [android.app.IActivityManager,16,100,com.google.android.apps.maps:FriendServ,20]
02-03 22:21:53.351 I/dvm_gc_info(  691): [7881704463071782460,-9025347963818362825,-4004679697885726675,7358131]
02-03 22:21:53.361 I/am_proc_bound(  257): [710,com.google.android.googlequicksearchbox]
02-03 22:21:53.421 I/am_destroy_service(  257): [1083075672,com.android.providers.downloads/.DownloadService,519]
02-03 22:21:53.421 I/am_destroy_service(  257): [1082489816,com.google.android.apps.googlevoice/.BootUpService,683]
02-03 22:21:53.421 I/am_kill (  257): [480,com.qualcomm.privinit,12,too many background]
02-03 22:21:53.432 I/am_kill (  257): [488,com.cooliris.media,12,too many background]
02-03 22:21:53.452 I/binder_sample(  691): [android.app.IActivityManager,69,122,com.google.android.apps.maps:FriendServ,24]
02-03 22:21:53.462 I/am_proc_died(  257): [488,com.cooliris.media]
02-03 22:21:53.472 I/am_proc_died(  257): [480,com.qualcomm.privinit]
02-03 22:21:53.512 I/dvm_gc_madvise_info(  587): [430080,126976]
02-03 22:21:54.102 I/dvm_gc_madvise_info(  519): [577536,126976]
02-03 22:21:54.503 I/binder_sample(  343): [android.os.IPowerManager,1,721,com.android.phone,100]
02-03 22:21:54.503 I/binder_sample(  710): [android.content.pm.IPackageManager,1,901,com.google.android.googlequicksearchbox,100]
02-03 22:21:54.553 I/binder_sample(  462): [com.android.internal.telephony.ITelephony,56,767,com.redbend.vdmc,100]
02-03 22:21:54.583 I/content_query_sample(  666): [content://com.android.calendar/calendar_alerts,alarmTime,state=0 AND alarmTime<? AND alarmTime>? AND end>=?,alarmTime ASC,2050,,100]
02-03 22:21:54.583 I/content_query_sample(  587): [content://sms/autoSend,_id/thread_id/address/body/status,,date ASC,941,,100]
02-03 22:21:54.613 I/notification_cancel(  257): [com.android.calendar,0,0]
02-03 22:21:54.613 I/am_destroy_service(  257): [1082626816,com.android.calendar/.AlertService,666]
02-03 22:21:54.613 I/am_kill (  257): [511,zte.com.cn.alarmclock,12,too many background]
02-03 22:21:54.613 I/am_proc_died(  257): [511,zte.com.cn.alarmclock]
02-03 22:21:54.703 I/dvm_gc_info(  343): [8099846449757439579,-8988192992014632905,-4004679697885726675,7358131]
02-03 22:21:55.063 I/dvm_gc_madvise_info(  446): [315392,126976]
02-03 22:21:55.423 I/dvm_gc_madvise_info(  621): [454656,126976]
02-03 22:21:55.644 I/dvm_gc_madvise_info(  383): [241664,126976]
02-03 22:21:55.814 I/dvm_gc_madvise_info(  257): [184320,126976]
02-03 22:21:56.144 I/dvm_gc_info(  462): [3347973793971758715,-8969616124705642448,-4006368547745990611,7358131]
02-03 22:21:56.194 I/dvm_gc_info(  257): [8320808730291631995,-8922042110855780252,-3981035799842031571,8570915]
02-03 22:21:56.204 I/dvm_gc_madvise_info(  400): [290816,126976]
02-03 22:21:56.204 I/dvm_gc_madvise_info(  496): [229376,126976]
02-03 22:21:56.555 I/power_sleep_requested(  257): 1
02-03 22:21:56.705 I/am_destroy_service(  257): [1082639960,com.android.providers.calendar/.EmptyService,654]
02-03 22:21:56.715 I/am_kill (  257): [527,com.sprint.zone,14,too many background]
02-03 22:21:56.725 I/am_proc_died(  257): [527,com.sprint.zone]
02-03 22:21:56.775 I/power_screen_state(  257): [0,2,0,0]
02-03 22:21:56.785 I/power_screen_broadcast_send(  257): 1
02-03 22:21:56.785 I/screen_toggled(  257): 0
02-03 22:21:56.785 I/am_pause_activity(  257): [1081257064,com.android.launcher/com.android.launcher2.Launcher]
02-03 22:21:56.785 I/am_on_paused_called(  350): com.android.launcher2.Launcher
02-03 22:21:56.985 I/dvm_gc_madvise_info(  710): [139264,126976]
02-03 22:21:57.846 I/am_kill (  257): [536,com.android.voicedialer,14,too many background]
02-03 22:21:57.946 I/am_proc_start(  257): [729,10034,com.google.android.apps.uploader,broadcast,com.google.android.apps.uploader/.ConnectivityBroadcastReceiver]
02-03 22:21:57.966 I/dvm_gc_madvise_info(  729): [368640,126976]
02-03 22:21:57.976 I/am_proc_bound(  257): [729,com.google.android.apps.uploader]
02-03 22:21:57.996 I/am_proc_died(  257): [536,com.android.voicedialer]
02-03 22:21:58.056 I/am_create_service(  257): [1082729296,com.android.providers.media/.MediaScannerService,,519]
02-03 22:21:58.066 I/am_proc_start(  257): [741,10049,com.cooliris.media,broadcast,com.cooliris.media/com.cooliris.cache.BootReceiver]
02-03 22:21:58.066 I/dvm_gc_madvise_info(  741): [368640,126976]
02-03 22:21:58.086 I/am_proc_bound(  257): [741,com.cooliris.media]
02-03 22:21:58.116 I/binder_sample(  462): [android.app.IActivityManager,110,10,com.redbend.vdmc,2]
02-03 22:21:58.196 I/dvm_gc_info(  741): [7882817126543722135,-8925143009665882065,-4006650022722701267,7358131]
02-03 22:21:58.226 I/am_proc_start(  257): [750,10021,com.google.android.apps.plus,broadcast,com.google.android.apps.plus/.service.PackagesMediaMonitor]
02-03 22:21:58.226 I/am_kill (  257): [544,com.swype.android.inputmethod,14,too many background]
02-03 22:21:58.236 I/dvm_gc_madvise_info(  750): [368640,126976]
02-03 22:21:58.256 I/am_proc_bound(  257): [750,com.google.android.apps.plus]
02-03 22:21:58.266 I/am_proc_died(  257): [544,com.swype.android.inputmethod]
02-03 22:21:58.286 I/binder_sample(  729): [android.app.IActivityManager,110,66,com.google.android.apps.uploader,13]
02-03 22:21:58.316 I/dvm_gc_madvise_info(  683): [221184,126976]
02-03 22:21:58.376 I/dvm_gc_madvise_info(  691): [221184,126976]
02-03 22:21:58.396 I/dvm_gc_info(  750): [3346293774832690800,-8982845379857979342,-4006087072769279955,7358131]
02-03 22:21:58.436 I/binder_sample(  741): [android.app.IActivityManager,110,117,com.cooliris.media,23]
02-03 22:21:58.677 I/dvm_gc_info(  710): [7453298398305732220,-8971304905846421456,-4006368547745990611,7358131]
02-03 22:21:58.677 I/dvm_gc_info(  750): [3346293774832690797,-8946534970389751756,-4005242647839147987,7358131]
02-03 22:21:58.707 I/content_update_sample(  519): [content://media/none/media_scanner,insert,,260,,53]
02-03 22:21:58.727 I/db_sample(  519): [/data/data/com.android.providers.media/databases/external-e82ff9f2.db,SELECT _id, _data, date_modified FROM audio,0,,1]
02-03 22:21:58.777 I/dvm_gc_info(  750): [3346293774832694873,-8970741680897533897,-4004398222909016019,7358131]
02-03 22:21:58.837 I/am_kill (  257): [570,com.locationlabs.v3client,14,too many background]
02-03 22:21:58.847 I/am_proc_start(  257): [760,10030,com.google.android.music:main,broadcast,com.google.android.music/.store.MediaStoreImportService$Receiver]
02-03 22:21:58.857 I/dvm_gc_madvise_info(  760): [364544,126976]
02-03 22:21:58.877 I/am_proc_bound(  257): [760,com.google.android.music:main]
02-03 22:21:58.887 I/am_proc_died(  257): [570,com.locationlabs.v3client]
02-03 22:21:58.947 I/am_create_service(  257): [1083428464,com.sprint.w.installer/.AlarmService,,561]
02-03 22:21:58.997 I/dvm_gc_info(  760): [7887337218879055473,-8983126854834694094,-4006087072769279955,7358131]
02-03 22:21:59.037 I/am_destroy_service(  257): [1083428464,com.sprint.w.installer/.AlarmService,561]
02-03 22:21:59.077 I/content_query_sample(  750): [content://com.google.android.apps.plus.content.EsGooglePhotoProvider/settings,auto_upload_enabled,,,256,,52]
02-03 22:21:59.247 I/dvm_gc_info(  760): [7887337218879092259,-9046177180814440393,-4004679697885726675,7358131]
