02-03 22:21:59.297 I/am_proc_start(  257): [774,10002,com.sprint.zone,broadcast,com.sprint.zone/.PackageUpdateReceiver]
02-03 22:21:59.297 I/am_kill (  257): [587,com.android.mms,14,too many background]
02-03 22:21:59.307 I/dvm_gc_madvise_info(  774): [364544,126976]
02-03 22:21:59.317 I/am_proc_bound(  257): [774,com.sprint.zone]
02-03 22:21:59.357 I/am_proc_died(  257): [587,com.android.mms]
02-03 22:21:59.387 I/am_proc_start(  257): [782,10005,com.android.voicedialer,broadcast,com.android.voicedialer/.VoiceDialerReceiver]
02-03 22:21:59.387 I/am_kill (  257): [605,com.android.zte.HiddenMenu,14,too many background]
02-03 22:21:59.397 I/dvm_gc_madvise_info(  782): [364544,126976]
02-03 22:21:59.417 I/am_proc_bound(  257): [782,com.android.voicedialer]
02-03 22:21:59.447 I/am_proc_start(  257): [790,10023,com.android.vending,broadcast,com.android.vending/com.google.android.finsky.receivers.PersistentPackageMonitorReceiver]
02-03 22:21:59.447 I/am_kill (  257): [646,com.android.camera,12,too many background]
02-03 22:21:59.457 I/dvm_gc_madvise_info(  790): [360448,126976]
02-03 22:21:59.477 I/am_proc_bound(  257): [790,com.android.vending]
02-03 22:21:59.487 I/am_proc_died(  257): [646,com.android.camera]
02-03 22:21:59.487 I/am_proc_died(  257): [605,com.android.zte.HiddenMenu]
02-03 22:21:59.718 I/dvm_gc_madvise_info(  343): [290816,126976]
02-03 22:21:59.738 I/dvm_gc_info(  790): [8531346446660728434,-8979467680137439182,-4005805597792569299,7358131]
02-03 22:22:00.038 I/dvm_gc_info(  790): [8531346446660724321,-8978623117734758348,-4005242647839147987,7358131]
02-03 22:22:00.098 I/am_proc_start(  257): [812,10036,com.google.android.apps.maps:LocationFriendService,broadcast,com.google.android.apps.maps/com.google.googlenav.friend.reporting.LocationReportingIntentReceiver]
02-03 22:22:00.108 I/am_kill (  257): [666,com.android.calendar,14,too many background]
02-03 22:22:00.118 I/dvm_gc_madvise_info(  812): [360448,126976]
02-03 22:22:00.128 I/am_proc_bound(  257): [812,com.google.android.apps.maps:LocationFriendService]
02-03 22:22:00.168 I/am_proc_died(  257): [666,com.android.calendar]
02-03 22:22:00.198 I/binder_sample(  774): [android.app.IActivityManager,16,122,com.sprint.zone,24]
02-03 22:22:00.248 I/dvm_gc_info(  812): [7881704463071770225,-8980593580044298190,-4006087072769279955,7358131]
02-03 22:22:00.448 I/dvm_gc_info(  812): [7881704463071766078,-9025347963835148234,-4004679697885726675,7358131]
02-03 22:22:00.488 I/am_create_task(  257): 4
02-03 22:22:00.488 I/am_create_activity(  257): [1081557808,4,com.google.android.apps.maps/com.google.googlenav.login.AndroidLoginActivitySdk5,NULL,NULL,NULL,268435456]
02-03 22:22:00.508 I/am_proc_start(  257): [822,10036,com.google.android.apps.maps,activity,com.google.android.apps.maps/com.google.googlenav.login.AndroidLoginActivitySdk5]
02-03 22:22:00.518 I/am_kill (  257): [674,com.qualcomm.cabl,14,too many background]
02-03 22:22:00.528 I/am_create_service(  257): [1083478512,com.google.android.gsf/.checkin.CheckinService,,383]
02-03 22:22:00.548 I/dvm_gc_madvise_info(  822): [360448,126976]
02-03 22:22:00.568 I/am_create_service(  257): [1082879616,com.google.android.gsf/.gtalkservice.service.GTalkService,act=com.google.android.gtalkservice.IGTalkService,383]
02-03 22:22:00.588 I/gtalkservice(  383): 3
02-03 22:22:00.588 I/am_create_service(  257): [1084134544,com.google.android.gm/.downloadprovider.DownloadService,,621]
02-03 22:22:00.598 I/dvm_gc_info(  114): [8825198673194820656,-9133997923404773330,-4006087072769275858,7358131]
02-03 22:22:00.619 I/am_create_service(  257): [1082945384,com.android.providers.downloads/.DownloadService,,519]
02-03 22:22:00.619 I/notification_cancel_all(  257): [com.android.providers.downloads,0]
02-03 22:22:00.629 I/binder_sample(  822): [,1,47,<pre-initialized>,9]
02-03 22:22:00.659 I/dvm_gc_info(  114): [8825198673194635312,-9222662541068629970,-4006087072769275858,7358131]
02-03 22:22:00.689 I/dvm_gc_info(  114): [8825198673194487864,-9222662541068629970,-4006087072769275858,7358131]
02-03 22:22:00.689 I/am_proc_start(  257): [833,10065,com.facebook.katana,broadcast,com.facebook.katana/.binding.UploadManagerConnectivity]
02-03 22:22:00.699 I/db_sample(  519): [/data/data/com.android.providers.media/databases/external-e82ff9f2.db,UPDATE images SET bucket_id=?, orientation=?, title=?, mime_type,323,,65]
02-03 22:22:00.699 I/am_proc_bound(  257): [822,com.google.android.apps.maps]
02-03 22:22:00.729 I/content_query_sample(  519): [content://downloads/all_downloads,_id,status >= '200',lastmod,33,,7]
02-03 22:22:00.729 I/am_restart_activity(  257): [1081557808,4,com.google.android.apps.maps/com.google.googlenav.login.AndroidLoginActivitySdk5]
02-03 22:22:00.729 I/binder_sample(  812): [android.app.IActivityManager,16,210,com.google.android.apps.maps:LocationFr,42]
02-03 22:22:00.739 I/am_pause_activity(  257): [1081557808,com.google.android.apps.maps/com.google.googlenav.login.AndroidLoginActivitySdk5]
02-03 22:22:00.739 I/am_proc_died(  257): [674,com.qualcomm.cabl]
02-03 22:22:00.739 I/am_proc_bound(  257): [833,com.facebook.katana]
02-03 22:22:00.859 I/dvm_gc_info(  383): [7449358886915679871,-8974963805598566348,-4005524122815858643,7358131]
02-03 22:22:00.979 I/dvm_gc_info(  822): [3345437233799820913,-8980312105067583438,-4006087072769279955,7358131]
02-03 22:22:01.009 I/db_sample(  383): [/data/data/com.google.android.gsf/databases/talk.db,COMMIT;INSERT OR REPLACE  INTO providerSettings(value, provider,,51,com.google.process.gapps,11]
02-03 22:22:01.069 I/binder_sample(  812): [android.app.IActivityManager,110,164,com.google.android.apps.maps:LocationFr,32]
02-03 22:22:01.079 I/am_create_service(  257): [1082514920,com.google.android.gsf/.loginservice.GoogleLoginService,act=android.accounts.AccountAuthenticator,383]
02-03 22:22:01.249 I/dvm_gc_madvise_info(  257): [765952,126976]
02-03 22:22:01.329 I/content_query_sample(  519): [content://downloads/all_downloads,_data,,,303,,61]
02-03 22:22:01.379 I/am_destroy_service(  257): [1082514920,com.google.android.gsf/.loginservice.GoogleLoginService,383]
02-03 22:22:01.429 I/content_query_sample(  383): [content://com.google.android.gsf.gservices,,,,10,,3]
02-03 22:22:01.499 I/dvm_gc_info(  822): [3345437233799820847,-9034918181762787274,-4004679697885726675,7358131]
02-03 22:22:01.519 I/dvm_gc_info(  833): [7737593596605425211,-9019155651803252683,-4004961172862437331,7358131]
02-03 22:22:01.539 I/dvm_gc_info(  383): [7449358886915634784,-8992696729114544075,-4004961172862437331,7358131]
02-03 22:22:01.589 I/dvm_gc_madvise_info(  462): [225280,126976]
02-03 22:22:01.599 I/binder_sample(  822): [android.content.IContentProvider,1,189,com.google.android.apps.maps,37]
02-03 22:22:01.680 I/binder_sample(  822): [android.content.IBulkCursor,12,64,com.google.android.apps.maps,12]
02-03 22:22:01.760 I/am_destroy_service(  257): [1084134544,com.google.android.gm/.downloadprovider.DownloadService,621]
02-03 22:22:01.790 I/am_destroy_service(  257): [1082945384,com.android.providers.downloads/.DownloadService,519]
02-03 22:22:01.800 I/db_sample(  383): [/data/data/com.google.android.gsf/databases/talk.db,DELETE FROM chats WHERE groupchat=1 AND contact_id in (select _i,0,,1]
02-03 22:22:01.840 I/am_finish_activity(  257): [1081557808,4,com.google.android.apps.maps/com.google.googlenav.login.AndroidLoginActivitySdk5,app-request]
02-03 22:22:01.840 I/am_resume_activity(  257): [1081257064,2,com.android.launcher/com.android.launcher2.Launcher]
02-03 22:22:01.840 I/am_on_resume_called(  350): com.android.launcher2.Launcher
02-03 22:22:01.850 I/am_pause_activity(  257): [1081257064,com.android.launcher/com.android.launcher2.Launcher]
02-03 22:22:01.860 I/am_failed_to_pause(  257): [1081557808,com.google.android.apps.maps/com.google.googlenav.login.AndroidLoginActivitySdk5,com.android.launcher/com.android.launcher2.Launcher]
02-03 22:22:01.870 I/am_on_paused_called(  350): com.android.launcher2.Launcher
02-03 22:22:01.870 I/am_destroy_activity(  257): [1081557808,4,com.google.android.apps.maps/com.google.googlenav.login.AndroidLoginActivitySdk5]
02-03 22:22:01.870 I/am_kill (  257): [683,com.google.android.apps.googlevoice,12,too many background]
02-03 22:22:01.880 I/am_proc_died(  257): [683,com.google.android.apps.googlevoice]
02-03 22:22:01.880 I/am_resume_activity(  257): [1081257064,2,com.android.launcher/com.android.launcher2.Launcher]
02-03 22:22:01.890 I/am_pause_activity(  257): [1081257064,com.android.launcher/com.android.launcher2.Launcher]
02-03 22:22:01.890 I/am_on_resume_called(  350): com.android.launcher2.Launcher
02-03 22:22:01.900 I/am_on_paused_called(  350): com.android.launcher2.Launcher
02-03 22:22:01.960 I/gtalkservice(  383): 0
02-03 22:22:01.960 I/gtalkservice(  383): 1
02-03 22:22:01.960 I/gtalk_connection(  383): 65537
02-03 22:22:01.990 I/aggregation(  383): 1328329322005
02-03 22:22:02.030 I/am_create_service(  257): [1083631432,com.facebook.katana/.service.FacebookService,,833]
02-03 22:22:02.070 I/dvm_gc_info(  833): [7737593596605433423,-8986222735863543751,-4004116747932305363,7358131]
02-03 22:22:02.110 I/force_gc(  257): Binder
02-03 22:22:02.180 I/dvm_gc_info(  257): [8320808730291869472,-8920634735955429274,-3980191374911899603,8570915]
02-03 22:22:02.220 I/am_create_service(  257): [1084139504,com.facebook.katana/.service.UploadManager,,833]
02-03 22:22:02.350 I/content_query_sample(  760): [content://com.google.android.music.MusicContent/playlists,count(*),,,3056,,100]
02-03 22:22:02.430 I/notification_cancel(  257): [com.facebook.katana,7,0]
02-03 22:22:02.500 I/db_sample(  519): [/data/data/com.android.providers.media/databases/external-e82ff9f2.db,UPDATE audio_meta SET album_artist=?, date_modified=?, track=?, ,223,,45]
02-03 22:22:02.500 I/db_sample(  400): [/data/data/com.android.providers.contacts/databases/contacts2.db,COMMIT;UPDATE presence SET mode=? WHERE protocol=? AND im_accoun,271,,55]
02-03 22:22:02.530 I/power_screen_broadcast_done(  257): [0,5754,1]
02-03 22:22:02.550 I/am_create_service(  257): [1083766200,com.google.android.music/.store.MediaStoreImportService,act=MediaStoreImportService.import_pending,760]
02-03 22:22:02.560 I/content_update_sample(  383): [content://com.android.contacts/status_updates,update,protocol=? AND im_account=? AND im_handle=?,353,,71]
02-03 22:22:02.620 I/am_destroy_service(  257): [1084139504,com.facebook.katana/.service.UploadManager,833]
02-03 22:22:02.681 I/am_destroy_service(  257): [1083766200,com.google.android.music/.store.MediaStoreImportService,760]
02-03 22:22:03.011 I/am_create_service(  257): [1083103120,com.google.android.music/.store.MediaStoreImportService,act=MediaStoreImportService.import_pending,760]
02-03 22:22:03.141 I/dvm_gc_info(  833): [7737593596605388370,-8985378104758175686,-4003553797978884051,7358131]
02-03 22:22:03.211 I/dvm_gc_madvise_info(  741): [417792,126976]
02-03 22:22:03.261 I/am_destroy_service(  257): [1082729296,com.android.providers.media/.MediaScannerService,519]
02-03 22:22:03.351 I/dvm_gc_info(  760): [7887337218879051336,-9039139962748934086,-4003553797978884051,7358131]
02-03 22:22:03.371 I/am_destroy_service(  257): [1083103120,com.google.android.music/.store.MediaStoreImportService,760]
02-03 22:22:03.381 I/am_kill (  257): [691,com.google.android.apps.maps:FriendService,14,too many background]
02-03 22:22:03.381 I/am_proc_died(  257): [691,com.google.android.apps.maps:FriendService]
02-03 22:22:03.381 I/am_resume_activity(  257): [1081257064,2,com.android.launcher/com.android.launcher2.Launcher]
02-03 22:22:03.391 I/am_pause_activity(  257): [1081257064,com.android.launcher/com.android.launcher2.Launcher]
02-03 22:22:03.391 I/am_on_resume_called(  350): com.android.launcher2.Launcher
02-03 22:22:03.401 I/am_on_paused_called(  350): com.android.launcher2.Launcher
02-03 22:22:03.621 I/dvm_gc_info(  833): [7737593596605470276,-9009584815232411586,-4002146423095330771,7358131]
02-03 22:22:03.671 I/dvm_gc_madvise_info(  710): [458752,126976]
02-03 22:22:03.742 I/dvm_gc_info(  383): [7449358886915642969,-8993259679051159498,-4004679697885726675,7358131]
02-03 22:22:03.792 I/dvm_gc_madvise_info(  750): [204800,126976]
02-03 22:22:03.932 I/dvm_gc_info(  833): [7737593596605470317,-8925704928508090303,-4001020523188488147,7358131]
02-03 22:22:04.382 I/dvm_gc_info(  833): [7737593596605429455,-8917823354282330050,-4001864948118620115,7358131]
02-03 22:22:04.692 I/google_http_request(  383): [1447,200,Android-Checkin/2.0,1]
02-03 22:22:04.883 I/dvm_gc_info(  383): [7449358886915642965,-8973556361945147337,-4004398222909016019,7358131]
02-03 22:22:04.933 I/db_sample(  833): [/data/data/com.facebook.katana/databases/fb.db,GETLOCK:SELECT _id FROM key_value WHERE (key='is_employee') ORDE,92,,19]
02-03 22:22:04.953 I/dvm_gc_info(  833): [7737593596605486674,-9015495171200907199,-4001020523188488147,7358131]
02-03 22:22:05.013 I/db_sample(  383): [/data/data/com.google.android.gsf/databases/gservices.db,INSERT INTO main (name, value) VALUES (?, ?),1,,1]
02-03 22:22:05.053 I/dvm_gc_madvise_info(  790): [143360,126976]
02-03 22:22:05.103 I/am_proc_start(  257): [857,10004,com.google.android.voicesearch,broadcast,com.google.android.voicesearch/.GservicesBroadcastReceiver]
02-03 22:22:05.123 I/am_proc_bound(  257): [857,com.google.android.voicesearch]
02-03 22:22:05.123 I/content_update_sample(  383): [content://com.google.android.gsf.gservices/main,update,,184,,37]
02-03 22:22:05.133 I/content_query_sample(  383): [content://com.google.android.gsf.gservices,,,,1,,1]
02-03 22:22:05.163 I/binder_sample(  857): [android.app.IActivityManager,17,41,<pre-initialized>,8]
02-03 22:22:05.213 I/content_update_sample(  833): [content://com.facebook.katana.provider.CacheProvider/cache/name/gk%3Aandroid_ci_legal_screen,update,,148,com.facebook.katana,30]
02-03 22:22:05.373 I/dvm_gc_info(  857): [8534155694507615868,-8977215880340551631,-4006087072769279955,7358131]
02-03 22:22:05.413 I/am_kill (  257): [446,com.google.android.partnersetup,14,too many background]
02-03 22:22:05.443 I/am_create_service(  257): [1082456952,com.google.android.gsf/.update.SystemUpdateService,,383]
02-03 22:22:05.453 I/am_proc_died(  257): [446,com.google.android.partnersetup]
02-03 22:22:05.453 I/am_broadcast_discard_app(  257): [1081972992,com.google.gservices.intent.action.GSERVICES_CHANGED,4,ResolveInfo{408220b0 com.google.android.partnersetup.GservicesChangedReceiver p=0 o=0 m=0x108000}]
02-03 22:22:05.453 I/am_resume_activity(  257): [1081257064,2,com.android.launcher/com.android.launcher2.Launcher]
02-03 22:22:05.453 I/am_pause_activity(  257): [1081257064,com.android.launcher/com.android.launcher2.Launcher]
02-03 22:22:05.453 I/am_on_resume_called(  350): com.android.launcher2.Launcher
02-03 22:22:05.473 I/am_on_paused_called(  350): com.android.launcher2.Launcher
02-03 22:22:05.513 I/am_create_task(  257): 5
02-03 22:22:05.513 I/am_create_activity(  257): [1083014472,5,com.google.android.gsf/.update.SystemUpdateInstallDialog,NULL,NULL,NULL,276824064]
02-03 22:22:05.523 I/am_restart_activity(  257): [1083014472,5,com.google.android.gsf/.update.SystemUpdateInstallDialog]
02-03 22:22:05.523 I/am_pause_activity(  257): [1083014472,com.google.android.gsf/.update.SystemUpdateInstallDialog]
02-03 22:22:05.523 I/notification_cancel(  257): [com.google.android.gsf,2130837525,0]
02-03 22:22:05.523 I/notification_cancel(  257): [com.google.android.gsf,2130837526,0]
02-03 22:22:05.523 I/am_destroy_service(  257): [1082456952,com.google.android.gsf/.update.SystemUpdateService,383]
02-03 22:22:05.523 I/system_update(  383): [512,0,-1,NULL]
02-03 22:22:05.553 I/am_finish_activity(  257): [1083014472,5,com.google.android.gsf/.update.SystemUpdateInstallDialog,app-request]
02-03 22:22:05.583 I/dvm_gc_info(  350): [7809652345805379175,-8979186067587516365,-3996235448584406995,8554533]
02-03 22:22:05.613 I/dvm_gc_info(  383): [7449358886915601998,-9010148040164472775,-4003835272955594707,7358132]
02-03 22:22:05.613 I/am_destroy_activity(  257): [1083014472,5,com.google.android.gsf/.update.SystemUpdateInstallDialog]
02-03 22:22:05.723 I/dvm_gc_info(  350): [7809652345805063571,-9061376760803805133,-3997079873514538963,8554531]
02-03 22:22:05.744 I/dvm_gc_madvise_info(  812): [155648,126976]
02-03 22:22:05.764 I/dvm_gc_info(  519): [7882817126543713875,-8982000954944620495,-4006368547745990611,7358131]
02-03 22:22:05.864 I/am_destroy_service(  257): [1083478512,com.google.android.gsf/.checkin.CheckinService,383]
02-03 22:22:05.884 I/db_sample(  833): [/data/data/com.facebook.katana/databases/fb.db,UPDATE key_value SET value=? WHERE key='seen_employee',509,,100]
02-03 22:22:05.884 I/content_query_sample(  833): [content://com.facebook.katana.provider.CacheProvider/cache/name/gk%3Aandroid_deep_links,_id,,,501,com.facebook.katana,100]
02-03 22:22:05.894 I/content_update_sample(  833): [content://com.facebook.katana.provider.KeyValueProvider/key_value/key/seen_employee,update,,579,,100]
02-03 22:22:06.114 I/dvm_gc_info(  833): [7737593596605650482,-9047583318545930176,-4001301998165198803,7358131]
02-03 22:22:06.144 I/dvm_gc_info(  833): [7737593596605498415,-9148632697712551871,-4001020523188488147,7358131]
02-03 22:22:06.204 I/dvm_gc_info(  833): [7737593596605498918,-9102470801532000191,-4000739048211777491,7358131]
02-03 22:22:06.244 I/dvm_gc_info(  833): [7737593596605526607,-9216186485914343356,-3999894623281645523,7358131]
02-03 22:22:06.354 I/dvm_gc_info(  833): [7737593596605470250,-9053493949375575997,-4000176098258356179,7358131]
02-03 22:22:06.394 I/dvm_gc_info(  833): [7737593596605497919,-9216186348441827259,-3999613148304934867,7358131]
02-03 22:22:06.414 I/dvm_gc_info(  833): [7737593596605461045,-9217875198302091194,-3999050198351513555,7358131]
02-03 22:22:06.444 I/dvm_gc_info(  833): [7737593596605493336,-9222660066697410488,-3998205773421381587,7358131]
02-03 22:22:06.444 I/content_update_sample(  833): [content://com.facebook.katana.provider.CacheProvider/cache/name/bookmarks,update,,90,,19]
02-03 22:22:06.474 I/dvm_gc_info(  833): [7737593596605457957,-9220971216837146553,-3998768723374802899,7358131]
02-03 22:22:06.504 I/dvm_gc_info(  833): [7737593596605497624,-9220970873155876788,-3997079873514538963,7358131]
02-03 22:22:06.524 I/dvm_gc_madvise_info(  822): [131072,126976]
02-03 22:22:06.614 I/dvm_gc_info(  833): [7737593596605503195,-9050959987222636472,-3998487248398092243,7358134]
02-03 22:22:06.785 I/am_destroy_service(  257): [1082520632,com.sprint.ce.updater/.UpdaterService,553]
02-03 22:22:06.785 I/am_kill (  257): [553,com.sprint.ce.updater,14,too many background]
02-03 22:22:06.795 I/am_proc_died(  257): [553,com.sprint.ce.updater]
02-03 22:22:06.795 I/am_resume_activity(  257): [1081257064,2,com.android.launcher/com.android.launcher2.Launcher]
02-03 22:22:06.805 I/am_pause_activity(  257): [1081257064,com.android.launcher/com.android.launcher2.Launcher]
02-03 22:22:06.805 I/am_on_resume_called(  350): com.android.launcher2.Launcher
02-03 22:22:06.835 I/am_on_paused_called(  350): com.android.launcher2.Launcher
02-03 22:22:06.875 I/dvm_gc_info(  833): [7737593596605642403,-9045893437641836472,-3997924298444670931,7358148]
02-03 22:22:06.905 I/dvm_gc_info(  350): [7809652345805067812,-9044206787241248717,-3997361348491249619,8554531]
02-03 22:22:07.205 I/dvm_gc_madvise_info(  257): [425984,126976]
02-03 22:22:07.245 I/dvm_gc_info(  833): [7737593596605474439,-9006205465925564341,-3996798398537828307,7358154]
02-03 22:22:07.305 I/notification_enqueue(  257): [com.android.phone,5,Notification(vibrate=null,sound=default,defaults=0x1,flags=0x20)]
02-03 22:22:07.315 I/binder_sample(  343): [android.app.INotificationManager,6,11,com.android.phone,2]
02-03 22:22:07.565 I/am_proc_start(  257): [876,10017,com.locationlabs.v3client,broadcast,com.locationlabs.v3client/.BootCompletedReceiver]
02-03 22:22:07.575 I/dvm_gc_madvise_info(  876): [368640,126976]
02-03 22:22:07.585 I/am_proc_bound(  257): [876,com.locationlabs.v3client]
02-03 22:22:07.806 I/dvm_gc_info(  876): [8517260637557024390,-8974682605566941136,-4006368547745990611,7358131]
02-03 22:22:07.856 I/am_create_service(  257): [1083953704,com.google.android.gsf/.gtalkservice.PushMessagingRegistrar,act=com.google.android.c2dm.intent.REGISTER,383]
02-03 22:22:07.866 I/am_create_service(  257): [1082587928,com.locationlabs.v3client/.AccountService,act=com.locationlabs.action.GET_ACCOUNT pkg=com.locationlabs.v3client,876]
02-03 22:22:07.966 I/am_create_service(  257): [1082491024,com.locationlabs.v3client/.V3ApiService,act=com.locationlabs.v3client.action.NOTIFICATION pkg=com.locationlabs.v3client,876]
02-03 22:22:07.986 I/dvm_gc_info(  876): [8517260637557028442,-8982845379841181645,-4005805597792569299,7358131]
02-03 22:22:07.996 I/am_create_service(  257): [1083632888,com.locationlabs.v3client/.RadioSignalService,pkg=com.locationlabs.v3client,876]
02-03 22:22:07.996 I/am_create_service(  257): [1083559264,com.locationlabs.v3client/.HeartbeatService,act=com.locationlabs.v3client.action.ACTION_UPDATE_HEARTBEAT pkg=com.locationlabs.v3client,876]
02-03 22:22:08.006 I/am_create_service(  257): [1082305928,com.locationlabs.v3client/.GpsStateService,act=com.locationlabs.action.TURN_OFF_GPS_DETECTION pkg=com.locationlabs.v3client,876]
02-03 22:22:08.006 I/am_create_service(  257): [1083209848,com.locationlabs.v3client/.FeatureService,act=com.locationlabs.v3client.action.RESTART pkg=com.locationlabs.v3client,876]
02-03 22:22:08.036 I/am_destroy_service(  257): [1082587928,com.locationlabs.v3client/.AccountService,876]
02-03 22:22:08.056 I/am_destroy_service(  257): [1082305928,com.locationlabs.v3client/.GpsStateService,876]
02-03 22:22:08.096 I/am_destroy_service(  257): [1083209848,com.locationlabs.v3client/.FeatureService,876]
02-03 22:22:08.206 I/am_destroy_service(  257): [1083559264,com.locationlabs.v3client/.HeartbeatService,876]
02-03 22:22:08.356 I/dvm_gc_madvise_info(  760): [258048,126976]
02-03 22:22:08.356 I/dvm_gc_info(  876): [8517260637557024384,-8925424278433748941,-4005524122815858643,7358131]
02-03 22:22:08.716 I/dvm_gc_info(  383): [7449358886915597970,-8924860916062742473,-4004398222909016019,7358132]
02-03 22:22:08.736 I/dvm_gc_info(  833): [7737593596605478527,-8921762972845168561,-3995672498630985683,7358137]
02-03 22:22:08.927 I/google_http_request(  383): [974,200,AndroidC2DM/1.0,1]
02-03 22:22:09.077 I/dvm_gc_info(  876): [8517260637557077573,-9012400046220564428,-4005242647839147987,7358131]
02-03 22:22:09.447 I/dvm_gc_info(  876): [8517260637557044815,-8989881979347441611,-4004961172862437331,7358131]
02-03 22:22:09.477 I/dvm_gc_info(  876): [8517260637557080744,-9200706599447992266,-4004679697885726675,7358131]
02-03 22:22:09.577 I/dvm_gc_info(  833): [7737593596605478582,-8916414742078859183,-3994828073700853715,7358135]
02-03 22:22:09.787 I/db_sample(  833): [/data/data/com.facebook.katana/databases/fb.db,COMMIT;UPDATE friends_data SET birthday_day=?, birthday_year=?, ,25,,6]
02-03 22:22:10.158 I/am_create_service(  257): [1082942552,com.locationlabs.v3client/.ConfigurationService,act=com.locationlabs.v3client.action.CHECK_CONFIGURATION pkg=com.locationlabs.v3client,876]
02-03 22:22:10.178 I/am_destroy_service(  257): [1082942552,com.locationlabs.v3client/.ConfigurationService,876]
02-03 22:22:10.278 I/am_destroy_service(  257): [1083631432,com.facebook.katana/.service.FacebookService,833]
02-03 22:22:10.428 I/dvm_gc_madvise_info(  857): [434176,126976]
02-03 22:22:10.798 I/dvm_gc_madvise_info(  519): [405504,126976]
02-03 22:22:10.919 I/dvm_gc_info(  876): [8517260637557253759,-8964267619011016650,-4004679697885726675,7358131]
02-03 22:22:11.289 I/am_create_service(  257): [1083389392,com.facebook.katana/.service.FacebookService,act=com.facebook.katana.service.10,833]
02-03 22:22:11.319 I/am_destroy_service(  257): [1083389392,com.facebook.katana/.service.FacebookService,833]
02-03 22:22:11.659 I/am_create_service(  257): [1082446872,com.locationlabs.v3client/.ConfigurationService,act=com.locationlabs.v3client.action.CHECK_CONFIGURATION pkg=com.locationlabs.v3client,876]
02-03 22:22:11.669 I/am_destroy_service(  257): [1082446872,com.locationlabs.v3client/.ConfigurationService,876]
02-03 22:22:11.739 I/dvm_gc_info(  876): [8517260637557024367,-8988474467008133066,-4004679697885726675,7358131]
02-03 22:22:11.940 I/dvm_gc_madvise_info(  350): [352256,126976]
02-03 22:22:12.140 I/am_create_service(  257): [1082937656,com.facebook.katana/.service.FacebookService,act=com.facebook.katana.service.6,833]
02-03 22:22:12.660 I/dvm_gc_info(  876): [8517260637557024325,-8984533817283856327,-4003835272955594707,7358131]
02-03 22:22:12.890 I/am_destroy_service(  257): [1082491024,com.locationlabs.v3client/.V3ApiService,876]
02-03 22:22:13.661 I/db_sample(  833): [/data/data/com.facebook.katana/databases/fb.db,UPDATE cache SET timestamp=?, value=? WHERE name='notifications_,35,,8]
02-03 22:22:13.741 I/dvm_gc_madvise_info(  383): [385024,126976]
02-03 22:22:13.871 I/am_destroy_service(  257): [1082937656,com.facebook.katana/.service.FacebookService,833]
02-03 22:22:29.520 I/dvm_gc_madvise_info(  833): [139264,126976]
02-03 22:22:29.950 I/dvm_gc_info(  383): [7449358886915606129,-8983126236241852360,-4004116747932305363,7358131]
02-03 22:22:30.580 I/gtalk_connection(  383): 131073
02-03 22:22:32.272 I/c2dm    (  383): [-1,NULL,1,-1]
02-03 22:22:32.382 I/dvm_gc_madvise_info(  876): [147456,126976]
02-03 22:22:32.702 I/c2dm    (  383): [1,NULL,1,-1]
02-03 22:22:32.712 I/gtalk_connection(  383): 196609
02-03 22:22:32.752 I/c2dm    (  383): [-4,NULL,2,2]
02-03 22:22:32.812 I/content_update_sample(  383): [content://com.google.android.providers.talk/s2dids,insert,,66,,14]
02-03 22:22:32.812 I/c2dm    (  383): [3,0:1328329001901828%e7a71353002eb0e3,2,-1]
02-03 22:22:32.832 I/am_create_service(  257): [1083878424,com.google.android.gsf/.subscribedfeeds.SubscribedFeedsIntentService,act=com.google.android.c2dm.intent.RECEIVE cat=[com.google.android.gsf.subscribedfeeds],383]
02-03 22:22:32.852 I/tickle  (  383): com.android.contacts
02-03 22:22:32.852 I/am_destroy_service(  257): [1083878424,com.google.android.gsf/.subscribedfeeds.SubscribedFeedsIntentService,383]
02-03 22:22:32.872 I/db_sample(  383): [/data/data/com.google.android.gsf/databases/talk.db,COMMIT;INSERT OR REPLACE  INTO accountStatus(account, connStatus,51,,11]
02-03 22:22:33.142 I/sync    (  257): [com.android.contacts,0,0,-1565529355]
02-03 22:22:33.162 I/am_create_service(  257): [1083889368,com.google.android.syncadapters.contacts/.ContactsSyncAdapterService,act=android.content.SyncAdapter,383]
02-03 22:22:34.183 I/dvm_gc_info(  383): [7449358886915753580,-8970459862289852359,-4003835272955594707,7358131]
02-03 22:22:34.824 I/db_sample(  400): [/data/data/com.android.providers.contacts/databases/contacts2.db,COMMIT;UPDATE presence SET mode=? WHERE protocol=? AND im_accoun,1892,,100]
02-03 22:22:34.844 I/content_update_sample(  383): [content://com.android.contacts/status_updates,update,protocol=? AND im_account=? AND im_handle=?,1964,,100]
02-03 22:22:35.034 I/dvm_gc_info(  257): [8320808730291672925,-8917538442475337625,-3979909899935188947,8570915]
02-03 22:22:35.044 I/am_kill (  257): [496,com.android.email,14,too many background]
02-03 22:22:35.054 I/am_proc_died(  257): [496,com.android.email]
02-03 22:22:35.064 I/am_resume_activity(  257): [1081257064,2,com.android.launcher/com.android.launcher2.Launcher]
02-03 22:22:35.064 I/am_pause_activity(  257): [1081257064,com.android.launcher/com.android.launcher2.Launcher]
02-03 22:22:35.074 I/am_on_resume_called(  350): com.android.launcher2.Launcher
02-03 22:22:35.094 I/am_on_paused_called(  350): com.android.launcher2.Launcher
02-03 22:22:35.184 I/dvm_gc_info(  350): [7809652345805059622,-9044769737177888717,-3997361348491249619,8554531]
02-03 22:22:35.254 I/dvm_gc_info(  383): [7449358886915638862,-8996355560130426822,-4003553797978884051,7358131]
02-03 22:22:37.647 I/google_http_request(  383): [2706,200,Android-GData-Contacts/1.3,1]
02-03 22:22:37.827 I/dvm_gc_info(  400): [7017575181484877381,-9004800290552051659,-4004961172862437331,7358131]
02-03 22:22:38.317 I/dvm_gc_info(  400): [7017575181484934748,-8966238081286944714,-4004679697885726675,7358131]
02-03 22:22:38.658 I/google_http_request(  383): [319,200,Android-GData-Contacts/1.3,1]
02-03 22:22:38.858 I/sync_details(  383): [com.android.contacts,1552,7670,u1n1P1]
02-03 22:22:38.858 I/sync    (  257): [com.android.contacts,1,0,-1565529355]
02-03 22:22:38.878 I/am_destroy_service(  257): [1083889368,com.google.android.syncadapters.contacts/.ContactsSyncAdapterService,383]
02-03 22:22:38.878 I/notification_cancel(  257): [android,707653501,0]
02-03 22:23:03.500 I/battery_level(  257): [67,3863,280]
02-03 22:23:03.500 I/am_proc_start(  257): [904,10033,com.android.mms,service,com.android.mms/.transaction.TransactionService]
02-03 22:23:03.500 I/am_create_service(  257): [1083725248,com.sprint.w.installer/.delivery.ReportPostService,,561]
02-03 22:23:03.580 I/dvm_gc_madvise_info(  904): [368640,126976]
02-03 22:23:03.600 I/am_proc_bound(  257): [904,com.android.mms]
02-03 22:23:03.600 I/am_create_service(  257): [1083725496,com.android.mms/.transaction.TransactionService,act=android.intent.action.ACTION_ONALARM,904]
02-03 22:23:03.680 I/am_destroy_service(  257): [1083725248,com.sprint.w.installer/.delivery.ReportPostService,561]
02-03 22:23:03.750 I/dvm_gc_info(  904): [7218827569569785468,-8973275230666606543,-4006087072769279955,7358131]
02-03 22:23:03.800 I/am_destroy_service(  257): [1083725496,com.android.mms/.transaction.TransactionService,904]
02-03 22:23:03.820 I/am_kill (  257): [654,com.android.providers.calendar,14,too many background]
02-03 22:23:03.820 I/am_proc_died(  257): [654,com.android.providers.calendar]
02-03 22:23:03.820 I/am_resume_activity(  257): [1081257064,2,com.android.launcher/com.android.launcher2.Launcher]
02-03 22:23:03.830 I/am_pause_activity(  257): [1081257064,com.android.launcher/com.android.launcher2.Launcher]
02-03 22:23:03.840 I/am_on_resume_called(  350): com.android.launcher2.Launcher
02-03 22:23:03.850 I/binder_sample(  904): [android.app.IActivityManager,61,31,com.android.mms,6]
02-03 22:23:03.860 I/am_on_paused_called(  350): com.android.launcher2.Launcher
02-03 22:23:03.950 I/dvm_gc_info(  350): [7809652345805067705,-9061658235763730380,-3997079873514538963,8554531]
02-03 22:23:04.110 I/dvm_gc_madvise_info(  257): [696320,126976]
02-03 22:23:04.520 I/dvm_gc_madvise_info(  383): [233472,126976]
02-03 22:23:44.500 I/battery_level(  257): [66,3873,290]
02-03 22:26:09.500 I/battery_level(  257): [65,3888,290]
02-03 22:26:40.510 I/dvm_gc_madvise_info(  400): [270336,126976]
02-03 22:29:50.510 I/power_screen_state(  257): [1,3,0,0]
02-03 22:29:50.510 I/power_screen_broadcast_send(  257): 1
02-03 22:29:50.510 I/screen_toggled(  257): 1
02-03 22:29:50.520 I/am_resume_activity(  257): [1081257064,2,com.android.launcher/com.android.launcher2.Launcher]
02-03 22:29:50.520 I/am_on_resume_called(  350): com.android.launcher2.Launcher
02-03 22:29:50.600 I/power_screen_broadcast_done(  257): [1,87,1]
02-03 22:29:50.680 I/notification_cancel(  257): [com.android.phone,111,0]
02-03 22:29:51.040 I/dvm_gc_madvise_info(  904): [368640,126976]
02-03 22:29:51.260 I/dvm_gc_madvise_info(  350): [335872,126976]
02-03 22:29:52.451 I/screen_toggled(  257): 2
02-03 22:29:52.571 I/c2dm    (  383): [-4,NULL,3,-1]
02-03 22:29:52.621 I/dvm_gc_info(  350): [7809652345805358628,-9044488262201173965,-3997079873514538963,8554531]
02-03 22:29:55.254 I/am_create_task(  257): 6
02-03 22:29:55.254 I/am_create_activity(  257): [1083876000,6,com.android.vending/.AssetBrowserActivity,android.intent.action.MAIN,NULL,NULL,270532608]
02-03 22:29:55.264 I/am_pause_activity(  257): [1081257064,com.android.launcher/com.android.launcher2.Launcher]
02-03 22:29:55.284 I/am_on_paused_called(  350): com.android.launcher2.Launcher
02-03 22:29:55.284 I/am_restart_activity(  257): [1083876000,6,com.android.vending/.AssetBrowserActivity]
02-03 22:29:55.734 I/dvm_gc_info(  790): [8531346446660847220,-8984815429766649803,-4004679697885726675,7358139]
02-03 22:29:55.734 I/content_query_sample(  790): [content://com.google.settings/partner,value,name=?,,94,com.android.vending,19]
02-03 22:29:55.774 I/dvm_gc_info(  383): [7449358886915651163,-8965956262628890565,-4003272323002173395,7358131]
02-03 22:29:55.974 I/dvm_gc_info(  790): [8531346446660724338,-8996074360098813898,-4004398222909016019,7358139]
02-03 22:29:55.994 I/am_on_resume_called(  790): com.android.vending.AssetBrowserActivity
02-03 22:29:56.084 I/activity_launch_time(  257): [1083876000,com.android.vending/.AssetBrowserActivity,798,34576]
02-03 22:29:56.244 I/dvm_gc_info(  790): [8531346446660875842,-9017466458328795080,-4004398222909016019,7358185]
02-03 22:29:56.895 I/dvm_gc_info(  790): [8531346446660744791,-8995229935084758984,-4000176098258356179,8300394]
02-03 22:29:57.135 I/binder_sample(  343): [com.android.internal.telephony.ITelephonyRegistry,8,50,com.android.phone,10]
02-03 22:29:57.656 I/dvm_gc_madvise_info(  350): [360448,126976]
02-03 22:29:58.387 I/google_http_request(  790): [2216,200,unused/0,1]
02-03 22:29:58.777 I/dvm_gc_info(  790): [8531346446660728392,-8997199847420233665,-3995109548677564371,8300491]
02-03 22:29:58.797 I/google_http_request(  790): [305,200,unused/0,0]
02-03 22:29:58.827 I/google_http_request(  790): [249,200,unused/0,0]
02-03 22:29:58.857 I/google_http_request(  790): [271,200,unused/0,0]
02-03 22:29:58.927 I/google_http_request(  790): [391,200,unused/0,0]
