02-02 11:42:51.217 D/MobileDataStateTracker(  283): [mms]  unavailable = true
02-02 11:42:51.217 D/MobileDataStateTracker(  283): [mms] Do not process intents if disabled.
02-02 11:42:51.217 D/MobileDataStateTracker(  283): [default]  MobileDataStateReceiver onReceive(): Entry.
02-02 11:42:51.217 D/MobileDataStateTracker(  283): [default]  intent.getAction()= android.intent.action.ANY_DATA_STATE
02-02 11:42:51.217 D/MobileDataStateTracker(  283): [default]  mEnabled = true
02-02 11:42:51.217 I/TelephonyRegistry(  283): notifyDataConnection: state=0 isDataConnectivityPossible=false reason=dataNetworkDetached interfaceName=null networkType=0 apnType=hipri apn=null
02-02 11:42:51.217 I/TelephonyRegistry(  283): +++broadcastDataConnectionStateChanged
02-02 11:42:51.227 I/TelephonyRegistry(  283): +++sendStickyBroadcast
02-02 11:42:51.227 D/MobileDataStateTracker(  283): [default]  apnTypeList = mms
02-02 11:42:51.227 D/MobileDataStateTracker(  283): [default]  unavailable = true
02-02 11:42:51.227 D/MobileDataStateTracker(  283): [default] not what we are looking for.
02-02 11:42:51.227 D/MobileDataStateTracker(  283): [hipri]  MobileDataStateReceiver onReceive(): Entry.
02-02 11:42:51.227 D/MobileDataStateTracker(  283): [hipri]  intent.getAction()= android.intent.action.ANY_DATA_STATE
02-02 11:42:51.227 D/MobileDataStateTracker(  283): [hipri]  mEnabled = false
02-02 11:42:51.227 D/Phone   (  422): [PhoneNotifier] [DefaultPhoneNotifier] : hipri, INET6, DISCONNECTED
02-02 11:42:51.237 D/MobileDataStateTracker(  283): [hipri]  apnTypeList = mms
02-02 11:42:51.237 D/MobileDataStateTracker(  283): [hipri]  unavailable = true
02-02 11:42:51.237 D/MobileDataStateTracker(  283): [hipri] Do not process intents if disabled.
02-02 11:42:51.237 D/MobileDataStateTracker(  283): [dun]  MobileDataStateReceiver onReceive(): Entry.
02-02 11:42:51.237 D/MobileDataStateTracker(  283): [dun]  intent.getAction()= android.intent.action.ANY_DATA_STATE
02-02 11:42:51.237 D/MobileDataStateTracker(  283): [dun]  mEnabled = false
02-02 11:42:51.237 D/MobileDataStateTracker(  283): [dun]  apnTypeList = mms
02-02 11:42:51.237 I/TelephonyRegistry(  283): notifyDataConnection: state=0 isDataConnectivityPossible=false reason=dataNetworkDetached interfaceName=null networkType=0 apnType=hipri apn=null
02-02 11:42:51.237 I/TelephonyRegistry(  283): +++broadcastDataConnectionStateChanged
02-02 11:42:51.237 I/TelephonyRegistry(  283): +++sendStickyBroadcast
02-02 11:42:51.237 I/DATA    (  422): [DCT ] intent received :android.net.wifi.WIFI_STATE_CHANGED
02-02 11:42:51.247 D/MobileDataStateTracker(  283): [dun]  unavailable = true
02-02 11:42:51.247 D/MobileDataStateTracker(  283): [dun] Do not process intents if disabled.
02-02 11:42:51.247 D/MobileDataStateTracker(  283): [supl]  MobileDataStateReceiver onReceive(): Entry.
02-02 11:42:51.247 D/MobileDataStateTracker(  283): [supl]  intent.getAction()= android.intent.action.ANY_DATA_STATE
02-02 11:42:51.247 D/MobileDataStateTracker(  283): [supl]  mEnabled = false
02-02 11:42:51.247 D/MobileDataStateTracker(  283): [supl]  apnTypeList = mms
02-02 11:42:51.247 D/MobileDataStateTracker(  283): [supl]  unavailable = true
02-02 11:42:51.247 D/MobileDataStateTracker(  283): [supl] Do not process intents if disabled.
02-02 11:42:51.247 D/MobileDataStateTracker(  283): [mms]  MobileDataStateReceiver onReceive(): Entry.
02-02 11:42:51.247 D/MobileDataStateTracker(  283): [mms]  intent.getAction()= android.intent.action.ANY_DATA_STATE
02-02 11:42:51.247 D/MobileDataStateTracker(  283): [mms]  mEnabled = false
02-02 11:42:51.257 D/MobileDataStateTracker(  283): [mms]  apnTypeList = mms
02-02 11:42:51.257 D/MobileDataStateTracker(  283): [mms]  unavailable = true
02-02 11:42:51.257 D/MobileDataStateTracker(  283): [mms] Do not process intents if disabled.
02-02 11:42:51.257 D/MobileDataStateTracker(  283): [default]  MobileDataStateReceiver onReceive(): Entry.
02-02 11:42:51.257 D/MobileDataStateTracker(  283): [default]  intent.getAction()= android.intent.action.ANY_DATA_STATE
02-02 11:42:51.257 D/MobileDataStateTracker(  283): [default]  mEnabled = true
02-02 11:42:51.257 D/MobileDataStateTracker(  283): [default]  apnTypeList = mms
02-02 11:42:51.267 D/MobileDataStateTracker(  283): [default]  unavailable = true
02-02 11:42:51.267 D/MobileDataStateTracker(  283): [default] not what we are looking for.
02-02 11:42:51.267 D/MobileDataStateTracker(  283): [hipri]  MobileDataStateReceiver onReceive(): Entry.
02-02 11:42:51.267 D/MobileDataStateTracker(  283): [hipri]  intent.getAction()= android.intent.action.ANY_DATA_STATE
02-02 11:42:51.267 D/MobileDataStateTracker(  283): [hipri]  mEnabled = false
02-02 11:42:51.267 D/MobileDataStateTracker(  283): [hipri]  apnTypeList = dun
02-02 11:42:51.267 D/MobileDataStateTracker(  283): [hipri]  unavailable = true
02-02 11:42:51.267 D/MobileDataStateTracker(  283): [hipri] Do not process intents if disabled.
02-02 11:42:51.267 D/MobileDataStateTracker(  283): [dun]  MobileDataStateReceiver onReceive(): Entry.
02-02 11:42:51.267 D/MobileDataStateTracker(  283): [dun]  intent.getAction()= android.intent.action.ANY_DATA_STATE
02-02 11:42:51.267 D/MobileDataStateTracker(  283): [dun]  mEnabled = false
02-02 11:42:51.277 D/MobileDataStateTracker(  283): [dun]  apnTypeList = dun
02-02 11:42:51.277 D/MobileDataStateTracker(  283): [dun]  unavailable = true
02-02 11:42:51.277 D/MobileDataStateTracker(  283): [dun] Do not process intents if disabled.
02-02 11:42:51.277 D/MobileDataStateTracker(  283): [supl]  MobileDataStateReceiver onReceive(): Entry.
02-02 11:42:51.277 D/MobileDataStateTracker(  283): [supl]  intent.getAction()= android.intent.action.ANY_DATA_STATE
02-02 11:42:51.277 D/MobileDataStateTracker(  283): [supl]  mEnabled = false
02-02 11:42:51.287 D/MobileDataStateTracker(  283): [supl]  apnTypeList = dun
02-02 11:42:51.287 D/MobileDataStateTracker(  283): [supl]  unavailable = true
02-02 11:42:51.287 D/MobileDataStateTracker(  283): [supl] Do not process intents if disabled.
02-02 11:42:51.287 D/MobileDataStateTracker(  283): [mms]  MobileDataStateReceiver onReceive(): Entry.
02-02 11:42:51.287 D/MobileDataStateTracker(  283): [mms]  intent.getAction()= android.intent.action.ANY_DATA_STATE
02-02 11:42:51.287 D/MobileDataStateTracker(  283): [mms]  mEnabled = false
02-02 11:42:51.297 D/MobileDataStateTracker(  283): [mms]  apnTypeList = dun
02-02 11:42:51.297 D/MobileDataStateTracker(  283): [mms]  unavailable = true
02-02 11:42:51.297 D/MobileDataStateTracker(  283): [mms] Do not process intents if disabled.
02-02 11:42:51.297 D/MobileDataStateTracker(  283): [default]  MobileDataStateReceiver onReceive(): Entry.
02-02 11:42:51.297 D/MobileDataStateTracker(  283): [default]  intent.getAction()= android.intent.action.ANY_DATA_STATE
02-02 11:42:51.297 D/MobileDataStateTracker(  283): [default]  mEnabled = true
02-02 11:42:51.317 D/MobileDataStateTracker(  283): [default]  apnTypeList = dun
02-02 11:42:51.317 D/MobileDataStateTracker(  283): [default]  unavailable = true
02-02 11:42:51.317 D/MobileDataStateTracker(  283): [default] not what we are looking for.
02-02 11:42:51.317 D/MobileDataStateTracker(  283): [hipri]  MobileDataStateReceiver onReceive(): Entry.
02-02 11:42:51.317 D/MobileDataStateTracker(  283): [hipri]  intent.getAction()= android.intent.action.ANY_DATA_STATE
02-02 11:42:51.317 D/MobileDataStateTracker(  283): [hipri]  mEnabled = false
02-02 11:42:51.317 D/MobileDataStateTracker(  283): [hipri]  apnTypeList = dun
02-02 11:42:51.327 D/MobileDataStateTracker(  283): [hipri]  unavailable = true
02-02 11:42:51.327 D/MobileDataStateTracker(  283): [hipri] Do not process intents if disabled.
02-02 11:42:51.327 D/MobileDataStateTracker(  283): [dun]  MobileDataStateReceiver onReceive(): Entry.
02-02 11:42:51.327 D/MobileDataStateTracker(  283): [dun]  intent.getAction()= android.intent.action.ANY_DATA_STATE
02-02 11:42:51.327 D/MobileDataStateTracker(  283): [dun]  mEnabled = false
02-02 11:42:51.327 D/MobileDataStateTracker(  283): [dun]  apnTypeList = dun
02-02 11:42:51.327 D/MobileDataStateTracker(  283): [dun]  unavailable = true
02-02 11:42:51.327 D/MobileDataStateTracker(  283): [dun] Do not process intents if disabled.
02-02 11:42:51.327 D/MobileDataStateTracker(  283): [supl]  MobileDataStateReceiver onReceive(): Entry.
02-02 11:42:51.327 D/MobileDataStateTracker(  283): [supl]  intent.getAction()= android.intent.action.ANY_DATA_STATE
02-02 11:42:51.327 D/MobileDataStateTracker(  283): [supl]  mEnabled = false
02-02 11:42:51.327 D/MobileDataStateTracker(  283): [supl]  apnTypeList = dun
02-02 11:42:51.327 D/MobileDataStateTracker(  283): [supl]  unavailable = true
02-02 11:42:51.327 D/MobileDataStateTracker(  283): [supl] Do not process intents if disabled.
02-02 11:42:51.327 D/MobileDataStateTracker(  283): [mms]  MobileDataStateReceiver onReceive(): Entry.
02-02 11:42:51.327 D/MobileDataStateTracker(  283): [mms]  intent.getAction()= android.intent.action.ANY_DATA_STATE
02-02 11:42:51.327 D/MobileDataStateTracker(  283): [mms]  mEnabled = false
02-02 11:42:51.337 D/MobileDataStateTracker(  283): [mms]  apnTypeList = dun
02-02 11:42:51.337 D/MobileDataStateTracker(  283): [mms]  unavailable = true
02-02 11:42:51.337 D/MobileDataStateTracker(  283): [mms] Do not process intents if disabled.
02-02 11:42:51.337 D/MobileDataStateTracker(  283): [default]  MobileDataStateReceiver onReceive(): Entry.
02-02 11:42:51.337 D/MobileDataStateTracker(  283): [default]  intent.getAction()= android.intent.action.ANY_DATA_STATE
02-02 11:42:51.337 D/MobileDataStateTracker(  283): [default]  mEnabled = true
02-02 11:42:51.347 D/MobileDataStateTracker(  283): [default]  apnTypeList = dun
02-02 11:42:51.347 D/MobileDataStateTracker(  283): [default]  unavailable = true
02-02 11:42:51.347 D/MobileDataStateTracker(  283): [default] not what we are looking for.
02-02 11:42:51.347 D/MobileDataStateTracker(  283): [hipri]  MobileDataStateReceiver onReceive(): Entry.
02-02 11:42:51.347 D/MobileDataStateTracker(  283): [hipri]  intent.getAction()= android.intent.action.ANY_DATA_STATE
02-02 11:42:51.347 D/MobileDataStateTracker(  283): [hipri]  mEnabled = false
02-02 11:42:51.347 D/MobileDataStateTracker(  283): [hipri]  apnTypeList = hipri
02-02 11:42:51.347 D/MobileDataStateTracker(  283): [hipri]  unavailable = true
02-02 11:42:51.347 D/MobileDataStateTracker(  283): [hipri] Do not process intents if disabled.
02-02 11:42:51.347 D/MobileDataStateTracker(  283): [dun]  MobileDataStateReceiver onReceive(): Entry.
02-02 11:42:51.347 D/MobileDataStateTracker(  283): [dun]  intent.getAction()= android.intent.action.ANY_DATA_STATE
02-02 11:42:51.347 D/MobileDataStateTracker(  283): [dun]  mEnabled = false
02-02 11:42:51.347 D/MobileDataStateTracker(  283): [dun]  apnTypeList = hipri
02-02 11:42:51.347 D/MobileDataStateTracker(  283): [dun]  unavailable = true
02-02 11:42:51.347 D/MobileDataStateTracker(  283): [dun] Do not process intents if disabled.
02-02 11:42:51.347 D/MobileDataStateTracker(  283): [supl]  MobileDataStateReceiver onReceive(): Entry.
02-02 11:42:51.347 D/MobileDataStateTracker(  283): [supl]  intent.getAction()= android.intent.action.ANY_DATA_STATE
02-02 11:42:51.357 D/MobileDataStateTracker(  283): [supl]  mEnabled = false
02-02 11:42:51.357 D/MobileDataStateTracker(  283): [supl]  apnTypeList = hipri
02-02 11:42:51.357 D/MobileDataStateTracker(  283): [supl]  unavailable = true
02-02 11:42:51.357 D/MobileDataStateTracker(  283): [supl] Do not process intents if disabled.
02-02 11:42:51.357 D/MobileDataStateTracker(  283): [mms]  MobileDataStateReceiver onReceive(): Entry.
02-02 11:42:51.357 D/MobileDataStateTracker(  283): [mms]  intent.getAction()= android.intent.action.ANY_DATA_STATE
02-02 11:42:51.357 D/MobileDataStateTracker(  283): [mms]  mEnabled = false
02-02 11:42:51.377 D/MobileDataStateTracker(  283): [mms]  apnTypeList = hipri
02-02 11:42:51.377 D/MobileDataStateTracker(  283): [mms]  unavailable = true
02-02 11:42:51.377 D/MobileDataStateTracker(  283): [mms] Do not process intents if disabled.
02-02 11:42:51.377 D/MobileDataStateTracker(  283): [default]  MobileDataStateReceiver onReceive(): Entry.
02-02 11:42:51.377 D/MobileDataStateTracker(  283): [default]  intent.getAction()= android.intent.action.ANY_DATA_STATE
02-02 11:42:51.377 D/MobileDataStateTracker(  283): [default]  mEnabled = true
02-02 11:42:51.387 D/MobileDataStateTracker(  283): [default]  apnTypeList = hipri
02-02 11:42:51.387 D/MobileDataStateTracker(  283): [default]  unavailable = true
02-02 11:42:51.387 D/MobileDataStateTracker(  283): [default] not what we are looking for.
02-02 11:42:51.387 D/MobileDataStateTracker(  283): [hipri]  MobileDataStateReceiver onReceive(): Entry.
02-02 11:42:51.387 D/MobileDataStateTracker(  283): [hipri]  intent.getAction()= android.intent.action.ANY_DATA_STATE
02-02 11:42:51.387 D/MobileDataStateTracker(  283): [hipri]  mEnabled = false
02-02 11:42:51.387 D/MobileDataStateTracker(  283): [hipri]  apnTypeList = hipri
02-02 11:42:51.387 D/MobileDataStateTracker(  283): [hipri]  unavailable = true
02-02 11:42:51.387 D/MobileDataStateTracker(  283): [hipri] Do not process intents if disabled.
02-02 11:42:51.387 D/MobileDataStateTracker(  283): [dun]  MobileDataStateReceiver onReceive(): Entry.
02-02 11:42:51.387 D/MobileDataStateTracker(  283): [dun]  intent.getAction()= android.intent.action.ANY_DATA_STATE
02-02 11:42:51.387 D/MobileDataStateTracker(  283): [dun]  mEnabled = false
02-02 11:42:51.397 D/MobileDataStateTracker(  283): [dun]  apnTypeList = hipri
02-02 11:42:51.397 D/MobileDataStateTracker(  283): [dun]  unavailable = true
02-02 11:42:51.397 D/MobileDataStateTracker(  283): [dun] Do not process intents if disabled.
02-02 11:42:51.397 D/MobileDataStateTracker(  283): [supl]  MobileDataStateReceiver onReceive(): Entry.
02-02 11:42:51.397 D/MobileDataStateTracker(  283): [supl]  intent.getAction()= android.intent.action.ANY_DATA_STATE
02-02 11:42:51.397 D/MobileDataStateTracker(  283): [supl]  mEnabled = false
02-02 11:42:51.397 D/MobileDataStateTracker(  283): [supl]  apnTypeList = hipri
02-02 11:42:51.397 D/MobileDataStateTracker(  283): [supl]  unavailable = true
02-02 11:42:51.397 D/MobileDataStateTracker(  283): [supl] Do not process intents if disabled.
02-02 11:42:51.397 D/MobileDataStateTracker(  283): [mms]  MobileDataStateReceiver onReceive(): Entry.
02-02 11:42:51.397 D/MobileDataStateTracker(  283): [mms]  intent.getAction()= android.intent.action.ANY_DATA_STATE
02-02 11:42:51.407 D/MobileDataStateTracker(  283): [mms]  mEnabled = false
02-02 11:42:51.407 D/MobileDataStateTracker(  283): [mms]  apnTypeList = hipri
02-02 11:42:51.407 D/MobileDataStateTracker(  283): [mms]  unavailable = true
02-02 11:42:51.407 D/MobileDataStateTracker(  283): [mms] Do not process intents if disabled.
02-02 11:42:51.407 D/MobileDataStateTracker(  283): [default]  MobileDataStateReceiver onReceive(): Entry.
02-02 11:42:51.407 D/MobileDataStateTracker(  283): [default]  intent.getAction()= android.intent.action.ANY_DATA_STATE
02-02 11:42:51.407 D/MobileDataStateTracker(  283): [default]  mEnabled = true
02-02 11:42:51.407 D/MobileDataStateTracker(  283): [default]  apnTypeList = hipri
02-02 11:42:51.407 D/MobileDataStateTracker(  283): [default]  unavailable = true
02-02 11:42:51.407 D/MobileDataStateTracker(  283): [default] not what we are looking for.
02-02 11:42:51.807 I/BluetoothService(  283): Received BT_BOOTUP message
02-02 11:42:51.927 D/KeyguardViewMediator(  283): setHidden false
02-02 11:42:51.937 D/KeyguardViewMediator(  283): setHidden false
02-02 11:42:51.937 I/Launcher(  522): setLoadOnResume
02-02 11:42:51.957 D/KeyguardViewMediator(  283): setHidden false
02-02 11:42:51.957 I/hubo    (  283): Activity {com.sprint.w.installer/com.sprint.w.installer.WInstaller}
02-02 11:42:52.008 I/ActivityThread(  586): Pub com.google.android.gm.attachmentspreviews: com.google.android.gm.AttachmentPreviewProvider
02-02 11:42:52.008 I/ActivityThread(  586): Pub com.google.android.gmail.SuggestionProvider: com.google.android.gm.SuggestionsProvider
02-02 11:42:52.008 I/ActivityThread(  586): Pub gmail-downloads: com.google.android.gm.downloadprovider.DownloadProvider
02-02 11:42:52.018 D/PhoneApp(  422): updateProximitySensorMode: state = IDLE
02-02 11:42:52.028 D/PhoneApp(  422): updateProximitySensorMode: lock already released.
02-02 11:42:52.148 D/DialogPreference(  586): mIsAdjustWindow : true
02-02 11:42:52.158 D/DialogPreference(  586): mIsAdjustWindow : true
02-02 11:42:52.158 D/DialogPreference(  586): mIsAdjustWindow : true
02-02 11:42:52.168 D/DialogPreference(  586): mIsAdjustWindow : true
02-02 11:42:52.198 I/ActivityThread(  608): Pub com.sprint.installer: com.sprint.w.installer.ContentProvider
02-02 11:42:52.198 I/ActivityThread(  608): Pub com.sprint.w.installer.SuggestProvider: com.sprint.w.installer.SearchSuggestProvider
02-02 11:42:52.688 E/CustomsOverride(  422): hejinping ---> preferred_network_mode = 19
02-02 11:42:52.698 D/PROXY   (  422): ProxyManager EVENT_ICC_CHANGED for non DSDS m3gppIndex::99999 m3gpp2Index::99999
02-02 11:42:52.698 D/MccTable(  422): updateMccMncConfiguration: mcc=310, mnc=120
02-02 11:42:52.698 D/MccTable(  422): locale set to en_us
02-02 11:42:52.698 D/MccTable(  422): WIFI_NUM_ALLOWED_CHANNELS set to 11
02-02 11:42:53.059 D/loc_api_rpc_glue(  283): Loc API RPC client initialized.
02-02 11:42:38.970 D/GpsLocationProvider(  283): getAGpsConnectionInfo connType - 3
02-02 11:42:39.110 I/PackageManager(  283): Updating external media status from unmounted to mounted
02-02 11:42:39.860 D/PicasaSync(  538): accounts in DB=0
02-02 11:42:39.860 I/Launcher(  522): setLoadOnResume
02-02 11:42:40.821 D/KeyguardViewMediator(  283): setHidden false
02-02 11:42:40.831 D/KeyguardViewMediator(  283): setHidden false
02-02 11:42:40.921 I/ActivityManager(  283): Displayed com.android.launcher/com.android.launcher2.Launcher: +18s921ms (total +26s347ms)
02-02 11:42:40.931 D/KeyguardViewMediator(  283): setHidden false
02-02 11:42:40.941 D/PhoneApp(  422): old phone type:2, New Phone type:2
02-02 11:42:40.951 D/KeyguardViewMediator(  283): setHidden false
02-02 11:42:40.951 D/KeyguardViewMediator(  283): setHidden false
02-02 11:42:41.021 W/dalvikvm(  623): Refusing to reopen boot DEX '/system/framework/OmaDrmClient.jar'
02-02 11:42:41.091 D/BT HSHFP(  422): Starting BluetoothHeadsetService
02-02 11:42:41.101 D/CallNotifier(  422): onMwiChanged(): false
02-02 11:42:41.101 D/NotificationMgr(  422): updateMwi(): false
02-02 11:42:41.101 D/CallNotifier(  422): onCfiChanged(): false
02-02 11:42:41.101 D/NotificationMgr(  422): updateCfi(): falsesub = 0
02-02 11:42:41.121 D/wangli  (  422): MyHandler MESSAGE_GET_ROAMING_PREFERENCE:
02-02 11:42:41.121 I/wangli  (  422): hello handleQueryCdmaRoamingPreference
02-02 11:42:41.121 I/wangli  (  422): handleQueryCdmaRoamingPreference  statusCdmaRoamingMode=2
02-02 11:42:41.121 I/wangli  (  422): handleQueryCdmaRoamingPreference  settingsRoamingMode=0
02-02 11:42:41.121 I/wangli  (  422): handleQueryCdmaRoamingPreference  statusCdmaRoamingMode != settingsRoamingMode
02-02 11:42:41.121 I/ActivityThread(  623): Pub com.zte.zmail.security.provider: com.zte.zmail.security.provider.SecurityProvider
02-02 11:42:41.121 I/ActivityThread(  623): Pub com.android.email.provider: com.android.email.provider.EmailProvider
02-02 11:42:41.151 I/ActivityThread(  623): Pub com.android.email.searchsuggestionprovider: com.android.email.provider.SearchSuggestionProvider
02-02 11:42:41.161 I/ActivityThread(  623): Pub com.android.email.attachmentprovider: com.android.email.provider.AttachmentProvider
02-02 11:42:41.182 I/ActivityThread(  623): Pub com.android.exchange.provider: com.android.exchange.provider.ExchangeProvider
02-02 11:42:41.232 D/QC_NV_ITEMS(  608): QcNvItems instance created.
02-02 11:42:41.292 I/wangli  (  422): handleQueryCdmaRoamingPreference  Integer.toString(statusCdmaRoamingMode)=2
02-02 11:42:41.292 D/NotificationMgr(  422): call log query complete.
02-02 11:42:41.302 D/NotificationMgr(  422): closing call log cursor.
02-02 11:42:41.302 I/QC_RIL_OEM_HOOK(  608): QcRilOemHook Service Created Successfully
02-02 11:42:41.312 I/DATA    (  422): [DCT(0) ] onDataProfileListChanged: call disconnectAllConnections reason = apnChanged
02-02 11:42:41.312 D/PhoneApp(  422): mReceiver: ACTION_ANY_DATA_CONNECTION_STATE_CHANGED
02-02 11:42:41.312 D/PhoneApp(  422): - state: DISCONNECTED
02-02 11:42:41.312 D/PhoneApp(  422): - reason: dataNetworkDetached
02-02 11:42:41.322 D/PhoneApp(  422): mReceiver: ACTION_ANY_DATA_CONNECTION_STATE_CHANGED
02-02 11:42:41.322 D/PhoneApp(  422): - state: DISCONNECTED
02-02 11:42:41.322 D/PhoneApp(  422): - reason: dataNetworkDetached
02-02 11:42:41.322 D/PhoneApp(  422): mReceiver: ACTION_ANY_DATA_CONNECTION_STATE_CHANGED
02-02 11:42:41.322 D/PhoneApp(  422): - state: DISCONNECTED
02-02 11:42:41.322 D/PhoneApp(  422): - reason: dataNetworkDetached
02-02 11:42:41.322 D/PhoneApp(  422): mReceiver: ACTION_ANY_DATA_CONNECTION_STATE_CHANGED
02-02 11:42:41.322 D/PhoneApp(  422): - state: DISCONNECTED
02-02 11:42:41.322 D/PhoneApp(  422): - reason: dataNetworkDetached
02-02 11:42:41.322 D/PhoneApp(  422): mReceiver: ACTION_ANY_DATA_CONNECTION_STATE_CHANGED
02-02 11:42:41.322 D/PhoneApp(  422): - state: DISCONNECTED
02-02 11:42:41.322 D/PhoneApp(  422): - reason: dataNetworkDetached
02-02 11:42:41.322 D/PhoneApp(  422): mReceiver: ACTION_ANY_DATA_CONNECTION_STATE_CHANGED
02-02 11:42:41.322 D/PhoneApp(  422): - state: DISCONNECTED
02-02 11:42:41.322 D/PhoneApp(  422): - reason: dataNetworkDetached
02-02 11:42:41.322 D/PhoneApp(  422): mReceiver: ACTION_ANY_DATA_CONNECTION_STATE_CHANGED
02-02 11:42:41.322 D/PhoneApp(  422): - state: DISCONNECTED
02-02 11:42:41.322 D/PhoneApp(  422): - reason: dataNetworkDetached
02-02 11:42:41.332 I/DATA    (  422): [DCT(0) ] onUpdateDataConnections [ignored] : reason=roamingOff
02-02 11:42:41.332 I/DATA    (  422): [DCT(0) ] wait for the dc disconnect to complete
02-02 11:42:41.332 D/CallManager(  422):  handleMessage (EVENT_SERVICE_STATE_CHANGED)
02-02 11:42:41.332 E/BT HS/HF(  422): SERVICE_STATE_CHANGED called
02-02 11:42:41.332 E/BT HS/HF(  422): updateServiceState called, sendUpdate:false  ServiceState:3 home null null null  Unknown CSS not supported -1 -1RoamInd: -1RoamStatus(sprint): -1DefRoamInd: -1EmergOnly: false
02-02 11:42:41.332 E/BT HS/HF(  422): service:0 mService:0
02-02 11:42:41.332 D/DATA    (  422): [DSST(0)] pollstate() : reason = radio state changed
02-02 11:42:41.352 D/DATA    (  422): [DCT(0) ] onRadioOn : register for roaming on/off
02-02 11:42:41.392 E/TelephonyProvider(  422): Failed setting numeric '310120' to the current operator
02-02 11:42:41.422 E/TelephonyProvider(  422): Failed setting numeric '310120' to the current operator
02-02 11:42:41.452 D/DATA    (  422): [DSST(0)] pollstate() : reason = data network state changed
02-02 11:42:41.462 D/DATA    (  422): [DSST(0)] pollstate() : reason = data network state changed
02-02 11:42:41.622 D/PowerManagerService(  283): setPowerState: mPowerState=0x3 newState=0x1 noChangeLights=false reason=3
02-02 11:42:41.912 I/PackageManager(  283): No secure containers on sdcard
02-02 11:42:42.192 E/QC_NV_ITEMS(  608): ### getMipDataProfile, slot = 1
02-02 11:42:42.192 D/QC_NV_ITEMS(  608): ### doNvRead(465, 1)
02-02 11:42:42.192 D/QC_RIL_OEM_HOOK(  608): sendRilOemHookMsg: itemIdTemp-47
02-02 11:42:42.233 D/DATA    (  422): [DSST(0)] pollstate() : reason = data network state changed
02-02 11:42:42.293 I/Email   (  623): There is no dbfile in assets
02-02 11:42:42.293 I/Email   (  623): java.io.FileNotFoundException: databases/EmailProvider.db
02-02 11:42:42.293 I/Email   (  623): 	at android.content.res.AssetManager.openAsset(Native Method)
02-02 11:42:42.293 I/Email   (  623): 	at android.content.res.AssetManager.open(AssetManager.java:314)
02-02 11:42:42.293 I/Email   (  623): 	at android.content.res.AssetManager.open(AssetManager.java:288)
02-02 11:42:42.293 I/Email   (  623): 	at com.android.email.FileOperate.CopyDataBase(FileOperate.java:79)
02-02 11:42:42.293 I/Email   (  623): 	at com.android.email.FileOperate.CopyDataBaseFolder(FileOperate.java:39)
02-02 11:42:42.293 I/Email   (  623): 	at com.android.email.provider.EmailProvider.getDatabase(EmailProvider.java:786)
02-02 11:42:42.293 I/Email   (  623): 	at com.android.email.provider.EmailProvider.query(EmailProvider.java:1409)
02-02 11:42:42.293 I/Email   (  623): 	at android.content.ContentProvider$Transport.query(ContentProvider.java:190)
02-02 11:42:42.293 I/Email   (  623): 	at android.content.ContentResolver.query(ContentResolver.java:262)
02-02 11:42:42.293 I/Email   (  623): 	at com.android.exchange.provider.EASPolicyController.getAllAccount(EASPolicyController.java:219)
02-02 11:42:42.293 I/Email   (  623): 	at com.android.exchange.provider.EASPolicyController.initPolicyProcess(EASPolicyController.java:73)
02-02 11:42:42.293 I/Email   (  623): 	at com.android.exchange.provider.EASPolicyController.initPolicy(EASPolicyController.java:56)
02-02 11:42:42.293 I/Email   (  623): 	at com.android.exchange.provider.EASPolicyController.<init>(EASPolicyController.java:48)
02-02 11:42:42.293 I/Email   (  623): 	at com.android.exchange.provider.EASPolicyController.getInstance(EASPolicyController.java:110)
02-02 11:42:42.293 I/Email   (  623): 	at com.android.exchange.provider.ExchangeProvider.queryPolicy(ExchangeProvider.java:158)
02-02 11:42:42.293 I/Email   (  623): 	at com.android.exchange.provider.ExchangeProvider.query(ExchangeProvider.java:117)
02-02 11:42:42.293 I/Email   (  623): 	at android.content.ContentProvider$Transport.bulkQuery(ContentProvider.java:177)
02-02 11:42:42.293 I/Email   (  623): 	at android.content.ContentProviderNative.onTransact(ContentProviderNative.java:111)
02-02 11:42:42.293 I/Email   (  623): 	at android.os.Binder.execTransact(Binder.java:320)
02-02 11:42:42.293 I/Email   (  623): 	at dalvik.system.NativeStart.run(Native Method)
02-02 11:42:42.433 D/PicasaSync(  538): sync account database
02-02 11:42:42.453 D/EmailProvider(  623): Creating EmailProvider database
02-02 11:42:42.473 D/DATA    (  422): [DSST(0)] pollstate() : reason = data network state changed
02-02 11:42:42.483 I/ActivityThread(  637): Pub media: com.android.providers.media.MediaProvider
02-02 11:42:42.553 I/DATA    (  422): [DCT(0) ] onUpdateDataConnections [ignored] : reason=apnChanged
02-02 11:42:42.553 I/DATA    (  422): [DCT(0) ] wait for the dc disconnect to complete
02-02 11:42:42.553 D/PhoneApp(  422): old phone type:2, New Phone type:2
02-02 11:42:42.553 D/NotificationMgr(  422): hideDataDisconnectedRoaming()...
02-02 11:42:42.553 D/QC_NV_ITEMS(  422): Received: bb947d200000a100
02-02 11:42:42.553 D/QC_NV_ITEMS(  422): ***zhoujing***NvMeidType::mMeid=0x0
02-02 11:42:42.553 D/PhoneApp(  422):  meid  = A10000207D94BB, valid =true
02-02 11:42:42.563 D/PhoneApp(  422): old phone type:2, New Phone type:2
02-02 11:42:42.563 D/NotificationMgr(  422): hideDataDisconnectedRoaming()...
02-02 11:42:42.563 D/PhoneApp(  422): old phone type:2, New Phone type:2
02-02 11:42:42.563 D/NotificationMgr(  422): hideDataDisconnectedRoaming()...
02-02 11:42:42.563 D/PhoneApp(  422): old phone type:2, New Phone type:2
02-02 11:42:42.563 D/NotificationMgr(  422): hideDataDisconnectedRoaming()...
02-02 11:42:42.563 D/PhoneApp(  422): old phone type:2, New Phone type:2
02-02 11:42:42.563 D/NotificationMgr(  422): hideDataDisconnectedRoaming()...
02-02 11:42:42.563 D/PhoneApp(  422): old phone type:2, New Phone type:2
02-02 11:42:42.563 D/NotificationMgr(  422): hideDataDisconnectedRoaming()...
02-02 11:42:42.573 D/PhoneApp(  422): old phone type:2, New Phone type:2
02-02 11:42:42.573 D/NotificationMgr(  422): hideDataDisconnectedRoaming()...
02-02 11:42:42.573 I/DATA    (  422): [DCT(0) ] onUpdateDataConnections [ignored] : reason=radioOn
02-02 11:42:42.573 I/DATA    (  422): [DCT(0) ] wait for the dc disconnect to complete
02-02 11:42:42.593 D/PhoneApp(  422):  *** enable data connection
02-02 11:42:42.593 I/DATA    (  422): [SERVICE_TYPE_DEFAULT] set enabled = true
02-02 11:42:42.713 I/MediaProvider(  637): Upgrading media database from version 63 to 100, which will destroy all old data
02-02 10:42:43.023 D/DATA    (  422): [DSST(0)]  registrationState = 1  radioTechnology = 6 reasonForDenial = 0
02-02 10:42:43.023 D/DATA    (  422): [DSST(0)]  set mNewDataConnectionState = 0
02-02 10:42:43.023 D/DATA    (  422): [DSST(0)]  mNewDataConnectionState : 0  mDataConnectionState : 1
02-02 10:42:43.023 D/DATA    (  422): [DSST(0)]  cancel oos timer 
02-02 10:42:43.023 D/DATA    (  422): [DSST(0)] Poll ServiceState done: oldSS=[3 home null null null  Unknown CSS not supported -1 -1RoamInd: -1RoamStatus(sprint): -1DefRoamInd: -1EmergOnly: false] newSS=[0 home null null null  1xRTT CSS not supported -1 -1RoamInd: -1RoamStatus(sprint): -1DefRoamInd: -1EmergOnly: false]
02-02 10:42:43.023 D/DATA    (  422): [DSST(0)]  mDataConnectionState = 0
02-02 10:42:43.043 I/DATA    (  422): [DCT(0) ] onUpdateDataConnections: reason=roamingOff
02-02 10:42:43.043 I/DATA    (  422): [DCT(0) ] ---dc list---
02-02 10:42:43.043 I/DATA    (  422): [DCT(0) ] ---ds list---
02-02 10:42:43.043 I/DATA    (  422): [DCT(0) ] ds= SERVICE_TYPE_DEFAULT, enabled = true, active = v4:IDLE v6:IDLE
02-02 10:42:43.043 I/DATA    (  422): [DCT(0) ] ds= SERVICE_TYPE_MMS, enabled = false, active = v4:IDLE v6:IDLE
02-02 10:42:43.043 I/DATA    (  422): [DCT(0) ] ds= SERVICE_TYPE_SUPL, enabled = false, active = v4:IDLE v6:IDLE
02-02 10:42:43.043 I/DATA    (  422): [DCT(0) ] ds= SERVICE_TYPE_DUN, enabled = false, active = v4:IDLE v6:IDLE
02-02 10:42:43.043 I/DATA    (  422): [DCT(0) ] ds= SERVICE_TYPE_HIPRI, enabled = false, active = v4:IDLE v6:IDLE
02-02 10:42:43.043 I/DATA    (  422): [DCT(0) ] Ready for data : 
02-02 10:42:43.043 I/DATA    (  422): [DCT(0) ]    getDesiredPowerState() = true
02-02 10:42:43.043 I/DATA    (  422): [DCT(0) ]    mCm.getRadioState() = RADIO_ON
02-02 10:42:43.043 I/DATA    (  422): [DCT(0) ]    [DataRadioTech = RADIO_TECH_1xRTT, data network state = 0, mMasterDataEnabled = true, is Roaming = false, dataOnRoamingEnable = false, isPsRestricted = false, desiredPowerState  = true, mSIMRecords = , cdmaSubSource = 1/310120, mRuimRecords = , checks = true/true]
02-02 10:42:43.043 I/DATA    (  422): [DCT(0) ] trySetupDataCall : ds=SERVICE_TYPE_DEFAULT, ipv=INET, reason=roamingOff
02-02 10:42:43.043 I/DATA    (  422): [SERVICE_TYPE_DEFAULT] Data Profile Chosen:PROFILE_TYPE_3GPP2_NAI
02-02 10:42:43.043 I/DATA    (  422): [DCT(0) ] **choose data profile : [dpt=PROFILE_TYPE_3GPP2_NAI, active=false, 
02-02 10:42:43.043 I/DATA    (  422): [DCT(0) ] disconnectOneLowPriorityDataCall
02-02 10:42:43.043 E/DST     (  422): Error parsing service priority string, ignoring 
02-02 10:42:43.043 E/DST     (  422): Error parsing service priority string, ignoring 
02-02 10:42:43.053 E/DST     (  422): Error parsing service priority string, ignoring 
02-02 10:42:43.053 E/DST     (  422): Error parsing service priority string, ignoring 
02-02 10:42:43.053 I/DATA    (  422): [SERVICE_TYPE_DEFAULT] set newState =  CONNECTINGoldState =  IDLE
02-02 10:42:43.053 D/Phone   (  422): [PhoneNotifier] [DefaultPhoneNotifier] : default, INET, CONNECTING
02-02 10:42:43.053 I/TelephonyRegistry(  283): notifyDataConnection: state=1 isDataConnectivityPossible=true reason=roamingOff interfaceName=null networkType=7 apnType=default apn=null
02-02 10:42:43.053 I/TelephonyRegistry(  283): +++broadcastDataConnectionStateChanged
02-02 10:42:43.053 I/TelephonyRegistry(  283): +++sendStickyBroadcast
02-02 10:42:43.063 D/CallManager(  422):  handleMessage (EVENT_SUBSCRIPTION_INFO_READY)
02-02 10:42:43.063 D/QC_NV_ITEMS(  608): Received(465,1): 011f7a7465746573746163636f756e7432323140737072696e747063732e636f6d000000000000000000000000000000000000000000000000000000000000000000000000000000000001d204000001d20400000100000000ffffffff4c591c44
02-02 10:42:43.063 D/QC_NV_ITEMS(  608): 011f7a7465746573746163636f756e7432323140737072696e747063732e636f6d000000000000000000000000000000000000000000000000000000000000000000000000000000000001d204000001d20400000100000000ffffffff4c591c44
02-02 10:42:43.063 E/QmiItemTypes(  608):  index= 1
02-02 10:42:43.063 E/QmiItemTypes(  608):  nai len= 31
02-02 10:42:43.063 E/QmiItemTypes(  608):  nai str= ztetestaccount221@sprintpcs.com
02-02 10:42:43.063 E/QmiItemTypes(  608):  mMnHaSpiSet= true
02-02 10:42:43.063 E/QmiItemTypes(  608):  mMnHaSpi= 1234
02-02 10:42:43.073 E/QmiItemTypes(  608):  mMnAaaSpiSet= true
02-02 10:42:43.073 E/QmiItemTypes(  608):  mMnAaaSpi= 1234
02-02 10:42:43.073 E/QmiItemTypes(  608):  mRvsTnl= true
02-02 10:42:43.093 E/QmiItemTypes(  608):  home_addr= 0.0.0.0
02-02 10:42:43.093 E/QmiItemTypes(  608):  primary_ha_addr= 255.255.255.255
02-02 10:42:43.093 E/QmiItemTypes(  608):  secondary_ha_addr= 68.28.89.76
02-02 10:42:43.203 D/CallManager(  422):  handleMessage (EVENT_SERVICE_STATE_CHANGED)
02-02 10:42:43.203 E/BT HS/HF(  422): SERVICE_STATE_CHANGED called
02-02 10:42:43.203 E/BT HS/HF(  422): updateServiceState called, sendUpdate:false  ServiceState:0 home Sprint  310099  1xRTT CSS not supported 41 4139RoamInd: 1RoamStatus(sprint): 1DefRoamInd: 160EmergOnly: false
02-02 10:42:43.203 E/BT HS/HF(  422): service:1 mService:0
02-02 10:42:43.203 D/CallManager(  422):  handleMessage (EVENT_SERVICE_STATE_CHANGED)
02-02 10:42:43.203 E/BT HS/HF(  422): SERVICE_STATE_CHANGED called
02-02 10:42:43.203 E/BT HS/HF(  422): updateServiceState called, sendUpdate:false  ServiceState:0 home Sprint  310099  1xRTT CSS not supported 41 4139RoamInd: 1RoamStatus(sprint): 1DefRoamInd: 160EmergOnly: false
02-02 10:42:43.203 E/BT HS/HF(  422): service:1 mService:1
02-02 10:42:43.213 D/Phone   (  422): [PhoneNotifier] [DefaultPhoneNotifier] : default, INET, CONNECTING
02-02 10:42:43.223 I/TelephonyRegistry(  283): notifyDataConnection: state=1 isDataConnectivityPossible=true reason=dataNetworkAttached interfaceName=null networkType=7 apnType=default apn=null
02-02 10:42:43.223 I/TelephonyRegistry(  283): +++broadcastDataConnectionStateChanged
02-02 10:42:43.223 I/TelephonyRegistry(  283): +++sendStickyBroadcast
02-02 10:42:43.223 D/Phone   (  422): [PhoneNotifier] [DefaultPhoneNotifier] : default, INET6, DISCONNECTED
02-02 10:42:43.234 I/TelephonyRegistry(  283): notifyDataConnection: state=0 isDataConnectivityPossible=true reason=dataNetworkAttached interfaceName=null networkType=7 apnType=default apn=null
02-02 10:42:43.234 I/TelephonyRegistry(  283): +++broadcastDataConnectionStateChanged
02-02 10:42:43.234 I/TelephonyRegistry(  283): +++sendStickyBroadcast
02-02 10:42:43.244 D/Phone   (  422): [PhoneNotifier] [DefaultPhoneNotifier] : mms, INET, DISCONNECTED
02-02 10:42:43.244 I/TelephonyRegistry(  283): notifyDataConnection: state=0 isDataConnectivityPossible=true reason=dataNetworkAttached interfaceName=null networkType=7 apnType=mms apn=null
02-02 10:42:43.244 I/TelephonyRegistry(  283): +++broadcastDataConnectionStateChanged
02-02 10:42:43.244 I/TelephonyRegistry(  283): +++sendStickyBroadcast
02-02 10:42:43.254 D/Phone   (  422): [PhoneNotifier] [DefaultPhoneNotifier] : mms, INET6, DISCONNECTED
02-02 10:42:43.264 I/TelephonyRegistry(  283): notifyDataConnection: state=0 isDataConnectivityPossible=true reason=dataNetworkAttached interfaceName=null networkType=7 apnType=mms apn=null
02-02 10:42:43.264 I/TelephonyRegistry(  283): +++broadcastDataConnectionStateChanged
02-02 10:42:43.264 I/TelephonyRegistry(  283): +++sendStickyBroadcast
02-02 10:42:43.274 D/Phone   (  422): [PhoneNotifier] [DefaultPhoneNotifier] : supl, INET, DISCONNECTED
02-02 10:42:43.274 I/TelephonyRegistry(  283): notifyDataConnection: state=0 isDataConnectivityPossible=true reason=dataNetworkAttached interfaceName=null networkType=7 apnType=supl apn=null
02-02 10:42:43.274 I/TelephonyRegistry(  283): +++broadcastDataConnectionStateChanged
02-02 10:42:43.274 I/TelephonyRegistry(  283): +++sendStickyBroadcast
02-02 10:42:43.324 D/Phone   (  422): [PhoneNotifier] [DefaultPhoneNotifier] : supl, INET6, DISCONNECTED
02-02 10:42:43.344 I/TelephonyRegistry(  283): notifyDataConnection: state=0 isDataConnectivityPossible=true reason=dataNetworkAttached interfaceName=null networkType=7 apnType=supl apn=null
02-02 10:42:43.344 I/TelephonyRegistry(  283): +++broadcastDataConnectionStateChanged
02-02 10:42:43.344 D/KeyguardViewMediator(  283): setHidden false
02-02 10:42:43.354 D/EmailProvider(  623): Creating EmailProviderBody database
02-02 10:42:43.374 I/SprintID.WInstaller(  608): W.Installer v1.6.24 (vc=1624)
02-02 10:42:43.384 D/PowerManagerService(  283): acquireWakeLock flags=0x6 tag=SprintID
02-02 10:42:43.384 I/TelephonyRegistry(  283): +++sendStickyBroadcast
02-02 10:42:43.384 D/Phone   (  422): [PhoneNotifier] [DefaultPhoneNotifier] : dun, INET, DISCONNECTED
02-02 10:42:43.394 I/TelephonyRegistry(  283): notifyDataConnection: state=0 isDataConnectivityPossible=true reason=dataNetworkAttached interfaceName=null networkType=7 apnType=dun apn=null
02-02 10:42:43.394 I/TelephonyRegistry(  283): +++broadcastDataConnectionStateChanged
02-02 10:42:43.394 I/TelephonyRegistry(  283): +++sendStickyBroadcast
02-02 10:42:43.404 D/Phone   (  422): [PhoneNotifier] [DefaultPhoneNotifier] : dun, INET6, DISCONNECTED
02-02 10:42:43.404 I/TelephonyRegistry(  283): notifyDataConnection: state=0 isDataConnectivityPossible=true reason=dataNetworkAttached interfaceName=null networkType=7 apnType=dun apn=null
02-02 10:42:43.404 I/TelephonyRegistry(  283): +++broadcastDataConnectionStateChanged
02-02 10:42:43.404 I/TelephonyRegistry(  283): +++sendStickyBroadcast
02-02 10:42:43.414 D/Phone   (  422): [PhoneNotifier] [DefaultPhoneNotifier] : hipri, INET, DISCONNECTED
02-02 10:42:43.424 I/TelephonyRegistry(  283): notifyDataConnection: state=0 isDataConnectivityPossible=true reason=dataNetworkAttached interfaceName=null networkType=7 apnType=hipri apn=null
02-02 10:42:43.424 I/TelephonyRegistry(  283): +++broadcastDataConnectionStateChanged
02-02 10:42:43.424 I/TelephonyRegistry(  283): +++sendStickyBroadcast
02-02 10:42:43.434 D/Phone   (  422): [PhoneNotifier] [DefaultPhoneNotifier] : hipri, INET6, DISCONNECTED
02-02 10:42:43.434 I/TelephonyRegistry(  283): notifyDataConnection: state=0 isDataConnectivityPossible=true reason=dataNetworkAttached interfaceName=null networkType=7 apnType=hipri apn=null
02-02 10:42:43.434 I/TelephonyRegistry(  283): +++broadcastDataConnectionStateChanged
02-02 10:42:43.444 I/TelephonyRegistry(  283): +++sendStickyBroadcast
02-02 10:42:43.454 D/Phone   (  422): [PhoneNotifier] [DefaultPhoneNotifier] : default, INET, CONNECTING
02-02 10:42:43.454 I/TelephonyRegistry(  283): notifyDataConnection: state=1 isDataConnectivityPossible=true reason=radioTechnologyChanged interfaceName=null networkType=7 apnType=default apn=null
02-02 10:42:43.454 I/TelephonyRegistry(  283): +++broadcastDataConnectionStateChanged
02-02 10:42:43.454 I/TelephonyRegistry(  283): +++sendStickyBroadcast
02-02 10:42:43.474 D/Phone   (  422): [PhoneNotifier] [DefaultPhoneNotifier] : default, INET6, DISCONNECTED
02-02 10:42:43.474 I/TelephonyRegistry(  283): notifyDataConnection: state=0 isDataConnectivityPossible=true reason=radioTechnologyChanged interfaceName=null networkType=7 apnType=default apn=null
02-02 10:42:43.474 I/TelephonyRegistry(  283): +++broadcastDataConnectionStateChanged
02-02 10:42:43.484 I/TelephonyRegistry(  283): +++sendStickyBroadcast
02-02 10:42:43.494 D/Phone   (  422): [PhoneNotifier] [DefaultPhoneNotifier] : mms, INET, DISCONNECTED
02-02 10:42:43.494 I/TelephonyRegistry(  283): notifyDataConnection: state=0 isDataConnectivityPossible=true reason=radioTechnologyChanged interfaceName=null networkType=7 apnType=mms apn=null
02-02 10:42:43.494 I/TelephonyRegistry(  283): +++broadcastDataConnectionStateChanged
02-02 10:42:43.504 I/TelephonyRegistry(  283): +++sendStickyBroadcast
02-02 10:42:43.504 D/Phone   (  422): [PhoneNotifier] [DefaultPhoneNotifier] : mms, INET6, DISCONNECTED
02-02 10:42:43.504 I/TelephonyRegistry(  283): notifyDataConnection: state=0 isDataConnectivityPossible=true reason=radioTechnologyChanged interfaceName=null networkType=7 apnType=mms apn=null
02-02 10:42:43.504 I/TelephonyRegistry(  283): +++broadcastDataConnectionStateChanged
02-02 10:42:43.514 I/TelephonyRegistry(  283): +++sendStickyBroadcast
02-02 10:42:43.514 D/Phone   (  422): [PhoneNotifier] [DefaultPhoneNotifier] : supl, INET, DISCONNECTED
02-02 10:42:43.524 W/SprintID.Util(  608): Network not available -- waiting...
02-02 10:42:43.534 I/TelephonyRegistry(  283): notifyDataConnection: state=0 isDataConnectivityPossible=true reason=radioTechnologyChanged interfaceName=null networkType=7 apnType=supl apn=null
02-02 10:42:43.534 I/TelephonyRegistry(  283): +++broadcastDataConnectionStateChanged
02-02 10:42:43.534 I/TelephonyRegistry(  283): +++sendStickyBroadcast
02-02 10:42:43.534 D/Phone   (  422): [PhoneNotifier] [DefaultPhoneNotifier] : supl, INET6, DISCONNECTED
02-02 10:42:43.544 I/TelephonyRegistry(  283): notifyDataConnection: state=0 isDataConnectivityPossible=true reason=radioTechnologyChanged interfaceName=null networkType=7 apnType=supl apn=null
02-02 10:42:43.544 I/TelephonyRegistry(  283): +++broadcastDataConnectionStateChanged
02-02 10:42:43.544 I/TelephonyRegistry(  283): +++sendStickyBroadcast
02-02 10:42:43.554 D/Phone   (  422): [PhoneNotifier] [DefaultPhoneNotifier] : dun, INET, DISCONNECTED
02-02 10:42:43.574 I/TelephonyRegistry(  283): notifyDataConnection: state=0 isDataConnectivityPossible=true reason=radioTechnologyChanged interfaceName=null networkType=7 apnType=dun apn=null
02-02 10:42:43.574 I/TelephonyRegistry(  283): +++broadcastDataConnectionStateChanged
02-02 10:42:43.574 I/TelephonyRegistry(  283): +++sendStickyBroadcast
02-02 10:42:43.584 D/Phone   (  422): [PhoneNotifier] [DefaultPhoneNotifier] : dun, INET6, DISCONNECTED
02-02 10:42:43.584 I/TelephonyRegistry(  283): notifyDataConnection: state=0 isDataConnectivityPossible=true reason=radioTechnologyChanged interfaceName=null networkType=7 apnType=dun apn=null
02-02 10:42:43.584 I/TelephonyRegistry(  283): +++broadcastDataConnectionStateChanged
02-02 10:42:43.584 I/TelephonyRegistry(  283): +++sendStickyBroadcast
02-02 10:42:43.634 D/Phone   (  422): [PhoneNotifier] [DefaultPhoneNotifier] : hipri, INET, DISCONNECTED
02-02 10:42:43.634 D/KeyguardViewMediator(  283): setHidden false
02-02 10:42:43.664 I/ActivityThread(  637): Pub downloads: com.android.providers.downloads.DownloadProvider
02-02 10:42:43.684 I/TelephonyRegistry(  283): notifyDataConnection: state=0 isDataConnectivityPossible=true reason=radioTechnologyChanged interfaceName=null networkType=7 apnType=hipri apn=null
02-02 10:42:43.684 I/TelephonyRegistry(  283): +++broadcastDataConnectionStateChanged
02-02 10:42:43.684 I/TelephonyRegistry(  283): +++sendStickyBroadcast
02-02 10:42:43.684 D/Phone   (  422): [PhoneNotifier] [DefaultPhoneNotifier] : hipri, INET6, DISCONNECTED
02-02 10:42:43.684 I/ActivityThread(  637): Pub drm: com.android.providers.drm.DrmProvider
02-02 10:42:43.694 I/TelephonyRegistry(  283): notifyDataConnection: state=0 isDataConnectivityPossible=true reason=radioTechnologyChanged interfaceName=null networkType=7 apnType=hipri apn=null
02-02 10:42:43.694 I/TelephonyRegistry(  283): +++broadcastDataConnectionStateChanged
02-02 10:42:43.694 I/TelephonyRegistry(  283): +++sendStickyBroadcast
02-02 10:42:43.694 D/DATA    (  422): [DCT(0) ] Resetting all profiles and service states!
02-02 10:42:43.694 D/DATA    (  422): [DSST(0)] pollstate() : reason = icc status changed
02-02 10:42:43.704 D/PROXY   (  422): ProxyManager EVENT_ICC_CHANGED for non DSDS m3gppIndex::-1 m3gpp2Index::-1
02-02 10:42:43.714 D/MccTable(  422): updateMccMncConfiguration: mcc=310, mnc=120
02-02 10:42:43.714 D/MccTable(  422): locale set to en_us
02-02 10:42:43.714 D/MccTable(  422): WIFI_NUM_ALLOWED_CHANNELS set to 11
02-02 10:42:43.734 E/BluetoothEasPolicy.java(  283): bluetooth EAS key=AllowBluetooth
02-02 10:42:43.734 E/BluetoothEasPolicy.java(  283): bluetooth EAS value=2
02-02 10:42:43.734 D/KeyguardUpdateMonitor(  283): received broadcast android.provider.Telephony.SPN_STRINGS_UPDATED
02-02 10:42:43.734 D/KeyguardUpdateMonitor(  283): Received SPN update on sub :0
02-02 10:42:43.734 D/KeyguardUpdateMonitor(  283): handleCarrierInfoUpdate: plmn = (No service), spn = null, subscription = 0
02-02 10:42:43.734 D/LockScreen(  283): onRefreshCarrierInfo((No service), null)
02-02 10:42:43.734 D/LockScreen(  283): updateLayout: status=Normalsubscription=0
02-02 10:42:43.734 D/LockScreen(  283): Updating Lock Screen text to Ruim
02-02 10:42:43.744 D/KeyguardViewMediator(  283): setHidden false
02-02 10:42:43.744 D/DATA    (  422): [DC cid = -1]DcInactiveState msg.what=EVENT_CONNECT
02-02 10:42:43.744 I/DATA    (  422): [DC cid = -1]Connecting : dataProfile = [dpt=PROFILE_TYPE_3GPP2_NAI, active=false, 
02-02 10:42:43.744 D/DATA    (  422): **NAI profile id :0
02-02 10:42:43.774 I/DATA    (  422): [DCT(0) ] onUpdateDataConnections [ignored] : reason=apnTypeEnabled
02-02 10:42:43.774 I/DATA    (  422): [DCT(0) ] wait for the dc disconnect to complete
02-02 10:42:43.804 I/V3Client(  439): doStartup(0)
02-02 10:42:43.804 D/KeyguardViewMediator(  283): setHidden false
02-02 10:42:43.814 D/KeyguardViewMediator(  283): setHidden false
02-02 10:42:43.824 D/MobileDataStateTracker(  283): [hipri]  MobileDataStateReceiver onReceive(): Entry.
02-02 10:42:43.824 D/MobileDataStateTracker(  283): [hipri]  intent.getAction()= android.intent.action.SERVICE_STATE
02-02 10:42:43.824 D/MobileDataStateTracker(  283): [hipri]  mEnabled = false
02-02 10:42:43.864 D/PhoneApp(  422): mReceiver: ACTION_ANY_DATA_CONNECTION_STATE_CHANGED
02-02 10:42:43.864 D/PhoneApp(  422): - state: DISCONNECTED
02-02 10:42:43.864 D/PhoneApp(  422): - reason: roamingOff
02-02 10:42:43.864 D/PhoneApp(  422): old phone type:2, New Phone type:2
02-02 10:42:43.864 D/MobileDataStateTracker(  283): [hipri] subType changed, oldSubtype = 0new subtype = 7
02-02 10:42:43.864 D/MobileDataStateTracker(  283): [dun]  MobileDataStateReceiver onReceive(): Entry.
02-02 10:42:43.864 D/MobileDataStateTracker(  283): [dun]  intent.getAction()= android.intent.action.SERVICE_STATE
02-02 10:42:43.864 D/MobileDataStateTracker(  283): [dun]  mEnabled = false
02-02 10:42:43.874 D/PhoneApp(  422): mReceiver: ACTION_ANY_DATA_CONNECTION_STATE_CHANGED
02-02 10:42:43.874 D/PhoneApp(  422): - state: DISCONNECTED
02-02 10:42:43.874 D/PhoneApp(  422): - reason: dataNetworkAttached
02-02 10:42:43.874 D/PhoneApp(  422): mReceiver: ACTION_ANY_DATA_CONNECTION_STATE_CHANGED
02-02 10:42:43.874 D/PhoneApp(  422): - state: DISCONNECTED
02-02 10:42:43.874 D/PhoneApp(  422): - reason: dataNetworkAttached
02-02 10:42:43.874 D/PhoneApp(  422): mReceiver: ACTION_ANY_DATA_CONNECTION_STATE_CHANGED
02-02 10:42:43.874 D/PhoneApp(  422): - state: DISCONNECTED
02-02 10:42:43.874 D/PhoneApp(  422): - reason: dataNetworkAttached
02-02 10:42:43.874 D/PhoneApp(  422): mReceiver: ACTION_ANY_DATA_CONNECTION_STATE_CHANGED
02-02 10:42:43.874 D/PhoneApp(  422): - state: DISCONNECTED
02-02 10:42:43.874 D/PhoneApp(  422): - reason: dataNetworkAttached
02-02 10:42:43.884 D/PhoneApp(  422): mReceiver: ACTION_ANY_DATA_CONNECTION_STATE_CHANGED
02-02 10:42:43.884 D/PhoneApp(  422): - state: DISCONNECTED
02-02 10:42:43.884 D/PhoneApp(  422): - reason: dataNetworkAttached
02-02 10:42:43.884 D/PhoneApp(  422): mReceiver: ACTION_ANY_DATA_CONNECTION_STATE_CHANGED
02-02 10:42:43.884 D/PhoneApp(  422): - state: DISCONNECTED
02-02 10:42:43.884 D/PhoneApp(  422): - reason: dataNetworkAttached
02-02 10:42:43.884 D/PhoneApp(  422): mReceiver: ACTION_ANY_DATA_CONNECTION_STATE_CHANGED
02-02 10:42:43.884 D/PhoneApp(  422): - state: DISCONNECTED
02-02 10:42:43.884 D/PhoneApp(  422): - reason: dataNetworkAttached
02-02 10:42:43.884 D/PhoneApp(  422): mReceiver: ACTION_ANY_DATA_CONNECTION_STATE_CHANGED
02-02 10:42:43.884 D/PhoneApp(  422): - state: DISCONNECTED
02-02 10:42:43.884 D/PhoneApp(  422): - reason: dataNetworkAttached
02-02 10:42:43.884 D/PhoneApp(  422): mReceiver: ACTION_ANY_DATA_CONNECTION_STATE_CHANGED
02-02 10:42:43.884 D/PhoneApp(  422): - state: DISCONNECTED
02-02 10:42:43.884 D/PhoneApp(  422): - reason: dataNetworkAttached
02-02 10:42:43.884 D/PhoneApp(  422): mReceiver: ACTION_ANY_DATA_CONNECTION_STATE_CHANGED
02-02 10:42:43.884 D/PhoneApp(  422): - state: DISCONNECTED
02-02 10:42:43.884 D/PhoneApp(  422): - reason: dataNetworkAttached
02-02 10:42:43.884 I/DATA    (  422): [DCT(0) ] onUpdateDataConnections [ignored] : reason=dataNetworkAttached
02-02 10:42:43.884 I/DATA    (  422): [DCT(0) ] wait for the dc disconnect to complete
02-02 10:42:43.884 D/PhoneApp(  422): mReceiver: ACTION_ANY_DATA_CONNECTION_STATE_CHANGED
02-02 10:42:43.884 D/PhoneApp(  422): - state: DISCONNECTED
02-02 10:42:43.884 D/PhoneApp(  422): - reason: radioTechnologyChanged
02-02 10:42:43.894 D/PhoneApp(  422): mReceiver: ACTION_ANY_DATA_CONNECTION_STATE_CHANGED
02-02 10:42:43.894 D/PhoneApp(  422): - state: DISCONNECTED
02-02 10:42:43.894 D/PhoneApp(  422): - reason: radioTechnologyChanged
02-02 10:42:43.894 D/PhoneApp(  422): mReceiver: ACTION_ANY_DATA_CONNECTION_STATE_CHANGED
02-02 10:42:43.894 D/PhoneApp(  422): - state: DISCONNECTED
02-02 10:42:43.894 D/PhoneApp(  422): - reason: radioTechnologyChanged
02-02 10:42:43.894 D/PhoneApp(  422): mReceiver: ACTION_ANY_DATA_CONNECTION_STATE_CHANGED
02-02 10:42:43.894 D/PhoneApp(  422): - state: DISCONNECTED
02-02 10:42:43.894 D/PhoneApp(  422): - reason: radioTechnologyChanged
02-02 10:42:43.894 D/PhoneApp(  422): mReceiver: ACTION_ANY_DATA_CONNECTION_STATE_CHANGED
02-02 10:42:43.894 D/PhoneApp(  422): - state: DISCONNECTED
02-02 10:42:43.894 D/PhoneApp(  422): - reason: radioTechnologyChanged
