02-02 10:42:47.207 D/MobileDataStateTracker(  283): [mms]  mEnabled = false
02-02 10:42:47.207 I/DATA    (  422): [DCT(0) ] ---dc list---
02-02 10:42:47.207 I/DATA    (  422): [DCT(0) ] cid = -1, state = DcActivatingState, bearerType = null, ipaddress = null, gw=null, dns=[null, null]
02-02 10:42:47.207 I/DATA    (  422): [DCT(0) ] ---ds list---
02-02 10:42:47.207 I/DATA    (  422): [DCT(0) ] ds= SERVICE_TYPE_DEFAULT, enabled = true, active = v4:CONNECTING v6:IDLE
02-02 10:42:47.207 I/DATA    (  422): [DCT(0) ] ds= SERVICE_TYPE_MMS, enabled = false, active = v4:IDLE v6:IDLE
02-02 10:42:47.207 I/DATA    (  422): [DCT(0) ] ds= SERVICE_TYPE_SUPL, enabled = false, active = v4:IDLE v6:IDLE
02-02 10:42:47.207 I/DATA    (  422): [DCT(0) ] ds= SERVICE_TYPE_DUN, enabled = false, active = v4:IDLE v6:IDLE
02-02 10:42:47.207 I/DATA    (  422): [DCT(0) ] ds= SERVICE_TYPE_HIPRI, enabled = false, active = v4:IDLE v6:IDLE
02-02 10:42:47.207 I/DATA    (  422): [DCT(0) ] Ready for data : 
02-02 10:42:47.207 I/DATA    (  422): [DCT(0) ]    getDesiredPowerState() = true
02-02 10:42:47.207 I/DATA    (  422): [DCT(0) ]    mCm.getRadioState() = RADIO_ON
02-02 10:42:47.207 I/DATA    (  422): [DCT(0) ]    [DataRadioTech = RADIO_TECH_EVDO_A, data network state = 0, mMasterDataEnabled = true, is Roaming = false, dataOnRoamingEnable = false, isPsRestricted = false, desiredPowerState  = true, mSIMRecords = , cdmaSubSource = 1/310120, mRuimRecords = , checks = true/true]
02-02 10:42:47.207 I/DATA    (  422): [DCT(0) ] Data Call setup pending. Not trying to bring up any new data connections.
02-02 10:42:47.207 D/PhoneApp(  422): old phone type:2, New Phone type:2
02-02 10:42:47.207 D/NotificationMgr(  422): hideDataDisconnectedRoaming()...
02-02 10:42:47.227 D/MobileDataStateTracker(  283): [mms]  apnTypeList = mms
02-02 10:42:47.227 D/MobileDataStateTracker(  283): [mms]  unavailable = false
02-02 10:42:47.227 D/MobileDataStateTracker(  283): [mms] Do not process intents if disabled.
02-02 10:42:47.227 D/MobileDataStateTracker(  283): [default]  MobileDataStateReceiver onReceive(): Entry.
02-02 10:42:47.227 D/MobileDataStateTracker(  283): [default]  intent.getAction()= android.intent.action.ANY_DATA_STATE
02-02 10:42:47.227 D/MobileDataStateTracker(  283): [default]  mEnabled = true
02-02 10:42:47.227 D/MobileDataStateTracker(  283): [default]  apnTypeList = mms
02-02 10:42:47.227 D/MobileDataStateTracker(  283): [default]  unavailable = false
02-02 10:42:47.227 D/MobileDataStateTracker(  283): [default] not what we are looking for.
02-02 10:42:47.227 D/MobileDataStateTracker(  283): [hipri]  MobileDataStateReceiver onReceive(): Entry.
02-02 10:42:47.227 D/MobileDataStateTracker(  283): [hipri]  intent.getAction()= android.intent.action.ANY_DATA_STATE
02-02 10:42:47.227 D/MobileDataStateTracker(  283): [hipri]  mEnabled = false
02-02 10:42:47.227 D/MobileDataStateTracker(  283): [hipri]  apnTypeList = supl
02-02 10:42:47.227 D/PhoneApp(  422): old phone type:2, New Phone type:2
02-02 10:42:47.227 D/NotificationMgr(  422): hideDataDisconnectedRoaming()...
02-02 10:42:47.227 D/PhoneApp(  422): old phone type:2, New Phone type:2
02-02 10:42:47.227 D/NotificationMgr(  422): hideDataDisconnectedRoaming()...
02-02 10:42:47.227 D/PhoneApp(  422): old phone type:2, New Phone type:2
02-02 10:42:47.227 D/NotificationMgr(  422): hideDataDisconnectedRoaming()...
02-02 10:42:47.227 D/PhoneApp(  422): old phone type:2, New Phone type:2
02-02 10:42:47.227 D/NotificationMgr(  422): hideDataDisconnectedRoaming()...
02-02 10:42:47.237 D/PhoneApp(  422): old phone type:2, New Phone type:2
02-02 10:42:47.237 D/NotificationMgr(  422): hideDataDisconnectedRoaming()...
02-02 10:42:47.237 D/PhoneApp(  422): old phone type:2, New Phone type:2
02-02 10:42:47.237 D/MobileDataStateTracker(  283): [hipri]  unavailable = false
02-02 10:42:47.237 D/MobileDataStateTracker(  283): [hipri] Do not process intents if disabled.
02-02 10:42:47.237 D/MobileDataStateTracker(  283): [dun]  MobileDataStateReceiver onReceive(): Entry.
02-02 10:42:47.237 D/MobileDataStateTracker(  283): [dun]  intent.getAction()= android.intent.action.ANY_DATA_STATE
02-02 10:42:47.237 D/MobileDataStateTracker(  283): [dun]  mEnabled = false
02-02 10:42:47.237 D/MobileDataStateTracker(  283): [dun]  apnTypeList = supl
02-02 10:42:47.237 D/MobileDataStateTracker(  283): [dun]  unavailable = false
02-02 10:42:47.237 D/MobileDataStateTracker(  283): [dun] Do not process intents if disabled.
02-02 10:42:47.237 D/MobileDataStateTracker(  283): [supl]  MobileDataStateReceiver onReceive(): Entry.
02-02 10:42:47.237 D/MobileDataStateTracker(  283): [supl]  intent.getAction()= android.intent.action.ANY_DATA_STATE
02-02 10:42:47.237 D/MobileDataStateTracker(  283): [supl]  mEnabled = false
02-02 10:42:47.237 D/NotificationMgr(  422): hideDataDisconnectedRoaming()...
02-02 10:42:47.237 D/PhoneApp(  422): old phone type:2, New Phone type:2
02-02 10:42:47.237 D/NotificationMgr(  422): hideDataDisconnectedRoaming()...
02-02 10:42:47.247 D/PhoneApp(  422): old phone type:2, New Phone type:2
02-02 10:42:47.247 D/NotificationMgr(  422): hideDataDisconnectedRoaming()...
02-02 10:42:47.247 D/PhoneApp(  422): old phone type:2, New Phone type:2
02-02 10:42:47.247 D/NotificationMgr(  422): hideDataDisconnectedRoaming()...
02-02 10:42:47.247 D/MobileDataStateTracker(  283): [supl]  apnTypeList = supl
02-02 10:42:47.247 D/MobileDataStateTracker(  283): [supl]  unavailable = false
02-02 10:42:47.247 D/MobileDataStateTracker(  283): [supl] Do not process intents if disabled.
02-02 10:42:47.247 D/MobileDataStateTracker(  283): [mms]  MobileDataStateReceiver onReceive(): Entry.
02-02 10:42:47.247 D/MobileDataStateTracker(  283): [mms]  intent.getAction()= android.intent.action.ANY_DATA_STATE
02-02 10:42:47.247 D/MobileDataStateTracker(  283): [mms]  mEnabled = false
02-02 10:42:47.257 D/MobileDataStateTracker(  283): [mms]  apnTypeList = supl
02-02 10:42:47.257 D/MobileDataStateTracker(  283): [mms]  unavailable = false
02-02 10:42:47.257 D/MobileDataStateTracker(  283): [mms] Do not process intents if disabled.
02-02 10:42:47.257 D/MobileDataStateTracker(  283): [default]  MobileDataStateReceiver onReceive(): Entry.
02-02 10:42:47.257 D/MobileDataStateTracker(  283): [default]  intent.getAction()= android.intent.action.ANY_DATA_STATE
02-02 10:42:47.257 D/MobileDataStateTracker(  283): [default]  mEnabled = true
02-02 10:42:47.257 D/MobileDataStateTracker(  283): [default]  apnTypeList = supl
02-02 10:42:47.257 D/MobileDataStateTracker(  283): [default]  unavailable = false
02-02 10:42:47.257 I/ActivityThread(  667): Pub com.google.android.voicesearch: com.google.android.voicesearch.AudioProvider
02-02 10:42:47.257 D/MobileDataStateTracker(  283): [default] not what we are looking for.
02-02 10:42:47.257 D/MobileDataStateTracker(  283): [hipri]  MobileDataStateReceiver onReceive(): Entry.
02-02 10:42:47.257 D/MobileDataStateTracker(  283): [hipri]  intent.getAction()= android.intent.action.ANY_DATA_STATE
02-02 10:42:47.257 D/MobileDataStateTracker(  283): [hipri]  mEnabled = false
02-02 10:42:47.267 D/MobileDataStateTracker(  283): [hipri]  apnTypeList = supl
02-02 10:42:47.267 D/MobileDataStateTracker(  283): [hipri]  unavailable = false
02-02 10:42:47.267 D/MobileDataStateTracker(  283): [hipri] Do not process intents if disabled.
02-02 10:42:47.267 D/MobileDataStateTracker(  283): [dun]  MobileDataStateReceiver onReceive(): Entry.
02-02 10:42:47.267 D/MobileDataStateTracker(  283): [dun]  intent.getAction()= android.intent.action.ANY_DATA_STATE
02-02 10:42:47.267 D/MobileDataStateTracker(  283): [dun]  mEnabled = false
02-02 10:42:47.277 D/MobileDataStateTracker(  283): [dun]  apnTypeList = supl
02-02 10:42:47.277 D/MobileDataStateTracker(  283): [dun]  unavailable = false
02-02 10:42:47.277 D/MobileDataStateTracker(  283): [dun] Do not process intents if disabled.
02-02 10:42:47.277 D/MobileDataStateTracker(  283): [supl]  MobileDataStateReceiver onReceive(): Entry.
02-02 10:42:47.277 D/MobileDataStateTracker(  283): [supl]  intent.getAction()= android.intent.action.ANY_DATA_STATE
02-02 10:42:47.277 D/MobileDataStateTracker(  283): [supl]  mEnabled = false
02-02 10:42:47.277 D/MobileDataStateTracker(  283): [supl]  apnTypeList = supl
02-02 10:42:47.277 D/MobileDataStateTracker(  283): [supl]  unavailable = false
02-02 10:42:47.277 D/MobileDataStateTracker(  283): [supl] Do not process intents if disabled.
02-02 10:42:47.277 D/MobileDataStateTracker(  283): [mms]  MobileDataStateReceiver onReceive(): Entry.
02-02 10:42:47.277 D/MobileDataStateTracker(  283): [mms]  intent.getAction()= android.intent.action.ANY_DATA_STATE
02-02 10:42:47.277 D/MobileDataStateTracker(  283): [mms]  mEnabled = false
02-02 10:42:47.287 D/MobileDataStateTracker(  283): [mms]  apnTypeList = supl
02-02 10:42:47.287 D/MobileDataStateTracker(  283): [mms]  unavailable = false
02-02 10:42:47.287 D/MobileDataStateTracker(  283): [mms] Do not process intents if disabled.
02-02 10:42:47.287 D/MobileDataStateTracker(  283): [default]  MobileDataStateReceiver onReceive(): Entry.
02-02 10:42:47.287 D/MobileDataStateTracker(  283): [default]  intent.getAction()= android.intent.action.ANY_DATA_STATE
02-02 10:42:47.287 D/MobileDataStateTracker(  283): [default]  mEnabled = true
02-02 10:42:47.287 D/MobileDataStateTracker(  283): [default]  apnTypeList = supl
02-02 10:42:47.287 D/MobileDataStateTracker(  283): [default]  unavailable = false
02-02 10:42:47.287 D/MobileDataStateTracker(  283): [default] not what we are looking for.
02-02 10:42:47.287 D/MobileDataStateTracker(  283): [hipri]  MobileDataStateReceiver onReceive(): Entry.
02-02 10:42:47.287 D/MobileDataStateTracker(  283): [hipri]  intent.getAction()= android.intent.action.ANY_DATA_STATE
02-02 10:42:47.287 D/MobileDataStateTracker(  283): [hipri]  mEnabled = false
02-02 10:42:47.297 D/MobileDataStateTracker(  283): [hipri]  apnTypeList = dun
02-02 10:42:47.297 D/MobileDataStateTracker(  283): [hipri]  unavailable = false
02-02 10:42:47.297 D/MobileDataStateTracker(  283): [hipri] Do not process intents if disabled.
02-02 10:42:47.297 D/MobileDataStateTracker(  283): [dun]  MobileDataStateReceiver onReceive(): Entry.
02-02 10:42:47.297 D/MobileDataStateTracker(  283): [dun]  intent.getAction()= android.intent.action.ANY_DATA_STATE
02-02 10:42:47.297 D/MobileDataStateTracker(  283): [dun]  mEnabled = false
02-02 10:42:47.297 D/MobileDataStateTracker(  283): [dun]  apnTypeList = dun
02-02 10:42:47.297 D/MobileDataStateTracker(  283): [dun]  unavailable = false
02-02 10:42:47.297 D/MobileDataStateTracker(  283): [dun] Do not process intents if disabled.
02-02 10:42:47.297 D/MobileDataStateTracker(  283): [supl]  MobileDataStateReceiver onReceive(): Entry.
02-02 10:42:47.297 D/MobileDataStateTracker(  283): [supl]  intent.getAction()= android.intent.action.ANY_DATA_STATE
02-02 10:42:47.297 D/MobileDataStateTracker(  283): [supl]  mEnabled = false
02-02 10:42:47.307 D/MobileDataStateTracker(  283): [supl]  apnTypeList = dun
02-02 10:42:47.307 D/MobileDataStateTracker(  283): [supl]  unavailable = false
02-02 10:42:47.307 D/MobileDataStateTracker(  283): [supl] Do not process intents if disabled.
02-02 10:42:47.307 D/MobileDataStateTracker(  283): [mms]  MobileDataStateReceiver onReceive(): Entry.
02-02 10:42:47.307 D/MobileDataStateTracker(  283): [mms]  intent.getAction()= android.intent.action.ANY_DATA_STATE
02-02 10:42:47.307 D/MobileDataStateTracker(  283): [mms]  mEnabled = false
02-02 10:42:47.307 D/MobileDataStateTracker(  283): [mms]  apnTypeList = dun
02-02 10:42:47.307 D/MobileDataStateTracker(  283): [mms]  unavailable = false
02-02 10:42:47.307 D/MobileDataStateTracker(  283): [mms] Do not process intents if disabled.
02-02 10:42:47.307 D/MobileDataStateTracker(  283): [default]  MobileDataStateReceiver onReceive(): Entry.
02-02 10:42:47.307 D/MobileDataStateTracker(  283): [default]  intent.getAction()= android.intent.action.ANY_DATA_STATE
02-02 10:42:47.307 D/MobileDataStateTracker(  283): [default]  mEnabled = true
02-02 10:42:47.307 D/MobileDataStateTracker(  283): [default]  apnTypeList = dun
02-02 10:42:47.307 D/MobileDataStateTracker(  283): [default]  unavailable = false
02-02 10:42:47.307 D/MobileDataStateTracker(  283): [default] not what we are looking for.
02-02 10:42:47.307 D/MobileDataStateTracker(  283): [hipri]  MobileDataStateReceiver onReceive(): Entry.
02-02 10:42:47.307 D/MobileDataStateTracker(  283): [hipri]  intent.getAction()= android.intent.action.ANY_DATA_STATE
02-02 10:42:47.307 D/MobileDataStateTracker(  283): [hipri]  mEnabled = false
02-02 10:42:47.317 D/MobileDataStateTracker(  283): [hipri]  apnTypeList = dun
02-02 10:42:47.317 D/MobileDataStateTracker(  283): [hipri]  unavailable = false
02-02 10:42:47.317 D/MobileDataStateTracker(  283): [hipri] Do not process intents if disabled.
02-02 10:42:47.317 D/MobileDataStateTracker(  283): [dun]  MobileDataStateReceiver onReceive(): Entry.
02-02 10:42:47.327 D/MobileDataStateTracker(  283): [dun]  intent.getAction()= android.intent.action.ANY_DATA_STATE
02-02 10:42:47.327 D/MobileDataStateTracker(  283): [dun]  mEnabled = false
02-02 10:42:47.327 D/MobileDataStateTracker(  283): [dun]  apnTypeList = dun
02-02 10:42:47.327 D/MobileDataStateTracker(  283): [dun]  unavailable = false
02-02 10:42:47.327 D/MobileDataStateTracker(  283): [dun] Do not process intents if disabled.
02-02 10:42:47.327 D/MobileDataStateTracker(  283): [supl]  MobileDataStateReceiver onReceive(): Entry.
02-02 10:42:47.327 D/MobileDataStateTracker(  283): [supl]  intent.getAction()= android.intent.action.ANY_DATA_STATE
02-02 10:42:47.327 D/MobileDataStateTracker(  283): [supl]  mEnabled = false
02-02 10:42:47.327 D/MobileDataStateTracker(  283): [supl]  apnTypeList = dun
02-02 10:42:47.327 D/MobileDataStateTracker(  283): [supl]  unavailable = false
02-02 10:42:47.327 D/MobileDataStateTracker(  283): [supl] Do not process intents if disabled.
02-02 10:42:47.327 D/MobileDataStateTracker(  283): [mms]  MobileDataStateReceiver onReceive(): Entry.
02-02 10:42:47.327 D/MobileDataStateTracker(  283): [mms]  intent.getAction()= android.intent.action.ANY_DATA_STATE
02-02 10:42:47.327 D/MobileDataStateTracker(  283): [mms]  mEnabled = false
02-02 10:42:47.327 D/MobileDataStateTracker(  283): [mms]  apnTypeList = dun
02-02 10:42:47.327 D/MobileDataStateTracker(  283): [mms]  unavailable = false
02-02 10:42:47.327 D/MobileDataStateTracker(  283): [mms] Do not process intents if disabled.
02-02 10:42:47.327 D/MobileDataStateTracker(  283): [default]  MobileDataStateReceiver onReceive(): Entry.
02-02 10:42:47.327 D/MobileDataStateTracker(  283): [default]  intent.getAction()= android.intent.action.ANY_DATA_STATE
02-02 10:42:47.327 D/MobileDataStateTracker(  283): [default]  mEnabled = true
02-02 10:42:47.338 D/MobileDataStateTracker(  283): [default]  apnTypeList = dun
02-02 10:42:47.338 D/MobileDataStateTracker(  283): [default]  unavailable = false
02-02 10:42:47.338 D/MobileDataStateTracker(  283): [default] not what we are looking for.
02-02 10:42:47.338 D/MobileDataStateTracker(  283): [hipri]  MobileDataStateReceiver onReceive(): Entry.
02-02 10:42:47.338 D/MobileDataStateTracker(  283): [hipri]  intent.getAction()= android.intent.action.ANY_DATA_STATE
02-02 10:42:47.338 D/MobileDataStateTracker(  283): [hipri]  mEnabled = false
02-02 10:42:47.338 D/MobileDataStateTracker(  283): [hipri]  apnTypeList = hipri
02-02 10:42:47.338 D/MobileDataStateTracker(  283): [hipri]  unavailable = false
02-02 10:42:47.338 D/MobileDataStateTracker(  283): [hipri] Do not process intents if disabled.
02-02 10:42:47.338 D/MobileDataStateTracker(  283): [dun]  MobileDataStateReceiver onReceive(): Entry.
02-02 10:42:47.338 D/MobileDataStateTracker(  283): [dun]  intent.getAction()= android.intent.action.ANY_DATA_STATE
02-02 10:42:47.358 D/MobileDataStateTracker(  283): [dun]  mEnabled = false
02-02 10:42:47.358 D/MobileDataStateTracker(  283): [dun]  apnTypeList = hipri
02-02 10:42:47.358 D/MobileDataStateTracker(  283): [dun]  unavailable = false
02-02 10:42:47.358 D/MobileDataStateTracker(  283): [dun] Do not process intents if disabled.
02-02 10:42:47.358 D/MobileDataStateTracker(  283): [supl]  MobileDataStateReceiver onReceive(): Entry.
02-02 10:42:47.358 D/MobileDataStateTracker(  283): [supl]  intent.getAction()= android.intent.action.ANY_DATA_STATE
02-02 10:42:47.358 D/MobileDataStateTracker(  283): [supl]  mEnabled = false
02-02 10:42:47.368 D/MobileDataStateTracker(  283): [supl]  apnTypeList = hipri
02-02 10:42:47.368 D/MobileDataStateTracker(  283): [supl]  unavailable = false
02-02 10:42:47.368 D/MobileDataStateTracker(  283): [supl] Do not process intents if disabled.
02-02 10:42:47.368 D/MobileDataStateTracker(  283): [mms]  MobileDataStateReceiver onReceive(): Entry.
02-02 10:42:47.368 D/MobileDataStateTracker(  283): [mms]  intent.getAction()= android.intent.action.ANY_DATA_STATE
02-02 10:42:47.368 D/MobileDataStateTracker(  283): [mms]  mEnabled = false
02-02 10:42:47.368 D/MobileDataStateTracker(  283): [mms]  apnTypeList = hipri
02-02 10:42:47.368 D/MobileDataStateTracker(  283): [mms]  unavailable = false
02-02 10:42:47.368 D/MobileDataStateTracker(  283): [mms] Do not process intents if disabled.
02-02 10:42:47.368 D/MobileDataStateTracker(  283): [default]  MobileDataStateReceiver onReceive(): Entry.
02-02 10:42:47.368 D/MobileDataStateTracker(  283): [default]  intent.getAction()= android.intent.action.ANY_DATA_STATE
02-02 10:42:47.368 D/MobileDataStateTracker(  283): [default]  mEnabled = true
02-02 10:42:47.368 D/MobileDataStateTracker(  283): [default]  apnTypeList = hipri
02-02 10:42:47.368 D/MobileDataStateTracker(  283): [default]  unavailable = false
02-02 10:42:47.368 D/MobileDataStateTracker(  283): [default] not what we are looking for.
02-02 10:42:47.368 D/MobileDataStateTracker(  283): [hipri]  MobileDataStateReceiver onReceive(): Entry.
02-02 10:42:47.368 D/MobileDataStateTracker(  283): [hipri]  intent.getAction()= android.intent.action.ANY_DATA_STATE
02-02 10:42:47.368 D/MobileDataStateTracker(  283): [hipri]  mEnabled = false
02-02 10:42:47.368 D/MobileDataStateTracker(  283): [hipri]  apnTypeList = hipri
02-02 10:42:47.368 D/MobileDataStateTracker(  283): [hipri]  unavailable = false
02-02 10:42:47.368 D/MobileDataStateTracker(  283): [hipri] Do not process intents if disabled.
02-02 10:42:47.368 D/MobileDataStateTracker(  283): [dun]  MobileDataStateReceiver onReceive(): Entry.
02-02 10:42:47.368 D/MobileDataStateTracker(  283): [dun]  intent.getAction()= android.intent.action.ANY_DATA_STATE
02-02 10:42:47.378 D/MobileDataStateTracker(  283): [dun]  mEnabled = false
02-02 10:42:47.388 D/MobileDataStateTracker(  283): [dun]  apnTypeList = hipri
02-02 10:42:47.388 D/MobileDataStateTracker(  283): [dun]  unavailable = false
02-02 10:42:47.388 D/MobileDataStateTracker(  283): [dun] Do not process intents if disabled.
02-02 10:42:47.388 D/MobileDataStateTracker(  283): [supl]  MobileDataStateReceiver onReceive(): Entry.
02-02 10:42:47.388 D/MobileDataStateTracker(  283): [supl]  intent.getAction()= android.intent.action.ANY_DATA_STATE
02-02 10:42:47.388 D/MobileDataStateTracker(  283): [supl]  mEnabled = false
02-02 10:42:47.388 D/MobileDataStateTracker(  283): [supl]  apnTypeList = hipri
02-02 10:42:47.388 D/MobileDataStateTracker(  283): [supl]  unavailable = false
02-02 10:42:47.388 D/MobileDataStateTracker(  283): [supl] Do not process intents if disabled.
02-02 10:42:47.388 D/MobileDataStateTracker(  283): [mms]  MobileDataStateReceiver onReceive(): Entry.
02-02 10:42:47.388 D/MobileDataStateTracker(  283): [mms]  intent.getAction()= android.intent.action.ANY_DATA_STATE
02-02 10:42:47.388 D/MobileDataStateTracker(  283): [mms]  mEnabled = false
02-02 10:42:47.388 D/MobileDataStateTracker(  283): [mms]  apnTypeList = hipri
02-02 10:42:47.388 D/MobileDataStateTracker(  283): [mms]  unavailable = false
02-02 10:42:47.388 D/MobileDataStateTracker(  283): [mms] Do not process intents if disabled.
02-02 10:42:47.388 D/MobileDataStateTracker(  283): [default]  MobileDataStateReceiver onReceive(): Entry.
02-02 10:42:47.388 D/MobileDataStateTracker(  283): [default]  intent.getAction()= android.intent.action.ANY_DATA_STATE
02-02 10:42:47.388 D/MobileDataStateTracker(  283): [default]  mEnabled = true
02-02 10:42:47.398 D/MobileDataStateTracker(  283): [default]  apnTypeList = hipri
02-02 10:42:47.398 D/MobileDataStateTracker(  283): [default]  unavailable = false
02-02 10:42:47.398 D/MobileDataStateTracker(  283): [default] not what we are looking for.
02-02 10:42:47.418 E/AudioFlinger(  121): processConfigEvents() remaining events 1
02-02 10:42:47.418 D/MediaPlayer(  667): setDataSource(40, 1247664, 4560)
02-02 10:42:47.418 D/MediaPlayerService(  121): Create new client(2) from pid 667, fd=24, offset=1247664, length=4560, audioSessionId=5
02-02 10:42:47.418 E/MediaPlayerService(  121): ident is:1179011410, buf is:RIFF
02-02 10:42:47.438 D/MediaPlayerService(  121): get Default Player Type from fd: 24, offset: 1247664, length: 4560
02-02 10:42:47.438 I/wpa_supplicant(  381): State: SCANNING -> INACTIVE
02-02 10:42:47.438 I/wpa_supplicant(  381): CTRL-EVENT-STATE-CHANGE id=-1 state=1 BSSID=00:00:00:00:00:00
02-02 10:42:47.438 I/dun_service(  129): process rmnet event
02-02 10:42:47.438 I/dun_service(  129): Post event 3
02-02 10:42:47.438 I/dun_service(  129): received event: DUN_EVENT_RMNET_DOWN 
02-02 10:42:47.438 I/dun_service(  129): received event(DUN_EVENT_RMNET_DOWN) in state(DUN_STATE_USB_UNPLUG)
02-02 10:42:47.438 I/dun_service(  129): Ignoring the event DUN_EVENT_RMNET_DOWN in USB_UNPLUG_STATE
02-02 10:42:47.438 I/dun_service(  129): Moved to state(DUN_STATE_USB_UNPLUG)
02-02 10:42:47.438 D/NetworkStateTracker(  283): setDetailed state, old =SCANNING and new state=IDLE
02-02 10:42:47.448 D/WifiStateTracker(  283): setNotificationVisible() visible=false mNotificationShown=false force=false return.
02-02 10:42:47.538 W/SprintID.Util(  608): Network not available -- waiting...
02-02 10:42:47.788 E/MediaPlayerService(  121):  create StagefrightPlayer
02-02 10:42:48.529 E/        (  121): OmaSource(int fd, int64_t offset, int64_t length) failed
02-02 10:42:48.539 W/SprintID.Util(  608): Network not available -- waiting...
