02-02 11:41:48.856 I/DEBUG   (  118): debuggerd: Feb  2 2012 01:48:18
02-02 11:41:49.066 E/rmt_storage(  149): rmt_storage force sync
02-02 11:41:49.066 E/rmt_storage(  149): [MyTag]open: fd=11
02-02 11:41:49.186 I/DEBUG   (  118): debuggerd committing suicide to free the zombie!
02-02 11:41:49.216 D/loc_api_app(  128): loc_api_app_msg Using INI file: /etc/loc_parameter.ini
02-02 11:41:49.236 D/loc_api_app(  128): loc_api_app_msg PARAM use_logcat = 1
02-02 11:41:49.236 D/loc_api_app(  128): loc_api_app_msg PARAM event_mask = 65535
02-02 11:41:49.236 D/loc_api_app(  128): loc_api_app_msg PARAM nmea_sentence_mask = 31
02-02 11:41:49.236 D/loc_api_app(  128): loc_api_app_msg PARAM engine_lock = 0
02-02 11:41:49.236 D/loc_api_app(  128): loc_api_app_msg PARAM operation_mode = 4
02-02 11:41:49.236 D/loc_api_app(  128): loc_api_app_msg PARAM fix_session_type = 0
02-02 11:41:49.236 D/loc_api_app(  128): loc_api_app_msg PARAM time_between_fixes = 60
02-02 11:41:49.236 D/loc_api_app(  128): loc_api_app_msg PARAM accuracy_threshold = 255
02-02 11:41:49.236 D/loc_api_app(  128): loc_api_app_msg PARAM fix_timeout = 60
02-02 11:41:49.236 D/loc_api_app(  128): loc_api_app_msg PARAM enable_auto_download = 1
02-02 11:41:49.236 D/loc_api_app(  128): loc_api_app_msg PARAM auto_download_period = 1
02-02 11:41:49.236 D/loc_api_app(  128): loc_api_app_msg PARAM xtra_server_addr = 216.187.118.37
02-02 11:41:49.236 D/loc_api_app(  128): loc_api_app_msg PARAM data_request_reply = 0
02-02 11:41:49.236 D/loc_api_app(  128): loc_api_app_msg PARAM umts_profile_number = 0
02-02 11:41:49.236 D/loc_api_app(  128): loc_api_app_msg PARAM apn_name = 
02-02 11:41:49.236 I/dun_service(  129): The value returned from dun_getusbmodemstate_fromsys is 1 
02-02 11:41:49.236 I/dun_service(  129): modem is not present in configuration
02-02 11:41:49.236 I/dun_service(  129): Post event 1
02-02 11:41:49.236 I/dun_service(  129): received event: DUN_EVENT_USB_UNPLUG 
02-02 11:41:49.236 I/dun_service(  129): received event(DUN_EVENT_USB_UNPLUG) in state(DUN_STATE_USB_UNPLUG)
02-02 11:41:49.236 I/dun_service(  129): Ignoring the event DUN_EVENT_USB_UNPLUG in USB_UNPLUG_STATE
02-02 11:41:49.236 I/dun_service(  129): Moved to state(DUN_STATE_USB_UNPLUG)
02-02 11:41:49.236 I/dun_service(  129): Post event 3
02-02 11:41:49.236 I/dun_service(  129): received event: DUN_EVENT_RMNET_DOWN 
02-02 11:41:49.236 I/dun_service(  129): received event(DUN_EVENT_RMNET_DOWN) in state(DUN_STATE_USB_UNPLUG)
02-02 11:41:49.236 I/dun_service(  129): Ignoring the event DUN_EVENT_RMNET_DOWN in USB_UNPLUG_STATE
02-02 11:41:49.236 I/dun_service(  129): Moved to state(DUN_STATE_USB_UNPLUG)
02-02 11:41:49.236 I/dun_service(  129): The value returned from dun_getusbmodemstate_fromsys is 1 
02-02 11:41:49.236 I/dun_service(  129): Post event 1
02-02 11:41:49.236 I/dun_service(  129): received event: DUN_EVENT_USB_UNPLUG 
02-02 11:41:49.236 I/dun_service(  129): received event(DUN_EVENT_USB_UNPLUG) in state(DUN_STATE_USB_UNPLUG)
02-02 11:41:49.236 I/dun_service(  129): Ignoring the event DUN_EVENT_USB_UNPLUG in USB_UNPLUG_STATE
02-02 11:41:49.236 I/dun_service(  129): Moved to state(DUN_STATE_USB_UNPLUG)
02-02 11:41:49.236 I/dun_service(  129): The value returned from dun_getusbmodemstate_fromsys is 1 
02-02 11:41:49.236 I/dun_service(  129): Post event 1
02-02 11:41:49.236 I/dun_service(  129): received event: DUN_EVENT_USB_UNPLUG 
02-02 11:41:49.236 I/dun_service(  129): received event(DUN_EVENT_USB_UNPLUG) in state(DUN_STATE_USB_UNPLUG)
02-02 11:41:49.236 I/dun_service(  129): Ignoring the event DUN_EVENT_USB_UNPLUG in USB_UNPLUG_STATE
02-02 11:41:49.236 I/dun_service(  129): Moved to state(DUN_STATE_USB_UNPLUG)
02-02 11:41:49.236 I/dun_service(  129): The value returned from dun_getusbmodemstate_fromsys is 1 
02-02 11:41:49.236 I/dun_service(  129): Post event 1
02-02 11:41:49.236 I/dun_service(  129): received event: DUN_EVENT_USB_UNPLUG 
02-02 11:41:49.236 I/dun_service(  129): received event(DUN_EVENT_USB_UNPLUG) in state(DUN_STATE_USB_UNPLUG)
02-02 11:41:49.236 I/dun_service(  129): Ignoring the event DUN_EVENT_USB_UNPLUG in USB_UNPLUG_STATE
02-02 11:41:49.236 I/dun_service(  129): Moved to state(DUN_STATE_USB_UNPLUG)
02-02 11:41:49.256 I/dun_service(  129): The value returned from dun_getusbmodemstate_fromsys is 1 
02-02 11:41:49.256 I/dun_service(  129): Post event 1
02-02 11:41:49.256 I/dun_service(  129): received event: DUN_EVENT_USB_UNPLUG 
02-02 11:41:49.256 I/dun_service(  129): received event(DUN_EVENT_USB_UNPLUG) in state(DUN_STATE_USB_UNPLUG)
02-02 11:41:49.256 I/dun_service(  129): Ignoring the event DUN_EVENT_USB_UNPLUG in USB_UNPLUG_STATE
02-02 11:41:49.256 I/dun_service(  129): Moved to state(DUN_STATE_USB_UNPLUG)
02-02 11:41:49.266 I/dun_service(  129): The value returned from dun_getusbmodemstate_fromsys is 1 
02-02 11:41:49.266 I/dun_service(  129): Post event 1
02-02 11:41:49.266 I/dun_service(  129): received event: DUN_EVENT_USB_UNPLUG 
02-02 11:41:49.266 I/dun_service(  129): received event(DUN_EVENT_USB_UNPLUG) in state(DUN_STATE_USB_UNPLUG)
02-02 11:41:49.266 I/dun_service(  129): Ignoring the event DUN_EVENT_USB_UNPLUG in USB_UNPLUG_STATE
02-02 11:41:49.266 I/dun_service(  129): Moved to state(DUN_STATE_USB_UNPLUG)
02-02 11:41:49.266 I/dun_service(  129): The value returned from dun_getusbmodemstate_fromsys is 1 
02-02 11:41:49.266 I/dun_service(  129): Post event 1
02-02 11:41:49.266 I/dun_service(  129): received event: DUN_EVENT_USB_UNPLUG 
02-02 11:41:49.266 I/dun_service(  129): received event(DUN_EVENT_USB_UNPLUG) in state(DUN_STATE_USB_UNPLUG)
02-02 11:41:49.266 I/dun_service(  129): Ignoring the event DUN_EVENT_USB_UNPLUG in USB_UNPLUG_STATE
02-02 11:41:49.266 I/dun_service(  129): Moved to state(DUN_STATE_USB_UNPLUG)
02-02 11:41:49.266 I/dun_service(  129): The value returned from dun_getusbmodemstate_fromsys is 1 
02-02 11:41:49.266 I/dun_service(  129): Post event 1
02-02 11:41:49.266 I/dun_service(  129): received event: DUN_EVENT_USB_UNPLUG 
02-02 11:41:49.266 I/dun_service(  129): received event(DUN_EVENT_USB_UNPLUG) in state(DUN_STATE_USB_UNPLUG)
02-02 11:41:49.266 I/dun_service(  129): Ignoring the event DUN_EVENT_USB_UNPLUG in USB_UNPLUG_STATE
02-02 11:41:49.266 I/dun_service(  129): Moved to state(DUN_STATE_USB_UNPLUG)
02-02 11:41:49.266 I/dun_service(  129): The value returned from dun_getusbmodemstate_fromsys is 1 
02-02 11:41:49.266 I/dun_service(  129): Post event 1
02-02 11:41:49.266 I/dun_service(  129): received event: DUN_EVENT_USB_UNPLUG 
02-02 11:41:49.266 I/dun_service(  129): received event(DUN_EVENT_USB_UNPLUG) in state(DUN_STATE_USB_UNPLUG)
02-02 11:41:49.266 I/dun_service(  129): Ignoring the event DUN_EVENT_USB_UNPLUG in USB_UNPLUG_STATE
02-02 11:41:49.266 I/dun_service(  129): Moved to state(DUN_STATE_USB_UNPLUG)
02-02 11:41:49.286 E/        (  134): 
02-02 11:41:49.286 E/        (  134): 		=========================
02-02 11:41:49.286 E/        (  134): 
02-02 11:41:49.286 E/        (  134): 		Starting SPRINT Test App
02-02 11:41:49.286 E/        (  134): 
02-02 11:41:49.286 E/        (  134): 		=========================
02-02 11:41:49.286 E/        (  134): 
02-02 11:41:49.286 E/        (  134):  Calling LSM init 
02-02 11:41:49.286 E/        (  134): SPRINT Test App: Diag_LSM_Init succeeded. 
02-02 11:41:49.286 E/        (  134): zhaobin: sprintdiag_qmi_vs_client_init entered 
02-02 11:41:49.286 E/        (  134): Trying qmi_init() for (0-referenced) try # 0 
02-02 11:41:49.286 E/        (  134): sprintdiag_qmi_init_vs_client_handles entered
02-02 11:41:49.286 E/        (  134): cby, conn_id = 0, client_id = 1, service_id = 228
02-02 11:41:49.286 I/dun_service(  129): The value returned from dun_getusbmodemstate_fromsys is 1 
02-02 11:41:49.286 I/dun_service(  129): Post event 1
02-02 11:41:49.286 I/dun_service(  129): received event: DUN_EVENT_USB_UNPLUG 
02-02 11:41:49.286 I/dun_service(  129): received event(DUN_EVENT_USB_UNPLUG) in state(DUN_STATE_USB_UNPLUG)
02-02 11:41:49.286 I/dun_service(  129): Ignoring the event DUN_EVENT_USB_UNPLUG in USB_UNPLUG_STATE
02-02 11:41:49.286 I/dun_service(  129): Moved to state(DUN_STATE_USB_UNPLUG)
02-02 11:41:49.286 E/        (  134): sprintdiag_qmi_init_vs_client_handles completed with 0
02-02 11:41:49.286 E/        (  134): zhaobin: sprintdiag_qmi_vs_client_init completed with 0
02-02 11:41:49.296 I/dun_service(  129): The value returned from dun_getusbmodemstate_fromsys is 1 
02-02 11:41:49.296 I/dun_service(  129): Post event 1
02-02 11:41:49.296 I/dun_service(  129): received event: DUN_EVENT_USB_UNPLUG 
02-02 11:41:49.296 I/dun_service(  129): received event(DUN_EVENT_USB_UNPLUG) in state(DUN_STATE_USB_UNPLUG)
02-02 11:41:49.296 I/dun_service(  129): Ignoring the event DUN_EVENT_USB_UNPLUG in USB_UNPLUG_STATE
02-02 11:41:49.296 I/dun_service(  129): Moved to state(DUN_STATE_USB_UNPLUG)
02-02 11:41:49.296 I/dun_service(  129): The value returned from dun_getusbmodemstate_fromsys is 1 
02-02 11:41:49.296 I/dun_service(  129): Post event 1
02-02 11:41:49.296 I/dun_service(  129): received event: DUN_EVENT_USB_UNPLUG 
02-02 11:41:49.296 I/dun_service(  129): received event(DUN_EVENT_USB_UNPLUG) in state(DUN_STATE_USB_UNPLUG)
02-02 11:41:49.296 I/dun_service(  129): Ignoring the event DUN_EVENT_USB_UNPLUG in USB_UNPLUG_STATE
02-02 11:41:49.296 I/dun_service(  129): Moved to state(DUN_STATE_USB_UNPLUG)
02-02 11:41:49.306 I/dun_service(  129): The value returned from dun_getusbmodemstate_fromsys is 1 
02-02 11:41:49.306 I/dun_service(  129): Post event 1
02-02 11:41:49.306 I/dun_service(  129): received event: DUN_EVENT_USB_UNPLUG 
02-02 11:41:49.306 I/dun_service(  129): received event(DUN_EVENT_USB_UNPLUG) in state(DUN_STATE_USB_UNPLUG)
02-02 11:41:49.306 I/dun_service(  129): Ignoring the event DUN_EVENT_USB_UNPLUG in USB_UNPLUG_STATE
02-02 11:41:49.306 I/dun_service(  129): Moved to state(DUN_STATE_USB_UNPLUG)
02-02 11:41:49.336 I/dun_service(  129): The value returned from dun_getusbmodemstate_fromsys is 1 
02-02 11:41:49.336 I/dun_service(  129): Post event 1
02-02 11:41:49.336 I/dun_service(  129): received event: DUN_EVENT_USB_UNPLUG 
02-02 11:41:49.336 I/dun_service(  129): received event(DUN_EVENT_USB_UNPLUG) in state(DUN_STATE_USB_UNPLUG)
02-02 11:41:49.336 I/dun_service(  129): Ignoring the event DUN_EVENT_USB_UNPLUG in USB_UNPLUG_STATE
02-02 11:41:49.336 I/dun_service(  129): Moved to state(DUN_STATE_USB_UNPLUG)
02-02 11:41:49.346 I/dun_service(  129): The value returned from dun_getusbmodemstate_fromsys is 1 
02-02 11:41:49.346 I/dun_service(  129): Post event 1
02-02 11:41:49.346 I/dun_service(  129): received event: DUN_EVENT_USB_UNPLUG 
02-02 11:41:49.346 I/dun_service(  129): received event(DUN_EVENT_USB_UNPLUG) in state(DUN_STATE_USB_UNPLUG)
02-02 11:41:49.346 I/dun_service(  129): Ignoring the event DUN_EVENT_USB_UNPLUG in USB_UNPLUG_STATE
02-02 11:41:49.346 I/dun_service(  129): Moved to state(DUN_STATE_USB_UNPLUG)
02-02 11:41:49.386 I/dun_service(  129): The value returned from dun_getusbmodemstate_fromsys is 1 
02-02 11:41:49.386 I/dun_service(  129): Post event 1
02-02 11:41:49.386 I/dun_service(  129): received event: DUN_EVENT_USB_UNPLUG 
02-02 11:41:49.386 I/dun_service(  129): received event(DUN_EVENT_USB_UNPLUG) in state(DUN_STATE_USB_UNPLUG)
02-02 11:41:49.386 I/dun_service(  129): Ignoring the event DUN_EVENT_USB_UNPLUG in USB_UNPLUG_STATE
02-02 11:41:49.386 I/dun_service(  129): Moved to state(DUN_STATE_USB_UNPLUG)
02-02 11:41:49.416 I/dun_service(  129): The value returned from dun_getusbmodemstate_fromsys is 1 
02-02 11:41:49.416 I/dun_service(  129): Post event 1
02-02 11:41:49.416 I/dun_service(  129): received event: DUN_EVENT_USB_UNPLUG 
02-02 11:41:49.416 I/dun_service(  129): received event(DUN_EVENT_USB_UNPLUG) in state(DUN_STATE_USB_UNPLUG)
02-02 11:41:49.416 I/dun_service(  129): Ignoring the event DUN_EVENT_USB_UNPLUG in USB_UNPLUG_STATE
02-02 11:41:49.416 I/dun_service(  129): Moved to state(DUN_STATE_USB_UNPLUG)
02-02 11:41:49.426 I/dun_service(  129): The value returned from dun_getusbmodemstate_fromsys is 1 
02-02 11:41:49.426 I/dun_service(  129): Post event 1
02-02 11:41:49.426 I/dun_service(  129): received event: DUN_EVENT_USB_UNPLUG 
02-02 11:41:49.426 I/dun_service(  129): received event(DUN_EVENT_USB_UNPLUG) in state(DUN_STATE_USB_UNPLUG)
02-02 11:41:49.426 I/dun_service(  129): Ignoring the event DUN_EVENT_USB_UNPLUG in USB_UNPLUG_STATE
02-02 11:41:49.426 I/dun_service(  129): Moved to state(DUN_STATE_USB_UNPLUG)
02-02 11:41:49.436 I/dun_service(  129): The value returned from dun_getusbmodemstate_fromsys is 1 
02-02 11:41:49.436 I/dun_service(  129): Post event 1
02-02 11:41:49.436 I/dun_service(  129): received event: DUN_EVENT_USB_UNPLUG 
02-02 11:41:49.436 I/dun_service(  129): received event(DUN_EVENT_USB_UNPLUG) in state(DUN_STATE_USB_UNPLUG)
02-02 11:41:49.436 I/dun_service(  129): Ignoring the event DUN_EVENT_USB_UNPLUG in USB_UNPLUG_STATE
02-02 11:41:49.436 I/dun_service(  129): Moved to state(DUN_STATE_USB_UNPLUG)
02-02 11:41:49.457 I/dun_service(  129): The value returned from dun_getusbmodemstate_fromsys is 1 
02-02 11:41:49.507 I/dun_service(  129): Post event 1
02-02 11:41:49.507 I/dun_service(  129): received event: DUN_EVENT_USB_UNPLUG 
02-02 11:41:49.507 I/dun_service(  129): received event(DUN_EVENT_USB_UNPLUG) in state(DUN_STATE_USB_UNPLUG)
02-02 11:41:49.507 I/dun_service(  129): Ignoring the event DUN_EVENT_USB_UNPLUG in USB_UNPLUG_STATE
02-02 11:41:49.507 I/dun_service(  129): Moved to state(DUN_STATE_USB_UNPLUG)
02-02 11:41:49.527 I/dun_service(  129): The value returned from dun_getusbmodemstate_fromsys is 1 
02-02 11:41:49.527 I/dun_service(  129): Post event 1
02-02 11:41:49.527 I/dun_service(  129): The value returned from dun_getusbmodemstate_fromsys is 1 
02-02 11:41:49.527 I/dun_service(  129): Post event 1
02-02 11:41:49.527 I/dun_service(  129): The value returned from dun_getusbmodemstate_fromsys is 1 
02-02 11:41:49.527 I/dun_service(  129): Post event 1
02-02 11:41:49.527 I/dun_service(  129): The value returned from dun_getusbmodemstate_fromsys is 1 
02-02 11:41:49.527 I/dun_service(  129): Post event 1
02-02 11:41:49.527 I/dun_service(  129): The value returned from dun_getusbmodemstate_fromsys is 1 
02-02 11:41:49.527 I/dun_service(  129): Post event 1
02-02 11:41:49.527 I/dun_service(  129): The value returned from dun_getusbmodemstate_fromsys is 1 
02-02 11:41:49.527 I/dun_service(  129): Post event 1
02-02 11:41:49.527 I/dun_service(  129): The value returned from dun_getusbmodemstate_fromsys is 1 
02-02 11:41:49.527 I/dun_service(  129): Post event 1
02-02 11:41:49.527 I/dun_service(  129): The value returned from dun_getusbmodemstate_fromsys is 1 
02-02 11:41:49.527 I/dun_service(  129): Post event 1
02-02 11:41:49.527 I/dun_service(  129): The value returned from dun_getusbmodemstate_fromsys is 1 
02-02 11:41:49.527 I/dun_service(  129): Post event 1
02-02 11:41:49.527 I/dun_service(  129): The value returned from dun_getusbmodemstate_fromsys is 1 
02-02 11:41:49.527 I/dun_service(  129): Post event 1
02-02 11:41:49.527 I/dun_service(  129): The value returned from dun_getusbmodemstate_fromsys is 1 
02-02 11:41:49.527 I/dun_service(  129): Post event 1
02-02 11:41:49.527 I/dun_service(  129): The value returned from dun_getusbmodemstate_fromsys is 1 
02-02 11:41:49.527 I/dun_service(  129): Post event 1
02-02 11:41:49.527 I/dun_service(  129): The value returned from dun_getusbmodemstate_fromsys is 1 
02-02 11:41:49.527 I/dun_service(  129): Post event 1
02-02 11:41:49.527 I/dun_service(  129): The value returned from dun_getusbmodemstate_fromsys is 1 
02-02 11:41:49.527 I/dun_service(  129): Post event 1
02-02 11:41:49.527 I/dun_service(  129): The value returned from dun_getusbmodemstate_fromsys is 1 
02-02 11:41:49.527 I/dun_service(  129): Post event 1
02-02 11:41:49.527 I/dun_service(  129): The value returned from dun_getusbmodemstate_fromsys is 1 
02-02 11:41:49.527 I/dun_service(  129): Post event 1
02-02 11:41:49.527 I/dun_service(  129): received event: DUN_EVENT_USB_UNPLUG 
02-02 11:41:49.527 I/dun_service(  129): received event(DUN_EVENT_USB_UNPLUG) in state(DUN_STATE_USB_UNPLUG)
02-02 11:41:49.527 I/dun_service(  129): Ignoring the event DUN_EVENT_USB_UNPLUG in USB_UNPLUG_STATE
02-02 11:41:49.527 I/dun_service(  129): Moved to state(DUN_STATE_USB_UNPLUG)
02-02 11:41:49.527 I/dun_service(  129): received event: DUN_EVENT_USB_UNPLUG 
02-02 11:41:49.527 I/dun_service(  129): received event(DUN_EVENT_USB_UNPLUG) in state(DUN_STATE_USB_UNPLUG)
02-02 11:41:49.527 I/dun_service(  129): Ignoring the event DUN_EVENT_USB_UNPLUG in USB_UNPLUG_STATE
02-02 11:41:49.527 I/dun_service(  129): Moved to state(DUN_STATE_USB_UNPLUG)
02-02 11:41:49.527 I/dun_service(  129): received event: DUN_EVENT_USB_UNPLUG 
02-02 11:41:49.527 I/dun_service(  129): received event(DUN_EVENT_USB_UNPLUG) in state(DUN_STATE_USB_UNPLUG)
02-02 11:41:49.527 I/dun_service(  129): Ignoring the event DUN_EVENT_USB_UNPLUG in USB_UNPLUG_STATE
02-02 11:41:49.527 I/dun_service(  129): Moved to state(DUN_STATE_USB_UNPLUG)
02-02 11:41:49.527 I/dun_service(  129): received event: DUN_EVENT_USB_UNPLUG 
02-02 11:41:49.527 I/dun_service(  129): received event(DUN_EVENT_USB_UNPLUG) in state(DUN_STATE_USB_UNPLUG)
02-02 11:41:49.527 I/dun_service(  129): Ignoring the event DUN_EVENT_USB_UNPLUG in USB_UNPLUG_STATE
02-02 11:41:49.527 I/dun_service(  129): Moved to state(DUN_STATE_USB_UNPLUG)
02-02 11:41:49.527 I/dun_service(  129): received event: DUN_EVENT_USB_UNPLUG 
02-02 11:41:49.527 I/dun_service(  129): received event(DUN_EVENT_USB_UNPLUG) in state(DUN_STATE_USB_UNPLUG)
02-02 11:41:49.527 I/dun_service(  129): Ignoring the event DUN_EVENT_USB_UNPLUG in USB_UNPLUG_STATE
02-02 11:41:49.527 I/dun_service(  129): Moved to state(DUN_STATE_USB_UNPLUG)
02-02 11:41:49.527 I/dun_service(  129): received event: DUN_EVENT_USB_UNPLUG 
02-02 11:41:49.527 I/dun_service(  129): received event(DUN_EVENT_USB_UNPLUG) in state(DUN_STATE_USB_UNPLUG)
02-02 11:41:49.527 I/dun_service(  129): Ignoring the event DUN_EVENT_USB_UNPLUG in USB_UNPLUG_STATE
02-02 11:41:49.527 I/dun_service(  129): Moved to state(DUN_STATE_USB_UNPLUG)
02-02 11:41:49.527 I/dun_service(  129): received event: DUN_EVENT_USB_UNPLUG 
02-02 11:41:49.527 I/dun_service(  129): received event(DUN_EVENT_USB_UNPLUG) in state(DUN_STATE_USB_UNPLUG)
02-02 11:41:49.527 I/dun_service(  129): Ignoring the event DUN_EVENT_USB_UNPLUG in USB_UNPLUG_STATE
02-02 11:41:49.527 I/dun_service(  129): Moved to state(DUN_STATE_USB_UNPLUG)
02-02 11:41:49.527 I/dun_service(  129): received event: DUN_EVENT_USB_UNPLUG 
02-02 11:41:49.527 I/dun_service(  129): received event(DUN_EVENT_USB_UNPLUG) in state(DUN_STATE_USB_UNPLUG)
02-02 11:41:49.527 I/dun_service(  129): Ignoring the event DUN_EVENT_USB_UNPLUG in USB_UNPLUG_STATE
02-02 11:41:49.527 I/dun_service(  129): Moved to state(DUN_STATE_USB_UNPLUG)
02-02 11:41:49.527 I/dun_service(  129): received event: DUN_EVENT_USB_UNPLUG 
02-02 11:41:49.527 I/dun_service(  129): received event(DUN_EVENT_USB_UNPLUG) in state(DUN_STATE_USB_UNPLUG)
02-02 11:41:49.527 I/dun_service(  129): Ignoring the event DUN_EVENT_USB_UNPLUG in USB_UNPLUG_STATE
02-02 11:41:49.527 I/dun_service(  129): Moved to state(DUN_STATE_USB_UNPLUG)
02-02 11:41:49.527 I/dun_service(  129): received event: DUN_EVENT_USB_UNPLUG 
02-02 11:41:49.527 I/dun_service(  129): received event(DUN_EVENT_USB_UNPLUG) in state(DUN_STATE_USB_UNPLUG)
02-02 11:41:49.527 I/dun_service(  129): Ignoring the event DUN_EVENT_USB_UNPLUG in USB_UNPLUG_STATE
02-02 11:41:49.527 I/dun_service(  129): Moved to state(DUN_STATE_USB_UNPLUG)
02-02 11:41:49.527 I/dun_service(  129): received event: DUN_EVENT_USB_UNPLUG 
02-02 11:41:49.527 I/dun_service(  129): received event(DUN_EVENT_USB_UNPLUG) in state(DUN_STATE_USB_UNPLUG)
02-02 11:41:49.527 I/dun_service(  129): Ignoring the event DUN_EVENT_USB_UNPLUG in USB_UNPLUG_STATE
02-02 11:41:49.527 I/dun_service(  129): Moved to state(DUN_STATE_USB_UNPLUG)
02-02 11:41:49.527 I/dun_service(  129): received event: DUN_EVENT_USB_UNPLUG 
02-02 11:41:49.527 I/dun_service(  129): received event(DUN_EVENT_USB_UNPLUG) in state(DUN_STATE_USB_UNPLUG)
02-02 11:41:49.527 I/dun_service(  129): Ignoring the event DUN_EVENT_USB_UNPLUG in USB_UNPLUG_STATE
02-02 11:41:49.527 I/dun_service(  129): Moved to state(DUN_STATE_USB_UNPLUG)
02-02 11:41:49.527 I/dun_service(  129): received event: DUN_EVENT_USB_UNPLUG 
02-02 11:41:49.527 I/dun_service(  129): received event(DUN_EVENT_USB_UNPLUG) in state(DUN_STATE_USB_UNPLUG)
02-02 11:41:49.527 I/dun_service(  129): Ignoring the event DUN_EVENT_USB_UNPLUG in USB_UNPLUG_STATE
02-02 11:41:49.527 I/dun_service(  129): Moved to state(DUN_STATE_USB_UNPLUG)
02-02 11:41:49.527 I/dun_service(  129): received event: DUN_EVENT_USB_UNPLUG 
02-02 11:41:49.527 I/dun_service(  129): received event(DUN_EVENT_USB_UNPLUG) in state(DUN_STATE_USB_UNPLUG)
02-02 11:41:49.527 I/dun_service(  129): Ignoring the event DUN_EVENT_USB_UNPLUG in USB_UNPLUG_STATE
02-02 11:41:49.527 I/dun_service(  129): Moved to state(DUN_STATE_USB_UNPLUG)
02-02 11:41:49.527 I/dun_service(  129): received event: DUN_EVENT_USB_UNPLUG 
02-02 11:41:49.527 I/dun_service(  129): received event(DUN_EVENT_USB_UNPLUG) in state(DUN_STATE_USB_UNPLUG)
02-02 11:41:49.527 I/dun_service(  129): Ignoring the event DUN_EVENT_USB_UNPLUG in USB_UNPLUG_STATE
02-02 11:41:49.527 I/dun_service(  129): Moved to state(DUN_STATE_USB_UNPLUG)
02-02 11:41:49.527 I/dun_service(  129): received event: DUN_EVENT_USB_UNPLUG 
02-02 11:41:49.527 I/dun_service(  129): received event(DUN_EVENT_USB_UNPLUG) in state(DUN_STATE_USB_UNPLUG)
02-02 11:41:49.527 I/dun_service(  129): Ignoring the event DUN_EVENT_USB_UNPLUG in USB_UNPLUG_STATE
02-02 11:41:49.527 I/dun_service(  129): Moved to state(DUN_STATE_USB_UNPLUG)
02-02 11:41:49.527 I/dun_service(  129): The value returned from dun_getusbmodemstate_fromsys is 1 
02-02 11:41:49.527 I/dun_service(  129): Post event 1
02-02 11:41:49.527 I/dun_service(  129): received event: DUN_EVENT_USB_UNPLUG 
02-02 11:41:49.527 I/dun_service(  129): received event(DUN_EVENT_USB_UNPLUG) in state(DUN_STATE_USB_UNPLUG)
02-02 11:41:49.527 I/dun_service(  129): Ignoring the event DUN_EVENT_USB_UNPLUG in USB_UNPLUG_STATE
02-02 11:41:49.527 I/dun_service(  129): Moved to state(DUN_STATE_USB_UNPLUG)
02-02 11:41:49.527 I/dun_service(  129): The value returned from dun_getusbmodemstate_fromsys is 1 
02-02 11:41:49.527 I/dun_service(  129): Post event 1
02-02 11:41:49.527 I/dun_service(  129): received event: DUN_EVENT_USB_UNPLUG 
02-02 11:41:49.527 I/dun_service(  129): received event(DUN_EVENT_USB_UNPLUG) in state(DUN_STATE_USB_UNPLUG)
02-02 11:41:49.527 I/dun_service(  129): Ignoring the event DUN_EVENT_USB_UNPLUG in USB_UNPLUG_STATE
02-02 11:41:49.527 I/dun_service(  129): Moved to state(DUN_STATE_USB_UNPLUG)
02-02 11:41:49.637 E/        (  119): cby, conn_id = 0, client_id = 1, service_id = 9
02-02 11:41:49.657 E/        (  119): cby, conn_id = 0, client_id = 1, service_id = 2
02-02 11:41:49.677 E/        (  119): cby, conn_id = 0, client_id = 1, service_id = 3
02-02 11:41:49.677 E/        (  119): cby, conn_id = 0, client_id = 1, service_id = 12
02-02 11:41:49.697 E/        (  119): cby, conn_id = 0, client_id = 1, service_id = 5
02-02 11:41:49.737 I/DMM     (  210): DMM Disabled. movable_start_bytes not set: 0 
02-02 11:41:49.867 I/DMM     (  214): Self-Refresh-Only Disabled. low_power_memory_start_bytes not set:0 
02-02 11:41:49.937 E/        (  119): cby, conn_id = 1, client_id = 1, service_id = 11
02-02 11:41:49.937 E/rmt_storage(  149): block rmt_storage client thread
02-02 11:41:49.957 E/        (  119): cby, conn_id = 1, client_id = 1, service_id = 10
02-02 11:41:49.957 E/        (  119): cby, conn_id = 0, client_id = 1, service_id = 1
02-02 11:41:49.957 E/        (  119): cby, conn_id = 1, client_id = 1, service_id = 1
02-02 11:41:49.957 E/        (  119): cby, conn_id = 2, client_id = 1, service_id = 1
02-02 11:41:49.957 E/        (  119): cby, conn_id = 3, client_id = 1, service_id = 1
02-02 11:41:49.957 E/        (  119): cby, conn_id = 4, client_id = 1, service_id = 1
02-02 11:41:49.967 E/        (  119): cby, conn_id = 1, client_id = 2, service_id = 1
02-02 11:41:49.997 E/        (  119): cby, conn_id = 1, client_id = 3, service_id = 1
02-02 11:41:50.798 D/AudioHardwareMSM7X30(  121): msm_mixer_open: Opening the device
02-02 11:41:50.798 D/AudioHardwareMSM7X30(  121): msm_mixer_count:mixer_cnt =40
02-02 11:41:50.798 E/AudioHardwareMSM7X30(  121): index = 0
02-02 11:41:50.798 E/AudioHardwareMSM7X30(  121): Found device: handset_rx:index = 0,dev_id: 0
02-02 11:41:50.798 E/AudioHardwareMSM7X30(  121): class ID = 0,capablity = 5 for device 0
02-02 11:41:50.798 E/AudioHardwareMSM7X30(  121): index = 1
02-02 11:41:50.798 E/AudioHardwareMSM7X30(  121): Found device: handset_tx:index = 1,dev_id: 1
02-02 11:41:50.798 E/AudioHardwareMSM7X30(  121): class ID = 0,capablity = 6 for device 1
02-02 11:41:50.798 E/AudioHardwareMSM7X30(  121): index = 19
02-02 11:41:50.798 E/AudioHardwareMSM7X30(  121): Found device: hac_rx:index = 19,dev_id: 2
02-02 11:41:50.798 E/AudioHardwareMSM7X30(  121): class ID = 0,capablity = 5 for device 2
02-02 11:41:50.798 E/AudioHardwareMSM7X30(  121): index = 2
02-02 11:41:50.798 E/AudioHardwareMSM7X30(  121): Found device: speaker_stereo_rx:index = 2,dev_id: 3
02-02 11:41:50.798 E/AudioHardwareMSM7X30(  121): class ID = 0,capablity = 5 for device 3
02-02 11:41:50.798 E/AudioHardwareMSM7X30(  121): index = 5
02-02 11:41:50.798 E/AudioHardwareMSM7X30(  121): Found device: headset_mono_tx:index = 5,dev_id: 4
02-02 11:41:50.798 E/AudioHardwareMSM7X30(  121): class ID = 0,capablity = 6 for device 4
02-02 11:41:50.798 E/AudioHardwareMSM7X30(  121): index = 16
02-02 11:41:50.798 E/AudioHardwareMSM7X30(  121): Found device: fmradio_stereo_rx:index = 16,dev_id: 6
02-02 11:41:50.798 E/AudioHardwareMSM7X30(  121): class ID = 3,capablity = 1 for device 6
02-02 11:41:50.798 E/AudioHardwareMSM7X30(  121): index = 14
02-02 11:41:50.798 E/AudioHardwareMSM7X30(  121): Found device: fmradio_stereo_tx:index = 14,dev_id: 7
02-02 11:41:50.798 E/AudioHardwareMSM7X30(  121): class ID = 2,capablity = 2 for device 7
02-02 11:41:50.798 E/AudioHardwareMSM7X30(  121): index = 17
02-02 11:41:50.798 E/AudioHardwareMSM7X30(  121): Found device: bt_sco_rx:index = 17,dev_id: 8
02-02 11:41:50.798 E/AudioHardwareMSM7X30(  121): class ID = 1,capablity = 5 for device 8
02-02 11:41:50.798 E/AudioHardwareMSM7X30(  121): index = 18
02-02 11:41:50.798 E/AudioHardwareMSM7X30(  121): Found device: bt_sco_tx:index = 18,dev_id: 9
02-02 11:41:50.798 E/AudioHardwareMSM7X30(  121): class ID = 1,capablity = 6 for device 9
02-02 11:41:50.798 E/AudioHardwareMSM7X30(  121): index = 3
02-02 11:41:50.798 E/AudioHardwareMSM7X30(  121): Found device: speaker_mono_tx:index = 3,dev_id: 10
02-02 11:41:50.798 E/AudioHardwareMSM7X30(  121): class ID = 0,capablity = 6 for device 10
02-02 11:41:50.798 E/AudioHardwareMSM7X30(  121): index = 4
02-02 11:41:50.798 E/AudioHardwareMSM7X30(  121): Found device: headset_stereo_rx:index = 4,dev_id: 11
02-02 11:41:50.798 E/AudioHardwareMSM7X30(  121): class ID = 0,capablity = 5 for device 11
02-02 11:41:50.798 E/AudioHardwareMSM7X30(  121): index = 9
02-02 11:41:50.798 E/AudioHardwareMSM7X30(  121): Found device: handset_dual_mic_endfire_tx:index = 9,dev_id: 12
02-02 11:41:50.798 E/AudioHardwareMSM7X30(  121): class ID = 0,capablity = 6 for device 12
02-02 11:41:50.798 E/AudioHardwareMSM7X30(  121): index = 10
02-02 11:41:50.798 E/AudioHardwareMSM7X30(  121): Found device: speaker_dual_mic_endfire_tx:index = 10,dev_id: 13
02-02 11:41:50.798 E/AudioHardwareMSM7X30(  121): class ID = 0,capablity = 6 for device 13
02-02 11:41:50.798 E/AudioHardwareMSM7X30(  121): index = 12
02-02 11:41:50.798 E/AudioHardwareMSM7X30(  121): Found device: tty_headset_mono_tx:index = 12,dev_id: 14
02-02 11:41:50.798 E/AudioHardwareMSM7X30(  121): class ID = 0,capablity = 38 for device 14
02-02 11:41:50.798 E/AudioHardwareMSM7X30(  121): index = 11
02-02 11:41:50.798 E/AudioHardwareMSM7X30(  121): Found device: tty_headset_mono_rx:index = 11,dev_id: 15
02-02 11:41:50.798 E/AudioHardwareMSM7X30(  121): class ID = 0,capablity = 37 for device 15
02-02 11:41:50.798 E/AudioHardwareMSM7X30(  121): index = 13
02-02 11:41:50.798 E/AudioHardwareMSM7X30(  121): Found device: headset_stereo_speaker_stereo_rx:index = 13,dev_id: 20
02-02 11:41:50.798 E/AudioHardwareMSM7X30(  121): class ID = 0,capablity = 5 for device 20
02-02 11:41:50.798 E/AudioHardwareMSM7X30(  121): index = 15
02-02 11:41:50.798 E/AudioHardwareMSM7X30(  121): Found device: hdmi_stereo_rx:index = 15,dev_id: 23
02-02 11:41:50.798 E/AudioHardwareMSM7X30(  121): class ID = 3,capablity = 1 for device 23
02-02 11:41:50.798 E/AudioHardwareMSM7X30(  121): index = 7
02-02 11:41:50.798 E/AudioHardwareMSM7X30(  121): Found device: fmradio_headset_rx:index = 7,dev_id: 24
02-02 11:41:50.798 E/AudioHardwareMSM7X30(  121): class ID = 0,capablity = 1 for device 24
02-02 11:41:50.798 E/AudioHardwareMSM7X30(  121): index = 8
02-02 11:41:50.798 E/AudioHardwareMSM7X30(  121): Found device: fmradio_speaker_rx:index = 8,dev_id: 25
02-02 11:41:50.798 E/AudioHardwareMSM7X30(  121): class ID = 0,capablity = 1 for device 25
02-02 11:41:50.798 E/AudioHardwareMSM7X30(  121): index = 20
02-02 11:41:50.798 E/AudioHardwareMSM7X30(  121): Found device: auxmic_tx:index = 20,dev_id: 26
02-02 11:41:50.798 E/AudioHardwareMSM7X30(  121): class ID = 0,capablity = 6 for device 26
02-02 11:41:50.798 E/        (  121): libaudcal: acph_init() - Allocated memory for acph_main_buffer!!
02-02 11:41:50.798 E/        (  121): actp_diag_init: call diag init function with 80101479
02-02 11:41:50.798 D/AudioFlinger(  121): setMode(0)
02-02 11:41:50.798 I/QualcommCameraHardware(  121): getCameraInfo: IN
02-02 11:41:50.828 I/QualcommCameraHardware(  121): getCameraInfo: loading libqcamera at 0xb000e660
02-02 11:41:50.828 I/QualcommCameraHardware(  121): getCameraInfo: numOfCameras = 1
02-02 11:41:50.828 I/QualcommCameraHardware(  121): Camera sensor 0 info:
02-02 11:41:50.828 I/QualcommCameraHardware(  121): camera_id: 0
02-02 11:41:50.828 I/QualcommCameraHardware(  121): modes_supported: 5
02-02 11:41:50.828 I/QualcommCameraHardware(  121): position: 0
02-02 11:41:50.828 I/QualcommCameraHardware(  121): sensor_mount_angle: 0
02-02 11:41:50.828 I/QualcommCameraHardware(  121): getCameraInfo: OUT
02-02 11:41:50.848 E/AudioHardwareMSM7X30(  121): AudioStreamOutMSM72xx::setParameters() routing=2
02-02 11:41:50.848 E/AudioHardwareMSM7X30(  121): set output routing 2
02-02 11:41:50.848 E/AudioHardwareMSM7X30(  121): doAudioRouteOrMute() device 1, mMode 0, mMicMute 1
02-02 11:41:50.848 E/AudioHardwareMSM7X30(  121): do_route_audio_rpc(1, 1, 1)
02-02 11:41:50.848 D/AudioHardwareMSM7X30(  121): new_rx_device = 2, DEV_ID(new_rx_device)=3
02-02 11:41:50.848 D/AudioHardwareMSM7X30(  121): new_tx_device = 3, DEV_ID(new_tx_device)=10
02-02 11:41:50.848 D/AudioHardwareMSM7X30(  121): updateDeviceInfo: E rx_device 2 and tx_device 3
02-02 11:41:50.848 D/AudioHardwareMSM7X30(  121): No active voicecall/playback, disabling cur_rx 65535
02-02 11:41:50.848 D/AudioHardwareMSM7X30(  121): No active voicecall/recording, disabling cur_tx 65535
02-02 11:41:50.848 E/AudioHardwareMSM7X30(  121): There is no node in the routing table!
02-02 11:41:50.848 D/AudioHardwareMSM7X30(  121): updateDeviceInfo: X cur_rx 2 cur_tx 3
02-02 11:41:50.848 D/AudioHardwareMSM7X30(  121): AudioStreamOutMSM72xx::standby()
02-02 11:41:50.848 D/AudioHardwareMSM7X30(  121): setVoiceVolume(1.000000)
02-02 11:41:50.848 E/AudioHardwareMSM7X30(  121): msm_set_voice_rx_vol(100) failed errno = 1
02-02 11:41:51.058 E/rmt_storage(  149): [MyTag]open: fd=-1
02-02 11:41:51.058 E/rmt_storage(  149): block rmt_storage client thread
02-02 11:41:53.891 I/DEBUG   (  249): debuggerd: Feb  2 2012 01:48:18
02-02 11:41:54.561 E/        (  131): cby, conn_id = 0, client_id = 2, service_id = 1
02-02 11:41:54.561 E/        (  131): cby, conn_id = 1, client_id = 4, service_id = 1
02-02 11:41:54.571 E/        (  131): cby, conn_id = 2, client_id = 2, service_id = 1
02-02 11:41:54.571 E/        (  131): cby, conn_id = 3, client_id = 2, service_id = 1
02-02 11:41:54.582 E/        (  131): cby, conn_id = 4, client_id = 2, service_id = 1
02-02 11:41:58.435 I/dun_service(  129): The value returned from dun_getusbmodemstate_fromsys is 1 
02-02 11:41:58.435 I/dun_service(  129): Post event 1
02-02 11:41:58.435 I/dun_service(  129): received event: DUN_EVENT_USB_UNPLUG 
02-02 11:41:58.435 I/dun_service(  129): received event(DUN_EVENT_USB_UNPLUG) in state(DUN_STATE_USB_UNPLUG)
02-02 11:41:58.435 I/dun_service(  129): Ignoring the event DUN_EVENT_USB_UNPLUG in USB_UNPLUG_STATE
02-02 11:41:58.435 I/dun_service(  129): Moved to state(DUN_STATE_USB_UNPLUG)
02-02 11:42:05.342 I/SamplingProfilerIntegration(  120): Profiler is disabled.
02-02 11:42:05.352 I/Zygote  (  120): Preloading classes...
02-02 11:42:05.352 E/Zygote  (  120): setreuid() failed. errno: 2
02-02 11:42:05.622 W/MediaProfiles(  120): could not find media config xml file
02-02 11:42:06.423 W/Zygote  (  120): Class not found for preloading: android.widget.TextView$SelectionModifierCursorController$1
02-02 11:42:08.445 I/Zygote  (  120): ...preloaded 1829 classes in 3108ms.
02-02 11:42:08.445 E/Zygote  (  120): setreuid() failed. errno: 17
02-02 11:42:08.485 I/Zygote  (  120): Preloading resources...
02-02 11:42:08.515 W/Zygote  (  120): Preloaded drawable resource #0x1080093 (res/drawable-mdpi/sym_def_app_icon.png) that varies with configuration!!
02-02 11:42:08.525 W/Zygote  (  120): Preloaded drawable resource #0x1080002 (res/drawable-mdpi/arrow_down_float.png) that varies with configuration!!
02-02 11:42:08.555 W/Zygote  (  120): Preloaded drawable resource #0x10800b6 (res/drawable/btn_check.xml) that varies with configuration!!
02-02 11:42:08.555 W/Zygote  (  120): Preloaded drawable resource #0x10800b9 (res/drawable-mdpi/btn_check_label_background.9.png) that varies with configuration!!
02-02 11:42:08.555 W/Zygote  (  120): Preloaded drawable resource #0x10800ba (res/drawable-mdpi/btn_check_off.png) that varies with configuration!!
02-02 11:42:08.555 W/Zygote  (  120): Preloaded drawable resource #0x10800bf (res/drawable-mdpi/btn_check_on.png) that varies with configuration!!
02-02 11:42:08.565 W/Zygote  (  120): Preloaded drawable resource #0x1080004 (res/drawable/btn_default.xml) that varies with configuration!!
02-02 11:42:08.575 W/Zygote  (  120): Preloaded drawable resource #0x1080005 (res/drawable/btn_default_small.xml) that varies with configuration!!
02-02 11:42:08.595 W/Zygote  (  120): Preloaded drawable resource #0x1080006 (res/drawable/btn_dropdown.xml) that varies with configuration!!
02-02 11:42:08.605 W/Zygote  (  120): Preloaded drawable resource #0x1080008 (res/drawable/btn_plus.xml) that varies with configuration!!
02-02 11:42:08.615 W/Zygote  (  120): Preloaded drawable resource #0x1080007 (res/drawable/btn_minus.xml) that varies with configuration!!
02-02 11:42:08.625 W/Zygote  (  120): Preloaded drawable resource #0x1080009 (res/drawable/btn_radio.xml) that varies with configuration!!
02-02 11:42:08.645 W/Zygote  (  120): Preloaded drawable resource #0x108000a (res/drawable/btn_star.xml) that varies with configuration!!
02-02 11:42:08.655 W/Zygote  (  120): Preloaded drawable resource #0x1080134 (res/drawable/btn_toggle.xml) that varies with configuration!!
02-02 11:42:08.655 W/Zygote  (  120): Preloaded drawable resource #0x1080198 (res/drawable-mdpi/ic_emergency.png) that varies with configuration!!
02-02 11:42:08.655 W/Zygote  (  120): Preloaded drawable resource #0x1080012 (res/drawable-mdpi/divider_horizontal_bright.9.png) that varies with configuration!!
02-02 11:42:08.655 W/Zygote  (  120): Preloaded drawable resource #0x1080014 (res/drawable-mdpi/divider_horizontal_dark.9.png) that varies with configuration!!
02-02 11:42:08.665 W/Zygote  (  120): Preloaded drawable resource #0x1080016 (res/drawable/edit_text.xml) that varies with configuration!!
02-02 11:42:08.675 W/Zygote  (  120): Preloaded drawable resource #0x1080172 (res/drawable/expander_group.xml) that varies with configuration!!
02-02 11:42:08.695 W/Zygote  (  120): Preloaded drawable resource #0x1080062 (res/drawable/list_selector_background.xml) that varies with configuration!!
02-02 11:42:08.695 W/Zygote  (  120): Preloaded drawable resource #0x1080231 (res/drawable-mdpi/menu_background.9.png) that varies with configuration!!
02-02 11:42:08.695 W/Zygote  (  120): Preloaded drawable resource #0x1080232 (res/drawable-mdpi/menu_background_fill_parent_width.9.png) that varies with configuration!!
02-02 11:42:08.715 W/Zygote  (  120): Preloaded drawable resource #0x1080233 (res/drawable/menu_selector.xml) that varies with configuration!!
02-02 11:42:08.735 W/Zygote  (  120): Preloaded drawable resource #0x1080241 (res/drawable-mdpi/panel_background.9.png) that varies with configuration!!
02-02 11:42:08.755 W/Zygote  (  120): Preloaded drawable resource #0x1080249 (res/drawable-mdpi/popup_bottom_bright.9.png) that varies with configuration!!
02-02 11:42:08.755 W/Zygote  (  120): Preloaded drawable resource #0x108024a (res/drawable-mdpi/popup_bottom_dark.9.png) that varies with configuration!!
02-02 11:42:08.755 W/Zygote  (  120): Preloaded drawable resource #0x108024b (res/drawable-mdpi/popup_bottom_medium.9.png) that varies with configuration!!
02-02 11:42:08.755 W/Zygote  (  120): Preloaded drawable resource #0x108024c (res/drawable-mdpi/popup_center_bright.9.png) that varies with configuration!!
02-02 11:42:08.755 W/Zygote  (  120): Preloaded drawable resource #0x108024d (res/drawable-mdpi/popup_center_dark.9.png) that varies with configuration!!
02-02 11:42:08.755 W/Zygote  (  120): Preloaded drawable resource #0x1080250 (res/drawable-mdpi/popup_full_dark.9.png) that varies with configuration!!
02-02 11:42:08.755 W/Zygote  (  120): Preloaded drawable resource #0x1080253 (res/drawable-mdpi/popup_top_bright.9.png) that varies with configuration!!
02-02 11:42:08.765 W/Zygote  (  120): Preloaded drawable resource #0x1080254 (res/drawable-mdpi/popup_top_dark.9.png) that varies with configuration!!
02-02 11:42:08.775 W/Zygote  (  120): Preloaded drawable resource #0x108006d (res/drawable/progress_indeterminate_horizontal.xml) that varies with configuration!!
02-02 11:42:08.775 W/Zygote  (  120): Preloaded drawable resource #0x108025a (res/drawable/progress_small.xml) that varies with configuration!!
02-02 11:42:08.775 W/Zygote  (  120): Preloaded drawable resource #0x108025b (res/drawable/progress_small_titlebar.xml) that varies with configuration!!
02-02 11:42:08.775 W/Zygote  (  120): Preloaded drawable resource #0x108027b (res/drawable-mdpi/scrollbar_handle_horizontal.9.png) that varies with configuration!!
02-02 11:42:08.775 W/Zygote  (  120): Preloaded drawable resource #0x108027c (res/drawable-mdpi/scrollbar_handle_vertical.9.png) that varies with configuration!!
02-02 11:42:08.785 W/Zygote  (  120): Preloaded drawable resource #0x1080071 (res/drawable/spinner_dropdown_background.xml) that varies with configuration!!
02-02 11:42:08.785 W/Zygote  (  120): Preloaded drawable resource #0x108031d (res/drawable-mdpi/text_select_handle_left.png) that varies with configuration!!
02-02 11:42:08.785 W/Zygote  (  120): Preloaded drawable resource #0x108031e (res/drawable-mdpi/text_select_handle_middle.png) that varies with configuration!!
02-02 11:42:08.785 W/Zygote  (  120): Preloaded drawable resource #0x108031f (res/drawable-mdpi/text_select_handle_right.png) that varies with configuration!!
02-02 11:42:08.795 W/Zygote  (  120): Preloaded drawable resource #0x1080340 (res/drawable-mdpi/title_bar_shadow.9.png) that varies with configuration!!
02-02 11:42:08.795 W/Zygote  (  120): Preloaded drawable resource #0x10801df (res/drawable-mdpi/indicator_code_lock_drag_direction_green_up.png) that varies with configuration!!
02-02 11:42:08.795 W/Zygote  (  120): Preloaded drawable resource #0x10801e0 (res/drawable-mdpi/indicator_code_lock_drag_direction_red_up.png) that varies with configuration!!
02-02 11:42:08.815 W/Zygote  (  120): Preloaded drawable resource #0x10801e1 (res/drawable-mdpi/indicator_code_lock_point_area_default.png) that varies with configuration!!
02-02 11:42:08.815 W/Zygote  (  120): Preloaded drawable resource #0x10801e2 (res/drawable-mdpi/indicator_code_lock_point_area_green.png) that varies with configuration!!
02-02 11:42:08.825 W/Zygote  (  120): Preloaded drawable resource #0x10801e3 (res/drawable-mdpi/indicator_code_lock_point_area_red.png) that varies with configuration!!
02-02 11:42:08.825 I/Zygote  (  120): ...preloaded 51 resources in 328ms.
02-02 11:42:08.825 I/Zygote  (  120): ...preloaded 15 resources in 9ms.
02-02 11:42:08.895 I/Zygote  (  120): Accepting command socket connections
02-02 11:42:09.116 I/dun_service(  129): The value returned from dun_getusbmodemstate_fromsys is 1 
02-02 11:42:09.116 I/dun_service(  129): Post event 1
02-02 11:42:09.116 I/dun_service(  129): received event: DUN_EVENT_USB_UNPLUG 
02-02 11:42:09.116 I/dun_service(  129): received event(DUN_EVENT_USB_UNPLUG) in state(DUN_STATE_USB_UNPLUG)
02-02 11:42:09.116 I/dun_service(  129): Ignoring the event DUN_EVENT_USB_UNPLUG in USB_UNPLUG_STATE
02-02 11:42:09.116 I/dun_service(  129): Moved to state(DUN_STATE_USB_UNPLUG)
02-02 11:42:09.126 I/dun_service(  129): The value returned from dun_getusbmodemstate_fromsys is 1 
02-02 11:42:09.126 I/dun_service(  129): Post event 1
02-02 11:42:09.126 I/dun_service(  129): received event: DUN_EVENT_USB_UNPLUG 
02-02 11:42:09.126 I/dun_service(  129): received event(DUN_EVENT_USB_UNPLUG) in state(DUN_STATE_USB_UNPLUG)
02-02 11:42:09.126 I/dun_service(  129): Ignoring the event DUN_EVENT_USB_UNPLUG in USB_UNPLUG_STATE
02-02 11:42:09.126 I/dun_service(  129): Moved to state(DUN_STATE_USB_UNPLUG)
02-02 11:42:09.126 I/dun_service(  129): The value returned from dun_getusbmodemstate_fromsys is 1 
02-02 11:42:09.126 I/dun_service(  129): Post event 1
02-02 11:42:09.126 I/dun_service(  129): received event: DUN_EVENT_USB_UNPLUG 
02-02 11:42:09.126 I/dun_service(  129): received event(DUN_EVENT_USB_UNPLUG) in state(DUN_STATE_USB_UNPLUG)
02-02 11:42:09.126 I/dun_service(  129): Ignoring the event DUN_EVENT_USB_UNPLUG in USB_UNPLUG_STATE
02-02 11:42:09.126 I/dun_service(  129): Moved to state(DUN_STATE_USB_UNPLUG)
02-02 11:42:09.126 I/dun_service(  129): The value returned from dun_getusbmodemstate_fromsys is 1 
02-02 11:42:09.126 I/dun_service(  129): Post event 1
02-02 11:42:09.126 I/dun_service(  129): received event: DUN_EVENT_USB_UNPLUG 
02-02 11:42:09.126 I/dun_service(  129): received event(DUN_EVENT_USB_UNPLUG) in state(DUN_STATE_USB_UNPLUG)
02-02 11:42:09.126 I/dun_service(  129): Ignoring the event DUN_EVENT_USB_UNPLUG in USB_UNPLUG_STATE
02-02 11:42:09.126 I/dun_service(  129): Moved to state(DUN_STATE_USB_UNPLUG)
02-02 11:42:09.156 E/OverlayLIB(  283): cannot open framebuffer(1)
02-02 11:42:09.156 E/SurfaceFlinger(  283): overlay::initOverlay() ERROR!!
02-02 11:42:09.186 E/libEGL  (  283): eglSetSwapRectangleANDROID:1848 error 3008 (EGL_BAD_DISPLAY)
02-02 11:42:09.186 E/Sensors (  283): [HAL]set aflag = 1 ,mEnabled = 1
02-02 11:42:09.186 E/Sensors (  283): [HAL]set mvflag = 1 ,mEnabled = 3
02-02 11:42:09.186 E/Sensors (  283): [HAL]set mflag = 1 ,mEnabled = 7
02-02 11:42:09.186 E/Sensors (  283): [HAL]ready to call enable(Accelerometer,0),AAAAAAAA
02-02 11:42:09.186 E/Sensors (  283): [HAL]ECS_IOCTL_APP_SET_AFLAG 	success,flags = 0
02-02 11:42:09.186 E/Sensors (  283): [HAL]After {mEnabled &= ~(1<<what)},mEnabled = 6
02-02 11:42:09.186 E/Sensors (  283): [HAL]After {(newState)<<what)},mEnabled = 6
02-02 11:42:09.186 E/Sensors (  283): [HAL]ready to call enable(MagneticField,0),MMMMMMMM
02-02 11:42:09.186 E/Sensors (  283): [HAL]ECS_IOCTL_APP_SET_MVFLAG success,flags = 0
02-02 11:42:09.186 E/Sensors (  283): [HAL]After {mEnabled &= ~(1<<what)},mEnabled = 4
02-02 11:42:09.186 E/Sensors (  283): [HAL]After {(newState)<<what)},mEnabled = 4
02-02 11:42:09.186 E/Sensors (  283): [HAL]ready to call enable(Orientation,0),OOOOOOOO
02-02 11:42:09.186 E/Sensors (  283): [HAL]ECS_IOCTL_APP_SET_MFLAG 	success,flags = 0
02-02 11:42:09.186 E/Sensors (  283): [HAL]After {mEnabled &= ~(1<<what)},mEnabled = 0
02-02 11:42:09.186 E/Sensors (  283): [HAL]After {(newState)<<what)},mEnabled = 0
02-02 11:42:09.186 E/Sensors (  283): [HAL]Closed /dev/akm8962_aot in enable(Orientation,0),mEnable = 0
02-02 11:42:09.336 E/AudioFlinger(  121): processConfigEvents() remaining events 1
02-02 11:42:09.336 D/MediaPlayer(  298): setDataSource(/system/media/audio/ui/Bootsound.mp3)
02-02 11:42:09.336 D/MediaPlayerService(  121): Create new client(1) from pid 298, url=/system/media/audio/ui/Bootsound.mp3, connId=1, audioSessionId=2
02-02 11:42:09.336 E/MediaPlayerService(  121): setDataSource(/system/media/audio/ui/Bootsound.mp3)
02-02 11:42:09.356 E/MediaPlayer(  298): Unable to to create media player
02-02 11:42:09.356 E/BootAnimation(  298): Failed to load Androidbootsound sounds.
02-02 11:42:09.416 E/SurfaceFlinger(  283): eglSwapBuffers: EGL error 0x3008 (EGL_BAD_DISPLAY)
02-02 11:42:09.446 W/zipro   (  298): Unable to open zip '/data/local/bootanimation.zip': No such file or directory
02-02 11:42:11.398 I/PackageManager(  283): /system/framework/framework-res.apk changed; collecting certs
02-02 11:42:12.739 W/PackageParser(  283): <manifest> has more than one <application>
02-02 11:42:12.749 I/PackageManager(  283): /system/app/vdmc.apk changed; collecting certs
02-02 11:42:12.769 I/PackageManager(  283): /system/app/stopwatch.apk changed; collecting certs
02-02 11:42:12.869 W/PackageParser(  283): Unknown element under <manifest>: assign-permission at /system/app/alarming.apk Binary XML file line #14
02-02 11:42:12.879 I/PackageManager(  283): /system/app/alarming.apk changed; collecting certs
02-02 11:42:12.939 I/PackageManager(  283): /system/app/Zone-Sprint.apk changed; collecting certs
02-02 11:42:13.130 I/PackageManager(  283): /system/app/YouTube.apk changed; collecting certs
02-02 11:42:13.350 I/PackageManager(  283): /system/app/VpnServices.apk changed; collecting certs
02-02 11:42:13.460 I/PackageManager(  283): /system/app/VoiceSearch.apk changed; collecting certs
02-02 11:42:13.700 I/PackageManager(  283): /system/app/VoiceDialer.apk changed; collecting certs
02-02 11:42:13.730 I/PackageManager(  283): /system/app/VisualizationWallpapers.apk changed; collecting certs
02-02 11:42:13.770 I/PackageManager(  283): /system/app/UserDictionaryProvider.apk changed; collecting certs
02-02 11:42:13.810 I/PackageManager(  283): New shared user android.uid.shared: id=10007
02-02 11:42:13.820 I/PackageManager(  283): /system/app/TtsService.apk changed; collecting certs
02-02 11:42:13.840 I/PackageManager(  283): /system/app/Term.apk changed; collecting certs
02-02 11:42:13.870 I/PackageManager(  283): /system/app/TelephonyProvider.apk changed; collecting certs
02-02 11:42:13.920 I/PackageManager(  283): /system/app/TaskManager.apk changed; collecting certs
02-02 11:42:13.970 I/PackageManager(  283): /system/app/TamperDetectSample.apk changed; collecting certs
02-02 11:42:14.030 I/PackageManager(  283): /system/app/Talk.apk changed; collecting certs
02-02 11:42:14.231 I/PackageManager(  283): /system/app/SystemUI.apk changed; collecting certs
02-02 11:42:14.451 I/PackageManager(  283): /system/app/Swype.apk changed; collecting certs
02-02 11:42:14.621 I/PackageManager(  283): /system/app/Street.apk changed; collecting certs
02-02 11:42:14.651 I/PackageManager(  283): /system/app/Sprint_Installer_2102.apk changed; collecting certs
02-02 11:42:14.691 I/PackageManager(  283): /system/app/SprintPermissions.apk changed; collecting certs
02-02 11:42:14.761 I/PackageManager(  283): /system/app/SprintID.apk changed; collecting certs
02-02 11:42:14.921 I/PackageManager(  283): /system/app/SoundRecorder.apk changed; collecting certs
02-02 11:42:15.001 I/PackageManager(  283): /system/app/SmartDeviceManager_3_0_1D2011_11_12t08_08.apk changed; collecting certs
02-02 11:42:15.102 I/PackageManager(  283): /system/app/SetupWizard.apk changed; collecting certs
02-02 11:42:15.172 I/PackageManager(  283): /system/app/SettingsProvider.apk changed; collecting certs
02-02 11:42:15.452 I/PackageManager(  283): /system/app/Settings.apk changed; collecting certs
02-02 11:42:15.792 I/PackageManager(  283): /system/app/Sdlog.apk changed; collecting certs
02-02 11:42:15.812 I/PackageManager(  283): /system/app/QualcommSettings.apk changed; collecting certs
02-02 11:42:15.862 I/PackageManager(  283): /system/app/Protips.apk changed; collecting certs
02-02 11:42:15.912 I/PackageManager(  283): /system/app/PrivInit.apk changed; collecting certs
02-02 11:42:15.932 I/PackageManager(  283): /system/app/PrefAct.apk changed; collecting certs
02-02 11:42:16.072 I/PackageManager(  283): /system/app/PlusOne.apk changed; collecting certs
02-02 11:42:16.633 I/PackageManager(  283): /system/app/PicoTts.apk changed; collecting certs
02-02 11:42:16.753 I/PackageManager(  283): /system/app/Phonesky.apk changed; collecting certs
02-02 11:42:17.294 I/PackageManager(  283): /system/app/Phone.apk changed; collecting certs
02-02 11:42:17.574 I/PackageManager(  283): /system/app/PermissionToAccessLocApi.apk changed; collecting certs
02-02 11:42:17.604 I/PackageManager(  283): /system/app/PackageInstaller.apk changed; collecting certs
02-02 11:42:17.624 I/PackageManager(  283): /system/app/OmaDrmProvider.apk changed; collecting certs
02-02 11:42:17.664 I/PackageManager(  283): New shared user android.media: id=10026
