02-02 11:42:17.684 I/PackageManager(  283): /system/app/OmaDownloadProvider.apk changed; collecting certs
02-02 11:42:17.784 I/PackageManager(  283): /system/app/NotesPad.apk changed; collecting certs
02-02 11:42:17.864 I/PackageManager(  283): /system/app/NetworkLocation.apk changed; collecting certs
02-02 11:42:17.884 I/PackageManager(  283): New shared user com.google.uid.shared: id=10029
02-02 11:42:17.984 I/PackageManager(  283): /system/app/Music2.apk changed; collecting certs
02-02 11:42:19.125 I/PackageManager(  283): /system/app/Music.apk changed; collecting certs
02-02 11:42:19.276 I/PackageManager(  283): /system/app/MultiplePdpTest.apk changed; collecting certs
02-02 11:42:19.366 I/PackageManager(  283): /system/app/Mms.apk changed; collecting certs
02-02 11:42:19.586 I/PackageManager(  283): /system/app/MediaUploader.apk changed; collecting certs
02-02 11:42:19.646 I/PackageManager(  283): /system/app/MediaProvider.apk changed; collecting certs
02-02 11:42:19.706 I/PackageManager(  283): /system/app/MarketUpdater.apk changed; collecting certs
02-02 11:42:19.926 I/PackageManager(  283): /system/app/Maps.apk changed; collecting certs
02-02 11:42:21.818 I/PackageManager(  283): New shared user com.google.android.apps.maps: id=10036
02-02 11:42:21.828 I/PackageManager(  283): /system/app/MagicSmokeWallpapers.apk changed; collecting certs
02-02 11:42:21.858 I/PackageManager(  283): /system/app/LiveWallpapersPicker.apk changed; collecting certs
02-02 11:42:21.878 I/PackageManager(  283): /system/app/LiveWallpapers.apk changed; collecting certs
02-02 11:42:21.918 I/PackageManager(  283): /system/app/Launcher2.apk changed; collecting certs
02-02 11:42:22.118 I/PackageManager(  283): /system/app/LatinIME.apk changed; collecting certs
02-02 11:42:22.248 I/PackageManager(  283): /system/app/HiddenMenu.apk changed; collecting certs
02-02 11:42:22.289 I/PackageManager(  283): /system/app/HTMLViewer.apk changed; collecting certs
02-02 11:42:22.499 I/PackageManager(  283): /system/app/GoogleServicesFramework.apk changed; collecting certs
02-02 11:42:22.589 I/PackageManager(  283): /system/app/GoogleQuickSearchBox.apk changed; collecting certs
02-02 11:42:22.749 I/PackageManager(  283): /system/app/GooglePartnerSetup.apk changed; collecting certs
02-02 11:42:22.769 I/PackageManager(  283): /system/app/GoogleFeedback.apk changed; collecting certs
02-02 11:42:22.819 I/PackageManager(  283): /system/app/GoogleContactsSyncAdapter.apk changed; collecting certs
02-02 11:42:22.879 I/PackageManager(  283): /system/app/GoogleCalendarSyncAdapter.apk changed; collecting certs
02-02 11:42:22.899 I/PackageManager(  283): /system/app/GoogleBackupTransport.apk changed; collecting certs
02-02 11:42:22.999 I/PackageManager(  283): /system/app/Gmail.apk changed; collecting certs
02-02 11:42:23.330 I/PackageManager(  283): /system/app/GlobalTime.apk changed; collecting certs
02-02 11:42:23.380 I/PackageManager(  283): /system/app/GenieWidget.apk changed; collecting certs
02-02 11:42:23.540 W/PackageParser(  283): Unknown element under <manifest>: uses-library at /system/app/Gallery3D.apk Binary XML file line #46
02-02 11:42:23.540 I/PackageManager(  283): /system/app/Gallery3D.apk changed; collecting certs
02-02 11:42:23.700 I/PackageManager(  283): /system/app/Filer.apk changed; collecting certs
02-02 11:42:23.940 I/PackageManager(  283): /system/app/Emode.apk changed; collecting certs
02-02 11:42:24.120 I/PackageManager(  283): /system/app/Email.apk changed; collecting certs
02-02 11:42:24.391 I/PackageManager(  283): /system/app/DrmProvider.apk changed; collecting certs
02-02 11:42:24.451 I/PackageManager(  283): /system/app/DownloadProviderUi.apk changed; collecting certs
02-02 11:42:24.491 I/PackageManager(  283): /system/app/DownloadProvider.apk changed; collecting certs
02-02 11:42:24.591 I/PackageManager(  283): /system/app/DocumentsToGoViewers_PDF_Eval.apk changed; collecting certs
02-02 11:42:24.821 I/PackageManager(  283): New shared user com.dataviz.docstogoapp: id=10052
02-02 11:42:24.841 I/PackageManager(  283): /system/app/DefaultContainerService.apk changed; collecting certs
02-02 11:42:24.901 I/PackageManager(  283): /system/app/ContactsProvider.apk changed; collecting certs
02-02 11:42:24.971 I/PackageManager(  283): /system/app/Contacts.apk changed; collecting certs
02-02 11:42:25.382 I/PackageManager(  283): /system/app/CertInstaller.apk changed; collecting certs
02-02 11:42:25.462 I/PackageManager(  283): /system/app/Camera.apk changed; collecting certs
02-02 11:42:25.552 I/PackageManager(  283): /system/app/CalendarProvider.apk changed; collecting certs
02-02 11:42:25.562 I/PackageManager(  283): New shared user android.uid.calendar: id=10056
02-02 11:42:25.622 I/PackageManager(  283): /system/app/Calendar.apk changed; collecting certs
02-02 11:42:25.722 I/PackageManager(  283): /system/app/Calculator.apk changed; collecting certs
02-02 11:42:25.742 I/PackageManager(  283): /system/app/CABLService.apk changed; collecting certs
02-02 11:42:25.802 I/PackageManager(  283): /system/app/Browser.apk changed; collecting certs
02-02 11:42:25.952 I/PackageManager(  283): /system/app/BrcmBluetoothServices.apk changed; collecting certs
02-02 11:42:26.032 I/PackageManager(  283): /system/app/BooksPhone.apk changed; collecting certs
02-02 11:42:26.222 I/PackageManager(  283): New shared user com.google.android.apps.books.uid.shared: id=10060
02-02 11:42:26.262 W/PackageParser(  283): No actions in intent filter at /system/app/Bluetooth.apk Binary XML file line #244
02-02 11:42:26.262 I/PackageManager(  283): /system/app/Bluetooth.apk changed; collecting certs
02-02 11:42:26.322 I/PackageManager(  283): /system/app/ApplicationsProvider.apk changed; collecting certs
02-02 11:42:26.383 I/PackageManager(  283): /system/app/Activation4005.apk changed; collecting certs
02-02 11:42:26.423 I/PackageManager(  283): /system/app/AccountAndSyncSettings.apk changed; collecting certs
02-02 11:42:26.443 D/PackageManager(  283): No files in app dir /vendor/app
02-02 11:42:26.663 D/PackageManager(  283): There is first boot. And I can init default launcher homescreen!!
02-02 11:42:26.663 I/PackageManager(  283): activityInfo:ActivityInfo{40bd0ad0 com.android.launcher2.Launcher}
02-02 11:42:26.663 D/PackageManager(  283): There is less than one Homescreen in the phone!
02-02 11:42:26.853 I/SyncManager(  283): No initial accounts
02-02 11:42:26.853 I/SyncManager(  283): No initial status
02-02 11:42:26.853 I/SyncManager(  283): No initial pending operations
02-02 11:42:26.853 I/SyncManager(  283): No initial statistics
02-02 11:42:27.023 I/ActivityThread(  283): Pub settings: com.android.providers.settings.SettingsProvider
02-02 11:42:27.083 W/SettingsProvider(  283): Unable to add bookmark: com.android.im/com.android.im.app.LandingPage
02-02 11:42:27.083 W/SettingsProvider(  283): android.content.pm.PackageManager$NameNotFoundException: ComponentInfo{com.android.im/com.android.im.app.LandingPage}
02-02 11:42:27.083 W/SettingsProvider(  283): 	at android.app.ContextImpl$ApplicationPackageManager.getActivityInfo(ContextImpl.java:1844)
02-02 11:42:27.083 W/SettingsProvider(  283): 	at com.android.providers.settings.DatabaseHelper.loadBookmarks(DatabaseHelper.java:917)
02-02 11:42:27.083 W/SettingsProvider(  283): 	at com.android.providers.settings.DatabaseHelper.loadBookmarks(DatabaseHelper.java:955)
02-02 11:42:27.083 W/SettingsProvider(  283): 	at com.android.providers.settings.DatabaseHelper.onCreate(DatabaseHelper.java:165)
02-02 11:42:27.083 W/SettingsProvider(  283): 	at android.database.sqlite.SQLiteOpenHelper.getWritableDatabase(SQLiteOpenHelper.java:126)
02-02 11:42:27.083 W/SettingsProvider(  283): 	at android.database.sqlite.SQLiteOpenHelper.getReadableDatabase(SQLiteOpenHelper.java:187)
02-02 11:42:27.083 W/SettingsProvider(  283): 	at com.android.providers.settings.SettingsProvider.query(SettingsProvider.java:436)
02-02 11:42:27.083 W/SettingsProvider(  283): 	at com.android.providers.settings.SettingsProvider.ensureAndroidIdIsSet(SettingsProvider.java:355)
02-02 11:42:27.083 W/SettingsProvider(  283): 	at com.android.providers.settings.SettingsProvider.onCreate(SettingsProvider.java:291)
02-02 11:42:27.083 W/SettingsProvider(  283): 	at android.content.ContentProvider.attachInfo(ContentProvider.java:829)
02-02 11:42:27.083 W/SettingsProvider(  283): 	at android.app.ActivityThread.installProvider(ActivityThread.java:3575)
02-02 11:42:27.083 W/SettingsProvider(  283): 	at android.app.ActivityThread.installContentProviders(ActivityThread.java:3330)
02-02 11:42:27.083 W/SettingsProvider(  283): 	at android.app.ActivityThread.installSystemProviders(ActivityThread.java:3681)
02-02 11:42:27.083 W/SettingsProvider(  283): 	at com.android.server.am.ActivityManagerService.installSystemProviders(ActivityManagerService.java:5626)
02-02 11:42:27.083 W/SettingsProvider(  283): 	at com.android.server.ServerThread.run(SystemServer.java:186)
02-02 11:42:27.133 D/SettingsProvider(  283): loadSystemSettingsEx() 
02-02 11:42:27.133 D/SettingsProvider(  283): settingsConfParse() confFile.exists() !confType =system
02-02 11:42:27.133 D/SettingsProvider(  283): loadSecureSettingsEx() 
02-02 11:42:27.133 D/SettingsProvider(  283): settingsConfParse() confFile.exists() !confType =secure
02-02 11:42:27.163 D/SettingsProvider(  283): Generated and saved new ANDROID_ID [727855046ef60295]
02-02 11:42:27.193 D/SettingsProvider(  283): cache for settings table 'secure' rows=29; fullycached=true
02-02 11:42:27.243 D/SettingsProvider(  283): cache for settings table 'system' rows=116; fullycached=true
02-02 11:42:27.293 D/BrcmBtServiceLoader(  283): Initializing....
02-02 11:42:27.293 D/BrcmBtServiceLoader(  283): ********BT/Fm services configured to run as standalone process...
02-02 11:42:27.303 I/BluetoothProfileState(  283): Message:Entering Stable State
02-02 11:42:27.303 I/BluetoothProfileState(  283): Message:Entering Stable State
02-02 11:42:27.303 E/BluetoothService(  283): add eas pocicy change
02-02 11:42:27.313 W/DMM Service(  283): ro.dev.dmm.dpd.start_address = 0
02-02 11:42:27.313 W/DMM Service(  283): DynamicMemoryManager Service Disabled.
02-02 11:42:27.424 I/MobileDataStateTracker(  283): [hipri] instance created. netType=5, mApnType=hipri, mApnTypeToWatchFor=hipri
02-02 11:42:27.424 I/MobileDataStateTracker(  283): [hipri] initial state. v4=DISCONNECTED, v6=DISCONNECTED
02-02 11:42:27.424 W/MobileDataStateTracker(  283): Ignoring feature request because could not acquire PhoneService
02-02 11:42:27.424 W/MobileDataStateTracker(  283): Could not disable APN type "hipri"
02-02 11:42:27.424 I/MobileDataStateTracker(  283): [dun] instance created. netType=4, mApnType=dun, mApnTypeToWatchFor=dun
02-02 11:42:27.424 I/MobileDataStateTracker(  283): [dun] initial state. v4=DISCONNECTED, v6=DISCONNECTED
02-02 11:42:27.424 W/MobileDataStateTracker(  283): Ignoring feature request because could not acquire PhoneService
02-02 11:42:27.424 W/MobileDataStateTracker(  283): Could not disable APN type "dun"
02-02 11:42:27.424 I/MobileDataStateTracker(  283): [supl] instance created. netType=3, mApnType=supl, mApnTypeToWatchFor=supl
02-02 11:42:27.424 I/MobileDataStateTracker(  283): [supl] initial state. v4=DISCONNECTED, v6=DISCONNECTED
02-02 11:42:27.424 W/MobileDataStateTracker(  283): Ignoring feature request because could not acquire PhoneService
02-02 11:42:27.424 W/MobileDataStateTracker(  283): Could not disable APN type "supl"
02-02 11:42:27.434 I/MobileDataStateTracker(  283): [mms] instance created. netType=2, mApnType=mms, mApnTypeToWatchFor=mms
02-02 11:42:27.434 I/MobileDataStateTracker(  283): [mms] initial state. v4=DISCONNECTED, v6=DISCONNECTED
02-02 11:42:27.434 W/MobileDataStateTracker(  283): Ignoring feature request because could not acquire PhoneService
02-02 11:42:27.434 W/MobileDataStateTracker(  283): Could not disable APN type "mms"
02-02 11:42:27.464 I/MobileDataStateTracker(  283): [default] instance created. netType=0, mApnType=default, mApnTypeToWatchFor=default
02-02 11:42:27.464 I/MobileDataStateTracker(  283): [default] initial state. v4=DISCONNECTED, v6=DISCONNECTED
02-02 11:42:27.464 W/MobileDataStateTracker(  283): Ignoring feature request because could not acquire PhoneService
02-02 11:42:27.464 W/MobileDataStateTracker(  283): Could not disable APN type "default"
02-02 11:42:27.494 E/WifiHW  (  283): wifi_load_driver() +
02-02 11:42:27.524 I/PackageManager(  283): Updating external media status from unmounted to unmounted
02-02 11:42:27.544 D/AudioHardwareMSM7X30(  121): setVoiceVolume(0.800000)
02-02 11:42:27.544 E/AudioHardwareMSM7X30(  121): msm_set_voice_rx_vol(80) failed errno = 1
02-02 11:42:27.554 D/AudioFlinger(  121): setMode(0)
02-02 11:42:27.554 W/AudioPolicyManager(  121): setPhoneState() setting same state 0
02-02 11:42:27.554 E/AudioFlinger(  121): processConfigEvents() remaining events 1
02-02 11:42:27.564 W/UsbDeviceSettingsManager(  283): settings file not found
02-02 11:42:27.594 I/dun_service(  129): The value returned from dun_getusbmodemstate_fromsys is 1 
02-02 11:42:27.594 I/dun_service(  129): Post event 1
02-02 11:42:27.594 I/dun_service(  129): received event: DUN_EVENT_USB_UNPLUG 
02-02 11:42:27.594 I/dun_service(  129): received event(DUN_EVENT_USB_UNPLUG) in state(DUN_STATE_USB_UNPLUG)
02-02 11:42:27.594 I/dun_service(  129): Ignoring the event DUN_EVENT_USB_UNPLUG in USB_UNPLUG_STATE
02-02 11:42:27.594 I/dun_service(  129): Moved to state(DUN_STATE_USB_UNPLUG)
02-02 11:42:28.034 W/KeyCharacterMap(  283): No keyboard for id 0
02-02 11:42:28.034 W/KeyCharacterMap(  283): Using default keymap: /system/usr/keychars/qwerty.kcm.bin
02-02 11:42:28.044 D/AtCkpdCmdHandler(  283): De-queing command
02-02 11:42:28.044 W/dalvikvm(  283): No implementation found for native Lcom/broadcom/bt/service/framework/PowerManagementService;.classInitNative ()V
02-02 11:42:28.044 W/dalvikvm(  283): Exception Ljava/lang/UnsatisfiedLinkError; thrown while initializing Lcom/broadcom/bt/service/framework/PowerManagementService;
02-02 11:42:28.074 I/dun_service(  129): The value returned from dun_getusbmodemstate_fromsys is 1 
02-02 11:42:28.074 I/dun_service(  129): Post event 1
02-02 11:42:28.074 I/dun_service(  129): received event: DUN_EVENT_USB_UNPLUG 
02-02 11:42:28.074 I/dun_service(  129): received event(DUN_EVENT_USB_UNPLUG) in state(DUN_STATE_USB_UNPLUG)
02-02 11:42:28.074 I/dun_service(  129): Ignoring the event DUN_EVENT_USB_UNPLUG in USB_UNPLUG_STATE
02-02 11:42:28.074 I/dun_service(  129): Moved to state(DUN_STATE_USB_UNPLUG)
02-02 11:42:28.084 I/WindowManager(  283): SAFE MODE not enabled
02-02 11:42:28.084 D/KeyguardViewMediator(  283): onSystemReady
02-02 11:42:28.084 D/lisha   (  283): isLockedOrMissing ***state.isPinLocked()=false***requireSim = true***state=ABSENT
02-02 11:42:28.084 D/lisha   (  283): ***lockedOrMissing=true***provisioned=false
02-02 11:42:28.084 D/KeyguardViewMediator(  283): doKeyguard: showing the lock screen
02-02 11:42:28.084 D/KeyguardViewMediator(  283): showLocked
02-02 11:42:28.084 D/KeyguardViewMediator(  283): handleShow
02-02 11:42:28.094 D/PowerManagerService(  283): setPowerState: mPowerState=0x0 newState=0x3 noChangeLights=false reason=3
02-02 11:42:28.104 I/Zygote  (  283): Process: zygote socket opened
02-02 11:42:28.104 D/KeyguardUpdateMonitor(  283): received broadcast android.intent.action.BATTERY_CHANGED
02-02 11:42:28.124 D/KeyguardViewMediator(  283): setHidden false
02-02 11:42:28.124 D/KeyguardUpdateMonitor(  283): received broadcast android.media.RINGER_MODE_CHANGED
02-02 11:42:28.144 I/LockPatternKeyguardView(  283): updateLockscreenBackground
02-02 11:42:28.144 I/LockPatternKeyguardView(  283): setBackgroundDrawable
02-02 11:42:28.164 I/dun_service(  129): The value returned from dun_getusbmodemstate_fromsys is 1 
02-02 11:42:28.164 I/dun_service(  129): Post event 1
02-02 11:42:28.164 I/dun_service(  129): received event: DUN_EVENT_USB_UNPLUG 
02-02 11:42:28.164 I/dun_service(  129): received event(DUN_EVENT_USB_UNPLUG) in state(DUN_STATE_USB_UNPLUG)
02-02 11:42:28.164 I/dun_service(  129): Ignoring the event DUN_EVENT_USB_UNPLUG in USB_UNPLUG_STATE
02-02 11:42:28.164 I/dun_service(  129): Moved to state(DUN_STATE_USB_UNPLUG)
02-02 11:42:28.174 I/dun_service(  129): The value returned from dun_getusbmodemstate_fromsys is 1 
02-02 11:42:28.174 I/dun_service(  129): Post event 1
02-02 11:42:28.174 I/dun_service(  129): received event: DUN_EVENT_USB_UNPLUG 
02-02 11:42:28.174 I/dun_service(  129): received event(DUN_EVENT_USB_UNPLUG) in state(DUN_STATE_USB_UNPLUG)
02-02 11:42:28.174 I/dun_service(  129): Ignoring the event DUN_EVENT_USB_UNPLUG in USB_UNPLUG_STATE
02-02 11:42:28.174 I/dun_service(  129): Moved to state(DUN_STATE_USB_UNPLUG)
02-02 11:42:28.174 I/dun_service(  129): The value returned from dun_getusbmodemstate_fromsys is 1 
02-02 11:42:28.174 I/dun_service(  129): Post event 1
02-02 11:42:28.174 I/dun_service(  129): received event: DUN_EVENT_USB_UNPLUG 
02-02 11:42:28.174 I/dun_service(  129): received event(DUN_EVENT_USB_UNPLUG) in state(DUN_STATE_USB_UNPLUG)
02-02 11:42:28.174 I/dun_service(  129): Ignoring the event DUN_EVENT_USB_UNPLUG in USB_UNPLUG_STATE
02-02 11:42:28.174 I/dun_service(  129): Moved to state(DUN_STATE_USB_UNPLUG)
02-02 11:42:28.194 I/LockPatternKeyguardView(  283): file not found: etc/customize/default_lockscreen
02-02 11:42:28.435 I/dun_service(  129): The value returned from dun_getusbmodemstate_fromsys is 1 
02-02 11:42:28.435 I/dun_service(  129): Post event 1
02-02 11:42:28.435 I/dun_service(  129): received event: DUN_EVENT_USB_UNPLUG 
02-02 11:42:28.435 I/dun_service(  129): received event(DUN_EVENT_USB_UNPLUG) in state(DUN_STATE_USB_UNPLUG)
02-02 11:42:28.435 I/dun_service(  129): Ignoring the event DUN_EVENT_USB_UNPLUG in USB_UNPLUG_STATE
02-02 11:42:28.435 I/dun_service(  129): Moved to state(DUN_STATE_USB_UNPLUG)
02-02 11:42:28.475 I/dun_service(  129): The value returned from dun_getusbmodemstate_fromsys is 1 
02-02 11:42:28.475 I/dun_service(  129): Post event 1
02-02 11:42:28.475 I/dun_service(  129): process rmnet event
02-02 11:42:28.475 I/dun_service(  129): received event: DUN_EVENT_USB_UNPLUG 
02-02 11:42:28.475 I/dun_service(  129): received event(DUN_EVENT_USB_UNPLUG) in state(DUN_STATE_USB_UNPLUG)
02-02 11:42:28.475 I/dun_service(  129): Ignoring the event DUN_EVENT_USB_UNPLUG in USB_UNPLUG_STATE
02-02 11:42:28.475 I/dun_service(  129): Moved to state(DUN_STATE_USB_UNPLUG)
02-02 11:42:28.475 I/dun_service(  129): Post event 3
02-02 11:42:28.475 I/dun_service(  129): process rmnet event
02-02 11:42:28.475 I/dun_service(  129): Post event 3
02-02 11:42:28.475 I/dun_service(  129): received event: DUN_EVENT_RMNET_DOWN 
02-02 11:42:28.475 I/dun_service(  129): received event(DUN_EVENT_RMNET_DOWN) in state(DUN_STATE_USB_UNPLUG)
02-02 11:42:28.475 I/dun_service(  129): Ignoring the event DUN_EVENT_RMNET_DOWN in USB_UNPLUG_STATE
02-02 11:42:28.475 I/dun_service(  129): Moved to state(DUN_STATE_USB_UNPLUG)
02-02 11:42:28.475 I/dun_service(  129): received event: DUN_EVENT_RMNET_DOWN 
02-02 11:42:28.475 I/dun_service(  129): received event(DUN_EVENT_RMNET_DOWN) in state(DUN_STATE_USB_UNPLUG)
02-02 11:42:28.475 I/dun_service(  129): Ignoring the event DUN_EVENT_RMNET_DOWN in USB_UNPLUG_STATE
02-02 11:42:28.475 I/dun_service(  129): Moved to state(DUN_STATE_USB_UNPLUG)
02-02 11:42:28.495 D/Tethering(  283): wlan0 is not a tetherable iface, ignoring
02-02 11:42:28.505 D/LockScreen(  283): initCarrierVisibility - mResId.length=2, mCarrier.length=1
02-02 11:42:29.175 D/KeyguardUpdateMonitor(  283): received broadcast android.intent.action.BATTERY_CHANGED
02-02 11:42:29.245 D/LockScreen(  283): updateLayout: status=SimMissingLockedsubscription=0
02-02 11:42:29.255 D/LockScreen(  283): Updating Lock Screen text to Ruim
02-02 11:42:29.255 D/GoogleLoginService(  356): no legacy android id exists to migrate
02-02 11:42:29.255 D/GoogleLoginService(  356): skipping migration because /data/data/com.google.android.gsf/databases/accounts.db doesn't exist
02-02 11:42:29.255 D/GoogleLoginService(  356): disabling the migration script since the migration is complete
02-02 11:42:29.275 D/LockPatternKeyguardView(  283): LockPatternKeyguardView ctor: about to createUnlockScreenFor; mEnableFallback=false
02-02 11:42:29.275 D/UnlockScreen(  283): *******mCreationOrientation = 1
02-02 11:42:29.385 D/Bitmap  (  283): Detect unrecycled bitmap.
02-02 11:42:29.385 D/Bitmap  (  283):       Size: 39744 Bytes, Width: 108 , Height: 92 , Hash code: 1082951232
02-02 11:42:29.385 D/Bitmap  (  283):  This bimap was created in:
02-02 11:42:29.385 D/Bitmap  (  283):       android.graphics.Bitmap.<init>(Bitmap.java:136)
02-02 11:42:29.385 D/Bitmap  (  283):       android.graphics.BitmapFactory.nativeDecodeAsset(Native Method)
02-02 11:42:29.385 D/Bitmap  (  283):       android.graphics.BitmapFactory.decodeStream(BitmapFactory.java:460)
02-02 11:42:29.385 D/Bitmap  (  283):       android.graphics.BitmapFactory.decodeResourceStream(BitmapFactory.java:336)
02-02 11:42:29.385 D/Bitmap  (  283):       android.graphics.drawable.Drawable.createFromResourceStream(Drawable.java:697)
02-02 11:42:29.395 D/Bitmap  (  283):       android.content.res.Resources.loadDrawable(Resources.java:1709)
02-02 11:42:29.395 D/Bitmap  (  283):       android.content.res.Resources.getDrawable(Resources.java:581)
02-02 11:42:29.395 D/Bitmap  (  283):       android.graphics.drawable.StateListDrawable.inflate(StateListDrawable.java:162)
02-02 11:42:29.395 D/Bitmap  (  283):       android.graphics.drawable.Drawable.createFromXmlInner(Drawable.java:787)
02-02 11:42:29.395 D/Bitmap  (  283):       android.graphics.drawable.Drawable.createFromXml(Drawable.java:728)
02-02 11:42:29.395 D/Bitmap  (  283):       android.content.res.Resources.loadDrawable(Resources.java:1694)
02-02 11:42:29.395 D/Bitmap  (  283):       android.content.res.Resources.getDrawable(Resources.java:581)
02-02 11:42:29.395 D/Bitmap  (  283):       android.view.View.setBackgroundResource(View.java:7533)
02-02 11:42:29.395 D/Bitmap  (  283):       com.android.internal.widget.SlidingTab$Slider.<init>(SlidingTab.java:192)
02-02 11:42:29.395 D/Bitmap  (  283):       com.android.internal.widget.SlidingTab.<init>(SlidingTab.java:462)
02-02 11:42:29.395 D/Bitmap  (  283):       java.lang.reflect.Constructor.constructNative(Native Method)
02-02 11:42:29.395 D/Bitmap  (  283):       java.lang.reflect.Constructor.newInstance(Constructor.java:415)
02-02 11:42:29.395 D/Bitmap  (  283):       android.view.LayoutInflater.createView(LayoutInflater.java:505)
02-02 11:42:29.395 D/Bitmap  (  283):       android.view.LayoutInflater.createViewFromTag(LayoutInflater.java:570)
02-02 11:42:29.395 D/Bitmap  (  283):       android.view.LayoutInflater.rInflate(LayoutInflater.java:623)
02-02 11:42:29.395 D/Bitmap  (  283):       android.view.LayoutInflater.inflate(LayoutInflater.java:408)
02-02 11:42:29.395 D/Bitmap  (  283):       android.view.LayoutInflater.inflate(LayoutInflater.java:320)
02-02 11:42:29.395 D/Bitmap  (  283):       com.android.internal.policy.impl.LockScreen.<init>(LockScreen.java:328)
02-02 11:42:29.395 D/Bitmap  (  283):       com.android.internal.policy.impl.LockPatternKeyguardView.createLockScreen(LockPatternKeyguardView.java:821)
02-02 11:42:29.395 D/Bitmap  (  283):       com.android.internal.policy.impl.LockPatternKeyguardView.<init>(LockPatternKeyguardView.java:429)
02-02 11:42:29.395 D/Bitmap  (  283):       com.android.internal.policy.impl.LockPatternKeyguardViewProperties.createKeyguardView(LockPatternKeyguardViewProperties.java:49)
02-02 11:42:29.395 D/Bitmap  (  283):       com.android.internal.policy.impl.KeyguardViewManager.show(KeyguardViewManager.java:125)
02-02 11:42:29.395 D/Bitmap  (  283):       com.android.internal.policy.impl.KeyguardViewMediator.handleShow(KeyguardViewMediator.java:1064)
02-02 11:42:29.395 D/Bitmap  (  283):       com.android.internal.policy.impl.KeyguardViewMediator.access$700(KeyguardViewMediator.java:103)
02-02 11:42:29.395 D/Bitmap  (  283):       com.android.internal.policy.impl.KeyguardViewMediator$2.handleMessage(KeyguardViewMediator.java:931)
02-02 11:42:29.395 D/Bitmap  (  283):       android.os.Handler.dispatchMessage(Handler.java:99)
02-02 11:42:29.395 D/Bitmap  (  283):       android.os.Looper.loop(Looper.java:130)
02-02 11:42:29.395 D/Bitmap  (  283):       com.android.server.WindowManagerService$PolicyThread.run(WindowManagerService.java:613)
02-02 11:42:29.395 D/Bitmap  (  283): _
02-02 11:42:29.395 D/Bitmap  (  283): Detect unrecycled bitmap.
02-02 11:42:29.395 D/Bitmap  (  283):       Size: 39744 Bytes, Width: 108 , Height: 92 , Hash code: 1082816528
02-02 11:42:29.395 D/Bitmap  (  283):  This bimap was created in:
02-02 11:42:29.395 D/Bitmap  (  283):       android.graphics.Bitmap.<init>(Bitmap.java:136)
02-02 11:42:29.395 D/Bitmap  (  283):       android.graphics.BitmapFactory.nativeDecodeAsset(Native Method)
02-02 11:42:29.395 D/Bitmap  (  283):       android.graphics.BitmapFactory.decodeStream(BitmapFactory.java:460)
02-02 11:42:29.395 D/Bitmap  (  283):       android.graphics.BitmapFactory.decodeResourceStream(BitmapFactory.java:336)
02-02 11:42:29.395 D/Bitmap  (  283):       android.graphics.drawable.Drawable.createFromResourceStream(Drawable.java:697)
02-02 11:42:29.395 D/Bitmap  (  283):       android.content.res.Resources.loadDrawable(Resources.java:1709)
02-02 11:42:29.395 D/Bitmap  (  283):       android.content.res.Resources.getDrawable(Resources.java:581)
02-02 11:42:29.395 D/Bitmap  (  283):       android.graphics.drawable.StateListDrawable.inflate(StateListDrawable.java:162)
02-02 11:42:29.395 D/Bitmap  (  283):       android.graphics.drawable.Drawable.createFromXmlInner(Drawable.java:787)
02-02 11:42:29.395 D/Bitmap  (  283):       android.graphics.drawable.Drawable.createFromXml(Drawable.java:728)
02-02 11:42:29.395 D/Bitmap  (  283):       android.content.res.Resources.loadDrawable(Resources.java:1694)
02-02 11:42:29.395 D/Bitmap  (  283):       android.content.res.Resources.getDrawable(Resources.java:581)
02-02 11:42:29.395 D/Bitmap  (  283):       android.view.View.setBackgroundResource(View.java:7533)
02-02 11:42:29.395 D/Bitmap  (  283):       com.android.internal.widget.SlidingTab$Slider.<init>(SlidingTab.java:192)
02-02 11:42:29.395 D/Bitmap  (  283):       com.android.internal.widget.SlidingTab.<init>(SlidingTab.java:462)
02-02 11:42:29.395 D/Bitmap  (  283):       java.lang.reflect.Constructor.constructNative(Native Method)
02-02 11:42:29.395 D/Bitmap  (  283):       java.lang.reflect.Constructor.newInstance(Constructor.java:415)
02-02 11:42:29.395 D/Bitmap  (  283):       android.view.LayoutInflater.createView(LayoutInflater.java:505)
02-02 11:42:29.395 D/Bitmap  (  283):       android.view.LayoutInflater.createViewFromTag(LayoutInflater.java:570)
02-02 11:42:29.395 I/dun_service(  129): process rmnet event
02-02 11:42:29.395 I/dun_service(  129): Post event 3
02-02 11:42:29.395 I/dun_service(  129): received event: DUN_EVENT_RMNET_DOWN 
02-02 11:42:29.395 I/dun_service(  129): received event(DUN_EVENT_RMNET_DOWN) in state(DUN_STATE_USB_UNPLUG)
02-02 11:42:29.395 I/dun_service(  129): Ignoring the event DUN_EVENT_RMNET_DOWN in USB_UNPLUG_STATE
02-02 11:42:29.395 I/dun_service(  129): Moved to state(DUN_STATE_USB_UNPLUG)
02-02 11:42:29.395 D/Bitmap  (  283):       android.view.LayoutInflater.rInflate(LayoutInflater.java:623)
02-02 11:42:29.395 D/Bitmap  (  283):       android.view.LayoutInflater.inflate(LayoutInflater.java:408)
02-02 11:42:29.405 D/Bitmap  (  283):       android.view.LayoutInflater.inflate(LayoutInflater.java:320)
02-02 11:42:29.405 D/Bitmap  (  283):       com.android.internal.policy.impl.LockScreen.<init>(LockScreen.java:328)
02-02 11:42:29.405 D/Bitmap  (  283):       com.android.internal.policy.impl.LockPatternKeyguardView.createLockScreen(LockPatternKeyguardView.java:821)
02-02 11:42:29.405 D/Bitmap  (  283):       com.android.internal.policy.impl.LockPatternKeyguardView.<init>(LockPatternKeyguardView.java:429)
02-02 11:42:29.405 D/Bitmap  (  283):       com.android.internal.policy.impl.LockPatternKeyguardViewProperties.createKeyguardView(LockPatternKeyguardViewProperties.java:49)
02-02 11:42:29.405 D/Bitmap  (  283):       com.android.internal.policy.impl.KeyguardViewManager.show(KeyguardViewManager.java:125)
02-02 11:42:29.405 D/Bitmap  (  283):       com.android.internal.policy.impl.KeyguardViewMediator.handleShow(KeyguardViewMediator.java:1064)
02-02 11:42:29.405 D/Bitmap  (  283):       com.android.internal.policy.impl.KeyguardViewMediator.access$700(KeyguardViewMediator.java:103)
02-02 11:42:29.405 D/Bitmap  (  283):       com.android.internal.policy.impl.KeyguardViewMediator$2.handleMessage(KeyguardViewMediator.java:931)
02-02 11:42:29.405 D/Bitmap  (  283):       android.os.Handler.dispatchMessage(Handler.java:99)
02-02 11:42:29.405 D/Bitmap  (  283):       android.os.Looper.loop(Looper.java:130)
02-02 11:42:29.405 D/Bitmap  (  283):       com.android.server.WindowManagerService$PolicyThread.run(WindowManagerService.java:613)
02-02 11:42:29.405 D/Bitmap  (  283): _
02-02 11:42:29.405 D/Bitmap  (  283): Detect unrecycled bitmap.
02-02 11:42:29.405 D/Bitmap  (  283):       Size: 39744 Bytes, Width: 108 , Height: 92 , Hash code: 1080095712
02-02 11:42:29.405 D/Bitmap  (  283):  This bimap was created in:
02-02 11:42:29.405 D/Bitmap  (  283):       android.graphics.Bitmap.<init>(Bitmap.java:136)
02-02 11:42:29.405 D/Bitmap  (  283):       android.graphics.BitmapFactory.nativeDecodeAsset(Native Method)
02-02 11:42:29.405 D/Bitmap  (  283):       android.graphics.BitmapFactory.decodeStream(BitmapFactory.java:460)
02-02 11:42:29.405 D/Bitmap  (  283):       android.graphics.BitmapFactory.decodeResourceStream(BitmapFactory.java:336)
02-02 11:42:29.405 D/Bitmap  (  283):       android.graphics.drawable.Drawable.createFromResourceStream(Drawable.java:697)
02-02 11:42:29.405 D/Bitmap  (  283):       android.content.res.Resources.loadDrawable(Resources.java:1709)
02-02 11:42:29.405 D/Bitmap  (  283):       android.content.res.Resources.getDrawable(Resources.java:581)
02-02 11:42:29.405 D/Bitmap  (  283):       android.graphics.drawable.StateListDrawable.inflate(StateListDrawable.java:162)
02-02 11:42:29.405 D/Bitmap  (  283):       android.graphics.drawable.Drawable.createFromXmlInner(Drawable.java:787)
02-02 11:42:29.405 D/Bitmap  (  283):       android.graphics.drawable.Drawable.createFromXml(Drawable.java:728)
02-02 11:42:29.405 D/Bitmap  (  283):       android.content.res.Resources.loadDrawable(Resources.java:1694)
02-02 11:42:29.405 D/Bitmap  (  283):       android.content.res.Resources.getDrawable(Resources.java:581)
02-02 11:42:29.405 D/Bitmap  (  283):       android.view.View.setBackgroundResource(View.java:7533)
02-02 11:42:29.405 D/Bitmap  (  283):       com.android.internal.widget.SlidingTab$Slider.<init>(SlidingTab.java:192)
02-02 11:42:29.405 D/Bitmap  (  283):       com.android.internal.widget.SlidingTab.<init>(SlidingTab.java:462)
02-02 11:42:29.405 D/Bitmap  (  283):       java.lang.reflect.Constructor.constructNative(Native Method)
02-02 11:42:29.405 D/Bitmap  (  283):       java.lang.reflect.Constructor.newInstance(Constructor.java:415)
02-02 11:42:29.405 D/Bitmap  (  283):       android.view.LayoutInflater.createView(LayoutInflater.java:505)
02-02 11:42:29.405 D/Bitmap  (  283):       android.view.LayoutInflater.createViewFromTag(LayoutInflater.java:570)
02-02 11:42:29.405 D/Bitmap  (  283):       android.view.LayoutInflater.rInflate(LayoutInflater.java:623)
02-02 11:42:29.405 D/Bitmap  (  283):       android.view.LayoutInflater.inflate(LayoutInflater.java:408)
02-02 11:42:29.405 D/Bitmap  (  283):       android.view.LayoutInflater.inflate(LayoutInflater.java:320)
02-02 11:42:29.405 D/Bitmap  (  283):       com.android.internal.policy.impl.LockScreen.<init>(LockScreen.java:328)
02-02 11:42:29.405 D/Bitmap  (  283):       com.android.internal.policy.impl.LockPatternKeyguardView.createLockScreen(LockPatternKeyguardView.java:821)
02-02 11:42:29.405 D/Bitmap  (  283):       com.android.internal.policy.impl.LockPatternKeyguardView.<init>(LockPatternKeyguardView.java:429)
02-02 11:42:29.405 D/Bitmap  (  283):       com.android.internal.policy.impl.LockPatternKeyguardViewProperties.createKeyguardView(LockPatternKeyguardViewProperties.java:49)
02-02 11:42:29.405 D/Bitmap  (  283):       com.android.internal.policy.impl.KeyguardViewManager.show(KeyguardViewManager.java:125)
02-02 11:42:29.405 D/Bitmap  (  283):       com.android.internal.policy.impl.KeyguardViewMediator.handleShow(KeyguardViewMediator.java:1064)
02-02 11:42:29.405 D/Bitmap  (  283):       com.android.internal.policy.impl.KeyguardViewMediator.access$700(KeyguardViewMediator.java:103)
02-02 11:42:29.405 D/Bitmap  (  283):       com.android.internal.policy.impl.KeyguardViewMediator$2.handleMessage(KeyguardViewMediator.java:931)
02-02 11:42:29.405 D/Bitmap  (  283):       android.os.Handler.dispatchMessage(Handler.java:99)
02-02 11:42:29.405 D/Bitmap  (  283):       android.os.Looper.loop(Looper.java:130)
02-02 11:42:29.405 D/Bitmap  (  283):       com.android.server.WindowManagerService$PolicyThread.run(WindowManagerService.java:613)
02-02 11:42:29.405 D/Bitmap  (  283): _
02-02 11:42:29.405 D/Bitmap  (  283): Detect unrecycled bitmap.
02-02 11:42:29.405 D/Bitmap  (  283):       Size: 39744 Bytes, Width: 108 , Height: 92 , Hash code: 1080173520
02-02 11:42:29.405 D/Bitmap  (  283):  This bimap was created in:
02-02 11:42:29.405 D/Bitmap  (  283):       android.graphics.Bitmap.<init>(Bitmap.java:136)
02-02 11:42:29.405 D/Bitmap  (  283):       android.graphics.BitmapFactory.nativeDecodeAsset(Native Method)
02-02 11:42:29.405 D/Bitmap  (  283):       android.graphics.BitmapFactory.decodeStream(BitmapFactory.java:460)
02-02 11:42:29.405 D/Bitmap  (  283):       android.graphics.BitmapFactory.decodeResourceStream(BitmapFactory.java:336)
02-02 11:42:29.405 D/Bitmap  (  283):       android.graphics.drawable.Drawable.createFromResourceStream(Drawable.java:697)
02-02 11:42:29.405 D/Bitmap  (  283):       android.content.res.Resources.loadDrawable(Resources.java:1709)
02-02 11:42:29.405 D/Bitmap  (  283):       android.content.res.Resources.getDrawable(Resources.java:581)
02-02 11:42:29.405 D/Bitmap  (  283):       android.graphics.drawable.StateListDrawable.inflate(StateListDrawable.java:162)
02-02 11:42:29.405 D/Bitmap  (  283):       android.graphics.drawable.Drawable.createFromXmlInner(Drawable.java:787)
02-02 11:42:29.405 D/Bitmap  (  283):       android.graphics.drawable.Drawable.createFromXml(Drawable.java:728)
02-02 11:42:29.405 D/Bitmap  (  283):       android.content.res.Resources.loadDrawable(Resources.java:1694)
02-02 11:42:29.405 D/Bitmap  (  283):       android.content.res.Resources.getDrawable(Resources.java:581)
02-02 11:42:29.405 D/Bitmap  (  283):       android.view.View.setBackgroundResource(View.java:7533)
02-02 11:42:29.405 D/Bitmap  (  283):       com.android.internal.widget.SlidingTab$Slider.<init>(SlidingTab.java:192)
02-02 11:42:29.405 D/Bitmap  (  283):       com.android.internal.widget.SlidingTab.<init>(SlidingTab.java:458)
02-02 11:42:29.425 D/Bitmap  (  283):       java.lang.reflect.Constructor.constructNative(Native Method)
02-02 11:42:29.425 D/Bitmap  (  283):       java.lang.reflect.Constructor.newInstance(Constructor.java:415)
02-02 11:42:29.425 D/Bitmap  (  283):       android.view.LayoutInflater.createView(LayoutInflater.java:505)
02-02 11:42:29.425 D/Bitmap  (  283):       android.view.LayoutInflater.createViewFromTag(LayoutInflater.java:570)
02-02 11:42:29.425 D/Bitmap  (  283):       android.view.LayoutInflater.rInflate(LayoutInflater.java:623)
02-02 11:42:29.425 D/Bitmap  (  283):       android.view.LayoutInflater.inflate(LayoutInflater.java:408)
02-02 11:42:29.425 D/Bitmap  (  283):       android.view.LayoutInflater.inflate(LayoutInflater.java:320)
02-02 11:42:29.425 D/Bitmap  (  283):       com.android.internal.policy.impl.LockScreen.<init>(LockScreen.java:328)
02-02 11:42:29.425 D/Bitmap  (  283):       com.android.internal.policy.impl.LockPatternKeyguardView.createLockScreen(LockPatternKeyguardView.java:821)
02-02 11:42:29.425 D/Bitmap  (  283):       com.android.internal.policy.impl.LockPatternKeyguardView.<init>(LockPatternKeyguardView.java:429)
02-02 11:42:29.425 D/Bitmap  (  283):       com.android.internal.policy.impl.LockPatternKeyguardViewProperties.createKeyguardView(LockPatternKeyguardViewProperties.java:49)
02-02 11:42:29.425 D/Bitmap  (  283):       com.android.internal.policy.impl.KeyguardViewManager.show(KeyguardViewManager.java:125)
02-02 11:42:29.425 D/Bitmap  (  283):       com.android.internal.policy.impl.KeyguardViewMediator.handleShow(KeyguardViewMediator.java:1064)
02-02 11:42:29.425 D/Bitmap  (  283):       com.android.internal.policy.impl.KeyguardViewMediator.access$700(KeyguardViewMediator.java:103)
02-02 11:42:29.425 D/Bitmap  (  283):       com.android.internal.policy.impl.KeyguardViewMediator$2.handleMessage(KeyguardViewMediator.java:931)
02-02 11:42:29.425 D/Bitmap  (  283):       android.os.Handler.dispatchMessage(Handler.java:99)
02-02 11:42:29.425 D/Bitmap  (  283):       android.os.Looper.loop(Looper.java:130)
02-02 11:42:29.425 D/Bitmap  (  283):       com.android.server.WindowManagerService$PolicyThread.run(WindowManagerService.java:613)
02-02 11:42:29.425 D/Bitmap  (  283): _
02-02 11:42:29.425 D/Bitmap  (  283): Detect unrecycled bitmap.
02-02 11:42:29.425 D/Bitmap  (  283):       Size: 39744 Bytes, Width: 108 , Height: 92 , Hash code: 1079320432
02-02 11:42:29.425 D/Bitmap  (  283):  This bimap was created in:
02-02 11:42:29.425 D/Bitmap  (  283):       android.graphics.Bitmap.<init>(Bitmap.java:136)
02-02 11:42:29.425 D/Bitmap  (  283):       android.graphics.BitmapFactory.nativeDecodeAsset(Native Method)
02-02 11:42:29.425 D/Bitmap  (  283):       android.graphics.BitmapFactory.decodeStream(BitmapFactory.java:460)
02-02 11:42:29.425 D/Bitmap  (  283):       android.graphics.BitmapFactory.decodeResourceStream(BitmapFactory.java:336)
02-02 11:42:29.425 D/Bitmap  (  283):       android.graphics.drawable.Drawable.createFromResourceStream(Drawable.java:697)
02-02 11:42:29.425 D/Bitmap  (  283):       android.content.res.Resources.loadDrawable(Resources.java:1709)
02-02 11:42:29.425 D/Bitmap  (  283):       android.content.res.Resources.getDrawable(Resources.java:581)
02-02 11:42:29.425 D/Bitmap  (  283):       android.graphics.drawable.StateListDrawable.inflate(StateListDrawable.java:162)
02-02 11:42:29.425 D/Bitmap  (  283):       android.graphics.drawable.Drawable.createFromXmlInner(Drawable.java:787)
02-02 11:42:29.425 D/Bitmap  (  283):       android.graphics.drawable.Drawable.createFromXml(Drawable.java:728)
02-02 11:42:29.425 D/Bitmap  (  283):       android.content.res.Resources.loadDrawable(Resources.java:1694)
02-02 11:42:29.425 D/Bitmap  (  283):       android.content.res.Resources.getDrawable(Resources.java:581)
02-02 11:42:29.425 D/Bitmap  (  283):       android.view.View.setBackgroundResource(View.java:7533)
02-02 11:42:29.425 D/Bitmap  (  283):       com.android.internal.widget.SlidingTab$Slider.<init>(SlidingTab.java:192)
02-02 11:42:29.425 D/Bitmap  (  283):       com.android.internal.widget.SlidingTab.<init>(SlidingTab.java:458)
02-02 11:42:29.425 D/Bitmap  (  283):       java.lang.reflect.Constructor.constructNative(Native Method)
02-02 11:42:29.425 D/Bitmap  (  283):       java.lang.reflect.Constructor.newInstance(Constructor.java:415)
02-02 11:42:29.425 D/Bitmap  (  283):       android.view.LayoutInflater.createView(LayoutInflater.java:505)
02-02 11:42:29.425 D/Bitmap  (  283):       android.view.LayoutInflater.createViewFromTag(LayoutInflater.java:570)
02-02 11:42:29.425 D/Bitmap  (  283):       android.view.LayoutInflater.rInflate(LayoutInflater.java:623)
02-02 11:42:29.425 D/Bitmap  (  283):       android.view.LayoutInflater.inflate(LayoutInflater.java:408)
02-02 11:42:29.425 D/Bitmap  (  283):       android.view.LayoutInflater.inflate(LayoutInflater.java:320)
02-02 11:42:29.436 D/Bitmap  (  283):       com.android.internal.policy.impl.LockScreen.<init>(LockScreen.java:328)
02-02 11:42:29.436 D/Bitmap  (  283):       com.android.internal.policy.impl.LockPatternKeyguardView.createLockScreen(LockPatternKeyguardView.java:821)
02-02 11:42:29.436 D/Bitmap  (  283):       com.android.internal.policy.impl.LockPatternKeyguardView.<init>(LockPatternKeyguardView.java:429)
02-02 11:42:29.436 D/Bitmap  (  283):       com.android.internal.policy.impl.LockPatternKeyguardViewProperties.createKeyguardView(LockPatternKeyguardViewProperties.java:49)
02-02 11:42:29.436 D/Bitmap  (  283):       com.android.internal.policy.impl.KeyguardViewManager.show(KeyguardViewManager.java:125)
02-02 11:42:29.436 D/Bitmap  (  283):       com.android.internal.policy.impl.KeyguardViewMediator.handleShow(KeyguardViewMediator.java:1064)
02-02 11:42:29.436 D/Bitmap  (  283):       com.android.internal.policy.impl.KeyguardViewMediator.access$700(KeyguardViewMediator.java:103)
02-02 11:42:29.436 D/Bitmap  (  283):       com.android.internal.policy.impl.KeyguardViewMediator$2.handleMessage(KeyguardViewMediator.java:931)
02-02 11:42:29.436 D/Bitmap  (  283):       android.os.Handler.dispatchMessage(Handler.java:99)
02-02 11:42:29.436 D/Bitmap  (  283):       android.os.Looper.loop(Looper.java:130)
02-02 11:42:29.436 D/Bitmap  (  283):       com.android.server.WindowManagerService$PolicyThread.run(WindowManagerService.java:613)
02-02 11:42:29.436 D/Bitmap  (  283): _
02-02 11:42:29.436 D/Bitmap  (  283): Detect unrecycled bitmap.
02-02 11:42:29.436 D/Bitmap  (  283):       Size: 39744 Bytes, Width: 108 , Height: 92 , Hash code: 1081874872
02-02 11:42:29.436 D/Bitmap  (  283):  This bimap was created in:
02-02 11:42:29.436 D/Bitmap  (  283):       android.graphics.Bitmap.<init>(Bitmap.java:136)
02-02 11:42:29.436 D/Bitmap  (  283):       android.graphics.BitmapFactory.nativeDecodeAsset(Native Method)
02-02 11:42:29.436 D/Bitmap  (  283):       android.graphics.BitmapFactory.decodeStream(BitmapFactory.java:460)
02-02 11:42:29.436 D/Bitmap  (  283):       android.graphics.BitmapFactory.decodeResourceStream(BitmapFactory.java:336)
02-02 11:42:29.436 D/Bitmap  (  283):       android.graphics.drawable.Drawable.createFromResourceStream(Drawable.java:697)
02-02 11:42:29.436 D/Bitmap  (  283):       android.content.res.Resources.loadDrawable(Resources.java:1709)
02-02 11:42:29.436 D/Bitmap  (  283):       android.content.res.Resources.getDrawable(Resources.java:581)
02-02 11:42:29.436 D/Bitmap  (  283):       android.graphics.drawable.StateListDrawable.inflate(StateListDrawable.java:162)
02-02 11:42:29.436 D/Bitmap  (  283):       android.graphics.drawable.Drawable.createFromXmlInner(Drawable.java:787)
02-02 11:42:29.436 D/Bitmap  (  283):       android.graphics.drawable.Drawable.createFromXml(Drawable.java:728)
02-02 11:42:29.436 D/Bitmap  (  283):       android.content.res.Resources.loadDrawable(Resources.java:1694)
02-02 11:42:29.436 D/Bitmap  (  283):       android.content.res.Resources.getDrawable(Resources.java:581)
02-02 11:42:29.436 D/Bitmap  (  283):       android.view.View.setBackgroundResource(View.java:7533)
02-02 11:42:29.436 D/Bitmap  (  283):       com.android.internal.widget.SlidingTab$Slider.<init>(SlidingTab.java:192)
02-02 11:42:29.436 D/Bitmap  (  283):       com.android.internal.widget.SlidingTab.<init>(SlidingTab.java:458)
02-02 11:42:29.436 D/Bitmap  (  283):       java.lang.reflect.Constructor.constructNative(Native Method)
02-02 11:42:29.436 D/Bitmap  (  283):       java.lang.reflect.Constructor.newInstance(Constructor.java:415)
02-02 11:42:29.436 D/Bitmap  (  283):       android.view.LayoutInflater.createView(LayoutInflater.java:505)
02-02 11:42:29.436 D/Bitmap  (  283):       android.view.LayoutInflater.createViewFromTag(LayoutInflater.java:570)
02-02 11:42:29.436 D/Bitmap  (  283):       android.view.LayoutInflater.rInflate(LayoutInflater.java:623)
02-02 11:42:29.436 D/Bitmap  (  283):       android.view.LayoutInflater.inflate(LayoutInflater.java:408)
02-02 11:42:29.436 D/Bitmap  (  283):       android.view.LayoutInflater.inflate(LayoutInflater.java:320)
02-02 11:42:29.436 D/Bitmap  (  283):       com.android.internal.policy.impl.LockScreen.<init>(LockScreen.java:328)
02-02 11:42:29.436 D/Bitmap  (  283):       com.android.internal.policy.impl.LockPatternKeyguardView.createLockScreen(LockPatternKeyguardView.java:821)
02-02 11:42:29.436 D/Bitmap  (  283):       com.android.internal.policy.impl.LockPatternKeyguardView.<init>(LockPatternKeyguardView.java:429)
02-02 11:42:29.436 D/Bitmap  (  283):       com.android.internal.policy.impl.LockPatternKeyguardViewProperties.createKeyguardView(LockPatternKeyguardViewProperties.java:49)
02-02 11:42:29.436 D/Bitmap  (  283):       com.android.internal.policy.impl.KeyguardViewManager.show(KeyguardViewManager.java:125)
02-02 11:42:29.436 D/Bitmap  (  283):       com.android.internal.policy.impl.KeyguardViewMediator.handleShow(KeyguardViewMediator.java:1064)
02-02 11:42:29.436 D/Bitmap  (  283):       com.android.internal.policy.impl.KeyguardViewMediator.access$700(KeyguardViewMediator.java:103)
02-02 11:42:29.436 D/Bitmap  (  283):       com.android.internal.policy.impl.KeyguardViewMediator$2.handleMessage(KeyguardViewMediator.java:931)
02-02 11:42:29.436 D/Bitmap  (  283):       android.os.Handler.dispatchMessage(Handler.java:99)
02-02 11:42:29.436 D/Bitmap  (  283):       android.os.Looper.loop(Looper.java:130)
02-02 11:42:29.436 D/Bitmap  (  283):       com.android.server.WindowManagerService$PolicyThread.run(WindowManagerService.java:613)
02-02 11:42:29.436 D/Bitmap  (  283): _
02-02 11:42:29.446 D/LockPatternKeyguardView(  283): createUnlockScreenFor(Pattern): mEnableFallback=false
02-02 11:42:29.456 D/KeyguardViewMediator(  283): adjustUserActivityLocked mShowing: true mHidden: false
02-02 11:42:29.456 D/KeyguardViewMediator(  283): onScreenTurnedOn, seq = 1
02-02 11:42:29.456 D/KeyguardViewMediator(  283): notifyScreenOnLocked
02-02 11:42:29.456 E/Sensors (  283): [HAL]ready to call enable(Accelerometer,1),AAAAAAAA
02-02 11:42:29.456 E/Sensors (  283): [HAL]mEnabled = 0;ready to open /dev/akm8962_aot
02-02 11:42:29.456 E/Sensors (  283): [HAL]ECS_IOCTL_APP_SET_AFLAG 	success,flags = 1
02-02 11:42:29.456 E/Sensors (  283): [HAL]After {mEnabled &= ~(1<<what)},mEnabled = 0
02-02 11:42:29.456 E/Sensors (  283): [HAL]After {(newState)<<what)},mEnabled = 1
02-02 11:42:29.476 E/WifiHW  (  283): wifi_load_driver() OK!
02-02 11:42:29.476 E/WifiHW  (  283): wifi_load_driver() -
02-02 11:42:29.506 E/WifiHW  (  283): wifi_start_supplicant()
02-02 11:42:29.546 E/WifiHW  (  283): wifi_start_supplicant() supplicant is running
02-02 11:42:29.566 I/dun_service(  129): process rmnet event
02-02 11:42:29.566 I/dun_service(  129): Post event 3
02-02 11:42:29.566 I/dun_service(  129): received event: DUN_EVENT_RMNET_DOWN 
02-02 11:42:29.566 I/dun_service(  129): received event(DUN_EVENT_RMNET_DOWN) in state(DUN_STATE_USB_UNPLUG)
02-02 11:42:29.566 I/dun_service(  129): Ignoring the event DUN_EVENT_RMNET_DOWN in USB_UNPLUG_STATE
02-02 11:42:29.566 I/dun_service(  129): Moved to state(DUN_STATE_USB_UNPLUG)
02-02 11:42:29.586 I/dun_service(  129): process rmnet event
02-02 11:42:29.586 I/dun_service(  129): Post event 3
02-02 11:42:29.586 I/dun_service(  129): received event: DUN_EVENT_RMNET_DOWN 
02-02 11:42:29.586 I/dun_service(  129): received event(DUN_EVENT_RMNET_DOWN) in state(DUN_STATE_USB_UNPLUG)
02-02 11:42:29.586 I/dun_service(  129): Ignoring the event DUN_EVENT_RMNET_DOWN in USB_UNPLUG_STATE
02-02 11:42:29.586 I/dun_service(  129): Moved to state(DUN_STATE_USB_UNPLUG)
02-02 11:42:29.696 I/wpa_supplicant(  381): State: DISCONNECTED -> SCANNING
02-02 11:42:29.696 I/wpa_supplicant(  381): CTRL-EVENT-STATE-CHANGE id=-1 state=2 BSSID=00:00:00:00:00:00
02-02 11:42:29.766 E/lights  (  283): write_int failed to open /sys/class/leds/keyboard-backlight/brightness
02-02 11:42:29.776 E/WifiHW  (  283): wifi_connect_to_supplicant() +
02-02 11:42:29.776 E/WifiHW  (  283): ctrl ifname = /data/misc/wifi/wpa_supplicant/wlan0
02-02 11:42:29.806 D/KeyguardViewMediator(  283): setHidden false
02-02 11:42:29.816 D/KeyguardUpdateMonitor(  283): handleBatteryUpdate
02-02 11:42:29.816 D/LockScreen(  283): onRefreshBatteryInfo(false, false)
02-02 11:42:29.816 E/WifiHW  (  283): ifname /data/misc/wifi/wpa_supplicant/wlan0 is ready to read/write cnt=160
02-02 11:42:29.836 D/WifiStateTracker(  283): EVENT_SUPPLICANT_CONNECTION--->resetNotificationTimer()
02-02 11:42:29.836 D/KeyguardUpdateMonitor(  283): handleRingerModeChange(2)
02-02 11:42:29.836 D/KeyguardUpdateMonitor(  283): handleBatteryUpdate
02-02 11:42:29.836 D/KeyguardViewMediator(  283): handleNotifyScreenOn
02-02 11:42:29.836 I/LockPatternKeyguardView(  283): updateLockscreenBackground
02-02 11:42:29.836 I/LockPatternKeyguardView(  283): setBackgroundDrawable
02-02 11:42:29.836 I/LockPatternKeyguardView(  283): file not found: etc/customize/default_lockscreen
02-02 11:42:29.836 D/LockScreen(  283): updateLayout: status=SimMissingLockedsubscription=0
02-02 11:42:29.836 D/LockScreen(  283): Updating Lock Screen text to Ruim
02-02 11:42:29.836 D/NetworkStateTracker(  283): setDetailed state, old =IDLE and new state=SCANNING
02-02 11:42:29.836 W/NetworkStateTracker(  283): ### removeDefaultRoute. do nothing 
02-02 11:42:29.846 D/Tethering(  283): MasterInitialState.processMessage what=3
02-02 11:42:29.886 D/KeyguardViewMediator(  283): setHidden false
02-02 11:42:29.896 D/KeyguardViewMediator(  283): setHidden false
02-02 11:42:29.926 D/KeyguardViewMediator(  283): setHidden false
02-02 11:42:29.926 D/KeyguardViewMediator(  283): setHidden false
02-02 11:42:29.946 D/KeyguardViewMediator(  283): setHidden false
