02-02 10:42:44.415 D/MobileDataStateTracker(  283): [dun]  unavailable = false
02-02 10:42:44.415 D/MobileDataStateTracker(  283): [dun] Do not process intents if disabled.
02-02 10:42:44.415 D/MobileDataStateTracker(  283): [supl]  MobileDataStateReceiver onReceive(): Entry.
02-02 10:42:44.415 D/MobileDataStateTracker(  283): [supl]  intent.getAction()= android.intent.action.ANY_DATA_STATE
02-02 10:42:44.415 D/MobileDataStateTracker(  283): [supl]  mEnabled = false
02-02 10:42:44.425 D/MobileDataStateTracker(  283): [supl]  apnTypeList = default
02-02 10:42:44.425 D/MobileDataStateTracker(  283): [supl]  unavailable = false
02-02 10:42:44.425 D/MobileDataStateTracker(  283): [supl] Do not process intents if disabled.
02-02 10:42:44.425 D/MobileDataStateTracker(  283): [mms]  MobileDataStateReceiver onReceive(): Entry.
02-02 10:42:44.425 D/MobileDataStateTracker(  283): [mms]  intent.getAction()= android.intent.action.ANY_DATA_STATE
02-02 10:42:44.425 D/MobileDataStateTracker(  283): [mms]  mEnabled = false
02-02 10:42:44.425 D/MobileDataStateTracker(  283): [mms]  apnTypeList = default
02-02 10:42:44.425 D/MobileDataStateTracker(  283): [mms]  unavailable = false
02-02 10:42:44.425 D/MobileDataStateTracker(  283): [mms] Do not process intents if disabled.
02-02 10:42:44.425 D/MobileDataStateTracker(  283): [default]  MobileDataStateReceiver onReceive(): Entry.
02-02 10:42:44.425 D/MobileDataStateTracker(  283): [default]  intent.getAction()= android.intent.action.ANY_DATA_STATE
02-02 10:42:44.425 D/MobileDataStateTracker(  283): [default]  mEnabled = true
02-02 10:42:44.425 D/MobileDataStateTracker(  283): [default]  apnTypeList = default
02-02 10:42:44.425 D/MobileDataStateTracker(  283): [default]  unavailable = false
02-02 10:42:44.425 D/MobileDataStateTracker(  283): [default] CALL updateMobileInfoFromIntent
02-02 10:42:44.425 I/MobileDataStateTracker(  283): [default] dc state change intent received for default/INET6 with state  DISCONNECTED. enabled=true state change reason = radioTechnologyChanged
02-02 10:42:44.425 I/MobileDataStateTracker(  283): [default] old state = DISCONNECTED
02-02 10:42:44.425 I/MobileDataStateTracker(  283): [default] no change,  just return
02-02 10:42:44.425 D/MobileDataStateTracker(  283): [default] No need to update detailed state
02-02 10:42:44.425 D/MobileDataStateTracker(  283): [hipri]  MobileDataStateReceiver onReceive(): Entry.
02-02 10:42:44.425 D/MobileDataStateTracker(  283): [hipri]  intent.getAction()= android.intent.action.ANY_DATA_STATE
02-02 10:42:44.425 D/MobileDataStateTracker(  283): [hipri]  mEnabled = false
02-02 10:42:44.435 D/MobileDataStateTracker(  283): [hipri]  apnTypeList = mms
02-02 10:42:44.435 D/MobileDataStateTracker(  283): [hipri]  unavailable = false
02-02 10:42:44.435 D/MobileDataStateTracker(  283): [hipri] Do not process intents if disabled.
02-02 10:42:44.435 D/MobileDataStateTracker(  283): [dun]  MobileDataStateReceiver onReceive(): Entry.
02-02 10:42:44.435 D/MobileDataStateTracker(  283): [dun]  intent.getAction()= android.intent.action.ANY_DATA_STATE
02-02 10:42:44.435 D/MobileDataStateTracker(  283): [dun]  mEnabled = false
02-02 10:42:44.435 D/MobileDataStateTracker(  283): [dun]  apnTypeList = mms
02-02 10:42:44.435 D/MobileDataStateTracker(  283): [dun]  unavailable = false
02-02 10:42:44.435 D/MobileDataStateTracker(  283): [dun] Do not process intents if disabled.
02-02 10:42:44.435 D/MobileDataStateTracker(  283): [supl]  MobileDataStateReceiver onReceive(): Entry.
02-02 10:42:44.435 D/MobileDataStateTracker(  283): [supl]  intent.getAction()= android.intent.action.ANY_DATA_STATE
02-02 10:42:44.435 D/MobileDataStateTracker(  283): [supl]  mEnabled = false
02-02 10:42:44.435 D/MobileDataStateTracker(  283): [supl]  apnTypeList = mms
02-02 10:42:44.435 D/MobileDataStateTracker(  283): [supl]  unavailable = false
02-02 10:42:44.435 D/MobileDataStateTracker(  283): [supl] Do not process intents if disabled.
02-02 10:42:44.435 D/MobileDataStateTracker(  283): [mms]  MobileDataStateReceiver onReceive(): Entry.
02-02 10:42:44.435 D/MobileDataStateTracker(  283): [mms]  intent.getAction()= android.intent.action.ANY_DATA_STATE
02-02 10:42:44.435 D/MobileDataStateTracker(  283): [mms]  mEnabled = false
02-02 10:42:44.445 D/MobileDataStateTracker(  283): [mms]  apnTypeList = mms
02-02 10:42:44.445 D/MobileDataStateTracker(  283): [mms]  unavailable = false
02-02 10:42:44.445 D/MobileDataStateTracker(  283): [mms] Do not process intents if disabled.
02-02 10:42:44.445 D/MobileDataStateTracker(  283): [default]  MobileDataStateReceiver onReceive(): Entry.
02-02 10:42:44.445 D/MobileDataStateTracker(  283): [default]  intent.getAction()= android.intent.action.ANY_DATA_STATE
02-02 10:42:44.445 D/MobileDataStateTracker(  283): [default]  mEnabled = true
02-02 10:42:44.445 D/MobileDataStateTracker(  283): [default]  apnTypeList = mms
02-02 10:42:44.445 D/MobileDataStateTracker(  283): [default]  unavailable = false
02-02 10:42:44.445 D/MobileDataStateTracker(  283): [default] not what we are looking for.
02-02 10:42:44.445 D/MobileDataStateTracker(  283): [hipri]  MobileDataStateReceiver onReceive(): Entry.
02-02 10:42:44.445 D/MobileDataStateTracker(  283): [hipri]  intent.getAction()= android.intent.action.ANY_DATA_STATE
02-02 10:42:44.445 D/MobileDataStateTracker(  283): [hipri]  mEnabled = false
02-02 10:42:44.445 D/MobileDataStateTracker(  283): [hipri]  apnTypeList = mms
02-02 10:42:44.445 D/MobileDataStateTracker(  283): [hipri]  unavailable = false
02-02 10:42:44.445 D/MobileDataStateTracker(  283): [hipri] Do not process intents if disabled.
02-02 10:42:44.445 D/MobileDataStateTracker(  283): [dun]  MobileDataStateReceiver onReceive(): Entry.
02-02 10:42:44.445 D/MobileDataStateTracker(  283): [dun]  intent.getAction()= android.intent.action.ANY_DATA_STATE
02-02 10:42:44.445 D/MobileDataStateTracker(  283): [dun]  mEnabled = false
02-02 10:42:44.455 D/MobileDataStateTracker(  283): [dun]  apnTypeList = mms
02-02 10:42:44.455 D/MobileDataStateTracker(  283): [dun]  unavailable = false
02-02 10:42:44.455 D/MobileDataStateTracker(  283): [dun] Do not process intents if disabled.
02-02 10:42:44.455 D/MobileDataStateTracker(  283): [supl]  MobileDataStateReceiver onReceive(): Entry.
02-02 10:42:44.455 D/MobileDataStateTracker(  283): [supl]  intent.getAction()= android.intent.action.ANY_DATA_STATE
02-02 10:42:44.455 D/MobileDataStateTracker(  283): [supl]  mEnabled = false
02-02 10:42:44.455 D/MobileDataStateTracker(  283): [supl]  apnTypeList = mms
02-02 10:42:44.455 D/MobileDataStateTracker(  283): [supl]  unavailable = false
02-02 10:42:44.455 D/MobileDataStateTracker(  283): [supl] Do not process intents if disabled.
02-02 10:42:44.455 D/MobileDataStateTracker(  283): [mms]  MobileDataStateReceiver onReceive(): Entry.
02-02 10:42:44.455 D/MobileDataStateTracker(  283): [mms]  intent.getAction()= android.intent.action.ANY_DATA_STATE
02-02 10:42:44.455 D/MobileDataStateTracker(  283): [mms]  mEnabled = false
02-02 10:42:44.455 D/MobileDataStateTracker(  283): [mms]  apnTypeList = mms
02-02 10:42:44.455 D/MobileDataStateTracker(  283): [mms]  unavailable = false
02-02 10:42:44.455 D/MobileDataStateTracker(  283): [mms] Do not process intents if disabled.
02-02 10:42:44.455 D/MobileDataStateTracker(  283): [default]  MobileDataStateReceiver onReceive(): Entry.
02-02 10:42:44.455 D/MobileDataStateTracker(  283): [default]  intent.getAction()= android.intent.action.ANY_DATA_STATE
02-02 10:42:44.455 D/MobileDataStateTracker(  283): [default]  mEnabled = true
02-02 10:42:44.455 D/MobileDataStateTracker(  283): [default]  apnTypeList = mms
02-02 10:42:44.455 D/MobileDataStateTracker(  283): [default]  unavailable = false
02-02 10:42:44.465 D/MobileDataStateTracker(  283): [default] not what we are looking for.
02-02 10:42:44.465 D/MobileDataStateTracker(  283): [hipri]  MobileDataStateReceiver onReceive(): Entry.
02-02 10:42:44.465 D/MobileDataStateTracker(  283): [hipri]  intent.getAction()= android.intent.action.ANY_DATA_STATE
02-02 10:42:44.465 D/MobileDataStateTracker(  283): [hipri]  mEnabled = false
02-02 10:42:44.465 D/MobileDataStateTracker(  283): [hipri]  apnTypeList = supl
02-02 10:42:44.465 D/MobileDataStateTracker(  283): [hipri]  unavailable = false
02-02 10:42:44.465 D/MobileDataStateTracker(  283): [hipri] Do not process intents if disabled.
02-02 10:42:44.465 D/MobileDataStateTracker(  283): [dun]  MobileDataStateReceiver onReceive(): Entry.
02-02 10:42:44.465 D/MobileDataStateTracker(  283): [dun]  intent.getAction()= android.intent.action.ANY_DATA_STATE
02-02 10:42:44.465 D/MobileDataStateTracker(  283): [dun]  mEnabled = false
02-02 10:42:44.465 D/MobileDataStateTracker(  283): [dun]  apnTypeList = supl
02-02 10:42:44.465 D/MobileDataStateTracker(  283): [dun]  unavailable = false
02-02 10:42:44.465 D/MobileDataStateTracker(  283): [dun] Do not process intents if disabled.
02-02 10:42:44.465 D/MobileDataStateTracker(  283): [supl]  MobileDataStateReceiver onReceive(): Entry.
02-02 10:42:44.465 D/MobileDataStateTracker(  283): [supl]  intent.getAction()= android.intent.action.ANY_DATA_STATE
02-02 10:42:44.465 D/MobileDataStateTracker(  283): [supl]  mEnabled = false
02-02 10:42:44.465 D/MobileDataStateTracker(  283): [supl]  apnTypeList = supl
02-02 10:42:44.475 D/MobileDataStateTracker(  283): [supl]  unavailable = false
02-02 10:42:44.475 D/MobileDataStateTracker(  283): [supl] Do not process intents if disabled.
02-02 10:42:44.475 D/MobileDataStateTracker(  283): [mms]  MobileDataStateReceiver onReceive(): Entry.
02-02 10:42:44.475 D/MobileDataStateTracker(  283): [mms]  intent.getAction()= android.intent.action.ANY_DATA_STATE
02-02 10:42:44.475 D/MobileDataStateTracker(  283): [mms]  mEnabled = false
02-02 10:42:44.475 D/MobileDataStateTracker(  283): [mms]  apnTypeList = supl
02-02 10:42:44.475 D/MobileDataStateTracker(  283): [mms]  unavailable = false
02-02 10:42:44.475 D/MobileDataStateTracker(  283): [mms] Do not process intents if disabled.
02-02 10:42:44.475 D/MobileDataStateTracker(  283): [default]  MobileDataStateReceiver onReceive(): Entry.
02-02 10:42:44.475 D/MobileDataStateTracker(  283): [default]  intent.getAction()= android.intent.action.ANY_DATA_STATE
02-02 10:42:44.475 D/MobileDataStateTracker(  283): [default]  mEnabled = true
02-02 10:42:44.475 D/MobileDataStateTracker(  283): [default]  apnTypeList = supl
02-02 10:42:44.475 D/MobileDataStateTracker(  283): [default]  unavailable = false
02-02 10:42:44.475 D/MobileDataStateTracker(  283): [default] not what we are looking for.
02-02 10:42:44.475 D/MobileDataStateTracker(  283): [hipri]  MobileDataStateReceiver onReceive(): Entry.
02-02 10:42:44.475 D/MobileDataStateTracker(  283): [hipri]  intent.getAction()= android.intent.action.ANY_DATA_STATE
02-02 10:42:44.475 D/MobileDataStateTracker(  283): [hipri]  mEnabled = false
02-02 10:42:44.475 D/MobileDataStateTracker(  283): [hipri]  apnTypeList = supl
02-02 10:42:44.475 D/MobileDataStateTracker(  283): [hipri]  unavailable = false
02-02 10:42:44.475 D/MobileDataStateTracker(  283): [hipri] Do not process intents if disabled.
02-02 10:42:44.475 D/MobileDataStateTracker(  283): [dun]  MobileDataStateReceiver onReceive(): Entry.
02-02 10:42:44.475 D/MobileDataStateTracker(  283): [dun]  intent.getAction()= android.intent.action.ANY_DATA_STATE
02-02 10:42:44.475 D/MobileDataStateTracker(  283): [dun]  mEnabled = false
02-02 10:42:44.485 D/MobileDataStateTracker(  283): [dun]  apnTypeList = supl
02-02 10:42:44.485 D/MobileDataStateTracker(  283): [dun]  unavailable = false
02-02 10:42:44.485 D/MobileDataStateTracker(  283): [dun] Do not process intents if disabled.
02-02 10:42:44.485 D/MobileDataStateTracker(  283): [supl]  MobileDataStateReceiver onReceive(): Entry.
02-02 10:42:44.485 D/MobileDataStateTracker(  283): [supl]  intent.getAction()= android.intent.action.ANY_DATA_STATE
02-02 10:42:44.485 D/MobileDataStateTracker(  283): [supl]  mEnabled = false
02-02 10:42:44.485 D/MobileDataStateTracker(  283): [supl]  apnTypeList = supl
02-02 10:42:44.485 D/MobileDataStateTracker(  283): [supl]  unavailable = false
02-02 10:42:44.485 D/MobileDataStateTracker(  283): [supl] Do not process intents if disabled.
02-02 10:42:44.485 D/MobileDataStateTracker(  283): [mms]  MobileDataStateReceiver onReceive(): Entry.
02-02 10:42:44.485 D/MobileDataStateTracker(  283): [mms]  intent.getAction()= android.intent.action.ANY_DATA_STATE
02-02 10:42:44.485 D/MobileDataStateTracker(  283): [mms]  mEnabled = false
02-02 10:42:44.485 D/MobileDataStateTracker(  283): [mms]  apnTypeList = supl
02-02 10:42:44.485 D/MobileDataStateTracker(  283): [mms]  unavailable = false
02-02 10:42:44.485 D/MobileDataStateTracker(  283): [mms] Do not process intents if disabled.
02-02 10:42:44.485 D/MobileDataStateTracker(  283): [default]  MobileDataStateReceiver onReceive(): Entry.
02-02 10:42:44.485 D/MobileDataStateTracker(  283): [default]  intent.getAction()= android.intent.action.ANY_DATA_STATE
02-02 10:42:44.485 D/MobileDataStateTracker(  283): [default]  mEnabled = true
02-02 10:42:44.485 D/MobileDataStateTracker(  283): [default]  apnTypeList = supl
02-02 10:42:44.485 D/MobileDataStateTracker(  283): [default]  unavailable = false
02-02 10:42:44.485 D/MobileDataStateTracker(  283): [default] not what we are looking for.
02-02 10:42:44.485 D/MobileDataStateTracker(  283): [hipri]  MobileDataStateReceiver onReceive(): Entry.
02-02 10:42:44.485 D/MobileDataStateTracker(  283): [hipri]  intent.getAction()= android.intent.action.ANY_DATA_STATE
02-02 10:42:44.485 D/MobileDataStateTracker(  283): [hipri]  mEnabled = false
02-02 10:42:44.495 D/MobileDataStateTracker(  283): [hipri]  apnTypeList = dun
02-02 10:42:44.495 D/MobileDataStateTracker(  283): [hipri]  unavailable = false
02-02 10:42:44.495 D/MobileDataStateTracker(  283): [hipri] Do not process intents if disabled.
02-02 10:42:44.495 D/MobileDataStateTracker(  283): [dun]  MobileDataStateReceiver onReceive(): Entry.
02-02 10:42:44.495 D/MobileDataStateTracker(  283): [dun]  intent.getAction()= android.intent.action.ANY_DATA_STATE
02-02 10:42:44.495 D/MobileDataStateTracker(  283): [dun]  mEnabled = false
02-02 10:42:44.495 D/MobileDataStateTracker(  283): [dun]  apnTypeList = dun
02-02 10:42:44.495 D/MobileDataStateTracker(  283): [dun]  unavailable = false
02-02 10:42:44.495 D/MobileDataStateTracker(  283): [dun] Do not process intents if disabled.
02-02 10:42:44.495 D/MobileDataStateTracker(  283): [supl]  MobileDataStateReceiver onReceive(): Entry.
02-02 10:42:44.495 D/MobileDataStateTracker(  283): [supl]  intent.getAction()= android.intent.action.ANY_DATA_STATE
02-02 10:42:44.495 D/MobileDataStateTracker(  283): [supl]  mEnabled = false
02-02 10:42:44.495 D/MobileDataStateTracker(  283): [supl]  apnTypeList = dun
02-02 10:42:44.495 D/MobileDataStateTracker(  283): [supl]  unavailable = false
02-02 10:42:44.495 D/MobileDataStateTracker(  283): [supl] Do not process intents if disabled.
02-02 10:42:44.495 D/MobileDataStateTracker(  283): [mms]  MobileDataStateReceiver onReceive(): Entry.
02-02 10:42:44.495 D/MobileDataStateTracker(  283): [mms]  intent.getAction()= android.intent.action.ANY_DATA_STATE
02-02 10:42:44.495 D/MobileDataStateTracker(  283): [mms]  mEnabled = false
02-02 10:42:44.495 D/MobileDataStateTracker(  283): [mms]  apnTypeList = dun
02-02 10:42:44.495 D/MobileDataStateTracker(  283): [mms]  unavailable = false
02-02 10:42:44.495 D/MobileDataStateTracker(  283): [mms] Do not process intents if disabled.
02-02 10:42:44.495 D/MobileDataStateTracker(  283): [default]  MobileDataStateReceiver onReceive(): Entry.
02-02 10:42:44.495 D/MobileDataStateTracker(  283): [default]  intent.getAction()= android.intent.action.ANY_DATA_STATE
02-02 10:42:44.495 D/MobileDataStateTracker(  283): [default]  mEnabled = true
02-02 10:42:44.505 D/MobileDataStateTracker(  283): [default]  apnTypeList = dun
02-02 10:42:44.505 D/MobileDataStateTracker(  283): [default]  unavailable = false
02-02 10:42:44.505 D/MobileDataStateTracker(  283): [default] not what we are looking for.
02-02 10:42:44.505 D/MobileDataStateTracker(  283): [hipri]  MobileDataStateReceiver onReceive(): Entry.
02-02 10:42:44.505 D/MobileDataStateTracker(  283): [hipri]  intent.getAction()= android.intent.action.ANY_DATA_STATE
02-02 10:42:44.505 D/MobileDataStateTracker(  283): [hipri]  mEnabled = false
02-02 10:42:44.515 D/MobileDataStateTracker(  283): [hipri]  apnTypeList = dun
02-02 10:42:44.515 D/MobileDataStateTracker(  283): [hipri]  unavailable = false
02-02 10:42:44.515 D/MobileDataStateTracker(  283): [hipri] Do not process intents if disabled.
02-02 10:42:44.515 D/MobileDataStateTracker(  283): [dun]  MobileDataStateReceiver onReceive(): Entry.
02-02 10:42:44.515 D/MobileDataStateTracker(  283): [dun]  intent.getAction()= android.intent.action.ANY_DATA_STATE
02-02 10:42:44.515 D/MobileDataStateTracker(  283): [dun]  mEnabled = false
02-02 10:42:44.515 D/MobileDataStateTracker(  283): [dun]  apnTypeList = dun
02-02 10:42:44.515 D/MobileDataStateTracker(  283): [dun]  unavailable = false
02-02 10:42:44.515 D/MobileDataStateTracker(  283): [dun] Do not process intents if disabled.
02-02 10:42:44.515 D/MobileDataStateTracker(  283): [supl]  MobileDataStateReceiver onReceive(): Entry.
02-02 10:42:44.515 D/MobileDataStateTracker(  283): [supl]  intent.getAction()= android.intent.action.ANY_DATA_STATE
02-02 10:42:44.515 D/MobileDataStateTracker(  283): [supl]  mEnabled = false
02-02 10:42:44.525 D/MobileDataStateTracker(  283): [supl]  apnTypeList = dun
02-02 10:42:44.525 D/MobileDataStateTracker(  283): [supl]  unavailable = false
02-02 10:42:44.525 D/MobileDataStateTracker(  283): [supl] Do not process intents if disabled.
02-02 10:42:44.525 D/MobileDataStateTracker(  283): [mms]  MobileDataStateReceiver onReceive(): Entry.
02-02 10:42:44.525 D/MobileDataStateTracker(  283): [mms]  intent.getAction()= android.intent.action.ANY_DATA_STATE
02-02 10:42:44.525 D/MobileDataStateTracker(  283): [mms]  mEnabled = false
02-02 10:42:44.525 D/MobileDataStateTracker(  283): [mms]  apnTypeList = dun
02-02 10:42:44.525 D/MobileDataStateTracker(  283): [mms]  unavailable = false
02-02 10:42:44.525 D/MobileDataStateTracker(  283): [mms] Do not process intents if disabled.
02-02 10:42:44.525 D/MobileDataStateTracker(  283): [default]  MobileDataStateReceiver onReceive(): Entry.
02-02 10:42:44.525 D/MobileDataStateTracker(  283): [default]  intent.getAction()= android.intent.action.ANY_DATA_STATE
02-02 10:42:44.525 D/MobileDataStateTracker(  283): [default]  mEnabled = true
02-02 10:42:44.535 W/SprintID.Util(  608): Network not available -- waiting...
02-02 10:42:44.535 D/MobileDataStateTracker(  283): [default]  apnTypeList = dun
02-02 10:42:44.535 D/MobileDataStateTracker(  283): [default]  unavailable = false
02-02 10:42:44.535 D/MobileDataStateTracker(  283): [default] not what we are looking for.
02-02 10:42:44.535 D/MobileDataStateTracker(  283): [hipri]  MobileDataStateReceiver onReceive(): Entry.
02-02 10:42:44.535 D/MobileDataStateTracker(  283): [hipri]  intent.getAction()= android.intent.action.ANY_DATA_STATE
02-02 10:42:44.535 D/MobileDataStateTracker(  283): [hipri]  mEnabled = false
02-02 10:42:44.535 D/MobileDataStateTracker(  283): [hipri]  apnTypeList = hipri
02-02 10:42:44.535 D/MobileDataStateTracker(  283): [hipri]  unavailable = false
02-02 10:42:44.535 D/MobileDataStateTracker(  283): [hipri] Do not process intents if disabled.
02-02 10:42:44.535 D/MobileDataStateTracker(  283): [dun]  MobileDataStateReceiver onReceive(): Entry.
02-02 10:42:44.535 D/MobileDataStateTracker(  283): [dun]  intent.getAction()= android.intent.action.ANY_DATA_STATE
02-02 10:42:44.535 D/MobileDataStateTracker(  283): [dun]  mEnabled = false
02-02 10:42:44.535 D/KeyguardViewMediator(  283): setHidden false
02-02 10:42:44.545 D/MobileDataStateTracker(  283): [dun]  apnTypeList = hipri
02-02 10:42:44.545 D/MobileDataStateTracker(  283): [dun]  unavailable = false
02-02 10:42:44.545 D/MobileDataStateTracker(  283): [dun] Do not process intents if disabled.
02-02 10:42:44.545 D/MobileDataStateTracker(  283): [supl]  MobileDataStateReceiver onReceive(): Entry.
02-02 10:42:44.545 D/MobileDataStateTracker(  283): [supl]  intent.getAction()= android.intent.action.ANY_DATA_STATE
02-02 10:42:44.545 D/MobileDataStateTracker(  283): [supl]  mEnabled = false
02-02 10:42:44.545 D/MobileDataStateTracker(  283): [supl]  apnTypeList = hipri
02-02 10:42:44.545 D/MobileDataStateTracker(  283): [supl]  unavailable = false
02-02 10:42:44.545 D/MobileDataStateTracker(  283): [supl] Do not process intents if disabled.
02-02 10:42:44.545 D/MobileDataStateTracker(  283): [mms]  MobileDataStateReceiver onReceive(): Entry.
02-02 10:42:44.545 D/MobileDataStateTracker(  283): [mms]  intent.getAction()= android.intent.action.ANY_DATA_STATE
02-02 10:42:44.545 D/MobileDataStateTracker(  283): [mms]  mEnabled = false
02-02 10:42:44.555 D/MobileDataStateTracker(  283): [mms]  apnTypeList = hipri
02-02 10:42:44.555 D/MobileDataStateTracker(  283): [mms]  unavailable = false
02-02 10:42:44.555 D/MobileDataStateTracker(  283): [mms] Do not process intents if disabled.
02-02 10:42:44.555 D/MobileDataStateTracker(  283): [default]  MobileDataStateReceiver onReceive(): Entry.
02-02 10:42:44.555 D/MobileDataStateTracker(  283): [default]  intent.getAction()= android.intent.action.ANY_DATA_STATE
02-02 10:42:44.555 D/MobileDataStateTracker(  283): [default]  mEnabled = true
02-02 10:42:44.555 D/MobileDataStateTracker(  283): [default]  apnTypeList = hipri
02-02 10:42:44.555 D/MobileDataStateTracker(  283): [default]  unavailable = false
02-02 10:42:44.555 D/MobileDataStateTracker(  283): [default] not what we are looking for.
02-02 10:42:44.555 D/MobileDataStateTracker(  283): [hipri]  MobileDataStateReceiver onReceive(): Entry.
02-02 10:42:44.555 D/MobileDataStateTracker(  283): [hipri]  intent.getAction()= android.intent.action.ANY_DATA_STATE
02-02 10:42:44.555 D/MobileDataStateTracker(  283): [hipri]  mEnabled = false
02-02 10:42:44.555 D/MobileDataStateTracker(  283): [hipri]  apnTypeList = hipri
02-02 10:42:44.555 D/MobileDataStateTracker(  283): [hipri]  unavailable = false
02-02 10:42:44.555 D/MobileDataStateTracker(  283): [hipri] Do not process intents if disabled.
02-02 10:42:44.555 D/MobileDataStateTracker(  283): [dun]  MobileDataStateReceiver onReceive(): Entry.
02-02 10:42:44.555 D/MobileDataStateTracker(  283): [dun]  intent.getAction()= android.intent.action.ANY_DATA_STATE
02-02 10:42:44.555 D/MobileDataStateTracker(  283): [dun]  mEnabled = false
02-02 10:42:44.555 D/MobileDataStateTracker(  283): [dun]  apnTypeList = hipri
02-02 10:42:44.555 D/MobileDataStateTracker(  283): [dun]  unavailable = false
02-02 10:42:44.555 D/MobileDataStateTracker(  283): [dun] Do not process intents if disabled.
02-02 10:42:44.555 D/MobileDataStateTracker(  283): [supl]  MobileDataStateReceiver onReceive(): Entry.
02-02 10:42:44.555 D/MobileDataStateTracker(  283): [supl]  intent.getAction()= android.intent.action.ANY_DATA_STATE
02-02 10:42:44.555 D/MobileDataStateTracker(  283): [supl]  mEnabled = false
02-02 10:42:44.555 D/MobileDataStateTracker(  283): [supl]  apnTypeList = hipri
02-02 10:42:44.555 D/MobileDataStateTracker(  283): [supl]  unavailable = false
02-02 10:42:44.555 D/MobileDataStateTracker(  283): [supl] Do not process intents if disabled.
02-02 10:42:44.555 D/MobileDataStateTracker(  283): [mms]  MobileDataStateReceiver onReceive(): Entry.
02-02 10:42:44.555 D/MobileDataStateTracker(  283): [mms]  intent.getAction()= android.intent.action.ANY_DATA_STATE
02-02 10:42:44.555 D/MobileDataStateTracker(  283): [mms]  mEnabled = false
02-02 10:42:44.565 D/MobileDataStateTracker(  283): [mms]  apnTypeList = hipri
02-02 10:42:44.565 D/MobileDataStateTracker(  283): [mms]  unavailable = false
02-02 10:42:44.565 D/MobileDataStateTracker(  283): [mms] Do not process intents if disabled.
02-02 10:42:44.565 D/MobileDataStateTracker(  283): [default]  MobileDataStateReceiver onReceive(): Entry.
02-02 10:42:44.565 D/MobileDataStateTracker(  283): [default]  intent.getAction()= android.intent.action.ANY_DATA_STATE
02-02 10:42:44.565 D/MobileDataStateTracker(  283): [default]  mEnabled = true
02-02 10:42:44.565 D/MobileDataStateTracker(  283): [default]  apnTypeList = hipri
02-02 10:42:44.565 D/MobileDataStateTracker(  283): [default]  unavailable = false
02-02 10:42:44.565 D/MobileDataStateTracker(  283): [default] not what we are looking for.
02-02 10:42:44.565 D/MobileDataStateTracker(  283): [hipri]  MobileDataStateReceiver onReceive(): Entry.
02-02 10:42:44.565 D/MobileDataStateTracker(  283): [hipri]  intent.getAction()= android.intent.action.SERVICE_STATE
02-02 10:42:44.565 D/MobileDataStateTracker(  283): [hipri]  mEnabled = false
02-02 10:42:44.565 D/MobileDataStateTracker(  283): [dun]  MobileDataStateReceiver onReceive(): Entry.
02-02 10:42:44.565 D/MobileDataStateTracker(  283): [dun]  intent.getAction()= android.intent.action.SERVICE_STATE
02-02 10:42:44.565 D/MobileDataStateTracker(  283): [dun]  mEnabled = false
02-02 10:42:44.565 D/MobileDataStateTracker(  283): [supl]  MobileDataStateReceiver onReceive(): Entry.
02-02 10:42:44.565 D/MobileDataStateTracker(  283): [supl]  intent.getAction()= android.intent.action.SERVICE_STATE
02-02 10:42:44.565 D/MobileDataStateTracker(  283): [supl]  mEnabled = false
02-02 10:42:44.575 D/MobileDataStateTracker(  283): [mms]  MobileDataStateReceiver onReceive(): Entry.
02-02 10:42:44.575 D/MobileDataStateTracker(  283): [mms]  intent.getAction()= android.intent.action.SERVICE_STATE
02-02 10:42:44.575 D/MobileDataStateTracker(  283): [mms]  mEnabled = false
02-02 10:42:44.575 D/MobileDataStateTracker(  283): [default]  MobileDataStateReceiver onReceive(): Entry.
02-02 10:42:44.575 D/MobileDataStateTracker(  283): [default]  intent.getAction()= android.intent.action.SERVICE_STATE
02-02 10:42:44.575 D/MobileDataStateTracker(  283): [default]  mEnabled = true
02-02 10:42:44.595 D/PicasaSync(  538): accounts in DB=0
02-02 10:42:45.175 D/AlarmManager(  283): +++Alarm set:type=2 com.locationlabs.v3client  Trigger after:-2ms
02-02 10:42:45.175 W/AlarmManager(  283): +++Alarm  wakeup phone ,pkg=com.locationlabs.v3client
02-02 10:42:45.536 W/SprintID.Util(  608): Network not available -- waiting...
02-02 10:42:46.096 D/DATA    (  422): [DSST(0)] pollstate() : reason = data network state changed
02-02 10:42:46.477 I/wpa_supplicant(  381): State: INACTIVE -> SCANNING
02-02 10:42:46.477 I/wpa_supplicant(  381): CTRL-EVENT-STATE-CHANGE id=-1 state=2 BSSID=00:00:00:00:00:00
02-02 10:42:46.477 D/NetworkStateTracker(  283): setDetailed state, old =IDLE and new state=SCANNING
02-02 10:42:46.537 W/SprintID.Util(  608): Network not available -- waiting...
02-02 10:42:46.987 D/MobileDataStateTracker(  283): [hipri]  MobileDataStateReceiver onReceive(): Entry.
02-02 10:42:46.987 D/MobileDataStateTracker(  283): [hipri]  intent.getAction()= android.intent.action.SERVICE_STATE
02-02 10:42:46.987 D/MobileDataStateTracker(  283): [hipri]  mEnabled = false
02-02 10:42:46.987 D/MobileDataStateTracker(  283): [dun]  MobileDataStateReceiver onReceive(): Entry.
02-02 10:42:46.987 D/MobileDataStateTracker(  283): [dun]  intent.getAction()= android.intent.action.SERVICE_STATE
02-02 10:42:46.987 D/MobileDataStateTracker(  283): [dun]  mEnabled = false
02-02 10:42:46.987 D/DATA    (  422): [DSST(0)]  registrationState = 1  radioTechnology = 8 reasonForDenial = 0
02-02 10:42:46.987 D/DATA    (  422): [DSST(0)]  set mNewDataConnectionState = 0
02-02 10:42:46.987 D/DATA    (  422): [DSST(0)]  mNewDataConnectionState : 0  mDataConnectionState : 0
02-02 10:42:46.997 D/DATA    (  422): [DSST(0)] Poll ServiceState done: oldSS=[0 home null null null  1xRTT CSS not supported -1 -1RoamInd: -1RoamStatus(sprint): -1DefRoamInd: -1EmergOnly: false] newSS=[0 home null null null  EvDo rev. A CSS not supported -1 -1RoamInd: -1RoamStatus(sprint): -1DefRoamInd: -1EmergOnly: false]
02-02 10:42:46.997 D/DATA    (  422): [DSST(0)]  mDataConnectionState = 0
02-02 10:42:47.007 D/MobileDataStateTracker(  283): [supl]  MobileDataStateReceiver onReceive(): Entry.
02-02 10:42:47.007 D/MobileDataStateTracker(  283): [supl]  intent.getAction()= android.intent.action.SERVICE_STATE
02-02 10:42:47.007 D/MobileDataStateTracker(  283): [supl]  mEnabled = false
02-02 10:42:47.007 D/MobileDataStateTracker(  283): [supl] subType changed, oldSubtype = 7new subtype = 6
02-02 10:42:47.007 D/MobileDataStateTracker(  283): [mms]  MobileDataStateReceiver onReceive(): Entry.
02-02 10:42:47.017 D/CallManager(  422):  handleMessage (EVENT_SERVICE_STATE_CHANGED)
02-02 10:42:47.017 E/BT HS/HF(  422): SERVICE_STATE_CHANGED called
02-02 10:42:47.017 E/BT HS/HF(  422): updateServiceState called, sendUpdate:false  ServiceState:0 home Sprint  310099  1xRTT CSS not supported 41 4139RoamInd: 1RoamStatus(sprint): 1DefRoamInd: 160EmergOnly: false
02-02 10:42:47.017 E/BT HS/HF(  422): service:1 mService:1
02-02 10:42:47.017 D/CallManager(  422):  handleMessage (EVENT_SERVICE_STATE_CHANGED)
02-02 10:42:47.017 D/MobileDataStateTracker(  283): [mms]  intent.getAction()= android.intent.action.SERVICE_STATE
02-02 10:42:47.017 D/MobileDataStateTracker(  283): [mms]  mEnabled = false
02-02 10:42:47.017 D/MobileDataStateTracker(  283): [mms] subType changed, oldSubtype = 7new subtype = 6
02-02 10:42:47.017 D/MobileDataStateTracker(  283): [default]  MobileDataStateReceiver onReceive(): Entry.
02-02 10:42:47.017 D/MobileDataStateTracker(  283): [default]  intent.getAction()= android.intent.action.SERVICE_STATE
02-02 10:42:47.017 D/MobileDataStateTracker(  283): [default]  mEnabled = true
02-02 10:42:47.017 D/MobileDataStateTracker(  283): [default] subType changed, oldSubtype = 7new subtype = 6
02-02 10:42:47.027 E/BT HS/HF(  422): SERVICE_STATE_CHANGED called
02-02 10:42:47.027 E/BT HS/HF(  422): updateServiceState called, sendUpdate:false  ServiceState:0 home Sprint  310099  EvDo rev. A CSS not supported 41 4139RoamInd: 1RoamStatus(sprint): 1DefRoamInd: 160EmergOnly: false
02-02 10:42:47.027 E/BT HS/HF(  422): service:1 mService:1
02-02 10:42:47.027 D/Phone   (  422): [PhoneNotifier] [DefaultPhoneNotifier] : default, INET, CONNECTING
02-02 10:42:47.027 D/MobileDataStateTracker(  283): [hipri]  MobileDataStateReceiver onReceive(): Entry.
02-02 10:42:47.027 D/MobileDataStateTracker(  283): [hipri]  intent.getAction()= android.intent.action.SERVICE_STATE
02-02 10:42:47.027 D/MobileDataStateTracker(  283): [hipri]  mEnabled = false
02-02 10:42:47.037 D/MobileDataStateTracker(  283): [hipri] subType changed, oldSubtype = 7new subtype = 6
02-02 10:42:47.037 I/TelephonyRegistry(  283): notifyDataConnection: state=1 isDataConnectivityPossible=true reason=radioTechnologyChanged interfaceName=null networkType=6 apnType=default apn=null
02-02 10:42:47.037 I/TelephonyRegistry(  283): +++broadcastDataConnectionStateChanged
02-02 10:42:47.037 I/TelephonyRegistry(  283): +++sendStickyBroadcast
02-02 10:42:47.037 D/MobileDataStateTracker(  283): [dun]  MobileDataStateReceiver onReceive(): Entry.
02-02 10:42:47.047 D/MobileDataStateTracker(  283): [dun]  intent.getAction()= android.intent.action.SERVICE_STATE
02-02 10:42:47.047 D/MobileDataStateTracker(  283): [dun]  mEnabled = false
02-02 10:42:47.047 D/MobileDataStateTracker(  283): [dun] subType changed, oldSubtype = 7new subtype = 6
02-02 10:42:47.047 D/MobileDataStateTracker(  283): [supl]  MobileDataStateReceiver onReceive(): Entry.
02-02 10:42:47.047 D/Phone   (  422): [PhoneNotifier] [DefaultPhoneNotifier] : default, INET6, DISCONNECTED
02-02 10:42:47.047 I/TelephonyRegistry(  283): notifyDataConnection: state=0 isDataConnectivityPossible=true reason=radioTechnologyChanged interfaceName=null networkType=6 apnType=default apn=null
02-02 10:42:47.047 I/TelephonyRegistry(  283): +++broadcastDataConnectionStateChanged
02-02 10:42:47.047 I/TelephonyRegistry(  283): +++sendStickyBroadcast
02-02 10:42:47.057 D/MobileDataStateTracker(  283): [supl]  intent.getAction()= android.intent.action.SERVICE_STATE
02-02 10:42:47.057 D/MobileDataStateTracker(  283): [supl]  mEnabled = false
02-02 10:42:47.057 D/MobileDataStateTracker(  283): [mms]  MobileDataStateReceiver onReceive(): Entry.
02-02 10:42:47.057 D/MobileDataStateTracker(  283): [mms]  intent.getAction()= android.intent.action.SERVICE_STATE
02-02 10:42:47.057 D/MobileDataStateTracker(  283): [mms]  mEnabled = false
02-02 10:42:47.057 D/MobileDataStateTracker(  283): [default]  MobileDataStateReceiver onReceive(): Entry.
02-02 10:42:47.057 D/MobileDataStateTracker(  283): [default]  intent.getAction()= android.intent.action.SERVICE_STATE
02-02 10:42:47.057 D/MobileDataStateTracker(  283): [default]  mEnabled = true
02-02 10:42:47.057 D/Phone   (  422): [PhoneNotifier] [DefaultPhoneNotifier] : mms, INET, DISCONNECTED
02-02 10:42:47.067 I/TelephonyRegistry(  283): notifyDataConnection: state=0 isDataConnectivityPossible=true reason=radioTechnologyChanged interfaceName=null networkType=6 apnType=mms apn=null
02-02 10:42:47.067 I/TelephonyRegistry(  283): +++broadcastDataConnectionStateChanged
02-02 10:42:47.067 I/TelephonyRegistry(  283): +++sendStickyBroadcast
02-02 10:42:47.067 D/MobileDataStateTracker(  283): [hipri]  MobileDataStateReceiver onReceive(): Entry.
02-02 10:42:47.067 D/MobileDataStateTracker(  283): [hipri]  intent.getAction()= android.intent.action.ANY_DATA_STATE
02-02 10:42:47.067 D/MobileDataStateTracker(  283): [hipri]  mEnabled = false
02-02 10:42:47.067 D/MobileDataStateTracker(  283): [hipri]  apnTypeList = default
02-02 10:42:47.067 D/Phone   (  422): [PhoneNotifier] [DefaultPhoneNotifier] : mms, INET6, DISCONNECTED
02-02 10:42:47.077 I/TelephonyRegistry(  283): notifyDataConnection: state=0 isDataConnectivityPossible=true reason=radioTechnologyChanged interfaceName=null networkType=6 apnType=mms apn=null
02-02 10:42:47.077 I/TelephonyRegistry(  283): +++broadcastDataConnectionStateChanged
02-02 10:42:47.077 I/TelephonyRegistry(  283): +++sendStickyBroadcast
02-02 10:42:47.077 D/MobileDataStateTracker(  283): [hipri]  unavailable = false
02-02 10:42:47.077 D/MobileDataStateTracker(  283): [hipri] Do not process intents if disabled.
02-02 10:42:47.077 D/MobileDataStateTracker(  283): [dun]  MobileDataStateReceiver onReceive(): Entry.
02-02 10:42:47.077 D/MobileDataStateTracker(  283): [dun]  intent.getAction()= android.intent.action.ANY_DATA_STATE
02-02 10:42:47.077 D/MobileDataStateTracker(  283): [dun]  mEnabled = false
02-02 10:42:47.077 D/MobileDataStateTracker(  283): [dun]  apnTypeList = default
02-02 10:42:47.077 D/MobileDataStateTracker(  283): [dun]  unavailable = false
02-02 10:42:47.077 D/MobileDataStateTracker(  283): [dun] Do not process intents if disabled.
02-02 10:42:47.077 D/MobileDataStateTracker(  283): [supl]  MobileDataStateReceiver onReceive(): Entry.
02-02 10:42:47.087 D/MobileDataStateTracker(  283): [supl]  intent.getAction()= android.intent.action.ANY_DATA_STATE
02-02 10:42:47.087 D/MobileDataStateTracker(  283): [supl]  mEnabled = false
02-02 10:42:47.087 D/Phone   (  422): [PhoneNotifier] [DefaultPhoneNotifier] : supl, INET, DISCONNECTED
02-02 10:42:47.087 I/TelephonyRegistry(  283): notifyDataConnection: state=0 isDataConnectivityPossible=true reason=radioTechnologyChanged interfaceName=null networkType=6 apnType=supl apn=null
02-02 10:42:47.087 I/TelephonyRegistry(  283): +++broadcastDataConnectionStateChanged
02-02 10:42:47.087 I/TelephonyRegistry(  283): +++sendStickyBroadcast
02-02 10:42:47.087 D/MobileDataStateTracker(  283): [supl]  apnTypeList = default
02-02 10:42:47.087 D/MobileDataStateTracker(  283): [supl]  unavailable = false
02-02 10:42:47.087 D/MobileDataStateTracker(  283): [supl] Do not process intents if disabled.
02-02 10:42:47.087 D/MobileDataStateTracker(  283): [mms]  MobileDataStateReceiver onReceive(): Entry.
02-02 10:42:47.087 D/MobileDataStateTracker(  283): [mms]  intent.getAction()= android.intent.action.ANY_DATA_STATE
02-02 10:42:47.087 D/MobileDataStateTracker(  283): [mms]  mEnabled = false
02-02 10:42:47.097 D/Phone   (  422): [PhoneNotifier] [DefaultPhoneNotifier] : supl, INET6, DISCONNECTED
02-02 10:42:47.097 I/TelephonyRegistry(  283): notifyDataConnection: state=0 isDataConnectivityPossible=true reason=radioTechnologyChanged interfaceName=null networkType=6 apnType=supl apn=null
02-02 10:42:47.097 I/TelephonyRegistry(  283): +++broadcastDataConnectionStateChanged
02-02 10:42:47.097 I/TelephonyRegistry(  283): +++sendStickyBroadcast
02-02 10:42:47.107 D/MobileDataStateTracker(  283): [mms]  apnTypeList = default
02-02 10:42:47.107 D/MobileDataStateTracker(  283): [mms]  unavailable = false
02-02 10:42:47.107 D/MobileDataStateTracker(  283): [mms] Do not process intents if disabled.
02-02 10:42:47.107 D/MobileDataStateTracker(  283): [default]  MobileDataStateReceiver onReceive(): Entry.
02-02 10:42:47.107 D/MobileDataStateTracker(  283): [default]  intent.getAction()= android.intent.action.ANY_DATA_STATE
02-02 10:42:47.107 D/MobileDataStateTracker(  283): [default]  mEnabled = true
02-02 10:42:47.107 D/MobileDataStateTracker(  283): [default]  apnTypeList = default
02-02 10:42:47.107 D/Phone   (  422): [PhoneNotifier] [DefaultPhoneNotifier] : dun, INET, DISCONNECTED
02-02 10:42:47.107 I/TelephonyRegistry(  283): notifyDataConnection: state=0 isDataConnectivityPossible=true reason=radioTechnologyChanged interfaceName=null networkType=6 apnType=dun apn=null
02-02 10:42:47.107 I/TelephonyRegistry(  283): +++broadcastDataConnectionStateChanged
02-02 10:42:47.107 I/TelephonyRegistry(  283): +++sendStickyBroadcast
02-02 10:42:47.117 D/MobileDataStateTracker(  283): [default]  unavailable = false
02-02 10:42:47.117 D/MobileDataStateTracker(  283): [default] CALL updateMobileInfoFromIntent
02-02 10:42:47.117 I/MobileDataStateTracker(  283): [default] dc state change intent received for default/INET with state  CONNECTING. enabled=true state change reason = radioTechnologyChanged
02-02 10:42:47.117 I/MobileDataStateTracker(  283): [default] old state = CONNECTING
02-02 10:42:47.117 I/MobileDataStateTracker(  283): [default] no change,  just return
02-02 10:42:47.117 D/MobileDataStateTracker(  283): [default] No need to update detailed state
02-02 10:42:47.117 D/Phone   (  422): [PhoneNotifier] [DefaultPhoneNotifier] : dun, INET6, DISCONNECTED
02-02 10:42:47.117 I/TelephonyRegistry(  283): notifyDataConnection: state=0 isDataConnectivityPossible=true reason=radioTechnologyChanged interfaceName=null networkType=6 apnType=dun apn=null
02-02 10:42:47.117 I/TelephonyRegistry(  283): +++broadcastDataConnectionStateChanged
02-02 10:42:47.117 D/MobileDataStateTracker(  283): [hipri]  MobileDataStateReceiver onReceive(): Entry.
02-02 10:42:47.117 D/MobileDataStateTracker(  283): [hipri]  intent.getAction()= android.intent.action.ANY_DATA_STATE
02-02 10:42:47.117 D/MobileDataStateTracker(  283): [hipri]  mEnabled = false
02-02 10:42:47.117 I/TelephonyRegistry(  283): +++sendStickyBroadcast
02-02 10:42:47.127 D/MobileDataStateTracker(  283): [hipri]  apnTypeList = default
02-02 10:42:47.127 D/MobileDataStateTracker(  283): [hipri]  unavailable = false
02-02 10:42:47.127 D/MobileDataStateTracker(  283): [hipri] Do not process intents if disabled.
02-02 10:42:47.127 D/MobileDataStateTracker(  283): [dun]  MobileDataStateReceiver onReceive(): Entry.
02-02 10:42:47.127 D/MobileDataStateTracker(  283): [dun]  intent.getAction()= android.intent.action.ANY_DATA_STATE
02-02 10:42:47.127 D/MobileDataStateTracker(  283): [dun]  mEnabled = false
02-02 10:42:47.127 D/MobileDataStateTracker(  283): [dun]  apnTypeList = default
02-02 10:42:47.127 D/MobileDataStateTracker(  283): [dun]  unavailable = false
02-02 10:42:47.127 D/MobileDataStateTracker(  283): [dun] Do not process intents if disabled.
02-02 10:42:47.127 D/MobileDataStateTracker(  283): [supl]  MobileDataStateReceiver onReceive(): Entry.
02-02 10:42:47.127 D/MobileDataStateTracker(  283): [supl]  intent.getAction()= android.intent.action.ANY_DATA_STATE
02-02 10:42:47.127 D/Phone   (  422): [PhoneNotifier] [DefaultPhoneNotifier] : hipri, INET, DISCONNECTED
02-02 10:42:47.127 I/TelephonyRegistry(  283): notifyDataConnection: state=0 isDataConnectivityPossible=true reason=radioTechnologyChanged interfaceName=null networkType=6 apnType=hipri apn=null
02-02 10:42:47.127 I/TelephonyRegistry(  283): +++broadcastDataConnectionStateChanged
02-02 10:42:47.127 I/TelephonyRegistry(  283): +++sendStickyBroadcast
02-02 10:42:47.137 D/MobileDataStateTracker(  283): [supl]  mEnabled = false
02-02 10:42:47.137 D/MobileDataStateTracker(  283): [supl]  apnTypeList = default
02-02 10:42:47.137 D/MobileDataStateTracker(  283): [supl]  unavailable = false
02-02 10:42:47.137 D/MobileDataStateTracker(  283): [supl] Do not process intents if disabled.
02-02 10:42:47.137 D/MobileDataStateTracker(  283): [mms]  MobileDataStateReceiver onReceive(): Entry.
02-02 10:42:47.137 D/MobileDataStateTracker(  283): [mms]  intent.getAction()= android.intent.action.ANY_DATA_STATE
02-02 10:42:47.137 D/MobileDataStateTracker(  283): [mms]  mEnabled = false
02-02 10:42:47.137 D/Phone   (  422): [PhoneNotifier] [DefaultPhoneNotifier] : hipri, INET6, DISCONNECTED
02-02 10:42:47.147 I/TelephonyRegistry(  283): notifyDataConnection: state=0 isDataConnectivityPossible=true reason=radioTechnologyChanged interfaceName=null networkType=6 apnType=hipri apn=null
02-02 10:42:47.147 I/TelephonyRegistry(  283): +++broadcastDataConnectionStateChanged
02-02 10:42:47.147 I/TelephonyRegistry(  283): +++sendStickyBroadcast
02-02 10:42:47.157 D/MobileDataStateTracker(  283): [mms]  apnTypeList = default
02-02 10:42:47.157 D/MobileDataStateTracker(  283): [mms]  unavailable = false
02-02 10:42:47.157 D/MobileDataStateTracker(  283): [mms] Do not process intents if disabled.
02-02 10:42:47.157 D/MobileDataStateTracker(  283): [default]  MobileDataStateReceiver onReceive(): Entry.
02-02 10:42:47.157 D/MobileDataStateTracker(  283): [default]  intent.getAction()= android.intent.action.ANY_DATA_STATE
02-02 10:42:47.157 D/MobileDataStateTracker(  283): [default]  mEnabled = true
02-02 10:42:47.157 D/MobileDataStateTracker(  283): [default]  apnTypeList = default
02-02 10:42:47.157 D/MobileDataStateTracker(  283): [default]  unavailable = false
02-02 10:42:47.157 D/MobileDataStateTracker(  283): [default] CALL updateMobileInfoFromIntent
02-02 10:42:47.157 D/DATA    (  422): [DCT(0) ] Resetting all profiles and service states!
02-02 10:42:47.157 D/PhoneApp(  422): mReceiver: ACTION_ANY_DATA_CONNECTION_STATE_CHANGED
02-02 10:42:47.157 D/PhoneApp(  422): - state: DISCONNECTED
02-02 10:42:47.157 D/PhoneApp(  422): - reason: radioTechnologyChanged
02-02 10:42:47.157 D/PhoneApp(  422): mReceiver: ACTION_ANY_DATA_CONNECTION_STATE_CHANGED
02-02 10:42:47.157 D/PhoneApp(  422): - state: DISCONNECTED
02-02 10:42:47.157 D/PhoneApp(  422): - reason: radioTechnologyChanged
02-02 10:42:47.157 I/MobileDataStateTracker(  283): [default] dc state change intent received for default/INET6 with state  DISCONNECTED. enabled=true state change reason = radioTechnologyChanged
02-02 10:42:47.157 I/MobileDataStateTracker(  283): [default] old state = DISCONNECTED
02-02 10:42:47.157 I/MobileDataStateTracker(  283): [default] no change,  just return
02-02 10:42:47.157 D/MobileDataStateTracker(  283): [default] No need to update detailed state
02-02 10:42:47.157 D/MobileDataStateTracker(  283): [hipri]  MobileDataStateReceiver onReceive(): Entry.
02-02 10:42:47.157 D/MobileDataStateTracker(  283): [hipri]  intent.getAction()= android.intent.action.ANY_DATA_STATE
02-02 10:42:47.157 D/MobileDataStateTracker(  283): [hipri]  mEnabled = false
02-02 10:42:47.167 D/PhoneApp(  422): mReceiver: ACTION_ANY_DATA_CONNECTION_STATE_CHANGED
02-02 10:42:47.167 D/PhoneApp(  422): - state: DISCONNECTED
02-02 10:42:47.167 D/PhoneApp(  422): - reason: radioTechnologyChanged
02-02 10:42:47.167 D/MobileDataStateTracker(  283): [hipri]  apnTypeList = mms
02-02 10:42:47.167 D/MobileDataStateTracker(  283): [hipri]  unavailable = false
02-02 10:42:47.167 D/MobileDataStateTracker(  283): [hipri] Do not process intents if disabled.
02-02 10:42:47.167 D/MobileDataStateTracker(  283): [dun]  MobileDataStateReceiver onReceive(): Entry.
02-02 10:42:47.167 D/MobileDataStateTracker(  283): [dun]  intent.getAction()= android.intent.action.ANY_DATA_STATE
02-02 10:42:47.167 D/MobileDataStateTracker(  283): [dun]  mEnabled = false
02-02 10:42:47.167 D/MobileDataStateTracker(  283): [dun]  apnTypeList = mms
02-02 10:42:47.177 D/PhoneApp(  422): mReceiver: ACTION_ANY_DATA_CONNECTION_STATE_CHANGED
02-02 10:42:47.177 D/PhoneApp(  422): - state: DISCONNECTED
02-02 10:42:47.177 D/PhoneApp(  422): - reason: radioTechnologyChanged
02-02 10:42:47.177 D/PhoneApp(  422): mReceiver: ACTION_ANY_DATA_CONNECTION_STATE_CHANGED
02-02 10:42:47.177 D/MobileDataStateTracker(  283): [dun]  unavailable = false
02-02 10:42:47.177 D/MobileDataStateTracker(  283): [dun] Do not process intents if disabled.
02-02 10:42:47.177 D/MobileDataStateTracker(  283): [supl]  MobileDataStateReceiver onReceive(): Entry.
02-02 10:42:47.177 D/MobileDataStateTracker(  283): [supl]  intent.getAction()= android.intent.action.ANY_DATA_STATE
02-02 10:42:47.177 D/MobileDataStateTracker(  283): [supl]  mEnabled = false
02-02 10:42:47.177 D/MobileDataStateTracker(  283): [supl]  apnTypeList = mms
02-02 10:42:47.177 D/MobileDataStateTracker(  283): [supl]  unavailable = false
02-02 10:42:47.177 D/MobileDataStateTracker(  283): [supl] Do not process intents if disabled.
02-02 10:42:47.177 D/MobileDataStateTracker(  283): [mms]  MobileDataStateReceiver onReceive(): Entry.
02-02 10:42:47.177 D/MobileDataStateTracker(  283): [mms]  intent.getAction()= android.intent.action.ANY_DATA_STATE
02-02 10:42:47.177 D/MobileDataStateTracker(  283): [mms]  mEnabled = false
02-02 10:42:47.177 D/MobileDataStateTracker(  283): [mms]  apnTypeList = mms
02-02 10:42:47.177 D/MobileDataStateTracker(  283): [mms]  unavailable = false
02-02 10:42:47.177 D/MobileDataStateTracker(  283): [mms] Do not process intents if disabled.
02-02 10:42:47.177 D/MobileDataStateTracker(  283): [default]  MobileDataStateReceiver onReceive(): Entry.
02-02 10:42:47.177 D/PhoneApp(  422): - state: DISCONNECTED
02-02 10:42:47.177 D/PhoneApp(  422): - reason: radioTechnologyChanged
02-02 10:42:47.177 D/PhoneApp(  422): mReceiver: ACTION_ANY_DATA_CONNECTION_STATE_CHANGED
02-02 10:42:47.177 D/PhoneApp(  422): - state: DISCONNECTED
02-02 10:42:47.187 D/PhoneApp(  422): - reason: radioTechnologyChanged
02-02 10:42:47.187 D/PhoneApp(  422): mReceiver: ACTION_ANY_DATA_CONNECTION_STATE_CHANGED
02-02 10:42:47.187 D/PhoneApp(  422): - state: DISCONNECTED
02-02 10:42:47.187 D/PhoneApp(  422): - reason: radioTechnologyChanged
02-02 10:42:47.187 D/PhoneApp(  422): mReceiver: ACTION_ANY_DATA_CONNECTION_STATE_CHANGED
02-02 10:42:47.187 D/MobileDataStateTracker(  283): [default]  intent.getAction()= android.intent.action.ANY_DATA_STATE
02-02 10:42:47.187 D/MobileDataStateTracker(  283): [default]  mEnabled = true
02-02 10:42:47.187 D/MobileDataStateTracker(  283): [default]  apnTypeList = mms
02-02 10:42:47.187 D/MobileDataStateTracker(  283): [default]  unavailable = false
02-02 10:42:47.187 D/MobileDataStateTracker(  283): [default] not what we are looking for.
02-02 10:42:47.187 D/MobileDataStateTracker(  283): [hipri]  MobileDataStateReceiver onReceive(): Entry.
02-02 10:42:47.187 D/MobileDataStateTracker(  283): [hipri]  intent.getAction()= android.intent.action.ANY_DATA_STATE
02-02 10:42:47.187 D/MobileDataStateTracker(  283): [hipri]  mEnabled = false
02-02 10:42:47.187 D/MobileDataStateTracker(  283): [hipri]  apnTypeList = mms
02-02 10:42:47.187 D/MobileDataStateTracker(  283): [hipri]  unavailable = false
02-02 10:42:47.187 D/MobileDataStateTracker(  283): [hipri] Do not process intents if disabled.
02-02 10:42:47.187 D/MobileDataStateTracker(  283): [dun]  MobileDataStateReceiver onReceive(): Entry.
02-02 10:42:47.187 D/MobileDataStateTracker(  283): [dun]  intent.getAction()= android.intent.action.ANY_DATA_STATE
02-02 10:42:47.187 D/MobileDataStateTracker(  283): [dun]  mEnabled = false
02-02 10:42:47.197 D/PhoneApp(  422): - state: DISCONNECTED
02-02 10:42:47.197 D/PhoneApp(  422): - reason: radioTechnologyChanged
02-02 10:42:47.197 D/PhoneApp(  422): mReceiver: ACTION_ANY_DATA_CONNECTION_STATE_CHANGED
02-02 10:42:47.197 D/PhoneApp(  422): - state: DISCONNECTED
02-02 10:42:47.197 D/PhoneApp(  422): - reason: radioTechnologyChanged
02-02 10:42:47.197 D/PhoneApp(  422): mReceiver: ACTION_ANY_DATA_CONNECTION_STATE_CHANGED
02-02 10:42:47.197 D/PhoneApp(  422): - state: DISCONNECTED
02-02 10:42:47.197 D/PhoneApp(  422): - reason: radioTechnologyChanged
02-02 10:42:47.197 I/DATA    (  422): [DCT(0) ] onUpdateDataConnections: reason=radioTechnologyChanged
02-02 10:42:47.197 D/MobileDataStateTracker(  283): [dun]  apnTypeList = mms
02-02 10:42:47.197 D/MobileDataStateTracker(  283): [dun]  unavailable = false
02-02 10:42:47.197 D/MobileDataStateTracker(  283): [dun] Do not process intents if disabled.
02-02 10:42:47.197 D/MobileDataStateTracker(  283): [supl]  MobileDataStateReceiver onReceive(): Entry.
02-02 10:42:47.197 D/MobileDataStateTracker(  283): [supl]  intent.getAction()= android.intent.action.ANY_DATA_STATE
02-02 10:42:47.197 D/MobileDataStateTracker(  283): [supl]  mEnabled = false
02-02 10:42:47.197 D/MobileDataStateTracker(  283): [supl]  apnTypeList = mms
02-02 10:42:47.197 D/MobileDataStateTracker(  283): [supl]  unavailable = false
02-02 10:42:47.197 D/MobileDataStateTracker(  283): [supl] Do not process intents if disabled.
02-02 10:42:47.197 D/MobileDataStateTracker(  283): [mms]  MobileDataStateReceiver onReceive(): Entry.
02-02 10:42:47.197 D/MobileDataStateTracker(  283): [mms]  intent.getAction()= android.intent.action.ANY_DATA_STATE
