02-02 11:42:29.966 D/KeyguardViewMediator(  283): setHidden false
02-02 11:42:29.976 D/KeyguardViewMediator(  283): setHidden false
02-02 11:42:29.996 D/KeyguardViewMediator(  283): setHidden false
02-02 11:42:30.006 D/KeyguardViewMediator(  283): setHidden false
02-02 11:42:30.026 D/KeyguardViewMediator(  283): setHidden false
02-02 11:42:30.046 D/KeyguardViewMediator(  283): setHidden false
02-02 11:42:30.056 D/KeyguardViewMediator(  283): setHidden false
02-02 11:42:30.076 D/KeyguardViewMediator(  283): setHidden false
02-02 11:42:30.086 D/KeyguardViewMediator(  283): setHidden false
02-02 11:42:30.106 D/KeyguardViewMediator(  283): setHidden false
02-02 11:42:30.126 D/KeyguardViewMediator(  283): setHidden false
02-02 11:42:30.146 D/KeyguardViewMediator(  283): setHidden false
02-02 11:42:30.166 D/KeyguardViewMediator(  283): setHidden false
02-02 11:42:30.176 D/KeyguardViewMediator(  283): setHidden false
02-02 11:42:30.196 D/KeyguardViewMediator(  283): setHidden false
02-02 11:42:30.206 D/KeyguardViewMediator(  283): setHidden false
02-02 11:42:30.256 I/ContactsUpgradeReceiver(  385): Creating or opening contacts database
02-02 11:42:30.316 I/ContactsDatabaseHelper(  385): Bootstrapping database
02-02 11:42:30.517 I/ContactsProviderV1(  385): Bootstrapping database legacy support
02-02 11:42:30.667 I/wpa_supplicant(  381): State: SCANNING -> INACTIVE
02-02 11:42:30.667 I/wpa_supplicant(  381): CTRL-EVENT-STATE-CHANGE id=-1 state=1 BSSID=00:00:00:00:00:00
02-02 11:42:30.667 I/dun_service(  129): process rmnet event
02-02 11:42:30.667 I/dun_service(  129): Post event 3
02-02 11:42:30.667 I/dun_service(  129): received event: DUN_EVENT_RMNET_DOWN 
02-02 11:42:30.667 I/dun_service(  129): received event(DUN_EVENT_RMNET_DOWN) in state(DUN_STATE_USB_UNPLUG)
02-02 11:42:30.667 I/dun_service(  129): Ignoring the event DUN_EVENT_RMNET_DOWN in USB_UNPLUG_STATE
02-02 11:42:30.667 I/dun_service(  129): Moved to state(DUN_STATE_USB_UNPLUG)
02-02 11:42:30.667 D/NetworkStateTracker(  283): setDetailed state, old =SCANNING and new state=IDLE
02-02 11:42:30.667 D/WifiStateTracker(  283): setNotificationVisible() visible=false mNotificationShown=false force=false return.
02-02 11:42:31.297 I/CalendarUpgradeReceiver(  396): Creating or opening calendar database
02-02 11:42:31.367 I/CalendarDatabaseHelper(  396): Bootstrapping database
02-02 11:42:31.467 D/KeyguardViewMediator(  283): setHidden false
02-02 11:42:31.738 E/WallpaperManager(  283): 
02-02 11:42:31.738 E/WallpaperManager(  283): This file may have been altered and cannot be opened.
02-02 11:42:31.948 D/KeyguardViewMediator(  283): setHidden false
02-02 11:42:31.968 D/Tethering(  283): MasterInitialState.processMessage what=3
02-02 11:42:32.048 D/KeyguardViewMediator(  283): setHidden false
02-02 11:42:32.048 D/SntpClient(  283): request time failed: java.net.UnknownHostException: xtra1.gpsonextra.net
02-02 11:42:32.048 D/SntpClient(  283): request time failed: java.net.UnknownHostException: xtra1.gpsonextra.net
02-02 11:42:32.118 D/KeyguardViewMediator(  283): setHidden false
02-02 11:42:32.148 D/KeyguardViewMediator(  283): setHidden false
02-02 11:42:32.148 D/KeyguardViewMediator(  283): setHidden false
02-02 11:42:32.168 D/KeyguardViewMediator(  283): setHidden false
02-02 11:42:32.188 D/KeyguardViewMediator(  283): setHidden false
02-02 11:42:32.188 D/KeyguardViewMediator(  283): setHidden false
02-02 11:42:32.198 D/KeyguardViewMediator(  283): setHidden false
02-02 11:42:32.218 D/KeyguardViewMediator(  283): setHidden false
02-02 11:42:32.218 D/KeyguardViewMediator(  283): setHidden false
02-02 11:42:32.228 D/KeyguardViewMediator(  283): setHidden false
02-02 11:42:32.238 D/KeyguardViewMediator(  283): setHidden false
02-02 11:42:32.248 D/KeyguardViewMediator(  283): setHidden false
02-02 11:42:32.258 D/KeyguardViewMediator(  283): setHidden false
02-02 11:42:32.268 D/KeyguardViewMediator(  283): setHidden false
02-02 11:42:32.268 D/KeyguardViewMediator(  283): setHidden false
02-02 11:42:32.278 D/KeyguardViewMediator(  283): setHidden false
02-02 11:42:32.288 D/KeyguardViewMediator(  283): setHidden false
02-02 11:42:32.288 D/KeyguardViewMediator(  283): setHidden false
02-02 11:42:32.298 D/KeyguardViewMediator(  283): setHidden false
02-02 11:42:32.298 D/KeyguardViewMediator(  283): setHidden false
02-02 11:42:32.308 D/KeyguardViewMediator(  283): setHidden false
02-02 11:42:32.318 D/KeyguardViewMediator(  283): setHidden false
02-02 11:42:32.338 D/KeyguardViewMediator(  283): setHidden false
02-02 11:42:32.338 D/KeyguardViewMediator(  283): setHidden false
02-02 11:42:32.348 D/KeyguardViewMediator(  283): setHidden false
02-02 11:42:32.358 D/KeyguardViewMediator(  283): setHidden false
02-02 11:42:32.358 D/KeyguardViewMediator(  283): setHidden false
02-02 11:42:32.368 D/KeyguardViewMediator(  283): setHidden false
02-02 11:42:32.378 D/KeyguardViewMediator(  283): setHidden false
02-02 11:42:32.388 D/KeyguardViewMediator(  283): setHidden false
02-02 11:42:32.408 D/KeyguardViewMediator(  283): setHidden false
02-02 11:42:32.408 D/KeyguardViewMediator(  283): setHidden false
02-02 11:42:32.418 D/KeyguardViewMediator(  283): setHidden false
02-02 11:42:32.418 D/KeyguardViewMediator(  283): setHidden false
02-02 11:42:32.428 D/KeyguardViewMediator(  283): setHidden false
02-02 11:42:32.438 D/KeyguardViewMediator(  283): setHidden false
02-02 11:42:32.448 D/KeyguardViewMediator(  283): setHidden false
02-02 11:42:32.448 D/KeyguardViewMediator(  283): setHidden false
02-02 11:42:32.458 D/KeyguardViewMediator(  283): setHidden false
02-02 11:42:32.478 D/KeyguardViewMediator(  283): setHidden false
02-02 11:42:32.478 D/KeyguardViewMediator(  283): setHidden false
02-02 11:42:32.488 D/KeyguardViewMediator(  283): setHidden false
02-02 11:42:32.509 D/KeyguardViewMediator(  283): setHidden false
02-02 11:42:32.509 D/KeyguardViewMediator(  283): setHidden false
02-02 11:42:32.519 D/KeyguardViewMediator(  283): setHidden false
02-02 11:42:32.529 D/KeyguardViewMediator(  283): setHidden false
02-02 11:42:32.549 D/KeyguardViewMediator(  283): setHidden false
02-02 11:42:32.549 D/KeyguardViewMediator(  283): setHidden false
02-02 11:42:32.559 D/KeyguardViewMediator(  283): setHidden false
02-02 11:42:32.559 D/KeyguardViewMediator(  283): setHidden false
02-02 11:42:32.569 D/KeyguardViewMediator(  283): setHidden false
02-02 11:42:32.569 D/KeyguardViewMediator(  283): setHidden false
02-02 11:42:32.579 D/KeyguardViewMediator(  283): setHidden false
02-02 11:42:32.589 D/KeyguardViewMediator(  283): setHidden false
02-02 11:42:32.589 D/KeyguardViewMediator(  283): setHidden false
02-02 11:42:32.599 D/KeyguardViewMediator(  283): setHidden false
02-02 11:42:32.599 D/KeyguardViewMediator(  283): setHidden false
02-02 11:42:32.609 D/KeyguardViewMediator(  283): setHidden false
02-02 11:42:32.619 D/KeyguardViewMediator(  283): setHidden false
02-02 11:42:32.619 D/KeyguardViewMediator(  283): setHidden false
02-02 11:42:32.629 D/KeyguardViewMediator(  283): setHidden false
02-02 11:42:32.639 D/KeyguardViewMediator(  283): setHidden false
02-02 11:42:32.639 D/KeyguardViewMediator(  283): setHidden false
02-02 11:42:32.649 D/KeyguardViewMediator(  283): setHidden false
02-02 11:42:32.649 D/KeyguardViewMediator(  283): setHidden false
02-02 11:42:32.659 D/KeyguardViewMediator(  283): setHidden false
02-02 11:42:32.669 D/KeyguardViewMediator(  283): setHidden false
02-02 11:42:32.669 D/KeyguardViewMediator(  283): setHidden false
02-02 11:42:33.449 I/ActivityThread(  422): Pub telephony: com.android.providers.telephony.TelephonyProvider
02-02 11:42:33.459 I/ActivityThread(  422): Pub icc: com.android.phone.IccProvider
02-02 11:42:33.459 I/ActivityThread(  422): Pub mms: com.android.providers.telephony.MmsProvider
02-02 11:42:33.469 I/ActivityThread(  422): Pub sms: com.android.providers.telephony.SmsProvider
02-02 11:42:33.469 I/ActivityThread(  422): Pub mms-sms: com.android.providers.telephony.MmsSmsProvider
02-02 11:42:33.640 D/SntpClient(  283): request time failed: java.net.UnknownHostException: xtra1.gpsonextra.net
02-02 11:42:33.640 D/SntpClient(  283): request time failed: java.net.UnknownHostException: xtra1.gpsonextra.net
02-02 11:42:33.810 D/BtFramework(  437): ****Constructor called*************
02-02 11:42:33.810 D/BtFramework(  437): Loading BrcmBluetoothServices package....
02-02 11:42:33.810 D/BtFramework(  437): IsStandaloneProcess = true....
02-02 11:42:33.950 I/hubo    (  283): Activity {com.android.setupwizard/com.android.setupwizard.SetupWizardActivity}
02-02 11:42:34.480 D/SntpClient(  283): request time failed: java.net.UnknownHostException: xtra1.gpsonextra.net
02-02 11:42:34.510 I/BluetoothServiceManager(  437): *********Initializing Bluetooth Service Settings*******
02-02 11:42:34.510 D/SntpClient(  283): request time failed: java.net.UnknownHostException: xtra1.gpsonextra.net
02-02 11:42:34.641 D/BluetoothServiceManager(  437): bt_svcst_bluetooth_bpp_service[0]: isServiceSupported=  false;  SERVICES_STARTUP_ENABLED= false
02-02 11:42:34.711 D/SntpClient(  283): request time failed: java.net.UnknownHostException: xtra1.gpsonextra.net
02-02 11:42:34.711 D/SntpClient(  283): request time failed: java.net.UnknownHostException: xtra1.gpsonextra.net
02-02 11:42:34.901 I/V3Client(  439): com.locationlabs.v3client onCreate() version: 301/3.0.1 3.0.1:2011.11.12-08.08(r159470) prod sparkle build@l64build1
02-02 11:42:34.901 D/CAT     (  422): CatService: CatService on 0Is running
02-02 11:42:34.921 D/BluetoothServiceManager(  437): bt_svcst_bluetooth_dun[1]: isServiceSupported=  false;  SERVICES_STARTUP_ENABLED= false
02-02 11:42:34.931 E/DST     (  422): Error parsing service priority string, ignoring 
02-02 11:42:34.941 E/DST     (  422): Error parsing service priority string, ignoring 
02-02 11:42:34.941 E/DST     (  422): Error parsing service priority string, ignoring 
02-02 11:42:34.941 E/DST     (  422): Error parsing service priority string, ignoring 
02-02 11:42:34.941 E/DST     (  422): Error parsing service priority string, ignoring 
02-02 11:42:35.101 I/DATA    (  422): [SERVICE_TYPE_DEFAULT] set enabled = true
02-02 11:42:35.111 I/DATA    (  422): [SERVICE_TYPE_DEFAULT] set enabled = false
02-02 11:42:35.111 D/DATA    (  422): [DCT ] Disabling dsSERVICE_TYPE_DEFAULT
02-02 11:42:35.111 I/DATA    (  422): [DCT ] SUPPORT_IPV4 = true
02-02 11:42:35.111 I/DATA    (  422): [DCT ] SUPPORT_IPV6 = false
02-02 11:42:35.111 I/DATA    (  422): [DCT ] SUPPORT_MPDN = false
02-02 11:42:35.111 I/DATA    (  422): [DCT ] SUPPORT_MPDN_SERVICE_ARBITRATION = false
02-02 11:42:35.111 I/DATA    (  422): [DCT ] SUPPORT_OMH = false
02-02 11:42:35.111 I/DATA    (  422): [DCT ] PROPERTY_SUPPORT_EHRPD = false
02-02 11:42:35.111 I/DATA    (  422): [DCT ] PROPERTY_SUPPORT_SVLTE1X = false
02-02 11:42:35.111 I/DATA    (  422): [DCT ] SUPPORT_OOS_IS_DISCONNECT = true
02-02 11:42:35.151 D/KeyguardViewMediator(  283): setHidden false
02-02 11:42:35.161 D/KeyguardViewMediator(  283): setHidden false
02-02 11:42:35.161 D/KeyguardViewMediator(  283): setHidden false
02-02 11:42:35.181 D/MccTable(  422): updateMccMncConfiguration: mcc=310, mnc=120
02-02 11:42:35.181 D/MccTable(  422): locale set to en_us
02-02 11:42:35.261 I/V3Client(  439): Upgrade/downgrade, resetting data.
02-02 11:42:35.261 I/ActivityThread(  475): Pub com.google.settings: com.google.android.gsf.settings.GoogleSettingsProvider
02-02 11:42:35.271 I/ActivityThread(  475): Pub subscribedfeeds: com.google.android.gsf.subscribedfeeds.SubscribedFeedsProvider
02-02 11:42:35.281 D/KeyguardViewMediator(  283): setHidden false
02-02 11:42:35.301 D/KeyguardViewMediator(  283): setHidden false
02-02 11:42:35.321 D/KeyguardViewMediator(  283): setHidden false
02-02 11:42:35.331 D/KeyguardViewMediator(  283): setHidden false
02-02 11:42:35.351 D/KeyguardViewMediator(  283): setHidden false
02-02 11:42:35.361 D/KeyguardViewMediator(  283): setHidden false
02-02 11:42:35.371 I/V3Client(  439): Autostart started by Intent { act=android.net.conn.CONNECTIVITY_CHANGE cmp=com.locationlabs.v3client/com.locationlabs.util.android.Autostart (has extras) }
02-02 11:42:35.381 D/KeyguardViewMediator(  283): setHidden false
02-02 11:42:35.391 D/KeyguardUpdateMonitor(  283): DEVICE_PROVISIONED state = true
02-02 11:42:35.401 D/KeyguardViewMediator(  283): setHidden false
02-02 11:42:35.401 I/V3Client(  439): Disabling Autostart
02-02 11:42:35.411 D/KeyguardViewMediator(  283): setHidden false
02-02 11:42:35.431 D/KeyguardViewMediator(  283): setHidden false
02-02 11:42:35.451 D/KeyguardViewMediator(  283): setHidden false
02-02 11:42:35.461 D/KeyguardViewMediator(  283): setHidden false
02-02 11:42:35.491 D/KeyguardViewMediator(  283): setHidden false
02-02 11:42:35.511 D/KeyguardViewMediator(  283): setHidden false
02-02 11:42:35.521 D/KeyguardViewMediator(  283): setHidden false
02-02 11:42:35.592 D/KeyguardViewMediator(  283): setHidden false
02-02 11:42:35.592 D/KeyguardViewMediator(  283): setHidden false
02-02 11:42:35.602 D/KeyguardViewMediator(  283): setHidden false
02-02 11:42:35.622 D/KeyguardViewMediator(  283): setHidden false
02-02 11:42:35.802 D/BluetoothServiceManager(  437): bt_svcst_bluetooth_ftp[2]: isServiceSupported=  false;  SERVICES_STARTUP_ENABLED= false
02-02 11:42:36.953 D/BluetoothServiceManager(  437): bt_svcst_bluetooth_opp_service[3]: isServiceSupported=  true;  SERVICES_STARTUP_ENABLED= true
02-02 11:42:37.073 I/ActivityThread(  497): Pub num_location: com.android.providers.contacts.NumberLocatorContentProvider
02-02 11:42:37.093 D/KeyguardViewMediator(  283): setHidden false
02-02 11:42:37.103 D/KeyguardViewMediator(  283): setHidden false
02-02 11:42:37.113 I/ActivityThread(  475): Pub com.google.android.gsf.gservices: com.google.android.gsf.gservices.GservicesProvider
02-02 11:42:37.143 D/BluetoothServiceManager(  437): bt_svcst_bluetooth_pbap[4]: isServiceSupported=  true;  SERVICES_STARTUP_ENABLED= true
02-02 11:42:37.143 D/MccTable(  422): WIFI_NUM_ALLOWED_CHANNELS set to 11
02-02 11:42:37.173 I/GservicesProvider(  475): Gservices pushing to system: true; secure: true
02-02 11:42:37.173 I/ActivityThread(  475): Pub com.google.android.providers.talk: com.google.android.gsf.talk.TalkProvider
02-02 11:42:37.173 D/KeyguardViewMediator(  283): setHidden false
02-02 11:42:37.213 D/KeyguardViewMediator(  283): setHidden false
02-02 11:42:37.283 D/BluetoothServiceManager(  437): bt_svcst_bluetooth_sap[5]: isServiceSupported=  false;  SERVICES_STARTUP_ENABLED= false
02-02 11:42:37.293 D/KeyguardViewMediator(  283): setHidden false
02-02 11:42:37.413 E/NumberLocatorContentProvider(  497): db.query ex:no such table: location: , while compiling: SELECT location.uuid as phonenum, city_zone.city as cityname, card.card as cardtype, city_zone.zone as areacode FROM location,city_zone,card WHERE location.uuid='1300000' and location.city=city_zone.uuid and location.card = card.uuid
02-02 11:42:37.413 W/System.err(  497): java.io.FileNotFoundException: /system/etc/customize/location.db (No such file or directory)
02-02 11:42:37.423 W/System.err(  497): 	at org.apache.harmony.luni.platform.OSFileSystem.open(Native Method)
02-02 11:42:37.423 W/System.err(  497): 	at dalvik.system.BlockGuard$WrappedFileSystem.open(BlockGuard.java:232)
02-02 11:42:37.423 W/System.err(  497): 	at java.io.FileInputStream.<init>(FileInputStream.java:80)
02-02 11:42:37.423 W/System.err(  497): 	at com.android.providers.contacts.NumberLocatorContentProvider.copyDatabaseToDataPath(NumberLocatorContentProvider.java:115)
02-02 11:42:37.423 W/System.err(  497): 	at com.android.providers.contacts.NumberLocatorContentProvider.onCreate(NumberLocatorContentProvider.java:160)
02-02 11:42:37.423 W/System.err(  497): 	at android.content.ContentProvider.attachInfo(ContentProvider.java:829)
02-02 11:42:37.423 W/System.err(  497): 	at android.app.ActivityThread.installProvider(ActivityThread.java:3575)
02-02 11:42:37.423 W/System.err(  497): 	at android.app.ActivityThread.installContentProviders(ActivityThread.java:3330)
02-02 11:42:37.423 W/System.err(  497): 	at android.app.ActivityThread.handleBindApplication(ActivityThread.java:3286)
02-02 11:42:37.423 W/System.err(  497): 	at android.app.ActivityThread.access$2200(ActivityThread.java:123)
02-02 11:42:37.423 W/System.err(  497): 	at android.app.ActivityThread$H.handleMessage(ActivityThread.java:986)
02-02 11:42:37.423 W/System.err(  497): 	at android.os.Handler.dispatchMessage(Handler.java:99)
02-02 11:42:37.423 W/System.err(  497): 	at android.os.Looper.loop(Looper.java:130)
02-02 11:42:37.423 W/System.err(  497): 	at android.app.ActivityThread.main(ActivityThread.java:3704)
02-02 11:42:37.423 W/System.err(  497): 	at java.lang.reflect.Method.invokeNative(Native Method)
02-02 11:42:37.423 W/System.err(  497): 	at java.lang.reflect.Method.invoke(Method.java:507)
02-02 11:42:37.423 W/System.err(  497): 	at com.android.internal.os.ZygoteInit$MethodAndArgsCaller.run(ZygoteInit.java:875)
02-02 11:42:37.423 W/System.err(  497): 	at com.android.internal.os.ZygoteInit.main(ZygoteInit.java:633)
02-02 11:42:37.423 W/System.err(  497): 	at dalvik.system.NativeStart.main(Native Method)
02-02 11:42:37.423 E/NumberLocatorContentProvider(  497): copyDatabaseToDataPath ex:/system/etc/customize/location.db (No such file or directory)
02-02 11:42:37.433 I/ActivityThread(  497): Pub user_dictionary: com.android.providers.userdictionary.UserDictionaryProvider
02-02 11:42:37.433 I/ActivityThread(  497): Pub com.android.social: com.android.providers.contacts.SocialProvider
02-02 11:42:37.443 I/ActivityThread(  497): Pub applications: com.android.providers.applications.ApplicationsProvider
02-02 11:42:37.463 D/BluetoothServiceManager(  437): bt_svcst_bluetooth_map[6]: isServiceSupported=  true;  SERVICES_STARTUP_ENABLED= true
02-02 11:42:37.503 D/BluetoothServiceManager(  437): bt_svcst_bluetooth_test[7]: isServiceSupported=  true;  SERVICES_STARTUP_ENABLED= true
02-02 11:42:37.543 D/BluetoothServiceManager(  437): bt_svcst_bluetooth_avrcp[8]: isServiceSupported=  false;  SERVICES_STARTUP_ENABLED= false
02-02 11:42:37.664 D/BluetoothServiceManager(  437): bt_svcst_bluetooth_flick[9]: isServiceSupported=  false;  SERVICES_STARTUP_ENABLED= false
02-02 11:42:37.714 D/OppEventLoop(  437): USE_STANDALONE_EVENT_LOOP=true
02-02 11:42:37.714 D/BluetoothServiceManager(  437): ****Registering Bluetooth Service bluetooth_opp_service: com.broadcom.bt.service.opp.OppEventLoop****
02-02 11:42:37.714 D/BluetoothServiceManager(  437): ****Bluetooth Service not supported bluetooth_flick: null...Skipping. ****
02-02 11:42:37.714 D/BluetoothServiceManager(  437): ****Registering Bluetooth Service bluetooth_flick: null****
02-02 11:42:37.714 D/BluetoothServiceManager(  437): ****Bluetooth Service not supported bluetooth_ftp: com.broadcom.bt.service.ftp.BluetoothFTPService...Skipping. ****
02-02 11:42:37.734 D/BluetoothServiceManager(  437): ****Registering Bluetooth Service bluetooth_ftp: com.broadcom.bt.service.ftp.BluetoothFTPService****
02-02 11:42:37.734 D/BluetoothServiceManager(  437): ****Registering Bluetooth Service bluetooth_pbap: com.broadcom.bt.service.pbap.BluetoothPBAPService****
02-02 11:42:37.734 D/BluetoothServiceManager(  437): ****Bluetooth Service not supported bluetooth_dun: com.broadcom.bt.service.dun.BluetoothDUNService...Skipping. ****
02-02 11:42:37.734 D/BluetoothServiceManager(  437): ****Registering Bluetooth Service bluetooth_dun: com.broadcom.bt.service.dun.BluetoothDUNService****
02-02 11:42:37.734 D/BluetoothServiceManager(  437): ****Bluetooth Service not supported bluetooth_sap: com.broadcom.bt.service.sap.BluetoothSAPService...Skipping. ****
02-02 11:42:37.734 D/BluetoothServiceManager(  437): ****Registering Bluetooth Service bluetooth_sap: com.broadcom.bt.service.sap.BluetoothSAPService****
02-02 11:42:37.734 D/BluetoothServiceManager(  437): ****Registering Bluetooth Service bluetooth_test: com.broadcom.bt.service.test.BluetoothTestModeService****
02-02 11:42:37.734 D/SmsDeletedFolder(  437): SmsDeletedFolder
02-02 11:42:37.744 D/MAP.MapEventLoop(  437): constructor()
02-02 11:42:37.744 E/MAP.MapService(  437): constructor(): REF_COUNT=1
02-02 11:42:37.744 D/BluetoothServiceManager(  437): ****Registering Bluetooth Service bluetooth_map: com.broadcom.bt.service.map.MapEventLoop****
02-02 11:42:37.744 D/BluetoothServiceManager(  437): ****Bluetooth Service not supported bluetooth_bpp_service: null...Skipping. ****
02-02 11:42:37.744 D/BluetoothServiceManager(  437): ****Registering Bluetooth Service bluetooth_bpp_service: null****
02-02 11:42:37.744 D/BluetoothServiceManager(  437): ****Bluetooth Service not supported bluetooth_avrcp: com.broadcom.bt.service.avrcp.BluetoothAVRCPService...Skipping. ****
02-02 11:42:37.744 D/BluetoothServiceManager(  437): ****Registering Bluetooth Service bluetooth_avrcp: com.broadcom.bt.service.avrcp.BluetoothAVRCPService****
02-02 11:42:37.814 D/BluetoothAVRCPService(  437): finalize
02-02 11:42:37.814 D/BluetoothAVRCPService(  437): finish
02-02 11:42:37.814 D/BluetoothSAPService(  437): finalize
02-02 11:42:37.814 D/BluetoothSAPService(  437): finish
02-02 11:42:38.014 W/dalvikvm(  517): Refusing to reopen boot DEX '/system/framework/qcrilhook.jar'
02-02 11:42:38.034 W/dalvikvm(  517): Refusing to reopen boot DEX '/system/framework/qcnvitems.jar'
02-02 11:42:38.344 D/KeyguardViewMediator(  283): setHidden false
02-02 11:42:38.344 I/hubo    (  283): Activity {com.android.launcher/com.android.launcher2.Launcher}
02-02 11:42:38.394 I/ActivityThread(  522): Pub com.android.launcher2.settings: com.android.launcher2.LauncherProvider
02-02 11:42:38.675 I/ActivityThread(  497): Pub contacts;com.android.contacts: com.android.providers.contacts.ContactsProvider2
02-02 11:42:38.825 D/PROXY   (  422): In ProxyManager getInstance
02-02 11:42:38.825 D/PROXY   (  422): Creating ProxyManager
02-02 11:42:38.975 D/NetworkLocationService(  475): onCreate com.google.android.location.NetworkLocationService@40598358
02-02 11:42:39.035 D/NetworkLocationClient(  475): ANDROID minProtocolVersion 1 maxProtocolVersion 1 releaseVersion -1
02-02 11:42:39.035 D/NetworkLocationClient(  475): binding to Intent { act=com.google.android.location.internal.ANDROID_NLP }
02-02 11:42:39.215 D/OtaUtils(  422): CdmaOtaConfigData constructor!
02-02 11:42:39.225 D/OtaUtils(  422): CdmaOtaInCallScreenState: constructor init to UNDEFINED
02-02 11:42:39.225 D/CallManager(  422): registerPhone(CDMA Handler{40539310})
02-02 11:42:39.235 D/NotificationMgr(  422): updateNotificationsAtStartup()...
02-02 11:42:39.245 D/NotificationMgr(  422): - start call log query...
02-02 11:42:39.245 D/NotificationMgr(  422): - updating in-call notification at startup...
02-02 11:42:39.245 D/NotificationMgr(  422): updateInCallNotification()...
02-02 11:42:39.245 D/NotificationMgr(  422): cancelInCall()...
02-02 11:42:39.245 D/PhoneInterfaceManager(  422):  Registering for UNSOL OEM HOOK Responses to deliver external apps
02-02 11:42:39.255 E/AudioFlinger(  121): processConfigEvents() remaining events 1
02-02 11:42:39.265 D/AudioTrack(  422): Request AudioFlinger to create track
02-02 11:42:39.265 D/AudioFlinger(  121): createTrack() lSessionId: 3
02-02 11:42:39.265 D/AudioFlinger(  121): Track constructor name 4096, calling thread 422
02-02 11:42:39.285 E/BT HS/HF(  422): updateServiceState called, sendUpdate:false  ServiceState:1 home null null null  Unknown CSS not supported 0 0RoamInd: 0RoamStatus(sprint): 0DefRoamInd: 0EmergOnly: false
02-02 11:42:39.285 E/BT HS/HF(  422): service:0 mService:0
02-02 11:42:39.285 D/BT HS/HF(  422): updatePhoneState()
02-02 11:42:39.285 D/BT HS/HF(  422): Foreground call state : IDLE
02-02 11:42:39.285 D/BT HS/HF(  422): Ringing call state : IDLE
02-02 11:42:39.285 D/BT HS/HF(  422): Background call state : IDLE
02-02 11:42:39.285 E/BT HS/HF(  422): prev mIsCdmaFirstConnectionHeld  is false
02-02 11:42:39.285 E/BT HS/HF(  422): current mIsCdmaFirstConnectionHeld is false
02-02 11:42:39.285 D/BT HS/HF(  422): CallSetup: 0
02-02 11:42:39.285 D/BT HS/HF(  422): Call: 0
02-02 11:42:39.285 D/BT HS/HF(  422): CallHeld: 0
02-02 11:42:39.645 D/KeyguardUpdateMonitor(  283): received broadcast android.intent.action.SIM_STATE_CHANGED
02-02 11:42:39.645 D/KeyguardUpdateMonitor(  283): ACTION_SIM_STATE_CHANGED intent received on sub = 0
02-02 11:42:39.645 D/KeyguardUpdateMonitor(  283): handleSimStateChange: intentValue = READY state resolved to READY subscription =0
02-02 11:42:39.645 D/KeyguardViewMediator(  283): onSimStateChanged: READY
02-02 11:42:39.645 D/KeyguardViewMediator(  283): resetStateLocked
02-02 11:42:39.645 D/LockScreen(  283): onSimStateChanged(READY)
02-02 11:42:39.645 D/LockScreen(  283): updateLayout: status=Normalsubscription=0
02-02 11:42:39.645 D/LockScreen(  283): Updating Lock Screen text to Ruim
02-02 11:42:39.645 D/KeyguardViewMediator(  283): handleReset
02-02 11:42:39.665 D/KeyguardViewMediator(  283): setHidden false
02-02 11:42:42.118 D/KeyguardViewMediator(  283): setHidden false
02-02 11:42:42.118 D/KeyguardViewMediator(  283): setHidden false
02-02 11:42:42.128 D/KeyguardViewMediator(  283): setHidden false
02-02 11:42:45.691 I/wpa_supplicant(  381): State: INACTIVE -> SCANNING
02-02 11:42:45.691 I/wpa_supplicant(  381): CTRL-EVENT-STATE-CHANGE id=-1 state=2 BSSID=00:00:00:00:00:00
02-02 11:42:45.691 D/NetworkStateTracker(  283): setDetailed state, old =IDLE and new state=SCANNING
02-02 11:42:45.922 D/BT HS/HF(  422): configureVirtualCallFromProperty: mVirtualCallEnabled:true
02-02 11:42:45.922 D/BT HS/HF(  422): cdmaSetSecondCallState: Setting mCdmaIsSecondCallActive to false
02-02 11:42:45.972 D/GpsLocationProvider(  283): updateNetworkState unavailable info: NetworkInfo: type: WIFI[], state: DISCONNECTED/SCANNING, reason: (unspecified), extra: (none), roaming: false, failover: false, isAvailable: true, isIpv4Connected: false, isIpv6Connected: false, ipv4Name: null, ipv6Name: null
02-02 11:42:46.012 D/PhoneApp(  422): onCreate: mProximityWakeLock: WakeLock{405bb2d0 held=false, refCount=0}
02-02 11:42:46.102 I/SearchManagerService(  283): Building list of searchable activities
02-02 11:42:46.122 I/ActivityThread(  497): Pub call_log: com.android.providers.contacts.CallLogProvider
02-02 11:42:46.122 I/ContactsDatabaseHelper(  497): Switching to locale en_US
02-02 11:42:46.152 D/NetworkLocationService(  475): onBind com.google.android.location.NetworkLocationProvidercom.google.android.location.NetworkLocationService@40598358
02-02 11:42:46.152 D/AudioTrack(  422): Request AudioFlinger to create track
02-02 11:42:46.152 D/AudioFlinger(  121): createTrack() lSessionId: 4
02-02 11:42:46.152 D/AudioFlinger(  121): Track constructor name 4097, calling thread 422
02-02 11:42:46.162 D/CallNotifier(  422): getPhoneStateListener: SUBSCRIPTION == 0
02-02 11:42:46.202 I/ActivityThread(  538): Pub com.google.android.apps.plus.content.EsProvider: com.google.android.apps.plus.content.EsProvider
02-02 11:42:46.262 I/ActivityThread(  538): Pub com.google.android.apps.plus.content.ApiProvider: com.google.android.apps.plus.content.EsApiProvider
02-02 11:42:46.262 I/ActivityThread(  538): Pub com.google.android.apps.plus.content.EsGooglePhotoProvider: com.google.android.picasasync.PicasaContentProvider
02-02 11:42:46.322 D/LocationProviderProxy(  283): LocationProviderProxy.onServiceConnected ComponentInfo{com.google.android.location/com.google.android.location.NetworkLocationService}
02-02 11:42:46.322 D/NetworkLocationService(  475): onBind com.google.android.location.GeocodeProvidercom.google.android.location.NetworkLocationService@40598358
02-02 11:42:46.322 D/PhoneUtils(  422): Extended NW bindService IExtendedNetworkService
02-02 11:42:46.322 D/GeocoderProxy(  283): onServiceConnected ComponentInfo{com.google.android.location/com.google.android.location.NetworkLocationService}
02-02 11:42:46.332 W/CallLogProvider(  497): query: match = 1
02-02 11:42:46.512 D/DialogPreference(  422): mIsAdjustWindow : true
02-02 11:42:46.512 I/wangli  (  422): hello  CdmaSystemSelectListPreference
02-02 11:42:46.512 I/wangli  (  422): hello  CdmaSystemSelectListPreference   mPhone.queryCdmaRoamingPreference
02-02 11:42:46.632 D/DialogPreference(  422): mIsAdjustWindow : true
02-02 11:42:46.652 D/PhoneUtils(  422): setAudioMode()...IDLE
02-02 11:42:46.652 I/wpa_supplicant(  381): State: SCANNING -> INACTIVE
02-02 11:42:46.652 I/wpa_supplicant(  381): CTRL-EVENT-STATE-CHANGE id=-1 state=1 BSSID=00:00:00:00:00:00
02-02 11:42:46.652 I/dun_service(  129): process rmnet event
02-02 11:42:46.652 I/dun_service(  129): Post event 3
02-02 11:42:46.652 I/dun_service(  129): received event: DUN_EVENT_RMNET_DOWN 
02-02 11:42:46.662 I/dun_service(  129): received event(DUN_EVENT_RMNET_DOWN) in state(DUN_STATE_USB_UNPLUG)
02-02 11:42:46.662 I/dun_service(  129): Ignoring the event DUN_EVENT_RMNET_DOWN in USB_UNPLUG_STATE
02-02 11:42:46.662 I/dun_service(  129): Moved to state(DUN_STATE_USB_UNPLUG)
02-02 11:42:46.662 D/NetworkStateTracker(  283): setDetailed state, old =SCANNING and new state=IDLE
02-02 11:42:46.662 D/WifiStateTracker(  283): setNotificationVisible() visible=false mNotificationShown=false force=false return.
02-02 11:42:46.712 I/ActivityThread(  538): Pub com.google.plus.platform: com.google.android.apps.plus.content.AdsProvider
02-02 11:42:46.782 D/androidInternalNlpService(  475): onCreate com.google.android.location.internal.server.NetworkLocationService@4051a1d8
02-02 11:42:46.782 D/androidNlpServiceThread(  475): start monitoring enabled
02-02 11:42:46.792 D/PhoneUtils(  422): setAudioMode() no change: MODE_NORMAL
02-02 11:42:46.822 D/NetworkLocationRealOs(  475): ------------------------ reading cache.cell
02-02 11:42:46.822 D/NetworkLocationRealOs(  475): no cache.cell found; not migrating
02-02 11:42:46.822 D/NetworkLocationRealOs(  475): ------------------------ reading cache.wifi
02-02 11:42:46.822 D/NetworkLocationRealOs(  475): no cache.wifi found; not migrating
02-02 11:42:46.832 D/PhoneApp(  422): +++getFirstBoot
02-02 11:42:46.832 D/androidNlpServiceThread(  475): ANDROID minProtocolVersion 1 maxProtocolVersion 1 releaseVersion -1
02-02 11:42:46.832 D/androidNlpServiceThread(  475): This NLP should run continuously.
02-02 11:42:46.832 D/PhoneApp(  422): getFirstBoot :  true
02-02 11:42:46.832 D/PhoneApp(  422): call resetSecureMobileDataEnabled
02-02 11:42:46.863 D/NetworkLocationClient(  475): onServiceConnected to ComponentInfo{com.google.android.location/com.google.android.location.internal.server.NetworkLocationService}
02-02 11:42:46.873 I/ContactsDatabaseHelper(  497): Locale change completed in 742ms
02-02 11:42:46.883 D/PhoneApp(  422): reset first boot flag
02-02 11:42:46.883 D/PhoneApp(  422): +++resetFirstBoot
02-02 11:42:46.883 I/LegacyContactImporter(  497): Legacy contacts database does not exist at /data/data/com.android.providers.contacts/databases/contacts.db
02-02 11:42:46.893 D/PhoneApp(  422): >>>enter helper thread 
02-02 11:42:46.893 D/androidNlpServiceThread(  475): updateState: shouldBeEnabled false shouldBeRunning false
02-02 11:42:46.903 D/androidNlpServiceThread(  475): adding listener com.google.android.location.internal.client.NetworkLocationClient$1@4055da18 with period 2147483647
02-02 11:42:46.903 D/androidNetworkLocationListeners(  475): Still have listener com.google.android.location.internal.client.NetworkLocationClient$1@4055da18
02-02 11:42:46.973 D/DATA    (  422): [DPT(0)] DataProfileTracker,handleMessage:{ what=1 when=-11s962ms }
02-02 11:42:47.013 D/QC_NV_ITEMS(  422): QcNvItems instance created.
02-02 11:42:47.023 D/DATA    (  422): [DPT(0)] add tethered data profile 
02-02 11:42:47.023 I/QC_RIL_OEM_HOOK(  422): QcRilOemHook Service Created Successfully
02-02 11:42:47.023 D/QC_NV_ITEMS(  422): ### getMeid()
02-02 11:42:47.023 D/QC_RIL_OEM_HOOK(  422): sendRilOemHookMsg: itemIdTemp-105
02-02 11:42:47.223 D/Launcher.LauncherProvider(  522): Adding shortcut to favorites :Email
02-02 11:42:47.243 D/Launcher.LauncherProvider(  522): Adding shortcut to favorites :Contacts
02-02 11:42:47.283 I/ContactsProvider(  497): query: content://com.android.contacts/contacts
02-02 11:42:47.323 E/ContactsProvider(  497): 101123 isCallerRegisterNeedSIMProc callerPid:419, acorePid:497
02-02 11:42:47.473 I/ContactsProvider(  497): query isCallerRegistered= false
02-02 11:42:47.483 I/ContactsProvider(  497): query forOnlyOneContactString= 0
02-02 11:42:47.503 D/Launcher.LauncherProvider(  522): Adding shortcut to favorites :Messaging
02-02 11:42:47.513 D/Launcher.LauncherProvider(  522): Adding shortcut to favorites :Market
02-02 11:42:47.523 D/ContactsProvider(  497):  query CONTACTS MODE_ID=PHONE_UNLOCK
02-02 11:42:47.563 D/UploadsManager(  538): load newPhotoTracker: null
02-02 11:42:47.563 D/UploadsManager(  538): load all accounts: null
02-02 11:42:47.563 D/UploadsManager(  538): load all account-album pairs: null
02-02 11:42:47.633 D/UploadsManager(  538):    settings not changed
02-02 11:42:47.673 D/Warhol  (  522): Adding *PHONE* hotseat ...
02-02 11:42:47.703 D/PicasaSync(  538): sync account database
02-02 11:42:47.904 D/Launcher(  522): loadHotseats: hotseat 0 final intent=[intent:#Intent;action=android.intent.action.MAIN;component=com.android.contacts/.DialtactsActivity;end] label=[Dialer]
02-02 11:42:47.904 D/Warhol  (  522): Adding *WARHOL* hotseat...
02-02 11:42:47.904 D/Warhol  (  522): Warhol uri = intent:#Intent;action=android.intent.action.MAIN;launchFlags=0x10200000;component=com.sprint.w.installer/.ServicePackSwitcher;end
02-02 11:42:47.934 D/Launcher(  522): loadHotseats: hotseat 1 final intent=[intent:#Intent;action=android.intent.action.MAIN;component=com.sprint.w.installer/.ServicePackSwitcher;end] label=[Pick your ID]
02-02 11:42:48.064 D/MetricsUtils(  538): [QUERY content://com.google.android.apps.plus.content.EsGooglePhotoProvider/settings query-result:1 time:352]
02-02 11:42:48.394 E/WallpaperManager(  283): 
02-02 11:42:48.394 E/WallpaperManager(  283): This file may have been altered and cannot be opened.
02-02 11:42:48.594 I/ActivityThread(  572): Pub com.google.android.apps.uploader: com.google.android.apps.uploader.UploadsContentProvider
02-02 11:42:48.594 I/ActivityThread(  572): Pub com.google.photos.provider.Album: com.google.android.apps.uploader.clients.picasa.AlbumProvider
02-02 11:42:48.594 D/MediaUploader(  572): UploaderApplication.onCreate
02-02 11:42:48.794 D/Bitmap  (  283): Detect unrecycled bitmap.
02-02 11:42:48.794 D/Bitmap  (  283):       Size: 614400 Bytes, Width: 640 , Height: 480 , Hash code: 1080265968
02-02 11:42:48.794 D/Bitmap  (  283):  This bimap was created in:
02-02 11:42:48.794 D/Bitmap  (  283):       android.graphics.Bitmap.<init>(Bitmap.java:136)
02-02 11:42:48.794 D/Bitmap  (  283):       android.graphics.BitmapFactory.nativeDecodeAsset(Native Method)
02-02 11:42:48.794 D/Bitmap  (  283):       android.graphics.BitmapFactory.decodeStream(BitmapFactory.java:460)
02-02 11:42:48.794 D/Bitmap  (  283):       android.app.WallpaperManager$Globals.getDefaultWallpaperLocked(WallpaperManager.java:436)
02-02 11:42:48.794 D/Bitmap  (  283):       android.app.WallpaperManager$Globals.peekWallpaperBitmap(WallpaperManager.java:262)
02-02 11:42:48.794 D/Bitmap  (  283):       android.app.WallpaperManager.getFastDrawable(WallpaperManager.java:555)
02-02 11:42:48.794 D/Bitmap  (  283):       com.android.internal.service.wallpaper.ImageWallpaper$DrawableEngine.updateWallpaper(ImageWallpaper.java:173)
02-02 11:42:48.794 D/Bitmap  (  283):       com.android.internal.service.wallpaper.ImageWallpaper$DrawableEngine.onCreate(ImageWallpaper.java:94)
02-02 11:42:48.794 D/Bitmap  (  283):       android.service.wallpaper.WallpaperService$Engine.attach(WallpaperService.java:648)
02-02 11:42:48.794 D/Bitmap  (  283):       android.service.wallpaper.WallpaperService$IWallpaperEngineWrapper.executeMessage(WallpaperService.java:872)
02-02 11:42:48.794 D/Bitmap  (  283):       com.android.internal.os.HandlerCaller$MyHandler.handleMessage(HandlerCaller.java:61)
02-02 11:42:48.794 D/Bitmap  (  283):       android.os.Handler.dispatchMessage(Handler.java:99)
02-02 11:42:48.794 D/Bitmap  (  283):       android.os.Looper.loop(Looper.java:130)
02-02 11:42:48.794 D/Bitmap  (  283):       com.android.server.WindowManagerService$PolicyThread.run(WindowManagerService.java:613)
02-02 11:42:48.794 D/Bitmap  (  283): _
02-02 11:42:48.804 D/MediaUploader(  572): nonWifiLimit=20971520, default=20971520
02-02 11:42:48.804 I/MediaUploader(  572): No need to wake up
02-02 11:42:48.804 I/BluetoothService(  283):  Received BOOT_COMPLETED message
02-02 11:42:48.884 E/Tethering(  283): attempting to remove unknown iface (usb0), ignoring
02-02 11:42:48.945 E/MediaPlayerService(  121): ident is:1399285583, buf is:OggS
02-02 11:42:48.945 E/MediaPlayerService(  121):  create VorbisPlayer
02-02 11:42:48.975 E/MediaPlayerService(  121): ident is:1399285583, buf is:OggS
02-02 11:42:48.975 E/MediaPlayerService(  121):  create VorbisPlayer
02-02 11:42:48.995 E/MediaPlayerService(  121): ident is:1399285583, buf is:OggS
02-02 11:42:48.995 E/MediaPlayerService(  121):  create VorbisPlayer
02-02 11:42:49.015 E/MediaPlayerService(  121): ident is:1399285583, buf is:OggS
02-02 11:42:49.015 E/MediaPlayerService(  121):  create VorbisPlayer
02-02 11:42:49.045 E/MediaPlayerService(  121): ident is:1399285583, buf is:OggS
02-02 11:42:49.045 E/MediaPlayerService(  121):  create VorbisPlayer
02-02 11:42:49.535 D/Launcher.Model(  522): going to save icon bitmap for info=ShortcutInfo(title=Email)
02-02 11:42:49.585 D/Launcher.Model(  522): going to save icon bitmap for info=ShortcutInfo(title=Contacts)
02-02 11:42:49.615 D/Launcher.Model(  522): going to save icon bitmap for info=ShortcutInfo(title=Messaging)
02-02 11:42:49.655 D/Launcher.Model(  522): going to save icon bitmap for info=ShortcutInfo(title=Market)
02-02 11:42:50.656 D/DATA    (  422): [DSST] pollstate() : reason = radio state changed
02-02 11:42:50.656 D/DATA    (  422): [DSST] Poll ServiceState done: oldSS=[1 home null null null  Unknown CSS not supported 0 0RoamInd: 0RoamStatus(sprint): 0DefRoamInd: 0EmergOnly: false] newSS=[3 home null null null  Unknown CSS not supported -1 -1RoamInd: -1RoamStatus(sprint): -1DefRoamInd: -1EmergOnly: false]
02-02 11:42:50.656 D/DATA    (  422): [DSST]  mDataConnectionState = 1
02-02 11:42:50.656 D/DATA    (  422): [DSST] pollstate() : reason = icc status changed
02-02 11:42:50.666 D/DATA    (  422): [DSST] Poll ServiceState done: oldSS=[3 home null null null  Unknown CSS not supported -1 -1RoamInd: -1RoamStatus(sprint): -1DefRoamInd: -1EmergOnly: false] newSS=[3 home null null null  Unknown CSS not supported -1 -1RoamInd: -1RoamStatus(sprint): -1DefRoamInd: -1EmergOnly: false]
02-02 11:42:50.666 D/DATA    (  422): [DSST]  mDataConnectionState = 1
02-02 11:42:50.666 D/DATA    (  422): [DCT ] onRadioOn : register for roaming on/off
02-02 11:42:50.666 D/Phone   (  422): [PhoneNotifier] [DefaultPhoneNotifier] : default, INET, DISCONNECTED
02-02 11:42:50.666 I/TelephonyRegistry(  283): notifyDataConnection: state=0 isDataConnectivityPossible=false reason=dataNetworkDetached interfaceName=null networkType=0 apnType=default apn=null
02-02 11:42:50.666 I/TelephonyRegistry(  283): +++broadcastDataConnectionStateChanged
02-02 11:42:50.676 I/TelephonyRegistry(  283): +++sendStickyBroadcast
02-02 11:42:50.866 D/KeyguardViewMediator(  283): setHidden false
02-02 11:42:50.886 D/Warhol  (  522): Adding *PHONE* hotseat ...
02-02 11:42:50.886 D/Launcher(  522): loadHotseats: hotseat 0 final intent=[intent:#Intent;action=android.intent.action.MAIN;component=com.android.contacts/.DialtactsActivity;end] label=[Dialer]
02-02 11:42:50.886 D/Warhol  (  522): Adding *WARHOL* hotseat...
02-02 11:42:50.886 D/Warhol  (  522): Warhol uri = intent:#Intent;action=android.intent.action.MAIN;launchFlags=0x10200000;component=com.sprint.w.installer/.ServicePackSwitcher;end
02-02 11:42:50.886 D/Launcher(  522): loadHotseats: hotseat 1 final intent=[intent:#Intent;action=android.intent.action.MAIN;component=com.sprint.w.installer/.ServicePackSwitcher;end] label=[Pick your ID]
02-02 11:42:50.896 D/KeyguardViewMediator(  283): setHidden false
02-02 11:42:50.926 D/GTalkService(  475): [RawStanzaProvidersMgr] ##### searchProvidersFromIntent
02-02 11:42:50.926 D/GTalkService(  475): [RawStanzaProvidersMgr] no intent receivers found
02-02 11:42:50.946 D/Launcher(  522): onSaveInstanceState
02-02 11:42:50.946 D/Launcher(  522): Dissmis Preview for view :null ID:2131230735
02-02 11:42:50.946 D/Launcher(  522): Dissmis Preview for view :null ID:2131230736
02-02 11:42:50.946 D/Launcher(  522): Dissmis Preview for view :null ID:2131230739
02-02 11:42:50.946 D/Launcher(  522): Dissmis Preview for view :null ID:2131230741
02-02 11:42:50.946 D/Phone   (  422): [PhoneNotifier] [DefaultPhoneNotifier] : default, INET6, DISCONNECTED
02-02 11:42:50.946 I/TelephonyRegistry(  283): notifyDataConnection: state=0 isDataConnectivityPossible=false reason=dataNetworkDetached interfaceName=null networkType=0 apnType=default apn=null
02-02 11:42:50.946 I/TelephonyRegistry(  283): +++broadcastDataConnectionStateChanged
02-02 11:42:50.957 D/KeyguardViewMediator(  283): setHidden false
02-02 11:42:50.957 I/TelephonyRegistry(  283): +++sendStickyBroadcast
02-02 11:42:50.967 D/KeyguardViewMediator(  283): setHidden false
02-02 11:42:50.977 D/MobileDataStateTracker(  283): [hipri]  MobileDataStateReceiver onReceive(): Entry.
02-02 11:42:50.977 D/MobileDataStateTracker(  283): [hipri]  intent.getAction()= android.intent.action.ANY_DATA_STATE
02-02 11:42:50.977 D/MobileDataStateTracker(  283): [hipri]  mEnabled = false
02-02 11:42:50.987 D/Phone   (  422): [PhoneNotifier] [DefaultPhoneNotifier] : mms, INET, DISCONNECTED
02-02 11:42:50.997 D/MobileDataStateTracker(  283): [hipri]  apnTypeList = default
02-02 11:42:50.997 D/MobileDataStateTracker(  283): [hipri]  unavailable = true
02-02 11:42:50.997 D/MobileDataStateTracker(  283): [hipri] Do not process intents if disabled.
02-02 11:42:50.997 D/MobileDataStateTracker(  283): [dun]  MobileDataStateReceiver onReceive(): Entry.
02-02 11:42:50.997 D/MobileDataStateTracker(  283): [dun]  intent.getAction()= android.intent.action.ANY_DATA_STATE
02-02 11:42:50.997 D/MobileDataStateTracker(  283): [dun]  mEnabled = false
02-02 11:42:50.997 D/MobileDataStateTracker(  283): [dun]  apnTypeList = default
02-02 11:42:50.997 D/MobileDataStateTracker(  283): [dun]  unavailable = true
02-02 11:42:50.997 D/MobileDataStateTracker(  283): [dun] Do not process intents if disabled.
02-02 11:42:50.997 D/MobileDataStateTracker(  283): [supl]  MobileDataStateReceiver onReceive(): Entry.
02-02 11:42:50.997 D/MobileDataStateTracker(  283): [supl]  intent.getAction()= android.intent.action.ANY_DATA_STATE
02-02 11:42:50.997 D/MobileDataStateTracker(  283): [supl]  mEnabled = false
02-02 11:42:51.007 I/TelephonyRegistry(  283): notifyDataConnection: state=0 isDataConnectivityPossible=false reason=dataNetworkDetached interfaceName=null networkType=0 apnType=mms apn=null
02-02 11:42:51.007 I/TelephonyRegistry(  283): +++broadcastDataConnectionStateChanged
02-02 11:42:51.007 D/KeyguardViewMediator(  283): setHidden false
02-02 11:42:51.017 D/MobileDataStateTracker(  283): [supl]  apnTypeList = default
02-02 11:42:51.017 D/MobileDataStateTracker(  283): [supl]  unavailable = true
02-02 11:42:51.017 D/MobileDataStateTracker(  283): [supl] Do not process intents if disabled.
02-02 11:42:51.017 D/MobileDataStateTracker(  283): [mms]  MobileDataStateReceiver onReceive(): Entry.
02-02 11:42:51.017 D/MobileDataStateTracker(  283): [mms]  intent.getAction()= android.intent.action.ANY_DATA_STATE
02-02 11:42:51.017 D/MobileDataStateTracker(  283): [mms]  mEnabled = false
02-02 11:42:51.017 I/TelephonyRegistry(  283): +++sendStickyBroadcast
02-02 11:42:51.017 D/MobileDataStateTracker(  283): [mms]  apnTypeList = default
02-02 11:42:51.017 D/MobileDataStateTracker(  283): [mms]  unavailable = true
02-02 11:42:51.017 D/MobileDataStateTracker(  283): [mms] Do not process intents if disabled.
02-02 11:42:51.017 D/MobileDataStateTracker(  283): [default]  MobileDataStateReceiver onReceive(): Entry.
02-02 11:42:51.017 D/MobileDataStateTracker(  283): [default]  intent.getAction()= android.intent.action.ANY_DATA_STATE
02-02 11:42:51.017 D/MobileDataStateTracker(  283): [default]  mEnabled = true
02-02 11:42:51.027 D/Phone   (  422): [PhoneNotifier] [DefaultPhoneNotifier] : mms, INET6, DISCONNECTED
02-02 11:42:51.027 I/TelephonyRegistry(  283): notifyDataConnection: state=0 isDataConnectivityPossible=false reason=dataNetworkDetached interfaceName=null networkType=0 apnType=mms apn=null
02-02 11:42:51.027 I/TelephonyRegistry(  283): +++broadcastDataConnectionStateChanged
02-02 11:42:51.037 I/TelephonyRegistry(  283): +++sendStickyBroadcast
02-02 11:42:51.037 D/MobileDataStateTracker(  283): [default]  apnTypeList = default
02-02 11:42:51.037 D/MobileDataStateTracker(  283): [default]  unavailable = true
02-02 11:42:51.037 D/MobileDataStateTracker(  283): [default] CALL updateMobileInfoFromIntent
02-02 11:42:51.037 I/MobileDataStateTracker(  283): [default] dc state change intent received for default/INET6 with state  DISCONNECTED. enabled=true state change reason = dataNetworkDetached
02-02 11:42:51.037 I/MobileDataStateTracker(  283): [default] old state = DISCONNECTED
02-02 11:42:51.037 I/MobileDataStateTracker(  283): [default] no change,  just return
02-02 11:42:51.037 D/MobileDataStateTracker(  283): [default] No need to update detailed state
02-02 11:42:51.037 D/MobileDataStateTracker(  283): [hipri]  MobileDataStateReceiver onReceive(): Entry.
02-02 11:42:51.037 D/MobileDataStateTracker(  283): [hipri]  intent.getAction()= android.intent.action.ANY_DATA_STATE
02-02 11:42:51.037 D/MobileDataStateTracker(  283): [hipri]  mEnabled = false
02-02 11:42:51.057 D/Phone   (  422): [PhoneNotifier] [DefaultPhoneNotifier] : supl, INET, DISCONNECTED
02-02 11:42:51.057 I/TelephonyRegistry(  283): notifyDataConnection: state=0 isDataConnectivityPossible=false reason=dataNetworkDetached interfaceName=null networkType=0 apnType=supl apn=null
02-02 11:42:51.057 I/TelephonyRegistry(  283): +++broadcastDataConnectionStateChanged
02-02 11:42:51.057 I/TelephonyRegistry(  283): +++sendStickyBroadcast
02-02 11:42:51.067 D/MobileDataStateTracker(  283): [hipri]  apnTypeList = mms
02-02 11:42:51.067 D/MobileDataStateTracker(  283): [hipri]  unavailable = true
02-02 11:42:51.067 D/MobileDataStateTracker(  283): [hipri] Do not process intents if disabled.
02-02 11:42:51.067 D/MobileDataStateTracker(  283): [dun]  MobileDataStateReceiver onReceive(): Entry.
02-02 11:42:51.067 D/MobileDataStateTracker(  283): [dun]  intent.getAction()= android.intent.action.ANY_DATA_STATE
02-02 11:42:51.067 D/MobileDataStateTracker(  283): [dun]  mEnabled = false
02-02 11:42:51.067 D/Phone   (  422): [PhoneNotifier] [DefaultPhoneNotifier] : supl, INET6, DISCONNECTED
02-02 11:42:51.067 I/TelephonyRegistry(  283): notifyDataConnection: state=0 isDataConnectivityPossible=false reason=dataNetworkDetached interfaceName=null networkType=0 apnType=supl apn=null
02-02 11:42:51.067 I/TelephonyRegistry(  283): +++broadcastDataConnectionStateChanged
02-02 11:42:51.067 I/TelephonyRegistry(  283): +++sendStickyBroadcast
02-02 11:42:51.077 D/Phone   (  422): [PhoneNotifier] [DefaultPhoneNotifier] : dun, INET, DISCONNECTED
02-02 11:42:51.077 I/TelephonyRegistry(  283): notifyDataConnection: state=0 isDataConnectivityPossible=false reason=dataNetworkDetached interfaceName=null networkType=0 apnType=dun apn=null
02-02 11:42:51.077 I/TelephonyRegistry(  283): +++broadcastDataConnectionStateChanged
02-02 11:42:51.077 I/TelephonyRegistry(  283): +++sendStickyBroadcast
02-02 11:42:51.077 D/Phone   (  422): [PhoneNotifier] [DefaultPhoneNotifier] : dun, INET6, DISCONNECTED
02-02 11:42:51.077 I/Launcher(  522): setLoadOnResume
02-02 11:42:51.137 I/Launcher(  522): setLoadOnResume
02-02 11:42:51.147 D/MobileDataStateTracker(  283): [dun]  apnTypeList = mms
02-02 11:42:51.147 D/MobileDataStateTracker(  283): [dun]  unavailable = true
02-02 11:42:51.147 D/MobileDataStateTracker(  283): [dun] Do not process intents if disabled.
02-02 11:42:51.147 D/MobileDataStateTracker(  283): [supl]  MobileDataStateReceiver onReceive(): Entry.
02-02 11:42:51.147 D/MobileDataStateTracker(  283): [supl]  intent.getAction()= android.intent.action.ANY_DATA_STATE
02-02 11:42:51.147 D/MobileDataStateTracker(  283): [supl]  mEnabled = false
02-02 11:42:51.177 I/TelephonyRegistry(  283): notifyDataConnection: state=0 isDataConnectivityPossible=false reason=dataNetworkDetached interfaceName=null networkType=0 apnType=dun apn=null
02-02 11:42:51.177 I/TelephonyRegistry(  283): +++broadcastDataConnectionStateChanged
02-02 11:42:51.187 D/GTalkService(  475): ##### Network broadcast (connected=false) type=WIFI, state=DISCONNECTED
02-02 11:42:51.187 D/MobileDataStateTracker(  283): [supl]  apnTypeList = mms
02-02 11:42:51.187 D/MobileDataStateTracker(  283): [supl]  unavailable = true
02-02 11:42:51.187 D/MobileDataStateTracker(  283): [supl] Do not process intents if disabled.
02-02 11:42:51.187 D/MobileDataStateTracker(  283): [mms]  MobileDataStateReceiver onReceive(): Entry.
02-02 11:42:51.187 D/MobileDataStateTracker(  283): [mms]  intent.getAction()= android.intent.action.ANY_DATA_STATE
02-02 11:42:51.187 D/MobileDataStateTracker(  283): [mms]  mEnabled = false
02-02 11:42:51.187 I/TelephonyRegistry(  283): +++sendStickyBroadcast
02-02 11:42:51.217 I/ActivityThread(  586): Pub gmail-ls: com.google.android.gm.provider.MailProvider
02-02 11:42:51.217 D/Phone   (  422): [PhoneNotifier] [DefaultPhoneNotifier] : hipri, INET, DISCONNECTED
02-02 11:42:51.217 D/MobileDataStateTracker(  283): [mms]  apnTypeList = mms
