02-03 22:21:45.634 I/BootReceiver(  257): Copying /proc/last_kmsg to DropBox (SYSTEM_LAST_KMSG)
02-03 22:21:45.674 I/ActivityManager(  257): Start proc android.process.media for content provider com.android.providers.downloads/.DownloadProvider: pid=519 uid=10026 gids={1015, 2001, 3003}
02-03 22:21:45.844 I/ActivityManager(  257): Start proc com.sprint.zone for broadcast com.sprint.zone/.BootCompleteReceiver: pid=527 uid=10002 gids={3003, 3002, 3001}
02-03 22:21:46.395 I/ActivityManager(  257): Start proc com.android.voicedialer for broadcast com.android.voicedialer/.VoiceDialerReceiver: pid=536 uid=10005 gids={3002}
02-03 22:21:46.415 D/PowerManagerService(  257): setTimeoutLocked now=37815 timeoutOverride=-1 nextState=1 when=144815
02-03 22:21:46.475 I/ActivityManager(  257): Start proc com.swype.android.inputmethod for broadcast com.swype.android.inputmethod/.SwypeDataInitializer: pid=544 uid=10011 gids={1015}
02-03 22:21:46.665 I/ActivityManager(  257): Start proc com.sprint.ce.updater for broadcast com.sprint.ce.updater/.BootCompletedReceiver: pid=553 uid=10013 gids={3003}
02-03 22:21:46.765 I/ActivityManager(  257): Start proc com.sprint.w.installer for broadcast com.sprint.w.installer/.BootListener: pid=561 uid=10015 gids={3003, 1015}
02-03 22:21:47.105 I/ActivityManager(  257): Start proc com.locationlabs.v3client for broadcast com.locationlabs.v3client/.BootCompletedReceiver: pid=570 uid=10017 gids={3003}
02-03 22:21:47.105 D/StatusBarPolicy(  329): onSignalStrengthsChanged:SignalStrength: 99 0 -84 -70 -102 -20 6 99 2147483647 2147483647 2147483647 2147483647 cdma for subscription0
02-03 22:21:47.105 D/StatusBarPolicy(  329): updateSignalStrength on subscription :0
02-03 22:21:47.105 D/StatusBarPolicy(  329): StatusBarPolocy::getIconLevel -CDMA
02-03 22:21:47.105 D/StatusBarPolicy(  329): getCdmaLevel_band_six -cdmaDbm:-84
02-03 22:21:47.105 D/StatusBarPolicy(  329): getCdmaLevel_band_six -cdmaEcio:-70
02-03 22:21:47.716 I/ActivityManager(  257): Start proc com.irdeto.providers.drm for broadcast com.irdeto.providers.drm/.OmaDrmReceiver: pid=578 uid=10026 gids={1015, 2001, 3003}
02-03 22:21:47.806 I/ActivityManager(  257): Start proc com.android.mms for broadcast com.android.mms/.transaction.MmsSystemEventReceiver: pid=587 uid=10033 gids={3003, 1015}
02-03 22:21:48.106 D/StatusBarPolicy(  329): onSignalStrengthsChanged:SignalStrength: 99 0 -84 -70 -99 -20 7 99 2147483647 2147483647 2147483647 2147483647 cdma for subscription0
02-03 22:21:48.106 D/StatusBarPolicy(  329): updateSignalStrength on subscription :0
02-03 22:21:48.106 D/StatusBarPolicy(  329): StatusBarPolocy::getIconLevel -CDMA
02-03 22:21:48.106 D/StatusBarPolicy(  329): getCdmaLevel_band_six -cdmaDbm:-84
02-03 22:21:48.106 D/StatusBarPolicy(  329): getCdmaLevel_band_six -cdmaEcio:-70
02-03 22:21:48.136 I/TelephonyRegistry(  257): notifyServiceState: 0 home Sprint  310099  1xRTT CSS not supported 41 4139RoamInd: 1RoamStatus(sprint): 1DefRoamInd: 160EmergOnly: false
02-03 22:21:48.136 D/StatusBarPolicy(  329): onServiceStateChanged:0 home Sprint  310099  1xRTT CSS not supported 41 4139RoamInd: 1RoamStatus(sprint): 1DefRoamInd: 160EmergOnly: falsefor subscription :0
02-03 22:21:48.136 D/StatusBarPolicy(  329): updateSignalStrength on subscription :0
02-03 22:21:48.136 D/StatusBarPolicy(  329): StatusBarPolocy::getIconLevel -CDMA
02-03 22:21:48.136 D/StatusBarPolicy(  329): getCdmaLevel_band_six -cdmaDbm:-84
02-03 22:21:48.136 D/StatusBarPolicy(  329): getCdmaLevel_band_six -cdmaEcio:-70
02-03 22:21:48.136 D/StatusBarPolicy(  329): updateDataIcon subscription =0
02-03 22:21:48.166 I/TelephonyRegistry(  257): notifyServiceState: 0 home Sprint  310099  EvDo rev. A CSS not supported 41 4139RoamInd: 1RoamStatus(sprint): 1DefRoamInd: 160EmergOnly: false
02-03 22:21:48.176 D/StatusBarPolicy(  329): onServiceStateChanged:0 home Sprint  310099  EvDo rev. A CSS not supported 41 4139RoamInd: 1RoamStatus(sprint): 1DefRoamInd: 160EmergOnly: falsefor subscription :0
02-03 22:21:48.176 D/StatusBarPolicy(  329): updateSignalStrength on subscription :0
02-03 22:21:48.176 D/StatusBarPolicy(  329): StatusBarPolocy::getIconLevel -EVDO
02-03 22:21:48.176 D/StatusBarPolicy(  329): getEvdoLevel_band_six -evdoDbm:-99
02-03 22:21:48.176 D/StatusBarPolicy(  329): getEvdoLevel_band_six -evdoEcio:-20
02-03 22:21:48.176 D/StatusBarPolicy(  329): updateDataIcon subscription =0
02-03 22:21:48.236 I/TelephonyRegistry(  257): notifyDataConnection: anyState=0,default/INET,apnTypeState=1,iface=null,ip=null,gw=null,isDataConnectivityPossible=true,networkType=6,reason=radioTechnologyChanged
02-03 22:21:48.236 D/StatusBarPolicy(  329): StatusBarPolicy onDataConnectionStateChanged to 0for nw : 6on subscription : 0
02-03 22:21:48.236 D/StatusBarPolicy(  329): Data network type changed to:6
02-03 22:21:48.236 D/StatusBarPolicy(  329): updateDataIcon subscription =0
02-03 22:21:48.246 I/TelephonyRegistry(  257): notifyDataConnection: anyState=0,default/INET6,apnTypeState=0,iface=null,ip=null,gw=null,isDataConnectivityPossible=true,networkType=6,reason=radioTechnologyChanged
02-03 22:21:48.256 I/TelephonyRegistry(  257): notifyDataConnection: anyState=0,mms/INET,apnTypeState=0,iface=null,ip=null,gw=null,isDataConnectivityPossible=true,networkType=6,reason=radioTechnologyChanged
02-03 22:21:48.266 I/TelephonyRegistry(  257): notifyDataConnection: anyState=0,mms/INET6,apnTypeState=0,iface=null,ip=null,gw=null,isDataConnectivityPossible=true,networkType=6,reason=radioTechnologyChanged
02-03 22:21:48.296 I/TelephonyRegistry(  257): notifyDataConnection: anyState=0,supl/INET,apnTypeState=0,iface=null,ip=null,gw=null,isDataConnectivityPossible=true,networkType=6,reason=radioTechnologyChanged
02-03 22:21:48.296 I/TelephonyRegistry(  257): notifyDataConnection: anyState=0,supl/INET6,apnTypeState=0,iface=null,ip=null,gw=null,isDataConnectivityPossible=true,networkType=6,reason=radioTechnologyChanged
02-03 22:21:48.307 I/TelephonyRegistry(  257): notifyDataConnection: anyState=0,dun/INET,apnTypeState=0,iface=null,ip=null,gw=null,isDataConnectivityPossible=true,networkType=6,reason=radioTechnologyChanged
02-03 22:21:48.317 I/TelephonyRegistry(  257): notifyDataConnection: anyState=0,dun/INET6,apnTypeState=0,iface=null,ip=null,gw=null,isDataConnectivityPossible=true,networkType=6,reason=radioTechnologyChanged
02-03 22:21:48.327 I/TelephonyRegistry(  257): notifyDataConnection: anyState=0,hipri/INET,apnTypeState=0,iface=null,ip=null,gw=null,isDataConnectivityPossible=true,networkType=6,reason=radioTechnologyChanged
02-03 22:21:48.367 I/TelephonyRegistry(  257): notifyDataConnection: anyState=0,hipri/INET6,apnTypeState=0,iface=null,ip=null,gw=null,isDataConnectivityPossible=true,networkType=6,reason=radioTechnologyChanged
02-03 22:21:48.667 I/ActivityManager(  257): Start proc com.android.zte.HiddenMenu for broadcast com.android.zte.HiddenMenu/.CommandReceiver: pid=605 uid=1000 gids={3002, 3001, 3003, 1015}
02-03 22:21:48.997 I/ActivityManager(  257): Starting: Intent { flg=0x10000000 cmp=com.google.android.gsf/.update.SystemUpdateInstallDialog } from pid 383
02-03 22:21:49.017 W/WindowManager(  257): updateFocusedWindowLocked newFocus=Window{4084c368 Keyguard paused=false} mode=0 mCurrentFocus = Window{4084c368 Keyguard paused=false}
02-03 22:21:49.117 W/WindowManager(  257): updateFocusedWindowLocked newFocus=Window{4084c368 Keyguard paused=false} mode=0 mCurrentFocus = Window{4084c368 Keyguard paused=false}
02-03 22:21:49.127 W/WindowManager(  257): updateFocusedWindowLocked newFocus=Window{4084c368 Keyguard paused=false} mode=3 mCurrentFocus = Window{4084c368 Keyguard paused=false}
02-03 22:21:49.137 W/WindowManager(  257): updateFocusedWindowLocked newFocus=Window{4084c368 Keyguard paused=false} mode=2 mCurrentFocus = Window{4084c368 Keyguard paused=false}
02-03 22:21:49.137 W/WindowManager(  257): updateFocusedWindowLocked newFocus=Window{4084c368 Keyguard paused=false} mode=2 mCurrentFocus = Window{4084c368 Keyguard paused=false}
02-03 22:21:49.348 D/StatusBarPolicy(  329): onSignalStrengthsChanged:SignalStrength: 99 0 -89 -70 -95 -20 6 99 2147483647 2147483647 2147483647 2147483647 cdma for subscription0
02-03 22:21:49.348 D/StatusBarPolicy(  329): updateSignalStrength on subscription :0
02-03 22:21:49.348 D/StatusBarPolicy(  329): StatusBarPolocy::getIconLevel -EVDO
02-03 22:21:49.348 D/StatusBarPolicy(  329): getEvdoLevel_band_six -evdoDbm:-95
02-03 22:21:49.348 D/StatusBarPolicy(  329): getEvdoLevel_band_six -evdoEcio:-20
02-03 22:21:49.858 I/ActivityManager(  257): Start proc com.google.android.gm for broadcast com.google.android.gm/.MailIntentReceiver: pid=621 uid=10046 gids={3003, 1015}
02-03 22:21:49.878 I/ActivityManager(  257): Force stopping package com.google.android.apps.maps uid=10036
02-03 22:21:50.108 I/ActivityManager(  257): Force stopping package com.google.android.apps.books uid=10060
02-03 22:21:50.469 I/ActivityManager(  257): Start proc com.dataviz.docstogo for broadcast com.dataviz.docstogo/com.dataviz.dxtg.common.android.DTGPhoneBootReceiver: pid=635 uid=10052 gids={3003, 1015}
02-03 22:21:51.049 I/ActivityManager(  257): Process com.dataviz.docstogo (pid 635) has died.
02-03 22:21:51.319 I/ActivityManager(  257): Start proc com.android.camera for broadcast com.android.camera/.BootCamera: pid=646 uid=10055 gids={1006, 1015}
02-03 22:21:51.410 I/ActivityManager(  257): Start proc com.android.providers.calendar for broadcast com.android.providers.calendar/.CalendarReceiver: pid=654 uid=10056 gids={3003}
02-03 22:21:51.600 D/StatusBarPolicy(  329): onSignalStrengthsChanged:SignalStrength: 99 0 -89 -70 -91 -10 8 99 2147483647 2147483647 2147483647 2147483647 cdma for subscription0
02-03 22:21:51.600 D/StatusBarPolicy(  329): updateSignalStrength on subscription :0
02-03 22:21:51.610 D/StatusBarPolicy(  329): StatusBarPolocy::getIconLevel -EVDO
02-03 22:21:51.610 D/StatusBarPolicy(  329): getEvdoLevel_band_six -evdoDbm:-91
02-03 22:21:51.610 D/StatusBarPolicy(  329): getEvdoLevel_band_six -evdoEcio:-10
02-03 22:21:51.620 I/ActivityManager(  257): Start proc com.android.calendar for broadcast com.android.calendar/.AlertReceiver: pid=666 uid=10057 gids={3003}
02-03 22:21:51.740 I/ActivityManager(  257): Start proc com.qualcomm.cabl for broadcast com.qualcomm.cabl/.CABLReceiver: pid=674 uid=1000 gids={3002, 3001, 3003, 1015}
02-03 22:21:51.800 I/ActivityManager(  257): Start proc com.google.android.apps.googlevoice for broadcast com.google.android.apps.googlevoice/.BootUpReceiver: pid=683 uid=10067 gids={3003, 1015}
02-03 22:21:52.220 I/ActivityManager(  257): Start proc com.google.android.apps.maps:FriendService for broadcast com.google.android.apps.maps/com.google.googlenav.friend.android.ServiceReceiver: pid=691 uid=10036 gids={3003, 1015}
02-03 22:21:52.771 I/TelephonyRegistry(  257): notifyDataConnection: anyState=2,default/INET,apnTypeState=2,iface=rmnet0,ip=70.14.58.237,gw=70.14.58.238,isDataConnectivityPossible=true,networkType=6,reason=radioTechnologyChanged
02-03 22:21:52.771 D/StatusBarPolicy(  329): StatusBarPolicy onDataConnectionStateChanged to 2for nw : 6on subscription : 0
02-03 22:21:52.771 D/StatusBarPolicy(  329): Data network type changed to:6
02-03 22:21:52.771 D/StatusBarPolicy(  329): updateDataIcon subscription =0
02-03 22:21:52.941 I/TelephonyRegistry(  257): notifyDataConnection: anyState=2,mms/INET,apnTypeState=2,iface=rmnet0,ip=70.14.58.237,gw=70.14.58.238,isDataConnectivityPossible=true,networkType=6,reason=radioTechnologyChanged
02-03 22:21:52.951 I/TelephonyRegistry(  257): notifyDataConnection: anyState=2,supl/INET,apnTypeState=2,iface=rmnet0,ip=70.14.58.237,gw=70.14.58.238,isDataConnectivityPossible=true,networkType=6,reason=radioTechnologyChanged
02-03 22:21:52.961 I/TelephonyRegistry(  257): notifyDataConnection: anyState=2,hipri/INET,apnTypeState=2,iface=rmnet0,ip=70.14.58.237,gw=70.14.58.238,isDataConnectivityPossible=true,networkType=6,reason=radioTechnologyChanged
02-03 22:21:52.981 D/ConnectivityService(  257): ConnectivityChange for mobile: CONNECTED/CONNECTED
02-03 22:21:52.981 D/ConnectivityService(  257): Got Network Connection Succ from Driver nwtype=0
02-03 22:21:52.981 D/ConnectivityService(  257): adding dns 68.28.67.132 for mobile
02-03 22:21:52.991 D/ConnectivityService(  257): adding dns 68.28.68.132 for mobile
02-03 22:21:53.001 D/StatusBarPolicy(  329): updateDataIcon subscription =0
02-03 22:21:53.011 D/NetdConnector(  257): SND -> {route replace def v4 rmnet0 70.14.58.238} {null}
02-03 22:21:53.131 D/NetdConnector(  257): RCV <- {200 default route replace succeeded for [rmnet0 -4]}
02-03 22:21:53.131 D/NetdConnector(  257): RSP <- {200 default route replace succeeded for [rmnet0 -4]}
02-03 22:21:53.131 D/NetworkManagementService(  257): 200 default route replace succeeded for [rmnet0 -4]
02-03 22:21:53.131 D/StatusBarPolicy(  329): Data network type changed to:6
02-03 22:21:53.131 D/StatusBarPolicy(  329): updateDataIcon subscription =0
02-03 22:21:53.141 D/StatusBarPolicy(  329): updateSignalStrength on subscription :0
02-03 22:21:53.141 D/StatusBarPolicy(  329): StatusBarPolocy::getIconLevel -EVDO
02-03 22:21:53.141 D/StatusBarPolicy(  329): getEvdoLevel_band_six -evdoDbm:-91
02-03 22:21:53.141 D/StatusBarPolicy(  329): getEvdoLevel_band_six -evdoEcio:-10
02-03 22:21:53.231 I/ActivityManager(  257): Start proc com.google.android.googlequicksearchbox for broadcast com.google.android.googlequicksearchbox/.SearchWidgetProvider: pid=710 uid=10043 gids={3003}
02-03 22:21:53.421 I/ActivityManager(  257): No longer want com.qualcomm.privinit (pid 480): hidden #16
02-03 22:21:53.432 I/ActivityManager(  257): No longer want com.cooliris.media (pid 488): hidden #16
02-03 22:21:53.482 D/RPC     (  257): 3000008c:00050000 sending call (XID 1).
02-03 22:21:53.482 D/RPC     (  257): 3000008c:00050000 received REPLY (XID 1), grabbing mutex to wake up client.
02-03 22:21:53.482 D/RPC     (  257): 3000008c:00050000 call success.
02-03 22:21:53.482 D/RPC     (  257): 3000008c:00050000 sending call (XID 2).
02-03 22:21:53.482 D/RPC     (  257): 3000008c:00050000 received REPLY (XID 2), grabbing mutex to wake up client.
02-03 22:21:53.482 D/RPC     (  257): 3000008c:00050000 call success.
02-03 22:21:53.482 D/RPC     (  257): 3000008c:00050000 received CALL.
02-03 22:21:53.482 D/RPC     (  257): 3000008c:00050000 dispatching RPC call (XID 11, xdr 0x4c9190) for callback client 3100008c:00050001.
02-03 22:21:53.482 D/RPC     (  257): 3100008c:327681 sending RPC reply (XID 11)
02-03 22:21:53.482 D/RPC     (  257): 3000008c:00050000 sending call (XID 3).
02-03 22:21:53.492 D/RPC     (  257): 3000008c:00050000 received REPLY (XID 3), grabbing mutex to wake up client.
02-03 22:21:53.492 D/RPC     (  257): 3000008c:00050000 call success.
02-03 22:21:53.492 D/RPC     (  257): 3000008c:00050000 received CALL.
02-03 22:21:53.492 D/RPC     (  257): 3000008c:00050000 dispatching RPC call (XID 12, xdr 0x4c9190) for callback client 3100008c:00050001.
02-03 22:21:53.492 D/RPC     (  257): 3100008c:327681 sending RPC reply (XID 12)
02-03 22:21:53.492 D/RPC     (  257): 3000008c:00050000 sending call (XID 4).
02-03 22:21:53.492 D/RPC     (  257): 3000008c:00050000 received REPLY (XID 4), grabbing mutex to wake up client.
02-03 22:21:53.492 D/RPC     (  257): 3000008c:00050000 call success.
02-03 22:21:53.502 D/RPC     (  257): 3000008c:00050000 received CALL.
02-03 22:21:53.502 D/RPC     (  257): 3000008c:00050000 dispatching RPC call (XID 13, xdr 0x4c9190) for callback client 3100008c:00050001.
02-03 22:21:53.502 D/RPC     (  257): 3100008c:327681 sending RPC reply (XID 13)
02-03 22:21:53.782 D/RPC     (  257): 3000008c:00050000 sending call (XID 5).
02-03 22:21:53.792 D/RPC     (  257): 3000008c:00050000 received REPLY (XID 5), grabbing mutex to wake up client.
02-03 22:21:53.792 D/RPC     (  257): 3000008c:00050000 call success.
02-03 22:21:53.792 D/RPC     (  257): 3000008c:00050000 received CALL.
02-03 22:21:53.792 D/RPC     (  257): 3000008c:00050000 dispatching RPC call (XID 14, xdr 0x4c9190) for callback client 3100008c:00050001.
02-03 22:21:53.792 D/RPC     (  257): 3100008c:327681 sending RPC reply (XID 14)
02-03 22:21:54.533 D/StatusBarPolicy(  329): updateDataIcon subscription =0
02-03 22:21:54.613 I/ActivityManager(  257): No longer want zte.com.cn.alarmclock (pid 511): hidden #16
02-03 22:21:55.584 D/StatusBarPolicy(  329): updateDataIcon subscription =0
02-03 22:21:56.084 D/StatusBarPolicy(  329): onSignalStrengthsChanged:SignalStrength: 99 0 -89 -70 -86 -10 8 99 2147483647 2147483647 2147483647 2147483647 cdma for subscription0
02-03 22:21:56.084 D/StatusBarPolicy(  329): updateSignalStrength on subscription :0
02-03 22:21:56.084 D/StatusBarPolicy(  329): StatusBarPolocy::getIconLevel -EVDO
02-03 22:21:56.084 D/StatusBarPolicy(  329): getEvdoLevel_band_six -evdoDbm:-86
02-03 22:21:56.084 D/StatusBarPolicy(  329): getEvdoLevel_band_six -evdoEcio:-10
02-03 22:21:56.715 I/ActivityManager(  257): No longer want com.sprint.zone (pid 527): hidden #16
02-03 22:21:57.846 I/ActivityManager(  257): No longer want com.android.voicedialer (pid 536): hidden #16
02-03 22:21:57.946 I/ActivityManager(  257): Start proc com.google.android.apps.uploader for broadcast com.google.android.apps.uploader/.ConnectivityBroadcastReceiver: pid=729 uid=10034 gids={3003}
02-03 22:21:58.066 I/ActivityManager(  257): Start proc com.cooliris.media for broadcast com.cooliris.media/com.cooliris.cache.BootReceiver: pid=741 uid=10049 gids={1015, 3003}
02-03 22:21:58.226 I/ActivityManager(  257): Start proc com.google.android.apps.plus for broadcast com.google.android.apps.plus/.service.PackagesMediaMonitor: pid=750 uid=10021 gids={3003, 1015, 1006}
02-03 22:21:58.226 I/ActivityManager(  257): No longer want com.swype.android.inputmethod (pid 544): hidden #16
02-03 22:21:58.426 D/StatusBarPolicy(  329): onSignalStrengthsChanged:SignalStrength: 99 0 -89 -70 -88 -30 8 99 2147483647 2147483647 2147483647 2147483647 cdma for subscription0
02-03 22:21:58.426 D/StatusBarPolicy(  329): updateSignalStrength on subscription :0
02-03 22:21:58.426 D/StatusBarPolicy(  329): StatusBarPolocy::getIconLevel -EVDO
02-03 22:21:58.426 D/StatusBarPolicy(  329): getEvdoLevel_band_six -evdoDbm:-88
02-03 22:21:58.426 D/StatusBarPolicy(  329): getEvdoLevel_band_six -evdoEcio:-30
02-03 22:21:58.837 I/ActivityManager(  257): No longer want com.locationlabs.v3client (pid 570): hidden #16
02-03 22:21:58.847 I/ActivityManager(  257): Start proc com.google.android.music:main for broadcast com.google.android.music/.store.MediaStoreImportService$Receiver: pid=760 uid=10030 gids={3003, 1015}
02-03 22:21:59.297 I/ActivityManager(  257): Start proc com.sprint.zone for broadcast com.sprint.zone/.PackageUpdateReceiver: pid=774 uid=10002 gids={3003, 3002, 3001}
02-03 22:21:59.297 I/ActivityManager(  257): No longer want com.android.mms (pid 587): hidden #16
02-03 22:21:59.387 I/ActivityManager(  257): Start proc com.android.voicedialer for broadcast com.android.voicedialer/.VoiceDialerReceiver: pid=782 uid=10005 gids={3002}
02-03 22:21:59.387 I/ActivityManager(  257): No longer want com.android.zte.HiddenMenu (pid 605): hidden #16
02-03 22:21:59.447 I/ActivityManager(  257): Start proc com.android.vending for broadcast com.android.vending/com.google.android.finsky.receivers.PersistentPackageMonitorReceiver: pid=790 uid=10023 gids={3003, 1015}
02-03 22:21:59.447 I/ActivityManager(  257): No longer want com.android.camera (pid 646): hidden #16
02-03 22:22:00.098 I/ActivityManager(  257): Start proc com.google.android.apps.maps:LocationFriendService for broadcast com.google.android.apps.maps/com.google.googlenav.friend.reporting.LocationReportingIntentReceiver: pid=812 uid=10036 gids={3003, 1015}
02-03 22:22:00.108 I/ActivityManager(  257): No longer want com.android.calendar (pid 666): hidden #16
02-03 22:22:00.488 I/ActivityManager(  257): Starting: Intent { flg=0x10000000 cmp=com.google.android.apps.maps/com.google.googlenav.login.AndroidLoginActivitySdk5 (has extras) } from pid 812
02-03 22:22:00.508 I/ActivityManager(  257): Start proc com.google.android.apps.maps for activity com.google.android.apps.maps/com.google.googlenav.login.AndroidLoginActivitySdk5: pid=822 uid=10036 gids={3003, 1015}
02-03 22:22:00.518 I/ActivityManager(  257): No longer want com.qualcomm.cabl (pid 674): hidden #16
02-03 22:22:00.619 D/ConnectivityService(  257): reportNetworkCondition(0, 0)
02-03 22:22:00.619 D/ConnectivityService(  257): Inet connectivity change, net=0, condition=0,mActiveDefaultNetwork=0
02-03 22:22:00.619 D/ConnectivityService(  257): starting a change hold
02-03 22:22:00.689 I/ActivityManager(  257): Start proc com.facebook.katana for broadcast com.facebook.katana/.binding.UploadManagerConnectivity: pid=833 uid=10065 gids={3003, 1015}
02-03 22:22:00.739 W/WindowManager(  257): updateFocusedWindowLocked newFocus=Window{4084c368 Keyguard paused=false} mode=0 mCurrentFocus = Window{4084c368 Keyguard paused=false}
02-03 22:22:01.249 W/ActivityManager(  257): Activity pause timeout for HistoryRecord{40774330 com.google.android.apps.maps/com.google.googlenav.login.AndroidLoginActivitySdk5}
02-03 22:22:01.840 W/WindowManager(  257): updateFocusedWindowLocked newFocus=Window{4084c368 Keyguard paused=false} mode=0 mCurrentFocus = Window{4084c368 Keyguard paused=false}
02-03 22:22:01.850 W/WindowManager(  257): updateFocusedWindowLocked newFocus=Window{4084c368 Keyguard paused=false} mode=3 mCurrentFocus = Window{4084c368 Keyguard paused=false}
02-03 22:22:01.870 I/ActivityManager(  257): No longer want com.google.android.apps.googlevoice (pid 683): hidden #16
02-03 22:22:02.560 D/AlarmManager(  257): scheduleTimeTickEvent calendar=Fri Feb 03 22:23:00 CST 2012
02-03 22:22:02.560 D/AlarmManager(  257): calendar.getTimeInMillis()1328329380000
02-03 22:22:02.600 W/ActivityManager(  257): finishReceiver called but active receiver is different
02-03 22:22:03.381 I/ActivityManager(  257): No longer want com.google.android.apps.maps:FriendService (pid 691): hidden #16
02-03 22:22:03.631 D/ConnectivityService(  257): Inet hold end, net=0, condition =0, published condition =0
02-03 22:22:03.631 D/ConnectivityService(  257): no change in condition - aborting
02-03 22:22:05.103 I/ActivityManager(  257): Start proc com.google.android.voicesearch for broadcast com.google.android.voicesearch/.GservicesBroadcastReceiver: pid=857 uid=10004 gids={3003, 1015}
02-03 22:22:05.413 I/ActivityManager(  257): No longer want com.google.android.partnersetup (pid 446): hidden #16
02-03 22:22:05.513 I/ActivityManager(  257): Starting: Intent { flg=0x10000000 cmp=com.google.android.gsf/.update.SystemUpdateInstallDialog } from pid 383
02-03 22:22:05.523 W/WindowManager(  257): updateFocusedWindowLocked newFocus=Window{4084c368 Keyguard paused=false} mode=0 mCurrentFocus = Window{4084c368 Keyguard paused=false}
02-03 22:22:05.553 W/WindowManager(  257): updateFocusedWindowLocked newFocus=Window{4084c368 Keyguard paused=false} mode=0 mCurrentFocus = Window{4084c368 Keyguard paused=false}
02-03 22:22:06.785 I/ActivityManager(  257): No longer want com.sprint.ce.updater (pid 553): hidden #16
02-03 22:22:07.285 I/TelephonyRegistry(  257): notifyMessageWaitingChanged: true
02-03 22:22:07.385 W/WindowManager(  257): updateFocusedWindowLocked newFocus=Window{4084c368 Keyguard paused=false} mode=3 mCurrentFocus = Window{4084c368 Keyguard paused=false}
02-03 22:22:07.565 I/ActivityManager(  257): Start proc com.locationlabs.v3client for broadcast com.locationlabs.v3client/.BootCompletedReceiver: pid=876 uid=10017 gids={3003}
02-03 22:22:32.762 D/ConnectivityService(  257): reportNetworkCondition(0, 100)
02-03 22:22:32.762 D/ConnectivityService(  257): Inet connectivity change, net=0, condition=100,mActiveDefaultNetwork=0
02-03 22:22:32.762 D/ConnectivityService(  257): starting a change hold
02-03 22:22:33.273 D/ConnectivityService(  257): Inet hold end, net=0, condition =100, published condition =0
02-03 22:22:34.113 D/StatusBarPolicy(  329): Data network type changed to:6
02-03 22:22:34.113 D/StatusBarPolicy(  329): updateDataIcon subscription =0
02-03 22:22:34.133 D/StatusBarPolicy(  329): updateSignalStrength on subscription :0
02-03 22:22:34.133 D/StatusBarPolicy(  329): StatusBarPolocy::getIconLevel -EVDO
02-03 22:22:34.133 D/StatusBarPolicy(  329): getEvdoLevel_band_six -evdoDbm:-88
02-03 22:22:34.133 D/StatusBarPolicy(  329): getEvdoLevel_band_six -evdoEcio:-30
02-03 22:22:35.044 I/ActivityManager(  257): No longer want com.android.email (pid 496): hidden #16
02-03 22:23:03.500 I/ActivityManager(  257): Start proc com.android.mms for service com.android.mms/.transaction.TransactionService: pid=904 uid=10033 gids={3003, 1015}
02-03 22:23:03.500 D/BatteryService(  257): updateBattery level:67 scale:100 status:3 health:2 present:true voltage: 3863 temperature: 280 technology: Li-ion AC powered:false USB powered:false icon:17302173
02-03 22:23:03.520 D/AlarmManager(  257): scheduleTimeTickEvent calendar=Fri Feb 03 22:24:00 CST 2012
02-03 22:23:03.520 D/AlarmManager(  257): calendar.getTimeInMillis()1328329440000
02-03 22:23:03.820 I/ActivityManager(  257): No longer want com.android.providers.calendar (pid 654): hidden #16
02-03 22:26:09.500 D/AlarmManager(  257): scheduleTimeTickEvent calendar=Fri Feb 03 22:27:00 CST 2012
02-03 22:26:09.500 D/AlarmManager(  257): calendar.getTimeInMillis()1328329620000
02-03 22:29:50.500 D/AlarmManager(  257): scheduleTimeTickEvent calendar=Fri Feb 03 22:30:00 CST 2012
02-03 22:29:50.500 D/AlarmManager(  257): calendar.getTimeInMillis()1328329800000
02-03 22:29:50.590 D/StatusBarPolicy(  329): onSignalStrengthsChanged:SignalStrength: 99 0 -82 -70 -80 -15 8 99 2147483647 2147483647 2147483647 2147483647 cdma for subscription0
02-03 22:29:50.590 D/StatusBarPolicy(  329): updateSignalStrength on subscription :0
02-03 22:29:50.590 D/StatusBarPolicy(  329): StatusBarPolocy::getIconLevel -EVDO
02-03 22:29:50.590 D/StatusBarPolicy(  329): getEvdoLevel_band_six -evdoDbm:-80
02-03 22:29:50.590 D/StatusBarPolicy(  329): getEvdoLevel_band_six -evdoEcio:-15
02-03 22:29:50.610 D/StatusBarPolicy(  329): updateDataIcon subscription =0
02-03 22:29:50.630 I/TelephonyRegistry(  257): notifyServiceState: 0 home Sprint  310099  EvDo rev. A CSS not supported 41 4139RoamInd: 1RoamStatus(sprint): 1DefRoamInd: 160EmergOnly: false
02-03 22:29:50.680 D/StatusBarPolicy(  329): onServiceStateChanged:0 home Sprint  310099  EvDo rev. A CSS not supported 41 4139RoamInd: 1RoamStatus(sprint): 1DefRoamInd: 160EmergOnly: falsefor subscription :0
02-03 22:29:50.680 D/StatusBarPolicy(  329): updateSignalStrength on subscription :0
02-03 22:29:50.680 D/StatusBarPolicy(  329): StatusBarPolocy::getIconLevel -EVDO
02-03 22:29:50.680 D/StatusBarPolicy(  329): getEvdoLevel_band_six -evdoDbm:-80
02-03 22:29:50.680 D/StatusBarPolicy(  329): getEvdoLevel_band_six -evdoEcio:-15
02-03 22:29:50.680 D/StatusBarPolicy(  329): updateDataIcon subscription =0
02-03 22:29:52.471 D/PowerManagerService(  257): setTimeoutLocked now=82861 timeoutOverride=-1 nextState=3 when=88861
02-03 22:29:52.481 W/WindowManager(  257): updateFocusedWindowLocked newFocus=null mode=3 mCurrentFocus = Window{4084c368 Keyguard paused=false}
02-03 22:29:52.481 W/WindowManager(  257): updateFocusedWindowLocked newFocus=Window{40826148 com.android.launcher/com.android.launcher2.Launcher paused=false} mode=2 mCurrentFocus = null
02-03 22:29:52.551 D/PowerManagerService(  257): setTimeoutLocked now=82946 timeoutOverride=-1 nextState=3 when=88946
02-03 22:29:53.692 D/StatusBarPolicy(  329): updateDataIcon subscription =0
02-03 22:29:54.693 D/StatusBarPolicy(  329): updateDataIcon subscription =0
02-03 22:29:54.873 D/StatusBarPolicy(  329): onSignalStrengthsChanged:SignalStrength: 99 0 -87 -160 -82 -1 8 99 2147483647 2147483647 2147483647 2147483647 cdma for subscription0
02-03 22:29:54.883 D/StatusBarPolicy(  329): updateSignalStrength on subscription :0
02-03 22:29:54.883 D/StatusBarPolicy(  329): StatusBarPolocy::getIconLevel -EVDO
02-03 22:29:54.883 D/StatusBarPolicy(  329): getEvdoLevel_band_six -evdoDbm:-82
02-03 22:29:54.893 D/StatusBarPolicy(  329): getEvdoLevel_band_six -evdoEcio:-1
02-03 22:29:54.893 D/StatusBarPolicy(  329): onSignalStrengthsChanged:SignalStrength: 99 0 -87 -70 -82 -20 8 99 2147483647 2147483647 2147483647 2147483647 cdma for subscription0
02-03 22:29:54.893 D/StatusBarPolicy(  329): updateSignalStrength on subscription :0
02-03 22:29:54.893 D/StatusBarPolicy(  329): StatusBarPolocy::getIconLevel -EVDO
02-03 22:29:54.893 D/StatusBarPolicy(  329): getEvdoLevel_band_six -evdoDbm:-82
02-03 22:29:54.893 D/StatusBarPolicy(  329): getEvdoLevel_band_six -evdoEcio:-20
02-03 22:29:55.123 D/PowerManagerService(  257): setTimeoutLocked now=85513 timeoutOverride=-1 nextState=3 when=91513
02-03 22:29:55.233 D/PowerManagerService(  257): setTimeoutLocked now=85625 timeoutOverride=-1 nextState=3 when=91625
02-03 22:29:55.254 I/ActivityManager(  257): Starting: Intent { act=android.intent.action.MAIN cat=[android.intent.category.LAUNCHER] flg=0x10200000 cmp=com.android.vending/.AssetBrowserActivity bnds=[243,337][317,416] } from pid 350
02-03 22:29:55.254 W/WindowManager(  257): updateFocusedWindowLocked newFocus=Window{40826148 com.android.launcher/com.android.launcher2.Launcher paused=false} mode=3 mCurrentFocus = Window{40826148 com.android.launcher/com.android.launcher2.Launcher paused=false}
02-03 22:29:55.284 W/WindowManager(  257): updateFocusedWindowLocked newFocus=null mode=0 mCurrentFocus = Window{40826148 com.android.launcher/com.android.launcher2.Launcher paused=true}
02-03 22:29:55.314 W/WindowManager(  257): updateFocusedWindowLocked newFocus=null mode=2 mCurrentFocus = null
02-03 22:29:55.314 W/WindowManager(  257): updateFocusedWindowLocked newFocus=null mode=2 mCurrentFocus = null
02-03 22:29:55.394 W/WindowManager(  257): updateFocusedWindowLocked newFocus=null mode=3 mCurrentFocus = null
02-03 22:29:55.704 D/StatusBarPolicy(  329): updateDataIcon subscription =0
02-03 22:29:56.034 W/WindowManager(  257): updateFocusedWindowLocked newFocus=Window{40975b90 com.android.vending/com.android.vending.AssetBrowserActivity paused=false} mode=3 mCurrentFocus = null
02-03 22:29:56.084 W/WindowManager(  257): updateFocusedWindowLocked newFocus=Window{40975b90 com.android.vending/com.android.vending.AssetBrowserActivity paused=false} mode=3 mCurrentFocus = Window{40975b90 com.android.vending/com.android.vending.AssetBrowserActivity paused=false}
02-03 22:29:56.705 D/StatusBarPolicy(  329): updateDataIcon subscription =0
02-03 22:29:57.095 D/StatusBarPolicy(  329): onSignalStrengthsChanged:SignalStrength: 99 0 -87 -70 -84 -20 7 99 2147483647 2147483647 2147483647 2147483647 cdma for subscription0
02-03 22:29:57.095 D/StatusBarPolicy(  329): updateSignalStrength on subscription :0
02-03 22:29:57.095 D/StatusBarPolicy(  329): StatusBarPolocy::getIconLevel -EVDO
02-03 22:29:57.095 D/StatusBarPolicy(  329): getEvdoLevel_band_six -evdoDbm:-84
02-03 22:29:57.095 D/StatusBarPolicy(  329): getEvdoLevel_band_six -evdoEcio:-20
02-03 22:29:59.307 D/StatusBarPolicy(  329): onSignalStrengthsChanged:SignalStrength: 99 0 -87 -70 -84 -30 7 99 2147483647 2147483647 2147483647 2147483647 cdma for subscription0
02-03 22:29:59.307 D/StatusBarPolicy(  329): updateSignalStrength on subscription :0
02-03 22:29:59.317 D/StatusBarPolicy(  329): StatusBarPolocy::getIconLevel -EVDO
02-03 22:29:59.317 D/StatusBarPolicy(  329): getEvdoLevel_band_six -evdoDbm:-84
02-03 22:29:59.317 D/StatusBarPolicy(  329): getEvdoLevel_band_six -evdoEcio:-30
02-03 22:29:59.988 D/AlarmManager(  257): scheduleTimeTickEvent calendar=Fri Feb 03 22:31:00 CST 2012
02-03 22:29:59.988 D/AlarmManager(  257): calendar.getTimeInMillis()1328329860000
02-03 22:30:01.239 D/PowerManagerService(  257): setTimeoutLocked now=91629 timeoutOverride=-1 nextState=1 when=198629
02-03 22:30:03.762 D/StatusBarPolicy(  329): updateDataIcon subscription =0
02-03 22:30:03.812 D/StatusBarPolicy(  329): onSignalStrengthsChanged:SignalStrength: 99 0 -87 -70 -85 -20 8 99 2147483647 2147483647 2147483647 2147483647 cdma for subscription0
02-03 22:30:03.812 D/StatusBarPolicy(  329): updateSignalStrength on subscription :0
02-03 22:30:03.812 D/StatusBarPolicy(  329): StatusBarPolocy::getIconLevel -EVDO
02-03 22:30:03.812 D/StatusBarPolicy(  329): getEvdoLevel_band_six -evdoDbm:-85
02-03 22:30:03.812 D/StatusBarPolicy(  329): getEvdoLevel_band_six -evdoEcio:-20
02-03 22:30:04.052 D/PowerManagerService(  257): setTimeoutLocked now=94438 timeoutOverride=-1 nextState=3 when=100438
02-03 22:30:04.192 D/PowerManagerService(  257): setTimeoutLocked now=94589 timeoutOverride=-1 nextState=3 when=100589
02-03 22:30:04.242 W/WindowManager(  257): updateFocusedWindowLocked newFocus=Window{4092f328 com.android.vending/com.android.vending.AssetBrowserActivity paused=false} mode=1 mCurrentFocus = Window{40975b90 com.android.vending/com.android.vending.AssetBrowserActivity paused=false}
02-03 22:30:04.252 W/WindowManager(  257): updateFocusedWindowLocked newFocus=Window{4092f328 com.android.vending/com.android.vending.AssetBrowserActivity paused=false} mode=3 mCurrentFocus = Window{4092f328 com.android.vending/com.android.vending.AssetBrowserActivity paused=false}
02-03 22:30:04.533 W/WindowManager(  257): updateFocusedWindowLocked newFocus=Window{4092f328 com.android.vending/com.android.vending.AssetBrowserActivity paused=false} mode=3 mCurrentFocus = Window{4092f328 com.android.vending/com.android.vending.AssetBrowserActivity paused=false}
02-03 22:30:04.813 W/WindowManager(  257): updateFocusedWindowLocked newFocus=Window{4092f328 com.android.vending/com.android.vending.AssetBrowserActivity paused=false} mode=3 mCurrentFocus = Window{4092f328 com.android.vending/com.android.vending.AssetBrowserActivity paused=false}
02-03 22:30:06.054 D/StatusBarPolicy(  329): onSignalStrengthsChanged:SignalStrength: 99 0 -87 -70 -84 -5 8 99 2147483647 2147483647 2147483647 2147483647 cdma for subscription0
02-03 22:30:06.054 D/StatusBarPolicy(  329): updateSignalStrength on subscription :0
02-03 22:30:06.054 D/StatusBarPolicy(  329): StatusBarPolocy::getIconLevel -EVDO
02-03 22:30:06.054 D/StatusBarPolicy(  329): getEvdoLevel_band_six -evdoDbm:-84
02-03 22:30:06.054 D/StatusBarPolicy(  329): getEvdoLevel_band_six -evdoEcio:-5
02-03 22:30:08.296 D/PowerManagerService(  257): setTimeoutLocked now=98684 timeoutOverride=-1 nextState=3 when=104684
02-03 22:30:08.326 W/WindowManager(  257): updateFocusedWindowLocked newFocus=Window{4092f328 com.android.vending/com.android.vending.AssetBrowserActivity paused=false} mode=3 mCurrentFocus = Window{4092f328 com.android.vending/com.android.vending.AssetBrowserActivity paused=false}
02-03 22:30:08.406 D/PowerManagerService(  257): setTimeoutLocked now=98795 timeoutOverride=-1 nextState=3 when=104795
02-03 22:30:08.466 W/WindowManager(  257): updateFocusedWindowLocked newFocus=Window{4092f328 com.android.vending/com.android.vending.AssetBrowserActivity paused=false} mode=3 mCurrentFocus = Window{4092f328 com.android.vending/com.android.vending.AssetBrowserActivity paused=false}
02-03 22:30:08.526 W/WindowManager(  257): updateFocusedWindowLocked newFocus=Window{4092f328 com.android.vending/com.android.vending.AssetBrowserActivity paused=false} mode=3 mCurrentFocus = Window{4092f328 com.android.vending/com.android.vending.AssetBrowserActivity paused=false}
02-03 22:30:08.627 W/WindowManager(  257): updateFocusedWindowLocked newFocus=Window{4092f328 com.android.vending/com.android.vending.AssetBrowserActivity paused=false} mode=3 mCurrentFocus = Window{4092f328 com.android.vending/com.android.vending.AssetBrowserActivity paused=false}
02-03 22:30:08.757 W/WindowManager(  257): updateFocusedWindowLocked newFocus=Window{4092f328 com.android.vending/com.android.vending.AssetBrowserActivity paused=false} mode=3 mCurrentFocus = Window{4092f328 com.android.vending/com.android.vending.AssetBrowserActivity paused=false}
02-03 22:30:08.807 D/PowerManagerService(  257): setTimeoutLocked now=99196 timeoutOverride=-1 nextState=3 when=105196
02-03 22:30:08.827 D/StatusBarPolicy(  329): updateDataIcon subscription =0
02-03 22:30:08.857 W/WindowManager(  257): updateFocusedWindowLocked newFocus=Window{4092f328 com.android.vending/com.android.vending.AssetBrowserActivity paused=false} mode=3 mCurrentFocus = Window{4092f328 com.android.vending/com.android.vending.AssetBrowserActivity paused=false}
02-03 22:30:09.628 W/WindowManager(  257): updateFocusedWindowLocked newFocus=Window{4092f328 com.android.vending/com.android.vending.AssetBrowserActivity paused=false} mode=0 mCurrentFocus = Window{4092f328 com.android.vending/com.android.vending.AssetBrowserActivity paused=false}
02-03 22:30:09.878 W/WindowManager(  257): updateFocusedWindowLocked newFocus=Window{4092f328 com.android.vending/com.android.vending.AssetBrowserActivity paused=false} mode=3 mCurrentFocus = Window{4092f328 com.android.vending/com.android.vending.AssetBrowserActivity paused=false}
02-03 22:30:10.378 D/PowerManagerService(  257): setTimeoutLocked now=100768 timeoutOverride=-1 nextState=3 when=106768
02-03 22:30:10.398 W/WindowManager(  257): updateFocusedWindowLocked newFocus=Window{4092f328 com.android.vending/com.android.vending.AssetBrowserActivity paused=false} mode=3 mCurrentFocus = Window{4092f328 com.android.vending/com.android.vending.AssetBrowserActivity paused=false}
02-03 22:30:10.498 D/PowerManagerService(  257): setTimeoutLocked now=100893 timeoutOverride=-1 nextState=3 when=106893
02-03 22:30:10.508 W/WindowManager(  257): updateFocusedWindowLocked newFocus=Window{4092f328 com.android.vending/com.android.vending.AssetBrowserActivity paused=false} mode=3 mCurrentFocus = Window{4092f328 com.android.vending/com.android.vending.AssetBrowserActivity paused=false}
02-03 22:30:10.829 D/StatusBarPolicy(  329): updateDataIcon subscription =0
02-03 22:30:11.860 D/StatusBarPolicy(  329): updateDataIcon subscription =0
02-03 22:30:12.801 D/StatusBarPolicy(  329): onSignalStrengthsChanged:SignalStrength: 99 0 -87 -70 -93 -20 8 99 2147483647 2147483647 2147483647 2147483647 cdma for subscription0
02-03 22:30:12.801 D/StatusBarPolicy(  329): updateSignalStrength on subscription :0
02-03 22:30:12.801 D/StatusBarPolicy(  329): StatusBarPolocy::getIconLevel -EVDO
02-03 22:30:12.821 D/StatusBarPolicy(  329): getEvdoLevel_band_six -evdoDbm:-93
02-03 22:30:12.821 D/StatusBarPolicy(  329): getEvdoLevel_band_six -evdoEcio:-20
02-03 22:30:12.881 D/StatusBarPolicy(  329): updateDataIcon subscription =0
02-03 22:30:13.882 D/StatusBarPolicy(  329): updateDataIcon subscription =0
02-03 22:30:15.033 D/StatusBarPolicy(  329): onSignalStrengthsChanged:SignalStrength: 99 0 -87 -70 -91 -20 8 99 2147483647 2147483647 2147483647 2147483647 cdma for subscription0
02-03 22:30:15.033 D/StatusBarPolicy(  329): updateSignalStrength on subscription :0
02-03 22:30:15.043 D/StatusBarPolicy(  329): StatusBarPolocy::getIconLevel -EVDO
02-03 22:30:15.043 D/StatusBarPolicy(  329): getEvdoLevel_band_six -evdoDbm:-91
02-03 22:30:15.043 D/StatusBarPolicy(  329): getEvdoLevel_band_six -evdoEcio:-20
02-03 22:30:15.914 D/StatusBarPolicy(  329): updateDataIcon subscription =0
02-03 22:30:16.504 D/PowerManagerService(  257): setTimeoutLocked now=106895 timeoutOverride=-1 nextState=1 when=213895
02-03 22:30:17.275 D/StatusBarPolicy(  329): onSignalStrengthsChanged:SignalStrength: 99 0 -87 -70 -90 -20 8 99 2147483647 2147483647 2147483647 2147483647 cdma for subscription0
02-03 22:30:17.275 D/StatusBarPolicy(  329): updateSignalStrength on subscription :0
02-03 22:30:17.295 D/StatusBarPolicy(  329): StatusBarPolocy::getIconLevel -EVDO
02-03 22:30:17.295 D/StatusBarPolicy(  329): getEvdoLevel_band_six -evdoDbm:-90
02-03 22:30:17.295 D/StatusBarPolicy(  329): getEvdoLevel_band_six -evdoEcio:-20
02-03 22:30:19.507 D/StatusBarPolicy(  329): onSignalStrengthsChanged:SignalStrength: 99 0 -87 -70 -89 -20 8 99 2147483647 2147483647 2147483647 2147483647 cdma for subscription0
02-03 22:30:19.507 D/StatusBarPolicy(  329): updateSignalStrength on subscription :0
02-03 22:30:19.517 D/StatusBarPolicy(  329): StatusBarPolocy::getIconLevel -EVDO
02-03 22:30:19.517 D/StatusBarPolicy(  329): getEvdoLevel_band_six -evdoDbm:-89
02-03 22:30:19.517 D/StatusBarPolicy(  329): getEvdoLevel_band_six -evdoEcio:-20
02-03 22:30:23.992 D/StatusBarPolicy(  329): onSignalStrengthsChanged:SignalStrength: 99 0 -87 -70 -88 -20 8 99 2147483647 2147483647 2147483647 2147483647 cdma for subscription0
02-03 22:30:23.992 D/StatusBarPolicy(  329): updateSignalStrength on subscription :0
02-03 22:30:24.002 D/StatusBarPolicy(  329): StatusBarPolocy::getIconLevel -EVDO
02-03 22:30:24.022 D/StatusBarPolicy(  329): getEvdoLevel_band_six -evdoDbm:-88
02-03 22:30:24.022 D/StatusBarPolicy(  329): getEvdoLevel_band_six -evdoEcio:-20
02-03 22:30:24.762 D/StatusBarPolicy(  329): updateDataIcon subscription =0
02-03 22:30:26.224 D/StatusBarPolicy(  329): onSignalStrengthsChanged:SignalStrength: 99 0 -87 -70 -90 -40 8 99 2147483647 2147483647 2147483647 2147483647 cdma for subscription0
02-03 22:30:26.224 D/StatusBarPolicy(  329): updateSignalStrength on subscription :0
02-03 22:30:26.244 D/StatusBarPolicy(  329): StatusBarPolocy::getIconLevel -EVDO
02-03 22:30:26.244 D/StatusBarPolicy(  329): getEvdoLevel_band_six -evdoDbm:-90
02-03 22:30:26.244 D/StatusBarPolicy(  329): getEvdoLevel_band_six -evdoEcio:-40
02-03 22:30:27.445 D/StatusBarPolicy(  329): updateDataIcon subscription =0
02-03 22:30:27.555 D/NetdConnector(  257): SND -> {interface readrxcounter rmnet0} {null}
02-03 22:30:27.565 D/NetdConnector(  257): RCV <- {216 442677}
02-03 22:30:27.565 D/NetdConnector(  257): RSP <- {216 442677}
02-03 22:30:27.575 D/NetdConnector(  257): SND -> {interface readtxcounter rmnet0} {null}
02-03 22:30:27.575 D/NetdConnector(  257): RCV <- {217 51431}
02-03 22:30:27.585 D/NetdConnector(  257): RSP <- {217 51431}
02-03 22:30:28.486 D/StatusBarPolicy(  329): updateDataIcon subscription =0
02-03 22:30:28.526 D/StatusBarPolicy(  329): onSignalStrengthsChanged:SignalStrength: 99 0 -87 -70 -90 -20 8 99 2147483647 2147483647 2147483647 2147483647 cdma for subscription0
02-03 22:30:28.536 D/StatusBarPolicy(  329): updateSignalStrength on subscription :0
02-03 22:30:28.536 D/StatusBarPolicy(  329): StatusBarPolocy::getIconLevel -EVDO
02-03 22:30:28.536 D/StatusBarPolicy(  329): getEvdoLevel_band_six -evdoDbm:-90
02-03 22:30:28.536 D/StatusBarPolicy(  329): getEvdoLevel_band_six -evdoEcio:-20
02-03 22:30:29.507 D/StatusBarPolicy(  329): updateDataIcon subscription =0
02-03 22:30:30.708 D/StatusBarPolicy(  329): onSignalStrengthsChanged:SignalStrength: 99 0 -93 -110 -89 -10 8 99 2147483647 2147483647 2147483647 2147483647 cdma for subscription0
02-03 22:30:30.708 D/StatusBarPolicy(  329): updateSignalStrength on subscription :0
02-03 22:30:30.708 D/StatusBarPolicy(  329): StatusBarPolocy::getIconLevel -EVDO
02-03 22:30:30.708 D/StatusBarPolicy(  329): getEvdoLevel_band_six -evdoDbm:-89
02-03 22:30:30.708 D/StatusBarPolicy(  329): getEvdoLevel_band_six -evdoEcio:-10
02-03 22:30:30.888 D/PowerManagerService(  257): setTimeoutLocked now=121280 timeoutOverride=-1 nextState=3 when=127280
02-03 22:30:30.898 W/WindowManager(  257): updateFocusedWindowLocked newFocus=Window{4092f328 com.android.vending/com.android.vending.AssetBrowserActivity paused=false} mode=3 mCurrentFocus = Window{4092f328 com.android.vending/com.android.vending.AssetBrowserActivity paused=false}
02-03 22:30:30.968 D/PowerManagerService(  257): setTimeoutLocked now=121368 timeoutOverride=-1 nextState=3 when=127368
02-03 22:30:30.988 W/WindowManager(  257): updateFocusedWindowLocked newFocus=Window{4092f328 com.android.vending/com.android.vending.AssetBrowserActivity paused=false} mode=3 mCurrentFocus = Window{4092f328 com.android.vending/com.android.vending.AssetBrowserActivity paused=false}
02-03 22:30:31.539 D/StatusBarPolicy(  329): updateDataIcon subscription =0
02-03 22:30:31.709 D/PowerManagerService(  257): setTimeoutLocked now=122095 timeoutOverride=-1 nextState=3 when=128095
02-03 22:30:31.719 W/WindowManager(  257): updateFocusedWindowLocked newFocus=Window{4092f328 com.android.vending/com.android.vending.AssetBrowserActivity paused=false} mode=3 mCurrentFocus = Window{4092f328 com.android.vending/com.android.vending.AssetBrowserActivity paused=false}
02-03 22:30:31.749 D/PowerManagerService(  257): setTimeoutLocked now=122145 timeoutOverride=-1 nextState=3 when=128145
02-03 22:30:31.759 W/WindowManager(  257): updateFocusedWindowLocked newFocus=Window{4092f328 com.android.vending/com.android.vending.AssetBrowserActivity paused=false} mode=3 mCurrentFocus = Window{4092f328 com.android.vending/com.android.vending.AssetBrowserActivity paused=false}
02-03 22:30:32.550 D/PowerManagerService(  257): setTimeoutLocked now=122937 timeoutOverride=-1 nextState=3 when=128937
02-03 22:30:32.560 W/WindowManager(  257): updateFocusedWindowLocked newFocus=Window{4092f328 com.android.vending/com.android.vending.AssetBrowserActivity paused=false} mode=3 mCurrentFocus = Window{4092f328 com.android.vending/com.android.vending.AssetBrowserActivity paused=false}
02-03 22:30:32.660 D/PowerManagerService(  257): setTimeoutLocked now=123048 timeoutOverride=-1 nextState=3 when=129048
02-03 22:30:32.710 W/WindowManager(  257): updateFocusedWindowLocked newFocus=Window{4092f328 com.android.vending/com.android.vending.AssetBrowserActivity paused=false} mode=3 mCurrentFocus = Window{4092f328 com.android.vending/com.android.vending.AssetBrowserActivity paused=false}
02-03 22:30:32.850 W/WindowManager(  257): updateFocusedWindowLocked newFocus=Window{4092f328 com.android.vending/com.android.vending.AssetBrowserActivity paused=false} mode=3 mCurrentFocus = Window{4092f328 com.android.vending/com.android.vending.AssetBrowserActivity paused=false}
02-03 22:30:32.920 D/StatusBarPolicy(  329): onSignalStrengthsChanged:SignalStrength: 99 0 -93 -110 -89 -10 7 99 2147483647 2147483647 2147483647 2147483647 cdma for subscription0
02-03 22:30:32.920 D/StatusBarPolicy(  329): updateSignalStrength on subscription :0
02-03 22:30:32.930 D/StatusBarPolicy(  329): StatusBarPolocy::getIconLevel -EVDO
02-03 22:30:32.930 D/StatusBarPolicy(  329): getEvdoLevel_band_six -evdoDbm:-89
02-03 22:30:32.930 D/StatusBarPolicy(  329): getEvdoLevel_band_six -evdoEcio:-10
02-03 22:30:32.970 W/WindowManager(  257): updateFocusedWindowLocked newFocus=Window{4092f328 com.android.vending/com.android.vending.AssetBrowserActivity paused=false} mode=3 mCurrentFocus = Window{4092f328 com.android.vending/com.android.vending.AssetBrowserActivity paused=false}
02-03 22:30:33.120 D/PowerManagerService(  257): setTimeoutLocked now=123513 timeoutOverride=-1 nextState=3 when=129513
02-03 22:30:33.150 W/WindowManager(  257): updateFocusedWindowLocked newFocus=Window{4092f328 com.android.vending/com.android.vending.AssetBrowserActivity paused=false} mode=3 mCurrentFocus = Window{4092f328 com.android.vending/com.android.vending.AssetBrowserActivity paused=false}
02-03 22:30:33.231 D/PowerManagerService(  257): setTimeoutLocked now=123626 timeoutOverride=-1 nextState=3 when=129626
02-03 22:30:33.251 W/WindowManager(  257): updateFocusedWindowLocked newFocus=Window{4092f328 com.android.vending/com.android.vending.AssetBrowserActivity paused=false} mode=3 mCurrentFocus = Window{4092f328 com.android.vending/com.android.vending.AssetBrowserActivity paused=false}
02-03 22:30:34.232 D/PowerManagerService(  257): setTimeoutLocked now=124625 timeoutOverride=-1 nextState=3 when=130625
02-03 22:30:34.362 D/PowerManagerService(  257): setTimeoutLocked now=124749 timeoutOverride=-1 nextState=3 when=130749
02-03 22:30:34.362 I/ActivityManager(  257): Starting: Intent { act=android.intent.action.SEARCH flg=0x10000000 cmp=com.android.vending/.AssetBrowserActivity (has extras) } from pid 790
02-03 22:30:34.462 W/WindowManager(  257): updateFocusedWindowLocked newFocus=Window{40975b90 com.android.vending/com.android.vending.AssetBrowserActivity paused=false} mode=0 mCurrentFocus = Window{4092f328 com.android.vending/com.android.vending.AssetBrowserActivity paused=false}
02-03 22:30:34.562 W/WindowManager(  257): updateFocusedWindowLocked newFocus=Window{40975b90 com.android.vending/com.android.vending.AssetBrowserActivity paused=false} mode=0 mCurrentFocus = Window{40975b90 com.android.vending/com.android.vending.AssetBrowserActivity paused=false}
02-03 22:30:34.812 W/WindowManager(  257): updateFocusedWindowLocked newFocus=Window{40975b90 com.android.vending/com.android.vending.AssetBrowserActivity paused=false} mode=3 mCurrentFocus = Window{40975b90 com.android.vending/com.android.vending.AssetBrowserActivity paused=false}
02-03 22:30:35.192 D/StatusBarPolicy(  329): onSignalStrengthsChanged:SignalStrength: 99 0 -94 -70 -89 -10 7 99 2147483647 2147483647 2147483647 2147483647 cdma for subscription0
02-03 22:30:35.202 D/StatusBarPolicy(  329): updateSignalStrength on subscription :0
02-03 22:30:35.223 D/StatusBarPolicy(  329): StatusBarPolocy::getIconLevel -EVDO
02-03 22:30:35.223 D/StatusBarPolicy(  329): getEvdoLevel_band_six -evdoDbm:-89
02-03 22:30:35.223 D/StatusBarPolicy(  329): getEvdoLevel_band_six -evdoEcio:-10
02-03 22:30:37.425 D/StatusBarPolicy(  329): onSignalStrengthsChanged:SignalStrength: 99 0 -94 -70 -88 -25 8 99 2147483647 2147483647 2147483647 2147483647 cdma for subscription0
02-03 22:30:37.425 D/StatusBarPolicy(  329): updateSignalStrength on subscription :0
02-03 22:30:37.475 D/StatusBarPolicy(  329): StatusBarPolocy::getIconLevel -EVDO
02-03 22:30:37.475 D/StatusBarPolicy(  329): getEvdoLevel_band_six -evdoDbm:-88
02-03 22:30:37.475 D/StatusBarPolicy(  329): getEvdoLevel_band_six -evdoEcio:-25
02-03 22:30:37.595 D/StatusBarPolicy(  329): updateDataIcon subscription =0
