02-03 22:30:39.667 D/StatusBarPolicy(  329): onSignalStrengthsChanged:SignalStrength: 99 0 -95 -80 -88 -10 8 99 2147483647 2147483647 2147483647 2147483647 cdma for subscription0
02-03 22:30:39.677 D/StatusBarPolicy(  329): updateSignalStrength on subscription :0
02-03 22:30:39.677 D/StatusBarPolicy(  329): StatusBarPolocy::getIconLevel -EVDO
02-03 22:30:39.677 D/StatusBarPolicy(  329): getEvdoLevel_band_six -evdoDbm:-88
02-03 22:30:39.697 D/StatusBarPolicy(  329): getEvdoLevel_band_six -evdoEcio:-10
02-03 22:30:40.358 D/PowerManagerService(  257): setTimeoutLocked now=130750 timeoutOverride=-1 nextState=1 when=237750
02-03 22:30:41.909 D/StatusBarPolicy(  329): onSignalStrengthsChanged:SignalStrength: 99 0 -95 -80 -88 -25 8 99 2147483647 2147483647 2147483647 2147483647 cdma for subscription0
02-03 22:30:41.909 D/StatusBarPolicy(  329): updateSignalStrength on subscription :0
02-03 22:30:41.919 D/StatusBarPolicy(  329): StatusBarPolocy::getIconLevel -EVDO
02-03 22:30:41.919 D/StatusBarPolicy(  329): getEvdoLevel_band_six -evdoDbm:-88
02-03 22:30:41.919 D/StatusBarPolicy(  329): getEvdoLevel_band_six -evdoEcio:-25
02-03 22:30:44.632 D/PowerManagerService(  257): setTimeoutLocked now=135019 timeoutOverride=-1 nextState=3 when=141019
02-03 22:30:44.772 D/PowerManagerService(  257): setTimeoutLocked now=135167 timeoutOverride=-1 nextState=3 when=141167
02-03 22:30:45.663 D/StatusBarPolicy(  329): updateDataIcon subscription =0
02-03 22:30:46.363 D/StatusBarPolicy(  329): onSignalStrengthsChanged:SignalStrength: 99 0 -95 -70 -88 -20 8 99 2147483647 2147483647 2147483647 2147483647 cdma for subscription0
02-03 22:30:46.363 D/StatusBarPolicy(  329): updateSignalStrength on subscription :0
02-03 22:30:46.363 D/StatusBarPolicy(  329): StatusBarPolocy::getIconLevel -EVDO
02-03 22:30:46.363 D/StatusBarPolicy(  329): getEvdoLevel_band_six -evdoDbm:-88
02-03 22:30:46.363 D/StatusBarPolicy(  329): getEvdoLevel_band_six -evdoEcio:-20
02-03 22:30:46.393 D/PowerManagerService(  257): setTimeoutLocked now=136789 timeoutOverride=-1 nextState=3 when=142789
02-03 22:30:46.524 D/PowerManagerService(  257): setTimeoutLocked now=136914 timeoutOverride=-1 nextState=3 when=142914
02-03 22:30:46.564 I/ActivityManager(  257): Starting: Intent { flg=0x20010000 cmp=com.android.vending/com.google.android.finsky.activities.PurchaseDialog (has extras) } from pid 790
02-03 22:30:46.674 W/WindowManager(  257): updateFocusedWindowLocked newFocus=null mode=0 mCurrentFocus = Window{40975b90 com.android.vending/com.android.vending.AssetBrowserActivity paused=true}
02-03 22:30:46.884 W/WindowManager(  257): updateFocusedWindowLocked newFocus=Window{40831580 com.android.vending/com.google.android.finsky.activities.PurchaseDialog paused=false} mode=3 mCurrentFocus = null
02-03 22:30:46.914 W/WindowManager(  257): updateFocusedWindowLocked newFocus=Window{40831580 com.android.vending/com.google.android.finsky.activities.PurchaseDialog paused=false} mode=2 mCurrentFocus = Window{40831580 com.android.vending/com.google.android.finsky.activities.PurchaseDialog paused=false}
02-03 22:30:46.914 W/WindowManager(  257): updateFocusedWindowLocked newFocus=Window{40831580 com.android.vending/com.google.android.finsky.activities.PurchaseDialog paused=false} mode=2 mCurrentFocus = Window{40831580 com.android.vending/com.google.android.finsky.activities.PurchaseDialog paused=false}
02-03 22:30:46.954 W/WindowManager(  257): updateFocusedWindowLocked newFocus=Window{40831580 com.android.vending/com.google.android.finsky.activities.PurchaseDialog paused=false} mode=3 mCurrentFocus = Window{40831580 com.android.vending/com.google.android.finsky.activities.PurchaseDialog paused=false}
02-03 22:30:47.805 D/PowerManagerService(  257): setTimeoutLocked now=138189 timeoutOverride=-1 nextState=3 when=144189
02-03 22:30:47.925 D/PowerManagerService(  257): setTimeoutLocked now=138313 timeoutOverride=-1 nextState=3 when=144313
02-03 22:30:47.955 W/WindowManager(  257): updateFocusedWindowLocked newFocus=Window{40831580 com.android.vending/com.google.android.finsky.activities.PurchaseDialog paused=true} mode=0 mCurrentFocus = Window{40831580 com.android.vending/com.google.android.finsky.activities.PurchaseDialog paused=true}
02-03 22:30:48.546 W/WindowManager(  257): updateFocusedWindowLocked newFocus=Window{40975b90 com.android.vending/com.android.vending.AssetBrowserActivity paused=false} mode=3 mCurrentFocus = Window{40831580 com.android.vending/com.google.android.finsky.activities.PurchaseDialog paused=false}
02-03 22:30:48.606 D/StatusBarPolicy(  329): onSignalStrengthsChanged:SignalStrength: 99 0 -95 -70 -89 -10 8 99 2147483647 2147483647 2147483647 2147483647 cdma for subscription0
02-03 22:30:48.606 D/StatusBarPolicy(  329): updateSignalStrength on subscription :0
02-03 22:30:48.606 D/StatusBarPolicy(  329): StatusBarPolocy::getIconLevel -EVDO
02-03 22:30:48.606 D/StatusBarPolicy(  329): getEvdoLevel_band_six -evdoDbm:-89
02-03 22:30:48.606 D/StatusBarPolicy(  329): getEvdoLevel_band_six -evdoEcio:-10
02-03 22:30:49.206 W/WindowManager(  257): updateFocusedWindowLocked newFocus=Window{40975b90 com.android.vending/com.android.vending.AssetBrowserActivity paused=false} mode=2 mCurrentFocus = Window{40975b90 com.android.vending/com.android.vending.AssetBrowserActivity paused=false}
02-03 22:30:49.206 W/WindowManager(  257): updateFocusedWindowLocked newFocus=Window{40975b90 com.android.vending/com.android.vending.AssetBrowserActivity paused=false} mode=2 mCurrentFocus = Window{40975b90 com.android.vending/com.android.vending.AssetBrowserActivity paused=false}
02-03 22:30:49.376 W/WindowManager(  257): updateFocusedWindowLocked newFocus=Window{40975b90 com.android.vending/com.android.vending.AssetBrowserActivity paused=false} mode=3 mCurrentFocus = Window{40975b90 com.android.vending/com.android.vending.AssetBrowserActivity paused=false}
02-03 22:30:49.687 D/StatusBarPolicy(  329): updateDataIcon subscription =0
02-03 22:30:50.317 W/WindowManager(  257): updateFocusedWindowLocked newFocus=Window{40975b90 com.android.vending/com.android.vending.AssetBrowserActivity paused=false} mode=3 mCurrentFocus = Window{40975b90 com.android.vending/com.android.vending.AssetBrowserActivity paused=false}
02-03 22:30:50.327 W/WindowManager(  257): updateFocusedWindowLocked newFocus=Window{40975b90 com.android.vending/com.android.vending.AssetBrowserActivity paused=false} mode=0 mCurrentFocus = Window{40975b90 com.android.vending/com.android.vending.AssetBrowserActivity paused=false}
02-03 22:30:50.678 D/StatusBarPolicy(  329): updateDataIcon subscription =0
02-03 22:30:53.921 D/PowerManagerService(  257): setTimeoutLocked now=144314 timeoutOverride=-1 nextState=1 when=251314
02-03 22:30:59.827 D/StatusBarPolicy(  329): onSignalStrengthsChanged:SignalStrength: 99 0 -90 -70 -89 -10 8 99 2147483647 2147483647 2147483647 2147483647 cdma for subscription0
02-03 22:30:59.827 D/StatusBarPolicy(  329): updateSignalStrength on subscription :0
02-03 22:30:59.827 D/StatusBarPolicy(  329): StatusBarPolocy::getIconLevel -EVDO
02-03 22:30:59.827 D/StatusBarPolicy(  329): getEvdoLevel_band_six -evdoDbm:-89
02-03 22:30:59.837 D/StatusBarPolicy(  329): getEvdoLevel_band_six -evdoEcio:-10
02-03 22:31:00.007 D/AlarmManager(  257): scheduleTimeTickEvent calendar=Fri Feb 03 22:32:00 CST 2012
02-03 22:31:00.007 D/AlarmManager(  257): calendar.getTimeInMillis()1328329920000
02-03 22:31:04.301 D/StatusBarPolicy(  329): onSignalStrengthsChanged:SignalStrength: 99 0 -90 -70 -89 -20 8 99 2147483647 2147483647 2147483647 2147483647 cdma for subscription0
02-03 22:31:04.301 D/StatusBarPolicy(  329): updateSignalStrength on subscription :0
02-03 22:31:04.301 D/StatusBarPolicy(  329): StatusBarPolocy::getIconLevel -EVDO
02-03 22:31:04.301 D/StatusBarPolicy(  329): getEvdoLevel_band_six -evdoDbm:-89
02-03 22:31:04.301 D/StatusBarPolicy(  329): getEvdoLevel_band_six -evdoEcio:-20
02-03 22:31:20.006 D/StatusBarPolicy(  329): onSignalStrengthsChanged:SignalStrength: 99 0 -90 -70 -87 -20 8 99 2147483647 2147483647 2147483647 2147483647 cdma for subscription0
02-03 22:31:20.006 D/StatusBarPolicy(  329): updateSignalStrength on subscription :0
02-03 22:31:20.016 D/StatusBarPolicy(  329): StatusBarPolocy::getIconLevel -EVDO
02-03 22:31:20.016 D/StatusBarPolicy(  329): getEvdoLevel_band_six -evdoDbm:-87
02-03 22:31:20.026 D/StatusBarPolicy(  329): getEvdoLevel_band_six -evdoEcio:-20
02-03 22:31:22.218 D/StatusBarPolicy(  329): onSignalStrengthsChanged:SignalStrength: 99 0 -90 -70 -85 -20 8 99 2147483647 2147483647 2147483647 2147483647 cdma for subscription0
02-03 22:31:22.218 D/StatusBarPolicy(  329): updateSignalStrength on subscription :0
02-03 22:31:22.218 D/StatusBarPolicy(  329): StatusBarPolocy::getIconLevel -EVDO
02-03 22:31:22.218 D/StatusBarPolicy(  329): getEvdoLevel_band_six -evdoDbm:-85
02-03 22:31:22.228 D/StatusBarPolicy(  329): getEvdoLevel_band_six -evdoEcio:-20
02-03 22:31:24.451 I/ActivityManager(  257): Start proc com.android.defcontainer for service com.android.defcontainer/.DefaultContainerService: pid=1000 uid=10053 gids={1015, 2001}
02-03 22:31:24.681 W/ActivityManager(  257): No content provider found for: 
02-03 22:31:24.761 W/ActivityManager(  257): No content provider found for: 
02-03 22:31:25.071 D/StatusBarPolicy(  329): updateDataIcon subscription =0
02-03 22:31:26.372 I/PackageManager(  257): Unpacking native libraries for /data/app/la.droid.qr-1.apk
02-03 22:31:27.073 I/ActivityManager(  257): Force stopping package la.droid.qr uid=10068
02-03 22:31:28.935 D/StatusBarPolicy(  329): onSignalStrengthsChanged:SignalStrength: 99 0 -90 -70 -84 -10 8 99 2147483647 2147483647 2147483647 2147483647 cdma for subscription0
02-03 22:31:28.935 D/StatusBarPolicy(  329): updateSignalStrength on subscription :0
02-03 22:31:28.935 D/StatusBarPolicy(  329): StatusBarPolocy::getIconLevel -EVDO
02-03 22:31:28.935 D/StatusBarPolicy(  329): getEvdoLevel_band_six -evdoDbm:-84
02-03 22:31:28.935 D/StatusBarPolicy(  329): getEvdoLevel_band_six -evdoEcio:-10
02-03 22:31:30.466 I/ActivityManager(  257): Start proc com.svox.pico for broadcast com.svox.pico/.VoiceDataInstallerReceiver: pid=1012 uid=10022 gids={}
02-03 22:31:30.516 I/ActivityManager(  257): No longer want com.google.android.googlequicksearchbox (pid 710): hidden #16
02-03 22:31:30.536 I/ActivityManager(  257): Start proc com.google.android.partnersetup for broadcast com.google.android.partnersetup/.AppInstalledReceiver: pid=1020 uid=10044 gids={3003}
02-03 22:31:30.627 I/ActivityManager(  257): No longer want com.google.android.apps.maps:LocationFriendService (pid 812): hidden #16
02-03 22:31:30.907 I/ActivityManager(  257): Start proc com.google.android.googlequicksearchbox for broadcast com.google.android.googlequicksearchbox/.SourceUpdateReceiver: pid=1028 uid=10043 gids={3003}
02-03 22:31:31.187 D/StatusBarPolicy(  329): onSignalStrengthsChanged:SignalStrength: 99 0 -90 -70 -86 -20 7 99 2147483647 2147483647 2147483647 2147483647 cdma for subscription0
02-03 22:31:31.187 D/StatusBarPolicy(  329): updateSignalStrength on subscription :0
02-03 22:31:31.197 D/StatusBarPolicy(  329): StatusBarPolocy::getIconLevel -EVDO
02-03 22:31:31.197 D/StatusBarPolicy(  329): getEvdoLevel_band_six -evdoDbm:-86
02-03 22:31:31.197 D/StatusBarPolicy(  329): getEvdoLevel_band_six -evdoEcio:-20
02-03 22:31:31.377 I/ActivityManager(  257): No longer want com.google.android.apps.uploader (pid 729): hidden #16
02-03 22:31:33.419 D/StatusBarPolicy(  329): onSignalStrengthsChanged:SignalStrength: 99 0 -90 -70 -85 -10 8 99 2147483647 2147483647 2147483647 2147483647 cdma for subscription0
02-03 22:31:33.419 D/StatusBarPolicy(  329): updateSignalStrength on subscription :0
02-03 22:31:33.429 D/StatusBarPolicy(  329): StatusBarPolocy::getIconLevel -EVDO
02-03 22:31:33.429 D/StatusBarPolicy(  329): getEvdoLevel_band_six -evdoDbm:-85
02-03 22:31:33.429 D/StatusBarPolicy(  329): getEvdoLevel_band_six -evdoEcio:-10
02-03 22:31:34.010 D/StatusBarPolicy(  329): updateDataIcon subscription =0
02-03 22:31:35.681 D/StatusBarPolicy(  329): onSignalStrengthsChanged:SignalStrength: 99 0 -90 -70 -84 -1 8 99 2147483647 2147483647 2147483647 2147483647 cdma for subscription0
02-03 22:31:35.681 D/StatusBarPolicy(  329): updateSignalStrength on subscription :0
02-03 22:31:35.681 D/StatusBarPolicy(  329): StatusBarPolocy::getIconLevel -EVDO
02-03 22:31:35.681 D/StatusBarPolicy(  329): getEvdoLevel_band_six -evdoDbm:-84
02-03 22:31:35.702 D/StatusBarPolicy(  329): getEvdoLevel_band_six -evdoEcio:-1
02-03 22:31:42.388 D/StatusBarPolicy(  329): onSignalStrengthsChanged:SignalStrength: 99 0 -90 -70 -84 -20 8 99 2147483647 2147483647 2147483647 2147483647 cdma for subscription0
02-03 22:31:42.388 D/StatusBarPolicy(  329): updateSignalStrength on subscription :0
02-03 22:31:42.408 D/StatusBarPolicy(  329): StatusBarPolocy::getIconLevel -EVDO
02-03 22:31:42.408 D/StatusBarPolicy(  329): getEvdoLevel_band_six -evdoDbm:-84
02-03 22:31:42.408 D/StatusBarPolicy(  329): getEvdoLevel_band_six -evdoEcio:-20
02-03 22:31:43.319 D/StatusBarPolicy(  329): updateDataIcon subscription =0
02-03 22:31:44.330 D/StatusBarPolicy(  329): updateDataIcon subscription =0
02-03 22:31:44.630 D/StatusBarPolicy(  329): onSignalStrengthsChanged:SignalStrength: 99 0 -90 -70 -84 -10 8 99 2147483647 2147483647 2147483647 2147483647 cdma for subscription0
02-03 22:31:44.640 D/StatusBarPolicy(  329): updateSignalStrength on subscription :0
02-03 22:31:44.640 D/StatusBarPolicy(  329): StatusBarPolocy::getIconLevel -EVDO
02-03 22:31:44.640 D/StatusBarPolicy(  329): getEvdoLevel_band_six -evdoDbm:-84
02-03 22:31:44.650 D/StatusBarPolicy(  329): getEvdoLevel_band_six -evdoEcio:-10
02-03 22:31:45.361 D/StatusBarPolicy(  329): updateDataIcon subscription =0
02-03 22:31:46.372 D/StatusBarPolicy(  329): updateDataIcon subscription =0
02-03 22:31:47.373 D/StatusBarPolicy(  329): updateDataIcon subscription =0
02-03 22:31:48.394 D/StatusBarPolicy(  329): updateDataIcon subscription =0
02-03 22:31:49.105 D/StatusBarPolicy(  329): onSignalStrengthsChanged:SignalStrength: 99 0 -90 -70 -84 -20 8 99 2147483647 2147483647 2147483647 2147483647 cdma for subscription0
02-03 22:31:49.105 D/StatusBarPolicy(  329): updateSignalStrength on subscription :0
02-03 22:31:49.105 D/StatusBarPolicy(  329): StatusBarPolocy::getIconLevel -EVDO
02-03 22:31:49.105 D/StatusBarPolicy(  329): getEvdoLevel_band_six -evdoDbm:-84
02-03 22:31:49.105 D/StatusBarPolicy(  329): getEvdoLevel_band_six -evdoEcio:-20
02-03 22:31:55.831 D/StatusBarPolicy(  329): onSignalStrengthsChanged:SignalStrength: 99 0 -90 -70 -85 -20 8 99 2147483647 2147483647 2147483647 2147483647 cdma for subscription0
02-03 22:31:55.831 D/StatusBarPolicy(  329): updateSignalStrength on subscription :0
02-03 22:31:55.831 D/StatusBarPolicy(  329): StatusBarPolocy::getIconLevel -EVDO
02-03 22:31:55.851 D/StatusBarPolicy(  329): getEvdoLevel_band_six -evdoDbm:-85
02-03 22:31:55.851 D/StatusBarPolicy(  329): getEvdoLevel_band_six -evdoEcio:-20
02-03 22:31:58.053 D/StatusBarPolicy(  329): updateDataIcon subscription =0
02-03 22:31:58.063 D/StatusBarPolicy(  329): onSignalStrengthsChanged:SignalStrength: 99 0 -90 -70 -86 -35 8 99 2147483647 2147483647 2147483647 2147483647 cdma for subscription0
02-03 22:31:58.063 D/StatusBarPolicy(  329): updateSignalStrength on subscription :0
02-03 22:31:58.063 D/StatusBarPolicy(  329): StatusBarPolocy::getIconLevel -EVDO
02-03 22:31:58.063 D/StatusBarPolicy(  329): getEvdoLevel_band_six -evdoDbm:-86
02-03 22:31:58.063 D/StatusBarPolicy(  329): getEvdoLevel_band_six -evdoEcio:-35
02-03 22:32:00.005 D/AlarmManager(  257): scheduleTimeTickEvent calendar=Fri Feb 03 22:33:00 CST 2012
02-03 22:32:00.005 D/AlarmManager(  257): calendar.getTimeInMillis()1328329980000
02-03 22:32:00.296 D/StatusBarPolicy(  329): onSignalStrengthsChanged:SignalStrength: 99 0 -90 -70 -85 -20 7 99 2147483647 2147483647 2147483647 2147483647 cdma for subscription0
02-03 22:32:00.296 D/StatusBarPolicy(  329): updateSignalStrength on subscription :0
02-03 22:32:00.296 D/StatusBarPolicy(  329): StatusBarPolocy::getIconLevel -EVDO
02-03 22:32:00.296 D/StatusBarPolicy(  329): getEvdoLevel_band_six -evdoDbm:-85
02-03 22:32:00.296 D/StatusBarPolicy(  329): getEvdoLevel_band_six -evdoEcio:-20
02-03 22:32:03.999 D/PowerManagerService(  257): setTimeoutLocked now=214387 timeoutOverride=-1 nextState=3 when=220387
02-03 22:32:04.119 D/PowerManagerService(  257): setTimeoutLocked now=214516 timeoutOverride=-1 nextState=3 when=220516
02-03 22:32:04.149 I/ActivityManager(  257): Starting: Intent { act=android.intent.action.MAIN flg=0x10000000 cmp=la.droid.qr/.Tabs } from pid 790
02-03 22:32:04.149 W/WindowManager(  257): updateFocusedWindowLocked newFocus=Window{40975b90 com.android.vending/com.android.vending.AssetBrowserActivity paused=false} mode=3 mCurrentFocus = Window{40975b90 com.android.vending/com.android.vending.AssetBrowserActivity paused=false}
02-03 22:32:04.199 I/ActivityManager(  257): Start proc la.droid.qr for activity la.droid.qr/.Tabs: pid=1039 uid=10068 gids={3003, 1015, 1006}
02-03 22:32:04.229 I/ActivityManager(  257): No longer want com.google.android.gm (pid 621): hidden #16
02-03 22:32:04.229 W/WindowManager(  257): updateFocusedWindowLocked newFocus=null mode=0 mCurrentFocus = Window{40975b90 com.android.vending/com.android.vending.AssetBrowserActivity paused=false}
02-03 22:32:04.229 W/WindowManager(  257): updateFocusedWindowLocked newFocus=null mode=2 mCurrentFocus = null
02-03 22:32:04.229 W/WindowManager(  257): updateFocusedWindowLocked newFocus=null mode=2 mCurrentFocus = null
02-03 22:32:04.259 W/WindowManager(  257): updateFocusedWindowLocked newFocus=null mode=3 mCurrentFocus = null
02-03 22:32:04.510 I/ActivityManager(  257): Starting: Intent { cmp=la.droid.qr/.Ayuda (has extras) } from pid 1039
02-03 22:32:04.510 W/WindowManager(  257): updateFocusedWindowLocked newFocus=null mode=3 mCurrentFocus = null
02-03 22:32:04.530 W/WindowManager(  257): updateFocusedWindowLocked newFocus=null mode=0 mCurrentFocus = null
02-03 22:32:04.530 W/WindowManager(  257): updateFocusedWindowLocked newFocus=null mode=2 mCurrentFocus = null
02-03 22:32:04.530 W/WindowManager(  257): updateFocusedWindowLocked newFocus=null mode=2 mCurrentFocus = null
02-03 22:32:04.550 W/WindowManager(  257): updateFocusedWindowLocked newFocus=null mode=3 mCurrentFocus = null
02-03 22:32:04.760 D/StatusBarPolicy(  329): onSignalStrengthsChanged:SignalStrength: 99 0 -90 -70 -88 -20 6 99 2147483647 2147483647 2147483647 2147483647 cdma for subscription0
02-03 22:32:04.760 D/StatusBarPolicy(  329): updateSignalStrength on subscription :0
02-03 22:32:04.760 D/StatusBarPolicy(  329): StatusBarPolocy::getIconLevel -EVDO
02-03 22:32:04.770 D/StatusBarPolicy(  329): getEvdoLevel_band_six -evdoDbm:-88
02-03 22:32:04.770 D/StatusBarPolicy(  329): getEvdoLevel_band_six -evdoEcio:-20
02-03 22:32:04.920 W/WindowManager(  257): updateFocusedWindowLocked newFocus=Window{40983db8 la.droid.qr/la.droid.qr.Ayuda paused=false} mode=3 mCurrentFocus = null
02-03 22:32:04.930 D/StatusBarPolicy(  329): updateDataIcon subscription =0
02-03 22:32:05.060 W/WindowManager(  257): updateFocusedWindowLocked newFocus=Window{40983db8 la.droid.qr/la.droid.qr.Ayuda paused=false} mode=3 mCurrentFocus = Window{40983db8 la.droid.qr/la.droid.qr.Ayuda paused=false}
02-03 22:32:05.941 D/StatusBarPolicy(  329): updateDataIcon subscription =0
02-03 22:32:06.962 D/StatusBarPolicy(  329): updateDataIcon subscription =0
02-03 22:32:07.012 D/StatusBarPolicy(  329): onSignalStrengthsChanged:SignalStrength: 99 0 -90 -70 -89 -20 7 99 2147483647 2147483647 2147483647 2147483647 cdma for subscription0
02-03 22:32:07.012 D/StatusBarPolicy(  329): updateSignalStrength on subscription :0
02-03 22:32:07.012 D/StatusBarPolicy(  329): StatusBarPolocy::getIconLevel -EVDO
02-03 22:32:07.012 D/StatusBarPolicy(  329): getEvdoLevel_band_six -evdoDbm:-89
02-03 22:32:07.012 D/StatusBarPolicy(  329): getEvdoLevel_band_six -evdoEcio:-20
02-03 22:32:09.244 D/StatusBarPolicy(  329): onSignalStrengthsChanged:SignalStrength: 99 0 -90 -70 -90 -20 8 99 2147483647 2147483647 2147483647 2147483647 cdma for subscription0
02-03 22:32:09.244 D/StatusBarPolicy(  329): updateSignalStrength on subscription :0
02-03 22:32:09.254 D/StatusBarPolicy(  329): StatusBarPolocy::getIconLevel -EVDO
02-03 22:32:09.254 D/StatusBarPolicy(  329): getEvdoLevel_band_six -evdoDbm:-90
02-03 22:32:09.254 D/StatusBarPolicy(  329): getEvdoLevel_band_six -evdoEcio:-20
02-03 22:32:10.125 D/PowerManagerService(  257): setTimeoutLocked now=220519 timeoutOverride=-1 nextState=1 when=327519
02-03 22:32:11.516 D/StatusBarPolicy(  329): onSignalStrengthsChanged:SignalStrength: 99 0 -90 -70 -90 -35 7 99 2147483647 2147483647 2147483647 2147483647 cdma for subscription0
02-03 22:32:11.516 D/StatusBarPolicy(  329): updateSignalStrength on subscription :0
02-03 22:32:11.526 D/StatusBarPolicy(  329): StatusBarPolocy::getIconLevel -EVDO
02-03 22:32:11.526 D/StatusBarPolicy(  329): getEvdoLevel_band_six -evdoDbm:-90
02-03 22:32:11.526 D/StatusBarPolicy(  329): getEvdoLevel_band_six -evdoEcio:-35
02-03 22:32:13.729 D/StatusBarPolicy(  329): onSignalStrengthsChanged:SignalStrength: 99 0 -90 -70 -88 -15 8 99 2147483647 2147483647 2147483647 2147483647 cdma for subscription0
02-03 22:32:13.729 D/StatusBarPolicy(  329): updateSignalStrength on subscription :0
02-03 22:32:13.729 D/StatusBarPolicy(  329): StatusBarPolocy::getIconLevel -EVDO
02-03 22:32:13.729 D/StatusBarPolicy(  329): getEvdoLevel_band_six -evdoDbm:-88
02-03 22:32:13.739 D/StatusBarPolicy(  329): getEvdoLevel_band_six -evdoEcio:-15
02-03 22:32:17.222 D/StatusBarPolicy(  329): updateDataIcon subscription =0
02-03 22:32:18.233 D/StatusBarPolicy(  329): onSignalStrengthsChanged:SignalStrength: 99 0 -90 -70 -86 -15 8 99 2147483647 2147483647 2147483647 2147483647 cdma for subscription0
02-03 22:32:18.233 D/StatusBarPolicy(  329): updateSignalStrength on subscription :0
02-03 22:32:18.233 D/StatusBarPolicy(  329): StatusBarPolocy::getIconLevel -EVDO
02-03 22:32:18.233 D/StatusBarPolicy(  329): getEvdoLevel_band_six -evdoDbm:-86
02-03 22:32:18.243 D/StatusBarPolicy(  329): getEvdoLevel_band_six -evdoEcio:-15
02-03 22:32:24.950 D/StatusBarPolicy(  329): onSignalStrengthsChanged:SignalStrength: 99 0 -90 -70 -87 -15 8 99 2147483647 2147483647 2147483647 2147483647 cdma for subscription0
02-03 22:32:24.950 D/StatusBarPolicy(  329): updateSignalStrength on subscription :0
02-03 22:32:24.950 D/StatusBarPolicy(  329): StatusBarPolocy::getIconLevel -EVDO
02-03 22:32:24.960 D/StatusBarPolicy(  329): getEvdoLevel_band_six -evdoDbm:-87
02-03 22:32:24.960 D/StatusBarPolicy(  329): getEvdoLevel_band_six -evdoEcio:-15
02-03 22:32:29.434 D/StatusBarPolicy(  329): onSignalStrengthsChanged:SignalStrength: 99 0 -90 -70 -88 -35 8 99 2147483647 2147483647 2147483647 2147483647 cdma for subscription0
02-03 22:32:29.434 D/StatusBarPolicy(  329): updateSignalStrength on subscription :0
02-03 22:32:29.454 D/StatusBarPolicy(  329): StatusBarPolocy::getIconLevel -EVDO
02-03 22:32:29.454 D/StatusBarPolicy(  329): getEvdoLevel_band_six -evdoDbm:-88
02-03 22:32:29.454 D/StatusBarPolicy(  329): getEvdoLevel_band_six -evdoEcio:-35
02-03 22:32:33.908 D/StatusBarPolicy(  329): onSignalStrengthsChanged:SignalStrength: 99 0 -90 -70 -88 -20 8 99 2147483647 2147483647 2147483647 2147483647 cdma for subscription0
02-03 22:32:33.908 D/StatusBarPolicy(  329): updateSignalStrength on subscription :0
02-03 22:32:33.918 D/StatusBarPolicy(  329): StatusBarPolocy::getIconLevel -EVDO
02-03 22:32:33.918 D/StatusBarPolicy(  329): getEvdoLevel_band_six -evdoDbm:-88
02-03 22:32:33.918 D/StatusBarPolicy(  329): getEvdoLevel_band_six -evdoEcio:-20
02-03 22:32:40.645 D/StatusBarPolicy(  329): onSignalStrengthsChanged:SignalStrength: 99 0 -90 -70 -89 -20 8 99 2147483647 2147483647 2147483647 2147483647 cdma for subscription0
02-03 22:32:40.645 D/StatusBarPolicy(  329): updateSignalStrength on subscription :0
02-03 22:32:40.665 D/StatusBarPolicy(  329): StatusBarPolocy::getIconLevel -EVDO
02-03 22:32:40.665 D/StatusBarPolicy(  329): getEvdoLevel_band_six -evdoDbm:-89
02-03 22:32:40.665 D/StatusBarPolicy(  329): getEvdoLevel_band_six -evdoEcio:-20
02-03 22:32:49.574 D/StatusBarPolicy(  329): onSignalStrengthsChanged:SignalStrength: 99 0 -90 -70 -88 -20 8 99 2147483647 2147483647 2147483647 2147483647 cdma for subscription0
02-03 22:32:49.574 D/StatusBarPolicy(  329): updateSignalStrength on subscription :0
02-03 22:32:49.584 D/StatusBarPolicy(  329): StatusBarPolocy::getIconLevel -EVDO
02-03 22:32:49.584 D/StatusBarPolicy(  329): getEvdoLevel_band_six -evdoDbm:-88
02-03 22:32:49.584 D/StatusBarPolicy(  329): getEvdoLevel_band_six -evdoEcio:-20
02-03 22:32:51.966 D/PowerManagerService(  257): setTimeoutLocked now=262348 timeoutOverride=-1 nextState=3 when=268348
02-03 22:32:52.096 W/WindowManager(  257): updateFocusedWindowLocked newFocus=Window{40983db8 la.droid.qr/la.droid.qr.Ayuda paused=true} mode=0 mCurrentFocus = Window{40983db8 la.droid.qr/la.droid.qr.Ayuda paused=true}
02-03 22:32:52.106 W/WindowManager(  257): updateFocusedWindowLocked newFocus=Window{40a03888 la.droid.qr/la.droid.qr.Tabs paused=false} mode=2 mCurrentFocus = Window{40983db8 la.droid.qr/la.droid.qr.Ayuda paused=true}
02-03 22:32:52.106 W/WindowManager(  257): updateFocusedWindowLocked newFocus=Window{40a03888 la.droid.qr/la.droid.qr.Tabs paused=false} mode=2 mCurrentFocus = Window{40a03888 la.droid.qr/la.droid.qr.Tabs paused=false}
02-03 22:32:52.136 W/WindowManager(  257): updateFocusedWindowLocked newFocus=Window{40a03888 la.droid.qr/la.droid.qr.Tabs paused=false} mode=3 mCurrentFocus = Window{40a03888 la.droid.qr/la.droid.qr.Tabs paused=false}
02-03 22:32:52.156 W/WindowManager(  257): updateFocusedWindowLocked newFocus=Window{40a03888 la.droid.qr/la.droid.qr.Tabs paused=false} mode=3 mCurrentFocus = Window{40a03888 la.droid.qr/la.droid.qr.Tabs paused=false}
02-03 22:32:52.156 W/WindowManager(  257): updateFocusedWindowLocked newFocus=Window{40a03888 la.droid.qr/la.droid.qr.Tabs paused=false} mode=3 mCurrentFocus = Window{40a03888 la.droid.qr/la.droid.qr.Tabs paused=false}
02-03 22:32:53.628 D/PowerManagerService(  257): setTimeoutLocked now=264018 timeoutOverride=-1 nextState=3 when=270018
02-03 22:32:53.768 D/PowerManagerService(  257): setTimeoutLocked now=264165 timeoutOverride=-1 nextState=3 when=270165
02-03 22:32:53.778 I/ActivityManager(  257): Starting: Intent { cmp=la.droid.qr/.DeCamara (has extras) } from pid 1039
02-03 22:32:53.788 I/WindowManager(  257): Setting rotation to 1, animFlags=1
02-03 22:32:53.818 I/ActivityManager(  257): Config changed: { scale=1.0 imsi=310/120 loc=en_US touch=3 keys=1/1/2 nav=1/1 orien=2 layout=18 uiMode=17 seq=5}
02-03 22:32:53.828 W/WindowManager(  257): updateFocusedWindowLocked newFocus=null mode=3 mCurrentFocus = Window{40a03888 la.droid.qr/la.droid.qr.Tabs paused=true}
02-03 22:32:53.838 W/WindowManager(  257): updateFocusedWindowLocked newFocus=null mode=2 mCurrentFocus = null
02-03 22:32:53.838 W/WindowManager(  257): updateFocusedWindowLocked newFocus=null mode=2 mCurrentFocus = null
02-03 22:32:53.898 W/WindowManager(  257): updateFocusedWindowLocked newFocus=null mode=0 mCurrentFocus = null
02-03 22:32:54.048 D/StatusBarPolicy(  329): onSignalStrengthsChanged:SignalStrength: 99 0 -90 -70 -87 -10 7 99 2147483647 2147483647 2147483647 2147483647 cdma for subscription0
02-03 22:32:54.048 D/StatusBarPolicy(  329): updateSignalStrength on subscription :0
02-03 22:32:54.048 D/StatusBarPolicy(  329): StatusBarPolocy::getIconLevel -EVDO
02-03 22:32:54.048 D/StatusBarPolicy(  329): getEvdoLevel_band_six -evdoDbm:-87
02-03 22:32:54.048 D/StatusBarPolicy(  329): getEvdoLevel_band_six -evdoEcio:-10
02-03 22:32:54.068 W/WindowManager(  257): updateFocusedWindowLocked newFocus=null mode=3 mCurrentFocus = null
02-03 22:32:54.078 W/WindowManager(  257): updateFocusedWindowLocked newFocus=Window{4088b670 la.droid.qr/la.droid.qr.DeCamara paused=false} mode=3 mCurrentFocus = null
02-03 22:32:54.108 W/WindowManager(  257): updateFocusedWindowLocked newFocus=Window{4088b670 la.droid.qr/la.droid.qr.DeCamara paused=false} mode=3 mCurrentFocus = Window{4088b670 la.droid.qr/la.droid.qr.DeCamara paused=false}
02-03 22:32:54.368 D/StatusBarPolicy(  329): updateDataIcon subscription =0
02-03 22:32:55.369 D/StatusBarPolicy(  329): updateDataIcon subscription =0
02-03 22:32:56.290 D/StatusBarPolicy(  329): onSignalStrengthsChanged:SignalStrength: 99 0 -90 -70 -86 -30 8 99 2147483647 2147483647 2147483647 2147483647 cdma for subscription0
02-03 22:32:56.290 D/StatusBarPolicy(  329): updateSignalStrength on subscription :0
02-03 22:32:56.290 D/StatusBarPolicy(  329): StatusBarPolocy::getIconLevel -EVDO
02-03 22:32:56.290 D/StatusBarPolicy(  329): getEvdoLevel_band_six -evdoDbm:-86
02-03 22:32:56.290 D/StatusBarPolicy(  329): getEvdoLevel_band_six -evdoEcio:-30
02-03 22:32:56.370 D/StatusBarPolicy(  329): updateDataIcon subscription =0
02-03 22:32:58.532 D/StatusBarPolicy(  329): onSignalStrengthsChanged:SignalStrength: 99 0 -90 -70 -95 -30 8 99 2147483647 2147483647 2147483647 2147483647 cdma for subscription0
02-03 22:32:58.532 D/StatusBarPolicy(  329): updateSignalStrength on subscription :0
02-03 22:32:58.532 D/StatusBarPolicy(  329): StatusBarPolocy::getIconLevel -EVDO
02-03 22:32:58.532 D/StatusBarPolicy(  329): getEvdoLevel_band_six -evdoDbm:-95
02-03 22:32:58.532 D/StatusBarPolicy(  329): getEvdoLevel_band_six -evdoEcio:-30
02-03 22:32:59.774 D/PowerManagerService(  257): setTimeoutLocked now=270165 timeoutOverride=-1 nextState=1 when=377165
02-03 22:32:59.994 D/AlarmManager(  257): scheduleTimeTickEvent calendar=Fri Feb 03 22:34:00 CST 2012
02-03 22:32:59.994 D/AlarmManager(  257): calendar.getTimeInMillis()1328330040000
02-03 22:33:00.775 D/StatusBarPolicy(  329): onSignalStrengthsChanged:SignalStrength: 99 0 -90 -70 -92 -30 7 99 2147483647 2147483647 2147483647 2147483647 cdma for subscription0
02-03 22:33:00.775 D/StatusBarPolicy(  329): updateSignalStrength on subscription :0
02-03 22:33:00.785 D/StatusBarPolicy(  329): StatusBarPolocy::getIconLevel -EVDO
02-03 22:33:00.785 D/StatusBarPolicy(  329): getEvdoLevel_band_six -evdoDbm:-92
02-03 22:33:00.785 D/StatusBarPolicy(  329): getEvdoLevel_band_six -evdoEcio:-30
02-03 22:33:03.017 D/StatusBarPolicy(  329): onSignalStrengthsChanged:SignalStrength: 99 0 -85 -70 -92 -30 7 99 2147483647 2147483647 2147483647 2147483647 cdma for subscription0
02-03 22:33:03.017 D/StatusBarPolicy(  329): updateSignalStrength on subscription :0
02-03 22:33:03.017 D/StatusBarPolicy(  329): StatusBarPolocy::getIconLevel -EVDO
02-03 22:33:03.017 D/StatusBarPolicy(  329): getEvdoLevel_band_six -evdoDbm:-92
02-03 22:33:03.017 D/StatusBarPolicy(  329): getEvdoLevel_band_six -evdoEcio:-30
02-03 22:33:05.249 D/StatusBarPolicy(  329): onSignalStrengthsChanged:SignalStrength: 99 0 -85 -70 -89 -20 7 99 2147483647 2147483647 2147483647 2147483647 cdma for subscription0
02-03 22:33:05.249 D/StatusBarPolicy(  329): updateSignalStrength on subscription :0
02-03 22:33:05.249 D/StatusBarPolicy(  329): StatusBarPolocy::getIconLevel -EVDO
02-03 22:33:05.249 D/StatusBarPolicy(  329): getEvdoLevel_band_six -evdoDbm:-89
02-03 22:33:05.249 D/StatusBarPolicy(  329): getEvdoLevel_band_six -evdoEcio:-20
02-03 22:33:05.319 D/StatusBarPolicy(  329): updateDataIcon subscription =0
02-03 22:33:05.659 I/ActivityManager(  257): Starting: Intent { cmp=la.droid.qr/.LeerQr (has extras) } from pid 1039
02-03 22:33:05.659 W/WindowManager(  257): updateFocusedWindowLocked newFocus=null mode=0 mCurrentFocus = Window{4088b670 la.droid.qr/la.droid.qr.DeCamara paused=true}
02-03 22:33:05.809 E/LightsService(  257): setFlashlightEnabled failed
02-03 22:33:05.809 E/LightsService(  257): java.io.FileNotFoundException: /sys/class/leds/spotlight/brightness (No such file or directory)
02-03 22:33:05.809 E/LightsService(  257): 	at org.apache.harmony.luni.platform.OSFileSystem.open(Native Method)
02-03 22:33:05.809 E/LightsService(  257): 	at dalvik.system.BlockGuard$WrappedFileSystem.open(BlockGuard.java:232)
02-03 22:33:05.809 E/LightsService(  257): 	at java.io.FileOutputStream.<init>(FileOutputStream.java:94)
02-03 22:33:05.809 E/LightsService(  257): 	at java.io.FileOutputStream.<init>(FileOutputStream.java:165)
02-03 22:33:05.809 E/LightsService(  257): 	at java.io.FileOutputStream.<init>(FileOutputStream.java:144)
02-03 22:33:05.809 E/LightsService(  257): 	at com.android.server.LightsService$1.setFlashlightEnabled(LightsService.java:162)
02-03 22:33:05.809 E/LightsService(  257): 	at android.os.IHardwareService$Stub.onTransact(IHardwareService.java:59)
02-03 22:33:05.809 E/LightsService(  257): 	at android.os.Binder.execTransact(Binder.java:320)
02-03 22:33:05.809 E/LightsService(  257): 	at dalvik.system.NativeStart.run(Native Method)
02-03 22:33:05.849 I/WindowManager(  257): Setting rotation to 0, animFlags=1
02-03 22:33:05.869 I/ActivityManager(  257): Config changed: { scale=1.0 imsi=310/120 loc=en_US touch=3 keys=1/1/2 nav=1/1 orien=1 layout=18 uiMode=17 seq=6}
02-03 22:33:05.890 W/WindowManager(  257): updateFocusedWindowLocked newFocus=null mode=2 mCurrentFocus = null
02-03 22:33:05.890 W/WindowManager(  257): updateFocusedWindowLocked newFocus=null mode=2 mCurrentFocus = null
02-03 22:33:05.970 W/WindowManager(  257): updateFocusedWindowLocked newFocus=null mode=3 mCurrentFocus = null
02-03 22:33:08.782 W/WindowManager(  257): updateFocusedWindowLocked newFocus=null mode=3 mCurrentFocus = null
02-03 22:33:08.792 W/WindowManager(  257): updateFocusedWindowLocked newFocus=null mode=0 mCurrentFocus = null
02-03 22:33:08.792 W/WindowManager(  257): updateFocusedWindowLocked newFocus=null mode=0 mCurrentFocus = null
02-03 22:33:08.822 W/WindowManager(  257): updateFocusedWindowLocked newFocus=Window{40800370 la.droid.qr/la.droid.qr.LeerQr paused=false} mode=3 mCurrentFocus = null
02-03 22:33:08.963 D/PowerManagerService(  257): setTimeoutLocked now=279354 timeoutOverride=-1 nextState=3 when=285354
02-03 22:33:09.393 D/StatusBarPolicy(  329): updateDataIcon subscription =0
02-03 22:33:09.753 D/StatusBarPolicy(  329): onSignalStrengthsChanged:SignalStrength: 99 0 -85 -70 -87 -30 7 99 2147483647 2147483647 2147483647 2147483647 cdma for subscription0
02-03 22:33:09.753 D/StatusBarPolicy(  329): updateSignalStrength on subscription :0
02-03 22:33:09.753 D/StatusBarPolicy(  329): StatusBarPolocy::getIconLevel -EVDO
02-03 22:33:09.763 D/StatusBarPolicy(  329): getEvdoLevel_band_six -evdoDbm:-87
02-03 22:33:09.763 D/StatusBarPolicy(  329): getEvdoLevel_band_six -evdoEcio:-30
02-03 22:33:10.404 D/StatusBarPolicy(  329): updateDataIcon subscription =0
02-03 22:33:11.105 I/WindowManager(  257): Setting rotation to 3, animFlags=0
02-03 22:33:11.125 I/ActivityManager(  257): Config changed: { scale=1.0 imsi=310/120 loc=en_US touch=3 keys=1/1/2 nav=1/1 orien=2 layout=18 uiMode=17 seq=7}
02-03 22:33:11.425 D/StatusBarPolicy(  329): updateDataIcon subscription =0
02-03 22:33:11.975 D/StatusBarPolicy(  329): onSignalStrengthsChanged:SignalStrength: 99 0 -85 -70 -86 -5 8 99 2147483647 2147483647 2147483647 2147483647 cdma for subscription0
02-03 22:33:11.975 D/StatusBarPolicy(  329): updateSignalStrength on subscription :0
02-03 22:33:11.975 D/StatusBarPolicy(  329): StatusBarPolocy::getIconLevel -EVDO
02-03 22:33:11.975 D/StatusBarPolicy(  329): getEvdoLevel_band_six -evdoDbm:-86
02-03 22:33:11.975 D/StatusBarPolicy(  329): getEvdoLevel_band_six -evdoEcio:-5
02-03 22:33:12.406 I/WindowManager(  257): Setting rotation to 0, animFlags=0
02-03 22:33:12.416 I/ActivityManager(  257): Config changed: { scale=1.0 imsi=310/120 loc=en_US touch=3 keys=1/1/2 nav=1/1 orien=1 layout=18 uiMode=17 seq=8}
02-03 22:33:12.446 D/StatusBarPolicy(  329): updateDataIcon subscription =0
02-03 22:33:14.238 D/StatusBarPolicy(  329): onSignalStrengthsChanged:SignalStrength: 99 0 -86 -95 -86 -25 8 99 2147483647 2147483647 2147483647 2147483647 cdma for subscription0
02-03 22:33:14.238 D/StatusBarPolicy(  329): updateSignalStrength on subscription :0
02-03 22:33:14.238 D/StatusBarPolicy(  329): StatusBarPolocy::getIconLevel -EVDO
02-03 22:33:14.238 D/StatusBarPolicy(  329): getEvdoLevel_band_six -evdoDbm:-86
02-03 22:33:14.238 D/StatusBarPolicy(  329): getEvdoLevel_band_six -evdoEcio:-25
02-03 22:33:14.958 D/PowerManagerService(  257): setTimeoutLocked now=285356 timeoutOverride=-1 nextState=1 when=392356
02-03 22:33:16.140 D/PowerManagerService(  257): setTimeoutLocked now=286531 timeoutOverride=-1 nextState=3 when=292531
02-03 22:33:16.390 D/PowerManagerService(  257): setTimeoutLocked now=286782 timeoutOverride=-1 nextState=3 when=292782
02-03 22:33:16.450 D/StatusBarPolicy(  329): onSignalStrengthsChanged:SignalStrength: 99 0 -86 -95 -86 -25 7 99 2147483647 2147483647 2147483647 2147483647 cdma for subscription0
02-03 22:33:16.450 D/StatusBarPolicy(  329): updateSignalStrength on subscription :0
02-03 22:33:16.450 D/StatusBarPolicy(  329): StatusBarPolocy::getIconLevel -EVDO
02-03 22:33:16.450 D/StatusBarPolicy(  329): getEvdoLevel_band_six -evdoDbm:-86
02-03 22:33:16.450 D/StatusBarPolicy(  329): getEvdoLevel_band_six -evdoEcio:-25
02-03 22:33:16.460 D/StatusBarPolicy(  329): updateDataIcon subscription =0
02-03 22:33:17.481 D/StatusBarPolicy(  329): updateDataIcon subscription =0
02-03 22:33:18.492 D/StatusBarPolicy(  329): updateDataIcon subscription =0
02-03 22:33:18.692 D/StatusBarPolicy(  329): onSignalStrengthsChanged:SignalStrength: 99 0 -120 -70 -120 -25 8 99 2147483647 2147483647 2147483647 2147483647 cdma for subscription0
02-03 22:33:18.692 D/StatusBarPolicy(  329): updateSignalStrength on subscription :0
02-03 22:33:18.702 D/StatusBarPolicy(  329): StatusBarPolocy::getIconLevel -EVDO
02-03 22:33:18.702 D/StatusBarPolicy(  329): getEvdoLevel_band_six -evdoDbm:-120
02-03 22:33:18.702 D/StatusBarPolicy(  329): getEvdoLevel_band_six -evdoEcio:-25
02-03 22:33:18.712 D/StatusBarPolicy(  329): onSignalStrengthsChanged:SignalStrength: 99 0 -86 -70 -85 -25 8 99 2147483647 2147483647 2147483647 2147483647 cdma for subscription0
02-03 22:33:18.712 D/StatusBarPolicy(  329): updateSignalStrength on subscription :0
02-03 22:33:18.712 D/StatusBarPolicy(  329): StatusBarPolocy::getIconLevel -EVDO
02-03 22:33:18.712 D/StatusBarPolicy(  329): getEvdoLevel_band_six -evdoDbm:-85
02-03 22:33:18.712 D/StatusBarPolicy(  329): getEvdoLevel_band_six -evdoEcio:-25
02-03 22:33:18.992 D/PowerManagerService(  257): setTimeoutLocked now=289385 timeoutOverride=-1 nextState=3 when=295385
02-03 22:33:19.102 D/PowerManagerService(  257): setTimeoutLocked now=289497 timeoutOverride=-1 nextState=3 when=295497
02-03 22:33:19.122 I/ActivityManager(  257): Starting: Intent { act=android.intent.action.VIEW dat=http://www.heinzketchup.com/rd/btlab cmp=com.android.browser/.BrowserActivity (has extras) } from pid 1039
02-03 22:33:19.122 W/WindowManager(  257): updateFocusedWindowLocked newFocus=Window{40800370 la.droid.qr/la.droid.qr.LeerQr paused=false} mode=3 mCurrentFocus = Window{40800370 la.droid.qr/la.droid.qr.LeerQr paused=false}
02-03 22:33:19.152 I/ActivityManager(  257): Start proc com.android.browser for activity com.android.browser/.BrowserActivity: pid=1133 uid=10059 gids={3003, 1015}
02-03 22:33:19.192 I/ActivityManager(  257): No longer want com.cooliris.media (pid 741): hidden #16
02-03 22:33:19.192 W/WindowManager(  257): updateFocusedWindowLocked newFocus=null mode=0 mCurrentFocus = Window{40800370 la.droid.qr/la.droid.qr.LeerQr paused=false}
02-03 22:33:19.202 W/WindowManager(  257): updateFocusedWindowLocked newFocus=null mode=2 mCurrentFocus = null
02-03 22:33:19.202 W/WindowManager(  257): updateFocusedWindowLocked newFocus=null mode=2 mCurrentFocus = null
02-03 22:33:19.273 W/WindowManager(  257): updateFocusedWindowLocked newFocus=null mode=3 mCurrentFocus = null
02-03 22:33:19.793 W/WindowManager(  257): updateFocusedWindowLocked newFocus=Window{40887380 com.android.browser/com.android.browser.BrowserActivity paused=false} mode=3 mCurrentFocus = null
02-03 22:33:19.843 W/WindowManager(  257): updateFocusedWindowLocked newFocus=Window{40887380 com.android.browser/com.android.browser.BrowserActivity paused=false} mode=3 mCurrentFocus = Window{40887380 com.android.browser/com.android.browser.BrowserActivity paused=false}
02-03 22:33:19.853 W/InputManagerService(  257): Starting input on non-focused client com.android.internal.view.IInputMethodClient$Stub$Proxy@406015c0 (uid=10059 pid=1133)
02-03 22:33:19.853 W/InputManagerService(  257): Client not active, ignoring focus gain of: com.android.internal.view.IInputMethodClient$Stub$Proxy@406febf8
02-03 22:33:19.893 W/WindowManager(  257): updateFocusedWindowLocked newFocus=Window{40887380 com.android.browser/com.android.browser.BrowserActivity paused=false} mode=3 mCurrentFocus = Window{40887380 com.android.browser/com.android.browser.BrowserActivity paused=false}
02-03 22:33:20.514 D/StatusBarPolicy(  329): updateDataIcon subscription =0
02-03 22:33:20.704 I/ActivityManager(  257): Starting: Intent { act=android.intent.action.VIEW cat=[android.intent.category.BROWSABLE] dat=http://www.heinzketchup.com/rd/btlab/ cmp=com.android.browser/.BrowserActivity } from pid 1133
02-03 22:33:20.954 D/StatusBarPolicy(  329): onSignalStrengthsChanged:SignalStrength: 99 0 -86 -70 -86 -35 7 99 2147483647 2147483647 2147483647 2147483647 cdma for subscription0
02-03 22:33:20.954 D/StatusBarPolicy(  329): updateSignalStrength on subscription :0
02-03 22:33:20.974 D/StatusBarPolicy(  329): StatusBarPolocy::getIconLevel -EVDO
02-03 22:33:20.974 D/StatusBarPolicy(  329): getEvdoLevel_band_six -evdoDbm:-86
02-03 22:33:20.974 D/StatusBarPolicy(  329): getEvdoLevel_band_six -evdoEcio:-35
02-03 22:33:23.246 W/WindowManager(  257): updateFocusedWindowLocked newFocus=Window{40887380 com.android.browser/com.android.browser.BrowserActivity paused=false} mode=0 mCurrentFocus = Window{40887380 com.android.browser/com.android.browser.BrowserActivity paused=false}
02-03 22:33:23.357 W/WindowManager(  257): updateFocusedWindowLocked newFocus=Window{40887380 com.android.browser/com.android.browser.BrowserActivity paused=false} mode=3 mCurrentFocus = Window{40887380 com.android.browser/com.android.browser.BrowserActivity paused=false}
02-03 22:33:25.108 D/PowerManagerService(  257): setTimeoutLocked now=295500 timeoutOverride=-1 nextState=1 when=402500
02-03 22:33:25.559 D/StatusBarPolicy(  329): updateDataIcon subscription =0
02-03 22:33:26.580 D/StatusBarPolicy(  329): updateDataIcon subscription =0
02-03 22:33:27.601 D/StatusBarPolicy(  329): updateDataIcon subscription =0
02-03 22:33:27.651 D/StatusBarPolicy(  329): onSignalStrengthsChanged:SignalStrength: 99 0 -86 -70 -85 -15 8 99 2147483647 2147483647 2147483647 2147483647 cdma for subscription0
02-03 22:33:27.651 D/StatusBarPolicy(  329): updateSignalStrength on subscription :0
02-03 22:33:27.651 D/StatusBarPolicy(  329): StatusBarPolocy::getIconLevel -EVDO
02-03 22:33:27.651 D/StatusBarPolicy(  329): getEvdoLevel_band_six -evdoDbm:-85
02-03 22:33:27.651 D/StatusBarPolicy(  329): getEvdoLevel_band_six -evdoEcio:-15
02-03 22:33:29.893 D/StatusBarPolicy(  329): onSignalStrengthsChanged:SignalStrength: 99 0 -86 -70 -84 -15 8 99 2147483647 2147483647 2147483647 2147483647 cdma for subscription0
02-03 22:33:29.893 D/StatusBarPolicy(  329): updateSignalStrength on subscription :0
02-03 22:33:29.903 D/StatusBarPolicy(  329): StatusBarPolocy::getIconLevel -EVDO
02-03 22:33:29.903 D/StatusBarPolicy(  329): getEvdoLevel_band_six -evdoDbm:-84
02-03 22:33:29.903 D/StatusBarPolicy(  329): getEvdoLevel_band_six -evdoEcio:-15
02-03 22:33:32.636 D/StatusBarPolicy(  329): updateDataIcon subscription =0
02-03 22:33:33.667 D/StatusBarPolicy(  329): updateDataIcon subscription =0
02-03 22:33:34.377 D/StatusBarPolicy(  329): onSignalStrengthsChanged:SignalStrength: 99 0 -120 -85 -120 -15 8 99 2147483647 2147483647 2147483647 2147483647 cdma for subscription0
02-03 22:33:34.377 D/StatusBarPolicy(  329): updateSignalStrength on subscription :0
02-03 22:33:34.377 D/StatusBarPolicy(  329): StatusBarPolocy::getIconLevel -EVDO
02-03 22:33:34.377 D/StatusBarPolicy(  329): getEvdoLevel_band_six -evdoDbm:-120
02-03 22:33:34.377 D/StatusBarPolicy(  329): getEvdoLevel_band_six -evdoEcio:-15
02-03 22:33:34.387 D/StatusBarPolicy(  329): onSignalStrengthsChanged:SignalStrength: 99 0 -86 -85 -83 -15 8 99 2147483647 2147483647 2147483647 2147483647 cdma for subscription0
02-03 22:33:34.387 D/StatusBarPolicy(  329): updateSignalStrength on subscription :0
02-03 22:33:34.387 D/StatusBarPolicy(  329): StatusBarPolocy::getIconLevel -EVDO
02-03 22:33:34.387 D/StatusBarPolicy(  329): getEvdoLevel_band_six -evdoDbm:-83
02-03 22:33:34.387 D/StatusBarPolicy(  329): getEvdoLevel_band_six -evdoEcio:-15
02-03 22:33:34.598 D/PowerManagerService(  257): setTimeoutLocked now=304989 timeoutOverride=-1 nextState=3 when=310989
02-03 22:33:34.658 D/StatusBarPolicy(  329): updateDataIcon subscription =0
02-03 22:33:34.858 D/PowerManagerService(  257): setTimeoutLocked now=305252 timeoutOverride=-1 nextState=3 when=311252
02-03 22:33:34.868 W/WindowManager(  257): updateFocusedWindowLocked newFocus=Window{40887380 com.android.browser/com.android.browser.BrowserActivity paused=false} mode=3 mCurrentFocus = Window{40887380 com.android.browser/com.android.browser.BrowserActivity paused=false}
02-03 22:33:35.679 D/StatusBarPolicy(  329): updateDataIcon subscription =0
02-03 22:33:35.699 D/PowerManagerService(  257): setTimeoutLocked now=306094 timeoutOverride=-1 nextState=3 when=312094
02-03 22:33:36.019 D/PowerManagerService(  257): setTimeoutLocked now=306405 timeoutOverride=-1 nextState=3 when=312405
02-03 22:33:36.359 D/PowerManagerService(  257): setTimeoutLocked now=306757 timeoutOverride=-1 nextState=3 when=312757
02-03 22:33:36.700 D/StatusBarPolicy(  329): updateDataIcon subscription =0
02-03 22:33:37.721 D/StatusBarPolicy(  329): updateDataIcon subscription =0
02-03 22:33:38.101 D/PowerManagerService(  257): setTimeoutLocked now=308495 timeoutOverride=-1 nextState=3 when=314495
02-03 22:33:38.271 I/ActivityManager(  257): Starting: Intent { act=android.intent.action.MAIN cat=[android.intent.category.HOME] flg=0x10200000 cmp=com.android.launcher/com.android.launcher2.Launcher } from pid 257
02-03 22:33:38.291 W/WindowManager(  257): updateFocusedWindowLocked newFocus=Window{40887380 com.android.browser/com.android.browser.BrowserActivity paused=true} mode=3 mCurrentFocus = Window{40887380 com.android.browser/com.android.browser.BrowserActivity paused=true}
02-03 22:33:38.301 W/WindowManager(  257): updateFocusedWindowLocked newFocus=null mode=0 mCurrentFocus = Window{40887380 com.android.browser/com.android.browser.BrowserActivity paused=true}
02-03 22:33:38.321 W/WindowManager(  257): updateFocusedWindowLocked newFocus=null mode=3 mCurrentFocus = null
02-03 22:33:38.351 W/WindowManager(  257): updateFocusedWindowLocked newFocus=Window{40826148 com.android.launcher/com.android.launcher2.Launcher paused=false} mode=2 mCurrentFocus = null
02-03 22:33:38.351 W/WindowManager(  257): updateFocusedWindowLocked newFocus=Window{40826148 com.android.launcher/com.android.launcher2.Launcher paused=false} mode=2 mCurrentFocus = Window{40826148 com.android.launcher/com.android.launcher2.Launcher paused=false}
02-03 22:33:38.411 W/WindowManager(  257): updateFocusedWindowLocked newFocus=Window{40826148 com.android.launcher/com.android.launcher2.Launcher paused=false} mode=3 mCurrentFocus = Window{40826148 com.android.launcher/com.android.launcher2.Launcher paused=false}
02-03 22:33:38.421 I/ActivityManager(  257): No longer want com.google.android.music:main (pid 760): hidden #16
02-03 22:33:38.571 W/WindowManager(  257): updateFocusedWindowLocked newFocus=Window{40826148 com.android.launcher/com.android.launcher2.Launcher paused=false} mode=3 mCurrentFocus = Window{40826148 com.android.launcher/com.android.launcher2.Launcher paused=false}
02-03 22:33:38.601 W/WindowManager(  257): updateFocusedWindowLocked newFocus=Window{40826148 com.android.launcher/com.android.launcher2.Launcher paused=false} mode=3 mCurrentFocus = Window{40826148 com.android.launcher/com.android.launcher2.Launcher paused=false}
02-03 22:33:38.732 D/StatusBarPolicy(  329): updateDataIcon subscription =0
02-03 22:33:38.862 D/StatusBarPolicy(  329): onSignalStrengthsChanged:SignalStrength: 99 0 -86 -85 -83 -25 8 99 2147483647 2147483647 2147483647 2147483647 cdma for subscription0
02-03 22:33:38.862 D/StatusBarPolicy(  329): updateSignalStrength on subscription :0
02-03 22:33:38.862 D/StatusBarPolicy(  329): StatusBarPolocy::getIconLevel -EVDO
02-03 22:33:38.862 D/StatusBarPolicy(  329): getEvdoLevel_band_six -evdoDbm:-83
02-03 22:33:38.862 D/StatusBarPolicy(  329): getEvdoLevel_band_six -evdoEcio:-25
02-03 22:33:39.372 W/WindowManager(  257): updateFocusedWindowLocked newFocus=Window{40826148 com.android.launcher/com.android.launcher2.Launcher paused=false} mode=3 mCurrentFocus = Window{40826148 com.android.launcher/com.android.launcher2.Launcher paused=false}
02-03 22:33:39.432 W/WindowManager(  257): updateFocusedWindowLocked newFocus=Window{40826148 com.android.launcher/com.android.launcher2.Launcher paused=false} mode=0 mCurrentFocus = Window{40826148 com.android.launcher/com.android.launcher2.Launcher paused=false}
02-03 22:33:40.303 D/PowerManagerService(  257): setTimeoutLocked now=310693 timeoutOverride=-1 nextState=0 when=317693
02-03 22:33:40.313 W/WindowManager(  257): updateFocusedWindowLocked newFocus=Window{4084c368 Keyguard paused=false} mode=3 mCurrentFocus = Window{40826148 com.android.launcher/com.android.launcher2.Launcher paused=false}
02-03 22:34:00.002 D/AlarmManager(  257): scheduleTimeTickEvent calendar=Fri Feb 03 22:35:00 CST 2012
