02-03 22:21:30.463 I/Vold    (  110): Vold 2.1 (the revenge) firing up
02-03 22:21:30.463 D/Vold    (  110): Volume sdcard state changing -1 (Initializing) -> 0 (No-Media)
02-03 22:21:30.503 W/DirectVolume(  110): Kernel block uevent 'PARTN' 1 pendingparts 0
02-03 22:21:30.503 D/Vold    (  110): Volume sdcard state changing 0 (No-Media) -> 2 (Pending)
02-03 22:21:30.503 W/DirectVolume(  110): Kernel block uevent 'PARTN' 1, 1 minor 33
02-03 22:21:30.503 D/Vold    (  110): Volume sdcard state changing 2 (Pending) -> 1 (Idle-Unmounted)
02-03 22:21:30.583 E/NetlinkEvent(  110): NetlinkEvent::FindParam(): Parameter 'SWITCH_NAME' not found
02-03 22:21:30.583 E/NetlinkEvent(  110): NetlinkEvent::FindParam(): Parameter 'SWITCH_STATE' not found
02-03 22:21:30.583 W/Vold    (  110): Switch /devices/virtual/switch/usb_mass_storage event missing name/state info
02-03 22:21:30.583 D/Vold    (  110): usb_mass_storage function disabled
02-03 22:21:30.593 E/NetlinkEvent(  110): NetlinkEvent::FindParam(): Parameter 'SWITCH_NAME' not found
02-03 22:21:30.593 E/NetlinkEvent(  110): NetlinkEvent::FindParam(): Parameter 'SWITCH_STATE' not found
02-03 22:21:30.593 W/Vold    (  110): Switch /devices/virtual/switch/usb_connected event missing name/state info
02-03 22:21:30.593 E/NetlinkEvent(  110): NetlinkEvent::FindParam(): Parameter 'SWITCH_NAME' not found
02-03 22:21:30.593 E/NetlinkEvent(  110): NetlinkEvent::FindParam(): Parameter 'SWITCH_STATE' not found
02-03 22:21:30.593 W/Vold    (  110): Switch /devices/virtual/switch/usb_configuration event missing name/state info
02-03 22:21:30.593 E/NetlinkEvent(  110): NetlinkEvent::FindParam(): Parameter 'SWITCH_NAME' not found
02-03 22:21:30.593 E/NetlinkEvent(  110): NetlinkEvent::FindParam(): Parameter 'SWITCH_STATE' not found
02-03 22:21:30.593 W/Vold    (  110): Switch /devices/virtual/switch/usb_connected event missing name/state info
02-03 22:21:30.593 E/NetlinkEvent(  110): NetlinkEvent::FindParam(): Parameter 'SWITCH_NAME' not found
02-03 22:21:30.593 E/NetlinkEvent(  110): NetlinkEvent::FindParam(): Parameter 'SWITCH_STATE' not found
02-03 22:21:30.593 W/Vold    (  110): Switch /devices/virtual/switch/usb_configuration event missing name/state info
02-03 22:21:30.723 E/NetlinkEvent(  110): NetlinkEvent::FindParam(): Parameter 'SWITCH_NAME' not found
02-03 22:21:30.723 E/NetlinkEvent(  110): NetlinkEvent::FindParam(): Parameter 'SWITCH_STATE' not found
02-03 22:21:30.723 W/Vold    (  110): Switch /devices/virtual/switch/usb_mass_storage event missing name/state info
02-03 22:21:30.733 D/Vold    (  110): usb_mass_storage function enabled
02-03 22:21:41.283 I/SystemServer(  257): Entered the Android system server!
02-03 22:21:41.303 I/SystemServer(  257): Entropy Service
02-03 22:21:41.323 I/SystemServer(  257): Power Manager
02-03 22:21:41.333 I/SystemServer(  257): Activity Manager
02-03 22:21:41.353 I/ActivityManager(  257): Memory class: 32
02-03 22:21:41.443 I/SystemServer(  257): Telephony Registry
02-03 22:21:41.453 I/SystemServer(  257): Package Manager
02-03 22:21:41.473 I/Installer(  257): connecting...
02-03 22:21:42.084 W/PackageManager(  257): Running ENG build: no pre-dexopt!
02-03 22:21:47.229 I/PackageManager(  257): Unpacking native libraries for /data/app/com.facebook.orca-1.apk
02-03 22:21:47.409 I/PackageManager(  257): Unpacking native libraries for /data/app/com.google.android.apps.books-1.apk
02-03 22:21:47.629 I/PackageManager(  257): Unpacking native libraries for /data/app/com.google.android.apps.googlevoice-1.apk
02-03 22:21:47.749 I/PackageManager(  257): Unpacking native libraries for /data/app/com.facebook.katana-1.apk
02-03 22:21:47.910 I/PackageManager(  257): Unpacking native libraries for /data/app/com.google.android.googlequicksearchbox-1.apk
02-03 22:21:48.070 I/PackageManager(  257): Unpacking native libraries for /data/app/com.google.android.apps.plus-1.apk
02-03 22:21:50.122 I/PackageManager(  257): Unpacking native libraries for /data/app/com.android.vending-1.apk
02-03 22:21:50.182 I/PackageManager(  257): Unpacking native libraries for /data/app/com.sprint.widget.tutorial-1.apk
02-03 22:21:50.292 W/PackageManager(  257): Unable to update from com.android.music to com.google.android.music: old package still exists
02-03 22:21:50.302 I/PackageManager(  257): Unpacking native libraries for /data/app/com.google.android.music-1.apk
02-03 22:21:50.662 I/PackageManager(  257): Unpacking native libraries for /data/app/com.google.android.apps.maps-1.apk
02-03 22:21:50.853 I/PackageManager(  257): Unpacking native libraries for /data/app/com.sprint.voicemail-1.apk
02-03 22:21:50.863 I/PackageManager(  257): Time to scan packages: 8.773 seconds
02-03 22:21:50.863 W/PackageManager(  257): Unknown permission com.android.vending.permission.UPDATE_MARKET_FAILURE in package com.android.vending.updater
02-03 22:21:50.863 W/PackageManager(  257): Unknown permission android.permission.ADD_SYSTEM_SERVICE in package com.android.phone
02-03 22:21:50.873 W/PackageManager(  257): Not granting permission android.permission.SEND_DOWNLOAD_COMPLETED_INTENTS to package com.android.browser (protectionLevel=2 flags=0x9be45)
02-03 22:21:50.873 W/PackageManager(  257): Unknown permission com.android.email.provider.AttachmentProvider in package com.android.music
02-03 22:21:50.873 W/PackageManager(  257): Not granting permission android.permission.SEND_DOWNLOAD_COMPLETED_INTENTS to package com.android.music (protectionLevel=2 flags=0x8be65)
02-03 22:21:50.873 W/PackageManager(  257): Unknown permission android.permission.READ_OWNER_DATA in package com.android.setupwizard
02-03 22:21:50.873 W/PackageManager(  257): Unknown permission android.permission.WRITE_OWNER_DATA in package com.android.setupwizard
02-03 22:21:50.873 W/PackageManager(  257): Not granting permission android.permission.ACCESS_DRM to package com.android.mms (protectionLevel=2 flags=0x8be65)
02-03 22:21:50.873 W/PackageManager(  257): Unknown permission android.permission.RECEIVE_EMERGENCY_BROADCAST in package com.android.mms
02-03 22:21:50.873 W/PackageManager(  257): Not granting permission android.permission.SET_PREFERRED_APPLICATIONS to package com.sprint.w.installer (protectionLevel=2 flags=0x8be45)
02-03 22:21:50.883 W/PackageManager(  257): Unknown permission android.intent.action.REBOOT in package com.redbend.vdmc
02-03 22:21:50.883 W/PackageManager(  257): Not granting permission com.google.android.gm.permission.READ_GMAIL to package com.google.android.apps.uploader (protectionLevel=2 flags=0xbe45)
02-03 22:21:50.883 W/PackageManager(  257): Unknown permission android.permission.READ_PROFILE in package com.google.android.apps.plus
02-03 22:21:50.883 W/PackageManager(  257): Unknown permission android.permission.WRITE_PROFILE in package com.google.android.apps.plus
02-03 22:21:50.883 W/PackageManager(  257): Unknown permission android.permission.READ_SOCIAL_STREAM in package com.google.android.apps.plus
02-03 22:21:50.883 W/PackageManager(  257): Unknown permission android.permission.WRITE_SOCIAL_STREAM in package com.google.android.apps.plus
02-03 22:21:50.883 W/PackageManager(  257): Unknown permission android.permission.READ_EXTERNAL_STORAGE in package com.android.vending
02-03 22:21:50.883 W/PackageManager(  257): Not granting permission android.permission.SEND_DOWNLOAD_COMPLETED_INTENTS to package com.android.vending (protectionLevel=2 flags=0xabec5)
02-03 22:21:50.883 W/PackageManager(  257): Not granting permission android.permission.ACCOUNT_MANAGER to package com.google.android.music (protectionLevel=2 flags=0x8bee5)
02-03 22:21:50.893 W/PackageManager(  257): Unknown permission android.permission.READ_OWNER_DATA in package com.android.email
02-03 22:21:50.893 W/PackageManager(  257): Unknown permission android.intent.action.REBOOT in package com.android.email
02-03 22:21:50.893 W/PackageManager(  257): Not granting permission android.permission.BROADCAST_WAP_PUSH to package com.android.email (protectionLevel=2 flags=0x8be45)
02-03 22:21:50.893 W/PackageManager(  257): Unknown permission com.android.providers.im.permission.READ_ONLY in package com.google.android.apps.maps
02-03 22:21:50.893 W/PackageManager(  257): Unknown permission com.google.android.providers.gmail.permission.READ_GMAIL in package com.dataviz.docstogo
02-03 22:21:50.893 W/PackageManager(  257): Not granting permission android.permission.ACCESS_CHECKIN_PROPERTIES to package com.google.android.apps.googlevoice (protectionLevel=3 flags=0x8be44)
02-03 22:21:50.893 W/PackageManager(  257): Unknown permission android.permission.READ_PROFILE in package com.google.android.apps.googlevoice
02-03 22:21:50.903 W/PackageManager(  257): Unknown permission com.google.android.apps.googlevoice.REMOTE_INTENT in package com.google.android.apps.googlevoice
02-03 22:21:50.903 W/PackageManager(  257): Unknown permission com.google.android.permission.RECEIVE_DATA_MESSAGE in package com.google.android.apps.googlevoice
02-03 22:21:50.903 W/PackageManager(  257): Unknown permission com.google.android.permission.SEND_DATA_MESSAGE in package com.google.android.apps.googlevoice
02-03 22:21:51.043 I/SystemServer(  257): Account Manager
02-03 22:21:51.123 I/SystemServer(  257): Content Manager
02-03 22:21:51.343 I/SystemServer(  257): System Content Providers
02-03 22:21:51.373 I/SystemServer(  257): Battery Service
02-03 22:21:51.403 I/SystemServer(  257): Lights Service
02-03 22:21:51.403 I/SystemServer(  257): Vibrator Service
02-03 22:21:51.423 I/SystemServer(  257): Alarm Manager
02-03 22:21:51.423 D/AlarmManager(  257): scheduleTimeTickEvent calendar=Fri Feb 03 22:22:00 CST 2012
02-03 22:21:51.423 D/AlarmManager(  257): calendar.getTimeInMillis()1328329320000
02-03 22:21:51.423 I/SystemServer(  257): Init Watchdog
02-03 22:21:51.423 I/SystemServer(  257): Window Manager
02-03 22:21:51.433 E/AlarmManager(  257): system is not ready, just wait!
02-03 22:21:51.433 I/InputManager(  257): Initializing input manager
02-03 22:21:51.463 I/InputManager(  257): Starting input manager
02-03 22:21:51.463 I/SystemServer(  257): Bluetooth Service
02-03 22:21:51.483 I/InputManager-Callbacks(  257): No input device calibration properties found for device synaptics-rmi4-ts.
02-03 22:21:51.483 I/InputManager-Callbacks(  257): No input device calibration properties found for device 7k_handset.
02-03 22:21:51.483 I/InputManager-Callbacks(  257): No input device calibration properties found for device sean_keypad.
02-03 22:21:51.483 I/SystemServer(  257): DynamicMemoryManager Service
02-03 22:21:51.483 I/SystemServer(  257): Device Policy
02-03 22:21:51.483 I/SystemServer(  257): Status Bar
02-03 22:21:51.483 I/SystemServer(  257): Clipboard Service
02-03 22:21:51.483 I/SystemServer(  257): Input Method Service
02-03 22:21:51.503 I/InputManagerService(  257): Enabled input methods: com.swype.android.inputmethod/.SwypeInputMethod:com.android.inputmethod.latin/.LatinIME
02-03 22:21:51.503 I/SystemServer(  257): NetStat Service
02-03 22:21:51.503 I/SystemServer(  257): NetworkManagement Service
02-03 22:21:51.503 D/NetworkManagementService(  257): Creating NetworkManagementService
02-03 22:21:51.503 D/NetworkManagementService(  257): Awaiting socket connection
02-03 22:21:51.503 D/NetworkManagementService(  257): onConnected
02-03 22:21:51.503 D/NetworkManagementService(  257): Connected
02-03 22:21:51.503 I/SystemServer(  257): Connectivity Service
02-03 22:21:51.503 D/ConnectivityService(  257): ConnectivityService starting up
02-03 22:21:51.503 D/ConnectivityService(  257): getMobileDataEnabled returning true
02-03 22:21:51.563 D/WifiService(  257): isAirplaneModeOn(): false
02-03 22:21:51.563 D/WifiService(  257): testAndClearWifiSavedState(), wifiSavedState: 0
02-03 22:21:51.563 I/WifiService(  257): WifiService starting up with Wi-Fi disabled
02-03 22:21:51.563 D/NetworkManagementService(  257): Registering observer
02-03 22:21:51.563 D/WifiService(  257): WifiHandler, MESSAGE_DISABLE_WIFI, msg.arg1: 1, msg.arg2: 1000
02-03 22:21:51.563 I/SystemServer(  257): Throttle Service
02-03 22:21:51.563 I/SystemServer(  257): Accessibility Manager
02-03 22:21:51.573 I/SystemServer(  257): Mount Service
02-03 22:21:51.573 I/SystemServer(  257): Notification Manager
02-03 22:21:51.573 I/SystemServer(  257): HDMI Service
02-03 22:21:51.573 I/SystemServer(  257): Device Storage Monitor
02-03 22:21:51.573 I/SystemServer(  257): Location Manager
02-03 22:21:51.573 I/SystemServer(  257): Search Service
02-03 22:21:51.583 I/SystemServer(  257): DropBox Service
02-03 22:21:51.583 I/SystemServer(  257): Wallpaper Service
02-03 22:21:51.583 D/VoldConnector(  257): SND -> {volume list} {null}
02-03 22:21:51.583 D/VoldCmdListener(  110): volume list
02-03 22:21:51.583 D/VoldConnector(  257): RCV <- {110 sdcard /mnt/sdcard 1}
02-03 22:21:51.583 D/VoldConnector(  257): RCV <- {200 Volumes listed.}
02-03 22:21:51.583 I/SystemServer(  257): Audio Service
02-03 22:21:51.583 D/VoldConnector(  257): RSP <- {110 sdcard /mnt/sdcard 1}
02-03 22:21:51.583 D/VoldConnector(  257): RSP <- {200 Volumes listed.}
02-03 22:21:51.583 D/VoldConnector(  257): List terminated with {200 Volumes listed.}
02-03 22:21:51.583 D/MountService(  257): mount list sdcard /mnt/sdcard 1
02-03 22:21:51.593 D/VoldConnector(  257): SND -> {share status ums} {null}
02-03 22:21:51.593 D/VoldCmdListener(  110): share status ums
02-03 22:21:51.593 D/VoldConnector(  257): RCV <- {210 Share unavailable}
02-03 22:21:51.593 D/VoldConnector(  257): RSP <- {210 Share unavailable}
02-03 22:21:51.623 I/SystemServer(  257): Headset Observer
02-03 22:21:51.643 I/SystemServer(  257): Dock Observer
02-03 22:21:51.643 W/DockObserver(  257): This kernel does not have dock station support
02-03 22:21:51.643 I/SystemServer(  257): USB Service
02-03 22:21:51.653 I/SystemServer(  257): UI Mode Manager Service
02-03 22:21:51.703 I/SystemServer(  257): Backup Service
02-03 22:21:51.964 I/BackupManagerService(  257): Backup enabled => true
02-03 22:21:51.964 I/SystemServer(  257): AppWidget Service
02-03 22:21:51.964 I/SystemServer(  257): Recognition Service
02-03 22:21:51.964 I/SystemServer(  257): DiskStats Service
02-03 22:21:51.964 I/SystemServer(  257): AtCmdFwd Service
02-03 22:21:51.964 I/SystemServer(  257): BT FM Power Management Service
02-03 22:21:51.984 E/SystemServer(  257): Failure starting BT FM Power Management Service
02-03 22:21:51.984 E/SystemServer(  257): java.lang.ExceptionInInitializerError
02-03 22:21:51.984 E/SystemServer(  257): 	at com.android.server.ServerThread.run(SystemServer.java:489)
02-03 22:21:51.984 E/SystemServer(  257): Caused by: java.lang.UnsatisfiedLinkError: classInitNative
02-03 22:21:51.984 E/SystemServer(  257): 	at com.broadcom.bt.service.framework.PowerManagementService.classInitNative(Native Method)
02-03 22:21:51.984 E/SystemServer(  257): 	at com.broadcom.bt.service.framework.PowerManagementService.<clinit>(PowerManagementService.java:58)
02-03 22:21:51.984 E/SystemServer(  257): 	... 1 more
02-03 22:21:51.994 W/WindowManager(  257): updateFocusedWindowLocked newFocus=Window{4084c368 Keyguard paused=false} mode=1 mCurrentFocus = null
02-03 22:21:51.994 D/PowerManagerService(  257): system ready!
02-03 22:21:52.004 I/ActivityManager(  257): System now ready
02-03 22:21:52.004 I/SystemServer(  257): Making services ready
02-03 22:21:52.004 I/StatusBarManagerService(  257): Starting service: ComponentInfo{com.android.systemui/com.android.systemui.statusbar.StatusBarService}
02-03 22:21:52.014 I/ActivityManager(  257): Start proc com.android.systemui for service com.android.systemui/.statusbar.StatusBarService: pid=329 uid=1000 gids={3002, 3001, 3003, 1015}
02-03 22:21:52.014 I/ActivityManager(  257): Config changed: { scale=1.0 imsi=0/0 loc=en_US touch=3 keys=1/1/2 nav=1/1 orien=1 layout=18 uiMode=0 seq=2}
02-03 22:21:52.024 I/ActivityManager(  257): Config changed: { scale=1.0 imsi=0/0 loc=en_US touch=3 keys=1/1/2 nav=1/1 orien=1 layout=18 uiMode=17 seq=3}
02-03 22:21:52.204 I/ActivityManager(  257): Start proc com.android.inputmethod.latin for service com.android.inputmethod.latin/.LatinIME: pid=338 uid=10041 gids={}
02-03 22:21:52.214 D/NetworkManagementService(  257): Registering observer
02-03 22:21:52.254 I/ActivityManager(  257): Start proc com.android.phone for added application com.android.phone: pid=343 uid=1001 gids={3002, 3001, 3003, 1015}
02-03 22:21:52.254 I/ActivityManager(  257): Start proc com.broadcom.bt.app.system for added application com.broadcom.bt.app.system: pid=344 uid=1002 gids={3001, 3002}
02-03 22:21:52.304 I/ActivityManager(  257): Starting: Intent { act=android.intent.action.MAIN cat=[android.intent.category.HOME] flg=0x10000000 cmp=com.android.launcher/com.android.launcher2.Launcher } from pid 0
02-03 22:21:52.304 D/NetdConnector(  257): SND -> {interface readrxcounter rmnet0} {null}
02-03 22:21:52.304 D/NetdConnector(  257): RCV <- {216 0}
02-03 22:21:52.304 D/NetdConnector(  257): RSP <- {216 0}
02-03 22:21:52.324 D/NetdConnector(  257): SND -> {interface readtxcounter rmnet0} {null}
02-03 22:21:52.324 D/NetdConnector(  257): RCV <- {217 0}
02-03 22:21:52.324 D/NetdConnector(  257): RSP <- {217 0}
02-03 22:21:52.334 I/ActivityManager(  257): Start proc com.android.launcher for activity com.android.launcher/com.android.launcher2.Launcher: pid=350 uid=10040 gids={}
02-03 22:21:52.334 I/SystemServer(  257): Enabled StrictMode for system server main thread.
02-03 22:21:52.344 D/NetdConnector(  257): SND -> {interface setthrottle rmnet0 -1 -1} {null}
02-03 22:21:52.694 W/WindowManager(  257): updateFocusedWindowLocked newFocus=Window{4084c368 Keyguard paused=false} mode=0 mCurrentFocus = Window{4084c368 Keyguard paused=false}
02-03 22:21:52.804 D/NetdConnector(  257): RCV <- {200 Interface throttling set}
02-03 22:21:52.804 D/NetdConnector(  257): RSP <- {200 Interface throttling set}
02-03 22:21:53.175 I/ActivityManager(  257): Start proc com.google.process.gapps for service com.google.android.gsf/.loginservice.GoogleLoginService: pid=383 uid=10029 gids={3003, 1015, 2001, 1007}
02-03 22:21:53.215 I/StatusBarManagerService(  257): registerStatusBar bar=com.android.internal.statusbar.IStatusBar$Stub$Proxy@4084f3b0
02-03 22:21:53.275 D/VoldConnector(  257): SND -> {share status ums} {null}
02-03 22:21:53.275 D/VoldCmdListener(  110): share status ums
02-03 22:21:53.275 D/VoldConnector(  257): RCV <- {210 Share unavailable}
02-03 22:21:53.275 D/VoldConnector(  257): RSP <- {210 Share unavailable}
02-03 22:21:53.275 D/StorageNotification(  329): Startup with UMS connection false (media state unmounted)
02-03 22:21:53.355 I/StorageNotification(  329): UMS connection changed to false (media state unmounted)
02-03 22:21:53.695 W/WindowManager(  257): updateFocusedWindowLocked newFocus=Window{4084c368 Keyguard paused=false} mode=3 mCurrentFocus = Window{4084c368 Keyguard paused=false}
02-03 22:21:53.715 I/ActivityManager(  257): Start proc android.process.acore for content provider com.android.providers.contacts/.ContactsProvider2: pid=400 uid=10007 gids={3003, 1015}
02-03 22:21:54.146 W/WindowManager(  257): updateFocusedWindowLocked newFocus=Window{4084c368 Keyguard paused=false} mode=3 mCurrentFocus = Window{4084c368 Keyguard paused=false}
02-03 22:21:54.196 W/WindowManager(  257): updateFocusedWindowLocked newFocus=Window{4084c368 Keyguard paused=false} mode=3 mCurrentFocus = Window{4084c368 Keyguard paused=false}
02-03 22:21:54.226 W/WindowManager(  257): updateFocusedWindowLocked newFocus=Window{4084c368 Keyguard paused=false} mode=3 mCurrentFocus = Window{4084c368 Keyguard paused=false}
02-03 22:21:54.476 W/WindowManager(  257): updateFocusedWindowLocked newFocus=Window{4084c368 Keyguard paused=false} mode=2 mCurrentFocus = Window{4084c368 Keyguard paused=false}
02-03 22:21:54.756 D/ConnectivityService(  257): getMobileDataEnabled returning true
02-03 22:21:54.836 I/WifiService(  257): WifiService trying to setNumAllowed to 11 with persist set to true
02-03 22:21:54.836 D/WifiService(  257): WifiHandler, MESSAGE_SET_CHANNELS, msg.arg1: 11, msg.arg2: 1
02-03 22:21:54.836 I/ActivityManager(  257): Config changed: { scale=1.0 imsi=310/120 loc=en_US touch=3 keys=1/1/2 nav=1/1 orien=1 layout=18 uiMode=17 seq=4}
02-03 22:21:54.866 I/TelephonyRegistry(  257): notifyMessageWaitingChanged: false
02-03 22:21:54.886 D/StatusBarPolicy(  329): updateSimState for subscription :0
02-03 22:21:54.886 D/StatusBarPolicy(  329): updateDataIcon subscription =0
02-03 22:21:55.087 W/WindowManager(  257): updateFocusedWindowLocked newFocus=Window{4084c368 Keyguard paused=false} mode=0 mCurrentFocus = Window{4084c368 Keyguard paused=false}
02-03 22:21:55.257 W/ActivityManager(  257): Unable to start service Intent { act=com.android.ussd.IExtendedNetworkService }: not found
02-03 22:21:55.397 I/TelephonyRegistry(  257): notifyDataConnection: anyState=0,default/INET,apnTypeState=0,iface=null,ip=null,gw=null,isDataConnectivityPossible=false,networkType=0,reason=dataNetworkDetached
02-03 22:21:55.727 I/TelephonyRegistry(  257): notifyDataConnection: anyState=0,default/INET6,apnTypeState=0,iface=null,ip=null,gw=null,isDataConnectivityPossible=false,networkType=0,reason=dataNetworkDetached
02-03 22:21:55.747 I/TelephonyRegistry(  257): notifyDataConnection: anyState=0,mms/INET,apnTypeState=0,iface=null,ip=null,gw=null,isDataConnectivityPossible=false,networkType=0,reason=dataNetworkDetached
02-03 22:21:55.747 I/TelephonyRegistry(  257): notifyDataConnection: anyState=0,mms/INET6,apnTypeState=0,iface=null,ip=null,gw=null,isDataConnectivityPossible=false,networkType=0,reason=dataNetworkDetached
02-03 22:21:55.777 I/TelephonyRegistry(  257): notifyDataConnection: anyState=0,supl/INET,apnTypeState=0,iface=null,ip=null,gw=null,isDataConnectivityPossible=false,networkType=0,reason=dataNetworkDetached
02-03 22:21:55.807 I/TelephonyRegistry(  257): notifyDataConnection: anyState=0,supl/INET6,apnTypeState=0,iface=null,ip=null,gw=null,isDataConnectivityPossible=false,networkType=0,reason=dataNetworkDetached
02-03 22:21:55.807 I/TelephonyRegistry(  257): notifyDataConnection: anyState=0,dun/INET,apnTypeState=0,iface=null,ip=null,gw=null,isDataConnectivityPossible=false,networkType=0,reason=dataNetworkDetached
02-03 22:21:55.817 I/TelephonyRegistry(  257): notifyDataConnection: anyState=0,dun/INET6,apnTypeState=0,iface=null,ip=null,gw=null,isDataConnectivityPossible=false,networkType=0,reason=dataNetworkDetached
02-03 22:21:55.827 I/TelephonyRegistry(  257): notifyDataConnection: anyState=0,hipri/INET,apnTypeState=0,iface=null,ip=null,gw=null,isDataConnectivityPossible=false,networkType=0,reason=dataNetworkDetached
02-03 22:21:55.837 I/TelephonyRegistry(  257): notifyDataConnection: anyState=0,hipri/INET6,apnTypeState=0,iface=null,ip=null,gw=null,isDataConnectivityPossible=false,networkType=0,reason=dataNetworkDetached
02-03 22:21:55.857 I/TelephonyRegistry(  257): notifyServiceState: 3 home null null null  Unknown CSS not supported -1 -1RoamInd: -1RoamStatus(sprint): -1DefRoamInd: -1EmergOnly: false
02-03 22:21:55.857 D/StatusBarPolicy(  329): onServiceStateChanged:3 home null null null  Unknown CSS not supported -1 -1RoamInd: -1RoamStatus(sprint): -1DefRoamInd: -1EmergOnly: falsefor subscription :0
02-03 22:21:55.857 D/StatusBarPolicy(  329): updateSignalStrength on subscription :0
02-03 22:21:55.857 D/StatusBarPolicy(  329): updateDataIcon subscription =0
02-03 22:21:55.897 I/WifiService(  257): WifiService trying to setNumAllowed to 11 with persist set to true
02-03 22:21:55.907 D/WifiService(  257): WifiHandler, MESSAGE_SET_CHANNELS, msg.arg1: 11, msg.arg2: 1
02-03 22:21:55.947 W/WindowManager(  257): updateFocusedWindowLocked newFocus=Window{4084c368 Keyguard paused=false} mode=3 mCurrentFocus = Window{4084c368 Keyguard paused=false}
02-03 22:21:56.818 D/PowerManagerService(  257): bootCompleted
02-03 22:21:56.818 D/PowerManagerService(  257): setTimeoutLocked now=31811 timeoutOverride=-1 nextState=3 when=37811
02-03 22:21:56.818 D/NetdConnector(  257): SND -> {interface list} {null}
02-03 22:21:56.818 D/NetdConnector(  257): RCV <- {110 lo}
02-03 22:21:56.818 D/NetdConnector(  257): RCV <- {110 dummy0}
02-03 22:21:56.818 D/NetdConnector(  257): RCV <- {110 rmnet0}
02-03 22:21:56.818 D/NetdConnector(  257): RCV <- {110 rmnet1}
02-03 22:21:56.818 D/NetdConnector(  257): RCV <- {110 rmnet2}
02-03 22:21:56.818 D/NetdConnector(  257): RCV <- {110 rmnet3}
02-03 22:21:56.818 D/NetdConnector(  257): RCV <- {110 rmnet4}
02-03 22:21:56.818 D/NetdConnector(  257): RCV <- {110 rmnet5}
02-03 22:21:56.818 D/NetdConnector(  257): RCV <- {110 rmnet6}
02-03 22:21:56.828 D/NetdConnector(  257): RSP <- {110 lo}
02-03 22:21:56.828 D/NetdConnector(  257): RSP <- {110 dummy0}
02-03 22:21:56.828 D/NetdConnector(  257): RSP <- {110 rmnet0}
02-03 22:21:56.828 D/NetdConnector(  257): RSP <- {110 rmnet1}
02-03 22:21:56.828 D/NetdConnector(  257): RSP <- {110 rmnet2}
02-03 22:21:56.828 D/NetdConnector(  257): RSP <- {110 rmnet3}
02-03 22:21:56.828 D/NetdConnector(  257): RSP <- {110 rmnet4}
02-03 22:21:56.828 D/NetdConnector(  257): RSP <- {110 rmnet5}
02-03 22:21:56.828 D/NetdConnector(  257): RSP <- {110 rmnet6}
02-03 22:21:56.828 D/NetdConnector(  257): RCV <- {110 rmnet7}
02-03 22:21:56.828 D/NetdConnector(  257): RCV <- {110 tunl0}
02-03 22:21:56.828 D/NetdConnector(  257): RCV <- {110 gre0}
02-03 22:21:56.828 D/NetdConnector(  257): RSP <- {110 rmnet7}
02-03 22:21:56.828 D/NetdConnector(  257): RSP <- {110 tunl0}
02-03 22:21:56.828 D/NetdConnector(  257): RCV <- {110 sit0}
02-03 22:21:56.838 D/NetdConnector(  257): RSP <- {110 gre0}
02-03 22:21:56.838 D/NetdConnector(  257): RSP <- {110 sit0}
02-03 22:21:56.838 D/NetdConnector(  257): RCV <- {110 ip6tnl0}
02-03 22:21:56.838 D/NetdConnector(  257): RSP <- {110 ip6tnl0}
02-03 22:21:56.838 D/NetdConnector(  257): RCV <- {110 usb0}
02-03 22:21:56.838 D/NetdConnector(  257): RSP <- {110 usb0}
02-03 22:21:56.838 D/NetdConnector(  257): RCV <- {200 Interface list completed}
02-03 22:21:56.838 D/NetdConnector(  257): RSP <- {200 Interface list completed}
02-03 22:21:56.838 D/NetdConnector(  257): List terminated with {200 Interface list completed}
02-03 22:21:56.848 D/VoldConnector(  257): SND -> {volume mount /mnt/sdcard} {null}
02-03 22:21:56.848 D/VoldCmdListener(  110): volume mount /mnt/sdcard
02-03 22:21:56.848 E/DirectVolume(  110): getDeviceNodes i 0 j 0 33
02-03 22:21:56.848 I/Vold    (  110): /dev/block/vold/179:33 being considered for volume sdcard
02-03 22:21:56.848 D/Vold    (  110): Volume sdcard state changing 1 (Idle-Unmounted) -> 3 (Checking)
02-03 22:21:56.848 D/VoldConnector(  257): RCV <- {605 Volume sdcard /mnt/sdcard state changed from 1 (Idle-Unmounted) to 3 (Checking)}
02-03 22:21:56.858 I/StorageNotification(  329): Media {/mnt/sdcard} state changed from {unmounted} -> {checking}
02-03 22:21:40.530 I/ActivityManager(  257): Start proc com.google.android.partnersetup for broadcast com.google.android.partnersetup/.PhoneStateReceiver: pid=446 uid=10044 gids={3003}
02-03 22:21:40.550 I/TelephonyRegistry(  257): notifyServiceState: 1 home Searching for Service null null  Unknown CSS not supported 0 0RoamInd: 2RoamStatus(sprint): 0DefRoamInd: 0EmergOnly: false
02-03 22:21:40.590 I/TelephonyRegistry(  257): notifyServiceState: 1 home Searching for Service null null  Unknown CSS not supported 0 0RoamInd: 2RoamStatus(sprint): 0DefRoamInd: 0EmergOnly: false
02-03 22:21:40.800 I/WifiService(  257): WifiService trying to setNumAllowed to 11 with persist set to true
02-03 22:21:40.800 D/WifiService(  257): WifiHandler, MESSAGE_SET_CHANNELS, msg.arg1: 11, msg.arg2: 1
02-03 22:21:40.890 D/StatusBarPolicy(  329): onServiceStateChanged:1 home Searching for Service null null  Unknown CSS not supported 0 0RoamInd: 2RoamStatus(sprint): 0DefRoamInd: 0EmergOnly: falsefor subscription :0
02-03 22:21:40.890 D/StatusBarPolicy(  329): updateSignalStrength on subscription :0
02-03 22:21:40.890 D/StatusBarPolicy(  329): updateDataIcon subscription =0
02-03 22:21:40.910 D/StatusBarPolicy(  329): onServiceStateChanged:1 home Searching for Service null null  Unknown CSS not supported 0 0RoamInd: 2RoamStatus(sprint): 0DefRoamInd: 0EmergOnly: falsefor subscription :0
02-03 22:21:40.910 D/StatusBarPolicy(  329): updateSignalStrength on subscription :0
02-03 22:21:40.920 D/StatusBarPolicy(  329): updateDataIcon subscription =0
02-03 22:21:40.960 D/StatusBarPolicy(  329): onSignalStrengthsChanged:SignalStrength: 99 0 -84 -70 -125 -25 8 99 2147483647 2147483647 2147483647 2147483647 cdma for subscription0
02-03 22:21:40.960 D/StatusBarPolicy(  329): updateSignalStrength on subscription :0
02-03 22:21:41.170 I/TelephonyRegistry(  257): notifyServiceState: 0 home Sprint  310099  IS95A CSS not supported 41 4139RoamInd: 1RoamStatus(sprint): 1DefRoamInd: 160EmergOnly: false
02-03 22:21:41.260 W/WindowManager(  257): updateFocusedWindowLocked newFocus=Window{4084c368 Keyguard paused=false} mode=3 mCurrentFocus = Window{4084c368 Keyguard paused=false}
02-03 22:21:41.270 D/StatusBarPolicy(  329): onServiceStateChanged:0 home Sprint  310099  IS95A CSS not supported 41 4139RoamInd: 1RoamStatus(sprint): 1DefRoamInd: 160EmergOnly: falsefor subscription :0
02-03 22:21:41.270 D/StatusBarPolicy(  329): updateSignalStrength on subscription :0
02-03 22:21:41.270 D/StatusBarPolicy(  329): StatusBarPolocy::getIconLevel -CDMA
02-03 22:21:41.270 D/StatusBarPolicy(  329): getCdmaLevel_band_six -cdmaDbm:-84
02-03 22:21:41.270 D/StatusBarPolicy(  329): getCdmaLevel_band_six -cdmaEcio:-70
02-03 22:21:41.270 D/StatusBarPolicy(  329): updateDataIcon subscription =0
02-03 22:21:41.460 I/TelephonyRegistry(  257): notifyServiceState: 0 home Sprint  310099  IS95A CSS not supported 41 4139RoamInd: 1RoamStatus(sprint): 1DefRoamInd: 160EmergOnly: false
02-03 22:21:41.460 W/WindowManager(  257): updateFocusedWindowLocked newFocus=Window{4084c368 Keyguard paused=false} mode=3 mCurrentFocus = Window{4084c368 Keyguard paused=false}
02-03 22:21:41.530 I/TelephonyRegistry(  257): notifyServiceState: 0 home Sprint  310099  IS95A CSS not supported 41 4139RoamInd: 1RoamStatus(sprint): 1DefRoamInd: 160EmergOnly: false
02-03 22:21:41.550 D/StatusBarPolicy(  329): onServiceStateChanged:0 home Sprint  310099  IS95A CSS not supported 41 4139RoamInd: 1RoamStatus(sprint): 1DefRoamInd: 160EmergOnly: falsefor subscription :0
02-03 22:21:41.550 D/StatusBarPolicy(  329): updateSignalStrength on subscription :0
02-03 22:21:41.550 D/StatusBarPolicy(  329): StatusBarPolocy::getIconLevel -CDMA
02-03 22:21:41.550 D/StatusBarPolicy(  329): getCdmaLevel_band_six -cdmaDbm:-84
02-03 22:21:41.550 D/StatusBarPolicy(  329): getCdmaLevel_band_six -cdmaEcio:-70
02-03 22:21:41.580 D/StatusBarPolicy(  329): updateDataIcon subscription =0
02-03 22:21:41.660 I/TelephonyRegistry(  257): notifyDataConnection: anyState=0,default/INET,apnTypeState=0,iface=null,ip=null,gw=null,isDataConnectivityPossible=true,networkType=4,reason=dataNetworkAttached
02-03 22:21:41.670 D/StatusBarPolicy(  329): onServiceStateChanged:0 home Sprint  310099  IS95A CSS not supported 41 4139RoamInd: 1RoamStatus(sprint): 1DefRoamInd: 160EmergOnly: falsefor subscription :0
02-03 22:21:41.670 D/StatusBarPolicy(  329): updateSignalStrength on subscription :0
02-03 22:21:41.670 D/StatusBarPolicy(  329): StatusBarPolocy::getIconLevel -CDMA
02-03 22:21:41.670 D/StatusBarPolicy(  329): getCdmaLevel_band_six -cdmaDbm:-84
02-03 22:21:41.670 D/StatusBarPolicy(  329): getCdmaLevel_band_six -cdmaEcio:-70
02-03 22:21:41.670 D/StatusBarPolicy(  329): updateDataIcon subscription =0
02-03 22:21:41.670 D/StatusBarPolicy(  329): StatusBarPolicy onDataConnectionStateChanged to 0for nw : 4on subscription : 0
02-03 22:21:41.670 D/StatusBarPolicy(  329): Data network type changed to:4
02-03 22:21:41.670 D/StatusBarPolicy(  329): updateDataIcon subscription =0
02-03 22:21:41.690 I/TelephonyRegistry(  257): notifyDataConnection: anyState=0,default/INET6,apnTypeState=0,iface=null,ip=null,gw=null,isDataConnectivityPossible=true,networkType=4,reason=dataNetworkAttached
02-03 22:21:41.700 I/TelephonyRegistry(  257): notifyDataConnection: anyState=0,mms/INET,apnTypeState=0,iface=null,ip=null,gw=null,isDataConnectivityPossible=true,networkType=4,reason=dataNetworkAttached
02-03 22:21:41.730 I/TelephonyRegistry(  257): notifyDataConnection: anyState=0,mms/INET6,apnTypeState=0,iface=null,ip=null,gw=null,isDataConnectivityPossible=true,networkType=4,reason=dataNetworkAttached
02-03 22:21:41.750 I/TelephonyRegistry(  257): notifyDataConnection: anyState=0,supl/INET,apnTypeState=0,iface=null,ip=null,gw=null,isDataConnectivityPossible=true,networkType=4,reason=dataNetworkAttached
02-03 22:21:41.790 I/TelephonyRegistry(  257): notifyDataConnection: anyState=0,supl/INET6,apnTypeState=0,iface=null,ip=null,gw=null,isDataConnectivityPossible=true,networkType=4,reason=dataNetworkAttached
02-03 22:21:41.810 I/TelephonyRegistry(  257): notifyDataConnection: anyState=0,dun/INET,apnTypeState=0,iface=null,ip=null,gw=null,isDataConnectivityPossible=true,networkType=4,reason=dataNetworkAttached
02-03 22:21:41.850 I/TelephonyRegistry(  257): notifyDataConnection: anyState=0,dun/INET6,apnTypeState=0,iface=null,ip=null,gw=null,isDataConnectivityPossible=true,networkType=4,reason=dataNetworkAttached
02-03 22:21:41.900 I/TelephonyRegistry(  257): notifyDataConnection: anyState=0,hipri/INET,apnTypeState=0,iface=null,ip=null,gw=null,isDataConnectivityPossible=true,networkType=4,reason=dataNetworkAttached
02-03 22:21:41.910 I/TelephonyRegistry(  257): notifyDataConnection: anyState=0,hipri/INET6,apnTypeState=0,iface=null,ip=null,gw=null,isDataConnectivityPossible=true,networkType=4,reason=dataNetworkAttached
02-03 22:21:41.930 I/TelephonyRegistry(  257): notifyDataConnection: anyState=0,default/INET,apnTypeState=0,iface=null,ip=null,gw=null,isDataConnectivityPossible=true,networkType=4,reason=radioTechnologyChanged
02-03 22:21:41.960 I/TelephonyRegistry(  257): notifyDataConnection: anyState=0,default/INET6,apnTypeState=0,iface=null,ip=null,gw=null,isDataConnectivityPossible=true,networkType=4,reason=radioTechnologyChanged
02-03 22:21:41.990 I/ActivityManager(  257): Start proc com.redbend.vdmc for broadcast com.redbend.vdmc/.MyConnectionChangeReceiver: pid=462 uid=1000 gids={3002, 3001, 3003, 1015}
02-03 22:21:41.990 I/TelephonyRegistry(  257): notifyDataConnection: anyState=0,mms/INET,apnTypeState=0,iface=null,ip=null,gw=null,isDataConnectivityPossible=true,networkType=4,reason=radioTechnologyChanged
02-03 22:21:42.000 I/TelephonyRegistry(  257): notifyDataConnection: anyState=0,mms/INET6,apnTypeState=0,iface=null,ip=null,gw=null,isDataConnectivityPossible=true,networkType=4,reason=radioTechnologyChanged
02-03 22:21:42.010 I/TelephonyRegistry(  257): notifyDataConnection: anyState=0,supl/INET,apnTypeState=0,iface=null,ip=null,gw=null,isDataConnectivityPossible=true,networkType=4,reason=radioTechnologyChanged
02-03 22:21:42.231 I/TelephonyRegistry(  257): notifyDataConnection: anyState=0,supl/INET6,apnTypeState=0,iface=null,ip=null,gw=null,isDataConnectivityPossible=true,networkType=4,reason=radioTechnologyChanged
02-03 22:21:42.241 I/TelephonyRegistry(  257): notifyDataConnection: anyState=0,dun/INET,apnTypeState=0,iface=null,ip=null,gw=null,isDataConnectivityPossible=true,networkType=4,reason=radioTechnologyChanged
02-03 22:21:42.251 I/TelephonyRegistry(  257): notifyDataConnection: anyState=0,dun/INET6,apnTypeState=0,iface=null,ip=null,gw=null,isDataConnectivityPossible=true,networkType=4,reason=radioTechnologyChanged
02-03 22:21:42.261 I/TelephonyRegistry(  257): notifyDataConnection: anyState=0,hipri/INET,apnTypeState=0,iface=null,ip=null,gw=null,isDataConnectivityPossible=true,networkType=4,reason=radioTechnologyChanged
02-03 22:21:42.291 I/TelephonyRegistry(  257): notifyDataConnection: anyState=0,hipri/INET6,apnTypeState=0,iface=null,ip=null,gw=null,isDataConnectivityPossible=true,networkType=4,reason=radioTechnologyChanged
02-03 22:21:42.331 I/TelephonyRegistry(  257): notifyServiceState: 0 home Sprint  310099  IS95A CSS not supported 41 4139RoamInd: 1RoamStatus(sprint): 1DefRoamInd: 160EmergOnly: false
02-03 22:21:42.331 D/StatusBarPolicy(  329): onServiceStateChanged:0 home Sprint  310099  IS95A CSS not supported 41 4139RoamInd: 1RoamStatus(sprint): 1DefRoamInd: 160EmergOnly: falsefor subscription :0
02-03 22:21:42.331 D/StatusBarPolicy(  329): updateSignalStrength on subscription :0
02-03 22:21:42.331 D/StatusBarPolicy(  329): StatusBarPolocy::getIconLevel -CDMA
02-03 22:21:42.331 D/StatusBarPolicy(  329): getCdmaLevel_band_six -cdmaDbm:-84
02-03 22:21:42.331 D/StatusBarPolicy(  329): getCdmaLevel_band_six -cdmaEcio:-70
02-03 22:21:42.331 D/StatusBarPolicy(  329): updateDataIcon subscription =0
02-03 22:21:42.361 I/TelephonyRegistry(  257): notifyServiceState: 0 home Sprint  310099  1xRTT CSS not supported 41 4139RoamInd: 1RoamStatus(sprint): 1DefRoamInd: 160EmergOnly: false
02-03 22:21:42.361 D/StatusBarPolicy(  329): onServiceStateChanged:0 home Sprint  310099  1xRTT CSS not supported 41 4139RoamInd: 1RoamStatus(sprint): 1DefRoamInd: 160EmergOnly: falsefor subscription :0
02-03 22:21:42.361 D/StatusBarPolicy(  329): updateSignalStrength on subscription :0
02-03 22:21:42.361 D/StatusBarPolicy(  329): StatusBarPolocy::getIconLevel -CDMA
02-03 22:21:42.361 D/StatusBarPolicy(  329): getCdmaLevel_band_six -cdmaDbm:-84
02-03 22:21:42.361 D/StatusBarPolicy(  329): getCdmaLevel_band_six -cdmaEcio:-70
02-03 22:21:42.361 D/StatusBarPolicy(  329): updateDataIcon subscription =0
02-03 22:21:42.491 I/TelephonyRegistry(  257): notifyDataConnection: anyState=0,default/INET,apnTypeState=1,iface=null,ip=null,gw=null,isDataConnectivityPossible=true,networkType=7,reason=radioTechnologyChanged
02-03 22:21:42.491 D/StatusBarPolicy(  329): StatusBarPolicy onDataConnectionStateChanged to 0for nw : 7on subscription : 0
02-03 22:21:42.491 D/StatusBarPolicy(  329): Data network type changed to:7
02-03 22:21:42.491 D/StatusBarPolicy(  329): updateDataIcon subscription =0
02-03 22:21:42.571 I/TelephonyRegistry(  257): notifyDataConnection: anyState=0,default/INET,apnTypeState=1,iface=null,ip=null,gw=null,isDataConnectivityPossible=true,networkType=7,reason=radioTechnologyChanged
02-03 22:21:42.601 I/TelephonyRegistry(  257): notifyDataConnection: anyState=0,default/INET6,apnTypeState=0,iface=null,ip=null,gw=null,isDataConnectivityPossible=true,networkType=7,reason=radioTechnologyChanged
02-03 22:21:42.671 I/ActivityManager(  257): Start proc com.android.settings for broadcast com.android.settings/.widget.SettingsAppWidgetProvider: pid=470 uid=1000 gids={3002, 3001, 3003, 1015}
02-03 22:21:42.681 I/TelephonyRegistry(  257): notifyDataConnection: anyState=0,mms/INET,apnTypeState=0,iface=null,ip=null,gw=null,isDataConnectivityPossible=true,networkType=7,reason=radioTechnologyChanged
02-03 22:21:42.681 I/TelephonyRegistry(  257): notifyDataConnection: anyState=0,mms/INET6,apnTypeState=0,iface=null,ip=null,gw=null,isDataConnectivityPossible=true,networkType=7,reason=radioTechnologyChanged
02-03 22:21:42.691 I/TelephonyRegistry(  257): notifyDataConnection: anyState=0,supl/INET,apnTypeState=0,iface=null,ip=null,gw=null,isDataConnectivityPossible=true,networkType=7,reason=radioTechnologyChanged
02-03 22:21:42.701 I/TelephonyRegistry(  257): notifyDataConnection: anyState=0,supl/INET6,apnTypeState=0,iface=null,ip=null,gw=null,isDataConnectivityPossible=true,networkType=7,reason=radioTechnologyChanged
02-03 22:21:42.721 I/TelephonyRegistry(  257): notifyDataConnection: anyState=0,dun/INET,apnTypeState=0,iface=null,ip=null,gw=null,isDataConnectivityPossible=true,networkType=7,reason=radioTechnologyChanged
02-03 22:21:42.721 I/TelephonyRegistry(  257): notifyDataConnection: anyState=0,dun/INET6,apnTypeState=0,iface=null,ip=null,gw=null,isDataConnectivityPossible=true,networkType=7,reason=radioTechnologyChanged
02-03 22:21:42.741 I/TelephonyRegistry(  257): notifyDataConnection: anyState=0,hipri/INET,apnTypeState=0,iface=null,ip=null,gw=null,isDataConnectivityPossible=true,networkType=7,reason=radioTechnologyChanged
02-03 22:21:42.751 I/TelephonyRegistry(  257): notifyDataConnection: anyState=0,hipri/INET6,apnTypeState=0,iface=null,ip=null,gw=null,isDataConnectivityPossible=true,networkType=7,reason=radioTechnologyChanged
02-03 22:21:42.831 D/StatusBarPolicy(  329): onSignalStrengthsChanged:SignalStrength: 99 0 -84 -70 -118 -315 6 99 2147483647 2147483647 2147483647 2147483647 cdma for subscription0
02-03 22:21:42.831 D/StatusBarPolicy(  329): updateSignalStrength on subscription :0
02-03 22:21:42.831 D/StatusBarPolicy(  329): StatusBarPolocy::getIconLevel -CDMA
02-03 22:21:42.831 D/StatusBarPolicy(  329): getCdmaLevel_band_six -cdmaDbm:-84
02-03 22:21:42.831 D/StatusBarPolicy(  329): getCdmaLevel_band_six -cdmaEcio:-70
02-03 22:21:42.841 D/StatusBarPolicy(  329): onSignalStrengthsChanged:SignalStrength: 99 0 -84 -70 -112 -35 6 99 2147483647 2147483647 2147483647 2147483647 cdma for subscription0
02-03 22:21:42.841 D/StatusBarPolicy(  329): updateSignalStrength on subscription :0
02-03 22:21:42.841 D/StatusBarPolicy(  329): StatusBarPolocy::getIconLevel -CDMA
02-03 22:21:42.841 D/StatusBarPolicy(  329): getCdmaLevel_band_six -cdmaDbm:-84
02-03 22:21:42.841 D/StatusBarPolicy(  329): getCdmaLevel_band_six -cdmaEcio:-70
02-03 22:21:42.951 I/TelephonyRegistry(  257): notifyServiceState: 0 home Sprint  310099  1xRTT CSS not supported 41 4139RoamInd: 1RoamStatus(sprint): 1DefRoamInd: 160EmergOnly: false
02-03 22:21:42.961 D/StatusBarPolicy(  329): onServiceStateChanged:0 home Sprint  310099  1xRTT CSS not supported 41 4139RoamInd: 1RoamStatus(sprint): 1DefRoamInd: 160EmergOnly: falsefor subscription :0
02-03 22:21:42.961 D/StatusBarPolicy(  329): updateSignalStrength on subscription :0
02-03 22:21:42.961 D/StatusBarPolicy(  329): StatusBarPolocy::getIconLevel -CDMA
02-03 22:21:42.961 D/StatusBarPolicy(  329): getCdmaLevel_band_six -cdmaDbm:-84
02-03 22:21:42.961 D/StatusBarPolicy(  329): getCdmaLevel_band_six -cdmaEcio:-70
02-03 22:21:42.961 D/StatusBarPolicy(  329): updateDataIcon subscription =0
02-03 22:21:43.011 D/ConnectivityService(  257): ConnectivityChange for mobile: CONNECTING/CONNECTING
02-03 22:21:43.312 I/ActivityManager(  257): Start proc com.qualcomm.privinit for broadcast com.qualcomm.privinit/.BootReciever: pid=480 uid=1000 gids={3002, 3001, 3003, 1015}
02-03 22:21:43.502 I/ActivityManager(  257): Start proc com.cooliris.media for broadcast com.cooliris.media/com.cooliris.cache.BootReceiver: pid=488 uid=10049 gids={1015, 3003}
02-03 22:21:43.602 I/ActivityManager(  257): Start proc com.android.email for content provider com.android.email/com.android.exchange.provider.ExchangeProvider: pid=496 uid=10051 gids={3003, 1015}
02-03 22:21:43.732 I/Vold    (  110): Filesystem check completed OK
02-03 22:21:43.762 I/Vold    (  110): Device /dev/block/vold/179:33, target /mnt/sdcard mounted @ /mnt/secure/staging
02-03 22:21:43.782 D/Vold    (  110): Volume sdcard state changing 3 (Checking) -> 4 (Mounted)
02-03 22:21:43.782 D/VoldConnector(  257): RCV <- {605 Volume sdcard /mnt/sdcard state changed from 3 (Checking) to 4 (Mounted)}
02-03 22:21:43.952 I/StorageNotification(  329): Media {/mnt/sdcard} state changed from {checking} -> {mounted}
02-03 22:21:43.952 D/VoldConnector(  257): RCV <- {200 volume operation succeeded}
02-03 22:21:43.972 D/VoldConnector(  257): RSP <- {200 volume operation succeeded}
02-03 22:21:44.213 W/WindowManager(  257): updateFocusedWindowLocked newFocus=Window{4084c368 Keyguard paused=false} mode=3 mCurrentFocus = Window{4084c368 Keyguard paused=false}
02-03 22:21:44.223 I/TelephonyRegistry(  257): notifyServiceState: 0 home Sprint  310099  1xRTT CSS not supported 41 4139RoamInd: 1RoamStatus(sprint): 1DefRoamInd: 160EmergOnly: false
02-03 22:21:44.223 D/StatusBarPolicy(  329): onServiceStateChanged:0 home Sprint  310099  1xRTT CSS not supported 41 4139RoamInd: 1RoamStatus(sprint): 1DefRoamInd: 160EmergOnly: falsefor subscription :0
02-03 22:21:44.223 D/StatusBarPolicy(  329): updateSignalStrength on subscription :0
02-03 22:21:44.233 D/StatusBarPolicy(  329): StatusBarPolocy::getIconLevel -CDMA
02-03 22:21:44.233 D/StatusBarPolicy(  329): getCdmaLevel_band_six -cdmaDbm:-84
02-03 22:21:44.233 D/StatusBarPolicy(  329): getCdmaLevel_band_six -cdmaEcio:-70
02-03 22:21:44.233 D/StatusBarPolicy(  329): updateDataIcon subscription =0
02-03 22:21:44.233 D/VoldConnector(  257): SND -> {asec list} {null}
02-03 22:21:44.263 D/VoldCmdListener(  110): asec list
02-03 22:21:44.263 D/VoldConnector(  257): RCV <- {200 asec operation succeeded}
02-03 22:21:44.273 D/VoldConnector(  257): RSP <- {200 asec operation succeeded}
02-03 22:21:44.273 D/VoldConnector(  257): List terminated with {200 asec operation succeeded}
02-03 22:21:44.313 W/PackageManager(  257): Unknown permission com.android.vending.permission.UPDATE_MARKET_FAILURE in package com.android.vending.updater
02-03 22:21:44.323 W/PackageManager(  257): Unknown permission android.permission.ADD_SYSTEM_SERVICE in package com.android.phone
02-03 22:21:44.363 W/PackageManager(  257): Not granting permission android.permission.SEND_DOWNLOAD_COMPLETED_INTENTS to package com.android.browser (protectionLevel=2 flags=0x9be45)
02-03 22:21:44.363 W/PackageManager(  257): Unknown permission com.android.email.provider.AttachmentProvider in package com.android.music
02-03 22:21:44.363 W/PackageManager(  257): Not granting permission android.permission.SEND_DOWNLOAD_COMPLETED_INTENTS to package com.android.music (protectionLevel=2 flags=0x8be65)
02-03 22:21:44.383 W/PackageManager(  257): Unknown permission android.permission.READ_OWNER_DATA in package com.android.setupwizard
02-03 22:21:44.383 W/PackageManager(  257): Unknown permission android.permission.WRITE_OWNER_DATA in package com.android.setupwizard
02-03 22:21:44.393 W/PackageManager(  257): Not granting permission android.permission.ACCESS_DRM to package com.android.mms (protectionLevel=2 flags=0x8be65)
02-03 22:21:44.393 W/PackageManager(  257): Unknown permission android.permission.RECEIVE_EMERGENCY_BROADCAST in package com.android.mms
02-03 22:21:44.403 W/PackageManager(  257): Not granting permission android.permission.SET_PREFERRED_APPLICATIONS to package com.sprint.w.installer (protectionLevel=2 flags=0x8be45)
02-03 22:21:44.423 W/PackageManager(  257): Unknown permission android.intent.action.REBOOT in package com.redbend.vdmc
02-03 22:21:44.423 W/PackageManager(  257): Not granting permission com.google.android.gm.permission.READ_GMAIL to package com.google.android.apps.uploader (protectionLevel=2 flags=0xbe45)
02-03 22:21:44.433 W/PackageManager(  257): Unknown permission android.permission.READ_PROFILE in package com.google.android.apps.plus
02-03 22:21:44.433 W/PackageManager(  257): Unknown permission android.permission.WRITE_PROFILE in package com.google.android.apps.plus
02-03 22:21:44.433 W/PackageManager(  257): Unknown permission android.permission.READ_SOCIAL_STREAM in package com.google.android.apps.plus
02-03 22:21:44.433 W/PackageManager(  257): Unknown permission android.permission.WRITE_SOCIAL_STREAM in package com.google.android.apps.plus
02-03 22:21:44.433 W/PackageManager(  257): Unknown permission android.permission.READ_EXTERNAL_STORAGE in package com.android.vending
02-03 22:21:44.443 W/PackageManager(  257): Not granting permission android.permission.SEND_DOWNLOAD_COMPLETED_INTENTS to package com.android.vending (protectionLevel=2 flags=0xabec5)
02-03 22:21:44.453 W/PackageManager(  257): Not granting permission android.permission.ACCOUNT_MANAGER to package com.google.android.music (protectionLevel=2 flags=0x8bee5)
02-03 22:21:44.463 W/PackageManager(  257): Unknown permission android.permission.READ_OWNER_DATA in package com.android.email
02-03 22:21:44.473 W/PackageManager(  257): Unknown permission android.intent.action.REBOOT in package com.android.email
02-03 22:21:44.473 W/PackageManager(  257): Not granting permission android.permission.BROADCAST_WAP_PUSH to package com.android.email (protectionLevel=2 flags=0x8be45)
02-03 22:21:44.473 W/PackageManager(  257): Unknown permission com.android.providers.im.permission.READ_ONLY in package com.google.android.apps.maps
02-03 22:21:44.473 W/PackageManager(  257): Unknown permission com.google.android.providers.gmail.permission.READ_GMAIL in package com.dataviz.docstogo
02-03 22:21:44.493 W/PackageManager(  257): Not granting permission android.permission.ACCESS_CHECKIN_PROPERTIES to package com.google.android.apps.googlevoice (protectionLevel=3 flags=0x8be44)
02-03 22:21:44.493 W/PackageManager(  257): Unknown permission android.permission.READ_PROFILE in package com.google.android.apps.googlevoice
02-03 22:21:44.493 W/PackageManager(  257): Unknown permission com.google.android.apps.googlevoice.REMOTE_INTENT in package com.google.android.apps.googlevoice
02-03 22:21:44.503 W/PackageManager(  257): Unknown permission com.google.android.permission.RECEIVE_DATA_MESSAGE in package com.google.android.apps.googlevoice
02-03 22:21:44.503 W/PackageManager(  257): Unknown permission com.google.android.permission.SEND_DATA_MESSAGE in package com.google.android.apps.googlevoice
02-03 22:21:45.314 D/StatusBarPolicy(  329): onSignalStrengthsChanged:SignalStrength: 99 0 -84 -70 -107 -35 5 99 2147483647 2147483647 2147483647 2147483647 cdma for subscription0
02-03 22:21:45.314 D/StatusBarPolicy(  329): updateSignalStrength on subscription :0
02-03 22:21:45.314 D/StatusBarPolicy(  329): StatusBarPolocy::getIconLevel -CDMA
02-03 22:21:45.314 D/StatusBarPolicy(  329): getCdmaLevel_band_six -cdmaDbm:-84
02-03 22:21:45.314 D/StatusBarPolicy(  329): getCdmaLevel_band_six -cdmaEcio:-70
02-03 22:21:45.594 I/ActivityManager(  257): Start proc zte.com.cn.alarmclock for broadcast zte.com.cn.alarmclock/.AlarmInitReceiver: pid=511 uid=10001 gids={}
